[INFO] cloning repository https://github.com/blasmorkai/cw-angel-stake-0.2.2
[INFO] running `Command { std: "git" "-c" "credential.helper=" "-c" "credential.helper=/workspace/cargo-home/bin/git-credential-null" "clone" "--bare" "https://github.com/blasmorkai/cw-angel-stake-0.2.2" "/workspace/cache/git-repos/https%3A%2F%2Fgithub.com%2Fblasmorkai%2Fcw-angel-stake-0.2.2", kill_on_drop: false }`
[INFO] [stderr] Cloning into bare repository '/workspace/cache/git-repos/https%3A%2F%2Fgithub.com%2Fblasmorkai%2Fcw-angel-stake-0.2.2'...
[INFO] running `Command { std: "git" "rev-parse" "HEAD", kill_on_drop: false }`
[INFO] [stdout] 3d38b5484db76fc2e118e01a1d6db052b99e1719
[INFO] testing blasmorkai/cw-angel-stake-0.2.2 against 1.75.0 for beta-1.76-1
[INFO] running `Command { std: "git" "clone" "/workspace/cache/git-repos/https%3A%2F%2Fgithub.com%2Fblasmorkai%2Fcw-angel-stake-0.2.2" "/workspace/builds/worker-0-tc1/source", kill_on_drop: false }`
[INFO] [stderr] Cloning into '/workspace/builds/worker-0-tc1/source'...
[INFO] [stderr] done.
[INFO] [stderr] Updating files:  35% (1168/3247)
Updating files:  36% (1169/3247)
Updating files:  37% (1202/3247)
Updating files:  38% (1234/3247)
Updating files:  39% (1267/3247)
Updating files:  40% (1299/3247)
Updating files:  41% (1332/3247)
Updating files:  41% (1363/3247)
Updating files:  42% (1364/3247)
Updating files:  43% (1397/3247)
Updating files:  43% (1409/3247)
Updating files:  44% (1429/3247)
Updating files:  45% (1462/3247)
Updating files:  46% (1494/3247)
Updating files:  46% (1525/3247)
Updating files:  47% (1527/3247)
Updating files:  48% (1559/3247)
Updating files:  49% (1592/3247)
Updating files:  49% (1615/3247)
Updating files:  50% (1624/3247)
Updating files:  51% (1656/3247)
Updating files:  52% (1689/3247)
Updating files:  53% (1721/3247)
Updating files:  54% (1754/3247)
Updating files:  55% (1786/3247)
Updating files:  56% (1819/3247)
Updating files:  57% (1851/3247)
Updating files:  58% (1884/3247)
Updating files:  59% (1916/3247)
Updating files:  60% (1949/3247)
Updating files:  61% (1981/3247)
Updating files:  62% (2014/3247)
Updating files:  63% (2046/3247)
Updating files:  64% (2079/3247)
Updating files:  65% (2111/3247)
Updating files:  66% (2144/3247)
Updating files:  67% (2176/3247)
Updating files:  68% (2208/3247)
Updating files:  69% (2241/3247)
Updating files:  70% (2273/3247)
Updating files:  71% (2306/3247)
Updating files:  72% (2338/3247)
Updating files:  73% (2371/3247)
Updating files:  74% (2403/3247)
Updating files:  75% (2436/3247)
Updating files:  76% (2468/3247)
Updating files:  77% (2501/3247)
Updating files:  78% (2533/3247)
Updating files:  79% (2566/3247)
Updating files:  80% (2598/3247)
Updating files:  80% (2602/3247)
Updating files:  81% (2631/3247)
Updating files:  82% (2663/3247)
Updating files:  83% (2696/3247)
Updating files:  84% (2728/3247)
Updating files:  85% (2760/3247)
Updating files:  86% (2793/3247)
Updating files:  87% (2825/3247)
Updating files:  88% (2858/3247)
Updating files:  89% (2890/3247)
Updating files:  90% (2923/3247)
Updating files:  91% (2955/3247)
Updating files:  92% (2988/3247)
Updating files:  93% (3020/3247)
Updating files:  94% (3053/3247)
Updating files:  95% (3085/3247)
Updating files:  96% (3118/3247)
Updating files:  97% (3150/3247)
Updating files:  98% (3183/3247)
Updating files:  99% (3215/3247)
Updating files: 100% (3247/3247)
Updating files: 100% (3247/3247), done.
[INFO] validating manifest of git repo https://github.com/blasmorkai/cw-angel-stake-0.2.2 on toolchain 1.75.0
[INFO] running `Command { std: CARGO_HOME="/workspace/cargo-home" RUSTUP_HOME="/workspace/rustup-home" "/workspace/cargo-home/bin/cargo" "+1.75.0" "metadata" "--manifest-path" "Cargo.toml" "--no-deps", kill_on_drop: false }`
[INFO] started tweaking git repo https://github.com/blasmorkai/cw-angel-stake-0.2.2
[INFO] finished tweaking git repo https://github.com/blasmorkai/cw-angel-stake-0.2.2
[INFO] tweaked toml for git repo https://github.com/blasmorkai/cw-angel-stake-0.2.2 written to /workspace/builds/worker-0-tc1/source/Cargo.toml
[INFO] crate git repo https://github.com/blasmorkai/cw-angel-stake-0.2.2 already has a lockfile, it will not be regenerated
[INFO] running `Command { std: CARGO_HOME="/workspace/cargo-home" RUSTUP_HOME="/workspace/rustup-home" "/workspace/cargo-home/bin/cargo" "+1.75.0" "fetch" "--manifest-path" "Cargo.toml", kill_on_drop: false }`
[INFO] [stderr] warning: virtual workspace defaulting to `resolver = "1"` despite one or more workspace members being on edition 2021 which implies `resolver = "2"`
[INFO] [stderr] note: to keep the current resolver, specify `workspace.resolver = "1"` in the workspace root's manifest
[INFO] [stderr] note: to use the edition 2021 resolver, specify `workspace.resolver = "2"` in the workspace root's manifest
[INFO] [stderr] note: for more details see https://doc.rust-lang.org/cargo/reference/resolver.html#resolver-versions
[INFO] [stderr]     Blocking waiting for file lock on package cache
[INFO] [stderr]  Downloading crates ...
[INFO] [stderr]   Downloaded cw2 v1.0.0
[INFO] [stderr]   Downloaded cw-multi-test v0.16.1
[INFO] [stderr]   Downloaded cw20 v1.0.0
[INFO] [stderr]   Downloaded cosmwasm-storage v1.1.9
[INFO] [stderr]   Downloaded cosmwasm-derive v1.1.9
[INFO] [stderr]   Downloaded cw-controllers v1.0.0
[INFO] [stderr]   Downloaded cosmwasm-crypto v1.1.9
[INFO] [stderr]   Downloaded cosmwasm-std v1.1.9
[INFO] running `Command { std: "docker" "create" "-v" "/var/lib/crater-agent-workspace/builds/worker-0-tc1/target:/opt/rustwide/target:rw,Z" "-v" "/var/lib/crater-agent-workspace/builds/worker-0-tc1/source:/opt/rustwide/workdir:ro,Z" "-v" "/var/lib/crater-agent-workspace/cargo-home:/opt/rustwide/cargo-home:ro,Z" "-v" "/var/lib/crater-agent-workspace/rustup-home:/opt/rustwide/rustup-home:ro,Z" "-e" "SOURCE_DIR=/opt/rustwide/workdir" "-e" "CARGO_TARGET_DIR=/opt/rustwide/target" "-e" "CARGO_HOME=/opt/rustwide/cargo-home" "-e" "RUSTUP_HOME=/opt/rustwide/rustup-home" "-w" "/opt/rustwide/workdir" "-m" "1610612736" "--user" "0:0" "--network" "none" "ghcr.io/rust-lang/crates-build-env/linux@sha256:2788e3201cd34a07e3172128adcd8b3090168a8e3bcc40d7c032b9dda1df7d1c" "/opt/rustwide/cargo-home/bin/cargo" "+1.75.0" "metadata" "--no-deps" "--format-version=1", kill_on_drop: false }`
[INFO] [stdout] 937d9d8dee058fd494b93edb387762173d95e1c9797952844b2978dbda79f1dc
[INFO] running `Command { std: "docker" "start" "-a" "937d9d8dee058fd494b93edb387762173d95e1c9797952844b2978dbda79f1dc", kill_on_drop: false }`
[INFO] running `Command { std: "docker" "inspect" "937d9d8dee058fd494b93edb387762173d95e1c9797952844b2978dbda79f1dc", kill_on_drop: false }`
[INFO] running `Command { std: "docker" "rm" "-f" "937d9d8dee058fd494b93edb387762173d95e1c9797952844b2978dbda79f1dc", kill_on_drop: false }`
[INFO] [stdout] 937d9d8dee058fd494b93edb387762173d95e1c9797952844b2978dbda79f1dc
[INFO] running `Command { std: "docker" "create" "-v" "/var/lib/crater-agent-workspace/builds/worker-0-tc1/target:/opt/rustwide/target:rw,Z" "-v" "/var/lib/crater-agent-workspace/builds/worker-0-tc1/source:/opt/rustwide/workdir:ro,Z" "-v" "/var/lib/crater-agent-workspace/cargo-home:/opt/rustwide/cargo-home:ro,Z" "-v" "/var/lib/crater-agent-workspace/rustup-home:/opt/rustwide/rustup-home:ro,Z" "-e" "SOURCE_DIR=/opt/rustwide/workdir" "-e" "CARGO_TARGET_DIR=/opt/rustwide/target" "-e" "CARGO_INCREMENTAL=0" "-e" "RUST_BACKTRACE=full" "-e" "RUSTFLAGS=--cap-lints=warn" "-e" "RUSTDOCFLAGS=--cap-lints=warn" "-e" "CARGO_HOME=/opt/rustwide/cargo-home" "-e" "RUSTUP_HOME=/opt/rustwide/rustup-home" "-w" "/opt/rustwide/workdir" "-m" "1610612736" "--user" "0:0" "--network" "none" "ghcr.io/rust-lang/crates-build-env/linux@sha256:2788e3201cd34a07e3172128adcd8b3090168a8e3bcc40d7c032b9dda1df7d1c" "/opt/rustwide/cargo-home/bin/cargo" "+1.75.0" "build" "--frozen" "--message-format=json", kill_on_drop: false }`
[INFO] [stdout] fbf22e5a4afbe1237391ed4bdc597702f2a1560d44eb311bea6c856594d3ef8b
[INFO] running `Command { std: "docker" "start" "-a" "fbf22e5a4afbe1237391ed4bdc597702f2a1560d44eb311bea6c856594d3ef8b", kill_on_drop: false }`
[INFO] [stderr] warning: virtual workspace defaulting to `resolver = "1"` despite one or more workspace members being on edition 2021 which implies `resolver = "2"`
[INFO] [stderr] note: to keep the current resolver, specify `workspace.resolver = "1"` in the workspace root's manifest
[INFO] [stderr] note: to use the edition 2021 resolver, specify `workspace.resolver = "2"` in the workspace root's manifest
[INFO] [stderr] note: for more details see https://doc.rust-lang.org/cargo/reference/resolver.html#resolver-versions
[INFO] [stderr] warning: profile package spec `nft` in profile `release` did not match any packages
[INFO] [stderr] 
[INFO] [stderr] 	Did you mean `ff`?
[INFO] [stderr]    Compiling typenum v1.16.0
[INFO] [stderr]    Compiling generic-array v0.14.6
[INFO] [stderr]    Compiling proc-macro2 v1.0.47
[INFO] [stderr]    Compiling quote v1.0.21
[INFO] [stderr]    Compiling unicode-ident v1.0.5
[INFO] [stderr]    Compiling syn v1.0.105
[INFO] [stderr]    Compiling libc v0.2.138
[INFO] [stderr]    Compiling subtle v2.4.1
[INFO] [stderr]    Compiling zeroize v1.5.7
[INFO] [stderr]    Compiling serde_derive v1.0.149
[INFO] [stderr]    Compiling serde v1.0.149
[INFO] [stderr]    Compiling const-oid v0.9.1
[INFO] [stderr]    Compiling base64ct v1.5.3
[INFO] [stderr]    Compiling ahash v0.7.6
[INFO] [stderr]    Compiling base16ct v0.1.1
[INFO] [stderr]    Compiling cpufeatures v0.2.5
[INFO] [stderr]    Compiling once_cell v1.16.0
[INFO] [stderr]    Compiling thiserror v1.0.37
[INFO] [stderr]    Compiling der v0.6.1
[INFO] [stderr]    Compiling byteorder v1.4.3
[INFO] [stderr]    Compiling serde_json v1.0.89
[INFO] [stderr]    Compiling itoa v1.0.4
[INFO] [stderr]    Compiling crunchy v0.2.2
[INFO] [stderr]    Compiling schemars v0.8.11
[INFO] [stderr]    Compiling rand_core v0.5.1
[INFO] [stderr]    Compiling ryu v1.0.11
[INFO] [stderr]    Compiling dyn-clone v1.0.9
[INFO] [stderr]    Compiling forward_ref v1.0.0
[INFO] [stderr]    Compiling base64 v0.13.1
[INFO] [stderr]    Compiling semver v1.0.14
[INFO] [stderr]    Compiling uint v0.9.5
[INFO] [stderr]    Compiling spki v0.6.0
[INFO] [stderr]    Compiling pkcs8 v0.9.0
[INFO] [stderr]    Compiling getrandom v0.2.8
[INFO] [stderr]    Compiling rand_core v0.6.4
[INFO] [stderr]    Compiling ff v0.12.1
[INFO] [stderr]    Compiling hashbrown v0.12.3
[INFO] [stderr]    Compiling group v0.12.1
[INFO] [stderr]    Compiling crypto-common v0.1.6
[INFO] [stderr]    Compiling block-buffer v0.10.3
[INFO] [stderr]    Compiling crypto-bigint v0.4.9
[INFO] [stderr]    Compiling sec1 v0.3.0
[INFO] [stderr]    Compiling digest v0.9.0
[INFO] [stderr]    Compiling block-buffer v0.9.0
[INFO] [stderr]    Compiling curve25519-dalek v3.2.0
[INFO] [stderr]    Compiling sha2 v0.9.9
[INFO] [stderr]    Compiling digest v0.10.6
[INFO] [stderr]    Compiling hmac v0.12.1
[INFO] [stderr]    Compiling signature v1.6.4
[INFO] [stderr]    Compiling sha2 v0.10.6
[INFO] [stderr]    Compiling rfc6979 v0.3.1
[INFO] [stderr]    Compiling elliptic-curve v0.12.3
[INFO] [stderr]    Compiling ecdsa v0.14.8
[INFO] [stderr]    Compiling k256 v0.11.6
[INFO] [stderr]    Compiling serde_derive_internals v0.26.0
[INFO] [stderr]    Compiling thiserror-impl v1.0.37
[INFO] [stderr]    Compiling schemars_derive v0.8.11
[INFO] [stderr]    Compiling derivative v2.2.0
[INFO] [stderr]    Compiling cosmwasm-derive v1.1.9
[INFO] [stderr]    Compiling cosmwasm-schema-derive v1.1.9
[INFO] [stderr]    Compiling ed25519-zebra v3.1.0
[INFO] [stderr]    Compiling serde-json-wasm v0.4.1
[INFO] [stderr]    Compiling cosmwasm-crypto v1.1.9
[INFO] [stderr]    Compiling cosmwasm-std v1.1.9
[INFO] [stderr]    Compiling cosmwasm-schema v1.1.9
[INFO] [stderr]    Compiling cw-storage-plus v0.16.0
[INFO] [stderr]    Compiling cosmwasm-storage v1.1.9
[INFO] [stderr]    Compiling cw-storage-plus v1.0.1
[INFO] [stderr]    Compiling cw2 v0.16.0
[INFO] [stderr]    Compiling cw2 v1.0.0
[INFO] [stderr]    Compiling cw-utils v0.16.0
[INFO] [stderr]    Compiling cw-controllers v1.0.0
[INFO] [stderr]    Compiling cw20 v1.0.0
[INFO] [stderr]    Compiling angel-staking v0.1.0 (/opt/rustwide/workdir/contracts/angel-staking)
[INFO] [stdout] warning: unused imports: `Expiration`, `PaymentError`, `one_coin`
[INFO] [stdout]   --> contracts/angel-staking/src/contract.rs:11:16
[INFO] [stdout]    |
[INFO] [stdout] 11 | use cw_utils::{one_coin, PaymentError, Duration, Expiration};
[INFO] [stdout]    |                ^^^^^^^^  ^^^^^^^^^^^^            ^^^^^^^^^^
[INFO] [stdout]    |
[INFO] [stdout]    = note: `#[warn(unused_imports)]` on by default
[INFO] [stdout] 
[INFO] [stdout] 
[INFO] [stdout] warning: unused imports: `CustomQuery`, `QuerierWrapper`, `Querier`, `WasmQuery`
[INFO] [stdout]  --> contracts/angel-staking/src/helpers.rs:5:33
[INFO] [stdout]   |
[INFO] [stdout] 5 |     to_binary, Addr, CosmosMsg, CustomQuery, Querier, QuerierWrapper, StdResult, WasmMsg, WasmQuery,
[INFO] [stdout]   |                                 ^^^^^^^^^^^  ^^^^^^^  ^^^^^^^^^^^^^^                      ^^^^^^^^^
[INFO] [stdout] 
[INFO] [stdout] 
[INFO] [stdout] warning: unused import: `QueryMsg`
[INFO] [stdout]  --> contracts/angel-staking/src/helpers.rs:8:30
[INFO] [stdout]   |
[INFO] [stdout] 8 | use crate::msg::{ExecuteMsg, QueryMsg};
[INFO] [stdout]   |                              ^^^^^^^^
[INFO] [stdout] 
[INFO] [stdout] 
[INFO] [stdout] warning: unused variable: `validator_address`
[INFO] [stdout]   --> contracts/angel-staking/src/contract.rs:84:9
[INFO] [stdout]    |
[INFO] [stdout] 84 |     let validator_address = chosen_validator(deps.as_ref(), None)?;
[INFO] [stdout]    |         ^^^^^^^^^^^^^^^^^ help: if this is intentional, prefix it with an underscore: `_validator_address`
[INFO] [stdout]    |
[INFO] [stdout]    = note: `#[warn(unused_variables)]` on by default
[INFO] [stdout] 
[INFO] [stdout] 
[INFO] [stdout] warning: unused variable: `info`
[INFO] [stdout]   --> contracts/angel-staking/src/contract.rs:66:47
[INFO] [stdout]    |
[INFO] [stdout] 66 | pub fn execute_bond(deps: DepsMut, _env: Env, info: MessageInfo, nft_id: Uint128) -> Result<Response, ContractError> {
[INFO] [stdout]    |                                               ^^^^ help: if this is intentional, prefix it with an underscore: `_info`
[INFO] [stdout] 
[INFO] [stdout] 
[INFO] [stdout] warning: unused variable: `nft_id`
[INFO] [stdout]   --> contracts/angel-staking/src/contract.rs:66:66
[INFO] [stdout]    |
[INFO] [stdout] 66 | pub fn execute_bond(deps: DepsMut, _env: Env, info: MessageInfo, nft_id: Uint128) -> Result<Response, ContractError> {
[INFO] [stdout]    |                                                                  ^^^^^^ help: if this is intentional, prefix it with an underscore: `_nft_id`
[INFO] [stdout] 
[INFO] [stdout] 
[INFO] [stdout] warning: unused variable: `excluded_address`
[INFO] [stdout]    --> contracts/angel-staking/src/contract.rs:116:38
[INFO] [stdout]     |
[INFO] [stdout] 116 | pub fn chosen_validator (deps: Deps, excluded_address: Option<String>) -> Result<String, ContractError>  {
[INFO] [stdout]     |                                      ^^^^^^^^^^^^^^^^ help: if this is intentional, prefix it with an underscore: `_excluded_address`
[INFO] [stdout] 
[INFO] [stdout] 
[INFO] [stdout] warning: variable does not need to be mutable
[INFO] [stdout]    --> contracts/angel-staking/src/contract.rs:168:13
[INFO] [stdout]     |
[INFO] [stdout] 168 |         let mut validator_info = state.validator.load(deps.storage, &vec_address_coin[i].0)?;
[INFO] [stdout]     |             ----^^^^^^^^^^^^^^
[INFO] [stdout]     |             |
[INFO] [stdout]     |             help: remove this `mut`
[INFO] [stdout]     |
[INFO] [stdout]     = note: `#[warn(unused_mut)]` on by default
[INFO] [stdout] 
[INFO] [stdout] 
[INFO] [stdout] warning: 8 warnings emitted
[INFO] [stdout] 
[INFO] [stdout] 
[INFO] [stderr]     Finished dev [unoptimized + debuginfo] target(s) in 25.27s
[INFO] running `Command { std: "docker" "inspect" "fbf22e5a4afbe1237391ed4bdc597702f2a1560d44eb311bea6c856594d3ef8b", kill_on_drop: false }`
[INFO] running `Command { std: "docker" "rm" "-f" "fbf22e5a4afbe1237391ed4bdc597702f2a1560d44eb311bea6c856594d3ef8b", kill_on_drop: false }`
[INFO] [stdout] fbf22e5a4afbe1237391ed4bdc597702f2a1560d44eb311bea6c856594d3ef8b
[INFO] running `Command { std: "docker" "create" "-v" "/var/lib/crater-agent-workspace/builds/worker-0-tc1/target:/opt/rustwide/target:rw,Z" "-v" "/var/lib/crater-agent-workspace/builds/worker-0-tc1/source:/opt/rustwide/workdir:ro,Z" "-v" "/var/lib/crater-agent-workspace/cargo-home:/opt/rustwide/cargo-home:ro,Z" "-v" "/var/lib/crater-agent-workspace/rustup-home:/opt/rustwide/rustup-home:ro,Z" "-e" "SOURCE_DIR=/opt/rustwide/workdir" "-e" "CARGO_TARGET_DIR=/opt/rustwide/target" "-e" "CARGO_INCREMENTAL=0" "-e" "RUST_BACKTRACE=full" "-e" "RUSTFLAGS=--cap-lints=warn" "-e" "RUSTDOCFLAGS=--cap-lints=warn" "-e" "CARGO_HOME=/opt/rustwide/cargo-home" "-e" "RUSTUP_HOME=/opt/rustwide/rustup-home" "-w" "/opt/rustwide/workdir" "-m" "1610612736" "--user" "0:0" "--network" "none" "ghcr.io/rust-lang/crates-build-env/linux@sha256:2788e3201cd34a07e3172128adcd8b3090168a8e3bcc40d7c032b9dda1df7d1c" "/opt/rustwide/cargo-home/bin/cargo" "+1.75.0" "test" "--frozen" "--no-run" "--message-format=json", kill_on_drop: false }`
[INFO] [stdout] 7389852c1c6cc205193c40b55a270a8510193eb41d93063f70f5bfd62d0512f3
[INFO] running `Command { std: "docker" "start" "-a" "7389852c1c6cc205193c40b55a270a8510193eb41d93063f70f5bfd62d0512f3", kill_on_drop: false }`
[INFO] [stderr] warning: virtual workspace defaulting to `resolver = "1"` despite one or more workspace members being on edition 2021 which implies `resolver = "2"`
[INFO] [stderr] note: to keep the current resolver, specify `workspace.resolver = "1"` in the workspace root's manifest
[INFO] [stderr] note: to use the edition 2021 resolver, specify `workspace.resolver = "2"` in the workspace root's manifest
[INFO] [stderr] note: for more details see https://doc.rust-lang.org/cargo/reference/resolver.html#resolver-versions
[INFO] [stderr] warning: profile package spec `nft` in profile `release` did not match any packages
[INFO] [stderr] 
[INFO] [stderr] 	Did you mean `ff`?
[INFO] [stderr]    Compiling anyhow v1.0.66
[INFO] [stderr]    Compiling either v1.8.0
[INFO] [stderr]    Compiling bytes v1.3.0
[INFO] [stdout] warning: unused imports: `Expiration`, `PaymentError`, `one_coin`
[INFO] [stdout]   --> contracts/angel-staking/src/contract.rs:11:16
[INFO] [stdout]    |
[INFO] [stdout] 11 | use cw_utils::{one_coin, PaymentError, Duration, Expiration};
[INFO] [stdout]    |                ^^^^^^^^  ^^^^^^^^^^^^            ^^^^^^^^^^
[INFO] [stdout]    |
[INFO] [stdout]    = note: `#[warn(unused_imports)]` on by default
[INFO] [stdout] 
[INFO] [stdout] 
[INFO] [stdout] warning: unused imports: `CustomQuery`, `QuerierWrapper`, `Querier`, `WasmQuery`
[INFO] [stdout]  --> contracts/angel-staking/src/helpers.rs:5:33
[INFO] [stdout]   |
[INFO] [stdout] 5 |     to_binary, Addr, CosmosMsg, CustomQuery, Querier, QuerierWrapper, StdResult, WasmMsg, WasmQuery,
[INFO] [stdout]   |                                 ^^^^^^^^^^^  ^^^^^^^  ^^^^^^^^^^^^^^                      ^^^^^^^^^
[INFO] [stdout] 
[INFO] [stdout] 
[INFO] [stdout] warning: unused import: `QueryMsg`
[INFO] [stdout]  --> contracts/angel-staking/src/helpers.rs:8:30
[INFO] [stdout]   |
[INFO] [stdout] 8 | use crate::msg::{ExecuteMsg, QueryMsg};
[INFO] [stdout]   |                              ^^^^^^^^
[INFO] [stdout] 
[INFO] [stdout] 
[INFO] [stdout] warning: unused variable: `validator_address`
[INFO] [stdout]   --> contracts/angel-staking/src/contract.rs:84:9
[INFO] [stdout]    |
[INFO] [stdout] 84 |     let validator_address = chosen_validator(deps.as_ref(), None)?;
[INFO] [stdout]    |         ^^^^^^^^^^^^^^^^^ help: if this is intentional, prefix it with an underscore: `_validator_address`
[INFO] [stdout]    |
[INFO] [stdout]    = note: `#[warn(unused_variables)]` on by default
[INFO] [stdout] 
[INFO] [stdout] 
[INFO] [stdout] warning: unused variable: `info`
[INFO] [stdout]   --> contracts/angel-staking/src/contract.rs:66:47
[INFO] [stdout]    |
[INFO] [stdout] 66 | pub fn execute_bond(deps: DepsMut, _env: Env, info: MessageInfo, nft_id: Uint128) -> Result<Response, ContractError> {
[INFO] [stdout]    |                                               ^^^^ help: if this is intentional, prefix it with an underscore: `_info`
[INFO] [stdout] 
[INFO] [stdout] 
[INFO] [stdout] warning: unused variable: `nft_id`
[INFO] [stdout]   --> contracts/angel-staking/src/contract.rs:66:66
[INFO] [stdout]    |
[INFO] [stdout] 66 | pub fn execute_bond(deps: DepsMut, _env: Env, info: MessageInfo, nft_id: Uint128) -> Result<Response, ContractError> {
[INFO] [stdout]    |                                                                  ^^^^^^ help: if this is intentional, prefix it with an underscore: `_nft_id`
[INFO] [stdout] 
[INFO] [stdout] 
[INFO] [stdout] warning: unused variable: `excluded_address`
[INFO] [stdout]    --> contracts/angel-staking/src/contract.rs:116:38
[INFO] [stdout]     |
[INFO] [stdout] 116 | pub fn chosen_validator (deps: Deps, excluded_address: Option<String>) -> Result<String, ContractError>  {
[INFO] [stdout]     |                                      ^^^^^^^^^^^^^^^^ help: if this is intentional, prefix it with an underscore: `_excluded_address`
[INFO] [stdout] 
[INFO] [stdout] 
[INFO] [stdout] warning: variable does not need to be mutable
[INFO] [stdout]    --> contracts/angel-staking/src/contract.rs:168:13
[INFO] [stdout]     |
[INFO] [stdout] 168 |         let mut validator_info = state.validator.load(deps.storage, &vec_address_coin[i].0)?;
[INFO] [stdout]     |             ----^^^^^^^^^^^^^^
[INFO] [stdout]     |             |
[INFO] [stdout]     |             help: remove this `mut`
[INFO] [stdout]     |
[INFO] [stdout]     = note: `#[warn(unused_mut)]` on by default
[INFO] [stdout] 
[INFO] [stdout] 
[INFO] [stdout] warning: 8 warnings emitted
[INFO] [stdout] 
[INFO] [stdout] 
[INFO] [stderr]    Compiling itertools v0.10.5
[INFO] [stderr]    Compiling prost-derive v0.9.0
[INFO] [stderr]    Compiling prost v0.9.0
[INFO] [stderr]    Compiling cw-multi-test v0.16.1
[INFO] [stderr]    Compiling angel-staking v0.1.0 (/opt/rustwide/workdir/contracts/angel-staking)
[INFO] [stdout] warning: unused imports: `Expiration`, `PaymentError`, `one_coin`
[INFO] [stdout]   --> contracts/angel-staking/src/contract.rs:11:16
[INFO] [stdout]    |
[INFO] [stdout] 11 | use cw_utils::{one_coin, PaymentError, Duration, Expiration};
[INFO] [stdout]    |                ^^^^^^^^  ^^^^^^^^^^^^            ^^^^^^^^^^
[INFO] [stdout]    |
[INFO] [stdout]    = note: `#[warn(unused_imports)]` on by default
[INFO] [stdout] 
[INFO] [stdout] 
[INFO] [stdout] warning: unused imports: `CosmosMsg`, `OverflowError`, `OverflowOperation`, `OwnedDeps`
[INFO] [stdout]    --> contracts/angel-staking/src/contract.rs:587:22
[INFO] [stdout]     |
[INFO] [stdout] 587 |         coins, Coin, CosmosMsg, Decimal, FullDelegation, OverflowError, OverflowOperation,
[INFO] [stdout]     |                      ^^^^^^^^^                           ^^^^^^^^^^^^^  ^^^^^^^^^^^^^^^^^
[INFO] [stdout] 588 |         Validator, from_binary, OwnedDeps,
[INFO] [stdout]     |                                 ^^^^^^^^^
[INFO] [stdout] 
[INFO] [stdout] 
[INFO] [stdout] warning: unused imports: `DAY`, `HOUR`
[INFO] [stdout]    --> contracts/angel-staking/src/contract.rs:591:30
[INFO] [stdout]     |
[INFO] [stdout] 591 |     use cw_utils::{Duration, DAY, HOUR, WEEK};
[INFO] [stdout]     |                              ^^^  ^^^^
[INFO] [stdout] 
[INFO] [stdout] 
[INFO] [stdout] warning: unused imports: `CustomQuery`, `QuerierWrapper`, `Querier`, `WasmQuery`
[INFO] [stdout]  --> contracts/angel-staking/src/helpers.rs:5:33
[INFO] [stdout]   |
[INFO] [stdout] 5 |     to_binary, Addr, CosmosMsg, CustomQuery, Querier, QuerierWrapper, StdResult, WasmMsg, WasmQuery,
[INFO] [stdout]   |                                 ^^^^^^^^^^^  ^^^^^^^  ^^^^^^^^^^^^^^                      ^^^^^^^^^
[INFO] [stdout] 
[INFO] [stdout] 
[INFO] [stdout] warning: unused import: `QueryMsg`
[INFO] [stdout]  --> contracts/angel-staking/src/helpers.rs:8:30
[INFO] [stdout]   |
[INFO] [stdout] 8 | use crate::msg::{ExecuteMsg, QueryMsg};
[INFO] [stdout]   |                              ^^^^^^^^
[INFO] [stdout] 
[INFO] [stdout] 
[INFO] [stdout] warning: unused import: `ExecuteMsg`
[INFO] [stdout]  --> contracts/angel-staking/src/integration_tests.rs:3:22
[INFO] [stdout]   |
[INFO] [stdout] 3 |     use crate::msg::{ExecuteMsg};
[INFO] [stdout]   |                      ^^^^^^^^^^
[INFO] [stdout] 
[INFO] [stdout] 
[INFO] [stdout] warning: unused imports: `coin`, `coins`, `to_binary`
[INFO] [stdout]  --> contracts/angel-staking/src/integration_tests.rs:4:24
[INFO] [stdout]   |
[INFO] [stdout] 4 |     use cosmwasm_std::{coin, coins, to_binary, Addr, Coin, Empty, Uint128};
[INFO] [stdout]   |                        ^^^^  ^^^^^  ^^^^^^^^^
[INFO] [stdout] 
[INFO] [stdout] 
[INFO] [stdout] warning: unused import: `Executor`
[INFO] [stdout]  --> contracts/angel-staking/src/integration_tests.rs:5:69
[INFO] [stdout]   |
[INFO] [stdout] 5 |     use cw_multi_test::{App, AppBuilder, Contract, ContractWrapper, Executor};
[INFO] [stdout]   |                                                                     ^^^^^^^^
[INFO] [stdout] 
[INFO] [stdout] 
[INFO] [stdout] warning: unused variable: `validator_address`
[INFO] [stdout]   --> contracts/angel-staking/src/contract.rs:84:9
[INFO] [stdout]    |
[INFO] [stdout] 84 |     let validator_address = chosen_validator(deps.as_ref(), None)?;
[INFO] [stdout]    |         ^^^^^^^^^^^^^^^^^ help: if this is intentional, prefix it with an underscore: `_validator_address`
[INFO] [stdout]    |
[INFO] [stdout]    = note: `#[warn(unused_variables)]` on by default
[INFO] [stdout] 
[INFO] [stdout] 
[INFO] [stdout] warning: unused variable: `info`
[INFO] [stdout]   --> contracts/angel-staking/src/contract.rs:66:47
[INFO] [stdout]    |
[INFO] [stdout] 66 | pub fn execute_bond(deps: DepsMut, _env: Env, info: MessageInfo, nft_id: Uint128) -> Result<Response, ContractError> {
[INFO] [stdout]    |                                               ^^^^ help: if this is intentional, prefix it with an underscore: `_info`
[INFO] [stdout] 
[INFO] [stdout] 
[INFO] [stdout] warning: unused variable: `nft_id`
[INFO] [stdout]   --> contracts/angel-staking/src/contract.rs:66:66
[INFO] [stdout]    |
[INFO] [stdout] 66 | pub fn execute_bond(deps: DepsMut, _env: Env, info: MessageInfo, nft_id: Uint128) -> Result<Response, ContractError> {
[INFO] [stdout]    |                                                                  ^^^^^^ help: if this is intentional, prefix it with an underscore: `_nft_id`
[INFO] [stdout] 
[INFO] [stdout] 
[INFO] [stdout] warning: unused variable: `excluded_address`
[INFO] [stdout]    --> contracts/angel-staking/src/contract.rs:116:38
[INFO] [stdout]     |
[INFO] [stdout] 116 | pub fn chosen_validator (deps: Deps, excluded_address: Option<String>) -> Result<String, ContractError>  {
[INFO] [stdout]     |                                      ^^^^^^^^^^^^^^^^ help: if this is intentional, prefix it with an underscore: `_excluded_address`
[INFO] [stdout] 
[INFO] [stdout] 
[INFO] [stdout] warning: variable does not need to be mutable
[INFO] [stdout]    --> contracts/angel-staking/src/contract.rs:168:13
[INFO] [stdout]     |
[INFO] [stdout] 168 |         let mut validator_info = state.validator.load(deps.storage, &vec_address_coin[i].0)?;
[INFO] [stdout]     |             ----^^^^^^^^^^^^^^
[INFO] [stdout]     |             |
[INFO] [stdout]     |             help: remove this `mut`
[INFO] [stdout]     |
[INFO] [stdout]     = note: `#[warn(unused_mut)]` on by default
[INFO] [stdout] 
[INFO] [stdout] 
[INFO] [stdout] warning: constant `DELEGATOR1` is never used
[INFO] [stdout]    --> contracts/angel-staking/src/contract.rs:597:11
[INFO] [stdout]     |
[INFO] [stdout] 597 |     const DELEGATOR1: &str = "contract";
[INFO] [stdout]     |           ^^^^^^^^^^
[INFO] [stdout]     |
[INFO] [stdout]     = note: `#[warn(dead_code)]` on by default
[INFO] [stdout] 
[INFO] [stdout] 
[INFO] [stdout] warning: function `sample_delegation` is never used
[INFO] [stdout]    --> contracts/angel-staking/src/contract.rs:616:8
[INFO] [stdout]     |
[INFO] [stdout] 616 |     fn sample_delegation(val_addr: &str, amount: Coin) -> FullDelegation {
[INFO] [stdout]     |        ^^^^^^^^^^^^^^^^^
[INFO] [stdout] 
[INFO] [stdout] 
[INFO] [stdout] warning: function `set_validator` is never used
[INFO] [stdout]    --> contracts/angel-staking/src/contract.rs:628:8
[INFO] [stdout]     |
[INFO] [stdout] 628 |     fn set_validator(querier: &mut MockQuerier) {
[INFO] [stdout]     |        ^^^^^^^^^^^^^
[INFO] [stdout] 
[INFO] [stdout] 
[INFO] [stdout] warning: function `set_validators` is never used
[INFO] [stdout]    --> contracts/angel-staking/src/contract.rs:632:8
[INFO] [stdout]     |
[INFO] [stdout] 632 |     fn set_validators(querier: &mut MockQuerier) {
[INFO] [stdout]     |        ^^^^^^^^^^^^^^
[INFO] [stdout] 
[INFO] [stdout] 
[INFO] [stdout] warning: function `set_delegation` is never used
[INFO] [stdout]    --> contracts/angel-staking/src/contract.rs:636:8
[INFO] [stdout]     |
[INFO] [stdout] 636 |     fn set_delegation(querier: &mut MockQuerier, amount: u128, denom: &str) {
[INFO] [stdout]     |        ^^^^^^^^^^^^^^
[INFO] [stdout] 
[INFO] [stdout] 
[INFO] [stdout] warning: function `later` is never used
[INFO] [stdout]    --> contracts/angel-staking/src/contract.rs:645:8
[INFO] [stdout]     |
[INFO] [stdout] 645 |     fn later(env: &Env, delta: Duration) -> Env {
[INFO] [stdout]     |        ^^^^^
[INFO] [stdout] 
[INFO] [stdout] 
[INFO] [stdout] warning: function `get_claims` is never used
[INFO] [stdout]    --> contracts/angel-staking/src/contract.rs:655:8
[INFO] [stdout]     |
[INFO] [stdout] 655 |     fn get_claims(deps: Deps, addr: &str) -> Vec<Claim> {
[INFO] [stdout]     |        ^^^^^^^^^^
[INFO] [stdout] 
[INFO] [stdout] 
[INFO] [stdout] warning: constant `USER1` is never used
[INFO] [stdout]  --> contracts/angel-staking/src/integration_tests.rs:7:11
[INFO] [stdout]   |
[INFO] [stdout] 7 |     const USER1: &str = "juno10c3slrqx3369mfsr9670au22zvq082jaej8ve4";
[INFO] [stdout]   |           ^^^^^
[INFO] [stdout] 
[INFO] [stdout] 
[INFO] [stdout] warning: constant `USER2` is never used
[INFO] [stdout]  --> contracts/angel-staking/src/integration_tests.rs:8:11
[INFO] [stdout]   |
[INFO] [stdout] 8 |     const USER2: &str = "juno10c3slrqx3369mfsr9670au22zvq082jaejxx23";
[INFO] [stdout]   |           ^^^^^
[INFO] [stdout] 
[INFO] [stdout] 
[INFO] [stdout] warning: constant `ADMIN` is never used
[INFO] [stdout]  --> contracts/angel-staking/src/integration_tests.rs:9:11
[INFO] [stdout]   |
[INFO] [stdout] 9 |     const ADMIN: &str = "ADMIN";
[INFO] [stdout]   |           ^^^^^
[INFO] [stdout] 
[INFO] [stdout] 
[INFO] [stdout] warning: constant `NATIVE_DENOM` is never used
[INFO] [stdout]   --> contracts/angel-staking/src/integration_tests.rs:10:11
[INFO] [stdout]    |
[INFO] [stdout] 10 |     const NATIVE_DENOM: &str = "ujunox";
[INFO] [stdout]    |           ^^^^^^^^^^^^
[INFO] [stdout] 
[INFO] [stdout] 
[INFO] [stdout] warning: constant `TOKEN_ID` is never used
[INFO] [stdout]   --> contracts/angel-staking/src/integration_tests.rs:11:11
[INFO] [stdout]    |
[INFO] [stdout] 11 |     const TOKEN_ID: &str = "0";
[INFO] [stdout]    |           ^^^^^^^^
[INFO] [stdout] 
[INFO] [stdout] 
[INFO] [stdout] warning: constant `MINTER` is never used
[INFO] [stdout]   --> contracts/angel-staking/src/integration_tests.rs:12:11
[INFO] [stdout]    |
[INFO] [stdout] 12 |     const MINTER: &str = "juno10c3slrqx3369mfsr9670au22zvq082jaejxx85";
[INFO] [stdout]    |           ^^^^^^
[INFO] [stdout] 
[INFO] [stdout] 
[INFO] [stdout] warning: function `contract_nft` is never used
[INFO] [stdout]   --> contracts/angel-staking/src/integration_tests.rs:14:12
[INFO] [stdout]    |
[INFO] [stdout] 14 |     pub fn contract_nft() -> Box<dyn Contract<Empty>> {
[INFO] [stdout]    |            ^^^^^^^^^^^^
[INFO] [stdout] 
[INFO] [stdout] 
[INFO] [stdout] warning: function `mock_app` is never used
[INFO] [stdout]   --> contracts/angel-staking/src/integration_tests.rs:23:8
[INFO] [stdout]    |
[INFO] [stdout] 23 |     fn mock_app() -> App {
[INFO] [stdout]    |        ^^^^^^^^
[INFO] [stdout] 
[INFO] [stdout] 
[INFO] [stdout] warning: function `store_code` is never used
[INFO] [stdout]   --> contracts/angel-staking/src/integration_tests.rs:50:8
[INFO] [stdout]    |
[INFO] [stdout] 50 |     fn store_code() -> (App, u64) {
[INFO] [stdout]    |        ^^^^^^^^^^
[INFO] [stdout] 
[INFO] [stdout] 
[INFO] [stdout] warning: 29 warnings emitted
[INFO] [stdout] 
[INFO] [stdout] 
[INFO] [stderr]     Finished test [unoptimized + debuginfo] target(s) in 5.88s
[INFO] running `Command { std: "docker" "inspect" "7389852c1c6cc205193c40b55a270a8510193eb41d93063f70f5bfd62d0512f3", kill_on_drop: false }`
[INFO] running `Command { std: "docker" "rm" "-f" "7389852c1c6cc205193c40b55a270a8510193eb41d93063f70f5bfd62d0512f3", kill_on_drop: false }`
[INFO] [stdout] 7389852c1c6cc205193c40b55a270a8510193eb41d93063f70f5bfd62d0512f3
[INFO] running `Command { std: "docker" "create" "-v" "/var/lib/crater-agent-workspace/builds/worker-0-tc1/target:/opt/rustwide/target:rw,Z" "-v" "/var/lib/crater-agent-workspace/builds/worker-0-tc1/source:/opt/rustwide/workdir:ro,Z" "-v" "/var/lib/crater-agent-workspace/cargo-home:/opt/rustwide/cargo-home:ro,Z" "-v" "/var/lib/crater-agent-workspace/rustup-home:/opt/rustwide/rustup-home:ro,Z" "-e" "SOURCE_DIR=/opt/rustwide/workdir" "-e" "CARGO_TARGET_DIR=/opt/rustwide/target" "-e" "CARGO_INCREMENTAL=0" "-e" "RUST_BACKTRACE=full" "-e" "RUSTFLAGS=--cap-lints=warn" "-e" "RUSTDOCFLAGS=--cap-lints=warn" "-e" "CARGO_HOME=/opt/rustwide/cargo-home" "-e" "RUSTUP_HOME=/opt/rustwide/rustup-home" "-w" "/opt/rustwide/workdir" "-m" "1610612736" "--user" "0:0" "--network" "none" "ghcr.io/rust-lang/crates-build-env/linux@sha256:2788e3201cd34a07e3172128adcd8b3090168a8e3bcc40d7c032b9dda1df7d1c" "/opt/rustwide/cargo-home/bin/cargo" "+1.75.0" "test" "--frozen", kill_on_drop: false }`
[INFO] [stdout] 1dcbd2a68c1ce1c74e6b9d6f119fee73cae3161bf7e9f23a3d9c506ee58e44b7
[INFO] running `Command { std: "docker" "start" "-a" "1dcbd2a68c1ce1c74e6b9d6f119fee73cae3161bf7e9f23a3d9c506ee58e44b7", kill_on_drop: false }`
[INFO] [stderr] warning: virtual workspace defaulting to `resolver = "1"` despite one or more workspace members being on edition 2021 which implies `resolver = "2"`
[INFO] [stderr] note: to keep the current resolver, specify `workspace.resolver = "1"` in the workspace root's manifest
[INFO] [stderr] note: to use the edition 2021 resolver, specify `workspace.resolver = "2"` in the workspace root's manifest
[INFO] [stderr] note: for more details see https://doc.rust-lang.org/cargo/reference/resolver.html#resolver-versions
[INFO] [stderr] warning: profile package spec `nft` in profile `release` did not match any packages
[INFO] [stderr] 
[INFO] [stderr] 	Did you mean `ff`?
[INFO] [stderr] warning: unused imports: `Expiration`, `PaymentError`, `one_coin`
[INFO] [stderr]   --> contracts/angel-staking/src/contract.rs:11:16
[INFO] [stderr]    |
[INFO] [stderr] 11 | use cw_utils::{one_coin, PaymentError, Duration, Expiration};
[INFO] [stderr]    |                ^^^^^^^^  ^^^^^^^^^^^^            ^^^^^^^^^^
[INFO] [stderr]    |
[INFO] [stderr]    = note: `#[warn(unused_imports)]` on by default
[INFO] [stderr] 
[INFO] [stderr] warning: unused imports: `CustomQuery`, `QuerierWrapper`, `Querier`, `WasmQuery`
[INFO] [stderr]  --> contracts/angel-staking/src/helpers.rs:5:33
[INFO] [stderr]   |
[INFO] [stderr] 5 |     to_binary, Addr, CosmosMsg, CustomQuery, Querier, QuerierWrapper, StdResult, WasmMsg, WasmQuery,
[INFO] [stderr]   |                                 ^^^^^^^^^^^  ^^^^^^^  ^^^^^^^^^^^^^^                      ^^^^^^^^^
[INFO] [stderr] 
[INFO] [stderr] warning: unused import: `QueryMsg`
[INFO] [stderr]  --> contracts/angel-staking/src/helpers.rs:8:30
[INFO] [stderr]   |
[INFO] [stderr] 8 | use crate::msg::{ExecuteMsg, QueryMsg};
[INFO] [stderr]   |                              ^^^^^^^^
[INFO] [stderr] 
[INFO] [stderr] warning: unused variable: `validator_address`
[INFO] [stderr]   --> contracts/angel-staking/src/contract.rs:84:9
[INFO] [stderr]    |
[INFO] [stderr] 84 |     let validator_address = chosen_validator(deps.as_ref(), None)?;
[INFO] [stderr]    |         ^^^^^^^^^^^^^^^^^ help: if this is intentional, prefix it with an underscore: `_validator_address`
[INFO] [stderr]    |
[INFO] [stderr]    = note: `#[warn(unused_variables)]` on by default
[INFO] [stderr] 
[INFO] [stderr] warning: unused variable: `info`
[INFO] [stderr]   --> contracts/angel-staking/src/contract.rs:66:47
[INFO] [stderr]    |
[INFO] [stderr] 66 | pub fn execute_bond(deps: DepsMut, _env: Env, info: MessageInfo, nft_id: Uint128) -> Result<Response, ContractError> {
[INFO] [stderr]    |                                               ^^^^ help: if this is intentional, prefix it with an underscore: `_info`
[INFO] [stderr] 
[INFO] [stderr] warning: unused variable: `nft_id`
[INFO] [stderr]   --> contracts/angel-staking/src/contract.rs:66:66
[INFO] [stderr]    |
[INFO] [stderr] 66 | pub fn execute_bond(deps: DepsMut, _env: Env, info: MessageInfo, nft_id: Uint128) -> Result<Response, ContractError> {
[INFO] [stderr]    |                                                                  ^^^^^^ help: if this is intentional, prefix it with an underscore: `_nft_id`
[INFO] [stderr] 
[INFO] [stderr] warning: unused variable: `excluded_address`
[INFO] [stderr]    --> contracts/angel-staking/src/contract.rs:116:38
[INFO] [stderr]     |
[INFO] [stderr] 116 | pub fn chosen_validator (deps: Deps, excluded_address: Option<String>) -> Result<String, ContractError>  {
[INFO] [stderr]     |                                      ^^^^^^^^^^^^^^^^ help: if this is intentional, prefix it with an underscore: `_excluded_address`
[INFO] [stderr] 
[INFO] [stderr] warning: variable does not need to be mutable
[INFO] [stderr]    --> contracts/angel-staking/src/contract.rs:168:13
[INFO] [stderr]     |
[INFO] [stderr] 168 |         let mut validator_info = state.validator.load(deps.storage, &vec_address_coin[i].0)?;
[INFO] [stderr]     |             ----^^^^^^^^^^^^^^
[INFO] [stderr]     |             |
[INFO] [stderr]     |             help: remove this `mut`
[INFO] [stderr]     |
[INFO] [stderr]     = note: `#[warn(unused_mut)]` on by default
[INFO] [stderr] 
[INFO] [stderr] warning: unused imports: `CosmosMsg`, `OverflowError`, `OverflowOperation`, `OwnedDeps`
[INFO] [stderr]    --> contracts/angel-staking/src/contract.rs:587:22
[INFO] [stderr]     |
[INFO] [stderr] 587 |         coins, Coin, CosmosMsg, Decimal, FullDelegation, OverflowError, OverflowOperation,
[INFO] [stderr]     |                      ^^^^^^^^^                           ^^^^^^^^^^^^^  ^^^^^^^^^^^^^^^^^
[INFO] [stderr] 588 |         Validator, from_binary, OwnedDeps,
[INFO] [stderr]     |                                 ^^^^^^^^^
[INFO] [stderr] 
[INFO] [stderr] warning: unused imports: `DAY`, `HOUR`
[INFO] [stderr]    --> contracts/angel-staking/src/contract.rs:591:30
[INFO] [stderr]     |
[INFO] [stderr] 591 |     use cw_utils::{Duration, DAY, HOUR, WEEK};
[INFO] [stderr]     |                              ^^^  ^^^^
[INFO] [stderr] 
[INFO] [stderr] warning: unused import: `ExecuteMsg`
[INFO] [stderr]  --> contracts/angel-staking/src/integration_tests.rs:3:22
[INFO] [stderr]   |
[INFO] [stderr] 3 |     use crate::msg::{ExecuteMsg};
[INFO] [stderr]   |                      ^^^^^^^^^^
[INFO] [stderr] 
[INFO] [stderr] warning: unused imports: `coin`, `coins`, `to_binary`
[INFO] [stderr]  --> contracts/angel-staking/src/integration_tests.rs:4:24
[INFO] [stderr]   |
[INFO] [stderr] 4 |     use cosmwasm_std::{coin, coins, to_binary, Addr, Coin, Empty, Uint128};
[INFO] [stderr]   |                        ^^^^  ^^^^^  ^^^^^^^^^
[INFO] [stderr] 
[INFO] [stderr] warning: unused import: `Executor`
[INFO] [stderr]  --> contracts/angel-staking/src/integration_tests.rs:5:69
[INFO] [stderr]   |
[INFO] [stderr] 5 |     use cw_multi_test::{App, AppBuilder, Contract, ContractWrapper, Executor};
[INFO] [stderr]   |                                                                     ^^^^^^^^
[INFO] [stderr] 
[INFO] [stderr] warning: constant `DELEGATOR1` is never used
[INFO] [stderr]    --> contracts/angel-staking/src/contract.rs:597:11
[INFO] [stderr]     |
[INFO] [stderr] 597 |     const DELEGATOR1: &str = "contract";
[INFO] [stderr]     |           ^^^^^^^^^^
[INFO] [stderr]     |
[INFO] [stderr]     = note: `#[warn(dead_code)]` on by default
[INFO] [stderr] 
[INFO] [stderr] warning: function `sample_delegation` is never used
[INFO] [stderr]    --> contracts/angel-staking/src/contract.rs:616:8
[INFO] [stderr]     |
[INFO] [stderr] 616 |     fn sample_delegation(val_addr: &str, amount: Coin) -> FullDelegation {
[INFO] [stderr]     |        ^^^^^^^^^^^^^^^^^
[INFO] [stderr] 
[INFO] [stderr] warning: function `set_validator` is never used
[INFO] [stderr]    --> contracts/angel-staking/src/contract.rs:628:8
[INFO] [stderr]     |
[INFO] [stderr] 628 |     fn set_validator(querier: &mut MockQuerier) {
[INFO] [stderr]     |        ^^^^^^^^^^^^^
[INFO] [stderr] 
[INFO] [stderr] warning: function `set_validators` is never used
[INFO] [stderr]    --> contracts/angel-staking/src/contract.rs:632:8
[INFO] [stderr]     |
[INFO] [stderr] 632 |     fn set_validators(querier: &mut MockQuerier) {
[INFO] [stderr]     |        ^^^^^^^^^^^^^^
[INFO] [stderr] 
[INFO] [stderr] warning: function `set_delegation` is never used
[INFO] [stderr]    --> contracts/angel-staking/src/contract.rs:636:8
[INFO] [stderr]     |
[INFO] [stderr] 636 |     fn set_delegation(querier: &mut MockQuerier, amount: u128, denom: &str) {
[INFO] [stderr]     |        ^^^^^^^^^^^^^^
[INFO] [stderr] 
[INFO] [stderr] warning: function `later` is never used
[INFO] [stderr]    --> contracts/angel-staking/src/contract.rs:645:8
[INFO] [stderr]     |
[INFO] [stderr] 645 |     fn later(env: &Env, delta: Duration) -> Env {
[INFO] [stderr]     |        ^^^^^
[INFO] [stderr] 
[INFO] [stderr] warning: function `get_claims` is never used
[INFO] [stderr]    --> contracts/angel-staking/src/contract.rs:655:8
[INFO] [stderr]     |
[INFO] [stderr] 655 |     fn get_claims(deps: Deps, addr: &str) -> Vec<Claim> {
[INFO] [stderr]     |        ^^^^^^^^^^
[INFO] [stderr] 
[INFO] [stderr] warning: constant `USER1` is never used
[INFO] [stderr]  --> contracts/angel-staking/src/integration_tests.rs:7:11
[INFO] [stderr]   |
[INFO] [stderr] 7 |     const USER1: &str = "juno10c3slrqx3369mfsr9670au22zvq082jaej8ve4";
[INFO] [stderr]   |           ^^^^^
[INFO] [stderr] 
[INFO] [stderr] warning: constant `USER2` is never used
[INFO] [stderr]  --> contracts/angel-staking/src/integration_tests.rs:8:11
[INFO] [stderr]   |
[INFO] [stderr] 8 |     const USER2: &str = "juno10c3slrqx3369mfsr9670au22zvq082jaejxx23";
[INFO] [stderr]   |           ^^^^^
[INFO] [stderr] 
[INFO] [stderr] warning: constant `ADMIN` is never used
[INFO] [stderr]  --> contracts/angel-staking/src/integration_tests.rs:9:11
[INFO] [stderr]   |
[INFO] [stderr] 9 |     const ADMIN: &str = "ADMIN";
[INFO] [stderr]   |           ^^^^^
[INFO] [stderr] 
[INFO] [stderr] warning: constant `NATIVE_DENOM` is never used
[INFO] [stderr]   --> contracts/angel-staking/src/integration_tests.rs:10:11
[INFO] [stderr]    |
[INFO] [stderr] 10 |     const NATIVE_DENOM: &str = "ujunox";
[INFO] [stderr]    |           ^^^^^^^^^^^^
[INFO] [stderr] 
[INFO] [stderr] warning: constant `TOKEN_ID` is never used
[INFO] [stderr]   --> contracts/angel-staking/src/integration_tests.rs:11:11
[INFO] [stderr]    |
[INFO] [stderr] 11 |     const TOKEN_ID: &str = "0";
[INFO] [stderr]    |           ^^^^^^^^
[INFO] [stderr] 
[INFO] [stderr] warning: constant `MINTER` is never used
[INFO] [stderr]   --> contracts/angel-staking/src/integration_tests.rs:12:11
[INFO] [stderr]    |
[INFO] [stderr] 12 |     const MINTER: &str = "juno10c3slrqx3369mfsr9670au22zvq082jaejxx85";
[INFO] [stderr]    |           ^^^^^^
[INFO] [stderr] 
[INFO] [stderr] warning: function `contract_nft` is never used
[INFO] [stderr]   --> contracts/angel-staking/src/integration_tests.rs:14:12
[INFO] [stderr]    |
[INFO] [stderr] 14 |     pub fn contract_nft() -> Box<dyn Contract<Empty>> {
[INFO] [stderr]    |            ^^^^^^^^^^^^
[INFO] [stderr] 
[INFO] [stderr] warning: function `mock_app` is never used
[INFO] [stderr]   --> contracts/angel-staking/src/integration_tests.rs:23:8
[INFO] [stderr]    |
[INFO] [stderr] 23 |     fn mock_app() -> App {
[INFO] [stderr]    |        ^^^^^^^^
[INFO] [stderr] 
[INFO] [stderr] warning: function `store_code` is never used
[INFO] [stderr]   --> contracts/angel-staking/src/integration_tests.rs:50:8
[INFO] [stderr]    |
[INFO] [stderr] 50 |     fn store_code() -> (App, u64) {
[INFO] [stderr]    |        ^^^^^^^^^^
[INFO] [stderr] 
[INFO] [stderr] warning: `angel-staking` (lib) generated 8 warnings (run `cargo fix --lib -p angel-staking` to apply 8 suggestions)
[INFO] [stderr] warning: `angel-staking` (lib test) generated 29 warnings (8 duplicates) (run `cargo fix --lib -p angel-staking --tests` to apply 5 suggestions)
[INFO] [stderr]     Finished test [unoptimized + debuginfo] target(s) in 0.05s
[INFO] [stderr]      Running unittests src/lib.rs (/opt/rustwide/target/debug/deps/angel_staking-6bfa66f7330c6b60)
[INFO] [stdout] 
[INFO] [stdout] running 3 tests
[INFO] [stdout] test contract::tests::add_missing_validator ... ok
[INFO] [stdout] test contract::tests::add_validators ... ok
[INFO] [stdout] test contract::tests::add_validators_stake ... FAILED
[INFO] [stdout] 
[INFO] [stdout] failures:
[INFO] [stdout] 
[INFO] [stdout] ---- contract::tests::add_validators_stake stdout ----
[INFO] [stdout] thread 'contract::tests::add_validators_stake' panicked at contracts/angel-staking/src/contract.rs:795:73:
[INFO] [stdout] called `Result::unwrap()` on an `Err` value: Std(GenericErr { msg: "pk not found" })
[INFO] [stdout] stack backtrace:
[INFO] [stdout]    0:     0x5574159c376c - std::backtrace_rs::backtrace::libunwind::trace::ha637c64ce894333a
[INFO] [stdout]                                at /rustc/82e1608dfa6e0b5569232559e3d385fea5a93112/library/std/src/../../backtrace/src/backtrace/libunwind.rs:104:5
[INFO] [stdout]    1:     0x5574159c376c - std::backtrace_rs::backtrace::trace_unsynchronized::h47f62dea28e0c88d
[INFO] [stdout]                                at /rustc/82e1608dfa6e0b5569232559e3d385fea5a93112/library/std/src/../../backtrace/src/backtrace/mod.rs:66:5
[INFO] [stdout]    2:     0x5574159c376c - std::sys_common::backtrace::_print_fmt::h9eef0abe20ede486
[INFO] [stdout]                                at /rustc/82e1608dfa6e0b5569232559e3d385fea5a93112/library/std/src/sys_common/backtrace.rs:67:5
[INFO] [stdout]    3:     0x5574159c376c - <std::sys_common::backtrace::_print::DisplayBacktrace as core::fmt::Display>::fmt::hed7f999df88cc644
[INFO] [stdout]                                at /rustc/82e1608dfa6e0b5569232559e3d385fea5a93112/library/std/src/sys_common/backtrace.rs:44:22
[INFO] [stdout]    4:     0x5574159eda80 - core::fmt::rt::Argument::fmt::h1539a9308b8d058d
[INFO] [stdout]                                at /rustc/82e1608dfa6e0b5569232559e3d385fea5a93112/library/core/src/fmt/rt.rs:142:9
[INFO] [stdout]    5:     0x5574159eda80 - core::fmt::write::h3a39390d8560d9c9
[INFO] [stdout]                                at /rustc/82e1608dfa6e0b5569232559e3d385fea5a93112/library/core/src/fmt/mod.rs:1120:17
[INFO] [stdout]    6:     0x5574159c111f - std::io::Write::write_fmt::h040b369f3a0f9cbc
[INFO] [stdout]                                at /rustc/82e1608dfa6e0b5569232559e3d385fea5a93112/library/std/src/io/mod.rs:1762:15
[INFO] [stdout]    7:     0x5574159c3554 - std::sys_common::backtrace::_print::h894006fb5c6f3d45
[INFO] [stdout]                                at /rustc/82e1608dfa6e0b5569232559e3d385fea5a93112/library/std/src/sys_common/backtrace.rs:47:5
[INFO] [stdout]    8:     0x5574159c3554 - std::sys_common::backtrace::print::h23a2d212c6fff936
[INFO] [stdout]                                at /rustc/82e1608dfa6e0b5569232559e3d385fea5a93112/library/std/src/sys_common/backtrace.rs:34:9
[INFO] [stdout]    9:     0x5574159c5217 - std::panicking::default_hook::{{closure}}::h8a1d2ee00185001a
[INFO] [stdout]   10:     0x5574159c4f03 - std::panicking::default_hook::h6038f2eba384e475
[INFO] [stdout]                                at /rustc/82e1608dfa6e0b5569232559e3d385fea5a93112/library/std/src/panicking.rs:289:9
[INFO] [stdout]   11:     0x5574158903f7 - <alloc::boxed::Box<F,A> as core::ops::function::Fn<Args>>::call::h0ad024c9bdc6d768
[INFO] [stdout]                                at /rustc/82e1608dfa6e0b5569232559e3d385fea5a93112/library/alloc/src/boxed.rs:2021:9
[INFO] [stdout]   12:     0x5574158903f7 - test::test_main::{{closure}}::h7500b54257359db6
[INFO] [stdout]                                at /rustc/82e1608dfa6e0b5569232559e3d385fea5a93112/library/test/src/lib.rs:138:21
[INFO] [stdout]   13:     0x5574159c5828 - <alloc::boxed::Box<F,A> as core::ops::function::Fn<Args>>::call::h1f8f335eaa9cfaee
[INFO] [stdout]                                at /rustc/82e1608dfa6e0b5569232559e3d385fea5a93112/library/alloc/src/boxed.rs:2021:9
[INFO] [stdout]   14:     0x5574159c5828 - std::panicking::rust_panic_with_hook::h2b5517d590cab22e
[INFO] [stdout]                                at /rustc/82e1608dfa6e0b5569232559e3d385fea5a93112/library/std/src/panicking.rs:783:13
[INFO] [stdout]   15:     0x5574159c557e - std::panicking::begin_panic_handler::{{closure}}::h233112c06e0ef43e
[INFO] [stdout]                                at /rustc/82e1608dfa6e0b5569232559e3d385fea5a93112/library/std/src/panicking.rs:657:13
[INFO] [stdout]   16:     0x5574159c3c36 - std::sys_common::backtrace::__rust_end_short_backtrace::h6e893f24d7ebbff8
[INFO] [stdout]                                at /rustc/82e1608dfa6e0b5569232559e3d385fea5a93112/library/std/src/sys_common/backtrace.rs:170:18
[INFO] [stdout]   17:     0x5574159c52e2 - rust_begin_unwind
[INFO] [stdout]                                at /rustc/82e1608dfa6e0b5569232559e3d385fea5a93112/library/std/src/panicking.rs:645:5
[INFO] [stdout]   18:     0x5574157e3cf5 - core::panicking::panic_fmt::hbf0e066aabfa482c
[INFO] [stdout]                                at /rustc/82e1608dfa6e0b5569232559e3d385fea5a93112/library/core/src/panicking.rs:72:14
[INFO] [stdout]   19:     0x5574157e4283 - core::result::unwrap_failed::hddb4fea594200c52
[INFO] [stdout]                                at /rustc/82e1608dfa6e0b5569232559e3d385fea5a93112/library/core/src/result.rs:1653:5
[INFO] [stdout]   20:     0x557415800ceb - core::result::Result<T,E>::unwrap::h73c4027db6802266
[INFO] [stdout]                                at /rustc/82e1608dfa6e0b5569232559e3d385fea5a93112/library/core/src/result.rs:1077:23
[INFO] [stdout]   21:     0x55741582445f - angel_staking::contract::tests::add_validators_stake::h899c00151c5ba293
[INFO] [stdout]                                at /opt/rustwide/workdir/contracts/angel-staking/src/contract.rs:795:19
[INFO] [stdout]   22:     0x557415823697 - angel_staking::contract::tests::add_validators_stake::{{closure}}::hc3105d4b74188878
[INFO] [stdout]                                at /opt/rustwide/workdir/contracts/angel-staking/src/contract.rs:754:30
[INFO] [stdout]   23:     0x557415849676 - core::ops::function::FnOnce::call_once::h611b55c932df9269
[INFO] [stdout]                                at /rustc/82e1608dfa6e0b5569232559e3d385fea5a93112/library/core/src/ops/function.rs:250:5
[INFO] [stdout]   24:     0x557415895a4f - core::ops::function::FnOnce::call_once::h2b5d431d5046312d
[INFO] [stdout]                                at /rustc/82e1608dfa6e0b5569232559e3d385fea5a93112/library/core/src/ops/function.rs:250:5
[INFO] [stdout]   25:     0x557415895a4f - test::__rust_begin_short_backtrace::h7714669af176e207
[INFO] [stdout]                                at /rustc/82e1608dfa6e0b5569232559e3d385fea5a93112/library/test/src/lib.rs:628:18
[INFO] [stdout]   26:     0x557415894a65 - test::run_test_in_process::{{closure}}::h85218797dcbcec12
[INFO] [stdout]                                at /rustc/82e1608dfa6e0b5569232559e3d385fea5a93112/library/test/src/lib.rs:651:60
[INFO] [stdout]   27:     0x557415894a65 - <core::panic::unwind_safe::AssertUnwindSafe<F> as core::ops::function::FnOnce<()>>::call_once::h76c106ea31c14d7b
[INFO] [stdout]                                at /rustc/82e1608dfa6e0b5569232559e3d385fea5a93112/library/core/src/panic/unwind_safe.rs:272:9
[INFO] [stdout]   28:     0x557415894a65 - std::panicking::try::do_call::h3bd5d0f6620ee946
[INFO] [stdout]                                at /rustc/82e1608dfa6e0b5569232559e3d385fea5a93112/library/std/src/panicking.rs:552:40
[INFO] [stdout]   29:     0x557415894a65 - std::panicking::try::h232e535e4744fe31
[INFO] [stdout]                                at /rustc/82e1608dfa6e0b5569232559e3d385fea5a93112/library/std/src/panicking.rs:516:19
[INFO] [stdout]   30:     0x557415894a65 - std::panic::catch_unwind::h3ce3bd6ca8dbac68
[INFO] [stdout]                                at /rustc/82e1608dfa6e0b5569232559e3d385fea5a93112/library/std/src/panic.rs:142:14
[INFO] [stdout]   31:     0x557415894a65 - test::run_test_in_process::hc97b257c9621286a
[INFO] [stdout]                                at /rustc/82e1608dfa6e0b5569232559e3d385fea5a93112/library/test/src/lib.rs:651:27
[INFO] [stdout]   32:     0x557415894a65 - test::run_test::{{closure}}::h2aa798823a438d38
[INFO] [stdout]                                at /rustc/82e1608dfa6e0b5569232559e3d385fea5a93112/library/test/src/lib.rs:574:43
[INFO] [stdout]   33:     0x55741585cd26 - test::run_test::{{closure}}::h87d231c78fb59832
[INFO] [stdout]                                at /rustc/82e1608dfa6e0b5569232559e3d385fea5a93112/library/test/src/lib.rs:602:41
[INFO] [stdout]   34:     0x55741585cd26 - std::sys_common::backtrace::__rust_begin_short_backtrace::he6df152596625789
[INFO] [stdout]                                at /rustc/82e1608dfa6e0b5569232559e3d385fea5a93112/library/std/src/sys_common/backtrace.rs:154:18
[INFO] [stdout]   35:     0x557415861dd7 - std::thread::Builder::spawn_unchecked_::{{closure}}::{{closure}}::ha94be15d1e0acf36
[INFO] [stdout]                                at /rustc/82e1608dfa6e0b5569232559e3d385fea5a93112/library/std/src/thread/mod.rs:529:17
[INFO] [stdout]   36:     0x557415861dd7 - <core::panic::unwind_safe::AssertUnwindSafe<F> as core::ops::function::FnOnce<()>>::call_once::h9dc6bd6372f16606
[INFO] [stdout]                                at /rustc/82e1608dfa6e0b5569232559e3d385fea5a93112/library/core/src/panic/unwind_safe.rs:272:9
[INFO] [stdout]   37:     0x557415861dd7 - std::panicking::try::do_call::h9057517f80303cd4
[INFO] [stdout]                                at /rustc/82e1608dfa6e0b5569232559e3d385fea5a93112/library/std/src/panicking.rs:552:40
[INFO] [stdout]   38:     0x557415861dd7 - std::panicking::try::he3a30b11ee45340c
[INFO] [stdout]                                at /rustc/82e1608dfa6e0b5569232559e3d385fea5a93112/library/std/src/panicking.rs:516:19
[INFO] [stdout]   39:     0x557415861dd7 - std::panic::catch_unwind::h410458cfd3528b8b
[INFO] [stdout]                                at /rustc/82e1608dfa6e0b5569232559e3d385fea5a93112/library/std/src/panic.rs:142:14
[INFO] [stdout]   40:     0x557415861dd7 - std::thread::Builder::spawn_unchecked_::{{closure}}::h72ac3bdb567b737b
[INFO] [stdout]                                at /rustc/82e1608dfa6e0b5569232559e3d385fea5a93112/library/std/src/thread/mod.rs:528:30
[INFO] [stdout]   41:     0x557415861dd7 - core::ops::function::FnOnce::call_once{{vtable.shim}}::h38f34da3654a8344
[INFO] [stdout]                                at /rustc/82e1608dfa6e0b5569232559e3d385fea5a93112/library/core/src/ops/function.rs:250:5
[INFO] [stdout]   42:     0x5574159ca2b5 - <alloc::boxed::Box<F,A> as core::ops::function::FnOnce<Args>>::call_once::hc7eafaff61e32df9
[INFO] [stdout]                                at /rustc/82e1608dfa6e0b5569232559e3d385fea5a93112/library/alloc/src/boxed.rs:2007:9
[INFO] [stdout]   43:     0x5574159ca2b5 - <alloc::boxed::Box<F,A> as core::ops::function::FnOnce<Args>>::call_once::h6ba4a5de48dd2304
[INFO] [stdout]                                at /rustc/82e1608dfa6e0b5569232559e3d385fea5a93112/library/alloc/src/boxed.rs:2007:9
[INFO] [stdout]   44:     0x5574159ca2b5 - std::sys::unix::thread::Thread::new::thread_start::he469335aef763e45
[INFO] [stdout]                                at /rustc/82e1608dfa6e0b5569232559e3d385fea5a93112/library/std/src/sys/unix/thread.rs:108:17
[INFO] [stdout]   45:     0x7f5631bd3ac3 - <unknown>
[INFO] [stdout]   46:     0x7f5631c64bf4 - __clone
[INFO] [stdout]   47:                0x0 - <unknown>
[INFO] [stdout] 
[INFO] [stdout] 
[INFO] [stdout] failures:
[INFO] [stdout]     contract::tests::add_validators_stake
[INFO] [stdout] 
[INFO] [stdout] test result: FAILED. 2 passed; 1 failed; 0 ignored; 0 measured; 0 filtered out; finished in 0.02s
[INFO] [stdout] 
[INFO] [stderr] error: test failed, to rerun pass `--lib`
[INFO] running `Command { std: "docker" "inspect" "1dcbd2a68c1ce1c74e6b9d6f119fee73cae3161bf7e9f23a3d9c506ee58e44b7", kill_on_drop: false }`
[INFO] running `Command { std: "docker" "rm" "-f" "1dcbd2a68c1ce1c74e6b9d6f119fee73cae3161bf7e9f23a3d9c506ee58e44b7", kill_on_drop: false }`
[INFO] [stdout] 1dcbd2a68c1ce1c74e6b9d6f119fee73cae3161bf7e9f23a3d9c506ee58e44b7
[INFO] testing blasmorkai/cw-angel-stake-0.2.2 against beta-2023-12-22 for beta-1.76-1
[INFO] running `Command { std: "git" "clone" "/workspace/cache/git-repos/https%3A%2F%2Fgithub.com%2Fblasmorkai%2Fcw-angel-stake-0.2.2" "/workspace/builds/worker-0-tc2/source", kill_on_drop: false }`
[INFO] [stderr] Cloning into '/workspace/builds/worker-0-tc2/source'...
[INFO] [stderr] done.
[INFO] [stderr] Updating files:  39% (1296/3247)
Updating files:  40% (1299/3247)
Updating files:  41% (1332/3247)
Updating files:  42% (1364/3247)
Updating files:  42% (1385/3247)
Updating files:  43% (1397/3247)
Updating files:  44% (1429/3247)
Updating files:  45% (1462/3247)
Updating files:  46% (1494/3247)
Updating files:  46% (1524/3247)
Updating files:  47% (1527/3247)
Updating files:  48% (1559/3247)
Updating files:  49% (1592/3247)
Updating files:  49% (1605/3247)
Updating files:  50% (1624/3247)
Updating files:  51% (1656/3247)
Updating files:  52% (1689/3247)
Updating files:  53% (1721/3247)
Updating files:  54% (1754/3247)
Updating files:  55% (1786/3247)
Updating files:  56% (1819/3247)
Updating files:  57% (1851/3247)
Updating files:  58% (1884/3247)
Updating files:  59% (1916/3247)
Updating files:  60% (1949/3247)
Updating files:  61% (1981/3247)
Updating files:  62% (2014/3247)
Updating files:  63% (2046/3247)
Updating files:  64% (2079/3247)
Updating files:  65% (2111/3247)
Updating files:  66% (2144/3247)
Updating files:  67% (2176/3247)
Updating files:  68% (2208/3247)
Updating files:  69% (2241/3247)
Updating files:  69% (2249/3247)
Updating files:  70% (2273/3247)
Updating files:  71% (2306/3247)
Updating files:  72% (2338/3247)
Updating files:  73% (2371/3247)
Updating files:  74% (2403/3247)
Updating files:  75% (2436/3247)
Updating files:  76% (2468/3247)
Updating files:  77% (2501/3247)
Updating files:  78% (2533/3247)
Updating files:  79% (2566/3247)
Updating files:  80% (2598/3247)
Updating files:  81% (2631/3247)
Updating files:  82% (2663/3247)
Updating files:  83% (2696/3247)
Updating files:  84% (2728/3247)
Updating files:  85% (2760/3247)
Updating files:  86% (2793/3247)
Updating files:  87% (2825/3247)
Updating files:  88% (2858/3247)
Updating files:  89% (2890/3247)
Updating files:  90% (2923/3247)
Updating files:  91% (2955/3247)
Updating files:  92% (2988/3247)
Updating files:  93% (3020/3247)
Updating files:  94% (3053/3247)
Updating files:  95% (3085/3247)
Updating files:  96% (3118/3247)
Updating files:  97% (3150/3247)
Updating files:  98% (3183/3247)
Updating files:  99% (3215/3247)
Updating files:  99% (3243/3247)
Updating files: 100% (3247/3247)
Updating files: 100% (3247/3247), done.
[INFO] validating manifest of git repo https://github.com/blasmorkai/cw-angel-stake-0.2.2 on toolchain beta-2023-12-22
[INFO] running `Command { std: CARGO_HOME="/workspace/cargo-home" RUSTUP_HOME="/workspace/rustup-home" "/workspace/cargo-home/bin/cargo" "+beta-2023-12-22" "metadata" "--manifest-path" "Cargo.toml" "--no-deps", kill_on_drop: false }`
[INFO] started tweaking git repo https://github.com/blasmorkai/cw-angel-stake-0.2.2
[INFO] finished tweaking git repo https://github.com/blasmorkai/cw-angel-stake-0.2.2
[INFO] tweaked toml for git repo https://github.com/blasmorkai/cw-angel-stake-0.2.2 written to /workspace/builds/worker-0-tc2/source/Cargo.toml
[INFO] crate git repo https://github.com/blasmorkai/cw-angel-stake-0.2.2 already has a lockfile, it will not be regenerated
[INFO] running `Command { std: CARGO_HOME="/workspace/cargo-home" RUSTUP_HOME="/workspace/rustup-home" "/workspace/cargo-home/bin/cargo" "+beta-2023-12-22" "fetch" "--manifest-path" "Cargo.toml", kill_on_drop: false }`
[INFO] [stderr] warning: virtual workspace defaulting to `resolver = "1"` despite one or more workspace members being on edition 2021 which implies `resolver = "2"`
[INFO] [stderr] note: to keep the current resolver, specify `workspace.resolver = "1"` in the workspace root's manifest
[INFO] [stderr] note: to use the edition 2021 resolver, specify `workspace.resolver = "2"` in the workspace root's manifest
[INFO] [stderr] note: for more details see https://doc.rust-lang.org/cargo/reference/resolver.html#resolver-versions
[INFO] running `Command { std: "docker" "create" "-v" "/var/lib/crater-agent-workspace/builds/worker-0-tc2/target:/opt/rustwide/target:rw,Z" "-v" "/var/lib/crater-agent-workspace/builds/worker-0-tc2/source:/opt/rustwide/workdir:ro,Z" "-v" "/var/lib/crater-agent-workspace/cargo-home:/opt/rustwide/cargo-home:ro,Z" "-v" "/var/lib/crater-agent-workspace/rustup-home:/opt/rustwide/rustup-home:ro,Z" "-e" "SOURCE_DIR=/opt/rustwide/workdir" "-e" "CARGO_TARGET_DIR=/opt/rustwide/target" "-e" "CARGO_HOME=/opt/rustwide/cargo-home" "-e" "RUSTUP_HOME=/opt/rustwide/rustup-home" "-w" "/opt/rustwide/workdir" "-m" "1610612736" "--user" "0:0" "--network" "none" "ghcr.io/rust-lang/crates-build-env/linux@sha256:2788e3201cd34a07e3172128adcd8b3090168a8e3bcc40d7c032b9dda1df7d1c" "/opt/rustwide/cargo-home/bin/cargo" "+beta-2023-12-22" "metadata" "--no-deps" "--format-version=1", kill_on_drop: false }`
[INFO] [stdout] 6b595e8355eef24f4dea52ccd5c4ea191a66242a123bfb3e27013acefdb04235
[INFO] running `Command { std: "docker" "start" "-a" "6b595e8355eef24f4dea52ccd5c4ea191a66242a123bfb3e27013acefdb04235", kill_on_drop: false }`
[INFO] running `Command { std: "docker" "inspect" "6b595e8355eef24f4dea52ccd5c4ea191a66242a123bfb3e27013acefdb04235", kill_on_drop: false }`
[INFO] running `Command { std: "docker" "rm" "-f" "6b595e8355eef24f4dea52ccd5c4ea191a66242a123bfb3e27013acefdb04235", kill_on_drop: false }`
[INFO] [stdout] 6b595e8355eef24f4dea52ccd5c4ea191a66242a123bfb3e27013acefdb04235
[INFO] running `Command { std: "docker" "create" "-v" "/var/lib/crater-agent-workspace/builds/worker-0-tc2/target:/opt/rustwide/target:rw,Z" "-v" "/var/lib/crater-agent-workspace/builds/worker-0-tc2/source:/opt/rustwide/workdir:ro,Z" "-v" "/var/lib/crater-agent-workspace/cargo-home:/opt/rustwide/cargo-home:ro,Z" "-v" "/var/lib/crater-agent-workspace/rustup-home:/opt/rustwide/rustup-home:ro,Z" "-e" "SOURCE_DIR=/opt/rustwide/workdir" "-e" "CARGO_TARGET_DIR=/opt/rustwide/target" "-e" "CARGO_INCREMENTAL=0" "-e" "RUST_BACKTRACE=full" "-e" "RUSTFLAGS=--cap-lints=warn" "-e" "RUSTDOCFLAGS=--cap-lints=warn" "-e" "CARGO_HOME=/opt/rustwide/cargo-home" "-e" "RUSTUP_HOME=/opt/rustwide/rustup-home" "-w" "/opt/rustwide/workdir" "-m" "1610612736" "--user" "0:0" "--network" "none" "ghcr.io/rust-lang/crates-build-env/linux@sha256:2788e3201cd34a07e3172128adcd8b3090168a8e3bcc40d7c032b9dda1df7d1c" "/opt/rustwide/cargo-home/bin/cargo" "+beta-2023-12-22" "build" "--frozen" "--message-format=json", kill_on_drop: false }`
[INFO] [stdout] 7cb247ae8ca0cf6bb200597a8f0d8c2dee035887e6a367fbe490d24c9d50f9e2
[INFO] running `Command { std: "docker" "start" "-a" "7cb247ae8ca0cf6bb200597a8f0d8c2dee035887e6a367fbe490d24c9d50f9e2", kill_on_drop: false }`
[INFO] [stderr] warning: virtual workspace defaulting to `resolver = "1"` despite one or more workspace members being on edition 2021 which implies `resolver = "2"`
[INFO] [stderr] note: to keep the current resolver, specify `workspace.resolver = "1"` in the workspace root's manifest
[INFO] [stderr] note: to use the edition 2021 resolver, specify `workspace.resolver = "2"` in the workspace root's manifest
[INFO] [stderr] note: for more details see https://doc.rust-lang.org/cargo/reference/resolver.html#resolver-versions
[INFO] [stderr] warning: profile package spec `nft` in profile `release` did not match any packages
[INFO] [stderr] 
[INFO] [stderr] 	Did you mean `ff`?
[INFO] [stderr]    Compiling typenum v1.16.0
[INFO] [stderr]    Compiling generic-array v0.14.6
[INFO] [stderr]    Compiling proc-macro2 v1.0.47
[INFO] [stderr]    Compiling unicode-ident v1.0.5
[INFO] [stderr]    Compiling quote v1.0.21
[INFO] [stderr]    Compiling syn v1.0.105
[INFO] [stderr]    Compiling libc v0.2.138
[INFO] [stderr]    Compiling subtle v2.4.1
[INFO] [stderr]    Compiling zeroize v1.5.7
[INFO] [stderr]    Compiling serde_derive v1.0.149
[INFO] [stderr]    Compiling const-oid v0.9.1
[INFO] [stderr]    Compiling serde v1.0.149
[INFO] [stderr]    Compiling base64ct v1.5.3
[INFO] [stderr]    Compiling ahash v0.7.6
[INFO] [stderr]    Compiling cpufeatures v0.2.5
[INFO] [stderr]    Compiling base16ct v0.1.1
[INFO] [stderr]    Compiling thiserror v1.0.37
[INFO] [stderr]    Compiling once_cell v1.16.0
[INFO] [stderr]    Compiling der v0.6.1
[INFO] [stderr]    Compiling serde_json v1.0.89
[INFO] [stderr]    Compiling byteorder v1.4.3
[INFO] [stderr]    Compiling schemars v0.8.11
[INFO] [stderr]    Compiling crunchy v0.2.2
[INFO] [stderr]    Compiling itoa v1.0.4
[INFO] [stderr]    Compiling rand_core v0.5.1
[INFO] [stderr]    Compiling ryu v1.0.11
[INFO] [stderr]    Compiling dyn-clone v1.0.9
[INFO] [stderr]    Compiling forward_ref v1.0.0
[INFO] [stderr]    Compiling base64 v0.13.1
[INFO] [stderr]    Compiling semver v1.0.14
[INFO] [stderr]    Compiling uint v0.9.5
[INFO] [stderr]    Compiling getrandom v0.2.8
[INFO] [stderr]    Compiling rand_core v0.6.4
[INFO] [stderr]    Compiling spki v0.6.0
[INFO] [stderr]    Compiling ff v0.12.1
[INFO] [stderr]    Compiling pkcs8 v0.9.0
[INFO] [stderr]    Compiling hashbrown v0.12.3
[INFO] [stderr]    Compiling group v0.12.1
[INFO] [stderr]    Compiling block-buffer v0.10.3
[INFO] [stderr]    Compiling crypto-common v0.1.6
[INFO] [stderr]    Compiling crypto-bigint v0.4.9
[INFO] [stderr]    Compiling sec1 v0.3.0
[INFO] [stderr]    Compiling digest v0.9.0
[INFO] [stderr]    Compiling block-buffer v0.9.0
[INFO] [stderr]    Compiling curve25519-dalek v3.2.0
[INFO] [stderr]    Compiling digest v0.10.6
[INFO] [stderr]    Compiling sha2 v0.9.9
[INFO] [stderr]    Compiling hmac v0.12.1
[INFO] [stderr]    Compiling signature v1.6.4
[INFO] [stderr]    Compiling sha2 v0.10.6
[INFO] [stderr]    Compiling elliptic-curve v0.12.3
[INFO] [stderr]    Compiling rfc6979 v0.3.1
[INFO] [stderr]    Compiling ecdsa v0.14.8
[INFO] [stderr]    Compiling k256 v0.11.6
[INFO] [stderr]    Compiling serde_derive_internals v0.26.0
[INFO] [stderr]    Compiling thiserror-impl v1.0.37
[INFO] [stderr]    Compiling schemars_derive v0.8.11
[INFO] [stderr]    Compiling derivative v2.2.0
[INFO] [stderr]    Compiling cosmwasm-derive v1.1.9
[INFO] [stderr]    Compiling cosmwasm-schema-derive v1.1.9
[INFO] [stderr]    Compiling ed25519-zebra v3.1.0
[INFO] [stderr]    Compiling serde-json-wasm v0.4.1
[INFO] [stderr]    Compiling cosmwasm-crypto v1.1.9
[INFO] [stderr]    Compiling cosmwasm-std v1.1.9
[INFO] [stderr]    Compiling cosmwasm-schema v1.1.9
[INFO] [stderr]    Compiling cw-storage-plus v0.16.0
[INFO] [stderr]    Compiling cosmwasm-storage v1.1.9
[INFO] [stderr]    Compiling cw-storage-plus v1.0.1
[INFO] [stderr]    Compiling cw2 v0.16.0
[INFO] [stderr]    Compiling cw2 v1.0.0
[INFO] [stderr]    Compiling cw-utils v0.16.0
[INFO] [stderr]    Compiling cw-controllers v1.0.0
[INFO] [stderr]    Compiling cw20 v1.0.0
[INFO] [stderr]    Compiling angel-staking v0.1.0 (/opt/rustwide/workdir/contracts/angel-staking)
[INFO] [stdout] warning: unused imports: `Expiration`, `PaymentError`, `one_coin`
[INFO] [stdout]   --> contracts/angel-staking/src/contract.rs:11:16
[INFO] [stdout]    |
[INFO] [stdout] 11 | use cw_utils::{one_coin, PaymentError, Duration, Expiration};
[INFO] [stdout]    |                ^^^^^^^^  ^^^^^^^^^^^^            ^^^^^^^^^^
[INFO] [stdout]    |
[INFO] [stdout]    = note: `#[warn(unused_imports)]` on by default
[INFO] [stdout] 
[INFO] [stdout] 
[INFO] [stdout] warning: unused imports: `CustomQuery`, `QuerierWrapper`, `Querier`, `WasmQuery`
[INFO] [stdout]  --> contracts/angel-staking/src/helpers.rs:5:33
[INFO] [stdout]   |
[INFO] [stdout] 5 |     to_binary, Addr, CosmosMsg, CustomQuery, Querier, QuerierWrapper, StdResult, WasmMsg, WasmQuery,
[INFO] [stdout]   |                                 ^^^^^^^^^^^  ^^^^^^^  ^^^^^^^^^^^^^^                      ^^^^^^^^^
[INFO] [stdout] 
[INFO] [stdout] 
[INFO] [stdout] warning: unused import: `QueryMsg`
[INFO] [stdout]  --> contracts/angel-staking/src/helpers.rs:8:30
[INFO] [stdout]   |
[INFO] [stdout] 8 | use crate::msg::{ExecuteMsg, QueryMsg};
[INFO] [stdout]   |                              ^^^^^^^^
[INFO] [stdout] 
[INFO] [stdout] 
[INFO] [stdout] warning: unused variable: `validator_address`
[INFO] [stdout]   --> contracts/angel-staking/src/contract.rs:84:9
[INFO] [stdout]    |
[INFO] [stdout] 84 |     let validator_address = chosen_validator(deps.as_ref(), None)?;
[INFO] [stdout]    |         ^^^^^^^^^^^^^^^^^ help: if this is intentional, prefix it with an underscore: `_validator_address`
[INFO] [stdout]    |
[INFO] [stdout]    = note: `#[warn(unused_variables)]` on by default
[INFO] [stdout] 
[INFO] [stdout] 
[INFO] [stdout] warning: unused variable: `info`
[INFO] [stdout]   --> contracts/angel-staking/src/contract.rs:66:47
[INFO] [stdout]    |
[INFO] [stdout] 66 | pub fn execute_bond(deps: DepsMut, _env: Env, info: MessageInfo, nft_id: Uint128) -> Result<Response, ContractError> {
[INFO] [stdout]    |                                               ^^^^ help: if this is intentional, prefix it with an underscore: `_info`
[INFO] [stdout] 
[INFO] [stdout] 
[INFO] [stdout] warning: unused variable: `nft_id`
[INFO] [stdout]   --> contracts/angel-staking/src/contract.rs:66:66
[INFO] [stdout]    |
[INFO] [stdout] 66 | pub fn execute_bond(deps: DepsMut, _env: Env, info: MessageInfo, nft_id: Uint128) -> Result<Response, ContractError> {
[INFO] [stdout]    |                                                                  ^^^^^^ help: if this is intentional, prefix it with an underscore: `_nft_id`
[INFO] [stdout] 
[INFO] [stdout] 
[INFO] [stdout] warning: unused variable: `excluded_address`
[INFO] [stdout]    --> contracts/angel-staking/src/contract.rs:116:38
[INFO] [stdout]     |
[INFO] [stdout] 116 | pub fn chosen_validator (deps: Deps, excluded_address: Option<String>) -> Result<String, ContractError>  {
[INFO] [stdout]     |                                      ^^^^^^^^^^^^^^^^ help: if this is intentional, prefix it with an underscore: `_excluded_address`
[INFO] [stdout] 
[INFO] [stdout] 
[INFO] [stdout] warning: variable does not need to be mutable
[INFO] [stdout]    --> contracts/angel-staking/src/contract.rs:168:13
[INFO] [stdout]     |
[INFO] [stdout] 168 |         let mut validator_info = state.validator.load(deps.storage, &vec_address_coin[i].0)?;
[INFO] [stdout]     |             ----^^^^^^^^^^^^^^
[INFO] [stdout]     |             |
[INFO] [stdout]     |             help: remove this `mut`
[INFO] [stdout]     |
[INFO] [stdout]     = note: `#[warn(unused_mut)]` on by default
[INFO] [stdout] 
[INFO] [stdout] 
[INFO] [stdout] warning: 8 warnings emitted
[INFO] [stdout] 
[INFO] [stdout] 
[INFO] [stderr]     Finished dev [unoptimized + debuginfo] target(s) in 20.25s
[INFO] running `Command { std: "docker" "inspect" "7cb247ae8ca0cf6bb200597a8f0d8c2dee035887e6a367fbe490d24c9d50f9e2", kill_on_drop: false }`
[INFO] running `Command { std: "docker" "rm" "-f" "7cb247ae8ca0cf6bb200597a8f0d8c2dee035887e6a367fbe490d24c9d50f9e2", kill_on_drop: false }`
[INFO] [stdout] 7cb247ae8ca0cf6bb200597a8f0d8c2dee035887e6a367fbe490d24c9d50f9e2
[INFO] running `Command { std: "docker" "create" "-v" "/var/lib/crater-agent-workspace/builds/worker-0-tc2/target:/opt/rustwide/target:rw,Z" "-v" "/var/lib/crater-agent-workspace/builds/worker-0-tc2/source:/opt/rustwide/workdir:ro,Z" "-v" "/var/lib/crater-agent-workspace/cargo-home:/opt/rustwide/cargo-home:ro,Z" "-v" "/var/lib/crater-agent-workspace/rustup-home:/opt/rustwide/rustup-home:ro,Z" "-e" "SOURCE_DIR=/opt/rustwide/workdir" "-e" "CARGO_TARGET_DIR=/opt/rustwide/target" "-e" "CARGO_INCREMENTAL=0" "-e" "RUST_BACKTRACE=full" "-e" "RUSTFLAGS=--cap-lints=warn" "-e" "RUSTDOCFLAGS=--cap-lints=warn" "-e" "CARGO_HOME=/opt/rustwide/cargo-home" "-e" "RUSTUP_HOME=/opt/rustwide/rustup-home" "-w" "/opt/rustwide/workdir" "-m" "1610612736" "--user" "0:0" "--network" "none" "ghcr.io/rust-lang/crates-build-env/linux@sha256:2788e3201cd34a07e3172128adcd8b3090168a8e3bcc40d7c032b9dda1df7d1c" "/opt/rustwide/cargo-home/bin/cargo" "+beta-2023-12-22" "test" "--frozen" "--no-run" "--message-format=json", kill_on_drop: false }`
[INFO] [stdout] c43810f575025845eab620aba4cdeb35368602c0b7ba9f56a45920069eb7ba0a
[INFO] running `Command { std: "docker" "start" "-a" "c43810f575025845eab620aba4cdeb35368602c0b7ba9f56a45920069eb7ba0a", kill_on_drop: false }`
[INFO] [stderr] warning: virtual workspace defaulting to `resolver = "1"` despite one or more workspace members being on edition 2021 which implies `resolver = "2"`
[INFO] [stderr] note: to keep the current resolver, specify `workspace.resolver = "1"` in the workspace root's manifest
[INFO] [stderr] note: to use the edition 2021 resolver, specify `workspace.resolver = "2"` in the workspace root's manifest
[INFO] [stderr] note: for more details see https://doc.rust-lang.org/cargo/reference/resolver.html#resolver-versions
[INFO] [stderr] warning: profile package spec `nft` in profile `release` did not match any packages
[INFO] [stderr] 
[INFO] [stderr] 	Did you mean `ff`?
[INFO] [stderr]    Compiling anyhow v1.0.66
[INFO] [stderr]    Compiling either v1.8.0
[INFO] [stderr]    Compiling bytes v1.3.0
[INFO] [stdout] warning: unused imports: `Expiration`, `PaymentError`, `one_coin`
[INFO] [stdout]   --> contracts/angel-staking/src/contract.rs:11:16
[INFO] [stdout]    |
[INFO] [stdout] 11 | use cw_utils::{one_coin, PaymentError, Duration, Expiration};
[INFO] [stdout]    |                ^^^^^^^^  ^^^^^^^^^^^^            ^^^^^^^^^^
[INFO] [stdout]    |
[INFO] [stdout]    = note: `#[warn(unused_imports)]` on by default
[INFO] [stdout] 
[INFO] [stdout] 
[INFO] [stdout] warning: unused imports: `CustomQuery`, `QuerierWrapper`, `Querier`, `WasmQuery`
[INFO] [stdout]  --> contracts/angel-staking/src/helpers.rs:5:33
[INFO] [stdout]   |
[INFO] [stdout] 5 |     to_binary, Addr, CosmosMsg, CustomQuery, Querier, QuerierWrapper, StdResult, WasmMsg, WasmQuery,
[INFO] [stdout]   |                                 ^^^^^^^^^^^  ^^^^^^^  ^^^^^^^^^^^^^^                      ^^^^^^^^^
[INFO] [stdout] 
[INFO] [stdout] 
[INFO] [stdout] warning: unused import: `QueryMsg`
[INFO] [stdout]  --> contracts/angel-staking/src/helpers.rs:8:30
[INFO] [stdout]   |
[INFO] [stdout] 8 | use crate::msg::{ExecuteMsg, QueryMsg};
[INFO] [stdout]   |                              ^^^^^^^^
[INFO] [stdout] 
[INFO] [stdout] 
[INFO] [stdout] warning: unused variable: `validator_address`
[INFO] [stdout]   --> contracts/angel-staking/src/contract.rs:84:9
[INFO] [stdout]    |
[INFO] [stdout] 84 |     let validator_address = chosen_validator(deps.as_ref(), None)?;
[INFO] [stdout]    |         ^^^^^^^^^^^^^^^^^ help: if this is intentional, prefix it with an underscore: `_validator_address`
[INFO] [stdout]    |
[INFO] [stdout]    = note: `#[warn(unused_variables)]` on by default
[INFO] [stdout] 
[INFO] [stdout] 
[INFO] [stdout] warning: unused variable: `info`
[INFO] [stdout]   --> contracts/angel-staking/src/contract.rs:66:47
[INFO] [stdout]    |
[INFO] [stdout] 66 | pub fn execute_bond(deps: DepsMut, _env: Env, info: MessageInfo, nft_id: Uint128) -> Result<Response, ContractError> {
[INFO] [stdout]    |                                               ^^^^ help: if this is intentional, prefix it with an underscore: `_info`
[INFO] [stdout] 
[INFO] [stdout] 
[INFO] [stdout] warning: unused variable: `nft_id`
[INFO] [stdout]   --> contracts/angel-staking/src/contract.rs:66:66
[INFO] [stdout]    |
[INFO] [stdout] 66 | pub fn execute_bond(deps: DepsMut, _env: Env, info: MessageInfo, nft_id: Uint128) -> Result<Response, ContractError> {
[INFO] [stdout]    |                                                                  ^^^^^^ help: if this is intentional, prefix it with an underscore: `_nft_id`
[INFO] [stdout] 
[INFO] [stdout] 
[INFO] [stdout] warning: unused variable: `excluded_address`
[INFO] [stdout]    --> contracts/angel-staking/src/contract.rs:116:38
[INFO] [stdout]     |
[INFO] [stdout] 116 | pub fn chosen_validator (deps: Deps, excluded_address: Option<String>) -> Result<String, ContractError>  {
[INFO] [stdout]     |                                      ^^^^^^^^^^^^^^^^ help: if this is intentional, prefix it with an underscore: `_excluded_address`
[INFO] [stdout] 
[INFO] [stdout] 
[INFO] [stdout] warning: variable does not need to be mutable
[INFO] [stdout]    --> contracts/angel-staking/src/contract.rs:168:13
[INFO] [stdout]     |
[INFO] [stdout] 168 |         let mut validator_info = state.validator.load(deps.storage, &vec_address_coin[i].0)?;
[INFO] [stdout]     |             ----^^^^^^^^^^^^^^
[INFO] [stdout]     |             |
[INFO] [stdout]     |             help: remove this `mut`
[INFO] [stdout]     |
[INFO] [stdout]     = note: `#[warn(unused_mut)]` on by default
[INFO] [stdout] 
[INFO] [stdout] 
[INFO] [stdout] warning: 8 warnings emitted
[INFO] [stdout] 
[INFO] [stdout] 
[INFO] [stderr]    Compiling itertools v0.10.5
[INFO] [stderr]    Compiling prost-derive v0.9.0
[INFO] [stderr]    Compiling prost v0.9.0
[INFO] [stderr]    Compiling cw-multi-test v0.16.1
[INFO] [stderr]    Compiling angel-staking v0.1.0 (/opt/rustwide/workdir/contracts/angel-staking)
[INFO] [stdout] warning: unused imports: `Expiration`, `PaymentError`, `one_coin`
[INFO] [stdout]   --> contracts/angel-staking/src/contract.rs:11:16
[INFO] [stdout]    |
[INFO] [stdout] 11 | use cw_utils::{one_coin, PaymentError, Duration, Expiration};
[INFO] [stdout]    |                ^^^^^^^^  ^^^^^^^^^^^^            ^^^^^^^^^^
[INFO] [stdout]    |
[INFO] [stdout]    = note: `#[warn(unused_imports)]` on by default
[INFO] [stdout] 
[INFO] [stdout] 
[INFO] [stdout] warning: unused imports: `CosmosMsg`, `OverflowError`, `OverflowOperation`, `OwnedDeps`
[INFO] [stdout]    --> contracts/angel-staking/src/contract.rs:587:22
[INFO] [stdout]     |
[INFO] [stdout] 587 |         coins, Coin, CosmosMsg, Decimal, FullDelegation, OverflowError, OverflowOperation,
[INFO] [stdout]     |                      ^^^^^^^^^                           ^^^^^^^^^^^^^  ^^^^^^^^^^^^^^^^^
[INFO] [stdout] 588 |         Validator, from_binary, OwnedDeps,
[INFO] [stdout]     |                                 ^^^^^^^^^
[INFO] [stdout] 
[INFO] [stdout] 
[INFO] [stdout] warning: unused imports: `DAY`, `HOUR`
[INFO] [stdout]    --> contracts/angel-staking/src/contract.rs:591:30
[INFO] [stdout]     |
[INFO] [stdout] 591 |     use cw_utils::{Duration, DAY, HOUR, WEEK};
[INFO] [stdout]     |                              ^^^  ^^^^
[INFO] [stdout] 
[INFO] [stdout] 
[INFO] [stdout] warning: unused imports: `CustomQuery`, `QuerierWrapper`, `Querier`, `WasmQuery`
[INFO] [stdout]  --> contracts/angel-staking/src/helpers.rs:5:33
[INFO] [stdout]   |
[INFO] [stdout] 5 |     to_binary, Addr, CosmosMsg, CustomQuery, Querier, QuerierWrapper, StdResult, WasmMsg, WasmQuery,
[INFO] [stdout]   |                                 ^^^^^^^^^^^  ^^^^^^^  ^^^^^^^^^^^^^^                      ^^^^^^^^^
[INFO] [stdout] 
[INFO] [stdout] 
[INFO] [stdout] warning: unused import: `QueryMsg`
[INFO] [stdout]  --> contracts/angel-staking/src/helpers.rs:8:30
[INFO] [stdout]   |
[INFO] [stdout] 8 | use crate::msg::{ExecuteMsg, QueryMsg};
[INFO] [stdout]   |                              ^^^^^^^^
[INFO] [stdout] 
[INFO] [stdout] 
[INFO] [stdout] warning: unused import: `ExecuteMsg`
[INFO] [stdout]  --> contracts/angel-staking/src/integration_tests.rs:3:22
[INFO] [stdout]   |
[INFO] [stdout] 3 |     use crate::msg::{ExecuteMsg};
[INFO] [stdout]   |                      ^^^^^^^^^^
[INFO] [stdout] 
[INFO] [stdout] 
[INFO] [stdout] warning: unused imports: `coin`, `coins`, `to_binary`
[INFO] [stdout]  --> contracts/angel-staking/src/integration_tests.rs:4:24
[INFO] [stdout]   |
[INFO] [stdout] 4 |     use cosmwasm_std::{coin, coins, to_binary, Addr, Coin, Empty, Uint128};
[INFO] [stdout]   |                        ^^^^  ^^^^^  ^^^^^^^^^
[INFO] [stdout] 
[INFO] [stdout] 
[INFO] [stdout] warning: unused import: `Executor`
[INFO] [stdout]  --> contracts/angel-staking/src/integration_tests.rs:5:69
[INFO] [stdout]   |
[INFO] [stdout] 5 |     use cw_multi_test::{App, AppBuilder, Contract, ContractWrapper, Executor};
[INFO] [stdout]   |                                                                     ^^^^^^^^
[INFO] [stdout] 
[INFO] [stdout] 
[INFO] [stdout] warning: unused variable: `validator_address`
[INFO] [stdout]   --> contracts/angel-staking/src/contract.rs:84:9
[INFO] [stdout]    |
[INFO] [stdout] 84 |     let validator_address = chosen_validator(deps.as_ref(), None)?;
[INFO] [stdout]    |         ^^^^^^^^^^^^^^^^^ help: if this is intentional, prefix it with an underscore: `_validator_address`
[INFO] [stdout]    |
[INFO] [stdout]    = note: `#[warn(unused_variables)]` on by default
[INFO] [stdout] 
[INFO] [stdout] 
[INFO] [stdout] warning: unused variable: `info`
[INFO] [stdout]   --> contracts/angel-staking/src/contract.rs:66:47
[INFO] [stdout]    |
[INFO] [stdout] 66 | pub fn execute_bond(deps: DepsMut, _env: Env, info: MessageInfo, nft_id: Uint128) -> Result<Response, ContractError> {
[INFO] [stdout]    |                                               ^^^^ help: if this is intentional, prefix it with an underscore: `_info`
[INFO] [stdout] 
[INFO] [stdout] 
[INFO] [stdout] warning: unused variable: `nft_id`
[INFO] [stdout]   --> contracts/angel-staking/src/contract.rs:66:66
[INFO] [stdout]    |
[INFO] [stdout] 66 | pub fn execute_bond(deps: DepsMut, _env: Env, info: MessageInfo, nft_id: Uint128) -> Result<Response, ContractError> {
[INFO] [stdout]    |                                                                  ^^^^^^ help: if this is intentional, prefix it with an underscore: `_nft_id`
[INFO] [stdout] 
[INFO] [stdout] 
[INFO] [stdout] warning: unused variable: `excluded_address`
[INFO] [stdout]    --> contracts/angel-staking/src/contract.rs:116:38
[INFO] [stdout]     |
[INFO] [stdout] 116 | pub fn chosen_validator (deps: Deps, excluded_address: Option<String>) -> Result<String, ContractError>  {
[INFO] [stdout]     |                                      ^^^^^^^^^^^^^^^^ help: if this is intentional, prefix it with an underscore: `_excluded_address`
[INFO] [stdout] 
[INFO] [stdout] 
[INFO] [stdout] warning: variable does not need to be mutable
[INFO] [stdout]    --> contracts/angel-staking/src/contract.rs:168:13
[INFO] [stdout]     |
[INFO] [stdout] 168 |         let mut validator_info = state.validator.load(deps.storage, &vec_address_coin[i].0)?;
[INFO] [stdout]     |             ----^^^^^^^^^^^^^^
[INFO] [stdout]     |             |
[INFO] [stdout]     |             help: remove this `mut`
[INFO] [stdout]     |
[INFO] [stdout]     = note: `#[warn(unused_mut)]` on by default
[INFO] [stdout] 
[INFO] [stdout] 
[INFO] [stdout] warning: constant `DELEGATOR1` is never used
[INFO] [stdout]    --> contracts/angel-staking/src/contract.rs:597:11
[INFO] [stdout]     |
[INFO] [stdout] 597 |     const DELEGATOR1: &str = "contract";
[INFO] [stdout]     |           ^^^^^^^^^^
[INFO] [stdout]     |
[INFO] [stdout]     = note: `#[warn(dead_code)]` on by default
[INFO] [stdout] 
[INFO] [stdout] 
[INFO] [stdout] warning: function `sample_delegation` is never used
[INFO] [stdout]    --> contracts/angel-staking/src/contract.rs:616:8
[INFO] [stdout]     |
[INFO] [stdout] 616 |     fn sample_delegation(val_addr: &str, amount: Coin) -> FullDelegation {
[INFO] [stdout]     |        ^^^^^^^^^^^^^^^^^
[INFO] [stdout] 
[INFO] [stdout] 
[INFO] [stdout] warning: function `set_validator` is never used
[INFO] [stdout]    --> contracts/angel-staking/src/contract.rs:628:8
[INFO] [stdout]     |
[INFO] [stdout] 628 |     fn set_validator(querier: &mut MockQuerier) {
[INFO] [stdout]     |        ^^^^^^^^^^^^^
[INFO] [stdout] 
[INFO] [stdout] 
[INFO] [stdout] warning: function `set_validators` is never used
[INFO] [stdout]    --> contracts/angel-staking/src/contract.rs:632:8
[INFO] [stdout]     |
[INFO] [stdout] 632 |     fn set_validators(querier: &mut MockQuerier) {
[INFO] [stdout]     |        ^^^^^^^^^^^^^^
[INFO] [stdout] 
[INFO] [stdout] 
[INFO] [stdout] warning: function `set_delegation` is never used
[INFO] [stdout]    --> contracts/angel-staking/src/contract.rs:636:8
[INFO] [stdout]     |
[INFO] [stdout] 636 |     fn set_delegation(querier: &mut MockQuerier, amount: u128, denom: &str) {
[INFO] [stdout]     |        ^^^^^^^^^^^^^^
[INFO] [stdout] 
[INFO] [stdout] 
[INFO] [stdout] warning: function `later` is never used
[INFO] [stdout]    --> contracts/angel-staking/src/contract.rs:645:8
[INFO] [stdout]     |
[INFO] [stdout] 645 |     fn later(env: &Env, delta: Duration) -> Env {
[INFO] [stdout]     |        ^^^^^
[INFO] [stdout] 
[INFO] [stdout] 
[INFO] [stdout] warning: function `get_claims` is never used
[INFO] [stdout]    --> contracts/angel-staking/src/contract.rs:655:8
[INFO] [stdout]     |
[INFO] [stdout] 655 |     fn get_claims(deps: Deps, addr: &str) -> Vec<Claim> {
[INFO] [stdout]     |        ^^^^^^^^^^
[INFO] [stdout] 
[INFO] [stdout] 
[INFO] [stdout] warning: constant `USER1` is never used
[INFO] [stdout]  --> contracts/angel-staking/src/integration_tests.rs:7:11
[INFO] [stdout]   |
[INFO] [stdout] 7 |     const USER1: &str = "juno10c3slrqx3369mfsr9670au22zvq082jaej8ve4";
[INFO] [stdout]   |           ^^^^^
[INFO] [stdout] 
[INFO] [stdout] 
[INFO] [stdout] warning: constant `USER2` is never used
[INFO] [stdout]  --> contracts/angel-staking/src/integration_tests.rs:8:11
[INFO] [stdout]   |
[INFO] [stdout] 8 |     const USER2: &str = "juno10c3slrqx3369mfsr9670au22zvq082jaejxx23";
[INFO] [stdout]   |           ^^^^^
[INFO] [stdout] 
[INFO] [stdout] 
[INFO] [stdout] warning: constant `ADMIN` is never used
[INFO] [stdout]  --> contracts/angel-staking/src/integration_tests.rs:9:11
[INFO] [stdout]   |
[INFO] [stdout] 9 |     const ADMIN: &str = "ADMIN";
[INFO] [stdout]   |           ^^^^^
[INFO] [stdout] 
[INFO] [stdout] 
[INFO] [stdout] warning: constant `NATIVE_DENOM` is never used
[INFO] [stdout]   --> contracts/angel-staking/src/integration_tests.rs:10:11
[INFO] [stdout]    |
[INFO] [stdout] 10 |     const NATIVE_DENOM: &str = "ujunox";
[INFO] [stdout]    |           ^^^^^^^^^^^^
[INFO] [stdout] 
[INFO] [stdout] 
[INFO] [stdout] warning: constant `TOKEN_ID` is never used
[INFO] [stdout]   --> contracts/angel-staking/src/integration_tests.rs:11:11
[INFO] [stdout]    |
[INFO] [stdout] 11 |     const TOKEN_ID: &str = "0";
[INFO] [stdout]    |           ^^^^^^^^
[INFO] [stdout] 
[INFO] [stdout] 
[INFO] [stdout] warning: constant `MINTER` is never used
[INFO] [stdout]   --> contracts/angel-staking/src/integration_tests.rs:12:11
[INFO] [stdout]    |
[INFO] [stdout] 12 |     const MINTER: &str = "juno10c3slrqx3369mfsr9670au22zvq082jaejxx85";
[INFO] [stdout]    |           ^^^^^^
[INFO] [stdout] 
[INFO] [stdout] 
[INFO] [stdout] warning: function `contract_nft` is never used
[INFO] [stdout]   --> contracts/angel-staking/src/integration_tests.rs:14:12
[INFO] [stdout]    |
[INFO] [stdout] 14 |     pub fn contract_nft() -> Box<dyn Contract<Empty>> {
[INFO] [stdout]    |            ^^^^^^^^^^^^
[INFO] [stdout] 
[INFO] [stdout] 
[INFO] [stdout] warning: function `mock_app` is never used
[INFO] [stdout]   --> contracts/angel-staking/src/integration_tests.rs:23:8
[INFO] [stdout]    |
[INFO] [stdout] 23 |     fn mock_app() -> App {
[INFO] [stdout]    |        ^^^^^^^^
[INFO] [stdout] 
[INFO] [stdout] 
[INFO] [stdout] warning: function `store_code` is never used
[INFO] [stdout]   --> contracts/angel-staking/src/integration_tests.rs:50:8
[INFO] [stdout]    |
[INFO] [stdout] 50 |     fn store_code() -> (App, u64) {
[INFO] [stdout]    |        ^^^^^^^^^^
[INFO] [stdout] 
[INFO] [stdout] 
[INFO] [stdout] warning: 29 warnings emitted
[INFO] [stdout] 
[INFO] [stdout] 
[INFO] [stderr]     Finished test [unoptimized + debuginfo] target(s) in 4.60s
[INFO] running `Command { std: "docker" "inspect" "c43810f575025845eab620aba4cdeb35368602c0b7ba9f56a45920069eb7ba0a", kill_on_drop: false }`
[INFO] running `Command { std: "docker" "rm" "-f" "c43810f575025845eab620aba4cdeb35368602c0b7ba9f56a45920069eb7ba0a", kill_on_drop: false }`
[INFO] [stdout] c43810f575025845eab620aba4cdeb35368602c0b7ba9f56a45920069eb7ba0a
[INFO] running `Command { std: "docker" "create" "-v" "/var/lib/crater-agent-workspace/builds/worker-0-tc2/target:/opt/rustwide/target:rw,Z" "-v" "/var/lib/crater-agent-workspace/builds/worker-0-tc2/source:/opt/rustwide/workdir:ro,Z" "-v" "/var/lib/crater-agent-workspace/cargo-home:/opt/rustwide/cargo-home:ro,Z" "-v" "/var/lib/crater-agent-workspace/rustup-home:/opt/rustwide/rustup-home:ro,Z" "-e" "SOURCE_DIR=/opt/rustwide/workdir" "-e" "CARGO_TARGET_DIR=/opt/rustwide/target" "-e" "CARGO_INCREMENTAL=0" "-e" "RUST_BACKTRACE=full" "-e" "RUSTFLAGS=--cap-lints=warn" "-e" "RUSTDOCFLAGS=--cap-lints=warn" "-e" "CARGO_HOME=/opt/rustwide/cargo-home" "-e" "RUSTUP_HOME=/opt/rustwide/rustup-home" "-w" "/opt/rustwide/workdir" "-m" "1610612736" "--user" "0:0" "--network" "none" "ghcr.io/rust-lang/crates-build-env/linux@sha256:2788e3201cd34a07e3172128adcd8b3090168a8e3bcc40d7c032b9dda1df7d1c" "/opt/rustwide/cargo-home/bin/cargo" "+beta-2023-12-22" "test" "--frozen", kill_on_drop: false }`
[INFO] [stdout] 2d37dc168efd4ce8d28a71226e6d4570df07a0541ed08ea20d31303172cd3d29
[INFO] running `Command { std: "docker" "start" "-a" "2d37dc168efd4ce8d28a71226e6d4570df07a0541ed08ea20d31303172cd3d29", kill_on_drop: false }`
[INFO] [stderr] warning: virtual workspace defaulting to `resolver = "1"` despite one or more workspace members being on edition 2021 which implies `resolver = "2"`
[INFO] [stderr] note: to keep the current resolver, specify `workspace.resolver = "1"` in the workspace root's manifest
[INFO] [stderr] note: to use the edition 2021 resolver, specify `workspace.resolver = "2"` in the workspace root's manifest
[INFO] [stderr] note: for more details see https://doc.rust-lang.org/cargo/reference/resolver.html#resolver-versions
[INFO] [stderr] warning: profile package spec `nft` in profile `release` did not match any packages
[INFO] [stderr] 
[INFO] [stderr] 	Did you mean `ff`?
[INFO] [stderr] warning: unused imports: `Expiration`, `PaymentError`, `one_coin`
[INFO] [stderr]   --> contracts/angel-staking/src/contract.rs:11:16
[INFO] [stderr]    |
[INFO] [stderr] 11 | use cw_utils::{one_coin, PaymentError, Duration, Expiration};
[INFO] [stderr]    |                ^^^^^^^^  ^^^^^^^^^^^^            ^^^^^^^^^^
[INFO] [stderr]    |
[INFO] [stderr]    = note: `#[warn(unused_imports)]` on by default
[INFO] [stderr] 
[INFO] [stderr] warning: unused imports: `CustomQuery`, `QuerierWrapper`, `Querier`, `WasmQuery`
[INFO] [stderr]  --> contracts/angel-staking/src/helpers.rs:5:33
[INFO] [stderr]   |
[INFO] [stderr] 5 |     to_binary, Addr, CosmosMsg, CustomQuery, Querier, QuerierWrapper, StdResult, WasmMsg, WasmQuery,
[INFO] [stderr]   |                                 ^^^^^^^^^^^  ^^^^^^^  ^^^^^^^^^^^^^^                      ^^^^^^^^^
[INFO] [stderr] 
[INFO] [stderr] warning: unused import: `QueryMsg`
[INFO] [stderr]  --> contracts/angel-staking/src/helpers.rs:8:30
[INFO] [stderr]   |
[INFO] [stderr] 8 | use crate::msg::{ExecuteMsg, QueryMsg};
[INFO] [stderr]   |                              ^^^^^^^^
[INFO] [stderr] 
[INFO] [stderr] warning: unused variable: `validator_address`
[INFO] [stderr]   --> contracts/angel-staking/src/contract.rs:84:9
[INFO] [stderr]    |
[INFO] [stderr] 84 |     let validator_address = chosen_validator(deps.as_ref(), None)?;
[INFO] [stderr]    |         ^^^^^^^^^^^^^^^^^ help: if this is intentional, prefix it with an underscore: `_validator_address`
[INFO] [stderr]    |
[INFO] [stderr]    = note: `#[warn(unused_variables)]` on by default
[INFO] [stderr] 
[INFO] [stderr] warning: unused variable: `info`
[INFO] [stderr]   --> contracts/angel-staking/src/contract.rs:66:47
[INFO] [stderr]    |
[INFO] [stderr] 66 | pub fn execute_bond(deps: DepsMut, _env: Env, info: MessageInfo, nft_id: Uint128) -> Result<Response, ContractError> {
[INFO] [stderr]    |                                               ^^^^ help: if this is intentional, prefix it with an underscore: `_info`
[INFO] [stderr] 
[INFO] [stderr] warning: unused variable: `nft_id`
[INFO] [stderr]   --> contracts/angel-staking/src/contract.rs:66:66
[INFO] [stderr]    |
[INFO] [stderr] 66 | pub fn execute_bond(deps: DepsMut, _env: Env, info: MessageInfo, nft_id: Uint128) -> Result<Response, ContractError> {
[INFO] [stderr]    |                                                                  ^^^^^^ help: if this is intentional, prefix it with an underscore: `_nft_id`
[INFO] [stderr] 
[INFO] [stderr] warning: unused variable: `excluded_address`
[INFO] [stderr]    --> contracts/angel-staking/src/contract.rs:116:38
[INFO] [stderr]     |
[INFO] [stderr] 116 | pub fn chosen_validator (deps: Deps, excluded_address: Option<String>) -> Result<String, ContractError>  {
[INFO] [stderr]     |                                      ^^^^^^^^^^^^^^^^ help: if this is intentional, prefix it with an underscore: `_excluded_address`
[INFO] [stderr] 
[INFO] [stderr] warning: variable does not need to be mutable
[INFO] [stderr]    --> contracts/angel-staking/src/contract.rs:168:13
[INFO] [stderr]     |
[INFO] [stderr] 168 |         let mut validator_info = state.validator.load(deps.storage, &vec_address_coin[i].0)?;
[INFO] [stderr]     |             ----^^^^^^^^^^^^^^
[INFO] [stderr]     |             |
[INFO] [stderr]     |             help: remove this `mut`
[INFO] [stderr]     |
[INFO] [stderr]     = note: `#[warn(unused_mut)]` on by default
[INFO] [stderr] 
[INFO] [stderr] warning: unused imports: `CosmosMsg`, `OverflowError`, `OverflowOperation`, `OwnedDeps`
[INFO] [stderr]    --> contracts/angel-staking/src/contract.rs:587:22
[INFO] [stderr]     |
[INFO] [stderr] 587 |         coins, Coin, CosmosMsg, Decimal, FullDelegation, OverflowError, OverflowOperation,
[INFO] [stderr]     |                      ^^^^^^^^^                           ^^^^^^^^^^^^^  ^^^^^^^^^^^^^^^^^
[INFO] [stderr] 588 |         Validator, from_binary, OwnedDeps,
[INFO] [stderr]     |                                 ^^^^^^^^^
[INFO] [stderr] 
[INFO] [stderr] warning: unused imports: `DAY`, `HOUR`
[INFO] [stderr]    --> contracts/angel-staking/src/contract.rs:591:30
[INFO] [stderr]     |
[INFO] [stderr] 591 |     use cw_utils::{Duration, DAY, HOUR, WEEK};
[INFO] [stderr]     |                              ^^^  ^^^^
[INFO] [stderr] 
[INFO] [stderr] warning: unused import: `ExecuteMsg`
[INFO] [stderr]  --> contracts/angel-staking/src/integration_tests.rs:3:22
[INFO] [stderr]   |
[INFO] [stderr] 3 |     use crate::msg::{ExecuteMsg};
[INFO] [stderr]   |                      ^^^^^^^^^^
[INFO] [stderr] 
[INFO] [stderr] warning: unused imports: `coin`, `coins`, `to_binary`
[INFO] [stderr]  --> contracts/angel-staking/src/integration_tests.rs:4:24
[INFO] [stderr]   |
[INFO] [stderr] 4 |     use cosmwasm_std::{coin, coins, to_binary, Addr, Coin, Empty, Uint128};
[INFO] [stderr]   |                        ^^^^  ^^^^^  ^^^^^^^^^
[INFO] [stderr] 
[INFO] [stderr] warning: unused import: `Executor`
[INFO] [stderr]  --> contracts/angel-staking/src/integration_tests.rs:5:69
[INFO] [stderr]   |
[INFO] [stderr] 5 |     use cw_multi_test::{App, AppBuilder, Contract, ContractWrapper, Executor};
[INFO] [stderr]   |                                                                     ^^^^^^^^
[INFO] [stderr] 
[INFO] [stderr] warning: constant `DELEGATOR1` is never used
[INFO] [stderr]    --> contracts/angel-staking/src/contract.rs:597:11
[INFO] [stderr]     |
[INFO] [stderr] 597 |     const DELEGATOR1: &str = "contract";
[INFO] [stderr]     |           ^^^^^^^^^^
[INFO] [stderr]     |
[INFO] [stderr]     = note: `#[warn(dead_code)]` on by default
[INFO] [stderr] 
[INFO] [stderr] warning: function `sample_delegation` is never used
[INFO] [stderr]    --> contracts/angel-staking/src/contract.rs:616:8
[INFO] [stderr]     |
[INFO] [stderr] 616 |     fn sample_delegation(val_addr: &str, amount: Coin) -> FullDelegation {
[INFO] [stderr]     |        ^^^^^^^^^^^^^^^^^
[INFO] [stderr] 
[INFO] [stderr] warning: function `set_validator` is never used
[INFO] [stderr]    --> contracts/angel-staking/src/contract.rs:628:8
[INFO] [stderr]     |
[INFO] [stderr] 628 |     fn set_validator(querier: &mut MockQuerier) {
[INFO] [stderr]     |        ^^^^^^^^^^^^^
[INFO] [stderr] 
[INFO] [stderr] warning: function `set_validators` is never used
[INFO] [stderr]    --> contracts/angel-staking/src/contract.rs:632:8
[INFO] [stderr]     |
[INFO] [stderr] 632 |     fn set_validators(querier: &mut MockQuerier) {
[INFO] [stderr]     |        ^^^^^^^^^^^^^^
[INFO] [stderr] 
[INFO] [stderr] warning: function `set_delegation` is never used
[INFO] [stderr]    --> contracts/angel-staking/src/contract.rs:636:8
[INFO] [stderr]     |
[INFO] [stderr] 636 |     fn set_delegation(querier: &mut MockQuerier, amount: u128, denom: &str) {
[INFO] [stderr]     |        ^^^^^^^^^^^^^^
[INFO] [stderr] 
[INFO] [stderr] warning: function `later` is never used
[INFO] [stderr]    --> contracts/angel-staking/src/contract.rs:645:8
[INFO] [stderr]     |
[INFO] [stderr] 645 |     fn later(env: &Env, delta: Duration) -> Env {
[INFO] [stderr]     |        ^^^^^
[INFO] [stderr] 
[INFO] [stderr] warning: function `get_claims` is never used
[INFO] [stderr]    --> contracts/angel-staking/src/contract.rs:655:8
[INFO] [stderr]     |
[INFO] [stderr] 655 |     fn get_claims(deps: Deps, addr: &str) -> Vec<Claim> {
[INFO] [stderr]     |        ^^^^^^^^^^
[INFO] [stderr] 
[INFO] [stderr] warning: constant `USER1` is never used
[INFO] [stderr]  --> contracts/angel-staking/src/integration_tests.rs:7:11
[INFO] [stderr]   |
[INFO] [stderr] 7 |     const USER1: &str = "juno10c3slrqx3369mfsr9670au22zvq082jaej8ve4";
[INFO] [stderr]   |           ^^^^^
[INFO] [stderr] 
[INFO] [stderr] warning: constant `USER2` is never used
[INFO] [stderr]  --> contracts/angel-staking/src/integration_tests.rs:8:11
[INFO] [stderr]   |
[INFO] [stderr] 8 |     const USER2: &str = "juno10c3slrqx3369mfsr9670au22zvq082jaejxx23";
[INFO] [stderr]   |           ^^^^^
[INFO] [stderr] 
[INFO] [stderr] warning: constant `ADMIN` is never used
[INFO] [stderr]  --> contracts/angel-staking/src/integration_tests.rs:9:11
[INFO] [stderr]   |
[INFO] [stderr] 9 |     const ADMIN: &str = "ADMIN";
[INFO] [stderr]   |           ^^^^^
[INFO] [stderr] 
[INFO] [stderr] warning: constant `NATIVE_DENOM` is never used
[INFO] [stderr]   --> contracts/angel-staking/src/integration_tests.rs:10:11
[INFO] [stderr]    |
[INFO] [stderr] 10 |     const NATIVE_DENOM: &str = "ujunox";
[INFO] [stderr]    |           ^^^^^^^^^^^^
[INFO] [stderr] 
[INFO] [stderr] warning: constant `TOKEN_ID` is never used
[INFO] [stderr]   --> contracts/angel-staking/src/integration_tests.rs:11:11
[INFO] [stderr]    |
[INFO] [stderr] 11 |     const TOKEN_ID: &str = "0";
[INFO] [stderr]    |           ^^^^^^^^
[INFO] [stderr] 
[INFO] [stderr] warning: constant `MINTER` is never used
[INFO] [stderr]   --> contracts/angel-staking/src/integration_tests.rs:12:11
[INFO] [stderr]    |
[INFO] [stderr] 12 |     const MINTER: &str = "juno10c3slrqx3369mfsr9670au22zvq082jaejxx85";
[INFO] [stderr]    |           ^^^^^^
[INFO] [stderr] 
[INFO] [stderr] warning: function `contract_nft` is never used
[INFO] [stderr]   --> contracts/angel-staking/src/integration_tests.rs:14:12
[INFO] [stderr]    |
[INFO] [stderr] 14 |     pub fn contract_nft() -> Box<dyn Contract<Empty>> {
[INFO] [stderr]    |            ^^^^^^^^^^^^
[INFO] [stderr] 
[INFO] [stderr] warning: function `mock_app` is never used
[INFO] [stderr]   --> contracts/angel-staking/src/integration_tests.rs:23:8
[INFO] [stderr]    |
[INFO] [stderr] 23 |     fn mock_app() -> App {
[INFO] [stderr]    |        ^^^^^^^^
[INFO] [stderr] 
[INFO] [stderr] warning: function `store_code` is never used
[INFO] [stderr]   --> contracts/angel-staking/src/integration_tests.rs:50:8
[INFO] [stderr]    |
[INFO] [stderr] 50 |     fn store_code() -> (App, u64) {
[INFO] [stderr]    |        ^^^^^^^^^^
[INFO] [stderr] 
[INFO] [stderr] warning: `angel-staking` (lib) generated 8 warnings (run `cargo fix --lib -p angel-staking` to apply 8 suggestions)
[INFO] [stderr] warning: `angel-staking` (lib test) generated 29 warnings (8 duplicates) (run `cargo fix --lib -p angel-staking --tests` to apply 5 suggestions)
[INFO] [stderr]     Finished test [unoptimized + debuginfo] target(s) in 0.05s
[INFO] [stderr]      Running unittests src/lib.rs (/opt/rustwide/target/debug/deps/angel_staking-6876a14b57e97377)
[INFO] [stdout] 
[INFO] [stdout] running 3 tests
[INFO] [stdout] test contract::tests::add_missing_validator ... ok
[INFO] [stdout] test contract::tests::add_validators ... ok
[INFO] [stdout] test contract::tests::add_validators_stake ... FAILED
[INFO] [stdout] 
[INFO] [stdout] failures:
[INFO] [stdout] 
[INFO] [stdout] ---- contract::tests::add_validators_stake stdout ----
[INFO] [stdout] thread 'contract::tests::add_validators_stake' panicked at contracts/angel-staking/src/contract.rs:795:73:
[INFO] [stdout] called `Result::unwrap()` on an `Err` value: Std(GenericErr { msg: "pk not found" })
[INFO] [stdout] stack backtrace:
[INFO] [stdout]    0:     0x55e015331b86 - std::backtrace_rs::backtrace::libunwind::trace::h261606ad26a499c1
[INFO] [stdout]                                at /rustc/0e09125c6c3c2fd70d7de961bcf0e51575235fad/library/std/src/../../backtrace/src/backtrace/libunwind.rs:104:5
[INFO] [stdout]    1:     0x55e015331b86 - std::backtrace_rs::backtrace::trace_unsynchronized::hd183f0625477fb28
[INFO] [stdout]                                at /rustc/0e09125c6c3c2fd70d7de961bcf0e51575235fad/library/std/src/../../backtrace/src/backtrace/mod.rs:66:5
[INFO] [stdout]    2:     0x55e015331b86 - std::sys_common::backtrace::_print_fmt::hd7f8fef21b4eda67
[INFO] [stdout]                                at /rustc/0e09125c6c3c2fd70d7de961bcf0e51575235fad/library/std/src/sys_common/backtrace.rs:68:5
[INFO] [stdout]    3:     0x55e015331b86 - <std::sys_common::backtrace::_print::DisplayBacktrace as core::fmt::Display>::fmt::h623d9b51f2f453f1
[INFO] [stdout]                                at /rustc/0e09125c6c3c2fd70d7de961bcf0e51575235fad/library/std/src/sys_common/backtrace.rs:44:22
[INFO] [stdout]    4:     0x55e01535b1a0 - core::fmt::rt::Argument::fmt::h9f417ac76a86f368
[INFO] [stdout]                                at /rustc/0e09125c6c3c2fd70d7de961bcf0e51575235fad/library/core/src/fmt/rt.rs:142:9
[INFO] [stdout]    5:     0x55e01535b1a0 - core::fmt::write::hc9b6faf4ac2aeff7
[INFO] [stdout]                                at /rustc/0e09125c6c3c2fd70d7de961bcf0e51575235fad/library/core/src/fmt/mod.rs:1120:17
[INFO] [stdout]    6:     0x55e01532f5ef - std::io::Write::write_fmt::he04625a3a989fec3
[INFO] [stdout]                                at /rustc/0e09125c6c3c2fd70d7de961bcf0e51575235fad/library/std/src/io/mod.rs:1810:15
[INFO] [stdout]    7:     0x55e015331964 - std::sys_common::backtrace::_print::hd5d66399c7df88a2
[INFO] [stdout]                                at /rustc/0e09125c6c3c2fd70d7de961bcf0e51575235fad/library/std/src/sys_common/backtrace.rs:47:5
[INFO] [stdout]    8:     0x55e015331964 - std::sys_common::backtrace::print::he81ed2da642d37e5
[INFO] [stdout]                                at /rustc/0e09125c6c3c2fd70d7de961bcf0e51575235fad/library/std/src/sys_common/backtrace.rs:34:9
[INFO] [stdout]    9:     0x55e0153336d7 - std::panicking::default_hook::{{closure}}::h85773f4fa117163d
[INFO] [stdout]   10:     0x55e0153333bd - std::panicking::default_hook::h6a1694a91d09b278
[INFO] [stdout]                                at /rustc/0e09125c6c3c2fd70d7de961bcf0e51575235fad/library/std/src/panicking.rs:289:9
[INFO] [stdout]   11:     0x55e0151ff937 - <alloc::boxed::Box<F,A> as core::ops::function::Fn<Args>>::call::h616ac37fa3cd6c8f
[INFO] [stdout]                                at /rustc/0e09125c6c3c2fd70d7de961bcf0e51575235fad/library/alloc/src/boxed.rs:2029:9
[INFO] [stdout]   12:     0x55e0151ff937 - test::test_main::{{closure}}::h00d84697cefdcbb6
[INFO] [stdout]                                at /rustc/0e09125c6c3c2fd70d7de961bcf0e51575235fad/library/test/src/lib.rs:138:21
[INFO] [stdout]   13:     0x55e015333cf6 - <alloc::boxed::Box<F,A> as core::ops::function::Fn<Args>>::call::hcb3fe3b9bb537ba8
[INFO] [stdout]                                at /rustc/0e09125c6c3c2fd70d7de961bcf0e51575235fad/library/alloc/src/boxed.rs:2029:9
[INFO] [stdout]   14:     0x55e015333cf6 - std::panicking::rust_panic_with_hook::h0a7ad96e90f7145b
[INFO] [stdout]                                at /rustc/0e09125c6c3c2fd70d7de961bcf0e51575235fad/library/std/src/panicking.rs:783:13
[INFO] [stdout]   15:     0x55e015333a42 - std::panicking::begin_panic_handler::{{closure}}::h7919090525c6485e
[INFO] [stdout]                                at /rustc/0e09125c6c3c2fd70d7de961bcf0e51575235fad/library/std/src/panicking.rs:657:13
[INFO] [stdout]   16:     0x55e015332086 - std::sys_common::backtrace::__rust_end_short_backtrace::hf3289479464f7dfe
[INFO] [stdout]                                at /rustc/0e09125c6c3c2fd70d7de961bcf0e51575235fad/library/std/src/sys_common/backtrace.rs:171:18
[INFO] [stdout]   17:     0x55e0153337a0 - rust_begin_unwind
[INFO] [stdout]                                at /rustc/0e09125c6c3c2fd70d7de961bcf0e51575235fad/library/std/src/panicking.rs:645:5
[INFO] [stdout]   18:     0x55e015152cd5 - core::panicking::panic_fmt::hcc9f77c5c132af55
[INFO] [stdout]                                at /rustc/0e09125c6c3c2fd70d7de961bcf0e51575235fad/library/core/src/panicking.rs:72:14
[INFO] [stdout]   19:     0x55e015153273 - core::result::unwrap_failed::hbe14f498be1452f9
[INFO] [stdout]                                at /rustc/0e09125c6c3c2fd70d7de961bcf0e51575235fad/library/core/src/result.rs:1649:5
[INFO] [stdout]   20:     0x55e01516f4c1 - core::result::Result<T,E>::unwrap::he2ce8f0348e9ec0b
[INFO] [stdout]                                at /rustc/0e09125c6c3c2fd70d7de961bcf0e51575235fad/library/core/src/result.rs:1073:23
[INFO] [stdout]   21:     0x55e0151c55ef - angel_staking::contract::tests::add_validators_stake::hcf760a5ac217161d
[INFO] [stdout]                                at /opt/rustwide/workdir/contracts/angel-staking/src/contract.rs:795:19
[INFO] [stdout]   22:     0x55e0151c4827 - angel_staking::contract::tests::add_validators_stake::{{closure}}::h91d609af97990f9c
[INFO] [stdout]                                at /opt/rustwide/workdir/contracts/angel-staking/src/contract.rs:754:30
[INFO] [stdout]   23:     0x55e01517b9b6 - core::ops::function::FnOnce::call_once::hf2bd1f564ab8526c
[INFO] [stdout]                                at /rustc/0e09125c6c3c2fd70d7de961bcf0e51575235fad/library/core/src/ops/function.rs:250:5
[INFO] [stdout]   24:     0x55e01520520f - core::ops::function::FnOnce::call_once::hd64d26f405258157
[INFO] [stdout]                                at /rustc/0e09125c6c3c2fd70d7de961bcf0e51575235fad/library/core/src/ops/function.rs:250:5
[INFO] [stdout]   25:     0x55e01520520f - test::__rust_begin_short_backtrace::he21b0b7a6d731bf9
[INFO] [stdout]                                at /rustc/0e09125c6c3c2fd70d7de961bcf0e51575235fad/library/test/src/lib.rs:627:18
[INFO] [stdout]   26:     0x55e015203f91 - test::run_test_in_process::{{closure}}::hf5c73986d7bdfde2
[INFO] [stdout]                                at /rustc/0e09125c6c3c2fd70d7de961bcf0e51575235fad/library/test/src/lib.rs:650:60
[INFO] [stdout]   27:     0x55e015203f91 - <core::panic::unwind_safe::AssertUnwindSafe<F> as core::ops::function::FnOnce<()>>::call_once::h330011ad032aadc0
[INFO] [stdout]                                at /rustc/0e09125c6c3c2fd70d7de961bcf0e51575235fad/library/core/src/panic/unwind_safe.rs:272:9
[INFO] [stdout]   28:     0x55e015203f91 - std::panicking::try::do_call::he61b0a958b795a41
[INFO] [stdout]                                at /rustc/0e09125c6c3c2fd70d7de961bcf0e51575235fad/library/std/src/panicking.rs:552:40
[INFO] [stdout]   29:     0x55e015203f91 - std::panicking::try::h7309da130f906eb7
[INFO] [stdout]                                at /rustc/0e09125c6c3c2fd70d7de961bcf0e51575235fad/library/std/src/panicking.rs:516:19
[INFO] [stdout]   30:     0x55e015203f91 - std::panic::catch_unwind::hc5c3a06fdaf0a92a
[INFO] [stdout]                                at /rustc/0e09125c6c3c2fd70d7de961bcf0e51575235fad/library/std/src/panic.rs:142:14
[INFO] [stdout]   31:     0x55e015203f91 - test::run_test_in_process::h7e7b7c71c3324e0f
[INFO] [stdout]                                at /rustc/0e09125c6c3c2fd70d7de961bcf0e51575235fad/library/test/src/lib.rs:650:27
[INFO] [stdout]   32:     0x55e015203f91 - test::run_test::{{closure}}::h1f509f28f5cf20b1
[INFO] [stdout]                                at /rustc/0e09125c6c3c2fd70d7de961bcf0e51575235fad/library/test/src/lib.rs:573:43
[INFO] [stdout]   33:     0x55e0151cb2c6 - test::run_test::{{closure}}::h1754218abf443f6d
[INFO] [stdout]                                at /rustc/0e09125c6c3c2fd70d7de961bcf0e51575235fad/library/test/src/lib.rs:601:41
[INFO] [stdout]   34:     0x55e0151cb2c6 - std::sys_common::backtrace::__rust_begin_short_backtrace::h2ee174b9d5954948
[INFO] [stdout]                                at /rustc/0e09125c6c3c2fd70d7de961bcf0e51575235fad/library/std/src/sys_common/backtrace.rs:155:18
[INFO] [stdout]   35:     0x55e0151d0327 - std::thread::Builder::spawn_unchecked_::{{closure}}::{{closure}}::hf60bee9c1a17ef09
[INFO] [stdout]                                at /rustc/0e09125c6c3c2fd70d7de961bcf0e51575235fad/library/std/src/thread/mod.rs:529:17
[INFO] [stdout]   36:     0x55e0151d0327 - <core::panic::unwind_safe::AssertUnwindSafe<F> as core::ops::function::FnOnce<()>>::call_once::h33d0dddec5216160
[INFO] [stdout]                                at /rustc/0e09125c6c3c2fd70d7de961bcf0e51575235fad/library/core/src/panic/unwind_safe.rs:272:9
[INFO] [stdout]   37:     0x55e0151d0327 - std::panicking::try::do_call::h144b3048b546f835
[INFO] [stdout]                                at /rustc/0e09125c6c3c2fd70d7de961bcf0e51575235fad/library/std/src/panicking.rs:552:40
[INFO] [stdout]   38:     0x55e0151d0327 - std::panicking::try::h978244d04646189f
[INFO] [stdout]                                at /rustc/0e09125c6c3c2fd70d7de961bcf0e51575235fad/library/std/src/panicking.rs:516:19
[INFO] [stdout]   39:     0x55e0151d0327 - std::panic::catch_unwind::hdf436369d188fe86
[INFO] [stdout]                                at /rustc/0e09125c6c3c2fd70d7de961bcf0e51575235fad/library/std/src/panic.rs:142:14
[INFO] [stdout]   40:     0x55e0151d0327 - std::thread::Builder::spawn_unchecked_::{{closure}}::h87329cbdd33c79ec
[INFO] [stdout]                                at /rustc/0e09125c6c3c2fd70d7de961bcf0e51575235fad/library/std/src/thread/mod.rs:528:30
[INFO] [stdout]   41:     0x55e0151d0327 - core::ops::function::FnOnce::call_once{{vtable.shim}}::h401abbe67897d450
[INFO] [stdout]                                at /rustc/0e09125c6c3c2fd70d7de961bcf0e51575235fad/library/core/src/ops/function.rs:250:5
[INFO] [stdout]   42:     0x55e0153387a5 - <alloc::boxed::Box<F,A> as core::ops::function::FnOnce<Args>>::call_once::h5d7c8f150ab9c84c
[INFO] [stdout]                                at /rustc/0e09125c6c3c2fd70d7de961bcf0e51575235fad/library/alloc/src/boxed.rs:2015:9
[INFO] [stdout]   43:     0x55e0153387a5 - <alloc::boxed::Box<F,A> as core::ops::function::FnOnce<Args>>::call_once::h570d5b005c242c15
[INFO] [stdout]                                at /rustc/0e09125c6c3c2fd70d7de961bcf0e51575235fad/library/alloc/src/boxed.rs:2015:9
[INFO] [stdout]   44:     0x55e0153387a5 - std::sys::unix::thread::Thread::new::thread_start::h36b0a20c0b2361ad
[INFO] [stdout]                                at /rustc/0e09125c6c3c2fd70d7de961bcf0e51575235fad/library/std/src/sys/unix/thread.rs:108:17
[INFO] [stdout]   45:     0x7f0f1bac3ac3 - <unknown>
[INFO] [stdout]   46:     0x7f0f1bb54bf4 - __clone
[INFO] [stdout]   47:                0x0 - <unknown>
[INFO] [stdout] 
[INFO] [stdout] 
[INFO] [stdout] failures:
[INFO] [stdout]     contract::tests::add_validators_stake
[INFO] [stdout] 
[INFO] [stdout] test result: FAILED. 2 passed; 1 failed; 0 ignored; 0 measured; 0 filtered out; finished in 0.02s
[INFO] [stdout] 
[INFO] [stderr] error: test failed, to rerun pass `--lib`
[INFO] running `Command { std: "docker" "inspect" "2d37dc168efd4ce8d28a71226e6d4570df07a0541ed08ea20d31303172cd3d29", kill_on_drop: false }`
[INFO] running `Command { std: "docker" "rm" "-f" "2d37dc168efd4ce8d28a71226e6d4570df07a0541ed08ea20d31303172cd3d29", kill_on_drop: false }`
[INFO] [stdout] 2d37dc168efd4ce8d28a71226e6d4570df07a0541ed08ea20d31303172cd3d29
