[INFO] cloning repository https://github.com/bitsnmilk/ocypode
[INFO] running `Command { std: "git" "-c" "credential.helper=" "-c" "credential.helper=/workspace/cargo-home/bin/git-credential-null" "clone" "--bare" "https://github.com/bitsnmilk/ocypode" "/workspace/cache/git-repos/https%3A%2F%2Fgithub.com%2Fbitsnmilk%2Focypode", kill_on_drop: false }`
[INFO] [stderr] Cloning into bare repository '/workspace/cache/git-repos/https%3A%2F%2Fgithub.com%2Fbitsnmilk%2Focypode'...
[INFO] running `Command { std: "git" "rev-parse" "HEAD", kill_on_drop: false }`
[INFO] [stdout] 1cf93e1dc1681fac148652a79957f9ce185cf697
[INFO] testing bitsnmilk/ocypode against 1.75.0 for beta-1.76-1
[INFO] running `Command { std: "git" "clone" "/workspace/cache/git-repos/https%3A%2F%2Fgithub.com%2Fbitsnmilk%2Focypode" "/workspace/builds/worker-6-tc1/source", kill_on_drop: false }`
[INFO] [stderr] Cloning into '/workspace/builds/worker-6-tc1/source'...
[INFO] [stderr] done.
[INFO] validating manifest of git repo https://github.com/bitsnmilk/ocypode on toolchain 1.75.0
[INFO] running `Command { std: CARGO_HOME="/workspace/cargo-home" RUSTUP_HOME="/workspace/rustup-home" "/workspace/cargo-home/bin/cargo" "+1.75.0" "metadata" "--manifest-path" "Cargo.toml" "--no-deps", kill_on_drop: false }`
[INFO] started tweaking git repo https://github.com/bitsnmilk/ocypode
[INFO] finished tweaking git repo https://github.com/bitsnmilk/ocypode
[INFO] tweaked toml for git repo https://github.com/bitsnmilk/ocypode written to /workspace/builds/worker-6-tc1/source/Cargo.toml
[INFO] crate git repo https://github.com/bitsnmilk/ocypode already has a lockfile, it will not be regenerated
[INFO] running `Command { std: CARGO_HOME="/workspace/cargo-home" RUSTUP_HOME="/workspace/rustup-home" "/workspace/cargo-home/bin/cargo" "+1.75.0" "fetch" "--manifest-path" "Cargo.toml", kill_on_drop: false }`
[INFO] [stderr]  Downloading crates ...
[INFO] [stderr]   Downloaded tokio-threadpool v0.1.13
[INFO] [stderr]   Downloaded tokio-sync v0.1.4
[INFO] [stderr]   Downloaded tokio v0.1.18
[INFO] [stderr]   Downloaded h2 v0.1.18
[INFO] [stderr]   Downloaded hyper v0.12.27
[INFO] running `Command { std: "docker" "create" "-v" "/var/lib/crater-agent-workspace/builds/worker-6-tc1/target:/opt/rustwide/target:rw,Z" "-v" "/var/lib/crater-agent-workspace/builds/worker-6-tc1/source:/opt/rustwide/workdir:ro,Z" "-v" "/var/lib/crater-agent-workspace/cargo-home:/opt/rustwide/cargo-home:ro,Z" "-v" "/var/lib/crater-agent-workspace/rustup-home:/opt/rustwide/rustup-home:ro,Z" "-e" "SOURCE_DIR=/opt/rustwide/workdir" "-e" "CARGO_TARGET_DIR=/opt/rustwide/target" "-e" "CARGO_HOME=/opt/rustwide/cargo-home" "-e" "RUSTUP_HOME=/opt/rustwide/rustup-home" "-w" "/opt/rustwide/workdir" "-m" "1610612736" "--user" "0:0" "--network" "none" "ghcr.io/rust-lang/crates-build-env/linux@sha256:2788e3201cd34a07e3172128adcd8b3090168a8e3bcc40d7c032b9dda1df7d1c" "/opt/rustwide/cargo-home/bin/cargo" "+1.75.0" "metadata" "--no-deps" "--format-version=1", kill_on_drop: false }`
[INFO] [stdout] ba6427ed80647f24fcaa5c6495a66a45aa010df7e04d5e1390c18a01547d1b11
[INFO] running `Command { std: "docker" "start" "-a" "ba6427ed80647f24fcaa5c6495a66a45aa010df7e04d5e1390c18a01547d1b11", kill_on_drop: false }`
[INFO] running `Command { std: "docker" "inspect" "ba6427ed80647f24fcaa5c6495a66a45aa010df7e04d5e1390c18a01547d1b11", kill_on_drop: false }`
[INFO] running `Command { std: "docker" "rm" "-f" "ba6427ed80647f24fcaa5c6495a66a45aa010df7e04d5e1390c18a01547d1b11", kill_on_drop: false }`
[INFO] [stdout] ba6427ed80647f24fcaa5c6495a66a45aa010df7e04d5e1390c18a01547d1b11
[INFO] running `Command { std: "docker" "create" "-v" "/var/lib/crater-agent-workspace/builds/worker-6-tc1/target:/opt/rustwide/target:rw,Z" "-v" "/var/lib/crater-agent-workspace/builds/worker-6-tc1/source:/opt/rustwide/workdir:ro,Z" "-v" "/var/lib/crater-agent-workspace/cargo-home:/opt/rustwide/cargo-home:ro,Z" "-v" "/var/lib/crater-agent-workspace/rustup-home:/opt/rustwide/rustup-home:ro,Z" "-e" "SOURCE_DIR=/opt/rustwide/workdir" "-e" "CARGO_TARGET_DIR=/opt/rustwide/target" "-e" "CARGO_INCREMENTAL=0" "-e" "RUST_BACKTRACE=full" "-e" "RUSTFLAGS=--cap-lints=warn" "-e" "RUSTDOCFLAGS=--cap-lints=warn" "-e" "CARGO_HOME=/opt/rustwide/cargo-home" "-e" "RUSTUP_HOME=/opt/rustwide/rustup-home" "-w" "/opt/rustwide/workdir" "-m" "1610612736" "--user" "0:0" "--network" "none" "ghcr.io/rust-lang/crates-build-env/linux@sha256:2788e3201cd34a07e3172128adcd8b3090168a8e3bcc40d7c032b9dda1df7d1c" "/opt/rustwide/cargo-home/bin/cargo" "+1.75.0" "build" "--frozen" "--message-format=json", kill_on_drop: false }`
[INFO] [stdout] a03cbf819f8e50ada546c1a743222b048dfed05ca796d7186ed4962e5ed4b78e
[INFO] running `Command { std: "docker" "start" "-a" "a03cbf819f8e50ada546c1a743222b048dfed05ca796d7186ed4962e5ed4b78e", kill_on_drop: false }`
[INFO] [stderr]    Compiling libc v0.2.51
[INFO] [stderr]    Compiling cfg-if v0.1.7
[INFO] [stderr]    Compiling autocfg v0.1.2
[INFO] [stderr]    Compiling rand_core v0.4.0
[INFO] [stderr]    Compiling lazy_static v1.3.0
[INFO] [stderr]    Compiling futures v0.1.26
[INFO] [stderr]    Compiling byteorder v1.3.1
[INFO] [stderr]    Compiling scopeguard v0.3.3
[INFO] [stderr]    Compiling slab v0.4.2
[INFO] [stderr]    Compiling arrayvec v0.4.10
[INFO] [stderr]    Compiling stable_deref_trait v1.1.1
[INFO] [stderr]    Compiling fnv v1.0.6
[INFO] [stderr]    Compiling nodrop v0.1.13
[INFO] [stderr]    Compiling smallvec v0.6.9
[INFO] [stderr]    Compiling memoffset v0.2.1
[INFO] [stderr]    Compiling parking_lot_core v0.4.0
[INFO] [stderr]    Compiling lazycell v1.2.1
[INFO] [stderr]    Compiling rand_core v0.3.1
[INFO] [stderr]    Compiling crossbeam-utils v0.6.5
[INFO] [stderr]    Compiling log v0.4.6
[INFO] [stderr]    Compiling rand_jitter v0.1.3
[INFO] [stderr]    Compiling owning_ref v0.4.0
[INFO] [stderr]    Compiling rand_isaac v0.1.1
[INFO] [stderr]    Compiling rand_hc v0.1.0
[INFO] [stderr]    Compiling rand_xorshift v0.1.1
[INFO] [stderr]    Compiling itoa v0.4.3
[INFO] [stderr]    Compiling httparse v1.3.3
[INFO] [stderr]    Compiling lock_api v0.1.5
[INFO] [stderr]    Compiling tokio-trace-core v0.1.0
[INFO] [stderr]    Compiling indexmap v1.0.2
[INFO] [stderr]    Compiling try-lock v0.2.2
[INFO] [stderr]    Compiling rand_chacha v0.1.1
[INFO] [stderr]    Compiling rand_pcg v0.1.2
[INFO] [stderr]    Compiling rand v0.6.5
[INFO] [stderr]    Compiling string v0.1.3
[INFO] [stderr]    Compiling crossbeam-queue v0.1.2
[INFO] [stderr]    Compiling crossbeam-epoch v0.7.1
[INFO] [stderr]    Compiling crossbeam-deque v0.7.1
[INFO] [stderr]    Compiling iovec v0.1.2
[INFO] [stderr]    Compiling rand_os v0.1.3
[INFO] [stderr]    Compiling num_cpus v1.10.0
[INFO] [stderr]    Compiling net2 v0.2.33
[INFO] [stderr]    Compiling time v0.1.42
[INFO] [stderr]    Compiling bytes v0.4.12
[INFO] [stderr]    Compiling mio v0.6.16
[INFO] [stderr]    Compiling http v0.1.17
[INFO] [stderr]    Compiling tokio-executor v0.1.7
[INFO] [stderr]    Compiling tokio-io v0.1.12
[INFO] [stderr]    Compiling tokio-sync v0.1.4
[INFO] [stderr]    Compiling futures-cpupool v0.1.8
[INFO] [stderr]    Compiling want v0.0.6
[INFO] [stderr]    Compiling tokio-current-thread v0.1.6
[INFO] [stderr]    Compiling tokio-timer v0.2.10
[INFO] [stderr]    Compiling tokio-threadpool v0.1.13
[INFO] [stderr]    Compiling parking_lot v0.7.1
[INFO] [stderr]    Compiling tokio-reactor v0.1.9
[INFO] [stderr]    Compiling tokio v0.1.18
[INFO] [stderr]    Compiling tokio-tcp v0.1.3
[INFO] [stderr]    Compiling h2 v0.1.18
[INFO] [stderr]    Compiling hyper v0.12.27
[INFO] [stderr]    Compiling ocypode v0.1.0 (/opt/rustwide/workdir)
[INFO] [stdout] warning: unused variable: `mime`
[INFO] [stdout]   --> src/lib.rs:32:20
[INFO] [stdout]    |
[INFO] [stdout] 32 |         let (path, mime) = match parts.uri.path().find(".") {
[INFO] [stdout]    |                    ^^^^ help: if this is intentional, prefix it with an underscore: `_mime`
[INFO] [stdout]    |
[INFO] [stdout]    = note: `#[warn(unused_variables)]` on by default
[INFO] [stdout] 
[INFO] [stdout] 
[INFO] [stdout] warning: variable does not need to be mutable
[INFO] [stdout]   --> src/lib.rs:30:13
[INFO] [stdout]    |
[INFO] [stdout] 30 |         let mut response = Response::new(Body::empty());
[INFO] [stdout]    |             ----^^^^^^^^
[INFO] [stdout]    |             |
[INFO] [stdout]    |             help: remove this `mut`
[INFO] [stdout]    |
[INFO] [stdout]    = note: `#[warn(unused_mut)]` on by default
[INFO] [stdout] 
[INFO] [stdout] 
[INFO] [stdout] warning: field `app` is never read
[INFO] [stdout]   --> src/lib.rs:20:5
[INFO] [stdout]    |
[INFO] [stdout] 19 | pub struct Ocypode {
[INFO] [stdout]    |            ------- field in this struct
[INFO] [stdout] 20 |     app: App,
[INFO] [stdout]    |     ^^^
[INFO] [stdout]    |
[INFO] [stdout]    = note: `Ocypode` has a derived impl for the trait `Clone`, but this is intentionally ignored during dead code analysis
[INFO] [stdout]    = note: `#[warn(dead_code)]` on by default
[INFO] [stdout] 
[INFO] [stdout] 
[INFO] [stdout] warning: fields `config` and `site` are never read
[INFO] [stdout]  --> src/app.rs:5:5
[INFO] [stdout]   |
[INFO] [stdout] 4 | pub struct App {
[INFO] [stdout]   |            --- fields in this struct
[INFO] [stdout] 5 |     config: Config,
[INFO] [stdout]   |     ^^^^^^
[INFO] [stdout] 6 |     site: Site,
[INFO] [stdout]   |     ^^^^
[INFO] [stdout]   |
[INFO] [stdout]   = note: `App` has a derived impl for the trait `Clone`, but this is intentionally ignored during dead code analysis
[INFO] [stdout] 
[INFO] [stdout] 
[INFO] [stdout] warning: fields `title`, `root`, `date_formatter`, `summary`, `ext`, and `cache` are never read
[INFO] [stdout]   --> src/config.rs:16:5
[INFO] [stdout]    |
[INFO] [stdout] 14 | pub struct Config {
[INFO] [stdout]    |            ------ fields in this struct
[INFO] [stdout] 15 |     author: String,
[INFO] [stdout] 16 |     title: String,
[INFO] [stdout]    |     ^^^^^
[INFO] [stdout] 17 |     root: String,
[INFO] [stdout]    |     ^^^^
[INFO] [stdout] 18 |     date_formatter: fn(String) -> String,
[INFO] [stdout]    |     ^^^^^^^^^^^^^^
[INFO] [stdout] 19 |     summary: SummaryConfig,
[INFO] [stdout]    |     ^^^^^^^
[INFO] [stdout] 20 |     ext: String,
[INFO] [stdout]    |     ^^^
[INFO] [stdout] 21 |     cache: u32,
[INFO] [stdout]    |     ^^^^^
[INFO] [stdout]    |
[INFO] [stdout]    = note: `Config` has a derived impl for the trait `Clone`, but this is intentionally ignored during dead code analysis
[INFO] [stdout] 
[INFO] [stdout] 
[INFO] [stdout] warning: field `config` is never read
[INFO] [stdout]  --> src/site.rs:5:5
[INFO] [stdout]   |
[INFO] [stdout] 4 | pub struct Site {
[INFO] [stdout]   |            ---- field in this struct
[INFO] [stdout] 5 |     config: Config,
[INFO] [stdout]   |     ^^^^^^
[INFO] [stdout]   |
[INFO] [stdout]   = note: `Site` has a derived impl for the trait `Clone`, but this is intentionally ignored during dead code analysis
[INFO] [stdout] 
[INFO] [stdout] 
[INFO] [stdout] warning: method `build_response` is never used
[INFO] [stdout]   --> src/site.rs:13:8
[INFO] [stdout]    |
[INFO] [stdout] 8  | impl Site {
[INFO] [stdout]    | --------- method in this implementation
[INFO] [stdout] ...
[INFO] [stdout] 13 |     fn build_response(&self) -> Result<String, ()> {
[INFO] [stdout]    |        ^^^^^^^^^^^^^^
[INFO] [stdout] 
[INFO] [stdout] 
[INFO] [stdout] warning: 7 warnings emitted
[INFO] [stdout] 
[INFO] [stdout] 
[INFO] [stderr]     Finished dev [unoptimized + debuginfo] target(s) in 8.33s
[INFO] running `Command { std: "docker" "inspect" "a03cbf819f8e50ada546c1a743222b048dfed05ca796d7186ed4962e5ed4b78e", kill_on_drop: false }`
[INFO] running `Command { std: "docker" "rm" "-f" "a03cbf819f8e50ada546c1a743222b048dfed05ca796d7186ed4962e5ed4b78e", kill_on_drop: false }`
[INFO] [stdout] a03cbf819f8e50ada546c1a743222b048dfed05ca796d7186ed4962e5ed4b78e
[INFO] running `Command { std: "docker" "create" "-v" "/var/lib/crater-agent-workspace/builds/worker-6-tc1/target:/opt/rustwide/target:rw,Z" "-v" "/var/lib/crater-agent-workspace/builds/worker-6-tc1/source:/opt/rustwide/workdir:ro,Z" "-v" "/var/lib/crater-agent-workspace/cargo-home:/opt/rustwide/cargo-home:ro,Z" "-v" "/var/lib/crater-agent-workspace/rustup-home:/opt/rustwide/rustup-home:ro,Z" "-e" "SOURCE_DIR=/opt/rustwide/workdir" "-e" "CARGO_TARGET_DIR=/opt/rustwide/target" "-e" "CARGO_INCREMENTAL=0" "-e" "RUST_BACKTRACE=full" "-e" "RUSTFLAGS=--cap-lints=warn" "-e" "RUSTDOCFLAGS=--cap-lints=warn" "-e" "CARGO_HOME=/opt/rustwide/cargo-home" "-e" "RUSTUP_HOME=/opt/rustwide/rustup-home" "-w" "/opt/rustwide/workdir" "-m" "1610612736" "--user" "0:0" "--network" "none" "ghcr.io/rust-lang/crates-build-env/linux@sha256:2788e3201cd34a07e3172128adcd8b3090168a8e3bcc40d7c032b9dda1df7d1c" "/opt/rustwide/cargo-home/bin/cargo" "+1.75.0" "test" "--frozen" "--no-run" "--message-format=json", kill_on_drop: false }`
[INFO] [stdout] 212b4cb31f3e216c3d892f1180904d4034cd5aafbeecdaea53aa20813c159c8a
[INFO] running `Command { std: "docker" "start" "-a" "212b4cb31f3e216c3d892f1180904d4034cd5aafbeecdaea53aa20813c159c8a", kill_on_drop: false }`
[INFO] [stdout] warning: unused variable: `mime`
[INFO] [stdout]   --> src/lib.rs:32:20
[INFO] [stdout]    |
[INFO] [stdout] 32 |         let (path, mime) = match parts.uri.path().find(".") {
[INFO] [stdout]    |                    ^^^^ help: if this is intentional, prefix it with an underscore: `_mime`
[INFO] [stdout]    |
[INFO] [stdout]    = note: `#[warn(unused_variables)]` on by default
[INFO] [stdout] 
[INFO] [stdout] 
[INFO] [stdout] warning: variable does not need to be mutable
[INFO] [stdout]   --> src/lib.rs:30:13
[INFO] [stdout]    |
[INFO] [stdout] 30 |         let mut response = Response::new(Body::empty());
[INFO] [stdout]    |             ----^^^^^^^^
[INFO] [stdout]    |             |
[INFO] [stdout]    |             help: remove this `mut`
[INFO] [stdout]    |
[INFO] [stdout]    = note: `#[warn(unused_mut)]` on by default
[INFO] [stdout] 
[INFO] [stdout] 
[INFO] [stdout] warning: field `app` is never read
[INFO] [stdout]   --> src/lib.rs:20:5
[INFO] [stdout]    |
[INFO] [stdout] 19 | pub struct Ocypode {
[INFO] [stdout]    |            ------- field in this struct
[INFO] [stdout] 20 |     app: App,
[INFO] [stdout]    |     ^^^
[INFO] [stdout]    |
[INFO] [stdout]    = note: `Ocypode` has a derived impl for the trait `Clone`, but this is intentionally ignored during dead code analysis
[INFO] [stdout]    = note: `#[warn(dead_code)]` on by default
[INFO] [stdout] 
[INFO] [stdout] 
[INFO] [stdout] warning: fields `config` and `site` are never read
[INFO] [stdout]  --> src/app.rs:5:5
[INFO] [stdout]   |
[INFO] [stdout] 4 | pub struct App {
[INFO] [stdout]   |            --- fields in this struct
[INFO] [stdout] 5 |     config: Config,
[INFO] [stdout]   |     ^^^^^^
[INFO] [stdout] 6 |     site: Site,
[INFO] [stdout]   |     ^^^^
[INFO] [stdout]   |
[INFO] [stdout]   = note: `App` has a derived impl for the trait `Clone`, but this is intentionally ignored during dead code analysis
[INFO] [stdout] 
[INFO] [stdout] 
[INFO] [stdout] warning: fields `title`, `root`, `date_formatter`, `summary`, `ext`, and `cache` are never read
[INFO] [stdout]   --> src/config.rs:16:5
[INFO] [stdout]    |
[INFO] [stdout] 14 | pub struct Config {
[INFO] [stdout]    |            ------ fields in this struct
[INFO] [stdout] 15 |     author: String,
[INFO] [stdout] 16 |     title: String,
[INFO] [stdout]    |     ^^^^^
[INFO] [stdout] 17 |     root: String,
[INFO] [stdout]    |     ^^^^
[INFO] [stdout] 18 |     date_formatter: fn(String) -> String,
[INFO] [stdout]    |     ^^^^^^^^^^^^^^
[INFO] [stdout] 19 |     summary: SummaryConfig,
[INFO] [stdout]    |     ^^^^^^^
[INFO] [stdout] 20 |     ext: String,
[INFO] [stdout]    |     ^^^
[INFO] [stdout] 21 |     cache: u32,
[INFO] [stdout]    |     ^^^^^
[INFO] [stdout]    |
[INFO] [stdout]    = note: `Config` has a derived impl for the trait `Clone`, but this is intentionally ignored during dead code analysis
[INFO] [stdout] 
[INFO] [stdout] 
[INFO] [stdout] warning: field `config` is never read
[INFO] [stdout]  --> src/site.rs:5:5
[INFO] [stdout]   |
[INFO] [stdout] 4 | pub struct Site {
[INFO] [stdout]   |            ---- field in this struct
[INFO] [stdout] 5 |     config: Config,
[INFO] [stdout]   |     ^^^^^^
[INFO] [stdout]   |
[INFO] [stdout]   = note: `Site` has a derived impl for the trait `Clone`, but this is intentionally ignored during dead code analysis
[INFO] [stdout] 
[INFO] [stdout] 
[INFO] [stdout] warning: method `build_response` is never used
[INFO] [stdout]   --> src/site.rs:13:8
[INFO] [stdout]    |
[INFO] [stdout] 8  | impl Site {
[INFO] [stdout]    | --------- method in this implementation
[INFO] [stdout] ...
[INFO] [stdout] 13 |     fn build_response(&self) -> Result<String, ()> {
[INFO] [stdout]    |        ^^^^^^^^^^^^^^
[INFO] [stdout] 
[INFO] [stdout] 
[INFO] [stdout] warning: 7 warnings emitted
[INFO] [stdout] 
[INFO] [stdout] 
[INFO] [stderr]    Compiling ocypode v0.1.0 (/opt/rustwide/workdir)
[INFO] [stdout] warning: unused variable: `mime`
[INFO] [stdout]   --> src/lib.rs:32:20
[INFO] [stdout]    |
[INFO] [stdout] 32 |         let (path, mime) = match parts.uri.path().find(".") {
[INFO] [stdout]    |                    ^^^^ help: if this is intentional, prefix it with an underscore: `_mime`
[INFO] [stdout]    |
[INFO] [stdout]    = note: `#[warn(unused_variables)]` on by default
[INFO] [stdout] 
[INFO] [stdout] 
[INFO] [stdout] warning: variable does not need to be mutable
[INFO] [stdout]   --> src/lib.rs:30:13
[INFO] [stdout]    |
[INFO] [stdout] 30 |         let mut response = Response::new(Body::empty());
[INFO] [stdout]    |             ----^^^^^^^^
[INFO] [stdout]    |             |
[INFO] [stdout]    |             help: remove this `mut`
[INFO] [stdout]    |
[INFO] [stdout]    = note: `#[warn(unused_mut)]` on by default
[INFO] [stdout] 
[INFO] [stdout] 
[INFO] [stdout] warning: field `app` is never read
[INFO] [stdout]   --> src/lib.rs:20:5
[INFO] [stdout]    |
[INFO] [stdout] 19 | pub struct Ocypode {
[INFO] [stdout]    |            ------- field in this struct
[INFO] [stdout] 20 |     app: App,
[INFO] [stdout]    |     ^^^
[INFO] [stdout]    |
[INFO] [stdout]    = note: `Ocypode` has a derived impl for the trait `Clone`, but this is intentionally ignored during dead code analysis
[INFO] [stdout]    = note: `#[warn(dead_code)]` on by default
[INFO] [stdout] 
[INFO] [stdout] 
[INFO] [stdout] warning: fields `config` and `site` are never read
[INFO] [stdout]  --> src/app.rs:5:5
[INFO] [stdout]   |
[INFO] [stdout] 4 | pub struct App {
[INFO] [stdout]   |            --- fields in this struct
[INFO] [stdout] 5 |     config: Config,
[INFO] [stdout]   |     ^^^^^^
[INFO] [stdout] 6 |     site: Site,
[INFO] [stdout]   |     ^^^^
[INFO] [stdout]   |
[INFO] [stdout]   = note: `App` has a derived impl for the trait `Clone`, but this is intentionally ignored during dead code analysis
[INFO] [stdout] 
[INFO] [stdout] 
[INFO] [stdout] warning: fields `title`, `root`, `date_formatter`, `summary`, `ext`, and `cache` are never read
[INFO] [stdout]   --> src/config.rs:16:5
[INFO] [stdout]    |
[INFO] [stdout] 14 | pub struct Config {
[INFO] [stdout]    |            ------ fields in this struct
[INFO] [stdout] 15 |     author: String,
[INFO] [stdout] 16 |     title: String,
[INFO] [stdout]    |     ^^^^^
[INFO] [stdout] 17 |     root: String,
[INFO] [stdout]    |     ^^^^
[INFO] [stdout] 18 |     date_formatter: fn(String) -> String,
[INFO] [stdout]    |     ^^^^^^^^^^^^^^
[INFO] [stdout] 19 |     summary: SummaryConfig,
[INFO] [stdout]    |     ^^^^^^^
[INFO] [stdout] 20 |     ext: String,
[INFO] [stdout]    |     ^^^
[INFO] [stdout] 21 |     cache: u32,
[INFO] [stdout]    |     ^^^^^
[INFO] [stdout]    |
[INFO] [stdout]    = note: `Config` has a derived impl for the trait `Clone`, but this is intentionally ignored during dead code analysis
[INFO] [stdout] 
[INFO] [stdout] 
[INFO] [stdout] warning: field `config` is never read
[INFO] [stdout]  --> src/site.rs:5:5
[INFO] [stdout]   |
[INFO] [stdout] 4 | pub struct Site {
[INFO] [stdout]   |            ---- field in this struct
[INFO] [stdout] 5 |     config: Config,
[INFO] [stdout]   |     ^^^^^^
[INFO] [stdout]   |
[INFO] [stdout]   = note: `Site` has a derived impl for the trait `Clone`, but this is intentionally ignored during dead code analysis
[INFO] [stdout] 
[INFO] [stdout] 
[INFO] [stdout] warning: method `build_response` is never used
[INFO] [stdout]   --> src/site.rs:13:8
[INFO] [stdout]    |
[INFO] [stdout] 8  | impl Site {
[INFO] [stdout]    | --------- method in this implementation
[INFO] [stdout] ...
[INFO] [stdout] 13 |     fn build_response(&self) -> Result<String, ()> {
[INFO] [stdout]    |        ^^^^^^^^^^^^^^
[INFO] [stdout] 
[INFO] [stdout] 
[INFO] [stdout] warning: 7 warnings emitted
[INFO] [stdout] 
[INFO] [stdout] 
[INFO] [stderr]     Finished test [unoptimized + debuginfo] target(s) in 1.18s
[INFO] running `Command { std: "docker" "inspect" "212b4cb31f3e216c3d892f1180904d4034cd5aafbeecdaea53aa20813c159c8a", kill_on_drop: false }`
[INFO] running `Command { std: "docker" "rm" "-f" "212b4cb31f3e216c3d892f1180904d4034cd5aafbeecdaea53aa20813c159c8a", kill_on_drop: false }`
[INFO] [stdout] 212b4cb31f3e216c3d892f1180904d4034cd5aafbeecdaea53aa20813c159c8a
[INFO] running `Command { std: "docker" "create" "-v" "/var/lib/crater-agent-workspace/builds/worker-6-tc1/target:/opt/rustwide/target:rw,Z" "-v" "/var/lib/crater-agent-workspace/builds/worker-6-tc1/source:/opt/rustwide/workdir:ro,Z" "-v" "/var/lib/crater-agent-workspace/cargo-home:/opt/rustwide/cargo-home:ro,Z" "-v" "/var/lib/crater-agent-workspace/rustup-home:/opt/rustwide/rustup-home:ro,Z" "-e" "SOURCE_DIR=/opt/rustwide/workdir" "-e" "CARGO_TARGET_DIR=/opt/rustwide/target" "-e" "CARGO_INCREMENTAL=0" "-e" "RUST_BACKTRACE=full" "-e" "RUSTFLAGS=--cap-lints=warn" "-e" "RUSTDOCFLAGS=--cap-lints=warn" "-e" "CARGO_HOME=/opt/rustwide/cargo-home" "-e" "RUSTUP_HOME=/opt/rustwide/rustup-home" "-w" "/opt/rustwide/workdir" "-m" "1610612736" "--user" "0:0" "--network" "none" "ghcr.io/rust-lang/crates-build-env/linux@sha256:2788e3201cd34a07e3172128adcd8b3090168a8e3bcc40d7c032b9dda1df7d1c" "/opt/rustwide/cargo-home/bin/cargo" "+1.75.0" "test" "--frozen", kill_on_drop: false }`
[INFO] [stdout] 69c192c21d7a1937df039764fb95c66d1d1dad7166df508b6b3bd9e7bbb3bf54
[INFO] running `Command { std: "docker" "start" "-a" "69c192c21d7a1937df039764fb95c66d1d1dad7166df508b6b3bd9e7bbb3bf54", kill_on_drop: false }`
[INFO] [stderr] warning: unused variable: `mime`
[INFO] [stderr]   --> src/lib.rs:32:20
[INFO] [stderr]    |
[INFO] [stderr] 32 |         let (path, mime) = match parts.uri.path().find(".") {
[INFO] [stderr]    |                    ^^^^ help: if this is intentional, prefix it with an underscore: `_mime`
[INFO] [stderr]    |
[INFO] [stderr]    = note: `#[warn(unused_variables)]` on by default
[INFO] [stderr] 
[INFO] [stderr] warning: variable does not need to be mutable
[INFO] [stderr]   --> src/lib.rs:30:13
[INFO] [stderr]    |
[INFO] [stderr] 30 |         let mut response = Response::new(Body::empty());
[INFO] [stderr]    |             ----^^^^^^^^
[INFO] [stderr]    |             |
[INFO] [stderr]    |             help: remove this `mut`
[INFO] [stderr]    |
[INFO] [stderr]    = note: `#[warn(unused_mut)]` on by default
[INFO] [stderr] 
[INFO] [stderr] warning: field `app` is never read
[INFO] [stderr]   --> src/lib.rs:20:5
[INFO] [stderr]    |
[INFO] [stderr] 19 | pub struct Ocypode {
[INFO] [stderr]    |            ------- field in this struct
[INFO] [stderr] 20 |     app: App,
[INFO] [stderr]    |     ^^^
[INFO] [stderr]    |
[INFO] [stderr]    = note: `Ocypode` has a derived impl for the trait `Clone`, but this is intentionally ignored during dead code analysis
[INFO] [stderr]    = note: `#[warn(dead_code)]` on by default
[INFO] [stderr] 
[INFO] [stderr] warning: fields `config` and `site` are never read
[INFO] [stderr]  --> src/app.rs:5:5
[INFO] [stderr]   |
[INFO] [stderr] 4 | pub struct App {
[INFO] [stderr]   |            --- fields in this struct
[INFO] [stderr] 5 |     config: Config,
[INFO] [stderr]   |     ^^^^^^
[INFO] [stderr] 6 |     site: Site,
[INFO] [stderr]   |     ^^^^
[INFO] [stderr]   |
[INFO] [stderr]   = note: `App` has a derived impl for the trait `Clone`, but this is intentionally ignored during dead code analysis
[INFO] [stderr] 
[INFO] [stderr] warning: fields `title`, `root`, `date_formatter`, `summary`, `ext`, and `cache` are never read
[INFO] [stderr]   --> src/config.rs:16:5
[INFO] [stderr]    |
[INFO] [stderr] 14 | pub struct Config {
[INFO] [stderr]    |            ------ fields in this struct
[INFO] [stderr] 15 |     author: String,
[INFO] [stderr] 16 |     title: String,
[INFO] [stderr]    |     ^^^^^
[INFO] [stderr] 17 |     root: String,
[INFO] [stderr]    |     ^^^^
[INFO] [stderr] 18 |     date_formatter: fn(String) -> String,
[INFO] [stderr]    |     ^^^^^^^^^^^^^^
[INFO] [stderr] 19 |     summary: SummaryConfig,
[INFO] [stderr]    |     ^^^^^^^
[INFO] [stderr] 20 |     ext: String,
[INFO] [stderr]    |     ^^^
[INFO] [stderr] 21 |     cache: u32,
[INFO] [stderr]    |     ^^^^^
[INFO] [stderr]    |
[INFO] [stderr]    = note: `Config` has a derived impl for the trait `Clone`, but this is intentionally ignored during dead code analysis
[INFO] [stderr] 
[INFO] [stderr] warning: field `config` is never read
[INFO] [stderr]  --> src/site.rs:5:5
[INFO] [stderr]   |
[INFO] [stderr] 4 | pub struct Site {
[INFO] [stderr]   |            ---- field in this struct
[INFO] [stderr] 5 |     config: Config,
[INFO] [stderr]   |     ^^^^^^
[INFO] [stderr]   |
[INFO] [stderr]   = note: `Site` has a derived impl for the trait `Clone`, but this is intentionally ignored during dead code analysis
[INFO] [stderr] 
[INFO] [stderr] warning: method `build_response` is never used
[INFO] [stderr]   --> src/site.rs:13:8
[INFO] [stderr]    |
[INFO] [stderr] 8  | impl Site {
[INFO] [stderr]    | --------- method in this implementation
[INFO] [stderr] ...
[INFO] [stderr] 13 |     fn build_response(&self) -> Result<String, ()> {
[INFO] [stderr]    |        ^^^^^^^^^^^^^^
[INFO] [stderr] 
[INFO] [stderr] warning: `ocypode` (lib) generated 7 warnings (run `cargo fix --lib -p ocypode` to apply 2 suggestions)
[INFO] [stderr] warning: `ocypode` (lib test) generated 7 warnings (7 duplicates)
[INFO] [stderr]     Finished test [unoptimized + debuginfo] target(s) in 0.07s
[INFO] [stderr]      Running unittests src/lib.rs (/opt/rustwide/target/debug/deps/ocypode-63326efc20f1dbb5)
[INFO] [stderr]      Running tests/config_tests.rs (/opt/rustwide/target/debug/deps/config_tests-c63bd5272684406d)
[INFO] [stdout] 
[INFO] [stdout] running 0 tests
[INFO] [stdout] 
[INFO] [stdout] test result: ok. 0 passed; 0 failed; 0 ignored; 0 measured; 0 filtered out; finished in 0.00s
[INFO] [stdout] 
[INFO] [stdout] 
[INFO] [stdout] running 1 test
[INFO] [stdout] test authors_default_value_is_current_user ... FAILED
[INFO] [stdout] 
[INFO] [stdout] failures:
[INFO] [stdout] 
[INFO] [stdout] ---- authors_default_value_is_current_user stdout ----
[INFO] [stdout] thread 'authors_default_value_is_current_user' panicked at tests/config_tests.rs:8:32:
[INFO] [stdout] called `Result::unwrap()` on an `Err` value: NotPresent
[INFO] [stdout] stack backtrace:
[INFO] [stdout]    0:     0x55a509aa05cc - std::backtrace_rs::backtrace::libunwind::trace::ha637c64ce894333a
[INFO] [stdout]                                at /rustc/82e1608dfa6e0b5569232559e3d385fea5a93112/library/std/src/../../backtrace/src/backtrace/libunwind.rs:104:5
[INFO] [stdout]    1:     0x55a509aa05cc - std::backtrace_rs::backtrace::trace_unsynchronized::h47f62dea28e0c88d
[INFO] [stdout]                                at /rustc/82e1608dfa6e0b5569232559e3d385fea5a93112/library/std/src/../../backtrace/src/backtrace/mod.rs:66:5
[INFO] [stdout]    2:     0x55a509aa05cc - std::sys_common::backtrace::_print_fmt::h9eef0abe20ede486
[INFO] [stdout]                                at /rustc/82e1608dfa6e0b5569232559e3d385fea5a93112/library/std/src/sys_common/backtrace.rs:67:5
[INFO] [stdout]    3:     0x55a509aa05cc - <std::sys_common::backtrace::_print::DisplayBacktrace as core::fmt::Display>::fmt::hed7f999df88cc644
[INFO] [stdout]                                at /rustc/82e1608dfa6e0b5569232559e3d385fea5a93112/library/std/src/sys_common/backtrace.rs:44:22
[INFO] [stdout]    4:     0x55a509aca110 - core::fmt::rt::Argument::fmt::h1539a9308b8d058d
[INFO] [stdout]                                at /rustc/82e1608dfa6e0b5569232559e3d385fea5a93112/library/core/src/fmt/rt.rs:142:9
[INFO] [stdout]    5:     0x55a509aca110 - core::fmt::write::h3a39390d8560d9c9
[INFO] [stdout]                                at /rustc/82e1608dfa6e0b5569232559e3d385fea5a93112/library/core/src/fmt/mod.rs:1120:17
[INFO] [stdout]    6:     0x55a509a9df1f - std::io::Write::write_fmt::h040b369f3a0f9cbc
[INFO] [stdout]                                at /rustc/82e1608dfa6e0b5569232559e3d385fea5a93112/library/std/src/io/mod.rs:1762:15
[INFO] [stdout]    7:     0x55a509aa03b4 - std::sys_common::backtrace::_print::h894006fb5c6f3d45
[INFO] [stdout]                                at /rustc/82e1608dfa6e0b5569232559e3d385fea5a93112/library/std/src/sys_common/backtrace.rs:47:5
[INFO] [stdout]    8:     0x55a509aa03b4 - std::sys_common::backtrace::print::h23a2d212c6fff936
[INFO] [stdout]                                at /rustc/82e1608dfa6e0b5569232559e3d385fea5a93112/library/std/src/sys_common/backtrace.rs:34:9
[INFO] [stdout]    9:     0x55a509aa2077 - std::panicking::default_hook::{{closure}}::h8a1d2ee00185001a
[INFO] [stdout]   10:     0x55a509aa1d63 - std::panicking::default_hook::h6038f2eba384e475
[INFO] [stdout]                                at /rustc/82e1608dfa6e0b5569232559e3d385fea5a93112/library/std/src/panicking.rs:289:9
[INFO] [stdout]   11:     0x55a509a6f7f7 - <alloc::boxed::Box<F,A> as core::ops::function::Fn<Args>>::call::h0ad024c9bdc6d768
[INFO] [stdout]                                at /rustc/82e1608dfa6e0b5569232559e3d385fea5a93112/library/alloc/src/boxed.rs:2021:9
[INFO] [stdout]   12:     0x55a509a6f7f7 - test::test_main::{{closure}}::h7500b54257359db6
[INFO] [stdout]                                at /rustc/82e1608dfa6e0b5569232559e3d385fea5a93112/library/test/src/lib.rs:138:21
[INFO] [stdout]   13:     0x55a509aa2688 - <alloc::boxed::Box<F,A> as core::ops::function::Fn<Args>>::call::h1f8f335eaa9cfaee
[INFO] [stdout]                                at /rustc/82e1608dfa6e0b5569232559e3d385fea5a93112/library/alloc/src/boxed.rs:2021:9
[INFO] [stdout]   14:     0x55a509aa2688 - std::panicking::rust_panic_with_hook::h2b5517d590cab22e
[INFO] [stdout]                                at /rustc/82e1608dfa6e0b5569232559e3d385fea5a93112/library/std/src/panicking.rs:783:13
[INFO] [stdout]   15:     0x55a509aa23de - std::panicking::begin_panic_handler::{{closure}}::h233112c06e0ef43e
[INFO] [stdout]                                at /rustc/82e1608dfa6e0b5569232559e3d385fea5a93112/library/std/src/panicking.rs:657:13
[INFO] [stdout]   16:     0x55a509aa0a96 - std::sys_common::backtrace::__rust_end_short_backtrace::h6e893f24d7ebbff8
[INFO] [stdout]                                at /rustc/82e1608dfa6e0b5569232559e3d385fea5a93112/library/std/src/sys_common/backtrace.rs:170:18
[INFO] [stdout]   17:     0x55a509aa2142 - rust_begin_unwind
[INFO] [stdout]                                at /rustc/82e1608dfa6e0b5569232559e3d385fea5a93112/library/std/src/panicking.rs:645:5
[INFO] [stdout]   18:     0x55a509a3ace5 - core::panicking::panic_fmt::hbf0e066aabfa482c
[INFO] [stdout]                                at /rustc/82e1608dfa6e0b5569232559e3d385fea5a93112/library/core/src/panicking.rs:72:14
[INFO] [stdout]   19:     0x55a509a3b183 - core::result::unwrap_failed::hddb4fea594200c52
[INFO] [stdout]                                at /rustc/82e1608dfa6e0b5569232559e3d385fea5a93112/library/core/src/result.rs:1653:5
[INFO] [stdout]   20:     0x55a509a3b8d4 - core::result::Result<T,E>::unwrap::h439f9f9feecc488a
[INFO] [stdout]                                at /rustc/82e1608dfa6e0b5569232559e3d385fea5a93112/library/core/src/result.rs:1077:23
[INFO] [stdout]   21:     0x55a509a3bce9 - config_tests::authors_default_value_is_current_user::h6f2b8bafe3f64d05
[INFO] [stdout]                                at /opt/rustwide/workdir/tests/config_tests.rs:8:20
[INFO] [stdout]   22:     0x55a509a3bc57 - config_tests::authors_default_value_is_current_user::{{closure}}::h4c8432233e793995
[INFO] [stdout]                                at /opt/rustwide/workdir/tests/config_tests.rs:5:43
[INFO] [stdout]   23:     0x55a509a3b7a6 - core::ops::function::FnOnce::call_once::h2f91505a8aaa5fcf
[INFO] [stdout]                                at /rustc/82e1608dfa6e0b5569232559e3d385fea5a93112/library/core/src/ops/function.rs:250:5
[INFO] [stdout]   24:     0x55a509a74e4f - core::ops::function::FnOnce::call_once::h2b5d431d5046312d
[INFO] [stdout]                                at /rustc/82e1608dfa6e0b5569232559e3d385fea5a93112/library/core/src/ops/function.rs:250:5
[INFO] [stdout]   25:     0x55a509a74e4f - test::__rust_begin_short_backtrace::h7714669af176e207
[INFO] [stdout]                                at /rustc/82e1608dfa6e0b5569232559e3d385fea5a93112/library/test/src/lib.rs:628:18
[INFO] [stdout]   26:     0x55a509a73e65 - test::run_test_in_process::{{closure}}::h85218797dcbcec12
[INFO] [stdout]                                at /rustc/82e1608dfa6e0b5569232559e3d385fea5a93112/library/test/src/lib.rs:651:60
[INFO] [stdout]   27:     0x55a509a73e65 - <core::panic::unwind_safe::AssertUnwindSafe<F> as core::ops::function::FnOnce<()>>::call_once::h76c106ea31c14d7b
[INFO] [stdout]                                at /rustc/82e1608dfa6e0b5569232559e3d385fea5a93112/library/core/src/panic/unwind_safe.rs:272:9
[INFO] [stdout]   28:     0x55a509a73e65 - std::panicking::try::do_call::h3bd5d0f6620ee946
[INFO] [stdout]                                at /rustc/82e1608dfa6e0b5569232559e3d385fea5a93112/library/std/src/panicking.rs:552:40
[INFO] [stdout]   29:     0x55a509a73e65 - std::panicking::try::h232e535e4744fe31
[INFO] [stdout]                                at /rustc/82e1608dfa6e0b5569232559e3d385fea5a93112/library/std/src/panicking.rs:516:19
[INFO] [stdout]   30:     0x55a509a73e65 - std::panic::catch_unwind::h3ce3bd6ca8dbac68
[INFO] [stdout]                                at /rustc/82e1608dfa6e0b5569232559e3d385fea5a93112/library/std/src/panic.rs:142:14
[INFO] [stdout]   31:     0x55a509a73e65 - test::run_test_in_process::hc97b257c9621286a
[INFO] [stdout]                                at /rustc/82e1608dfa6e0b5569232559e3d385fea5a93112/library/test/src/lib.rs:651:27
[INFO] [stdout]   32:     0x55a509a73e65 - test::run_test::{{closure}}::h2aa798823a438d38
[INFO] [stdout]                                at /rustc/82e1608dfa6e0b5569232559e3d385fea5a93112/library/test/src/lib.rs:574:43
[INFO] [stdout]   33:     0x55a509a3c126 - test::run_test::{{closure}}::h87d231c78fb59832
[INFO] [stdout]                                at /rustc/82e1608dfa6e0b5569232559e3d385fea5a93112/library/test/src/lib.rs:602:41
[INFO] [stdout]   34:     0x55a509a3c126 - std::sys_common::backtrace::__rust_begin_short_backtrace::he6df152596625789
[INFO] [stdout]                                at /rustc/82e1608dfa6e0b5569232559e3d385fea5a93112/library/std/src/sys_common/backtrace.rs:154:18
[INFO] [stdout]   35:     0x55a509a411d7 - std::thread::Builder::spawn_unchecked_::{{closure}}::{{closure}}::ha94be15d1e0acf36
[INFO] [stdout]                                at /rustc/82e1608dfa6e0b5569232559e3d385fea5a93112/library/std/src/thread/mod.rs:529:17
[INFO] [stdout]   36:     0x55a509a411d7 - <core::panic::unwind_safe::AssertUnwindSafe<F> as core::ops::function::FnOnce<()>>::call_once::h9dc6bd6372f16606
[INFO] [stdout]                                at /rustc/82e1608dfa6e0b5569232559e3d385fea5a93112/library/core/src/panic/unwind_safe.rs:272:9
[INFO] [stdout]   37:     0x55a509a411d7 - std::panicking::try::do_call::h9057517f80303cd4
[INFO] [stdout]                                at /rustc/82e1608dfa6e0b5569232559e3d385fea5a93112/library/std/src/panicking.rs:552:40
[INFO] [stdout]   38:     0x55a509a411d7 - std::panicking::try::he3a30b11ee45340c
[INFO] [stdout]                                at /rustc/82e1608dfa6e0b5569232559e3d385fea5a93112/library/std/src/panicking.rs:516:19
[INFO] [stdout]   39:     0x55a509a411d7 - std::panic::catch_unwind::h410458cfd3528b8b
[INFO] [stdout]                                at /rustc/82e1608dfa6e0b5569232559e3d385fea5a93112/library/std/src/panic.rs:142:14
[INFO] [stdout]   40:     0x55a509a411d7 - std::thread::Builder::spawn_unchecked_::{{closure}}::h72ac3bdb567b737b
[INFO] [stdout]                                at /rustc/82e1608dfa6e0b5569232559e3d385fea5a93112/library/std/src/thread/mod.rs:528:30
[INFO] [stdout]   41:     0x55a509a411d7 - core::ops::function::FnOnce::call_once{{vtable.shim}}::h38f34da3654a8344
[INFO] [stdout]                                at /rustc/82e1608dfa6e0b5569232559e3d385fea5a93112/library/core/src/ops/function.rs:250:5
[INFO] [stdout]   42:     0x55a509aa7115 - <alloc::boxed::Box<F,A> as core::ops::function::FnOnce<Args>>::call_once::hc7eafaff61e32df9
[INFO] [stdout]                                at /rustc/82e1608dfa6e0b5569232559e3d385fea5a93112/library/alloc/src/boxed.rs:2007:9
[INFO] [stdout]   43:     0x55a509aa7115 - <alloc::boxed::Box<F,A> as core::ops::function::FnOnce<Args>>::call_once::h6ba4a5de48dd2304
[INFO] [stdout]                                at /rustc/82e1608dfa6e0b5569232559e3d385fea5a93112/library/alloc/src/boxed.rs:2007:9
[INFO] [stdout]   44:     0x55a509aa7115 - std::sys::unix::thread::Thread::new::thread_start::he469335aef763e45
[INFO] [stdout]                                at /rustc/82e1608dfa6e0b5569232559e3d385fea5a93112/library/std/src/sys/unix/thread.rs:108:17
[INFO] [stdout]   45:     0x7f7304154ac3 - <unknown>
[INFO] [stdout]   46:     0x7f73041e5bf4 - __clone
[INFO] [stdout]   47:                0x0 - <unknown>
[INFO] [stdout] 
[INFO] [stdout] 
[INFO] [stdout] failures:
[INFO] [stdout]     authors_default_value_is_current_user
[INFO] [stdout] 
[INFO] [stdout] test result: FAILED. 0 passed; 1 failed; 0 ignored; 0 measured; 0 filtered out; finished in 0.05s
[INFO] [stdout] 
[INFO] [stderr] error: test failed, to rerun pass `--test config_tests`
[INFO] running `Command { std: "docker" "inspect" "69c192c21d7a1937df039764fb95c66d1d1dad7166df508b6b3bd9e7bbb3bf54", kill_on_drop: false }`
[INFO] running `Command { std: "docker" "rm" "-f" "69c192c21d7a1937df039764fb95c66d1d1dad7166df508b6b3bd9e7bbb3bf54", kill_on_drop: false }`
[INFO] [stdout] 69c192c21d7a1937df039764fb95c66d1d1dad7166df508b6b3bd9e7bbb3bf54
