[INFO] cloning repository https://github.com/bigglesss/wow_chunky
[INFO] running `Command { std: "git" "-c" "credential.helper=" "-c" "credential.helper=/workspace/cargo-home/bin/git-credential-null" "clone" "--bare" "https://github.com/bigglesss/wow_chunky" "/workspace/cache/git-repos/https%3A%2F%2Fgithub.com%2Fbigglesss%2Fwow_chunky", kill_on_drop: false }`
[INFO] [stderr] Cloning into bare repository '/workspace/cache/git-repos/https%3A%2F%2Fgithub.com%2Fbigglesss%2Fwow_chunky'...
[INFO] running `Command { std: "git" "rev-parse" "HEAD", kill_on_drop: false }`
[INFO] [stdout] c3ed3721383040eefef2f85e91c4e51fc872ac3c
[INFO] testing bigglesss/wow_chunky against 1.75.0 for beta-1.76-1
[INFO] running `Command { std: "git" "clone" "/workspace/cache/git-repos/https%3A%2F%2Fgithub.com%2Fbigglesss%2Fwow_chunky" "/workspace/builds/worker-4-tc1/source", kill_on_drop: false }`
[INFO] [stderr] Cloning into '/workspace/builds/worker-4-tc1/source'...
[INFO] [stderr] done.
[INFO] validating manifest of git repo https://github.com/bigglesss/wow_chunky on toolchain 1.75.0
[INFO] running `Command { std: CARGO_HOME="/workspace/cargo-home" RUSTUP_HOME="/workspace/rustup-home" "/workspace/cargo-home/bin/cargo" "+1.75.0" "metadata" "--manifest-path" "Cargo.toml" "--no-deps", kill_on_drop: false }`
[INFO] started tweaking git repo https://github.com/bigglesss/wow_chunky
[INFO] finished tweaking git repo https://github.com/bigglesss/wow_chunky
[INFO] tweaked toml for git repo https://github.com/bigglesss/wow_chunky written to /workspace/builds/worker-4-tc1/source/Cargo.toml
[INFO] crate git repo https://github.com/bigglesss/wow_chunky already has a lockfile, it will not be regenerated
[INFO] running `Command { std: CARGO_HOME="/workspace/cargo-home" RUSTUP_HOME="/workspace/rustup-home" "/workspace/cargo-home/bin/cargo" "+1.75.0" "fetch" "--manifest-path" "Cargo.toml", kill_on_drop: false }`
[INFO] [stderr]     Updating crates.io index
[INFO] [stderr]  Downloading crates ...
[INFO] [stderr]   Downloaded texpresso v2.0.1
[INFO] running `Command { std: "docker" "create" "-v" "/var/lib/crater-agent-workspace/builds/worker-4-tc1/target:/opt/rustwide/target:rw,Z" "-v" "/var/lib/crater-agent-workspace/builds/worker-4-tc1/source:/opt/rustwide/workdir:ro,Z" "-v" "/var/lib/crater-agent-workspace/cargo-home:/opt/rustwide/cargo-home:ro,Z" "-v" "/var/lib/crater-agent-workspace/rustup-home:/opt/rustwide/rustup-home:ro,Z" "-e" "SOURCE_DIR=/opt/rustwide/workdir" "-e" "CARGO_TARGET_DIR=/opt/rustwide/target" "-e" "CARGO_HOME=/opt/rustwide/cargo-home" "-e" "RUSTUP_HOME=/opt/rustwide/rustup-home" "-w" "/opt/rustwide/workdir" "-m" "1610612736" "--user" "0:0" "--network" "none" "ghcr.io/rust-lang/crates-build-env/linux@sha256:2788e3201cd34a07e3172128adcd8b3090168a8e3bcc40d7c032b9dda1df7d1c" "/opt/rustwide/cargo-home/bin/cargo" "+1.75.0" "metadata" "--no-deps" "--format-version=1", kill_on_drop: false }`
[INFO] [stdout] d2f367e9ccd975a2a4d8b28f88d67e1f110dcc15c2129c0f4c1557739b4e0765
[INFO] running `Command { std: "docker" "start" "-a" "d2f367e9ccd975a2a4d8b28f88d67e1f110dcc15c2129c0f4c1557739b4e0765", kill_on_drop: false }`
[INFO] running `Command { std: "docker" "inspect" "d2f367e9ccd975a2a4d8b28f88d67e1f110dcc15c2129c0f4c1557739b4e0765", kill_on_drop: false }`
[INFO] running `Command { std: "docker" "rm" "-f" "d2f367e9ccd975a2a4d8b28f88d67e1f110dcc15c2129c0f4c1557739b4e0765", kill_on_drop: false }`
[INFO] [stdout] d2f367e9ccd975a2a4d8b28f88d67e1f110dcc15c2129c0f4c1557739b4e0765
[INFO] running `Command { std: "docker" "create" "-v" "/var/lib/crater-agent-workspace/builds/worker-4-tc1/target:/opt/rustwide/target:rw,Z" "-v" "/var/lib/crater-agent-workspace/builds/worker-4-tc1/source:/opt/rustwide/workdir:ro,Z" "-v" "/var/lib/crater-agent-workspace/cargo-home:/opt/rustwide/cargo-home:ro,Z" "-v" "/var/lib/crater-agent-workspace/rustup-home:/opt/rustwide/rustup-home:ro,Z" "-e" "SOURCE_DIR=/opt/rustwide/workdir" "-e" "CARGO_TARGET_DIR=/opt/rustwide/target" "-e" "CARGO_INCREMENTAL=0" "-e" "RUST_BACKTRACE=full" "-e" "RUSTFLAGS=--cap-lints=warn" "-e" "RUSTDOCFLAGS=--cap-lints=warn" "-e" "CARGO_HOME=/opt/rustwide/cargo-home" "-e" "RUSTUP_HOME=/opt/rustwide/rustup-home" "-w" "/opt/rustwide/workdir" "-m" "1610612736" "--user" "0:0" "--network" "none" "ghcr.io/rust-lang/crates-build-env/linux@sha256:2788e3201cd34a07e3172128adcd8b3090168a8e3bcc40d7c032b9dda1df7d1c" "/opt/rustwide/cargo-home/bin/cargo" "+1.75.0" "build" "--frozen" "--message-format=json", kill_on_drop: false }`
[INFO] [stdout] a6a446071ceadba06d88760bba220799a0b91372236c650ad6f11f6f0aa6d0be
[INFO] running `Command { std: "docker" "start" "-a" "a6a446071ceadba06d88760bba220799a0b91372236c650ad6f11f6f0aa6d0be", kill_on_drop: false }`
[INFO] [stderr]    Compiling proc-macro2 v1.0.43
[INFO] [stderr]    Compiling quote v1.0.21
[INFO] [stderr]    Compiling unicode-ident v1.0.4
[INFO] [stderr]    Compiling syn v1.0.99
[INFO] [stderr]    Compiling libm v0.2.5
[INFO] [stderr]    Compiling rustversion v1.0.9
[INFO] [stderr]    Compiling radium v0.7.0
[INFO] [stderr]    Compiling tap v1.0.1
[INFO] [stderr]    Compiling either v1.8.0
[INFO] [stderr]    Compiling thiserror v1.0.36
[INFO] [stderr]    Compiling wyz v0.5.0
[INFO] [stderr]    Compiling funty v2.0.0
[INFO] [stderr]    Compiling bitvec v1.0.1
[INFO] [stderr]    Compiling texpresso v2.0.1
[INFO] [stderr]    Compiling thiserror-impl v1.0.36
[INFO] [stderr]    Compiling binread_derive v2.1.0
[INFO] [stderr]    Compiling binread v2.2.0
[INFO] [stderr]    Compiling wow_chunky v0.1.0 (/opt/rustwide/workdir)
[INFO] [stdout] warning: unused variable: `options`
[INFO] [stdout]   --> src/chunks/adt/mcnk.rs:34:9
[INFO] [stdout]    |
[INFO] [stdout] 34 |         options: &binread::ReadOptions,
[INFO] [stdout]    |         ^^^^^^^ help: if this is intentional, prefix it with an underscore: `_options`
[INFO] [stdout]    |
[INFO] [stdout]    = note: `#[warn(unused_variables)]` on by default
[INFO] [stdout] 
[INFO] [stdout] 
[INFO] [stdout] warning: unused variable: `args`
[INFO] [stdout]   --> src/chunks/adt/mcnk.rs:35:9
[INFO] [stdout]    |
[INFO] [stdout] 35 |         args: Self::Args,
[INFO] [stdout]    |         ^^^^ help: if this is intentional, prefix it with an underscore: `_args`
[INFO] [stdout] 
[INFO] [stdout] 
[INFO] [stdout] warning: unused variable: `options`
[INFO] [stdout]    --> src/chunks/adt/mcnk.rs:306:9
[INFO] [stdout]     |
[INFO] [stdout] 306 |         options: &binread::ReadOptions,
[INFO] [stdout]     |         ^^^^^^^ help: if this is intentional, prefix it with an underscore: `_options`
[INFO] [stdout] 
[INFO] [stdout] 
[INFO] [stdout] warning: unused variable: `args`
[INFO] [stdout]    --> src/chunks/adt/mcnk.rs:307:9
[INFO] [stdout]     |
[INFO] [stdout] 307 |         args: Self::Args,
[INFO] [stdout]     |         ^^^^ help: if this is intentional, prefix it with an underscore: `_args`
[INFO] [stdout] 
[INFO] [stdout] 
[INFO] [stdout] warning: unused variable: `options`
[INFO] [stdout]    --> src/chunks/adt/mcnk.rs:358:9
[INFO] [stdout]     |
[INFO] [stdout] 358 |         options: &ReadOptions,
[INFO] [stdout]     |         ^^^^^^^ help: if this is intentional, prefix it with an underscore: `_options`
[INFO] [stdout] 
[INFO] [stdout] 
[INFO] [stdout] warning: unused variable: `options`
[INFO] [stdout]   --> src/chunks/wdt/mphd.rs:25:9
[INFO] [stdout]    |
[INFO] [stdout] 25 |         options: &binread::ReadOptions,
[INFO] [stdout]    |         ^^^^^^^ help: if this is intentional, prefix it with an underscore: `_options`
[INFO] [stdout] 
[INFO] [stdout] 
[INFO] [stdout] warning: unused variable: `args`
[INFO] [stdout]   --> src/chunks/wdt/mphd.rs:26:9
[INFO] [stdout]    |
[INFO] [stdout] 26 |         args: Self::Args,
[INFO] [stdout]    |         ^^^^ help: if this is intentional, prefix it with an underscore: `_args`
[INFO] [stdout] 
[INFO] [stdout] 
[INFO] [stdout] warning: unused variable: `layer`
[INFO] [stdout]   --> src/files/blp.rs:58:13
[INFO] [stdout]    |
[INFO] [stdout] 58 |             layer,
[INFO] [stdout]    |             ^^^^^ help: if this is intentional, prefix it with an underscore: `_layer`
[INFO] [stdout] 
[INFO] [stdout] 
[INFO] [stdout] warning: unused variable: `alpha_channel_bit_depth`
[INFO] [stdout]   --> src/files/blp.rs:60:13
[INFO] [stdout]    |
[INFO] [stdout] 60 |             alpha_channel_bit_depth,
[INFO] [stdout]    |             ^^^^^^^^^^^^^^^^^^^^^^^ help: if this is intentional, prefix it with an underscore: `_alpha_channel_bit_depth`
[INFO] [stdout] 
[INFO] [stdout] 
[INFO] [stdout] warning: unused variable: `args`
[INFO] [stdout]    --> src/files/blp.rs:125:9
[INFO] [stdout]     |
[INFO] [stdout] 125 |         args: Self::Args,
[INFO] [stdout]     |         ^^^^ help: if this is intentional, prefix it with an underscore: `_args`
[INFO] [stdout] 
[INFO] [stdout] 
[INFO] [stdout] warning: unused variable: `options`
[INFO] [stdout]   --> src/files/bls.rs:74:9
[INFO] [stdout]    |
[INFO] [stdout] 74 |         options: &binread::ReadOptions,
[INFO] [stdout]    |         ^^^^^^^ help: if this is intentional, prefix it with an underscore: `_options`
[INFO] [stdout] 
[INFO] [stdout] 
[INFO] [stdout] warning: unused variable: `args`
[INFO] [stdout]   --> src/files/bls.rs:75:9
[INFO] [stdout]    |
[INFO] [stdout] 75 |         args: Self::Args,
[INFO] [stdout]    |         ^^^^ help: if this is intentional, prefix it with an underscore: `_args`
[INFO] [stdout] 
[INFO] [stdout] 
[INFO] [stdout] warning: constant `MCNK_FLAG_HAS_MCSH` is never used
[INFO] [stdout]  --> src/chunks/adt/mcnk.rs:8:7
[INFO] [stdout]   |
[INFO] [stdout] 8 | const MCNK_FLAG_HAS_MCSH: u32 = 0x01;
[INFO] [stdout]   |       ^^^^^^^^^^^^^^^^^^
[INFO] [stdout]   |
[INFO] [stdout]   = note: `#[warn(dead_code)]` on by default
[INFO] [stdout] 
[INFO] [stdout] 
[INFO] [stdout] warning: constant `MCNK_FLAG_UNK` is never used
[INFO] [stdout]   --> src/chunks/adt/mcnk.rs:14:7
[INFO] [stdout]    |
[INFO] [stdout] 14 | const MCNK_FLAG_UNK: u32 = 0x40;
[INFO] [stdout]    |       ^^^^^^^^^^^^^
[INFO] [stdout] 
[INFO] [stdout] 
[INFO] [stdout] warning: multiple fields are never read
[INFO] [stdout]   --> src/chunks/adt/mcnk.rs:71:5
[INFO] [stdout]    |
[INFO] [stdout] 61 | pub struct MCNK {
[INFO] [stdout]    |            ---- fields in this struct
[INFO] [stdout] ...
[INFO] [stdout] 71 |     ofs_height: u32,
[INFO] [stdout]    |     ^^^^^^^^^^
[INFO] [stdout] 72 |     ofs_normal: u32,
[INFO] [stdout]    |     ^^^^^^^^^^
[INFO] [stdout] 73 |     ofs_layer: u32,
[INFO] [stdout]    |     ^^^^^^^^^
[INFO] [stdout] 74 |     ofs_refs: u32,
[INFO] [stdout]    |     ^^^^^^^^
[INFO] [stdout] 75 |     ofs_alpha: u32,
[INFO] [stdout]    |     ^^^^^^^^^
[INFO] [stdout] 76 |     size_alpha: u32,
[INFO] [stdout]    |     ^^^^^^^^^^
[INFO] [stdout] 77 |     ofs_shadow: u32,
[INFO] [stdout]    |     ^^^^^^^^^^
[INFO] [stdout] 78 |     size_shadow: u32,
[INFO] [stdout]    |     ^^^^^^^^^^^
[INFO] [stdout]    |
[INFO] [stdout]    = note: `MCNK` has derived impls for the traits `Debug` and `Clone`, but these are intentionally ignored during dead code analysis
[INFO] [stdout] 
[INFO] [stdout] 
[INFO] [stdout] warning: constant `MCLY_FLAG_ANIMATE_45` is never used
[INFO] [stdout]    --> src/chunks/adt/mcnk.rs:281:7
[INFO] [stdout]     |
[INFO] [stdout] 281 | const MCLY_FLAG_ANIMATE_45: u32 = 0x01;
[INFO] [stdout]     |       ^^^^^^^^^^^^^^^^^^^^
[INFO] [stdout] 
[INFO] [stdout] 
[INFO] [stdout] warning: constant `MCLY_FLAG_ANIMATE_90` is never used
[INFO] [stdout]    --> src/chunks/adt/mcnk.rs:282:7
[INFO] [stdout]     |
[INFO] [stdout] 282 | const MCLY_FLAG_ANIMATE_90: u32 = 0x2;
[INFO] [stdout]     |       ^^^^^^^^^^^^^^^^^^^^
[INFO] [stdout] 
[INFO] [stdout] 
[INFO] [stdout] warning: constant `MCLY_FLAG_ANIMATE_180` is never used
[INFO] [stdout]    --> src/chunks/adt/mcnk.rs:283:7
[INFO] [stdout]     |
[INFO] [stdout] 283 | const MCLY_FLAG_ANIMATE_180: u32 = 0x4;
[INFO] [stdout]     |       ^^^^^^^^^^^^^^^^^^^^^
[INFO] [stdout] 
[INFO] [stdout] 
[INFO] [stdout] warning: constant `MCLY_FLAG_ANIM_FAST` is never used
[INFO] [stdout]    --> src/chunks/adt/mcnk.rs:284:7
[INFO] [stdout]     |
[INFO] [stdout] 284 | const MCLY_FLAG_ANIM_FAST: u32 = 0x8;
[INFO] [stdout]     |       ^^^^^^^^^^^^^^^^^^^
[INFO] [stdout] 
[INFO] [stdout] 
[INFO] [stdout] warning: constant `MCLY_FLAG_ANIM_FASTER` is never used
[INFO] [stdout]    --> src/chunks/adt/mcnk.rs:285:7
[INFO] [stdout]     |
[INFO] [stdout] 285 | const MCLY_FLAG_ANIM_FASTER: u32 = 0x10;
[INFO] [stdout]     |       ^^^^^^^^^^^^^^^^^^^^^
[INFO] [stdout] 
[INFO] [stdout] 
[INFO] [stdout] warning: constant `MCLY_FLAG_ANIM_FASTEST` is never used
[INFO] [stdout]    --> src/chunks/adt/mcnk.rs:286:7
[INFO] [stdout]     |
[INFO] [stdout] 286 | const MCLY_FLAG_ANIM_FASTEST: u32 = 0x20;
[INFO] [stdout]     |       ^^^^^^^^^^^^^^^^^^^^^^
[INFO] [stdout] 
[INFO] [stdout] 
[INFO] [stdout] warning: constant `MCLY_FLAG_ANIMATE` is never used
[INFO] [stdout]    --> src/chunks/adt/mcnk.rs:287:7
[INFO] [stdout]     |
[INFO] [stdout] 287 | const MCLY_FLAG_ANIMATE: u32 = 0x40;
[INFO] [stdout]     |       ^^^^^^^^^^^^^^^^^
[INFO] [stdout] 
[INFO] [stdout] 
[INFO] [stdout] warning: constant `MCLY_FLAG_GLOW` is never used
[INFO] [stdout]    --> src/chunks/adt/mcnk.rs:288:7
[INFO] [stdout]     |
[INFO] [stdout] 288 | const MCLY_FLAG_GLOW: u32 = 0x80;
[INFO] [stdout]     |       ^^^^^^^^^^^^^^
[INFO] [stdout] 
[INFO] [stdout] 
[INFO] [stdout] warning: constant `MCLY_FLAG_REFLECTION` is never used
[INFO] [stdout]    --> src/chunks/adt/mcnk.rs:291:7
[INFO] [stdout]     |
[INFO] [stdout] 291 | const MCLY_FLAG_REFLECTION: u32 = 0x400;
[INFO] [stdout]     |       ^^^^^^^^^^^^^^^^^^^^
[INFO] [stdout] 
[INFO] [stdout] 
[INFO] [stdout] warning: fields `doodad_refs` and `n_map_obj_refs` are never read
[INFO] [stdout]    --> src/chunks/adt/mcnk.rs:343:5
[INFO] [stdout]     |
[INFO] [stdout] 341 | pub struct MCRF {
[INFO] [stdout]     |            ---- fields in this struct
[INFO] [stdout] 342 |     #[br(count = n_doodad_refs)]
[INFO] [stdout] 343 |     doodad_refs: Vec<u32>,
[INFO] [stdout]     |     ^^^^^^^^^^^
[INFO] [stdout] 344 |     #[br(count = n_map_obj_refs)]
[INFO] [stdout] 345 |     n_map_obj_refs: Vec<u32>,
[INFO] [stdout]     |     ^^^^^^^^^^^^^^
[INFO] [stdout]     |
[INFO] [stdout]     = note: `MCRF` has derived impls for the traits `Debug` and `Clone`, but these are intentionally ignored during dead code analysis
[INFO] [stdout] 
[INFO] [stdout] 
[INFO] [stdout] warning: constant `MPHD_FLAG_USES_GLOBAL_MAP_OBJ` is never used
[INFO] [stdout]  --> src/chunks/wdt/mphd.rs:5:7
[INFO] [stdout]   |
[INFO] [stdout] 5 | const MPHD_FLAG_USES_GLOBAL_MAP_OBJ: u32 = 0x01;
[INFO] [stdout]   |       ^^^^^^^^^^^^^^^^^^^^^^^^^^^^^
[INFO] [stdout] 
[INFO] [stdout] 
[INFO] [stdout] warning: constant `MPHD_FLAG_ADT_HAS_MCCV` is never used
[INFO] [stdout]  --> src/chunks/wdt/mphd.rs:6:7
[INFO] [stdout]   |
[INFO] [stdout] 6 | const MPHD_FLAG_ADT_HAS_MCCV: u32 = 0x2;
[INFO] [stdout]   |       ^^^^^^^^^^^^^^^^^^^^^^
[INFO] [stdout] 
[INFO] [stdout] 
[INFO] [stdout] warning: constant `MPHD_FLAG_ADT_HAS_BIG_ALPHA` is never used
[INFO] [stdout]  --> src/chunks/wdt/mphd.rs:7:7
[INFO] [stdout]   |
[INFO] [stdout] 7 | const MPHD_FLAG_ADT_HAS_BIG_ALPHA: u32 = 0x4;
[INFO] [stdout]   |       ^^^^^^^^^^^^^^^^^^^^^^^^^^^
[INFO] [stdout] 
[INFO] [stdout] 
[INFO] [stdout] warning: constant `MPHD_FLAG_ADT_HAS_DOODADS_SORTED_BY_SIZE` is never used
[INFO] [stdout]  --> src/chunks/wdt/mphd.rs:8:7
[INFO] [stdout]   |
[INFO] [stdout] 8 | const MPHD_FLAG_ADT_HAS_DOODADS_SORTED_BY_SIZE: u32 = 0x8;
[INFO] [stdout]   |       ^^^^^^^^^^^^^^^^^^^^^^^^^^^^^^^^^^^^^^^^
[INFO] [stdout] 
[INFO] [stdout] 
[INFO] [stdout] warning: constant `MPHD_FLAG_LIGHTING_VERTICES` is never used
[INFO] [stdout]  --> src/chunks/wdt/mphd.rs:9:7
[INFO] [stdout]   |
[INFO] [stdout] 9 | const MPHD_FLAG_LIGHTING_VERTICES: u32 = 0x10;
[INFO] [stdout]   |       ^^^^^^^^^^^^^^^^^^^^^^^^^^^
[INFO] [stdout] 
[INFO] [stdout] 
[INFO] [stdout] warning: constant `MPHD_FLAG_UPSIDE_DOWN_GROUND` is never used
[INFO] [stdout]   --> src/chunks/wdt/mphd.rs:10:7
[INFO] [stdout]    |
[INFO] [stdout] 10 | const MPHD_FLAG_UPSIDE_DOWN_GROUND: u32 = 0x20;
[INFO] [stdout]    |       ^^^^^^^^^^^^^^^^^^^^^^^^^^^^
[INFO] [stdout] 
[INFO] [stdout] 
[INFO] [stdout] warning: fields `magic` and `version` are never read
[INFO] [stdout]    --> src/files/blp.rs:108:5
[INFO] [stdout]     |
[INFO] [stdout] 107 | pub struct BLP {
[INFO] [stdout]     |            --- fields in this struct
[INFO] [stdout] 108 |     magic: u32,
[INFO] [stdout]     |     ^^^^^
[INFO] [stdout] 109 |     version: u32,
[INFO] [stdout]     |     ^^^^^^^
[INFO] [stdout]     |
[INFO] [stdout]     = note: `BLP` has a derived impl for the trait `Debug`, but this is intentionally ignored during dead code analysis
[INFO] [stdout] 
[INFO] [stdout] 
[INFO] [stdout] warning: fields `binding`, `float`, `param_type`, `unk`, and `unk2` are never read
[INFO] [stdout]   --> src/files/bls.rs:32:5
[INFO] [stdout]    |
[INFO] [stdout] 29 | pub struct BLSBlockParam {
[INFO] [stdout]    |            ------------- fields in this struct
[INFO] [stdout] ...
[INFO] [stdout] 32 |     binding: u32,
[INFO] [stdout]    |     ^^^^^^^
[INFO] [stdout] 33 |     #[br(count = 16)]
[INFO] [stdout] 34 |     float: Vec<f32>,
[INFO] [stdout]    |     ^^^^^
[INFO] [stdout] 35 |     param_type: ParamType,
[INFO] [stdout]    |     ^^^^^^^^^^
[INFO] [stdout] 36 |     unk: u32,
[INFO] [stdout]    |     ^^^
[INFO] [stdout] 37 |     unk2: u32,
[INFO] [stdout]    |     ^^^^
[INFO] [stdout]    |
[INFO] [stdout]    = note: `BLSBlockParam` has a derived impl for the trait `Debug`, but this is intentionally ignored during dead code analysis
[INFO] [stdout] 
[INFO] [stdout] 
[INFO] [stdout] warning: fields `version`, `permutation_count`, and `blocks` are never read
[INFO] [stdout]   --> src/files/bls.rs:64:5
[INFO] [stdout]    |
[INFO] [stdout] 62 | pub struct BLS {
[INFO] [stdout]    |            --- fields in this struct
[INFO] [stdout] 63 |     pub token: String,
[INFO] [stdout] 64 |     version: u32,
[INFO] [stdout]    |     ^^^^^^^
[INFO] [stdout] 65 |     permutation_count: u32,
[INFO] [stdout]    |     ^^^^^^^^^^^^^^^^^
[INFO] [stdout] 66 |     blocks: Vec<BLSBlock>,
[INFO] [stdout]    |     ^^^^^^
[INFO] [stdout]    |
[INFO] [stdout]    = note: `BLS` has a derived impl for the trait `Debug`, but this is intentionally ignored during dead code analysis
[INFO] [stdout] 
[INFO] [stdout] 
[INFO] [stdout] warning: 34 warnings emitted
[INFO] [stdout] 
[INFO] [stdout] 
[INFO] [stderr]     Finished dev [unoptimized + debuginfo] target(s) in 6.71s
[INFO] running `Command { std: "docker" "inspect" "a6a446071ceadba06d88760bba220799a0b91372236c650ad6f11f6f0aa6d0be", kill_on_drop: false }`
[INFO] running `Command { std: "docker" "rm" "-f" "a6a446071ceadba06d88760bba220799a0b91372236c650ad6f11f6f0aa6d0be", kill_on_drop: false }`
[INFO] [stdout] a6a446071ceadba06d88760bba220799a0b91372236c650ad6f11f6f0aa6d0be
[INFO] running `Command { std: "docker" "create" "-v" "/var/lib/crater-agent-workspace/builds/worker-4-tc1/target:/opt/rustwide/target:rw,Z" "-v" "/var/lib/crater-agent-workspace/builds/worker-4-tc1/source:/opt/rustwide/workdir:ro,Z" "-v" "/var/lib/crater-agent-workspace/cargo-home:/opt/rustwide/cargo-home:ro,Z" "-v" "/var/lib/crater-agent-workspace/rustup-home:/opt/rustwide/rustup-home:ro,Z" "-e" "SOURCE_DIR=/opt/rustwide/workdir" "-e" "CARGO_TARGET_DIR=/opt/rustwide/target" "-e" "CARGO_INCREMENTAL=0" "-e" "RUST_BACKTRACE=full" "-e" "RUSTFLAGS=--cap-lints=warn" "-e" "RUSTDOCFLAGS=--cap-lints=warn" "-e" "CARGO_HOME=/opt/rustwide/cargo-home" "-e" "RUSTUP_HOME=/opt/rustwide/rustup-home" "-w" "/opt/rustwide/workdir" "-m" "1610612736" "--user" "0:0" "--network" "none" "ghcr.io/rust-lang/crates-build-env/linux@sha256:2788e3201cd34a07e3172128adcd8b3090168a8e3bcc40d7c032b9dda1df7d1c" "/opt/rustwide/cargo-home/bin/cargo" "+1.75.0" "test" "--frozen" "--no-run" "--message-format=json", kill_on_drop: false }`
[INFO] [stdout] 4ad613adbe1a1470f651613aa62390b9440e8a0a5637c7bd8289056e246ca085
[INFO] running `Command { std: "docker" "start" "-a" "4ad613adbe1a1470f651613aa62390b9440e8a0a5637c7bd8289056e246ca085", kill_on_drop: false }`
[INFO] [stdout] warning: unused variable: `options`
[INFO] [stdout]   --> src/chunks/adt/mcnk.rs:34:9
[INFO] [stdout]    |
[INFO] [stdout] 34 |         options: &binread::ReadOptions,
[INFO] [stdout]    |         ^^^^^^^ help: if this is intentional, prefix it with an underscore: `_options`
[INFO] [stdout]    |
[INFO] [stdout]    = note: `#[warn(unused_variables)]` on by default
[INFO] [stdout] 
[INFO] [stdout] 
[INFO] [stdout] warning: unused variable: `args`
[INFO] [stdout]   --> src/chunks/adt/mcnk.rs:35:9
[INFO] [stdout]    |
[INFO] [stdout] 35 |         args: Self::Args,
[INFO] [stdout]    |         ^^^^ help: if this is intentional, prefix it with an underscore: `_args`
[INFO] [stdout] 
[INFO] [stdout] 
[INFO] [stdout] warning: unused variable: `options`
[INFO] [stdout]    --> src/chunks/adt/mcnk.rs:306:9
[INFO] [stdout]     |
[INFO] [stdout] 306 |         options: &binread::ReadOptions,
[INFO] [stdout]     |         ^^^^^^^ help: if this is intentional, prefix it with an underscore: `_options`
[INFO] [stdout] 
[INFO] [stdout] 
[INFO] [stdout] warning: unused variable: `args`
[INFO] [stdout]    --> src/chunks/adt/mcnk.rs:307:9
[INFO] [stdout]     |
[INFO] [stdout] 307 |         args: Self::Args,
[INFO] [stdout]     |         ^^^^ help: if this is intentional, prefix it with an underscore: `_args`
[INFO] [stdout] 
[INFO] [stdout] 
[INFO] [stdout] warning: unused variable: `options`
[INFO] [stdout]    --> src/chunks/adt/mcnk.rs:358:9
[INFO] [stdout]     |
[INFO] [stdout] 358 |         options: &ReadOptions,
[INFO] [stdout]     |         ^^^^^^^ help: if this is intentional, prefix it with an underscore: `_options`
[INFO] [stdout] 
[INFO] [stdout] 
[INFO] [stdout] warning: unused variable: `options`
[INFO] [stdout]   --> src/chunks/wdt/mphd.rs:25:9
[INFO] [stdout]    |
[INFO] [stdout] 25 |         options: &binread::ReadOptions,
[INFO] [stdout]    |         ^^^^^^^ help: if this is intentional, prefix it with an underscore: `_options`
[INFO] [stdout] 
[INFO] [stdout] 
[INFO] [stdout] warning: unused variable: `args`
[INFO] [stdout]   --> src/chunks/wdt/mphd.rs:26:9
[INFO] [stdout]    |
[INFO] [stdout] 26 |         args: Self::Args,
[INFO] [stdout]    |         ^^^^ help: if this is intentional, prefix it with an underscore: `_args`
[INFO] [stdout] 
[INFO] [stdout] 
[INFO] [stdout] warning: unused variable: `layer`
[INFO] [stdout]   --> src/files/blp.rs:58:13
[INFO] [stdout]    |
[INFO] [stdout] 58 |             layer,
[INFO] [stdout]    |             ^^^^^ help: if this is intentional, prefix it with an underscore: `_layer`
[INFO] [stdout] 
[INFO] [stdout] 
[INFO] [stdout] warning: unused variable: `alpha_channel_bit_depth`
[INFO] [stdout]   --> src/files/blp.rs:60:13
[INFO] [stdout]    |
[INFO] [stdout] 60 |             alpha_channel_bit_depth,
[INFO] [stdout]    |             ^^^^^^^^^^^^^^^^^^^^^^^ help: if this is intentional, prefix it with an underscore: `_alpha_channel_bit_depth`
[INFO] [stdout] 
[INFO] [stdout] 
[INFO] [stdout] warning: unused variable: `args`
[INFO] [stdout]    --> src/files/blp.rs:125:9
[INFO] [stdout]     |
[INFO] [stdout] 125 |         args: Self::Args,
[INFO] [stdout]     |         ^^^^ help: if this is intentional, prefix it with an underscore: `_args`
[INFO] [stdout] 
[INFO] [stdout] 
[INFO] [stdout] warning: unused variable: `options`
[INFO] [stdout]   --> src/files/bls.rs:74:9
[INFO] [stdout]    |
[INFO] [stdout] 74 |         options: &binread::ReadOptions,
[INFO] [stdout]    |         ^^^^^^^ help: if this is intentional, prefix it with an underscore: `_options`
[INFO] [stdout] 
[INFO] [stdout] 
[INFO] [stdout] warning: unused variable: `args`
[INFO] [stdout]   --> src/files/bls.rs:75:9
[INFO] [stdout]    |
[INFO] [stdout] 75 |         args: Self::Args,
[INFO] [stdout]    |         ^^^^ help: if this is intentional, prefix it with an underscore: `_args`
[INFO] [stdout] 
[INFO] [stdout] 
[INFO] [stdout] warning: constant `MCNK_FLAG_HAS_MCSH` is never used
[INFO] [stdout]  --> src/chunks/adt/mcnk.rs:8:7
[INFO] [stdout]   |
[INFO] [stdout] 8 | const MCNK_FLAG_HAS_MCSH: u32 = 0x01;
[INFO] [stdout]   |       ^^^^^^^^^^^^^^^^^^
[INFO] [stdout]   |
[INFO] [stdout]   = note: `#[warn(dead_code)]` on by default
[INFO] [stdout] 
[INFO] [stdout] 
[INFO] [stdout] warning: constant `MCNK_FLAG_UNK` is never used
[INFO] [stdout]   --> src/chunks/adt/mcnk.rs:14:7
[INFO] [stdout]    |
[INFO] [stdout] 14 | const MCNK_FLAG_UNK: u32 = 0x40;
[INFO] [stdout]    |       ^^^^^^^^^^^^^
[INFO] [stdout] 
[INFO] [stdout] 
[INFO] [stdout] warning: multiple fields are never read
[INFO] [stdout]   --> src/chunks/adt/mcnk.rs:71:5
[INFO] [stdout]    |
[INFO] [stdout] 61 | pub struct MCNK {
[INFO] [stdout]    |            ---- fields in this struct
[INFO] [stdout] ...
[INFO] [stdout] 71 |     ofs_height: u32,
[INFO] [stdout]    |     ^^^^^^^^^^
[INFO] [stdout] 72 |     ofs_normal: u32,
[INFO] [stdout]    |     ^^^^^^^^^^
[INFO] [stdout] 73 |     ofs_layer: u32,
[INFO] [stdout]    |     ^^^^^^^^^
[INFO] [stdout] 74 |     ofs_refs: u32,
[INFO] [stdout]    |     ^^^^^^^^
[INFO] [stdout] 75 |     ofs_alpha: u32,
[INFO] [stdout]    |     ^^^^^^^^^
[INFO] [stdout] 76 |     size_alpha: u32,
[INFO] [stdout]    |     ^^^^^^^^^^
[INFO] [stdout] 77 |     ofs_shadow: u32,
[INFO] [stdout]    |     ^^^^^^^^^^
[INFO] [stdout] 78 |     size_shadow: u32,
[INFO] [stdout]    |     ^^^^^^^^^^^
[INFO] [stdout]    |
[INFO] [stdout]    = note: `MCNK` has derived impls for the traits `Debug` and `Clone`, but these are intentionally ignored during dead code analysis
[INFO] [stdout] 
[INFO] [stdout] 
[INFO] [stdout] warning: constant `MCLY_FLAG_ANIMATE_45` is never used
[INFO] [stdout]    --> src/chunks/adt/mcnk.rs:281:7
[INFO] [stdout]     |
[INFO] [stdout] 281 | const MCLY_FLAG_ANIMATE_45: u32 = 0x01;
[INFO] [stdout]     |       ^^^^^^^^^^^^^^^^^^^^
[INFO] [stdout] 
[INFO] [stdout] 
[INFO] [stdout] warning: constant `MCLY_FLAG_ANIMATE_90` is never used
[INFO] [stdout]    --> src/chunks/adt/mcnk.rs:282:7
[INFO] [stdout]     |
[INFO] [stdout] 282 | const MCLY_FLAG_ANIMATE_90: u32 = 0x2;
[INFO] [stdout]     |       ^^^^^^^^^^^^^^^^^^^^
[INFO] [stdout] 
[INFO] [stdout] 
[INFO] [stdout] warning: constant `MCLY_FLAG_ANIMATE_180` is never used
[INFO] [stdout]    --> src/chunks/adt/mcnk.rs:283:7
[INFO] [stdout]     |
[INFO] [stdout] 283 | const MCLY_FLAG_ANIMATE_180: u32 = 0x4;
[INFO] [stdout]     |       ^^^^^^^^^^^^^^^^^^^^^
[INFO] [stdout] 
[INFO] [stdout] 
[INFO] [stdout] warning: constant `MCLY_FLAG_ANIM_FAST` is never used
[INFO] [stdout]    --> src/chunks/adt/mcnk.rs:284:7
[INFO] [stdout]     |
[INFO] [stdout] 284 | const MCLY_FLAG_ANIM_FAST: u32 = 0x8;
[INFO] [stdout]     |       ^^^^^^^^^^^^^^^^^^^
[INFO] [stdout] 
[INFO] [stdout] 
[INFO] [stdout] warning: constant `MCLY_FLAG_ANIM_FASTER` is never used
[INFO] [stdout]    --> src/chunks/adt/mcnk.rs:285:7
[INFO] [stdout]     |
[INFO] [stdout] 285 | const MCLY_FLAG_ANIM_FASTER: u32 = 0x10;
[INFO] [stdout]     |       ^^^^^^^^^^^^^^^^^^^^^
[INFO] [stdout] 
[INFO] [stdout] 
[INFO] [stdout] warning: constant `MCLY_FLAG_ANIM_FASTEST` is never used
[INFO] [stdout]    --> src/chunks/adt/mcnk.rs:286:7
[INFO] [stdout]     |
[INFO] [stdout] 286 | const MCLY_FLAG_ANIM_FASTEST: u32 = 0x20;
[INFO] [stdout]     |       ^^^^^^^^^^^^^^^^^^^^^^
[INFO] [stdout] 
[INFO] [stdout] 
[INFO] [stdout] warning: constant `MCLY_FLAG_ANIMATE` is never used
[INFO] [stdout]    --> src/chunks/adt/mcnk.rs:287:7
[INFO] [stdout]     |
[INFO] [stdout] 287 | const MCLY_FLAG_ANIMATE: u32 = 0x40;
[INFO] [stdout]     |       ^^^^^^^^^^^^^^^^^
[INFO] [stdout] 
[INFO] [stdout] 
[INFO] [stdout] warning: constant `MCLY_FLAG_GLOW` is never used
[INFO] [stdout]    --> src/chunks/adt/mcnk.rs:288:7
[INFO] [stdout]     |
[INFO] [stdout] 288 | const MCLY_FLAG_GLOW: u32 = 0x80;
[INFO] [stdout]     |       ^^^^^^^^^^^^^^
[INFO] [stdout] 
[INFO] [stdout] 
[INFO] [stdout] warning: constant `MCLY_FLAG_REFLECTION` is never used
[INFO] [stdout]    --> src/chunks/adt/mcnk.rs:291:7
[INFO] [stdout]     |
[INFO] [stdout] 291 | const MCLY_FLAG_REFLECTION: u32 = 0x400;
[INFO] [stdout]     |       ^^^^^^^^^^^^^^^^^^^^
[INFO] [stdout] 
[INFO] [stdout] 
[INFO] [stdout] warning: fields `doodad_refs` and `n_map_obj_refs` are never read
[INFO] [stdout]    --> src/chunks/adt/mcnk.rs:343:5
[INFO] [stdout]     |
[INFO] [stdout] 341 | pub struct MCRF {
[INFO] [stdout]     |            ---- fields in this struct
[INFO] [stdout] 342 |     #[br(count = n_doodad_refs)]
[INFO] [stdout] 343 |     doodad_refs: Vec<u32>,
[INFO] [stdout]     |     ^^^^^^^^^^^
[INFO] [stdout] 344 |     #[br(count = n_map_obj_refs)]
[INFO] [stdout] 345 |     n_map_obj_refs: Vec<u32>,
[INFO] [stdout]     |     ^^^^^^^^^^^^^^
[INFO] [stdout]     |
[INFO] [stdout]     = note: `MCRF` has derived impls for the traits `Debug` and `Clone`, but these are intentionally ignored during dead code analysis
[INFO] [stdout] 
[INFO] [stdout] 
[INFO] [stderr]    Compiling wow_chunky v0.1.0 (/opt/rustwide/workdir)
[INFO] [stdout] warning: constant `MPHD_FLAG_USES_GLOBAL_MAP_OBJ` is never used
[INFO] [stdout]  --> src/chunks/wdt/mphd.rs:5:7
[INFO] [stdout]   |
[INFO] [stdout] 5 | const MPHD_FLAG_USES_GLOBAL_MAP_OBJ: u32 = 0x01;
[INFO] [stdout]   |       ^^^^^^^^^^^^^^^^^^^^^^^^^^^^^
[INFO] [stdout] 
[INFO] [stdout] 
[INFO] [stdout] warning: constant `MPHD_FLAG_ADT_HAS_MCCV` is never used
[INFO] [stdout]  --> src/chunks/wdt/mphd.rs:6:7
[INFO] [stdout]   |
[INFO] [stdout] 6 | const MPHD_FLAG_ADT_HAS_MCCV: u32 = 0x2;
[INFO] [stdout]   |       ^^^^^^^^^^^^^^^^^^^^^^
[INFO] [stdout] 
[INFO] [stdout] 
[INFO] [stdout] warning: constant `MPHD_FLAG_ADT_HAS_BIG_ALPHA` is never used
[INFO] [stdout]  --> src/chunks/wdt/mphd.rs:7:7
[INFO] [stdout]   |
[INFO] [stdout] 7 | const MPHD_FLAG_ADT_HAS_BIG_ALPHA: u32 = 0x4;
[INFO] [stdout]   |       ^^^^^^^^^^^^^^^^^^^^^^^^^^^
[INFO] [stdout] 
[INFO] [stdout] 
[INFO] [stdout] warning: constant `MPHD_FLAG_ADT_HAS_DOODADS_SORTED_BY_SIZE` is never used
[INFO] [stdout]  --> src/chunks/wdt/mphd.rs:8:7
[INFO] [stdout]   |
[INFO] [stdout] 8 | const MPHD_FLAG_ADT_HAS_DOODADS_SORTED_BY_SIZE: u32 = 0x8;
[INFO] [stdout]   |       ^^^^^^^^^^^^^^^^^^^^^^^^^^^^^^^^^^^^^^^^
[INFO] [stdout] 
[INFO] [stdout] 
[INFO] [stdout] warning: constant `MPHD_FLAG_LIGHTING_VERTICES` is never used
[INFO] [stdout]  --> src/chunks/wdt/mphd.rs:9:7
[INFO] [stdout]   |
[INFO] [stdout] 9 | const MPHD_FLAG_LIGHTING_VERTICES: u32 = 0x10;
[INFO] [stdout]   |       ^^^^^^^^^^^^^^^^^^^^^^^^^^^
[INFO] [stdout] 
[INFO] [stdout] 
[INFO] [stdout] warning: constant `MPHD_FLAG_UPSIDE_DOWN_GROUND` is never used
[INFO] [stdout]   --> src/chunks/wdt/mphd.rs:10:7
[INFO] [stdout]    |
[INFO] [stdout] 10 | const MPHD_FLAG_UPSIDE_DOWN_GROUND: u32 = 0x20;
[INFO] [stdout]    |       ^^^^^^^^^^^^^^^^^^^^^^^^^^^^
[INFO] [stdout] 
[INFO] [stdout] 
[INFO] [stdout] warning: fields `magic` and `version` are never read
[INFO] [stdout]    --> src/files/blp.rs:108:5
[INFO] [stdout]     |
[INFO] [stdout] 107 | pub struct BLP {
[INFO] [stdout]     |            --- fields in this struct
[INFO] [stdout] 108 |     magic: u32,
[INFO] [stdout]     |     ^^^^^
[INFO] [stdout] 109 |     version: u32,
[INFO] [stdout]     |     ^^^^^^^
[INFO] [stdout]     |
[INFO] [stdout]     = note: `BLP` has a derived impl for the trait `Debug`, but this is intentionally ignored during dead code analysis
[INFO] [stdout] 
[INFO] [stdout] 
[INFO] [stdout] warning: fields `binding`, `float`, `param_type`, `unk`, and `unk2` are never read
[INFO] [stdout]   --> src/files/bls.rs:32:5
[INFO] [stdout]    |
[INFO] [stdout] 29 | pub struct BLSBlockParam {
[INFO] [stdout]    |            ------------- fields in this struct
[INFO] [stdout] ...
[INFO] [stdout] 32 |     binding: u32,
[INFO] [stdout]    |     ^^^^^^^
[INFO] [stdout] 33 |     #[br(count = 16)]
[INFO] [stdout] 34 |     float: Vec<f32>,
[INFO] [stdout]    |     ^^^^^
[INFO] [stdout] 35 |     param_type: ParamType,
[INFO] [stdout]    |     ^^^^^^^^^^
[INFO] [stdout] 36 |     unk: u32,
[INFO] [stdout]    |     ^^^
[INFO] [stdout] 37 |     unk2: u32,
[INFO] [stdout]    |     ^^^^
[INFO] [stdout]    |
[INFO] [stdout]    = note: `BLSBlockParam` has a derived impl for the trait `Debug`, but this is intentionally ignored during dead code analysis
[INFO] [stdout] 
[INFO] [stdout] 
[INFO] [stdout] warning: fields `version`, `permutation_count`, and `blocks` are never read
[INFO] [stdout]   --> src/files/bls.rs:64:5
[INFO] [stdout]    |
[INFO] [stdout] 62 | pub struct BLS {
[INFO] [stdout]    |            --- fields in this struct
[INFO] [stdout] 63 |     pub token: String,
[INFO] [stdout] 64 |     version: u32,
[INFO] [stdout]    |     ^^^^^^^
[INFO] [stdout] 65 |     permutation_count: u32,
[INFO] [stdout]    |     ^^^^^^^^^^^^^^^^^
[INFO] [stdout] 66 |     blocks: Vec<BLSBlock>,
[INFO] [stdout]    |     ^^^^^^
[INFO] [stdout]    |
[INFO] [stdout]    = note: `BLS` has a derived impl for the trait `Debug`, but this is intentionally ignored during dead code analysis
[INFO] [stdout] 
[INFO] [stdout] 
[INFO] [stdout] warning: 34 warnings emitted
[INFO] [stdout] 
[INFO] [stdout] 
[INFO] [stdout] warning: unused variable: `options`
[INFO] [stdout]   --> src/chunks/adt/mcnk.rs:34:9
[INFO] [stdout]    |
[INFO] [stdout] 34 |         options: &binread::ReadOptions,
[INFO] [stdout]    |         ^^^^^^^ help: if this is intentional, prefix it with an underscore: `_options`
[INFO] [stdout]    |
[INFO] [stdout]    = note: `#[warn(unused_variables)]` on by default
[INFO] [stdout] 
[INFO] [stdout] 
[INFO] [stdout] warning: unused variable: `args`
[INFO] [stdout]   --> src/chunks/adt/mcnk.rs:35:9
[INFO] [stdout]    |
[INFO] [stdout] 35 |         args: Self::Args,
[INFO] [stdout]    |         ^^^^ help: if this is intentional, prefix it with an underscore: `_args`
[INFO] [stdout] 
[INFO] [stdout] 
[INFO] [stdout] warning: unused variable: `options`
[INFO] [stdout]    --> src/chunks/adt/mcnk.rs:306:9
[INFO] [stdout]     |
[INFO] [stdout] 306 |         options: &binread::ReadOptions,
[INFO] [stdout]     |         ^^^^^^^ help: if this is intentional, prefix it with an underscore: `_options`
[INFO] [stdout] 
[INFO] [stdout] 
[INFO] [stdout] warning: unused variable: `args`
[INFO] [stdout]    --> src/chunks/adt/mcnk.rs:307:9
[INFO] [stdout]     |
[INFO] [stdout] 307 |         args: Self::Args,
[INFO] [stdout]     |         ^^^^ help: if this is intentional, prefix it with an underscore: `_args`
[INFO] [stdout] 
[INFO] [stdout] 
[INFO] [stdout] warning: unused variable: `options`
[INFO] [stdout]    --> src/chunks/adt/mcnk.rs:358:9
[INFO] [stdout]     |
[INFO] [stdout] 358 |         options: &ReadOptions,
[INFO] [stdout]     |         ^^^^^^^ help: if this is intentional, prefix it with an underscore: `_options`
[INFO] [stdout] 
[INFO] [stdout] 
[INFO] [stdout] warning: unused variable: `options`
[INFO] [stdout]   --> src/chunks/wdt/mphd.rs:25:9
[INFO] [stdout]    |
[INFO] [stdout] 25 |         options: &binread::ReadOptions,
[INFO] [stdout]    |         ^^^^^^^ help: if this is intentional, prefix it with an underscore: `_options`
[INFO] [stdout] 
[INFO] [stdout] 
[INFO] [stdout] warning: unused variable: `args`
[INFO] [stdout]   --> src/chunks/wdt/mphd.rs:26:9
[INFO] [stdout]    |
[INFO] [stdout] 26 |         args: Self::Args,
[INFO] [stdout]    |         ^^^^ help: if this is intentional, prefix it with an underscore: `_args`
[INFO] [stdout] 
[INFO] [stdout] 
[INFO] [stdout] warning: unused variable: `layer`
[INFO] [stdout]   --> src/files/blp.rs:58:13
[INFO] [stdout]    |
[INFO] [stdout] 58 |             layer,
[INFO] [stdout]    |             ^^^^^ help: if this is intentional, prefix it with an underscore: `_layer`
[INFO] [stdout] 
[INFO] [stdout] 
[INFO] [stdout] warning: unused variable: `alpha_channel_bit_depth`
[INFO] [stdout]   --> src/files/blp.rs:60:13
[INFO] [stdout]    |
[INFO] [stdout] 60 |             alpha_channel_bit_depth,
[INFO] [stdout]    |             ^^^^^^^^^^^^^^^^^^^^^^^ help: if this is intentional, prefix it with an underscore: `_alpha_channel_bit_depth`
[INFO] [stdout] 
[INFO] [stdout] 
[INFO] [stdout] warning: unused variable: `args`
[INFO] [stdout]    --> src/files/blp.rs:125:9
[INFO] [stdout]     |
[INFO] [stdout] 125 |         args: Self::Args,
[INFO] [stdout]     |         ^^^^ help: if this is intentional, prefix it with an underscore: `_args`
[INFO] [stdout] 
[INFO] [stdout] 
[INFO] [stdout] warning: unused variable: `options`
[INFO] [stdout]   --> src/files/bls.rs:74:9
[INFO] [stdout]    |
[INFO] [stdout] 74 |         options: &binread::ReadOptions,
[INFO] [stdout]    |         ^^^^^^^ help: if this is intentional, prefix it with an underscore: `_options`
[INFO] [stdout] 
[INFO] [stdout] 
[INFO] [stdout] warning: unused variable: `args`
[INFO] [stdout]   --> src/files/bls.rs:75:9
[INFO] [stdout]    |
[INFO] [stdout] 75 |         args: Self::Args,
[INFO] [stdout]    |         ^^^^ help: if this is intentional, prefix it with an underscore: `_args`
[INFO] [stdout] 
[INFO] [stdout] 
[INFO] [stdout] warning: constant `MCNK_FLAG_HAS_MCSH` is never used
[INFO] [stdout]  --> src/chunks/adt/mcnk.rs:8:7
[INFO] [stdout]   |
[INFO] [stdout] 8 | const MCNK_FLAG_HAS_MCSH: u32 = 0x01;
[INFO] [stdout]   |       ^^^^^^^^^^^^^^^^^^
[INFO] [stdout]   |
[INFO] [stdout]   = note: `#[warn(dead_code)]` on by default
[INFO] [stdout] 
[INFO] [stdout] 
[INFO] [stdout] warning: constant `MCNK_FLAG_UNK` is never used
[INFO] [stdout]   --> src/chunks/adt/mcnk.rs:14:7
[INFO] [stdout]    |
[INFO] [stdout] 14 | const MCNK_FLAG_UNK: u32 = 0x40;
[INFO] [stdout]    |       ^^^^^^^^^^^^^
[INFO] [stdout] 
[INFO] [stdout] 
[INFO] [stdout] warning: multiple fields are never read
[INFO] [stdout]   --> src/chunks/adt/mcnk.rs:71:5
[INFO] [stdout]    |
[INFO] [stdout] 61 | pub struct MCNK {
[INFO] [stdout]    |            ---- fields in this struct
[INFO] [stdout] ...
[INFO] [stdout] 71 |     ofs_height: u32,
[INFO] [stdout]    |     ^^^^^^^^^^
[INFO] [stdout] 72 |     ofs_normal: u32,
[INFO] [stdout]    |     ^^^^^^^^^^
[INFO] [stdout] 73 |     ofs_layer: u32,
[INFO] [stdout]    |     ^^^^^^^^^
[INFO] [stdout] 74 |     ofs_refs: u32,
[INFO] [stdout]    |     ^^^^^^^^
[INFO] [stdout] 75 |     ofs_alpha: u32,
[INFO] [stdout]    |     ^^^^^^^^^
[INFO] [stdout] 76 |     size_alpha: u32,
[INFO] [stdout]    |     ^^^^^^^^^^
[INFO] [stdout] 77 |     ofs_shadow: u32,
[INFO] [stdout]    |     ^^^^^^^^^^
[INFO] [stdout] 78 |     size_shadow: u32,
[INFO] [stdout]    |     ^^^^^^^^^^^
[INFO] [stdout]    |
[INFO] [stdout]    = note: `MCNK` has derived impls for the traits `Debug` and `Clone`, but these are intentionally ignored during dead code analysis
[INFO] [stdout] 
[INFO] [stdout] 
[INFO] [stdout] warning: constant `MCLY_FLAG_ANIMATE_45` is never used
[INFO] [stdout]    --> src/chunks/adt/mcnk.rs:281:7
[INFO] [stdout]     |
[INFO] [stdout] 281 | const MCLY_FLAG_ANIMATE_45: u32 = 0x01;
[INFO] [stdout]     |       ^^^^^^^^^^^^^^^^^^^^
[INFO] [stdout] 
[INFO] [stdout] 
[INFO] [stdout] warning: constant `MCLY_FLAG_ANIMATE_90` is never used
[INFO] [stdout]    --> src/chunks/adt/mcnk.rs:282:7
[INFO] [stdout]     |
[INFO] [stdout] 282 | const MCLY_FLAG_ANIMATE_90: u32 = 0x2;
[INFO] [stdout]     |       ^^^^^^^^^^^^^^^^^^^^
[INFO] [stdout] 
[INFO] [stdout] 
[INFO] [stdout] warning: constant `MCLY_FLAG_ANIMATE_180` is never used
[INFO] [stdout]    --> src/chunks/adt/mcnk.rs:283:7
[INFO] [stdout]     |
[INFO] [stdout] 283 | const MCLY_FLAG_ANIMATE_180: u32 = 0x4;
[INFO] [stdout]     |       ^^^^^^^^^^^^^^^^^^^^^
[INFO] [stdout] 
[INFO] [stdout] 
[INFO] [stdout] warning: constant `MCLY_FLAG_ANIM_FAST` is never used
[INFO] [stdout]    --> src/chunks/adt/mcnk.rs:284:7
[INFO] [stdout]     |
[INFO] [stdout] 284 | const MCLY_FLAG_ANIM_FAST: u32 = 0x8;
[INFO] [stdout]     |       ^^^^^^^^^^^^^^^^^^^
[INFO] [stdout] 
[INFO] [stdout] 
[INFO] [stdout] warning: constant `MCLY_FLAG_ANIM_FASTER` is never used
[INFO] [stdout]    --> src/chunks/adt/mcnk.rs:285:7
[INFO] [stdout]     |
[INFO] [stdout] 285 | const MCLY_FLAG_ANIM_FASTER: u32 = 0x10;
[INFO] [stdout]     |       ^^^^^^^^^^^^^^^^^^^^^
[INFO] [stdout] 
[INFO] [stdout] 
[INFO] [stdout] warning: constant `MCLY_FLAG_ANIM_FASTEST` is never used
[INFO] [stdout]    --> src/chunks/adt/mcnk.rs:286:7
[INFO] [stdout]     |
[INFO] [stdout] 286 | const MCLY_FLAG_ANIM_FASTEST: u32 = 0x20;
[INFO] [stdout]     |       ^^^^^^^^^^^^^^^^^^^^^^
[INFO] [stdout] 
[INFO] [stdout] 
[INFO] [stdout] warning: constant `MCLY_FLAG_ANIMATE` is never used
[INFO] [stdout]    --> src/chunks/adt/mcnk.rs:287:7
[INFO] [stdout]     |
[INFO] [stdout] 287 | const MCLY_FLAG_ANIMATE: u32 = 0x40;
[INFO] [stdout]     |       ^^^^^^^^^^^^^^^^^
[INFO] [stdout] 
[INFO] [stdout] 
[INFO] [stdout] warning: constant `MCLY_FLAG_GLOW` is never used
[INFO] [stdout]    --> src/chunks/adt/mcnk.rs:288:7
[INFO] [stdout]     |
[INFO] [stdout] 288 | const MCLY_FLAG_GLOW: u32 = 0x80;
[INFO] [stdout]     |       ^^^^^^^^^^^^^^
[INFO] [stdout] 
[INFO] [stdout] 
[INFO] [stdout] warning: constant `MCLY_FLAG_REFLECTION` is never used
[INFO] [stdout]    --> src/chunks/adt/mcnk.rs:291:7
[INFO] [stdout]     |
[INFO] [stdout] 291 | const MCLY_FLAG_REFLECTION: u32 = 0x400;
[INFO] [stdout]     |       ^^^^^^^^^^^^^^^^^^^^
[INFO] [stdout] 
[INFO] [stdout] 
[INFO] [stdout] warning: fields `doodad_refs` and `n_map_obj_refs` are never read
[INFO] [stdout]    --> src/chunks/adt/mcnk.rs:343:5
[INFO] [stdout]     |
[INFO] [stdout] 341 | pub struct MCRF {
[INFO] [stdout]     |            ---- fields in this struct
[INFO] [stdout] 342 |     #[br(count = n_doodad_refs)]
[INFO] [stdout] 343 |     doodad_refs: Vec<u32>,
[INFO] [stdout]     |     ^^^^^^^^^^^
[INFO] [stdout] 344 |     #[br(count = n_map_obj_refs)]
[INFO] [stdout] 345 |     n_map_obj_refs: Vec<u32>,
[INFO] [stdout]     |     ^^^^^^^^^^^^^^
[INFO] [stdout]     |
[INFO] [stdout]     = note: `MCRF` has derived impls for the traits `Debug` and `Clone`, but these are intentionally ignored during dead code analysis
[INFO] [stdout] 
[INFO] [stdout] 
[INFO] [stdout] warning: constant `MPHD_FLAG_USES_GLOBAL_MAP_OBJ` is never used
[INFO] [stdout]  --> src/chunks/wdt/mphd.rs:5:7
[INFO] [stdout]   |
[INFO] [stdout] 5 | const MPHD_FLAG_USES_GLOBAL_MAP_OBJ: u32 = 0x01;
[INFO] [stdout]   |       ^^^^^^^^^^^^^^^^^^^^^^^^^^^^^
[INFO] [stdout] 
[INFO] [stdout] 
[INFO] [stdout] warning: constant `MPHD_FLAG_ADT_HAS_MCCV` is never used
[INFO] [stdout]  --> src/chunks/wdt/mphd.rs:6:7
[INFO] [stdout]   |
[INFO] [stdout] 6 | const MPHD_FLAG_ADT_HAS_MCCV: u32 = 0x2;
[INFO] [stdout]   |       ^^^^^^^^^^^^^^^^^^^^^^
[INFO] [stdout] 
[INFO] [stdout] 
[INFO] [stdout] warning: constant `MPHD_FLAG_ADT_HAS_BIG_ALPHA` is never used
[INFO] [stdout]  --> src/chunks/wdt/mphd.rs:7:7
[INFO] [stdout]   |
[INFO] [stdout] 7 | const MPHD_FLAG_ADT_HAS_BIG_ALPHA: u32 = 0x4;
[INFO] [stdout]   |       ^^^^^^^^^^^^^^^^^^^^^^^^^^^
[INFO] [stdout] 
[INFO] [stdout] 
[INFO] [stdout] warning: constant `MPHD_FLAG_ADT_HAS_DOODADS_SORTED_BY_SIZE` is never used
[INFO] [stdout]  --> src/chunks/wdt/mphd.rs:8:7
[INFO] [stdout]   |
[INFO] [stdout] 8 | const MPHD_FLAG_ADT_HAS_DOODADS_SORTED_BY_SIZE: u32 = 0x8;
[INFO] [stdout]   |       ^^^^^^^^^^^^^^^^^^^^^^^^^^^^^^^^^^^^^^^^
[INFO] [stdout] 
[INFO] [stdout] 
[INFO] [stdout] warning: constant `MPHD_FLAG_LIGHTING_VERTICES` is never used
[INFO] [stdout]  --> src/chunks/wdt/mphd.rs:9:7
[INFO] [stdout]   |
[INFO] [stdout] 9 | const MPHD_FLAG_LIGHTING_VERTICES: u32 = 0x10;
[INFO] [stdout]   |       ^^^^^^^^^^^^^^^^^^^^^^^^^^^
[INFO] [stdout] 
[INFO] [stdout] 
[INFO] [stdout] warning: constant `MPHD_FLAG_UPSIDE_DOWN_GROUND` is never used
[INFO] [stdout]   --> src/chunks/wdt/mphd.rs:10:7
[INFO] [stdout]    |
[INFO] [stdout] 10 | const MPHD_FLAG_UPSIDE_DOWN_GROUND: u32 = 0x20;
[INFO] [stdout]    |       ^^^^^^^^^^^^^^^^^^^^^^^^^^^^
[INFO] [stdout] 
[INFO] [stdout] 
[INFO] [stdout] warning: fields `magic` and `version` are never read
[INFO] [stdout]    --> src/files/blp.rs:108:5
[INFO] [stdout]     |
[INFO] [stdout] 107 | pub struct BLP {
[INFO] [stdout]     |            --- fields in this struct
[INFO] [stdout] 108 |     magic: u32,
[INFO] [stdout]     |     ^^^^^
[INFO] [stdout] 109 |     version: u32,
[INFO] [stdout]     |     ^^^^^^^
[INFO] [stdout]     |
[INFO] [stdout]     = note: `BLP` has a derived impl for the trait `Debug`, but this is intentionally ignored during dead code analysis
[INFO] [stdout] 
[INFO] [stdout] 
[INFO] [stdout] warning: fields `binding`, `float`, `param_type`, `unk`, and `unk2` are never read
[INFO] [stdout]   --> src/files/bls.rs:32:5
[INFO] [stdout]    |
[INFO] [stdout] 29 | pub struct BLSBlockParam {
[INFO] [stdout]    |            ------------- fields in this struct
[INFO] [stdout] ...
[INFO] [stdout] 32 |     binding: u32,
[INFO] [stdout]    |     ^^^^^^^
[INFO] [stdout] 33 |     #[br(count = 16)]
[INFO] [stdout] 34 |     float: Vec<f32>,
[INFO] [stdout]    |     ^^^^^
[INFO] [stdout] 35 |     param_type: ParamType,
[INFO] [stdout]    |     ^^^^^^^^^^
[INFO] [stdout] 36 |     unk: u32,
[INFO] [stdout]    |     ^^^
[INFO] [stdout] 37 |     unk2: u32,
[INFO] [stdout]    |     ^^^^
[INFO] [stdout]    |
[INFO] [stdout]    = note: `BLSBlockParam` has a derived impl for the trait `Debug`, but this is intentionally ignored during dead code analysis
[INFO] [stdout] 
[INFO] [stdout] 
[INFO] [stdout] warning: fields `version`, `permutation_count`, and `blocks` are never read
[INFO] [stdout]   --> src/files/bls.rs:64:5
[INFO] [stdout]    |
[INFO] [stdout] 62 | pub struct BLS {
[INFO] [stdout]    |            --- fields in this struct
[INFO] [stdout] 63 |     pub token: String,
[INFO] [stdout] 64 |     version: u32,
[INFO] [stdout]    |     ^^^^^^^
[INFO] [stdout] 65 |     permutation_count: u32,
[INFO] [stdout]    |     ^^^^^^^^^^^^^^^^^
[INFO] [stdout] 66 |     blocks: Vec<BLSBlock>,
[INFO] [stdout]    |     ^^^^^^
[INFO] [stdout]    |
[INFO] [stdout]    = note: `BLS` has a derived impl for the trait `Debug`, but this is intentionally ignored during dead code analysis
[INFO] [stdout] 
[INFO] [stdout] 
[INFO] [stdout] warning: 34 warnings emitted
[INFO] [stdout] 
[INFO] [stdout] 
[INFO] [stderr]     Finished test [unoptimized + debuginfo] target(s) in 0.57s
[INFO] running `Command { std: "docker" "inspect" "4ad613adbe1a1470f651613aa62390b9440e8a0a5637c7bd8289056e246ca085", kill_on_drop: false }`
[INFO] running `Command { std: "docker" "rm" "-f" "4ad613adbe1a1470f651613aa62390b9440e8a0a5637c7bd8289056e246ca085", kill_on_drop: false }`
[INFO] [stdout] 4ad613adbe1a1470f651613aa62390b9440e8a0a5637c7bd8289056e246ca085
[INFO] running `Command { std: "docker" "create" "-v" "/var/lib/crater-agent-workspace/builds/worker-4-tc1/target:/opt/rustwide/target:rw,Z" "-v" "/var/lib/crater-agent-workspace/builds/worker-4-tc1/source:/opt/rustwide/workdir:ro,Z" "-v" "/var/lib/crater-agent-workspace/cargo-home:/opt/rustwide/cargo-home:ro,Z" "-v" "/var/lib/crater-agent-workspace/rustup-home:/opt/rustwide/rustup-home:ro,Z" "-e" "SOURCE_DIR=/opt/rustwide/workdir" "-e" "CARGO_TARGET_DIR=/opt/rustwide/target" "-e" "CARGO_INCREMENTAL=0" "-e" "RUST_BACKTRACE=full" "-e" "RUSTFLAGS=--cap-lints=warn" "-e" "RUSTDOCFLAGS=--cap-lints=warn" "-e" "CARGO_HOME=/opt/rustwide/cargo-home" "-e" "RUSTUP_HOME=/opt/rustwide/rustup-home" "-w" "/opt/rustwide/workdir" "-m" "1610612736" "--user" "0:0" "--network" "none" "ghcr.io/rust-lang/crates-build-env/linux@sha256:2788e3201cd34a07e3172128adcd8b3090168a8e3bcc40d7c032b9dda1df7d1c" "/opt/rustwide/cargo-home/bin/cargo" "+1.75.0" "test" "--frozen", kill_on_drop: false }`
[INFO] [stdout] 12f324dbc2ff9aaa1ae5346e530350eb4b976813659fd3643f496d41fa0c3166
[INFO] running `Command { std: "docker" "start" "-a" "12f324dbc2ff9aaa1ae5346e530350eb4b976813659fd3643f496d41fa0c3166", kill_on_drop: false }`
[INFO] [stderr] warning: unused variable: `options`
[INFO] [stderr]   --> src/chunks/adt/mcnk.rs:34:9
[INFO] [stderr]    |
[INFO] [stderr] 34 |         options: &binread::ReadOptions,
[INFO] [stderr]    |         ^^^^^^^ help: if this is intentional, prefix it with an underscore: `_options`
[INFO] [stderr]    |
[INFO] [stderr]    = note: `#[warn(unused_variables)]` on by default
[INFO] [stderr] 
[INFO] [stderr] warning: unused variable: `args`
[INFO] [stderr]   --> src/chunks/adt/mcnk.rs:35:9
[INFO] [stderr]    |
[INFO] [stderr] 35 |         args: Self::Args,
[INFO] [stderr]    |         ^^^^ help: if this is intentional, prefix it with an underscore: `_args`
[INFO] [stderr] 
[INFO] [stderr] warning: unused variable: `options`
[INFO] [stderr]    --> src/chunks/adt/mcnk.rs:306:9
[INFO] [stderr]     |
[INFO] [stderr] 306 |         options: &binread::ReadOptions,
[INFO] [stderr]     |         ^^^^^^^ help: if this is intentional, prefix it with an underscore: `_options`
[INFO] [stderr] 
[INFO] [stderr] warning: unused variable: `args`
[INFO] [stderr]    --> src/chunks/adt/mcnk.rs:307:9
[INFO] [stderr]     |
[INFO] [stderr] 307 |         args: Self::Args,
[INFO] [stderr]     |         ^^^^ help: if this is intentional, prefix it with an underscore: `_args`
[INFO] [stderr] 
[INFO] [stderr] warning: unused variable: `options`
[INFO] [stderr]    --> src/chunks/adt/mcnk.rs:358:9
[INFO] [stderr]     |
[INFO] [stderr] 358 |         options: &ReadOptions,
[INFO] [stderr]     |         ^^^^^^^ help: if this is intentional, prefix it with an underscore: `_options`
[INFO] [stderr] 
[INFO] [stderr] warning: unused variable: `options`
[INFO] [stderr]   --> src/chunks/wdt/mphd.rs:25:9
[INFO] [stderr]    |
[INFO] [stderr] 25 |         options: &binread::ReadOptions,
[INFO] [stderr]    |         ^^^^^^^ help: if this is intentional, prefix it with an underscore: `_options`
[INFO] [stderr] 
[INFO] [stderr] warning: unused variable: `args`
[INFO] [stderr]   --> src/chunks/wdt/mphd.rs:26:9
[INFO] [stderr]    |
[INFO] [stderr] 26 |         args: Self::Args,
[INFO] [stderr]    |         ^^^^ help: if this is intentional, prefix it with an underscore: `_args`
[INFO] [stderr] 
[INFO] [stderr] warning: unused variable: `layer`
[INFO] [stderr]   --> src/files/blp.rs:58:13
[INFO] [stderr]    |
[INFO] [stderr] 58 |             layer,
[INFO] [stderr]    |             ^^^^^ help: if this is intentional, prefix it with an underscore: `_layer`
[INFO] [stderr] 
[INFO] [stderr] warning: unused variable: `alpha_channel_bit_depth`
[INFO] [stderr]   --> src/files/blp.rs:60:13
[INFO] [stderr]    |
[INFO] [stderr] 60 |             alpha_channel_bit_depth,
[INFO] [stderr]    |             ^^^^^^^^^^^^^^^^^^^^^^^ help: if this is intentional, prefix it with an underscore: `_alpha_channel_bit_depth`
[INFO] [stderr] 
[INFO] [stderr] warning: unused variable: `args`
[INFO] [stderr]    --> src/files/blp.rs:125:9
[INFO] [stderr]     |
[INFO] [stderr] 125 |         args: Self::Args,
[INFO] [stderr]     |         ^^^^ help: if this is intentional, prefix it with an underscore: `_args`
[INFO] [stderr] 
[INFO] [stderr] warning: unused variable: `options`
[INFO] [stderr]   --> src/files/bls.rs:74:9
[INFO] [stderr]    |
[INFO] [stderr] 74 |         options: &binread::ReadOptions,
[INFO] [stderr]    |         ^^^^^^^ help: if this is intentional, prefix it with an underscore: `_options`
[INFO] [stderr] 
[INFO] [stderr] warning: unused variable: `args`
[INFO] [stderr]   --> src/files/bls.rs:75:9
[INFO] [stderr]    |
[INFO] [stderr] 75 |         args: Self::Args,
[INFO] [stderr]    |         ^^^^ help: if this is intentional, prefix it with an underscore: `_args`
[INFO] [stderr] 
[INFO] [stderr] warning: constant `MCNK_FLAG_HAS_MCSH` is never used
[INFO] [stderr]  --> src/chunks/adt/mcnk.rs:8:7
[INFO] [stderr]   |
[INFO] [stderr] 8 | const MCNK_FLAG_HAS_MCSH: u32 = 0x01;
[INFO] [stderr]   |       ^^^^^^^^^^^^^^^^^^
[INFO] [stderr]   |
[INFO] [stderr]   = note: `#[warn(dead_code)]` on by default
[INFO] [stderr] 
[INFO] [stderr] warning: constant `MCNK_FLAG_UNK` is never used
[INFO] [stderr]   --> src/chunks/adt/mcnk.rs:14:7
[INFO] [stderr]    |
[INFO] [stderr] 14 | const MCNK_FLAG_UNK: u32 = 0x40;
[INFO] [stderr]    |       ^^^^^^^^^^^^^
[INFO] [stderr] 
[INFO] [stderr] warning: multiple fields are never read
[INFO] [stderr]   --> src/chunks/adt/mcnk.rs:71:5
[INFO] [stderr]    |
[INFO] [stderr] 61 | pub struct MCNK {
[INFO] [stderr]    |            ---- fields in this struct
[INFO] [stderr] ...
[INFO] [stderr] 71 |     ofs_height: u32,
[INFO] [stderr]    |     ^^^^^^^^^^
[INFO] [stderr] 72 |     ofs_normal: u32,
[INFO] [stderr]    |     ^^^^^^^^^^
[INFO] [stderr] 73 |     ofs_layer: u32,
[INFO] [stderr]    |     ^^^^^^^^^
[INFO] [stderr] 74 |     ofs_refs: u32,
[INFO] [stderr]    |     ^^^^^^^^
[INFO] [stderr] 75 |     ofs_alpha: u32,
[INFO] [stderr]    |     ^^^^^^^^^
[INFO] [stderr] 76 |     size_alpha: u32,
[INFO] [stderr]    |     ^^^^^^^^^^
[INFO] [stderr] 77 |     ofs_shadow: u32,
[INFO] [stderr]    |     ^^^^^^^^^^
[INFO] [stderr] 78 |     size_shadow: u32,
[INFO] [stderr]    |     ^^^^^^^^^^^
[INFO] [stderr]    |
[INFO] [stderr]    = note: `MCNK` has derived impls for the traits `Debug` and `Clone`, but these are intentionally ignored during dead code analysis
[INFO] [stderr] 
[INFO] [stderr] warning: constant `MCLY_FLAG_ANIMATE_45` is never used
[INFO] [stderr]    --> src/chunks/adt/mcnk.rs:281:7
[INFO] [stderr]     |
[INFO] [stderr] 281 | const MCLY_FLAG_ANIMATE_45: u32 = 0x01;
[INFO] [stderr]     |       ^^^^^^^^^^^^^^^^^^^^
[INFO] [stderr] 
[INFO] [stderr] warning: constant `MCLY_FLAG_ANIMATE_90` is never used
[INFO] [stderr]    --> src/chunks/adt/mcnk.rs:282:7
[INFO] [stderr]     |
[INFO] [stderr] 282 | const MCLY_FLAG_ANIMATE_90: u32 = 0x2;
[INFO] [stderr]     |       ^^^^^^^^^^^^^^^^^^^^
[INFO] [stderr] 
[INFO] [stderr] warning: constant `MCLY_FLAG_ANIMATE_180` is never used
[INFO] [stderr]    --> src/chunks/adt/mcnk.rs:283:7
[INFO] [stderr]     |
[INFO] [stderr] 283 | const MCLY_FLAG_ANIMATE_180: u32 = 0x4;
[INFO] [stderr]     |       ^^^^^^^^^^^^^^^^^^^^^
[INFO] [stderr] 
[INFO] [stderr] warning: constant `MCLY_FLAG_ANIM_FAST` is never used
[INFO] [stderr]    --> src/chunks/adt/mcnk.rs:284:7
[INFO] [stderr]     |
[INFO] [stderr] 284 | const MCLY_FLAG_ANIM_FAST: u32 = 0x8;
[INFO] [stderr]     |       ^^^^^^^^^^^^^^^^^^^
[INFO] [stderr] 
[INFO] [stderr] warning: constant `MCLY_FLAG_ANIM_FASTER` is never used
[INFO] [stderr]    --> src/chunks/adt/mcnk.rs:285:7
[INFO] [stderr]     |
[INFO] [stderr] 285 | const MCLY_FLAG_ANIM_FASTER: u32 = 0x10;
[INFO] [stderr]     |       ^^^^^^^^^^^^^^^^^^^^^
[INFO] [stderr] 
[INFO] [stderr] warning: constant `MCLY_FLAG_ANIM_FASTEST` is never used
[INFO] [stderr]    --> src/chunks/adt/mcnk.rs:286:7
[INFO] [stderr]     |
[INFO] [stderr] 286 | const MCLY_FLAG_ANIM_FASTEST: u32 = 0x20;
[INFO] [stderr]     |       ^^^^^^^^^^^^^^^^^^^^^^
[INFO] [stderr] 
[INFO] [stderr] warning: constant `MCLY_FLAG_ANIMATE` is never used
[INFO] [stderr]    --> src/chunks/adt/mcnk.rs:287:7
[INFO] [stderr]     |
[INFO] [stderr] 287 | const MCLY_FLAG_ANIMATE: u32 = 0x40;
[INFO] [stderr]     |       ^^^^^^^^^^^^^^^^^
[INFO] [stderr] 
[INFO] [stderr] warning: constant `MCLY_FLAG_GLOW` is never used
[INFO] [stderr]    --> src/chunks/adt/mcnk.rs:288:7
[INFO] [stderr]     |
[INFO] [stderr] 288 | const MCLY_FLAG_GLOW: u32 = 0x80;
[INFO] [stderr]     |       ^^^^^^^^^^^^^^
[INFO] [stderr] 
[INFO] [stderr] warning: constant `MCLY_FLAG_REFLECTION` is never used
[INFO] [stderr]    --> src/chunks/adt/mcnk.rs:291:7
[INFO] [stderr]     |
[INFO] [stderr] 291 | const MCLY_FLAG_REFLECTION: u32 = 0x400;
[INFO] [stderr]     |       ^^^^^^^^^^^^^^^^^^^^
[INFO] [stderr] 
[INFO] [stderr] warning: fields `doodad_refs` and `n_map_obj_refs` are never read
[INFO] [stderr]    --> src/chunks/adt/mcnk.rs:343:5
[INFO] [stderr]     |
[INFO] [stderr] 341 | pub struct MCRF {
[INFO] [stderr]     |            ---- fields in this struct
[INFO] [stderr] 342 |     #[br(count = n_doodad_refs)]
[INFO] [stderr] 343 |     doodad_refs: Vec<u32>,
[INFO] [stderr]     |     ^^^^^^^^^^^
[INFO] [stderr] 344 |     #[br(count = n_map_obj_refs)]
[INFO] [stderr] 345 |     n_map_obj_refs: Vec<u32>,
[INFO] [stderr]     |     ^^^^^^^^^^^^^^
[INFO] [stderr]     |
[INFO] [stderr]     = note: `MCRF` has derived impls for the traits `Debug` and `Clone`, but these are intentionally ignored during dead code analysis
[INFO] [stderr] 
[INFO] [stderr] warning: constant `MPHD_FLAG_USES_GLOBAL_MAP_OBJ` is never used
[INFO] [stderr]  --> src/chunks/wdt/mphd.rs:5:7
[INFO] [stderr]   |
[INFO] [stderr] 5 | const MPHD_FLAG_USES_GLOBAL_MAP_OBJ: u32 = 0x01;
[INFO] [stderr]   |       ^^^^^^^^^^^^^^^^^^^^^^^^^^^^^
[INFO] [stderr] 
[INFO] [stderr] warning: constant `MPHD_FLAG_ADT_HAS_MCCV` is never used
[INFO] [stderr]  --> src/chunks/wdt/mphd.rs:6:7
[INFO] [stderr]   |
[INFO] [stderr] 6 | const MPHD_FLAG_ADT_HAS_MCCV: u32 = 0x2;
[INFO] [stderr]   |       ^^^^^^^^^^^^^^^^^^^^^^
[INFO] [stderr] 
[INFO] [stderr] warning: constant `MPHD_FLAG_ADT_HAS_BIG_ALPHA` is never used
[INFO] [stderr]  --> src/chunks/wdt/mphd.rs:7:7
[INFO] [stderr]   |
[INFO] [stderr] 7 | const MPHD_FLAG_ADT_HAS_BIG_ALPHA: u32 = 0x4;
[INFO] [stderr]   |       ^^^^^^^^^^^^^^^^^^^^^^^^^^^
[INFO] [stderr] 
[INFO] [stderr] warning: constant `MPHD_FLAG_ADT_HAS_DOODADS_SORTED_BY_SIZE` is never used
[INFO] [stderr]  --> src/chunks/wdt/mphd.rs:8:7
[INFO] [stderr]   |
[INFO] [stderr] 8 | const MPHD_FLAG_ADT_HAS_DOODADS_SORTED_BY_SIZE: u32 = 0x8;
[INFO] [stderr]   |       ^^^^^^^^^^^^^^^^^^^^^^^^^^^^^^^^^^^^^^^^
[INFO] [stderr] 
[INFO] [stderr] warning: constant `MPHD_FLAG_LIGHTING_VERTICES` is never used
[INFO] [stderr]  --> src/chunks/wdt/mphd.rs:9:7
[INFO] [stderr]   |
[INFO] [stderr] 9 | const MPHD_FLAG_LIGHTING_VERTICES: u32 = 0x10;
[INFO] [stderr]   |       ^^^^^^^^^^^^^^^^^^^^^^^^^^^
[INFO] [stderr] 
[INFO] [stderr] warning: constant `MPHD_FLAG_UPSIDE_DOWN_GROUND` is never used
[INFO] [stderr]   --> src/chunks/wdt/mphd.rs:10:7
[INFO] [stderr]    |
[INFO] [stderr] 10 | const MPHD_FLAG_UPSIDE_DOWN_GROUND: u32 = 0x20;
[INFO] [stderr]    |       ^^^^^^^^^^^^^^^^^^^^^^^^^^^^
[INFO] [stderr] 
[INFO] [stderr] warning: fields `magic` and `version` are never read
[INFO] [stderr]    --> src/files/blp.rs:108:5
[INFO] [stderr]     |
[INFO] [stderr] 107 | pub struct BLP {
[INFO] [stderr]     |            --- fields in this struct
[INFO] [stderr] 108 |     magic: u32,
[INFO] [stderr]     |     ^^^^^
[INFO] [stderr] 109 |     version: u32,
[INFO] [stderr]     |     ^^^^^^^
[INFO] [stderr]     |
[INFO] [stderr]     = note: `BLP` has a derived impl for the trait `Debug`, but this is intentionally ignored during dead code analysis
[INFO] [stderr] 
[INFO] [stderr] warning: fields `binding`, `float`, `param_type`, `unk`, and `unk2` are never read
[INFO] [stderr]   --> src/files/bls.rs:32:5
[INFO] [stderr]    |
[INFO] [stderr] 29 | pub struct BLSBlockParam {
[INFO] [stderr]    |            ------------- fields in this struct
[INFO] [stderr] ...
[INFO] [stderr] 32 |     binding: u32,
[INFO] [stderr]    |     ^^^^^^^
[INFO] [stderr] 33 |     #[br(count = 16)]
[INFO] [stderr] 34 |     float: Vec<f32>,
[INFO] [stderr]    |     ^^^^^
[INFO] [stderr] 35 |     param_type: ParamType,
[INFO] [stderr]    |     ^^^^^^^^^^
[INFO] [stderr] 36 |     unk: u32,
[INFO] [stderr]    |     ^^^
[INFO] [stderr] 37 |     unk2: u32,
[INFO] [stderr]    |     ^^^^
[INFO] [stderr]    |
[INFO] [stderr]    = note: `BLSBlockParam` has a derived impl for the trait `Debug`, but this is intentionally ignored during dead code analysis
[INFO] [stderr] 
[INFO] [stderr] warning: fields `version`, `permutation_count`, and `blocks` are never read
[INFO] [stderr]   --> src/files/bls.rs:64:5
[INFO] [stderr]    |
[INFO] [stderr] 62 | pub struct BLS {
[INFO] [stderr]    |            --- fields in this struct
[INFO] [stderr] 63 |     pub token: String,
[INFO] [stderr] 64 |     version: u32,
[INFO] [stderr]    |     ^^^^^^^
[INFO] [stderr] 65 |     permutation_count: u32,
[INFO] [stderr]    |     ^^^^^^^^^^^^^^^^^
[INFO] [stderr] 66 |     blocks: Vec<BLSBlock>,
[INFO] [stderr]    |     ^^^^^^
[INFO] [stderr]    |
[INFO] [stderr]    = note: `BLS` has a derived impl for the trait `Debug`, but this is intentionally ignored during dead code analysis
[INFO] [stderr] 
[INFO] [stderr] warning: `wow_chunky` (lib) generated 34 warnings (run `cargo fix --lib -p wow_chunky` to apply 12 suggestions)
[INFO] [stderr] warning: `wow_chunky` (lib test) generated 34 warnings (34 duplicates)
[INFO] [stderr]     Finished test [unoptimized + debuginfo] target(s) in 0.02s
[INFO] [stderr]      Running unittests src/lib.rs (/opt/rustwide/target/debug/deps/wow_chunky-d51652a172cb4957)
[INFO] [stdout] 
[INFO] [stdout] running 2 tests
[INFO] [stdout] test chunks::adt::mcin::tests::parse_valid_chunk ... ok
[INFO] [stdout] test chunks::adt::mddf::tests::parse_valid_chunk ... ok
[INFO] [stdout] 
[INFO] [stdout] test result: ok. 2 passed; 0 failed; 0 ignored; 0 measured; 0 filtered out; finished in 0.00s
[INFO] [stdout] 
[INFO] [stderr]    Doc-tests wow_chunky
[INFO] [stdout] 
[INFO] [stdout] running 2 tests
[INFO] [stdout] test src/lib.rs - (line 18) ... ok
[INFO] [stdout] test src/lib.rs - (line 24) ... FAILED
[INFO] [stdout] 
[INFO] [stdout] failures:
[INFO] [stdout] 
[INFO] [stdout] ---- src/lib.rs - (line 24) stdout ----
[INFO] [stdout] Test executable failed (exit status: 101).
[INFO] [stdout] 
[INFO] [stdout] stderr:
[INFO] [stdout] thread 'main' panicked at src/lib.rs:7:55:
[INFO] [stdout] Invalid WDT file: FileNotFound("./test_data/Azeroth/Azeroth.wdt")
[INFO] [stdout] stack backtrace:
[INFO] [stdout]    0:     0x55d7b25c42dc - std::backtrace_rs::backtrace::libunwind::trace::ha637c64ce894333a
[INFO] [stdout]                                at /rustc/82e1608dfa6e0b5569232559e3d385fea5a93112/library/std/src/../../backtrace/src/backtrace/libunwind.rs:104:5
[INFO] [stdout]    1:     0x55d7b25c42dc - std::backtrace_rs::backtrace::trace_unsynchronized::h47f62dea28e0c88d
[INFO] [stdout]                                at /rustc/82e1608dfa6e0b5569232559e3d385fea5a93112/library/std/src/../../backtrace/src/backtrace/mod.rs:66:5
[INFO] [stdout]    2:     0x55d7b25c42dc - std::sys_common::backtrace::_print_fmt::h9eef0abe20ede486
[INFO] [stdout]                                at /rustc/82e1608dfa6e0b5569232559e3d385fea5a93112/library/std/src/sys_common/backtrace.rs:67:5
[INFO] [stdout]    3:     0x55d7b25c42dc - <std::sys_common::backtrace::_print::DisplayBacktrace as core::fmt::Display>::fmt::hed7f999df88cc644
[INFO] [stdout]                                at /rustc/82e1608dfa6e0b5569232559e3d385fea5a93112/library/std/src/sys_common/backtrace.rs:44:22
[INFO] [stdout]    4:     0x55d7b25e40e0 - core::fmt::rt::Argument::fmt::h1539a9308b8d058d
[INFO] [stdout]                                at /rustc/82e1608dfa6e0b5569232559e3d385fea5a93112/library/core/src/fmt/rt.rs:142:9
[INFO] [stdout]    5:     0x55d7b25e40e0 - core::fmt::write::h3a39390d8560d9c9
[INFO] [stdout]                                at /rustc/82e1608dfa6e0b5569232559e3d385fea5a93112/library/core/src/fmt/mod.rs:1120:17
[INFO] [stdout]    6:     0x55d7b25c24ff - std::io::Write::write_fmt::h5fc9997dfe05f882
[INFO] [stdout]                                at /rustc/82e1608dfa6e0b5569232559e3d385fea5a93112/library/std/src/io/mod.rs:1762:15
[INFO] [stdout]    7:     0x55d7b25c40c4 - std::sys_common::backtrace::_print::h894006fb5c6f3d45
[INFO] [stdout]                                at /rustc/82e1608dfa6e0b5569232559e3d385fea5a93112/library/std/src/sys_common/backtrace.rs:47:5
[INFO] [stdout]    8:     0x55d7b25c40c4 - std::sys_common::backtrace::print::h23a2d212c6fff936
[INFO] [stdout]                                at /rustc/82e1608dfa6e0b5569232559e3d385fea5a93112/library/std/src/sys_common/backtrace.rs:34:9
[INFO] [stdout]    9:     0x55d7b25c55d7 - std::panicking::default_hook::{{closure}}::h8a1d2ee00185001a
[INFO] [stdout]   10:     0x55d7b25c533f - std::panicking::default_hook::h6038f2eba384e475
[INFO] [stdout]                                at /rustc/82e1608dfa6e0b5569232559e3d385fea5a93112/library/std/src/panicking.rs:292:9
[INFO] [stdout]   11:     0x55d7b25c5a58 - std::panicking::rust_panic_with_hook::h2b5517d590cab22e
[INFO] [stdout]                                at /rustc/82e1608dfa6e0b5569232559e3d385fea5a93112/library/std/src/panicking.rs:779:13
[INFO] [stdout]   12:     0x55d7b25c593e - std::panicking::begin_panic_handler::{{closure}}::h233112c06e0ef43e
[INFO] [stdout]                                at /rustc/82e1608dfa6e0b5569232559e3d385fea5a93112/library/std/src/panicking.rs:657:13
[INFO] [stdout]   13:     0x55d7b25c47a6 - std::sys_common::backtrace::__rust_end_short_backtrace::h6e893f24d7ebbff8
[INFO] [stdout]                                at /rustc/82e1608dfa6e0b5569232559e3d385fea5a93112/library/std/src/sys_common/backtrace.rs:170:18
[INFO] [stdout]   14:     0x55d7b25c56a2 - rust_begin_unwind
[INFO] [stdout]                                at /rustc/82e1608dfa6e0b5569232559e3d385fea5a93112/library/std/src/panicking.rs:645:5
[INFO] [stdout]   15:     0x55d7b2552e05 - core::panicking::panic_fmt::hbf0e066aabfa482c
[INFO] [stdout]                                at /rustc/82e1608dfa6e0b5569232559e3d385fea5a93112/library/core/src/panicking.rs:72:14
[INFO] [stdout]   16:     0x55d7b2553263 - core::result::unwrap_failed::hddb4fea594200c52
[INFO] [stdout]                                at /rustc/82e1608dfa6e0b5569232559e3d385fea5a93112/library/core/src/result.rs:1653:5
[INFO] [stdout]   17:     0x55d7b2553a56 - core::result::Result<T,E>::expect::h0972bd30e1ad9077
[INFO] [stdout]   18:     0x55d7b2553d24 - rust_out::main::_doctest_main_src_lib_rs_24_0::hc9dc9fa7723a4778
[INFO] [stdout]   19:     0x55d7b2553cb6 - rust_out::main::hc20c0d07e2402830
[INFO] [stdout]   20:     0x55d7b2553683 - core::ops::function::FnOnce::call_once::hbc459743598298c4
[INFO] [stdout]   21:     0x55d7b25535f6 - std::sys_common::backtrace::__rust_begin_short_backtrace::h62debe7d3058b76a
[INFO] [stdout]   22:     0x55d7b2553649 - std::rt::lang_start::{{closure}}::h8f486f3e1e6418b2
[INFO] [stdout]   23:     0x55d7b25bffc7 - core::ops::function::impls::<impl core::ops::function::FnOnce<A> for &F>::call_once::hd95060ecd5e1ca24
[INFO] [stdout]                                at /rustc/82e1608dfa6e0b5569232559e3d385fea5a93112/library/core/src/ops/function.rs:284:13
[INFO] [stdout]   24:     0x55d7b25bffc7 - std::panicking::try::do_call::h6e8cf51db32a6e4b
[INFO] [stdout]                                at /rustc/82e1608dfa6e0b5569232559e3d385fea5a93112/library/std/src/panicking.rs:552:40
[INFO] [stdout]   25:     0x55d7b25bffc7 - std::panicking::try::h3a52eefe24fe3c29
[INFO] [stdout]                                at /rustc/82e1608dfa6e0b5569232559e3d385fea5a93112/library/std/src/panicking.rs:516:19
[INFO] [stdout]   26:     0x55d7b25bffc7 - std::panic::catch_unwind::h24c28c23c02c3841
[INFO] [stdout]                                at /rustc/82e1608dfa6e0b5569232559e3d385fea5a93112/library/std/src/panic.rs:142:14
[INFO] [stdout]   27:     0x55d7b25bffc7 - std::rt::lang_start_internal::{{closure}}::h705d3c9cbc06ef47
[INFO] [stdout]                                at /rustc/82e1608dfa6e0b5569232559e3d385fea5a93112/library/std/src/rt.rs:148:48
[INFO] [stdout]   28:     0x55d7b25bffc7 - std::panicking::try::do_call::ha21f52ba13158470
[INFO] [stdout]                                at /rustc/82e1608dfa6e0b5569232559e3d385fea5a93112/library/std/src/panicking.rs:552:40
[INFO] [stdout]   29:     0x55d7b25bffc7 - std::panicking::try::h5581346bf6aeb1f8
[INFO] [stdout]                                at /rustc/82e1608dfa6e0b5569232559e3d385fea5a93112/library/std/src/panicking.rs:516:19
[INFO] [stdout]   30:     0x55d7b25bffc7 - std::panic::catch_unwind::h7919645a6b72e25b
[INFO] [stdout]                                at /rustc/82e1608dfa6e0b5569232559e3d385fea5a93112/library/std/src/panic.rs:142:14
[INFO] [stdout]   31:     0x55d7b25bffc7 - std::rt::lang_start_internal::h12de51168669836e
[INFO] [stdout]                                at /rustc/82e1608dfa6e0b5569232559e3d385fea5a93112/library/std/src/rt.rs:148:20
[INFO] [stdout]   32:     0x55d7b2553627 - std::rt::lang_start::h2c48f91a7bf85629
[INFO] [stdout]   33:     0x55d7b2553dc5 - main
[INFO] [stdout]   34:     0x7fcf309f2d90 - <unknown>
[INFO] [stdout]   35:     0x7fcf309f2e40 - __libc_start_main
[INFO] [stdout]   36:     0x55d7b2553525 - _start
[INFO] [stdout]   37:                0x0 - <unknown>
[INFO] [stdout] 
[INFO] [stdout] 
[INFO] [stdout] 
[INFO] [stdout] failures:
[INFO] [stdout]     src/lib.rs - (line 24)
[INFO] [stdout] 
[INFO] [stdout] test result: FAILED. 1 passed; 1 failed; 0 ignored; 0 measured; 0 filtered out; finished in 0.26s
[INFO] [stdout] 
[INFO] [stderr] error: doctest failed, to rerun pass `--doc`
[INFO] running `Command { std: "docker" "inspect" "12f324dbc2ff9aaa1ae5346e530350eb4b976813659fd3643f496d41fa0c3166", kill_on_drop: false }`
[INFO] running `Command { std: "docker" "rm" "-f" "12f324dbc2ff9aaa1ae5346e530350eb4b976813659fd3643f496d41fa0c3166", kill_on_drop: false }`
[INFO] [stdout] 12f324dbc2ff9aaa1ae5346e530350eb4b976813659fd3643f496d41fa0c3166
