[INFO] cloning repository https://github.com/besok/plc-compiler
[INFO] running `Command { std: "git" "-c" "credential.helper=" "-c" "credential.helper=/workspace/cargo-home/bin/git-credential-null" "clone" "--bare" "https://github.com/besok/plc-compiler" "/workspace/cache/git-repos/https%3A%2F%2Fgithub.com%2Fbesok%2Fplc-compiler", kill_on_drop: false }`
[INFO] [stderr] Cloning into bare repository '/workspace/cache/git-repos/https%3A%2F%2Fgithub.com%2Fbesok%2Fplc-compiler'...
[INFO] running `Command { std: "git" "rev-parse" "HEAD", kill_on_drop: false }`
[INFO] [stdout] 4ed6095c7916fd89cf4f69e134111861437d9760
[INFO] testing besok/plc-compiler against 1.75.0 for beta-1.76-1
[INFO] running `Command { std: "git" "clone" "/workspace/cache/git-repos/https%3A%2F%2Fgithub.com%2Fbesok%2Fplc-compiler" "/workspace/builds/worker-2-tc1/source", kill_on_drop: false }`
[INFO] [stderr] Cloning into '/workspace/builds/worker-2-tc1/source'...
[INFO] [stderr] done.
[INFO] validating manifest of git repo https://github.com/besok/plc-compiler on toolchain 1.75.0
[INFO] running `Command { std: CARGO_HOME="/workspace/cargo-home" RUSTUP_HOME="/workspace/rustup-home" "/workspace/cargo-home/bin/cargo" "+1.75.0" "metadata" "--manifest-path" "Cargo.toml" "--no-deps", kill_on_drop: false }`
[INFO] started tweaking git repo https://github.com/besok/plc-compiler
[INFO] finished tweaking git repo https://github.com/besok/plc-compiler
[INFO] tweaked toml for git repo https://github.com/besok/plc-compiler written to /workspace/builds/worker-2-tc1/source/Cargo.toml
[INFO] crate git repo https://github.com/besok/plc-compiler already has a lockfile, it will not be regenerated
[INFO] running `Command { std: CARGO_HOME="/workspace/cargo-home" RUSTUP_HOME="/workspace/rustup-home" "/workspace/cargo-home/bin/cargo" "+1.75.0" "fetch" "--manifest-path" "Cargo.toml", kill_on_drop: false }`
[INFO] [stderr]     Updating crates.io index
[INFO] [stderr]  Downloading crates ...
[INFO] [stderr]   Downloaded parsit v0.1.12
[INFO] running `Command { std: "docker" "create" "-v" "/var/lib/crater-agent-workspace/builds/worker-2-tc1/target:/opt/rustwide/target:rw,Z" "-v" "/var/lib/crater-agent-workspace/builds/worker-2-tc1/source:/opt/rustwide/workdir:ro,Z" "-v" "/var/lib/crater-agent-workspace/cargo-home:/opt/rustwide/cargo-home:ro,Z" "-v" "/var/lib/crater-agent-workspace/rustup-home:/opt/rustwide/rustup-home:ro,Z" "-e" "SOURCE_DIR=/opt/rustwide/workdir" "-e" "CARGO_TARGET_DIR=/opt/rustwide/target" "-e" "CARGO_HOME=/opt/rustwide/cargo-home" "-e" "RUSTUP_HOME=/opt/rustwide/rustup-home" "-w" "/opt/rustwide/workdir" "-m" "1610612736" "--user" "0:0" "--network" "none" "ghcr.io/rust-lang/crates-build-env/linux@sha256:2788e3201cd34a07e3172128adcd8b3090168a8e3bcc40d7c032b9dda1df7d1c" "/opt/rustwide/cargo-home/bin/cargo" "+1.75.0" "metadata" "--no-deps" "--format-version=1", kill_on_drop: false }`
[INFO] [stdout] 766d045604c0fda16704baad556049d89f31c8b32843dd8a8cdb735271c47db3
[INFO] running `Command { std: "docker" "start" "-a" "766d045604c0fda16704baad556049d89f31c8b32843dd8a8cdb735271c47db3", kill_on_drop: false }`
[INFO] running `Command { std: "docker" "inspect" "766d045604c0fda16704baad556049d89f31c8b32843dd8a8cdb735271c47db3", kill_on_drop: false }`
[INFO] running `Command { std: "docker" "rm" "-f" "766d045604c0fda16704baad556049d89f31c8b32843dd8a8cdb735271c47db3", kill_on_drop: false }`
[INFO] [stdout] 766d045604c0fda16704baad556049d89f31c8b32843dd8a8cdb735271c47db3
[INFO] running `Command { std: "docker" "create" "-v" "/var/lib/crater-agent-workspace/builds/worker-2-tc1/target:/opt/rustwide/target:rw,Z" "-v" "/var/lib/crater-agent-workspace/builds/worker-2-tc1/source:/opt/rustwide/workdir:ro,Z" "-v" "/var/lib/crater-agent-workspace/cargo-home:/opt/rustwide/cargo-home:ro,Z" "-v" "/var/lib/crater-agent-workspace/rustup-home:/opt/rustwide/rustup-home:ro,Z" "-e" "SOURCE_DIR=/opt/rustwide/workdir" "-e" "CARGO_TARGET_DIR=/opt/rustwide/target" "-e" "CARGO_INCREMENTAL=0" "-e" "RUST_BACKTRACE=full" "-e" "RUSTFLAGS=--cap-lints=warn" "-e" "RUSTDOCFLAGS=--cap-lints=warn" "-e" "CARGO_HOME=/opt/rustwide/cargo-home" "-e" "RUSTUP_HOME=/opt/rustwide/rustup-home" "-w" "/opt/rustwide/workdir" "-m" "1610612736" "--user" "0:0" "--network" "none" "ghcr.io/rust-lang/crates-build-env/linux@sha256:2788e3201cd34a07e3172128adcd8b3090168a8e3bcc40d7c032b9dda1df7d1c" "/opt/rustwide/cargo-home/bin/cargo" "+1.75.0" "build" "--frozen" "--message-format=json", kill_on_drop: false }`
[INFO] [stdout] 9a3f0ee90a85c938821aae4490edc4006763819addec9855fe18ac7b44dfc22e
[INFO] running `Command { std: "docker" "start" "-a" "9a3f0ee90a85c938821aae4490edc4006763819addec9855fe18ac7b44dfc22e", kill_on_drop: false }`
[INFO] [stderr]    Compiling proc-macro2 v1.0.47
[INFO] [stderr]    Compiling unicode-ident v1.0.5
[INFO] [stderr]    Compiling quote v1.0.21
[INFO] [stderr]    Compiling syn v1.0.103
[INFO] [stderr]    Compiling beef v0.5.2
[INFO] [stderr]    Compiling fnv v1.0.7
[INFO] [stderr]    Compiling regex-syntax v0.6.27
[INFO] [stderr]    Compiling logos-derive v0.12.1
[INFO] [stderr]    Compiling logos v0.12.1
[INFO] [stderr]    Compiling parsit v0.1.12
[INFO] [stderr]    Compiling plc-compiler v0.1.0 (/opt/rustwide/workdir)
[INFO] [stdout] warning: unused import: `std::str::FromStr`
[INFO] [stdout]  --> src/parser.rs:1:5
[INFO] [stdout]   |
[INFO] [stdout] 1 | use std::str::FromStr;
[INFO] [stdout]   |     ^^^^^^^^^^^^^^^^^
[INFO] [stdout]   |
[INFO] [stdout]   = note: `#[warn(unused_imports)]` on by default
[INFO] [stdout] 
[INFO] [stdout] 
[INFO] [stdout] warning: unused imports: `FilterResult`, `Lexer`
[INFO] [stdout]  --> src/parser/tokens.rs:1:13
[INFO] [stdout]   |
[INFO] [stdout] 1 | use logos::{FilterResult, Lexer, Logos};
[INFO] [stdout]   |             ^^^^^^^^^^^^  ^^^^^
[INFO] [stdout] 
[INFO] [stdout] 
[INFO] [stdout] warning: unused import: `Split`
[INFO] [stdout]  --> src/parser/ast/time.rs:1:25
[INFO] [stdout]   |
[INFO] [stdout] 1 | use std::str::{FromStr, Split};
[INFO] [stdout]   |                         ^^^^^
[INFO] [stdout] 
[INFO] [stdout] 
[INFO] [stdout] warning: unused imports: `Display`, `Formatter`
[INFO] [stdout]  --> src/parser/ast.rs:9:16
[INFO] [stdout]   |
[INFO] [stdout] 9 | use std::fmt::{Display, Formatter};
[INFO] [stdout]   |                ^^^^^^^  ^^^^^^^^^
[INFO] [stdout] 
[INFO] [stdout] 
[INFO] [stdout] warning: unused variable: `p`
[INFO] [stdout]    --> src/parser.rs:400:21
[INFO] [stdout]     |
[INFO] [stdout] 400 |         let cond = |p|
[INFO] [stdout]     |                     ^ help: if this is intentional, prefix it with an underscore: `_p`
[INFO] [stdout]     |
[INFO] [stdout]     = note: `#[warn(unused_variables)]` on by default
[INFO] [stdout] 
[INFO] [stdout] 
[INFO] [stdout] warning: struct `Parser` is never constructed
[INFO] [stdout]   --> src/parser.rs:22:12
[INFO] [stdout]    |
[INFO] [stdout] 22 | pub struct Parser<'a> {
[INFO] [stdout]    |            ^^^^^^
[INFO] [stdout]    |
[INFO] [stdout]    = note: `#[warn(dead_code)]` on by default
[INFO] [stdout] 
[INFO] [stdout] 
[INFO] [stdout] warning: associated items `new` and `token` are never used
[INFO] [stdout]   --> src/parser.rs:28:12
[INFO] [stdout]    |
[INFO] [stdout] 27 | impl<'a> Parser<'a> {
[INFO] [stdout]    | ------------------- associated items in this implementation
[INFO] [stdout] 28 |     pub fn new(src: &'a str) -> Result<Self, ParseError<'a>> {
[INFO] [stdout]    |            ^^^
[INFO] [stdout] ...
[INFO] [stdout] 33 |     fn token(&self, pos: usize) -> Result<(&Token<'a>, usize), ParseError<'a>> {
[INFO] [stdout]    |        ^^^^^
[INFO] [stdout] 
[INFO] [stdout] 
[INFO] [stdout] warning: multiple methods are never used
[INFO] [stdout]    --> src/parser.rs:40:12
[INFO] [stdout]     |
[INFO] [stdout] 39  | impl<'a> Parser<'a> {
[INFO] [stdout]     | ------------------- methods in this implementation
[INFO] [stdout] 40  |     pub fn of(&self, pos: usize) -> Step<'a, EmptyToken> {
[INFO] [stdout]     |            ^^
[INFO] [stdout] ...
[INFO] [stdout] 43  |     pub fn case_(&self, pos: usize) -> Step<'a, EmptyToken> {
[INFO] [stdout]     |            ^^^^^
[INFO] [stdout] ...
[INFO] [stdout] 46  |     pub fn end_case(&self, pos: usize) -> Step<'a, EmptyToken> {
[INFO] [stdout]     |            ^^^^^^^^
[INFO] [stdout] ...
[INFO] [stdout] 49  |     pub fn end_if(&self, pos: usize) -> Step<'a, EmptyToken> {
[INFO] [stdout]     |            ^^^^^^
[INFO] [stdout] ...
[INFO] [stdout] 52  |     pub fn semi(&self, pos: usize) -> Step<'a, EmptyToken> {
[INFO] [stdout]     |            ^^^^
[INFO] [stdout] ...
[INFO] [stdout] 55  |     pub fn then(&self, pos: usize) -> Step<'a, EmptyToken> {
[INFO] [stdout]     |            ^^^^
[INFO] [stdout] ...
[INFO] [stdout] 58  |     pub fn else_(&self, pos: usize) -> Step<'a, EmptyToken> {
[INFO] [stdout]     |            ^^^^^
[INFO] [stdout] ...
[INFO] [stdout] 61  |     pub fn els_if(&self, pos: usize) -> Step<'a, EmptyToken> {
[INFO] [stdout]     |            ^^^^^^
[INFO] [stdout] ...
[INFO] [stdout] 64  |     pub fn if_(&self, pos: usize) -> Step<'a, EmptyToken> {
[INFO] [stdout]     |            ^^^
[INFO] [stdout] ...
[INFO] [stdout] 67  |     pub fn return_(&self, pos: usize) -> Step<'a, EmptyToken> {
[INFO] [stdout]     |            ^^^^^^^
[INFO] [stdout] ...
[INFO] [stdout] 70  |     pub fn super_(&self, pos: usize) -> Step<'a, EmptyToken> {
[INFO] [stdout]     |            ^^^^^^
[INFO] [stdout] ...
[INFO] [stdout] 73  |     pub fn r_arrow(&self, pos: usize) -> Step<'a, EmptyToken> {
[INFO] [stdout]     |            ^^^^^^^
[INFO] [stdout] ...
[INFO] [stdout] 76  |     pub fn not(&self, pos: usize) -> Step<'a, EmptyToken> {
[INFO] [stdout]     |            ^^^
[INFO] [stdout] ...
[INFO] [stdout] 79  |     pub fn this(&self, pos: usize) -> Step<'a, EmptyToken> {
[INFO] [stdout]     |            ^^^^
[INFO] [stdout] ...
[INFO] [stdout] 82  |     pub fn comma(&self, pos: usize) -> Step<'a, EmptyToken> {
[INFO] [stdout]     |            ^^^^^
[INFO] [stdout] ...
[INFO] [stdout] 85  |     pub fn colon(&self, pos: usize) -> Step<'a, EmptyToken> {
[INFO] [stdout]     |            ^^^^^
[INFO] [stdout] ...
[INFO] [stdout] 88  |     pub fn l_p(&self, pos: usize) -> Step<'a, EmptyToken> {
[INFO] [stdout]     |            ^^^
[INFO] [stdout] ...
[INFO] [stdout] 91  |     pub fn r_p(&self, pos: usize) -> Step<'a, EmptyToken> {
[INFO] [stdout]     |            ^^^
[INFO] [stdout] ...
[INFO] [stdout] 94  |     pub fn dot(&self, pos: usize) -> Step<'a, EmptyToken> {
[INFO] [stdout]     |            ^^^
[INFO] [stdout] ...
[INFO] [stdout] 97  |     pub fn caret(&self, pos: usize) -> Step<'a, EmptyToken> {
[INFO] [stdout]     |            ^^^^^
[INFO] [stdout] ...
[INFO] [stdout] 100 |     pub fn lbr(&self, pos: usize) -> Step<'a, EmptyToken> {
[INFO] [stdout]     |            ^^^
[INFO] [stdout] ...
[INFO] [stdout] 103 |     pub fn rbr(&self, pos: usize) -> Step<'a, EmptyToken> {
[INFO] [stdout]     |            ^^^
[INFO] [stdout] ...
[INFO] [stdout] 106 |     pub fn num(&self, pos: usize) -> Step<'a, Numeric> {
[INFO] [stdout]     |            ^^^
[INFO] [stdout] ...
[INFO] [stdout] 109 |     pub fn id(&self, pos: usize) -> Step<'a, Id<'a>> {
[INFO] [stdout]     |            ^^
[INFO] [stdout] ...
[INFO] [stdout] 112 |     pub fn cast(&self, pos: usize) -> Step<'a, TypeCast<'a>> {
[INFO] [stdout]     |            ^^^^
[INFO] [stdout] ...
[INFO] [stdout] 115 |     pub fn direct_variable(&self, pos: usize) -> Step<'a, &'a str> {
[INFO] [stdout]     |            ^^^^^^^^^^^^^^^
[INFO] [stdout] ...
[INFO] [stdout] 118 |     pub fn assign(&self, pos: usize) -> Step<'a, EmptyToken> {
[INFO] [stdout]     |            ^^^^^^
[INFO] [stdout] ...
[INFO] [stdout] 121 |     pub fn assign_attempt(&self, pos: usize) -> Step<'a, EmptyToken> {
[INFO] [stdout]     |            ^^^^^^^^^^^^^^
[INFO] [stdout] ...
[INFO] [stdout] 124 |     pub fn ref_(&self, pos: usize) -> Step<'a, EmptyToken> {
[INFO] [stdout]     |            ^^^^
[INFO] [stdout] ...
[INFO] [stdout] 127 |     pub fn null(&self, pos: usize) -> Step<'a, EmptyToken> {
[INFO] [stdout]     |            ^^^^
[INFO] [stdout] 
[INFO] [stdout] 
[INFO] [stdout] warning: multiple methods are never used
[INFO] [stdout]    --> src/parser.rs:134:12
[INFO] [stdout]     |
[INFO] [stdout] 133 | impl<'a> Parser<'a> {
[INFO] [stdout]     | ------------------- methods in this implementation
[INFO] [stdout] 134 |     pub fn expression(&self, pos: usize) -> Step<'a, Expression<'a>> {
[INFO] [stdout]     |            ^^^^^^^^^^
[INFO] [stdout] ...
[INFO] [stdout] 137 |     pub fn subrange(&self, pos: usize) -> Step<'a, SubRange> {
[INFO] [stdout]     |            ^^^^^^^^
[INFO] [stdout] ...
[INFO] [stdout] 144 |     pub fn case_cond(&self, pos: usize) -> Step<'a, CaseCondition> {
[INFO] [stdout]     |            ^^^^^^^^^
[INFO] [stdout] ...
[INFO] [stdout] 151 |     pub fn subscript_list(&self, pos: usize) -> Step<'a, Vec<Expression<'a>>> {
[INFO] [stdout]     |            ^^^^^^^^^^^^^^
[INFO] [stdout] ...
[INFO] [stdout] 161 |     pub fn var_access(&self, pos: usize) -> Step<'a, VarAccess<'a>> {
[INFO] [stdout]     |            ^^^^^^^^^^
[INFO] [stdout] ...
[INFO] [stdout] 175 |     pub fn var_value(&self, pos: usize) -> Step<'a, VarValue<'a>> {
[INFO] [stdout]     |            ^^^^^^^^^
[INFO] [stdout] ...
[INFO] [stdout] 193 |     pub fn var_path(&self, pos: usize) -> Step<'a, VarPath<'a>> {
[INFO] [stdout]     |            ^^^^^^^^
[INFO] [stdout] ...
[INFO] [stdout] 199 |     pub fn symbolic_var(&self, pos: usize) -> Step<'a, SymbolicVar<'a>> {
[INFO] [stdout]     |            ^^^^^^^^^^^^
[INFO] [stdout] ...
[INFO] [stdout] 204 |     pub fn variable(&self, pos: usize) -> Step<'a, Variable<'a>> {
[INFO] [stdout]     |            ^^^^^^^^
[INFO] [stdout] ...
[INFO] [stdout] 211 |     pub fn assign_rhs(&self, pos: usize) -> Step<'a, AssignRhs<'a>> {
[INFO] [stdout]     |            ^^^^^^^^^^
[INFO] [stdout] ...
[INFO] [stdout] 220 |     pub fn ref_assign(&self, pos: usize) -> Step<'a, (Id<'a>, AssignRhs<'a>)> {
[INFO] [stdout]     |            ^^^^^^^^^^
[INFO] [stdout] ...
[INFO] [stdout] 226 |     pub fn assignment(&self, pos: usize) -> Step<'a, AssignmentSt<'a>> {
[INFO] [stdout]     |            ^^^^^^^^^^
[INFO] [stdout] ...
[INFO] [stdout] 252 |     pub fn param_assign(&self, pos: usize) -> Step<'a, Param<'a>> {
[INFO] [stdout]     |            ^^^^^^^^^^^^
[INFO] [stdout] ...
[INFO] [stdout] 284 |     pub fn param_assign_list(&self, pos: usize) -> Step<'a, Vec<Param<'a>>> {
[INFO] [stdout]     |            ^^^^^^^^^^^^^^^^^
[INFO] [stdout] ...
[INFO] [stdout] 294 |     pub fn fn_call(&self, pos: usize) -> Step<'a, InvocationSt<'a>> {
[INFO] [stdout]     |            ^^^^^^^
[INFO] [stdout] ...
[INFO] [stdout] 304 |     pub fn invocation(&self, pos: usize) -> Step<'a, InvocationLine<'a>> {
[INFO] [stdout]     |            ^^^^^^^^^^
[INFO] [stdout] ...
[INFO] [stdout] 314 |     pub fn invocation_st(&self, pos: usize) -> Step<'a, InvocationSt<'a>> {
[INFO] [stdout]     |            ^^^^^^^^^^^^^
[INFO] [stdout] ...
[INFO] [stdout] 329 |     pub fn statement_list(&self, pos: usize) -> Step<'a, Vec<Statement<'a>>> {
[INFO] [stdout]     |            ^^^^^^^^^^^^^^
[INFO] [stdout] ...
[INFO] [stdout] 340 |     pub fn statement(&self, pos: usize) -> Step<'a, Statement<'a>> {
[INFO] [stdout]     |            ^^^^^^^^^
[INFO] [stdout] ...
[INFO] [stdout] 348 |     pub fn if_st(&self, pos: usize) -> Step<'a, IfSt<'a>> {
[INFO] [stdout]     |            ^^^^^
[INFO] [stdout] ...
[INFO] [stdout] 382 |     pub fn case_selection_elem(&self, pos: usize) -> Step<'a, CaseSelectionElem<'a>> {
[INFO] [stdout]     |            ^^^^^^^^^^^^^^^^^^^
[INFO] [stdout] ...
[INFO] [stdout] 388 |     pub fn case_selection(&self, pos: usize) -> Step<'a, CaseSelection<'a>> {
[INFO] [stdout]     |            ^^^^^^^^^^^^^^
[INFO] [stdout] ...
[INFO] [stdout] 399 |     pub fn case_st(&self, pos: usize) -> Step<'a, CaseSt<'a>> {
[INFO] [stdout]     |            ^^^^^^^
[INFO] [stdout] 
[INFO] [stdout] 
[INFO] [stdout] warning: variants `Subrange`, `Num`, `Cast`, and `Id` are never constructed
[INFO] [stdout]  --> src/parser/ast/case.rs:6:5
[INFO] [stdout]   |
[INFO] [stdout] 5 | pub enum CaseCondition<'a> {
[INFO] [stdout]   |          ------------- variants in this enum
[INFO] [stdout] 6 |     Subrange(SubRange),
[INFO] [stdout]   |     ^^^^^^^^
[INFO] [stdout] 7 |     Num(Numeric),
[INFO] [stdout]   |     ^^^
[INFO] [stdout] 8 |     Cast(TypeCast<'a>),
[INFO] [stdout]   |     ^^^^
[INFO] [stdout] 9 |     Id(Id<'a>),
[INFO] [stdout]   |     ^^
[INFO] [stdout]   |
[INFO] [stdout]   = note: `CaseCondition` has derived impls for the traits `Clone` and `Debug`, but these are intentionally ignored during dead code analysis
[INFO] [stdout] 
[INFO] [stdout] 
[INFO] [stdout] warning: variants `X` and `Y` are never constructed
[INFO] [stdout]  --> src/parser/ast/expression.rs:7:5
[INFO] [stdout]   |
[INFO] [stdout] 6 | pub enum Expression<'a>{
[INFO] [stdout]   |          ---------- variants in this enum
[INFO] [stdout] 7 |     X,
[INFO] [stdout]   |     ^
[INFO] [stdout] 8 |     Y(&'a str)
[INFO] [stdout]   |     ^
[INFO] [stdout]   |
[INFO] [stdout]   = note: `Expression` has derived impls for the traits `Clone` and `Debug`, but these are intentionally ignored during dead code analysis
[INFO] [stdout] 
[INFO] [stdout] 
[INFO] [stdout] warning: variants `Direct` and `Symbolic` are never constructed
[INFO] [stdout]   --> src/parser/ast/variable.rs:14:5
[INFO] [stdout]    |
[INFO] [stdout] 13 | pub enum Variable<'a> {
[INFO] [stdout]    |          -------- variants in this enum
[INFO] [stdout] 14 |     Direct(&'a str),
[INFO] [stdout]    |     ^^^^^^
[INFO] [stdout] 15 |     Symbolic(SymbolicVar<'a>),
[INFO] [stdout]    |     ^^^^^^^^
[INFO] [stdout]    |
[INFO] [stdout]    = note: `Variable` has derived impls for the traits `Clone` and `Debug`, but these are intentionally ignored during dead code analysis
[INFO] [stdout] 
[INFO] [stdout] 
[INFO] [stdout] warning: variants `Value` and `Ref` are never constructed
[INFO] [stdout]   --> src/parser/ast/variable.rs:26:5
[INFO] [stdout]    |
[INFO] [stdout] 25 | pub enum VarAccess<'a> {
[INFO] [stdout]    |          --------- variants in this enum
[INFO] [stdout] 26 |     Value(Id<'a>),
[INFO] [stdout]    |     ^^^^^
[INFO] [stdout] 27 |     Ref(Box<VarAccess<'a>>),
[INFO] [stdout]    |     ^^^
[INFO] [stdout]    |
[INFO] [stdout]    = note: `VarAccess` has derived impls for the traits `Clone` and `Debug`, but these are intentionally ignored during dead code analysis
[INFO] [stdout] 
[INFO] [stdout] 
[INFO] [stdout] warning: variants `Single` and `Multi` are never constructed
[INFO] [stdout]   --> src/parser/ast/variable.rs:32:5
[INFO] [stdout]    |
[INFO] [stdout] 31 | pub enum VarValue<'a> {
[INFO] [stdout]    |          -------- variants in this enum
[INFO] [stdout] 32 |     Single(VarAccess<'a>),
[INFO] [stdout]    |     ^^^^^^
[INFO] [stdout] 33 |     Multi(VarAccess<'a>,Vec<MultiVarElem<'a>>)
[INFO] [stdout]    |     ^^^^^
[INFO] [stdout]    |
[INFO] [stdout]    = note: `VarValue` has derived impls for the traits `Clone` and `Debug`, but these are intentionally ignored during dead code analysis
[INFO] [stdout] 
[INFO] [stdout] 
[INFO] [stdout] warning: variants `Access` and `Subscript` are never constructed
[INFO] [stdout]   --> src/parser/ast/variable.rs:37:5
[INFO] [stdout]    |
[INFO] [stdout] 36 | pub enum MultiVarElem<'a> {
[INFO] [stdout]    |          ------------ variants in this enum
[INFO] [stdout] 37 |     Access(VarAccess<'a>),
[INFO] [stdout]    |     ^^^^^^
[INFO] [stdout] 38 |     Subscript(Vec<Expression<'a>>),
[INFO] [stdout]    |     ^^^^^^^^^
[INFO] [stdout]    |
[INFO] [stdout]    = note: `MultiVarElem` has derived impls for the traits `Clone` and `Debug`, but these are intentionally ignored during dead code analysis
[INFO] [stdout] 
[INFO] [stdout] 
[INFO] [stdout] warning: variants `This`, `None`, and `Path` are never constructed
[INFO] [stdout]   --> src/parser/ast/variable.rs:43:5
[INFO] [stdout]    |
[INFO] [stdout] 42 | pub enum VarPath<'a> {
[INFO] [stdout]    |          ------- variants in this enum
[INFO] [stdout] 43 |     This,
[INFO] [stdout]    |     ^^^^
[INFO] [stdout] 44 |     None,
[INFO] [stdout]    |     ^^^^
[INFO] [stdout] 45 |     Path(Vec<Id<'a>>),
[INFO] [stdout]    |     ^^^^
[INFO] [stdout]    |
[INFO] [stdout]    = note: `VarPath` has derived impls for the traits `Clone` and `Debug`, but these are intentionally ignored during dead code analysis
[INFO] [stdout] 
[INFO] [stdout] 
[INFO] [stdout] warning: variants `Assignment`, `Invocation`, `Selection`, and `Iteration` are never constructed
[INFO] [stdout]   --> src/parser/ast/statement.rs:38:5
[INFO] [stdout]    |
[INFO] [stdout] 37 | pub enum Statement<'a> {
[INFO] [stdout]    |          --------- variants in this enum
[INFO] [stdout] 38 |     Assignment(AssignmentSt<'a>),
[INFO] [stdout]    |     ^^^^^^^^^^
[INFO] [stdout] 39 |     Invocation(InvocationSt<'a>),
[INFO] [stdout]    |     ^^^^^^^^^^
[INFO] [stdout] 40 |     Selection(SelectionSt<'a>),
[INFO] [stdout]    |     ^^^^^^^^^
[INFO] [stdout] 41 |     Iteration,
[INFO] [stdout]    |     ^^^^^^^^^
[INFO] [stdout]    |
[INFO] [stdout]    = note: `Statement` has derived impls for the traits `Clone` and `Debug`, but these are intentionally ignored during dead code analysis
[INFO] [stdout] 
[INFO] [stdout] 
[INFO] [stdout] warning: variants `JustAssign`, `RefAssign`, and `AssignAttempt` are never constructed
[INFO] [stdout]   --> src/parser/ast/statement.rs:46:5
[INFO] [stdout]    |
[INFO] [stdout] 45 | pub enum AssignmentSt<'a> {
[INFO] [stdout]    |          ------------ variants in this enum
[INFO] [stdout] 46 |     JustAssign(Variable<'a>, Expression<'a>),
[INFO] [stdout]    |     ^^^^^^^^^^
[INFO] [stdout] 47 |     RefAssign(Id<'a>, AssignRhs<'a>),
[INFO] [stdout]    |     ^^^^^^^^^
[INFO] [stdout] 48 |     AssignAttempt(VarAccess<'a>, AssignRhs<'a>),
[INFO] [stdout]    |     ^^^^^^^^^^^^^
[INFO] [stdout]    |
[INFO] [stdout]    = note: `AssignmentSt` has derived impls for the traits `Clone` and `Debug`, but these are intentionally ignored during dead code analysis
[INFO] [stdout] 
[INFO] [stdout] 
[INFO] [stdout] warning: variants `Null`, `Var`, and `Addr` are never constructed
[INFO] [stdout]   --> src/parser/ast/statement.rs:53:5
[INFO] [stdout]    |
[INFO] [stdout] 52 | pub enum AssignRhs<'a> {
[INFO] [stdout]    |          --------- variants in this enum
[INFO] [stdout] 53 |     Null,
[INFO] [stdout]    |     ^^^^
[INFO] [stdout] 54 |     Var(VarAccess<'a>),
[INFO] [stdout]    |     ^^^
[INFO] [stdout] 55 |     Addr(SymbolicVar<'a>),
[INFO] [stdout]    |     ^^^^
[INFO] [stdout]    |
[INFO] [stdout]    = note: `AssignRhs` has derived impls for the traits `Clone` and `Debug`, but these are intentionally ignored during dead code analysis
[INFO] [stdout] 
[INFO] [stdout] 
[INFO] [stdout] warning: variants `Invocation`, `Super`, `Return`, and `FnCall` are never constructed
[INFO] [stdout]   --> src/parser/ast/statement.rs:60:5
[INFO] [stdout]    |
[INFO] [stdout] 59 | pub enum InvocationSt<'a> {
[INFO] [stdout]    |          ------------ variants in this enum
[INFO] [stdout] 60 |     Invocation(InvocationLine<'a>),
[INFO] [stdout]    |     ^^^^^^^^^^
[INFO] [stdout] 61 |     Super,
[INFO] [stdout]    |     ^^^^^
[INFO] [stdout] 62 |     Return,
[INFO] [stdout]    |     ^^^^^^
[INFO] [stdout] 63 |     FnCall(Vec<Id<'a>>, Vec<Param<'a>>),
[INFO] [stdout]    |     ^^^^^^
[INFO] [stdout]    |
[INFO] [stdout]    = note: `InvocationSt` has derived impls for the traits `Clone` and `Debug`, but these are intentionally ignored during dead code analysis
[INFO] [stdout] 
[INFO] [stdout] 
[INFO] [stdout] warning: variants `This` and `Variable` are never constructed
[INFO] [stdout]   --> src/parser/ast/statement.rs:74:5
[INFO] [stdout]    |
[INFO] [stdout] 73 | pub enum InvocationPath<'a> {
[INFO] [stdout]    |          -------------- variants in this enum
[INFO] [stdout] 74 |     This,
[INFO] [stdout]    |     ^^^^
[INFO] [stdout] 75 |     Variable(SymbolicVar<'a>),
[INFO] [stdout]    |     ^^^^^^^^
[INFO] [stdout]    |
[INFO] [stdout]    = note: `InvocationPath` has derived impls for the traits `Clone` and `Debug`, but these are intentionally ignored during dead code analysis
[INFO] [stdout] 
[INFO] [stdout] 
[INFO] [stdout] warning: variants `Assign`, `RefAssign`, `Expression`, `OutAssign`, and `NotOutAssign` are never constructed
[INFO] [stdout]   --> src/parser/ast/statement.rs:80:5
[INFO] [stdout]    |
[INFO] [stdout] 79 | pub enum Param<'a> {
[INFO] [stdout]    |          ----- variants in this enum
[INFO] [stdout] 80 |     Assign(Id<'a>, Expression<'a>),
[INFO] [stdout]    |     ^^^^^^
[INFO] [stdout] 81 |     RefAssign(Id<'a>, AssignRhs<'a>),
[INFO] [stdout]    |     ^^^^^^^^^
[INFO] [stdout] 82 |     Expression(Expression<'a>),
[INFO] [stdout]    |     ^^^^^^^^^^
[INFO] [stdout] 83 |     OutAssign(Id<'a>, Variable<'a>),
[INFO] [stdout]    |     ^^^^^^^^^
[INFO] [stdout] 84 |     NotOutAssign(Id<'a>, Variable<'a>),
[INFO] [stdout]    |     ^^^^^^^^^^^^
[INFO] [stdout]    |
[INFO] [stdout]    = note: `Param` has derived impls for the traits `Clone` and `Debug`, but these are intentionally ignored during dead code analysis
[INFO] [stdout] 
[INFO] [stdout] 
[INFO] [stdout] warning: variants `If` and `Case` are never constructed
[INFO] [stdout]   --> src/parser/ast/statement.rs:89:5
[INFO] [stdout]    |
[INFO] [stdout] 88 | pub enum SelectionSt<'a> {
[INFO] [stdout]    |          ----------- variants in this enum
[INFO] [stdout] 89 |     If(IfSt<'a>),
[INFO] [stdout]    |     ^^
[INFO] [stdout] 90 |     Case(CaseSt<'a>),
[INFO] [stdout]    |     ^^^^
[INFO] [stdout]    |
[INFO] [stdout]    = note: `SelectionSt` has derived impls for the traits `Clone` and `Debug`, but these are intentionally ignored during dead code analysis
[INFO] [stdout] 
[INFO] [stdout] 
[INFO] [stdout] warning: variants `Subrange` and `Expression` are never constructed
[INFO] [stdout]    --> src/parser/ast/statement.rs:119:5
[INFO] [stdout]     |
[INFO] [stdout] 118 | pub enum CaseSelectionElem<'a>{
[INFO] [stdout]     |          ----------------- variants in this enum
[INFO] [stdout] 119 |     Subrange(SubRange),
[INFO] [stdout]     |     ^^^^^^^^
[INFO] [stdout] 120 |     Expression(Expression<'a>)
[INFO] [stdout]     |     ^^^^^^^^^^
[INFO] [stdout]     |
[INFO] [stdout]     = note: `CaseSelectionElem` has derived impls for the traits `Clone` and `Debug`, but these are intentionally ignored during dead code analysis
[INFO] [stdout] 
[INFO] [stdout] 
[INFO] [stdout] warning: 24 warnings emitted
[INFO] [stdout] 
[INFO] [stdout] 
[INFO] [stderr]     Finished dev [unoptimized + debuginfo] target(s) in 10.11s
[INFO] running `Command { std: "docker" "inspect" "9a3f0ee90a85c938821aae4490edc4006763819addec9855fe18ac7b44dfc22e", kill_on_drop: false }`
[INFO] running `Command { std: "docker" "rm" "-f" "9a3f0ee90a85c938821aae4490edc4006763819addec9855fe18ac7b44dfc22e", kill_on_drop: false }`
[INFO] [stdout] 9a3f0ee90a85c938821aae4490edc4006763819addec9855fe18ac7b44dfc22e
[INFO] running `Command { std: "docker" "create" "-v" "/var/lib/crater-agent-workspace/builds/worker-2-tc1/target:/opt/rustwide/target:rw,Z" "-v" "/var/lib/crater-agent-workspace/builds/worker-2-tc1/source:/opt/rustwide/workdir:ro,Z" "-v" "/var/lib/crater-agent-workspace/cargo-home:/opt/rustwide/cargo-home:ro,Z" "-v" "/var/lib/crater-agent-workspace/rustup-home:/opt/rustwide/rustup-home:ro,Z" "-e" "SOURCE_DIR=/opt/rustwide/workdir" "-e" "CARGO_TARGET_DIR=/opt/rustwide/target" "-e" "CARGO_INCREMENTAL=0" "-e" "RUST_BACKTRACE=full" "-e" "RUSTFLAGS=--cap-lints=warn" "-e" "RUSTDOCFLAGS=--cap-lints=warn" "-e" "CARGO_HOME=/opt/rustwide/cargo-home" "-e" "RUSTUP_HOME=/opt/rustwide/rustup-home" "-w" "/opt/rustwide/workdir" "-m" "1610612736" "--user" "0:0" "--network" "none" "ghcr.io/rust-lang/crates-build-env/linux@sha256:2788e3201cd34a07e3172128adcd8b3090168a8e3bcc40d7c032b9dda1df7d1c" "/opt/rustwide/cargo-home/bin/cargo" "+1.75.0" "test" "--frozen" "--no-run" "--message-format=json", kill_on_drop: false }`
[INFO] [stdout] 7ca6516d30617d549ce45d4bbb2b78c717556bae7a57986473751a91929efab0
[INFO] running `Command { std: "docker" "start" "-a" "7ca6516d30617d549ce45d4bbb2b78c717556bae7a57986473751a91929efab0", kill_on_drop: false }`
[INFO] [stderr]    Compiling plc-compiler v0.1.0 (/opt/rustwide/workdir)
[INFO] [stdout] warning: unused import: `std::str::FromStr`
[INFO] [stdout]  --> src/parser.rs:1:5
[INFO] [stdout]   |
[INFO] [stdout] 1 | use std::str::FromStr;
[INFO] [stdout]   |     ^^^^^^^^^^^^^^^^^
[INFO] [stdout]   |
[INFO] [stdout]   = note: `#[warn(unused_imports)]` on by default
[INFO] [stdout] 
[INFO] [stdout] 
[INFO] [stdout] warning: unused imports: `FilterResult`, `Lexer`
[INFO] [stdout]  --> src/parser/tokens.rs:1:13
[INFO] [stdout]   |
[INFO] [stdout] 1 | use logos::{FilterResult, Lexer, Logos};
[INFO] [stdout]   |             ^^^^^^^^^^^^  ^^^^^
[INFO] [stdout] 
[INFO] [stdout] 
[INFO] [stdout] warning: unused import: `Split`
[INFO] [stdout]  --> src/parser/ast/time.rs:1:25
[INFO] [stdout]   |
[INFO] [stdout] 1 | use std::str::{FromStr, Split};
[INFO] [stdout]   |                         ^^^^^
[INFO] [stdout] 
[INFO] [stdout] 
[INFO] [stdout] warning: unused imports: `Display`, `Formatter`
[INFO] [stdout]  --> src/parser/ast.rs:9:16
[INFO] [stdout]   |
[INFO] [stdout] 9 | use std::fmt::{Display, Formatter};
[INFO] [stdout]   |                ^^^^^^^  ^^^^^^^^^
[INFO] [stdout] 
[INFO] [stdout] 
[INFO] [stdout] warning: unused imports: `expect_pos`, `fail_on`
[INFO] [stdout]  --> src/parser/tests/variable.rs:1:41
[INFO] [stdout]   |
[INFO] [stdout] 1 | use parsit::test::parser_test::{expect, expect_pos, fail_on};
[INFO] [stdout]   |                                         ^^^^^^^^^^  ^^^^^^^
[INFO] [stdout] 
[INFO] [stdout] 
[INFO] [stdout] warning: unused import: `crate::parser::ast::case::CaseCondition`
[INFO] [stdout]  --> src/parser/tests/variable.rs:2:5
[INFO] [stdout]   |
[INFO] [stdout] 2 | use crate::parser::ast::case::CaseCondition;
[INFO] [stdout]   |     ^^^^^^^^^^^^^^^^^^^^^^^^^^^^^^^^^^^^^^^
[INFO] [stdout] 
[INFO] [stdout] 
[INFO] [stdout] warning: unused imports: `NType`, `NValue`, `Numeric`
[INFO] [stdout]  --> src/parser/tests/variable.rs:3:35
[INFO] [stdout]   |
[INFO] [stdout] 3 | use crate::parser::ast::numeric::{NType, Numeric, NValue};
[INFO] [stdout]   |                                   ^^^^^  ^^^^^^^  ^^^^^^
[INFO] [stdout] 
[INFO] [stdout] 
[INFO] [stdout] warning: unused imports: `SubRange`, `TypeCast`
[INFO] [stdout]  --> src/parser/tests/variable.rs:4:30
[INFO] [stdout]   |
[INFO] [stdout] 4 | use crate::parser::ast::{Id, SubRange, TypeCast};
[INFO] [stdout]   |                              ^^^^^^^^  ^^^^^^^^
[INFO] [stdout] 
[INFO] [stdout] 
[INFO] [stdout] warning: unused imports: `expect_or_env`, `expect_pos`, `fail_on`
[INFO] [stdout]  --> src/parser/tests/statement.rs:1:41
[INFO] [stdout]   |
[INFO] [stdout] 1 | use parsit::test::parser_test::{expect, expect_or_env, expect_pos, fail_on};
[INFO] [stdout]   |                                         ^^^^^^^^^^^^^  ^^^^^^^^^^  ^^^^^^^
[INFO] [stdout] 
[INFO] [stdout] 
[INFO] [stdout] warning: unused import: `crate::parser::ast::case::CaseCondition`
[INFO] [stdout]  --> src/parser/tests/statement.rs:2:5
[INFO] [stdout]   |
[INFO] [stdout] 2 | use crate::parser::ast::case::CaseCondition;
[INFO] [stdout]   |     ^^^^^^^^^^^^^^^^^^^^^^^^^^^^^^^^^^^^^^^
[INFO] [stdout] 
[INFO] [stdout] 
[INFO] [stdout] warning: unused imports: `NType`, `NValue`, `Numeric`
[INFO] [stdout]  --> src/parser/tests/statement.rs:3:35
[INFO] [stdout]   |
[INFO] [stdout] 3 | use crate::parser::ast::numeric::{NType, Numeric, NValue};
[INFO] [stdout]   |                                   ^^^^^  ^^^^^^^  ^^^^^^
[INFO] [stdout] 
[INFO] [stdout] 
[INFO] [stdout] warning: unused imports: `SubRange`, `TypeCast`
[INFO] [stdout]  --> src/parser/tests/statement.rs:4:30
[INFO] [stdout]   |
[INFO] [stdout] 4 | use crate::parser::ast::{Id, SubRange, TypeCast};
[INFO] [stdout]   |                              ^^^^^^^^  ^^^^^^^^
[INFO] [stdout] 
[INFO] [stdout] 
[INFO] [stdout] warning: unused variable: `p`
[INFO] [stdout]    --> src/parser.rs:400:21
[INFO] [stdout]     |
[INFO] [stdout] 400 |         let cond = |p|
[INFO] [stdout]     |                     ^ help: if this is intentional, prefix it with an underscore: `_p`
[INFO] [stdout]     |
[INFO] [stdout]     = note: `#[warn(unused_variables)]` on by default
[INFO] [stdout] 
[INFO] [stdout] 
[INFO] [stdout] warning: methods `of`, `case_`, `end_case`, and `colon` are never used
[INFO] [stdout]   --> src/parser.rs:40:12
[INFO] [stdout]    |
[INFO] [stdout] 39 | impl<'a> Parser<'a> {
[INFO] [stdout]    | ------------------- methods in this implementation
[INFO] [stdout] 40 |     pub fn of(&self, pos: usize) -> Step<'a, EmptyToken> {
[INFO] [stdout]    |            ^^
[INFO] [stdout] ...
[INFO] [stdout] 43 |     pub fn case_(&self, pos: usize) -> Step<'a, EmptyToken> {
[INFO] [stdout]    |            ^^^^^
[INFO] [stdout] ...
[INFO] [stdout] 46 |     pub fn end_case(&self, pos: usize) -> Step<'a, EmptyToken> {
[INFO] [stdout]    |            ^^^^^^^^
[INFO] [stdout] ...
[INFO] [stdout] 85 |     pub fn colon(&self, pos: usize) -> Step<'a, EmptyToken> {
[INFO] [stdout]    |            ^^^^^
[INFO] [stdout]    |
[INFO] [stdout]    = note: `#[warn(dead_code)]` on by default
[INFO] [stdout] 
[INFO] [stdout] 
[INFO] [stdout] warning: methods `case_selection_elem`, `case_selection`, and `case_st` are never used
[INFO] [stdout]    --> src/parser.rs:382:12
[INFO] [stdout]     |
[INFO] [stdout] 133 | impl<'a> Parser<'a> {
[INFO] [stdout]     | ------------------- methods in this implementation
[INFO] [stdout] ...
[INFO] [stdout] 382 |     pub fn case_selection_elem(&self, pos: usize) -> Step<'a, CaseSelectionElem<'a>> {
[INFO] [stdout]     |            ^^^^^^^^^^^^^^^^^^^
[INFO] [stdout] ...
[INFO] [stdout] 388 |     pub fn case_selection(&self, pos: usize) -> Step<'a, CaseSelection<'a>> {
[INFO] [stdout]     |            ^^^^^^^^^^^^^^
[INFO] [stdout] ...
[INFO] [stdout] 399 |     pub fn case_st(&self, pos: usize) -> Step<'a, CaseSt<'a>> {
[INFO] [stdout]     |            ^^^^^^^
[INFO] [stdout] 
[INFO] [stdout] 
[INFO] [stdout] warning: variant `Y` is never constructed
[INFO] [stdout]  --> src/parser/ast/expression.rs:8:5
[INFO] [stdout]   |
[INFO] [stdout] 6 | pub enum Expression<'a>{
[INFO] [stdout]   |          ---------- variant in this enum
[INFO] [stdout] 7 |     X,
[INFO] [stdout] 8 |     Y(&'a str)
[INFO] [stdout]   |     ^
[INFO] [stdout]   |
[INFO] [stdout]   = note: `Expression` has derived impls for the traits `Clone` and `Debug`, but these are intentionally ignored during dead code analysis
[INFO] [stdout] 
[INFO] [stdout] 
[INFO] [stdout] warning: variants `Selection` and `Iteration` are never constructed
[INFO] [stdout]   --> src/parser/ast/statement.rs:40:5
[INFO] [stdout]    |
[INFO] [stdout] 37 | pub enum Statement<'a> {
[INFO] [stdout]    |          --------- variants in this enum
[INFO] [stdout] ...
[INFO] [stdout] 40 |     Selection(SelectionSt<'a>),
[INFO] [stdout]    |     ^^^^^^^^^
[INFO] [stdout] 41 |     Iteration,
[INFO] [stdout]    |     ^^^^^^^^^
[INFO] [stdout]    |
[INFO] [stdout]    = note: `Statement` has derived impls for the traits `Clone` and `Debug`, but these are intentionally ignored during dead code analysis
[INFO] [stdout] 
[INFO] [stdout] 
[INFO] [stdout] warning: variants `If` and `Case` are never constructed
[INFO] [stdout]   --> src/parser/ast/statement.rs:89:5
[INFO] [stdout]    |
[INFO] [stdout] 88 | pub enum SelectionSt<'a> {
[INFO] [stdout]    |          ----------- variants in this enum
[INFO] [stdout] 89 |     If(IfSt<'a>),
[INFO] [stdout]    |     ^^
[INFO] [stdout] 90 |     Case(CaseSt<'a>),
[INFO] [stdout]    |     ^^^^
[INFO] [stdout]    |
[INFO] [stdout]    = note: `SelectionSt` has derived impls for the traits `Clone` and `Debug`, but these are intentionally ignored during dead code analysis
[INFO] [stdout] 
[INFO] [stdout] 
[INFO] [stdout] warning: variants `Subrange` and `Expression` are never constructed
[INFO] [stdout]    --> src/parser/ast/statement.rs:119:5
[INFO] [stdout]     |
[INFO] [stdout] 118 | pub enum CaseSelectionElem<'a>{
[INFO] [stdout]     |          ----------------- variants in this enum
[INFO] [stdout] 119 |     Subrange(SubRange),
[INFO] [stdout]     |     ^^^^^^^^
[INFO] [stdout] 120 |     Expression(Expression<'a>)
[INFO] [stdout]     |     ^^^^^^^^^^
[INFO] [stdout]     |
[INFO] [stdout]     = note: `CaseSelectionElem` has derived impls for the traits `Clone` and `Debug`, but these are intentionally ignored during dead code analysis
[INFO] [stdout] 
[INFO] [stdout] 
[INFO] [stdout] warning: 19 warnings emitted
[INFO] [stdout] 
[INFO] [stdout] 
[INFO] [stderr]     Finished test [unoptimized + debuginfo] target(s) in 4.92s
[INFO] running `Command { std: "docker" "inspect" "7ca6516d30617d549ce45d4bbb2b78c717556bae7a57986473751a91929efab0", kill_on_drop: false }`
[INFO] running `Command { std: "docker" "rm" "-f" "7ca6516d30617d549ce45d4bbb2b78c717556bae7a57986473751a91929efab0", kill_on_drop: false }`
[INFO] [stdout] 7ca6516d30617d549ce45d4bbb2b78c717556bae7a57986473751a91929efab0
[INFO] running `Command { std: "docker" "create" "-v" "/var/lib/crater-agent-workspace/builds/worker-2-tc1/target:/opt/rustwide/target:rw,Z" "-v" "/var/lib/crater-agent-workspace/builds/worker-2-tc1/source:/opt/rustwide/workdir:ro,Z" "-v" "/var/lib/crater-agent-workspace/cargo-home:/opt/rustwide/cargo-home:ro,Z" "-v" "/var/lib/crater-agent-workspace/rustup-home:/opt/rustwide/rustup-home:ro,Z" "-e" "SOURCE_DIR=/opt/rustwide/workdir" "-e" "CARGO_TARGET_DIR=/opt/rustwide/target" "-e" "CARGO_INCREMENTAL=0" "-e" "RUST_BACKTRACE=full" "-e" "RUSTFLAGS=--cap-lints=warn" "-e" "RUSTDOCFLAGS=--cap-lints=warn" "-e" "CARGO_HOME=/opt/rustwide/cargo-home" "-e" "RUSTUP_HOME=/opt/rustwide/rustup-home" "-w" "/opt/rustwide/workdir" "-m" "1610612736" "--user" "0:0" "--network" "none" "ghcr.io/rust-lang/crates-build-env/linux@sha256:2788e3201cd34a07e3172128adcd8b3090168a8e3bcc40d7c032b9dda1df7d1c" "/opt/rustwide/cargo-home/bin/cargo" "+1.75.0" "test" "--frozen", kill_on_drop: false }`
[INFO] [stdout] d8e1aedf608bd793a40fcd6ff8fe8bb2e4392cb3f02da98501b07e75eb31eaa9
[INFO] running `Command { std: "docker" "start" "-a" "d8e1aedf608bd793a40fcd6ff8fe8bb2e4392cb3f02da98501b07e75eb31eaa9", kill_on_drop: false }`
[INFO] [stderr] warning: unused import: `std::str::FromStr`
[INFO] [stderr]  --> src/parser.rs:1:5
[INFO] [stderr]   |
[INFO] [stderr] 1 | use std::str::FromStr;
[INFO] [stderr]   |     ^^^^^^^^^^^^^^^^^
[INFO] [stderr]   |
[INFO] [stderr]   = note: `#[warn(unused_imports)]` on by default
[INFO] [stderr] 
[INFO] [stderr] warning: unused imports: `FilterResult`, `Lexer`
[INFO] [stderr]  --> src/parser/tokens.rs:1:13
[INFO] [stderr]   |
[INFO] [stderr] 1 | use logos::{FilterResult, Lexer, Logos};
[INFO] [stderr]   |             ^^^^^^^^^^^^  ^^^^^
[INFO] [stderr] 
[INFO] [stderr] warning: unused import: `Split`
[INFO] [stderr]  --> src/parser/ast/time.rs:1:25
[INFO] [stderr]   |
[INFO] [stderr] 1 | use std::str::{FromStr, Split};
[INFO] [stderr]   |                         ^^^^^
[INFO] [stderr] 
[INFO] [stderr] warning: unused imports: `Display`, `Formatter`
[INFO] [stderr]  --> src/parser/ast.rs:9:16
[INFO] [stderr]   |
[INFO] [stderr] 9 | use std::fmt::{Display, Formatter};
[INFO] [stderr]   |                ^^^^^^^  ^^^^^^^^^
[INFO] [stderr] 
[INFO] [stderr] warning: unused imports: `expect_pos`, `fail_on`
[INFO] [stderr]  --> src/parser/tests/variable.rs:1:41
[INFO] [stderr]   |
[INFO] [stderr] 1 | use parsit::test::parser_test::{expect, expect_pos, fail_on};
[INFO] [stderr]   |                                         ^^^^^^^^^^  ^^^^^^^
[INFO] [stderr] 
[INFO] [stderr] warning: unused import: `crate::parser::ast::case::CaseCondition`
[INFO] [stderr]  --> src/parser/tests/variable.rs:2:5
[INFO] [stderr]   |
[INFO] [stderr] 2 | use crate::parser::ast::case::CaseCondition;
[INFO] [stderr]   |     ^^^^^^^^^^^^^^^^^^^^^^^^^^^^^^^^^^^^^^^
[INFO] [stderr] 
[INFO] [stderr] warning: unused imports: `NType`, `NValue`, `Numeric`
[INFO] [stderr]  --> src/parser/tests/variable.rs:3:35
[INFO] [stderr]   |
[INFO] [stderr] 3 | use crate::parser::ast::numeric::{NType, Numeric, NValue};
[INFO] [stderr]   |                                   ^^^^^  ^^^^^^^  ^^^^^^
[INFO] [stderr] 
[INFO] [stderr] warning: unused imports: `SubRange`, `TypeCast`
[INFO] [stderr]  --> src/parser/tests/variable.rs:4:30
[INFO] [stderr]   |
[INFO] [stderr] 4 | use crate::parser::ast::{Id, SubRange, TypeCast};
[INFO] [stderr]   |                              ^^^^^^^^  ^^^^^^^^
[INFO] [stderr] 
[INFO] [stderr] warning: unused imports: `expect_or_env`, `expect_pos`, `fail_on`
[INFO] [stderr]  --> src/parser/tests/statement.rs:1:41
[INFO] [stderr]   |
[INFO] [stderr] 1 | use parsit::test::parser_test::{expect, expect_or_env, expect_pos, fail_on};
[INFO] [stderr]   |                                         ^^^^^^^^^^^^^  ^^^^^^^^^^  ^^^^^^^
[INFO] [stderr] 
[INFO] [stderr] warning: unused import: `crate::parser::ast::case::CaseCondition`
[INFO] [stderr]  --> src/parser/tests/statement.rs:2:5
[INFO] [stderr]   |
[INFO] [stderr] 2 | use crate::parser::ast::case::CaseCondition;
[INFO] [stderr]   |     ^^^^^^^^^^^^^^^^^^^^^^^^^^^^^^^^^^^^^^^
[INFO] [stderr] 
[INFO] [stderr] warning: unused imports: `NType`, `NValue`, `Numeric`
[INFO] [stderr]  --> src/parser/tests/statement.rs:3:35
[INFO] [stderr]   |
[INFO] [stderr] 3 | use crate::parser::ast::numeric::{NType, Numeric, NValue};
[INFO] [stderr]   |                                   ^^^^^  ^^^^^^^  ^^^^^^
[INFO] [stderr] 
[INFO] [stderr] warning: unused imports: `SubRange`, `TypeCast`
[INFO] [stderr]  --> src/parser/tests/statement.rs:4:30
[INFO] [stderr]   |
[INFO] [stderr] 4 | use crate::parser::ast::{Id, SubRange, TypeCast};
[INFO] [stderr]   |                              ^^^^^^^^  ^^^^^^^^
[INFO] [stderr] 
[INFO] [stderr] warning: unused variable: `p`
[INFO] [stderr]    --> src/parser.rs:400:21
[INFO] [stderr]     |
[INFO] [stderr] 400 |         let cond = |p|
[INFO] [stderr]     |                     ^ help: if this is intentional, prefix it with an underscore: `_p`
[INFO] [stderr]     |
[INFO] [stderr]     = note: `#[warn(unused_variables)]` on by default
[INFO] [stderr] 
[INFO] [stderr] warning: methods `of`, `case_`, `end_case`, and `colon` are never used
[INFO] [stderr]   --> src/parser.rs:40:12
[INFO] [stderr]    |
[INFO] [stderr] 39 | impl<'a> Parser<'a> {
[INFO] [stderr]    | ------------------- methods in this implementation
[INFO] [stderr] 40 |     pub fn of(&self, pos: usize) -> Step<'a, EmptyToken> {
[INFO] [stderr]    |            ^^
[INFO] [stderr] ...
[INFO] [stderr] 43 |     pub fn case_(&self, pos: usize) -> Step<'a, EmptyToken> {
[INFO] [stderr]    |            ^^^^^
[INFO] [stderr] ...
[INFO] [stderr] 46 |     pub fn end_case(&self, pos: usize) -> Step<'a, EmptyToken> {
[INFO] [stderr]    |            ^^^^^^^^
[INFO] [stderr] ...
[INFO] [stderr] 85 |     pub fn colon(&self, pos: usize) -> Step<'a, EmptyToken> {
[INFO] [stderr]    |            ^^^^^
[INFO] [stderr]    |
[INFO] [stderr]    = note: `#[warn(dead_code)]` on by default
[INFO] [stderr] 
[INFO] [stderr] warning: methods `case_selection_elem`, `case_selection`, and `case_st` are never used
[INFO] [stderr]    --> src/parser.rs:382:12
[INFO] [stderr]     |
[INFO] [stderr] 133 | impl<'a> Parser<'a> {
[INFO] [stderr]     | ------------------- methods in this implementation
[INFO] [stderr] ...
[INFO] [stderr] 382 |     pub fn case_selection_elem(&self, pos: usize) -> Step<'a, CaseSelectionElem<'a>> {
[INFO] [stderr]     |            ^^^^^^^^^^^^^^^^^^^
[INFO] [stderr] ...
[INFO] [stderr] 388 |     pub fn case_selection(&self, pos: usize) -> Step<'a, CaseSelection<'a>> {
[INFO] [stderr]     |            ^^^^^^^^^^^^^^
[INFO] [stderr] ...
[INFO] [stderr] 399 |     pub fn case_st(&self, pos: usize) -> Step<'a, CaseSt<'a>> {
[INFO] [stderr]     |            ^^^^^^^
[INFO] [stderr] 
[INFO] [stderr] warning: variant `Y` is never constructed
[INFO] [stderr]  --> src/parser/ast/expression.rs:8:5
[INFO] [stderr]   |
[INFO] [stderr] 6 | pub enum Expression<'a>{
[INFO] [stderr]   |          ---------- variant in this enum
[INFO] [stderr] 7 |     X,
[INFO] [stderr] 8 |     Y(&'a str)
[INFO] [stderr]   |     ^
[INFO] [stderr]   |
[INFO] [stderr]   = note: `Expression` has derived impls for the traits `Clone` and `Debug`, but these are intentionally ignored during dead code analysis
[INFO] [stderr] 
[INFO] [stderr] warning: variants `Selection` and `Iteration` are never constructed
[INFO] [stderr]   --> src/parser/ast/statement.rs:40:5
[INFO] [stderr]    |
[INFO] [stderr] 37 | pub enum Statement<'a> {
[INFO] [stderr]    |          --------- variants in this enum
[INFO] [stderr] ...
[INFO] [stderr] 40 |     Selection(SelectionSt<'a>),
[INFO] [stderr]    |     ^^^^^^^^^
[INFO] [stderr] 41 |     Iteration,
[INFO] [stderr]    |     ^^^^^^^^^
[INFO] [stderr]    |
[INFO] [stderr]    = note: `Statement` has derived impls for the traits `Clone` and `Debug`, but these are intentionally ignored during dead code analysis
[INFO] [stderr] 
[INFO] [stderr] warning: variants `If` and `Case` are never constructed
[INFO] [stderr]   --> src/parser/ast/statement.rs:89:5
[INFO] [stderr]    |
[INFO] [stderr] 88 | pub enum SelectionSt<'a> {
[INFO] [stderr]    |          ----------- variants in this enum
[INFO] [stderr] 89 |     If(IfSt<'a>),
[INFO] [stderr]    |     ^^
[INFO] [stderr] 90 |     Case(CaseSt<'a>),
[INFO] [stderr]    |     ^^^^
[INFO] [stderr]    |
[INFO] [stderr]    = note: `SelectionSt` has derived impls for the traits `Clone` and `Debug`, but these are intentionally ignored during dead code analysis
[INFO] [stderr] 
[INFO] [stderr] warning: variants `Subrange` and `Expression` are never constructed
[INFO] [stderr]    --> src/parser/ast/statement.rs:119:5
[INFO] [stderr]     |
[INFO] [stderr] 118 | pub enum CaseSelectionElem<'a>{
[INFO] [stderr]     |          ----------------- variants in this enum
[INFO] [stderr] 119 |     Subrange(SubRange),
[INFO] [stderr]     |     ^^^^^^^^
[INFO] [stderr] 120 |     Expression(Expression<'a>)
[INFO] [stderr]     |     ^^^^^^^^^^
[INFO] [stderr]     |
[INFO] [stderr]     = note: `CaseSelectionElem` has derived impls for the traits `Clone` and `Debug`, but these are intentionally ignored during dead code analysis
[INFO] [stderr] 
[INFO] [stderr] warning: `plc-compiler` (bin "plc-compiler" test) generated 19 warnings (run `cargo fix --bin "plc-compiler" --tests` to apply 13 suggestions)
[INFO] [stderr]     Finished test [unoptimized + debuginfo] target(s) in 0.01s
[INFO] [stderr]      Running unittests src/main.rs (/opt/rustwide/target/debug/deps/plc_compiler-a2b4091abbb9ca6f)
[INFO] [stdout] 
[INFO] [stdout] running 23 tests
[INFO] [stdout] test parser::tests::case_cond ... ok
[INFO] [stdout] test parser::tests::statement::assignment_st ... ok
[INFO] [stdout] test parser::tests::statement::instance_st ... ok
[INFO] [stdout] test parser::tests::statement::fn_call ... ok
[INFO] [stdout] test parser::tests::statement::instance ... ok
[INFO] [stdout] test parser::tests::statement::param_assign ... ok
[INFO] [stdout] test parser::tests::statement::if_st ... ok
[INFO] [stdout] test parser::tests::statement::param_assign_list ... ok
[INFO] [stdout] test parser::tests::subrange ... ok
[INFO] [stdout] test parser::tests::variable::symbolic_var ... ok
[INFO] [stdout] test parser::tests::variable::var_access ... ok
[INFO] [stdout] test parser::tests::variable::var_value ... ok
[INFO] [stdout] test parser::tokens::tests::comments ... ok
[INFO] [stdout] test parser::tokens::tests::id ... ok
[INFO] [stdout] test parser::tokens::tests::pragma ... ok
[INFO] [stdout] test parser::tokens::tests::text ... ok
[INFO] [stdout] test parser::tokens::tests::type_cast ... ok
[INFO] [stdout] test parser::tokens::tests::direct_var ... ok
[INFO] [stdout] test parser::tokens::tests::script ... ok
[INFO] [stdout] test parser::tokens::tests::date ... ok
[INFO] [stdout] test parser::tests::statement::stmt ... FAILED
[INFO] [stdout] test parser::tests::subscript_list ... FAILED
[INFO] [stdout] test parser::tokens::tests::number ... FAILED
[INFO] [stdout] 
[INFO] [stdout] failures:
[INFO] [stdout] 
[INFO] [stdout] ---- parser::tests::statement::stmt stdout ----
[INFO] [stdout] thread 'parser::tests::statement::stmt' panicked at /opt/rustwide/cargo-home/registry/src/index.crates.io-6f17d22bba15001f/parsit-0.1.12/src/test.rs:247:32:
[INFO] [stdout] A step failed on a position 0
[INFO] [stdout] stack backtrace:
[INFO] [stdout]    0:     0x5648b9afbc7c - std::backtrace_rs::backtrace::libunwind::trace::ha637c64ce894333a
[INFO] [stdout]                                at /rustc/82e1608dfa6e0b5569232559e3d385fea5a93112/library/std/src/../../backtrace/src/backtrace/libunwind.rs:104:5
[INFO] [stdout]    1:     0x5648b9afbc7c - std::backtrace_rs::backtrace::trace_unsynchronized::h47f62dea28e0c88d
[INFO] [stdout]                                at /rustc/82e1608dfa6e0b5569232559e3d385fea5a93112/library/std/src/../../backtrace/src/backtrace/mod.rs:66:5
[INFO] [stdout]    2:     0x5648b9afbc7c - std::sys_common::backtrace::_print_fmt::h9eef0abe20ede486
[INFO] [stdout]                                at /rustc/82e1608dfa6e0b5569232559e3d385fea5a93112/library/std/src/sys_common/backtrace.rs:67:5
[INFO] [stdout]    3:     0x5648b9afbc7c - <std::sys_common::backtrace::_print::DisplayBacktrace as core::fmt::Display>::fmt::hed7f999df88cc644
[INFO] [stdout]                                at /rustc/82e1608dfa6e0b5569232559e3d385fea5a93112/library/std/src/sys_common/backtrace.rs:44:22
[INFO] [stdout]    4:     0x5648b9b27540 - core::fmt::rt::Argument::fmt::h1539a9308b8d058d
[INFO] [stdout]                                at /rustc/82e1608dfa6e0b5569232559e3d385fea5a93112/library/core/src/fmt/rt.rs:142:9
[INFO] [stdout]    5:     0x5648b9b27540 - core::fmt::write::h3a39390d8560d9c9
[INFO] [stdout]                                at /rustc/82e1608dfa6e0b5569232559e3d385fea5a93112/library/core/src/fmt/mod.rs:1120:17
[INFO] [stdout]    6:     0x5648b9af962f - std::io::Write::write_fmt::h040b369f3a0f9cbc
[INFO] [stdout]                                at /rustc/82e1608dfa6e0b5569232559e3d385fea5a93112/library/std/src/io/mod.rs:1762:15
[INFO] [stdout]    7:     0x5648b9afba64 - std::sys_common::backtrace::_print::h894006fb5c6f3d45
[INFO] [stdout]                                at /rustc/82e1608dfa6e0b5569232559e3d385fea5a93112/library/std/src/sys_common/backtrace.rs:47:5
[INFO] [stdout]    8:     0x5648b9afba64 - std::sys_common::backtrace::print::h23a2d212c6fff936
[INFO] [stdout]                                at /rustc/82e1608dfa6e0b5569232559e3d385fea5a93112/library/std/src/sys_common/backtrace.rs:34:9
[INFO] [stdout]    9:     0x5648b9afd727 - std::panicking::default_hook::{{closure}}::h8a1d2ee00185001a
[INFO] [stdout]   10:     0x5648b9afd413 - std::panicking::default_hook::h6038f2eba384e475
[INFO] [stdout]                                at /rustc/82e1608dfa6e0b5569232559e3d385fea5a93112/library/std/src/panicking.rs:289:9
[INFO] [stdout]   11:     0x5648b9acbf77 - <alloc::boxed::Box<F,A> as core::ops::function::Fn<Args>>::call::h0ad024c9bdc6d768
[INFO] [stdout]                                at /rustc/82e1608dfa6e0b5569232559e3d385fea5a93112/library/alloc/src/boxed.rs:2021:9
[INFO] [stdout]   12:     0x5648b9acbf77 - test::test_main::{{closure}}::h7500b54257359db6
[INFO] [stdout]                                at /rustc/82e1608dfa6e0b5569232559e3d385fea5a93112/library/test/src/lib.rs:138:21
[INFO] [stdout]   13:     0x5648b9afdd38 - <alloc::boxed::Box<F,A> as core::ops::function::Fn<Args>>::call::h1f8f335eaa9cfaee
[INFO] [stdout]                                at /rustc/82e1608dfa6e0b5569232559e3d385fea5a93112/library/alloc/src/boxed.rs:2021:9
[INFO] [stdout]   14:     0x5648b9afdd38 - std::panicking::rust_panic_with_hook::h2b5517d590cab22e
[INFO] [stdout]                                at /rustc/82e1608dfa6e0b5569232559e3d385fea5a93112/library/std/src/panicking.rs:783:13
[INFO] [stdout]   15:     0x5648b9afda8e - std::panicking::begin_panic_handler::{{closure}}::h233112c06e0ef43e
[INFO] [stdout]                                at /rustc/82e1608dfa6e0b5569232559e3d385fea5a93112/library/std/src/panicking.rs:657:13
[INFO] [stdout]   16:     0x5648b9afc146 - std::sys_common::backtrace::__rust_end_short_backtrace::h6e893f24d7ebbff8
[INFO] [stdout]                                at /rustc/82e1608dfa6e0b5569232559e3d385fea5a93112/library/std/src/sys_common/backtrace.rs:170:18
[INFO] [stdout]   17:     0x5648b9afd7f2 - rust_begin_unwind
[INFO] [stdout]                                at /rustc/82e1608dfa6e0b5569232559e3d385fea5a93112/library/std/src/panicking.rs:645:5
[INFO] [stdout]   18:     0x5648b99cbd75 - core::panicking::panic_fmt::hbf0e066aabfa482c
[INFO] [stdout]                                at /rustc/82e1608dfa6e0b5569232559e3d385fea5a93112/library/core/src/panicking.rs:72:14
[INFO] [stdout]   19:     0x5648b9a94f44 - parsit::test::parser_test::expect::hb4331609730cb193
[INFO] [stdout]                                at /opt/rustwide/cargo-home/registry/src/index.crates.io-6f17d22bba15001f/parsit-0.1.12/src/test.rs:247:32
[INFO] [stdout]   20:     0x5648b9a8ef33 - plc_compiler::parser::tests::statement::stmt::h80000f73f4af364c
[INFO] [stdout]                                at /opt/rustwide/workdir/src/parser/tests/statement.rs:192:5
[INFO] [stdout]   21:     0x5648b9a8ecb7 - plc_compiler::parser::tests::statement::stmt::{{closure}}::h83caa9c8b21851f3
[INFO] [stdout]                                at /opt/rustwide/workdir/src/parser/tests/statement.rs:191:10
[INFO] [stdout]   22:     0x5648b9a74a06 - core::ops::function::FnOnce::call_once::hea98a9483a0122c7
[INFO] [stdout]                                at /rustc/82e1608dfa6e0b5569232559e3d385fea5a93112/library/core/src/ops/function.rs:250:5
[INFO] [stdout]   23:     0x5648b9ad15cf - core::ops::function::FnOnce::call_once::h2b5d431d5046312d
[INFO] [stdout]                                at /rustc/82e1608dfa6e0b5569232559e3d385fea5a93112/library/core/src/ops/function.rs:250:5
[INFO] [stdout]   24:     0x5648b9ad15cf - test::__rust_begin_short_backtrace::h7714669af176e207
[INFO] [stdout]                                at /rustc/82e1608dfa6e0b5569232559e3d385fea5a93112/library/test/src/lib.rs:628:18
[INFO] [stdout]   25:     0x5648b9ad05e5 - test::run_test_in_process::{{closure}}::h85218797dcbcec12
[INFO] [stdout]                                at /rustc/82e1608dfa6e0b5569232559e3d385fea5a93112/library/test/src/lib.rs:651:60
[INFO] [stdout]   26:     0x5648b9ad05e5 - <core::panic::unwind_safe::AssertUnwindSafe<F> as core::ops::function::FnOnce<()>>::call_once::h76c106ea31c14d7b
[INFO] [stdout]                                at /rustc/82e1608dfa6e0b5569232559e3d385fea5a93112/library/core/src/panic/unwind_safe.rs:272:9
[INFO] [stdout]   27:     0x5648b9ad05e5 - std::panicking::try::do_call::h3bd5d0f6620ee946
[INFO] [stdout]                                at /rustc/82e1608dfa6e0b5569232559e3d385fea5a93112/library/std/src/panicking.rs:552:40
[INFO] [stdout]   28:     0x5648b9ad05e5 - std::panicking::try::h232e535e4744fe31
[INFO] [stdout]                                at /rustc/82e1608dfa6e0b5569232559e3d385fea5a93112/library/std/src/panicking.rs:516:19
[INFO] [stdout]   29:     0x5648b9ad05e5 - std::panic::catch_unwind::h3ce3bd6ca8dbac68
[INFO] [stdout]                                at /rustc/82e1608dfa6e0b5569232559e3d385fea5a93112/library/std/src/panic.rs:142:14
[INFO] [stdout]   30:     0x5648b9ad05e5 - test::run_test_in_process::hc97b257c9621286a
[INFO] [stdout]                                at /rustc/82e1608dfa6e0b5569232559e3d385fea5a93112/library/test/src/lib.rs:651:27
[INFO] [stdout]   31:     0x5648b9ad05e5 - test::run_test::{{closure}}::h2aa798823a438d38
[INFO] [stdout]                                at /rustc/82e1608dfa6e0b5569232559e3d385fea5a93112/library/test/src/lib.rs:574:43
[INFO] [stdout]   32:     0x5648b9a988a6 - test::run_test::{{closure}}::h87d231c78fb59832
[INFO] [stdout]                                at /rustc/82e1608dfa6e0b5569232559e3d385fea5a93112/library/test/src/lib.rs:602:41
[INFO] [stdout]   33:     0x5648b9a988a6 - std::sys_common::backtrace::__rust_begin_short_backtrace::he6df152596625789
[INFO] [stdout]                                at /rustc/82e1608dfa6e0b5569232559e3d385fea5a93112/library/std/src/sys_common/backtrace.rs:154:18
[INFO] [stdout]   34:     0x5648b9a9d957 - std::thread::Builder::spawn_unchecked_::{{closure}}::{{closure}}::ha94be15d1e0acf36
[INFO] [stdout]                                at /rustc/82e1608dfa6e0b5569232559e3d385fea5a93112/library/std/src/thread/mod.rs:529:17
[INFO] [stdout]   35:     0x5648b9a9d957 - <core::panic::unwind_safe::AssertUnwindSafe<F> as core::ops::function::FnOnce<()>>::call_once::h9dc6bd6372f16606
[INFO] [stdout]                                at /rustc/82e1608dfa6e0b5569232559e3d385fea5a93112/library/core/src/panic/unwind_safe.rs:272:9
[INFO] [stdout]   36:     0x5648b9a9d957 - std::panicking::try::do_call::h9057517f80303cd4
[INFO] [stdout]                                at /rustc/82e1608dfa6e0b5569232559e3d385fea5a93112/library/std/src/panicking.rs:552:40
[INFO] [stdout]   37:     0x5648b9a9d957 - std::panicking::try::he3a30b11ee45340c
[INFO] [stdout]                                at /rustc/82e1608dfa6e0b5569232559e3d385fea5a93112/library/std/src/panicking.rs:516:19
[INFO] [stdout]   38:     0x5648b9a9d957 - std::panic::catch_unwind::h410458cfd3528b8b
[INFO] [stdout]                                at /rustc/82e1608dfa6e0b5569232559e3d385fea5a93112/library/std/src/panic.rs:142:14
[INFO] [stdout]   39:     0x5648b9a9d957 - std::thread::Builder::spawn_unchecked_::{{closure}}::h72ac3bdb567b737b
[INFO] [stdout]                                at /rustc/82e1608dfa6e0b5569232559e3d385fea5a93112/library/std/src/thread/mod.rs:528:30
[INFO] [stdout]   40:     0x5648b9a9d957 - core::ops::function::FnOnce::call_once{{vtable.shim}}::h38f34da3654a8344
[INFO] [stdout]                                at /rustc/82e1608dfa6e0b5569232559e3d385fea5a93112/library/core/src/ops/function.rs:250:5
[INFO] [stdout]   41:     0x5648b9b027c5 - <alloc::boxed::Box<F,A> as core::ops::function::FnOnce<Args>>::call_once::hc7eafaff61e32df9
[INFO] [stdout]                                at /rustc/82e1608dfa6e0b5569232559e3d385fea5a93112/library/alloc/src/boxed.rs:2007:9
[INFO] [stdout]   42:     0x5648b9b027c5 - <alloc::boxed::Box<F,A> as core::ops::function::FnOnce<Args>>::call_once::h6ba4a5de48dd2304
[INFO] [stdout]                                at /rustc/82e1608dfa6e0b5569232559e3d385fea5a93112/library/alloc/src/boxed.rs:2007:9
[INFO] [stdout]   43:     0x5648b9b027c5 - std::sys::unix::thread::Thread::new::thread_start::he469335aef763e45
[INFO] [stdout]                                at /rustc/82e1608dfa6e0b5569232559e3d385fea5a93112/library/std/src/sys/unix/thread.rs:108:17
[INFO] [stdout]   44:     0x7f0b35369ac3 - <unknown>
[INFO] [stdout]   45:     0x7f0b353fabf4 - __clone
[INFO] [stdout]   46:                0x0 - <unknown>
[INFO] [stdout] 
[INFO] [stdout] ---- parser::tests::subscript_list stdout ----
[INFO] [stdout] thread 'parser::tests::subscript_list' panicked at /opt/rustwide/cargo-home/registry/src/index.crates.io-6f17d22bba15001f/parsit-0.1.12/src/test.rs:355:32:
[INFO] [stdout] A step failed on a position 1
[INFO] [stdout] stack backtrace:
[INFO] [stdout]    0:     0x5648b9afbc7c - std::backtrace_rs::backtrace::libunwind::trace::ha637c64ce894333a
[INFO] [stdout]                                at /rustc/82e1608dfa6e0b5569232559e3d385fea5a93112/library/std/src/../../backtrace/src/backtrace/libunwind.rs:104:5
[INFO] [stdout]    1:     0x5648b9afbc7c - std::backtrace_rs::backtrace::trace_unsynchronized::h47f62dea28e0c88d
[INFO] [stdout]                                at /rustc/82e1608dfa6e0b5569232559e3d385fea5a93112/library/std/src/../../backtrace/src/backtrace/mod.rs:66:5
[INFO] [stdout]    2:     0x5648b9afbc7c - std::sys_common::backtrace::_print_fmt::h9eef0abe20ede486
[INFO] [stdout]                                at /rustc/82e1608dfa6e0b5569232559e3d385fea5a93112/library/std/src/sys_common/backtrace.rs:67:5
[INFO] [stdout]    3:     0x5648b9afbc7c - <std::sys_common::backtrace::_print::DisplayBacktrace as core::fmt::Display>::fmt::hed7f999df88cc644
[INFO] [stdout]                                at /rustc/82e1608dfa6e0b5569232559e3d385fea5a93112/library/std/src/sys_common/backtrace.rs:44:22
[INFO] [stdout]    4:     0x5648b9b27540 - core::fmt::rt::Argument::fmt::h1539a9308b8d058d
[INFO] [stdout]                                at /rustc/82e1608dfa6e0b5569232559e3d385fea5a93112/library/core/src/fmt/rt.rs:142:9
[INFO] [stdout]    5:     0x5648b9b27540 - core::fmt::write::h3a39390d8560d9c9
[INFO] [stdout]                                at /rustc/82e1608dfa6e0b5569232559e3d385fea5a93112/library/core/src/fmt/mod.rs:1120:17
[INFO] [stdout]    6:     0x5648b9af962f - std::io::Write::write_fmt::h040b369f3a0f9cbc
[INFO] [stdout]                                at /rustc/82e1608dfa6e0b5569232559e3d385fea5a93112/library/std/src/io/mod.rs:1762:15
[INFO] [stdout]    7:     0x5648b9afba64 - std::sys_common::backtrace::_print::h894006fb5c6f3d45
[INFO] [stdout]                                at /rustc/82e1608dfa6e0b5569232559e3d385fea5a93112/library/std/src/sys_common/backtrace.rs:47:5
[INFO] [stdout]    8:     0x5648b9afba64 - std::sys_common::backtrace::print::h23a2d212c6fff936
[INFO] [stdout]                                at /rustc/82e1608dfa6e0b5569232559e3d385fea5a93112/library/std/src/sys_common/backtrace.rs:34:9
[INFO] [stdout]    9:     0x5648b9afd727 - std::panicking::default_hook::{{closure}}::h8a1d2ee00185001a
[INFO] [stdout]   10:     0x5648b9afd413 - std::panicking::default_hook::h6038f2eba384e475
[INFO] [stdout]                                at /rustc/82e1608dfa6e0b5569232559e3d385fea5a93112/library/std/src/panicking.rs:289:9
[INFO] [stdout]   11:     0x5648b9acbf77 - <alloc::boxed::Box<F,A> as core::ops::function::Fn<Args>>::call::h0ad024c9bdc6d768
[INFO] [stdout]                                at /rustc/82e1608dfa6e0b5569232559e3d385fea5a93112/library/alloc/src/boxed.rs:2021:9
[INFO] [stdout]   12:     0x5648b9acbf77 - test::test_main::{{closure}}::h7500b54257359db6
[INFO] [stdout]                                at /rustc/82e1608dfa6e0b5569232559e3d385fea5a93112/library/test/src/lib.rs:138:21
[INFO] [stdout]   13:     0x5648b9afdd38 - <alloc::boxed::Box<F,A> as core::ops::function::Fn<Args>>::call::h1f8f335eaa9cfaee
[INFO] [stdout]                                at /rustc/82e1608dfa6e0b5569232559e3d385fea5a93112/library/alloc/src/boxed.rs:2021:9
[INFO] [stdout]   14:     0x5648b9afdd38 - std::panicking::rust_panic_with_hook::h2b5517d590cab22e
[INFO] [stdout]                                at /rustc/82e1608dfa6e0b5569232559e3d385fea5a93112/library/std/src/panicking.rs:783:13
[INFO] [stdout]   15:     0x5648b9afda8e - std::panicking::begin_panic_handler::{{closure}}::h233112c06e0ef43e
[INFO] [stdout]                                at /rustc/82e1608dfa6e0b5569232559e3d385fea5a93112/library/std/src/panicking.rs:657:13
[INFO] [stdout]   16:     0x5648b9afc146 - std::sys_common::backtrace::__rust_end_short_backtrace::h6e893f24d7ebbff8
[INFO] [stdout]                                at /rustc/82e1608dfa6e0b5569232559e3d385fea5a93112/library/std/src/sys_common/backtrace.rs:170:18
[INFO] [stdout]   17:     0x5648b9afd7f2 - rust_begin_unwind
[INFO] [stdout]                                at /rustc/82e1608dfa6e0b5569232559e3d385fea5a93112/library/std/src/panicking.rs:645:5
[INFO] [stdout]   18:     0x5648b99cbd75 - core::panicking::panic_fmt::hbf0e066aabfa482c
[INFO] [stdout]                                at /rustc/82e1608dfa6e0b5569232559e3d385fea5a93112/library/core/src/panicking.rs:72:14
[INFO] [stdout]   19:     0x5648b9a932d1 - parsit::test::parser_test::expect_pos::h8efa3f9230590570
[INFO] [stdout]                                at /opt/rustwide/cargo-home/registry/src/index.crates.io-6f17d22bba15001f/parsit-0.1.12/src/test.rs:355:32
[INFO] [stdout]   20:     0x5648b9a9173b - plc_compiler::parser::tests::subscript_list::h8e406563899d4996
[INFO] [stdout]                                at /opt/rustwide/workdir/src/parser/tests.rs:31:5
[INFO] [stdout]   21:     0x5648b9a916b7 - plc_compiler::parser::tests::subscript_list::{{closure}}::hf384b87939dd0427
[INFO] [stdout]                                at /opt/rustwide/workdir/src/parser/tests.rs:30:20
[INFO] [stdout]   22:     0x5648b9a74566 - core::ops::function::FnOnce::call_once::hc032c8ad45731e17
[INFO] [stdout]                                at /rustc/82e1608dfa6e0b5569232559e3d385fea5a93112/library/core/src/ops/function.rs:250:5
[INFO] [stdout]   23:     0x5648b9ad15cf - core::ops::function::FnOnce::call_once::h2b5d431d5046312d
[INFO] [stdout]                                at /rustc/82e1608dfa6e0b5569232559e3d385fea5a93112/library/core/src/ops/function.rs:250:5
[INFO] [stdout]   24:     0x5648b9ad15cf - test::__rust_begin_short_backtrace::h7714669af176e207
[INFO] [stdout]                                at /rustc/82e1608dfa6e0b5569232559e3d385fea5a93112/library/test/src/lib.rs:628:18
[INFO] [stdout]   25:     0x5648b9ad05e5 - test::run_test_in_process::{{closure}}::h85218797dcbcec12
[INFO] [stdout]                                at /rustc/82e1608dfa6e0b5569232559e3d385fea5a93112/library/test/src/lib.rs:651:60
[INFO] [stdout]   26:     0x5648b9ad05e5 - <core::panic::unwind_safe::AssertUnwindSafe<F> as core::ops::function::FnOnce<()>>::call_once::h76c106ea31c14d7b
[INFO] [stdout]                                at /rustc/82e1608dfa6e0b5569232559e3d385fea5a93112/library/core/src/panic/unwind_safe.rs:272:9
[INFO] [stdout]   27:     0x5648b9ad05e5 - std::panicking::try::do_call::h3bd5d0f6620ee946
[INFO] [stdout]                                at /rustc/82e1608dfa6e0b5569232559e3d385fea5a93112/library/std/src/panicking.rs:552:40
[INFO] [stdout]   28:     0x5648b9ad05e5 - std::panicking::try::h232e535e4744fe31
[INFO] [stdout]                                at /rustc/82e1608dfa6e0b5569232559e3d385fea5a93112/library/std/src/panicking.rs:516:19
[INFO] [stdout]   29:     0x5648b9ad05e5 - std::panic::catch_unwind::h3ce3bd6ca8dbac68
[INFO] [stdout]                                at /rustc/82e1608dfa6e0b5569232559e3d385fea5a93112/library/std/src/panic.rs:142:14
[INFO] [stdout]   30:     0x5648b9ad05e5 - test::run_test_in_process::hc97b257c9621286a
[INFO] [stdout]                                at /rustc/82e1608dfa6e0b5569232559e3d385fea5a93112/library/test/src/lib.rs:651:27
[INFO] [stdout]   31:     0x5648b9ad05e5 - test::run_test::{{closure}}::h2aa798823a438d38
[INFO] [stdout]                                at /rustc/82e1608dfa6e0b5569232559e3d385fea5a93112/library/test/src/lib.rs:574:43
[INFO] [stdout]   32:     0x5648b9a988a6 - test::run_test::{{closure}}::h87d231c78fb59832
[INFO] [stdout]                                at /rustc/82e1608dfa6e0b5569232559e3d385fea5a93112/library/test/src/lib.rs:602:41
[INFO] [stdout]   33:     0x5648b9a988a6 - std::sys_common::backtrace::__rust_begin_short_backtrace::he6df152596625789
[INFO] [stdout]                                at /rustc/82e1608dfa6e0b5569232559e3d385fea5a93112/library/std/src/sys_common/backtrace.rs:154:18
[INFO] [stdout]   34:     0x5648b9a9d957 - std::thread::Builder::spawn_unchecked_::{{closure}}::{{closure}}::ha94be15d1e0acf36
[INFO] [stdout]                                at /rustc/82e1608dfa6e0b5569232559e3d385fea5a93112/library/std/src/thread/mod.rs:529:17
[INFO] [stdout]   35:     0x5648b9a9d957 - <core::panic::unwind_safe::AssertUnwindSafe<F> as core::ops::function::FnOnce<()>>::call_once::h9dc6bd6372f16606
[INFO] [stdout]                                at /rustc/82e1608dfa6e0b5569232559e3d385fea5a93112/library/core/src/panic/unwind_safe.rs:272:9
[INFO] [stdout]   36:     0x5648b9a9d957 - std::panicking::try::do_call::h9057517f80303cd4
[INFO] [stdout]                                at /rustc/82e1608dfa6e0b5569232559e3d385fea5a93112/library/std/src/panicking.rs:552:40
[INFO] [stdout]   37:     0x5648b9a9d957 - std::panicking::try::he3a30b11ee45340c
[INFO] [stdout]                                at /rustc/82e1608dfa6e0b5569232559e3d385fea5a93112/library/std/src/panicking.rs:516:19
[INFO] [stdout]   38:     0x5648b9a9d957 - std::panic::catch_unwind::h410458cfd3528b8b
[INFO] [stdout]                                at /rustc/82e1608dfa6e0b5569232559e3d385fea5a93112/library/std/src/panic.rs:142:14
[INFO] [stdout]   39:     0x5648b9a9d957 - std::thread::Builder::spawn_unchecked_::{{closure}}::h72ac3bdb567b737b
[INFO] [stdout]                                at /rustc/82e1608dfa6e0b5569232559e3d385fea5a93112/library/std/src/thread/mod.rs:528:30
[INFO] [stdout]   40:     0x5648b9a9d957 - core::ops::function::FnOnce::call_once{{vtable.shim}}::h38f34da3654a8344
[INFO] [stdout]                                at /rustc/82e1608dfa6e0b5569232559e3d385fea5a93112/library/core/src/ops/function.rs:250:5
[INFO] [stdout]   41:     0x5648b9b027c5 - <alloc::boxed::Box<F,A> as core::ops::function::FnOnce<Args>>::call_once::hc7eafaff61e32df9
[INFO] [stdout]                                at /rustc/82e1608dfa6e0b5569232559e3d385fea5a93112/library/alloc/src/boxed.rs:2007:9
[INFO] [stdout]   42:     0x5648b9b027c5 - <alloc::boxed::Box<F,A> as core::ops::function::FnOnce<Args>>::call_once::h6ba4a5de48dd2304
[INFO] [stdout]                                at /rustc/82e1608dfa6e0b5569232559e3d385fea5a93112/library/alloc/src/boxed.rs:2007:9
[INFO] [stdout]   43:     0x5648b9b027c5 - std::sys::unix::thread::Thread::new::thread_start::he469335aef763e45
[INFO] [stdout]                                at /rustc/82e1608dfa6e0b5569232559e3d385fea5a93112/library/std/src/sys/unix/thread.rs:108:17
[INFO] [stdout]   44:     0x7f0b35369ac3 - <unknown>
[INFO] [stdout]   45:     0x7f0b353fabf4 - __clone
[INFO] [stdout]   46:                0x0 - <unknown>
[INFO] [stdout] 
[INFO] [stdout] ---- parser::tokens::tests::number stdout ----
[INFO] [stdout] thread 'parser::tokens::tests::number' panicked at library/core/src/num/mod.rs:1437:5:
[INFO] [stdout] from_str_radix_int: must lie in the range `[2, 36]` - found 816
[INFO] [stdout] stack backtrace:
[INFO] [stdout]    0:     0x5648b9afbc7c - std::backtrace_rs::backtrace::libunwind::trace::ha637c64ce894333a
[INFO] [stdout]                                at /rustc/82e1608dfa6e0b5569232559e3d385fea5a93112/library/std/src/../../backtrace/src/backtrace/libunwind.rs:104:5
[INFO] [stdout]    1:     0x5648b9afbc7c - std::backtrace_rs::backtrace::trace_unsynchronized::h47f62dea28e0c88d
[INFO] [stdout]                                at /rustc/82e1608dfa6e0b5569232559e3d385fea5a93112/library/std/src/../../backtrace/src/backtrace/mod.rs:66:5
[INFO] [stdout]    2:     0x5648b9afbc7c - std::sys_common::backtrace::_print_fmt::h9eef0abe20ede486
[INFO] [stdout]                                at /rustc/82e1608dfa6e0b5569232559e3d385fea5a93112/library/std/src/sys_common/backtrace.rs:67:5
[INFO] [stdout]    3:     0x5648b9afbc7c - <std::sys_common::backtrace::_print::DisplayBacktrace as core::fmt::Display>::fmt::hed7f999df88cc644
[INFO] [stdout]                                at /rustc/82e1608dfa6e0b5569232559e3d385fea5a93112/library/std/src/sys_common/backtrace.rs:44:22
[INFO] [stdout]    4:     0x5648b9b27540 - core::fmt::rt::Argument::fmt::h1539a9308b8d058d
[INFO] [stdout]                                at /rustc/82e1608dfa6e0b5569232559e3d385fea5a93112/library/core/src/fmt/rt.rs:142:9
[INFO] [stdout]    5:     0x5648b9b27540 - core::fmt::write::h3a39390d8560d9c9
[INFO] [stdout]                                at /rustc/82e1608dfa6e0b5569232559e3d385fea5a93112/library/core/src/fmt/mod.rs:1120:17
[INFO] [stdout]    6:     0x5648b9af962f - std::io::Write::write_fmt::h040b369f3a0f9cbc
[INFO] [stdout]                                at /rustc/82e1608dfa6e0b5569232559e3d385fea5a93112/library/std/src/io/mod.rs:1762:15
[INFO] [stdout]    7:     0x5648b9afba64 - std::sys_common::backtrace::_print::h894006fb5c6f3d45
[INFO] [stdout]                                at /rustc/82e1608dfa6e0b5569232559e3d385fea5a93112/library/std/src/sys_common/backtrace.rs:47:5
[INFO] [stdout]    8:     0x5648b9afba64 - std::sys_common::backtrace::print::h23a2d212c6fff936
[INFO] [stdout]                                at /rustc/82e1608dfa6e0b5569232559e3d385fea5a93112/library/std/src/sys_common/backtrace.rs:34:9
[INFO] [stdout]    9:     0x5648b9afd727 - std::panicking::default_hook::{{closure}}::h8a1d2ee00185001a
[INFO] [stdout]   10:     0x5648b9afd413 - std::panicking::default_hook::h6038f2eba384e475
[INFO] [stdout]                                at /rustc/82e1608dfa6e0b5569232559e3d385fea5a93112/library/std/src/panicking.rs:289:9
[INFO] [stdout]   11:     0x5648b9acbf77 - <alloc::boxed::Box<F,A> as core::ops::function::Fn<Args>>::call::h0ad024c9bdc6d768
[INFO] [stdout]                                at /rustc/82e1608dfa6e0b5569232559e3d385fea5a93112/library/alloc/src/boxed.rs:2021:9
[INFO] [stdout]   12:     0x5648b9acbf77 - test::test_main::{{closure}}::h7500b54257359db6
[INFO] [stdout]                                at /rustc/82e1608dfa6e0b5569232559e3d385fea5a93112/library/test/src/lib.rs:138:21
[INFO] [stdout]   13:     0x5648b9afdd38 - <alloc::boxed::Box<F,A> as core::ops::function::Fn<Args>>::call::h1f8f335eaa9cfaee
[INFO] [stdout]                                at /rustc/82e1608dfa6e0b5569232559e3d385fea5a93112/library/alloc/src/boxed.rs:2021:9
[INFO] [stdout]   14:     0x5648b9afdd38 - std::panicking::rust_panic_with_hook::h2b5517d590cab22e
[INFO] [stdout]                                at /rustc/82e1608dfa6e0b5569232559e3d385fea5a93112/library/std/src/panicking.rs:783:13
[INFO] [stdout]   15:     0x5648b9afda8e - std::panicking::begin_panic_handler::{{closure}}::h233112c06e0ef43e
[INFO] [stdout]                                at /rustc/82e1608dfa6e0b5569232559e3d385fea5a93112/library/std/src/panicking.rs:657:13
[INFO] [stdout]   16:     0x5648b9afc146 - std::sys_common::backtrace::__rust_end_short_backtrace::h6e893f24d7ebbff8
[INFO] [stdout]                                at /rustc/82e1608dfa6e0b5569232559e3d385fea5a93112/library/std/src/sys_common/backtrace.rs:170:18
[INFO] [stdout]   17:     0x5648b9afd7f2 - rust_begin_unwind
[INFO] [stdout]                                at /rustc/82e1608dfa6e0b5569232559e3d385fea5a93112/library/std/src/panicking.rs:645:5
[INFO] [stdout]   18:     0x5648b99cbd75 - core::panicking::panic_fmt::hbf0e066aabfa482c
[INFO] [stdout]                                at /rustc/82e1608dfa6e0b5569232559e3d385fea5a93112/library/core/src/panicking.rs:72:14
[INFO] [stdout]   19:     0x5648b9b24ded - core::num::from_str_radix::h504cec6108be1bc8
[INFO] [stdout]                                at /rustc/82e1608dfa6e0b5569232559e3d385fea5a93112/library/core/src/num/mod.rs:1437:5
[INFO] [stdout]   20:     0x5648b9b2c1b9 - core::num::<impl i64>::from_str_radix::h1ffcffd5fdbc1e91
[INFO] [stdout]                                at /rustc/82e1608dfa6e0b5569232559e3d385fea5a93112/library/core/src/num/int_macros.rs:86:13
[INFO] [stdout]   21:     0x5648b9a97d04 - plc_compiler::parser::ast::numeric::parse_hex::hdf5d76a553ff1f34
[INFO] [stdout]                                at /opt/rustwide/workdir/src/parser/ast/numeric.rs:122:5
[INFO] [stdout]   22:     0x5648b9a96d6b - plc_compiler::parser::ast::numeric::to_number::hdfa6e288bc4d5001
[INFO] [stdout]                                at /opt/rustwide/workdir/src/parser/ast/numeric.rs:81:44
[INFO] [stdout]   23:     0x5648b99ccb2b - <plc_compiler::parser::tokens::Token as logos::Logos>::lex::goto9_ctx9_x::h92baca1e20f23a60
[INFO] [stdout]                                at /opt/rustwide/workdir/src/parser/tokens.rs:9:10
[INFO] [stdout]   24:     0x5648b99cdd53 - <plc_compiler::parser::tokens::Token as logos::Logos>::lex::goto13_ctx9_x::h2fd9780c525a3c5d
[INFO] [stdout]                                at /opt/rustwide/workdir/src/parser/tokens.rs:9:10
[INFO] [stdout]   25:     0x5648b99cde03 - <plc_compiler::parser::tokens::Token as logos::Logos>::lex::goto14_at1_ctx4289_x::h3bd627a0cd7fd9e1
[INFO] [stdout]                                at /opt/rustwide/workdir/src/parser/tokens.rs:9:10
[INFO] [stdout]   26:     0x5648b99cdf16 - <plc_compiler::parser::tokens::Token as logos::Logos>::lex::goto15_at1_ctx4289_x::he1c9001aca069e0c
[INFO] [stdout]                                at /opt/rustwide/workdir/src/parser/tokens.rs:9:10
[INFO] [stdout]   27:     0x5648b99ce031 - <plc_compiler::parser::tokens::Token as logos::Logos>::lex::goto4294_ctx4289_x::h044d8161cf074637
[INFO] [stdout]                                at /opt/rustwide/workdir/src/parser/tokens.rs:9:10
[INFO] [stdout]   28:     0x5648b99ce09d - <plc_compiler::parser::tokens::Token as logos::Logos>::lex::goto4292_ctx4289_x::h225b32e3b1555eab
[INFO] [stdout]                                at /opt/rustwide/workdir/src/parser/tokens.rs:9:10
[INFO] [stdout]   29:     0x5648b9a471b4 - <plc_compiler::parser::tokens::Token as logos::Logos>::lex::goto5429::h3ee73310db7f3427
[INFO] [stdout]                                at /opt/rustwide/workdir/src/parser/tokens.rs:9:10
[INFO] [stdout]   30:     0x5648b99ccaaa - <plc_compiler::parser::tokens::Token as logos::Logos>::lex::h1216afa3305111bf
[INFO] [stdout]                                at /opt/rustwide/workdir/src/parser/tokens.rs:9:10
[INFO] [stdout]   31:     0x5648b9a72c7d - <logos::lexer::Lexer<Token> as core::iter::traits::iterator::Iterator>::next::had85f0d2fb14628b
[INFO] [stdout]                                at /opt/rustwide/cargo-home/registry/src/index.crates.io-6f17d22bba15001f/logos-0.12.1/src/lexer.rs:193:9
[INFO] [stdout]   32:     0x5648b9a84bcf - parsit::lexer::LexIt<T>::new::h8c999d2d3fcc4cf3
[INFO] [stdout]                                at /opt/rustwide/cargo-home/registry/src/index.crates.io-6f17d22bba15001f/parsit-0.1.12/src/lexer.rs:44:29
[INFO] [stdout]   33:     0x5648b9a929c7 - parsit::test::lexer_test::expect_succeed::h910c60b3cc44de69
[INFO] [stdout]                                at /opt/rustwide/cargo-home/registry/src/index.crates.io-6f17d22bba15001f/parsit-0.1.12/src/test.rs:86:15
[INFO] [stdout]   34:     0x5648b9a7e3ae - plc_compiler::parser::tokens::tests::number::h49cd27156fccd231
[INFO] [stdout]                                at /opt/rustwide/workdir/src/parser/tokens.rs:600:9
[INFO] [stdout]   35:     0x5648b9a7e317 - plc_compiler::parser::tokens::tests::number::{{closure}}::h3b9674428d18207a
[INFO] [stdout]                                at /opt/rustwide/workdir/src/parser/tokens.rs:593:16
[INFO] [stdout]   36:     0x5648b9a745b6 - core::ops::function::FnOnce::call_once::hc4fbc0b0e5360a7d
[INFO] [stdout]                                at /rustc/82e1608dfa6e0b5569232559e3d385fea5a93112/library/core/src/ops/function.rs:250:5
[INFO] [stdout]   37:     0x5648b9ad15cf - core::ops::function::FnOnce::call_once::h2b5d431d5046312d
[INFO] [stdout]                                at /rustc/82e1608dfa6e0b5569232559e3d385fea5a93112/library/core/src/ops/function.rs:250:5
[INFO] [stdout]   38:     0x5648b9ad15cf - test::__rust_begin_short_backtrace::h7714669af176e207
[INFO] [stdout]                                at /rustc/82e1608dfa6e0b5569232559e3d385fea5a93112/library/test/src/lib.rs:628:18
[INFO] [stdout]   39:     0x5648b9ad05e5 - test::run_test_in_process::{{closure}}::h85218797dcbcec12
[INFO] [stdout]                                at /rustc/82e1608dfa6e0b5569232559e3d385fea5a93112/library/test/src/lib.rs:651:60
[INFO] [stdout]   40:     0x5648b9ad05e5 - <core::panic::unwind_safe::AssertUnwindSafe<F> as core::ops::function::FnOnce<()>>::call_once::h76c106ea31c14d7b
[INFO] [stdout]                                at /rustc/82e1608dfa6e0b5569232559e3d385fea5a93112/library/core/src/panic/unwind_safe.rs:272:9
[INFO] [stdout]   41:     0x5648b9ad05e5 - std::panicking::try::do_call::h3bd5d0f6620ee946
[INFO] [stdout]                                at /rustc/82e1608dfa6e0b5569232559e3d385fea5a93112/library/std/src/panicking.rs:552:40
[INFO] [stdout]   42:     0x5648b9ad05e5 - std::panicking::try::h232e535e4744fe31
[INFO] [stdout]                                at /rustc/82e1608dfa6e0b5569232559e3d385fea5a93112/library/std/src/panicking.rs:516:19
[INFO] [stdout]   43:     0x5648b9ad05e5 - std::panic::catch_unwind::h3ce3bd6ca8dbac68
[INFO] [stdout]                                at /rustc/82e1608dfa6e0b5569232559e3d385fea5a93112/library/std/src/panic.rs:142:14
[INFO] [stdout]   44:     0x5648b9ad05e5 - test::run_test_in_process::hc97b257c9621286a
[INFO] [stdout]                                at /rustc/82e1608dfa6e0b5569232559e3d385fea5a93112/library/test/src/lib.rs:651:27
[INFO] [stdout]   45:     0x5648b9ad05e5 - test::run_test::{{closure}}::h2aa798823a438d38
[INFO] [stdout]                                at /rustc/82e1608dfa6e0b5569232559e3d385fea5a93112/library/test/src/lib.rs:574:43
[INFO] [stdout]   46:     0x5648b9a988a6 - test::run_test::{{closure}}::h87d231c78fb59832
[INFO] [stdout]                                at /rustc/82e1608dfa6e0b5569232559e3d385fea5a93112/library/test/src/lib.rs:602:41
[INFO] [stdout]   47:     0x5648b9a988a6 - std::sys_common::backtrace::__rust_begin_short_backtrace::he6df152596625789
[INFO] [stdout]                                at /rustc/82e1608dfa6e0b5569232559e3d385fea5a93112/library/std/src/sys_common/backtrace.rs:154:18
[INFO] [stdout]   48:     0x5648b9a9d957 - std::thread::Builder::spawn_unchecked_::{{closure}}::{{closure}}::ha94be15d1e0acf36
[INFO] [stdout]                                at /rustc/82e1608dfa6e0b5569232559e3d385fea5a93112/library/std/src/thread/mod.rs:529:17
[INFO] [stdout]   49:     0x5648b9a9d957 - <core::panic::unwind_safe::AssertUnwindSafe<F> as core::ops::function::FnOnce<()>>::call_once::h9dc6bd6372f16606
[INFO] [stdout]                                at /rustc/82e1608dfa6e0b5569232559e3d385fea5a93112/library/core/src/panic/unwind_safe.rs:272:9
[INFO] [stdout]   50:     0x5648b9a9d957 - std::panicking::try::do_call::h9057517f80303cd4
[INFO] [stdout]                                at /rustc/82e1608dfa6e0b5569232559e3d385fea5a93112/library/std/src/panicking.rs:552:40
[INFO] [stdout]   51:     0x5648b9a9d957 - std::panicking::try::he3a30b11ee45340c
[INFO] [stdout]                                at /rustc/82e1608dfa6e0b5569232559e3d385fea5a93112/library/std/src/panicking.rs:516:19
[INFO] [stdout]   52:     0x5648b9a9d957 - std::panic::catch_unwind::h410458cfd3528b8b
[INFO] [stdout]                                at /rustc/82e1608dfa6e0b5569232559e3d385fea5a93112/library/std/src/panic.rs:142:14
[INFO] [stdout]   53:     0x5648b9a9d957 - std::thread::Builder::spawn_unchecked_::{{closure}}::h72ac3bdb567b737b
[INFO] [stdout]                                at /rustc/82e1608dfa6e0b5569232559e3d385fea5a93112/library/std/src/thread/mod.rs:528:30
[INFO] [stdout]   54:     0x5648b9a9d957 - core::ops::function::FnOnce::call_once{{vtable.shim}}::h38f34da3654a8344
[INFO] [stdout]                                at /rustc/82e1608dfa6e0b5569232559e3d385fea5a93112/library/core/src/ops/function.rs:250:5
[INFO] [stdout]   55:     0x5648b9b027c5 - <alloc::boxed::Box<F,A> as core::ops::function::FnOnce<Args>>::call_once::hc7eafaff61e32df9
[INFO] [stdout]                                at /rustc/82e1608dfa6e0b5569232559e3d385fea5a93112/library/alloc/src/boxed.rs:2007:9
[INFO] [stdout]   56:     0x5648b9b027c5 - <alloc::boxed::Box<F,A> as core::ops::function::FnOnce<Args>>::call_once::h6ba4a5de48dd2304
[INFO] [stdout]                                at /rustc/82e1608dfa6e0b5569232559e3d385fea5a93112/library/alloc/src/boxed.rs:2007:9
[INFO] [stdout]   57:     0x5648b9b027c5 - std::sys::unix::thread::Thread::new::thread_start::he469335aef763e45
[INFO] [stdout]                                at /rustc/82e1608dfa6e0b5569232559e3d385fea5a93112/library/std/src/sys/unix/thread.rs:108:17
[INFO] [stdout]   58:     0x7f0b35369ac3 - <unknown>
[INFO] [stdout]   59:     0x7f0b353fabf4 - __clone
[INFO] [stdout]   60:                0x0 - <unknown>
[INFO] [stdout] 
[INFO] [stdout] 
[INFO] [stdout] failures:
[INFO] [stdout]     parser::tests::statement::stmt
[INFO] [stdout]     parser::tests::subscript_list
[INFO] [stdout]     parser::tokens::tests::number
[INFO] [stdout] 
[INFO] [stdout] test result: FAILED. 20 passed; 3 failed; 0 ignored; 0 measured; 0 filtered out; finished in 0.02s
[INFO] [stdout] 
[INFO] [stderr] error: test failed, to rerun pass `--bin plc-compiler`
[INFO] running `Command { std: "docker" "inspect" "d8e1aedf608bd793a40fcd6ff8fe8bb2e4392cb3f02da98501b07e75eb31eaa9", kill_on_drop: false }`
[INFO] running `Command { std: "docker" "rm" "-f" "d8e1aedf608bd793a40fcd6ff8fe8bb2e4392cb3f02da98501b07e75eb31eaa9", kill_on_drop: false }`
[INFO] [stdout] d8e1aedf608bd793a40fcd6ff8fe8bb2e4392cb3f02da98501b07e75eb31eaa9
[INFO] testing besok/plc-compiler against beta-2023-12-22 for beta-1.76-1
[INFO] running `Command { std: "git" "clone" "/workspace/cache/git-repos/https%3A%2F%2Fgithub.com%2Fbesok%2Fplc-compiler" "/workspace/builds/worker-2-tc2/source", kill_on_drop: false }`
[INFO] [stderr] Cloning into '/workspace/builds/worker-2-tc2/source'...
[INFO] [stderr] done.
[INFO] validating manifest of git repo https://github.com/besok/plc-compiler on toolchain beta-2023-12-22
[INFO] running `Command { std: CARGO_HOME="/workspace/cargo-home" RUSTUP_HOME="/workspace/rustup-home" "/workspace/cargo-home/bin/cargo" "+beta-2023-12-22" "metadata" "--manifest-path" "Cargo.toml" "--no-deps", kill_on_drop: false }`
[INFO] started tweaking git repo https://github.com/besok/plc-compiler
[INFO] finished tweaking git repo https://github.com/besok/plc-compiler
[INFO] tweaked toml for git repo https://github.com/besok/plc-compiler written to /workspace/builds/worker-2-tc2/source/Cargo.toml
[INFO] crate git repo https://github.com/besok/plc-compiler already has a lockfile, it will not be regenerated
[INFO] running `Command { std: CARGO_HOME="/workspace/cargo-home" RUSTUP_HOME="/workspace/rustup-home" "/workspace/cargo-home/bin/cargo" "+beta-2023-12-22" "fetch" "--manifest-path" "Cargo.toml", kill_on_drop: false }`
[INFO] running `Command { std: "docker" "create" "-v" "/var/lib/crater-agent-workspace/builds/worker-2-tc2/target:/opt/rustwide/target:rw,Z" "-v" "/var/lib/crater-agent-workspace/builds/worker-2-tc2/source:/opt/rustwide/workdir:ro,Z" "-v" "/var/lib/crater-agent-workspace/cargo-home:/opt/rustwide/cargo-home:ro,Z" "-v" "/var/lib/crater-agent-workspace/rustup-home:/opt/rustwide/rustup-home:ro,Z" "-e" "SOURCE_DIR=/opt/rustwide/workdir" "-e" "CARGO_TARGET_DIR=/opt/rustwide/target" "-e" "CARGO_HOME=/opt/rustwide/cargo-home" "-e" "RUSTUP_HOME=/opt/rustwide/rustup-home" "-w" "/opt/rustwide/workdir" "-m" "1610612736" "--user" "0:0" "--network" "none" "ghcr.io/rust-lang/crates-build-env/linux@sha256:2788e3201cd34a07e3172128adcd8b3090168a8e3bcc40d7c032b9dda1df7d1c" "/opt/rustwide/cargo-home/bin/cargo" "+beta-2023-12-22" "metadata" "--no-deps" "--format-version=1", kill_on_drop: false }`
[INFO] [stdout] 56503c6d57b9adcd081955040994e2caad36efdcd0d44d82af68b737b993787c
[INFO] running `Command { std: "docker" "start" "-a" "56503c6d57b9adcd081955040994e2caad36efdcd0d44d82af68b737b993787c", kill_on_drop: false }`
[INFO] running `Command { std: "docker" "inspect" "56503c6d57b9adcd081955040994e2caad36efdcd0d44d82af68b737b993787c", kill_on_drop: false }`
[INFO] running `Command { std: "docker" "rm" "-f" "56503c6d57b9adcd081955040994e2caad36efdcd0d44d82af68b737b993787c", kill_on_drop: false }`
[INFO] [stdout] 56503c6d57b9adcd081955040994e2caad36efdcd0d44d82af68b737b993787c
[INFO] running `Command { std: "docker" "create" "-v" "/var/lib/crater-agent-workspace/builds/worker-2-tc2/target:/opt/rustwide/target:rw,Z" "-v" "/var/lib/crater-agent-workspace/builds/worker-2-tc2/source:/opt/rustwide/workdir:ro,Z" "-v" "/var/lib/crater-agent-workspace/cargo-home:/opt/rustwide/cargo-home:ro,Z" "-v" "/var/lib/crater-agent-workspace/rustup-home:/opt/rustwide/rustup-home:ro,Z" "-e" "SOURCE_DIR=/opt/rustwide/workdir" "-e" "CARGO_TARGET_DIR=/opt/rustwide/target" "-e" "CARGO_INCREMENTAL=0" "-e" "RUST_BACKTRACE=full" "-e" "RUSTFLAGS=--cap-lints=warn" "-e" "RUSTDOCFLAGS=--cap-lints=warn" "-e" "CARGO_HOME=/opt/rustwide/cargo-home" "-e" "RUSTUP_HOME=/opt/rustwide/rustup-home" "-w" "/opt/rustwide/workdir" "-m" "1610612736" "--user" "0:0" "--network" "none" "ghcr.io/rust-lang/crates-build-env/linux@sha256:2788e3201cd34a07e3172128adcd8b3090168a8e3bcc40d7c032b9dda1df7d1c" "/opt/rustwide/cargo-home/bin/cargo" "+beta-2023-12-22" "build" "--frozen" "--message-format=json", kill_on_drop: false }`
[INFO] [stdout] 05f454e58f80faee53487babc302b53c862a4b0e43e3d3ee036ec8b60cc7c06d
[INFO] running `Command { std: "docker" "start" "-a" "05f454e58f80faee53487babc302b53c862a4b0e43e3d3ee036ec8b60cc7c06d", kill_on_drop: false }`
[INFO] [stderr]    Compiling proc-macro2 v1.0.47
[INFO] [stderr]    Compiling quote v1.0.21
[INFO] [stderr]    Compiling unicode-ident v1.0.5
[INFO] [stderr]    Compiling syn v1.0.103
[INFO] [stderr]    Compiling fnv v1.0.7
[INFO] [stderr]    Compiling regex-syntax v0.6.27
[INFO] [stderr]    Compiling beef v0.5.2
[INFO] [stderr]    Compiling logos-derive v0.12.1
[INFO] [stderr]    Compiling logos v0.12.1
[INFO] [stderr]    Compiling parsit v0.1.12
[INFO] [stderr]    Compiling plc-compiler v0.1.0 (/opt/rustwide/workdir)
[INFO] [stdout] warning: unused import: `std::str::FromStr`
[INFO] [stdout]  --> src/parser.rs:1:5
[INFO] [stdout]   |
[INFO] [stdout] 1 | use std::str::FromStr;
[INFO] [stdout]   |     ^^^^^^^^^^^^^^^^^
[INFO] [stdout]   |
[INFO] [stdout]   = note: `#[warn(unused_imports)]` on by default
[INFO] [stdout] 
[INFO] [stdout] 
[INFO] [stdout] warning: unused imports: `FilterResult`, `Lexer`
[INFO] [stdout]  --> src/parser/tokens.rs:1:13
[INFO] [stdout]   |
[INFO] [stdout] 1 | use logos::{FilterResult, Lexer, Logos};
[INFO] [stdout]   |             ^^^^^^^^^^^^  ^^^^^
[INFO] [stdout] 
[INFO] [stdout] 
[INFO] [stdout] warning: unused import: `Split`
[INFO] [stdout]  --> src/parser/ast/time.rs:1:25
[INFO] [stdout]   |
[INFO] [stdout] 1 | use std::str::{FromStr, Split};
[INFO] [stdout]   |                         ^^^^^
[INFO] [stdout] 
[INFO] [stdout] 
[INFO] [stdout] warning: unused imports: `Display`, `Formatter`
[INFO] [stdout]  --> src/parser/ast.rs:9:16
[INFO] [stdout]   |
[INFO] [stdout] 9 | use std::fmt::{Display, Formatter};
[INFO] [stdout]   |                ^^^^^^^  ^^^^^^^^^
[INFO] [stdout] 
[INFO] [stdout] 
[INFO] [stdout] warning: unused variable: `p`
[INFO] [stdout]    --> src/parser.rs:400:21
[INFO] [stdout]     |
[INFO] [stdout] 400 |         let cond = |p|
[INFO] [stdout]     |                     ^ help: if this is intentional, prefix it with an underscore: `_p`
[INFO] [stdout]     |
[INFO] [stdout]     = note: `#[warn(unused_variables)]` on by default
[INFO] [stdout] 
[INFO] [stdout] 
[INFO] [stdout] warning: struct `Parser` is never constructed
[INFO] [stdout]   --> src/parser.rs:22:12
[INFO] [stdout]    |
[INFO] [stdout] 22 | pub struct Parser<'a> {
[INFO] [stdout]    |            ^^^^^^
[INFO] [stdout]    |
[INFO] [stdout]    = note: `#[warn(dead_code)]` on by default
[INFO] [stdout] 
[INFO] [stdout] 
[INFO] [stdout] warning: associated items `new` and `token` are never used
[INFO] [stdout]   --> src/parser.rs:28:12
[INFO] [stdout]    |
[INFO] [stdout] 27 | impl<'a> Parser<'a> {
[INFO] [stdout]    | ------------------- associated items in this implementation
[INFO] [stdout] 28 |     pub fn new(src: &'a str) -> Result<Self, ParseError<'a>> {
[INFO] [stdout]    |            ^^^
[INFO] [stdout] ...
[INFO] [stdout] 33 |     fn token(&self, pos: usize) -> Result<(&Token<'a>, usize), ParseError<'a>> {
[INFO] [stdout]    |        ^^^^^
[INFO] [stdout] 
[INFO] [stdout] 
[INFO] [stdout] warning: multiple methods are never used
[INFO] [stdout]    --> src/parser.rs:40:12
[INFO] [stdout]     |
[INFO] [stdout] 39  | impl<'a> Parser<'a> {
[INFO] [stdout]     | ------------------- methods in this implementation
[INFO] [stdout] 40  |     pub fn of(&self, pos: usize) -> Step<'a, EmptyToken> {
[INFO] [stdout]     |            ^^
[INFO] [stdout] ...
[INFO] [stdout] 43  |     pub fn case_(&self, pos: usize) -> Step<'a, EmptyToken> {
[INFO] [stdout]     |            ^^^^^
[INFO] [stdout] ...
[INFO] [stdout] 46  |     pub fn end_case(&self, pos: usize) -> Step<'a, EmptyToken> {
[INFO] [stdout]     |            ^^^^^^^^
[INFO] [stdout] ...
[INFO] [stdout] 49  |     pub fn end_if(&self, pos: usize) -> Step<'a, EmptyToken> {
[INFO] [stdout]     |            ^^^^^^
[INFO] [stdout] ...
[INFO] [stdout] 52  |     pub fn semi(&self, pos: usize) -> Step<'a, EmptyToken> {
[INFO] [stdout]     |            ^^^^
[INFO] [stdout] ...
[INFO] [stdout] 55  |     pub fn then(&self, pos: usize) -> Step<'a, EmptyToken> {
[INFO] [stdout]     |            ^^^^
[INFO] [stdout] ...
[INFO] [stdout] 58  |     pub fn else_(&self, pos: usize) -> Step<'a, EmptyToken> {
[INFO] [stdout]     |            ^^^^^
[INFO] [stdout] ...
[INFO] [stdout] 61  |     pub fn els_if(&self, pos: usize) -> Step<'a, EmptyToken> {
[INFO] [stdout]     |            ^^^^^^
[INFO] [stdout] ...
[INFO] [stdout] 64  |     pub fn if_(&self, pos: usize) -> Step<'a, EmptyToken> {
[INFO] [stdout]     |            ^^^
[INFO] [stdout] ...
[INFO] [stdout] 67  |     pub fn return_(&self, pos: usize) -> Step<'a, EmptyToken> {
[INFO] [stdout]     |            ^^^^^^^
[INFO] [stdout] ...
[INFO] [stdout] 70  |     pub fn super_(&self, pos: usize) -> Step<'a, EmptyToken> {
[INFO] [stdout]     |            ^^^^^^
[INFO] [stdout] ...
[INFO] [stdout] 73  |     pub fn r_arrow(&self, pos: usize) -> Step<'a, EmptyToken> {
[INFO] [stdout]     |            ^^^^^^^
[INFO] [stdout] ...
[INFO] [stdout] 76  |     pub fn not(&self, pos: usize) -> Step<'a, EmptyToken> {
[INFO] [stdout]     |            ^^^
[INFO] [stdout] ...
[INFO] [stdout] 79  |     pub fn this(&self, pos: usize) -> Step<'a, EmptyToken> {
[INFO] [stdout]     |            ^^^^
[INFO] [stdout] ...
[INFO] [stdout] 82  |     pub fn comma(&self, pos: usize) -> Step<'a, EmptyToken> {
[INFO] [stdout]     |            ^^^^^
[INFO] [stdout] ...
[INFO] [stdout] 85  |     pub fn colon(&self, pos: usize) -> Step<'a, EmptyToken> {
[INFO] [stdout]     |            ^^^^^
[INFO] [stdout] ...
[INFO] [stdout] 88  |     pub fn l_p(&self, pos: usize) -> Step<'a, EmptyToken> {
[INFO] [stdout]     |            ^^^
[INFO] [stdout] ...
[INFO] [stdout] 91  |     pub fn r_p(&self, pos: usize) -> Step<'a, EmptyToken> {
[INFO] [stdout]     |            ^^^
[INFO] [stdout] ...
[INFO] [stdout] 94  |     pub fn dot(&self, pos: usize) -> Step<'a, EmptyToken> {
[INFO] [stdout]     |            ^^^
[INFO] [stdout] ...
[INFO] [stdout] 97  |     pub fn caret(&self, pos: usize) -> Step<'a, EmptyToken> {
[INFO] [stdout]     |            ^^^^^
[INFO] [stdout] ...
[INFO] [stdout] 100 |     pub fn lbr(&self, pos: usize) -> Step<'a, EmptyToken> {
[INFO] [stdout]     |            ^^^
[INFO] [stdout] ...
[INFO] [stdout] 103 |     pub fn rbr(&self, pos: usize) -> Step<'a, EmptyToken> {
[INFO] [stdout]     |            ^^^
[INFO] [stdout] ...
[INFO] [stdout] 106 |     pub fn num(&self, pos: usize) -> Step<'a, Numeric> {
[INFO] [stdout]     |            ^^^
[INFO] [stdout] ...
[INFO] [stdout] 109 |     pub fn id(&self, pos: usize) -> Step<'a, Id<'a>> {
[INFO] [stdout]     |            ^^
[INFO] [stdout] ...
[INFO] [stdout] 112 |     pub fn cast(&self, pos: usize) -> Step<'a, TypeCast<'a>> {
[INFO] [stdout]     |            ^^^^
[INFO] [stdout] ...
[INFO] [stdout] 115 |     pub fn direct_variable(&self, pos: usize) -> Step<'a, &'a str> {
[INFO] [stdout]     |            ^^^^^^^^^^^^^^^
[INFO] [stdout] ...
[INFO] [stdout] 118 |     pub fn assign(&self, pos: usize) -> Step<'a, EmptyToken> {
[INFO] [stdout]     |            ^^^^^^
[INFO] [stdout] ...
[INFO] [stdout] 121 |     pub fn assign_attempt(&self, pos: usize) -> Step<'a, EmptyToken> {
[INFO] [stdout]     |            ^^^^^^^^^^^^^^
[INFO] [stdout] ...
[INFO] [stdout] 124 |     pub fn ref_(&self, pos: usize) -> Step<'a, EmptyToken> {
[INFO] [stdout]     |            ^^^^
[INFO] [stdout] ...
[INFO] [stdout] 127 |     pub fn null(&self, pos: usize) -> Step<'a, EmptyToken> {
[INFO] [stdout]     |            ^^^^
[INFO] [stdout] 
[INFO] [stdout] 
[INFO] [stdout] warning: multiple methods are never used
[INFO] [stdout]    --> src/parser.rs:134:12
[INFO] [stdout]     |
[INFO] [stdout] 133 | impl<'a> Parser<'a> {
[INFO] [stdout]     | ------------------- methods in this implementation
[INFO] [stdout] 134 |     pub fn expression(&self, pos: usize) -> Step<'a, Expression<'a>> {
[INFO] [stdout]     |            ^^^^^^^^^^
[INFO] [stdout] ...
[INFO] [stdout] 137 |     pub fn subrange(&self, pos: usize) -> Step<'a, SubRange> {
[INFO] [stdout]     |            ^^^^^^^^
[INFO] [stdout] ...
[INFO] [stdout] 144 |     pub fn case_cond(&self, pos: usize) -> Step<'a, CaseCondition> {
[INFO] [stdout]     |            ^^^^^^^^^
[INFO] [stdout] ...
[INFO] [stdout] 151 |     pub fn subscript_list(&self, pos: usize) -> Step<'a, Vec<Expression<'a>>> {
[INFO] [stdout]     |            ^^^^^^^^^^^^^^
[INFO] [stdout] ...
[INFO] [stdout] 161 |     pub fn var_access(&self, pos: usize) -> Step<'a, VarAccess<'a>> {
[INFO] [stdout]     |            ^^^^^^^^^^
[INFO] [stdout] ...
[INFO] [stdout] 175 |     pub fn var_value(&self, pos: usize) -> Step<'a, VarValue<'a>> {
[INFO] [stdout]     |            ^^^^^^^^^
[INFO] [stdout] ...
[INFO] [stdout] 193 |     pub fn var_path(&self, pos: usize) -> Step<'a, VarPath<'a>> {
[INFO] [stdout]     |            ^^^^^^^^
[INFO] [stdout] ...
[INFO] [stdout] 199 |     pub fn symbolic_var(&self, pos: usize) -> Step<'a, SymbolicVar<'a>> {
[INFO] [stdout]     |            ^^^^^^^^^^^^
[INFO] [stdout] ...
[INFO] [stdout] 204 |     pub fn variable(&self, pos: usize) -> Step<'a, Variable<'a>> {
[INFO] [stdout]     |            ^^^^^^^^
[INFO] [stdout] ...
[INFO] [stdout] 211 |     pub fn assign_rhs(&self, pos: usize) -> Step<'a, AssignRhs<'a>> {
[INFO] [stdout]     |            ^^^^^^^^^^
[INFO] [stdout] ...
[INFO] [stdout] 220 |     pub fn ref_assign(&self, pos: usize) -> Step<'a, (Id<'a>, AssignRhs<'a>)> {
[INFO] [stdout]     |            ^^^^^^^^^^
[INFO] [stdout] ...
[INFO] [stdout] 226 |     pub fn assignment(&self, pos: usize) -> Step<'a, AssignmentSt<'a>> {
[INFO] [stdout]     |            ^^^^^^^^^^
[INFO] [stdout] ...
[INFO] [stdout] 252 |     pub fn param_assign(&self, pos: usize) -> Step<'a, Param<'a>> {
[INFO] [stdout]     |            ^^^^^^^^^^^^
[INFO] [stdout] ...
[INFO] [stdout] 284 |     pub fn param_assign_list(&self, pos: usize) -> Step<'a, Vec<Param<'a>>> {
[INFO] [stdout]     |            ^^^^^^^^^^^^^^^^^
[INFO] [stdout] ...
[INFO] [stdout] 294 |     pub fn fn_call(&self, pos: usize) -> Step<'a, InvocationSt<'a>> {
[INFO] [stdout]     |            ^^^^^^^
[INFO] [stdout] ...
[INFO] [stdout] 304 |     pub fn invocation(&self, pos: usize) -> Step<'a, InvocationLine<'a>> {
[INFO] [stdout]     |            ^^^^^^^^^^
[INFO] [stdout] ...
[INFO] [stdout] 314 |     pub fn invocation_st(&self, pos: usize) -> Step<'a, InvocationSt<'a>> {
[INFO] [stdout]     |            ^^^^^^^^^^^^^
[INFO] [stdout] ...
[INFO] [stdout] 329 |     pub fn statement_list(&self, pos: usize) -> Step<'a, Vec<Statement<'a>>> {
[INFO] [stdout]     |            ^^^^^^^^^^^^^^
[INFO] [stdout] ...
[INFO] [stdout] 340 |     pub fn statement(&self, pos: usize) -> Step<'a, Statement<'a>> {
[INFO] [stdout]     |            ^^^^^^^^^
[INFO] [stdout] ...
[INFO] [stdout] 348 |     pub fn if_st(&self, pos: usize) -> Step<'a, IfSt<'a>> {
[INFO] [stdout]     |            ^^^^^
[INFO] [stdout] ...
[INFO] [stdout] 382 |     pub fn case_selection_elem(&self, pos: usize) -> Step<'a, CaseSelectionElem<'a>> {
[INFO] [stdout]     |            ^^^^^^^^^^^^^^^^^^^
[INFO] [stdout] ...
[INFO] [stdout] 388 |     pub fn case_selection(&self, pos: usize) -> Step<'a, CaseSelection<'a>> {
[INFO] [stdout]     |            ^^^^^^^^^^^^^^
[INFO] [stdout] ...
[INFO] [stdout] 399 |     pub fn case_st(&self, pos: usize) -> Step<'a, CaseSt<'a>> {
[INFO] [stdout]     |            ^^^^^^^
[INFO] [stdout] 
[INFO] [stdout] 
[INFO] [stdout] warning: variants `Subrange`, `Num`, `Cast`, and `Id` are never constructed
[INFO] [stdout]  --> src/parser/ast/case.rs:6:5
[INFO] [stdout]   |
[INFO] [stdout] 5 | pub enum CaseCondition<'a> {
[INFO] [stdout]   |          ------------- variants in this enum
[INFO] [stdout] 6 |     Subrange(SubRange),
[INFO] [stdout]   |     ^^^^^^^^
[INFO] [stdout] 7 |     Num(Numeric),
[INFO] [stdout]   |     ^^^
[INFO] [stdout] 8 |     Cast(TypeCast<'a>),
[INFO] [stdout]   |     ^^^^
[INFO] [stdout] 9 |     Id(Id<'a>),
[INFO] [stdout]   |     ^^
[INFO] [stdout]   |
[INFO] [stdout]   = note: `CaseCondition` has derived impls for the traits `Clone` and `Debug`, but these are intentionally ignored during dead code analysis
[INFO] [stdout] 
[INFO] [stdout] 
[INFO] [stdout] warning: variants `X` and `Y` are never constructed
[INFO] [stdout]  --> src/parser/ast/expression.rs:7:5
[INFO] [stdout]   |
[INFO] [stdout] 6 | pub enum Expression<'a>{
[INFO] [stdout]   |          ---------- variants in this enum
[INFO] [stdout] 7 |     X,
[INFO] [stdout]   |     ^
[INFO] [stdout] 8 |     Y(&'a str)
[INFO] [stdout]   |     ^
[INFO] [stdout]   |
[INFO] [stdout]   = note: `Expression` has derived impls for the traits `Clone` and `Debug`, but these are intentionally ignored during dead code analysis
[INFO] [stdout] 
[INFO] [stdout] 
[INFO] [stdout] warning: variants `Direct` and `Symbolic` are never constructed
[INFO] [stdout]   --> src/parser/ast/variable.rs:14:5
[INFO] [stdout]    |
[INFO] [stdout] 13 | pub enum Variable<'a> {
[INFO] [stdout]    |          -------- variants in this enum
[INFO] [stdout] 14 |     Direct(&'a str),
[INFO] [stdout]    |     ^^^^^^
[INFO] [stdout] 15 |     Symbolic(SymbolicVar<'a>),
[INFO] [stdout]    |     ^^^^^^^^
[INFO] [stdout]    |
[INFO] [stdout]    = note: `Variable` has derived impls for the traits `Clone` and `Debug`, but these are intentionally ignored during dead code analysis
[INFO] [stdout] 
[INFO] [stdout] 
[INFO] [stdout] warning: variants `Value` and `Ref` are never constructed
[INFO] [stdout]   --> src/parser/ast/variable.rs:26:5
[INFO] [stdout]    |
[INFO] [stdout] 25 | pub enum VarAccess<'a> {
[INFO] [stdout]    |          --------- variants in this enum
[INFO] [stdout] 26 |     Value(Id<'a>),
[INFO] [stdout]    |     ^^^^^
[INFO] [stdout] 27 |     Ref(Box<VarAccess<'a>>),
[INFO] [stdout]    |     ^^^
[INFO] [stdout]    |
[INFO] [stdout]    = note: `VarAccess` has derived impls for the traits `Clone` and `Debug`, but these are intentionally ignored during dead code analysis
[INFO] [stdout] 
[INFO] [stdout] 
[INFO] [stdout] warning: variants `Single` and `Multi` are never constructed
[INFO] [stdout]   --> src/parser/ast/variable.rs:32:5
[INFO] [stdout]    |
[INFO] [stdout] 31 | pub enum VarValue<'a> {
[INFO] [stdout]    |          -------- variants in this enum
[INFO] [stdout] 32 |     Single(VarAccess<'a>),
[INFO] [stdout]    |     ^^^^^^
[INFO] [stdout] 33 |     Multi(VarAccess<'a>,Vec<MultiVarElem<'a>>)
[INFO] [stdout]    |     ^^^^^
[INFO] [stdout]    |
[INFO] [stdout]    = note: `VarValue` has derived impls for the traits `Clone` and `Debug`, but these are intentionally ignored during dead code analysis
[INFO] [stdout] 
[INFO] [stdout] 
[INFO] [stdout] warning: variants `Access` and `Subscript` are never constructed
[INFO] [stdout]   --> src/parser/ast/variable.rs:37:5
[INFO] [stdout]    |
[INFO] [stdout] 36 | pub enum MultiVarElem<'a> {
[INFO] [stdout]    |          ------------ variants in this enum
[INFO] [stdout] 37 |     Access(VarAccess<'a>),
[INFO] [stdout]    |     ^^^^^^
[INFO] [stdout] 38 |     Subscript(Vec<Expression<'a>>),
[INFO] [stdout]    |     ^^^^^^^^^
[INFO] [stdout]    |
[INFO] [stdout]    = note: `MultiVarElem` has derived impls for the traits `Clone` and `Debug`, but these are intentionally ignored during dead code analysis
[INFO] [stdout] 
[INFO] [stdout] 
[INFO] [stdout] warning: variants `This`, `None`, and `Path` are never constructed
[INFO] [stdout]   --> src/parser/ast/variable.rs:43:5
[INFO] [stdout]    |
[INFO] [stdout] 42 | pub enum VarPath<'a> {
[INFO] [stdout]    |          ------- variants in this enum
[INFO] [stdout] 43 |     This,
[INFO] [stdout]    |     ^^^^
[INFO] [stdout] 44 |     None,
[INFO] [stdout]    |     ^^^^
[INFO] [stdout] 45 |     Path(Vec<Id<'a>>),
[INFO] [stdout]    |     ^^^^
[INFO] [stdout]    |
[INFO] [stdout]    = note: `VarPath` has derived impls for the traits `Clone` and `Debug`, but these are intentionally ignored during dead code analysis
[INFO] [stdout] 
[INFO] [stdout] 
[INFO] [stdout] warning: variants `Assignment`, `Invocation`, `Selection`, and `Iteration` are never constructed
[INFO] [stdout]   --> src/parser/ast/statement.rs:38:5
[INFO] [stdout]    |
[INFO] [stdout] 37 | pub enum Statement<'a> {
[INFO] [stdout]    |          --------- variants in this enum
[INFO] [stdout] 38 |     Assignment(AssignmentSt<'a>),
[INFO] [stdout]    |     ^^^^^^^^^^
[INFO] [stdout] 39 |     Invocation(InvocationSt<'a>),
[INFO] [stdout]    |     ^^^^^^^^^^
[INFO] [stdout] 40 |     Selection(SelectionSt<'a>),
[INFO] [stdout]    |     ^^^^^^^^^
[INFO] [stdout] 41 |     Iteration,
[INFO] [stdout]    |     ^^^^^^^^^
[INFO] [stdout]    |
[INFO] [stdout]    = note: `Statement` has derived impls for the traits `Clone` and `Debug`, but these are intentionally ignored during dead code analysis
[INFO] [stdout] 
[INFO] [stdout] 
[INFO] [stdout] warning: variants `JustAssign`, `RefAssign`, and `AssignAttempt` are never constructed
[INFO] [stdout]   --> src/parser/ast/statement.rs:46:5
[INFO] [stdout]    |
[INFO] [stdout] 45 | pub enum AssignmentSt<'a> {
[INFO] [stdout]    |          ------------ variants in this enum
[INFO] [stdout] 46 |     JustAssign(Variable<'a>, Expression<'a>),
[INFO] [stdout]    |     ^^^^^^^^^^
[INFO] [stdout] 47 |     RefAssign(Id<'a>, AssignRhs<'a>),
[INFO] [stdout]    |     ^^^^^^^^^
[INFO] [stdout] 48 |     AssignAttempt(VarAccess<'a>, AssignRhs<'a>),
[INFO] [stdout]    |     ^^^^^^^^^^^^^
[INFO] [stdout]    |
[INFO] [stdout]    = note: `AssignmentSt` has derived impls for the traits `Clone` and `Debug`, but these are intentionally ignored during dead code analysis
[INFO] [stdout] 
[INFO] [stdout] 
[INFO] [stdout] warning: variants `Null`, `Var`, and `Addr` are never constructed
[INFO] [stdout]   --> src/parser/ast/statement.rs:53:5
[INFO] [stdout]    |
[INFO] [stdout] 52 | pub enum AssignRhs<'a> {
[INFO] [stdout]    |          --------- variants in this enum
[INFO] [stdout] 53 |     Null,
[INFO] [stdout]    |     ^^^^
[INFO] [stdout] 54 |     Var(VarAccess<'a>),
[INFO] [stdout]    |     ^^^
[INFO] [stdout] 55 |     Addr(SymbolicVar<'a>),
[INFO] [stdout]    |     ^^^^
[INFO] [stdout]    |
[INFO] [stdout]    = note: `AssignRhs` has derived impls for the traits `Clone` and `Debug`, but these are intentionally ignored during dead code analysis
[INFO] [stdout] 
[INFO] [stdout] 
[INFO] [stdout] warning: variants `Invocation`, `Super`, `Return`, and `FnCall` are never constructed
[INFO] [stdout]   --> src/parser/ast/statement.rs:60:5
[INFO] [stdout]    |
[INFO] [stdout] 59 | pub enum InvocationSt<'a> {
[INFO] [stdout]    |          ------------ variants in this enum
[INFO] [stdout] 60 |     Invocation(InvocationLine<'a>),
[INFO] [stdout]    |     ^^^^^^^^^^
[INFO] [stdout] 61 |     Super,
[INFO] [stdout]    |     ^^^^^
[INFO] [stdout] 62 |     Return,
[INFO] [stdout]    |     ^^^^^^
[INFO] [stdout] 63 |     FnCall(Vec<Id<'a>>, Vec<Param<'a>>),
[INFO] [stdout]    |     ^^^^^^
[INFO] [stdout]    |
[INFO] [stdout]    = note: `InvocationSt` has derived impls for the traits `Clone` and `Debug`, but these are intentionally ignored during dead code analysis
[INFO] [stdout] 
[INFO] [stdout] 
[INFO] [stdout] warning: variants `This` and `Variable` are never constructed
[INFO] [stdout]   --> src/parser/ast/statement.rs:74:5
[INFO] [stdout]    |
[INFO] [stdout] 73 | pub enum InvocationPath<'a> {
[INFO] [stdout]    |          -------------- variants in this enum
[INFO] [stdout] 74 |     This,
[INFO] [stdout]    |     ^^^^
[INFO] [stdout] 75 |     Variable(SymbolicVar<'a>),
[INFO] [stdout]    |     ^^^^^^^^
[INFO] [stdout]    |
[INFO] [stdout]    = note: `InvocationPath` has derived impls for the traits `Clone` and `Debug`, but these are intentionally ignored during dead code analysis
[INFO] [stdout] 
[INFO] [stdout] 
[INFO] [stdout] warning: variants `Assign`, `RefAssign`, `Expression`, `OutAssign`, and `NotOutAssign` are never constructed
[INFO] [stdout]   --> src/parser/ast/statement.rs:80:5
[INFO] [stdout]    |
[INFO] [stdout] 79 | pub enum Param<'a> {
[INFO] [stdout]    |          ----- variants in this enum
[INFO] [stdout] 80 |     Assign(Id<'a>, Expression<'a>),
[INFO] [stdout]    |     ^^^^^^
[INFO] [stdout] 81 |     RefAssign(Id<'a>, AssignRhs<'a>),
[INFO] [stdout]    |     ^^^^^^^^^
[INFO] [stdout] 82 |     Expression(Expression<'a>),
[INFO] [stdout]    |     ^^^^^^^^^^
[INFO] [stdout] 83 |     OutAssign(Id<'a>, Variable<'a>),
[INFO] [stdout]    |     ^^^^^^^^^
[INFO] [stdout] 84 |     NotOutAssign(Id<'a>, Variable<'a>),
[INFO] [stdout]    |     ^^^^^^^^^^^^
[INFO] [stdout]    |
[INFO] [stdout]    = note: `Param` has derived impls for the traits `Clone` and `Debug`, but these are intentionally ignored during dead code analysis
[INFO] [stdout] 
[INFO] [stdout] 
[INFO] [stdout] warning: variants `If` and `Case` are never constructed
[INFO] [stdout]   --> src/parser/ast/statement.rs:89:5
[INFO] [stdout]    |
[INFO] [stdout] 88 | pub enum SelectionSt<'a> {
[INFO] [stdout]    |          ----------- variants in this enum
[INFO] [stdout] 89 |     If(IfSt<'a>),
[INFO] [stdout]    |     ^^
[INFO] [stdout] 90 |     Case(CaseSt<'a>),
[INFO] [stdout]    |     ^^^^
[INFO] [stdout]    |
[INFO] [stdout]    = note: `SelectionSt` has derived impls for the traits `Clone` and `Debug`, but these are intentionally ignored during dead code analysis
[INFO] [stdout] 
[INFO] [stdout] 
[INFO] [stdout] warning: variants `Subrange` and `Expression` are never constructed
[INFO] [stdout]    --> src/parser/ast/statement.rs:119:5
[INFO] [stdout]     |
[INFO] [stdout] 118 | pub enum CaseSelectionElem<'a>{
[INFO] [stdout]     |          ----------------- variants in this enum
[INFO] [stdout] 119 |     Subrange(SubRange),
[INFO] [stdout]     |     ^^^^^^^^
[INFO] [stdout] 120 |     Expression(Expression<'a>)
[INFO] [stdout]     |     ^^^^^^^^^^
[INFO] [stdout]     |
[INFO] [stdout]     = note: `CaseSelectionElem` has derived impls for the traits `Clone` and `Debug`, but these are intentionally ignored during dead code analysis
[INFO] [stdout] 
[INFO] [stdout] 
[INFO] [stdout] warning: 24 warnings emitted
[INFO] [stdout] 
[INFO] [stdout] 
[INFO] [stderr]     Finished dev [unoptimized + debuginfo] target(s) in 9.19s
[INFO] running `Command { std: "docker" "inspect" "05f454e58f80faee53487babc302b53c862a4b0e43e3d3ee036ec8b60cc7c06d", kill_on_drop: false }`
[INFO] running `Command { std: "docker" "rm" "-f" "05f454e58f80faee53487babc302b53c862a4b0e43e3d3ee036ec8b60cc7c06d", kill_on_drop: false }`
[INFO] [stdout] 05f454e58f80faee53487babc302b53c862a4b0e43e3d3ee036ec8b60cc7c06d
[INFO] running `Command { std: "docker" "create" "-v" "/var/lib/crater-agent-workspace/builds/worker-2-tc2/target:/opt/rustwide/target:rw,Z" "-v" "/var/lib/crater-agent-workspace/builds/worker-2-tc2/source:/opt/rustwide/workdir:ro,Z" "-v" "/var/lib/crater-agent-workspace/cargo-home:/opt/rustwide/cargo-home:ro,Z" "-v" "/var/lib/crater-agent-workspace/rustup-home:/opt/rustwide/rustup-home:ro,Z" "-e" "SOURCE_DIR=/opt/rustwide/workdir" "-e" "CARGO_TARGET_DIR=/opt/rustwide/target" "-e" "CARGO_INCREMENTAL=0" "-e" "RUST_BACKTRACE=full" "-e" "RUSTFLAGS=--cap-lints=warn" "-e" "RUSTDOCFLAGS=--cap-lints=warn" "-e" "CARGO_HOME=/opt/rustwide/cargo-home" "-e" "RUSTUP_HOME=/opt/rustwide/rustup-home" "-w" "/opt/rustwide/workdir" "-m" "1610612736" "--user" "0:0" "--network" "none" "ghcr.io/rust-lang/crates-build-env/linux@sha256:2788e3201cd34a07e3172128adcd8b3090168a8e3bcc40d7c032b9dda1df7d1c" "/opt/rustwide/cargo-home/bin/cargo" "+beta-2023-12-22" "test" "--frozen" "--no-run" "--message-format=json", kill_on_drop: false }`
[INFO] [stdout] 45298d1d583fc88ef66c0e4ad285fd1f388be4178b21c0906080524fa5122b47
[INFO] running `Command { std: "docker" "start" "-a" "45298d1d583fc88ef66c0e4ad285fd1f388be4178b21c0906080524fa5122b47", kill_on_drop: false }`
[INFO] [stderr]    Compiling plc-compiler v0.1.0 (/opt/rustwide/workdir)
[INFO] [stdout] warning: unused import: `std::str::FromStr`
[INFO] [stdout]  --> src/parser.rs:1:5
[INFO] [stdout]   |
[INFO] [stdout] 1 | use std::str::FromStr;
[INFO] [stdout]   |     ^^^^^^^^^^^^^^^^^
[INFO] [stdout]   |
[INFO] [stdout]   = note: `#[warn(unused_imports)]` on by default
[INFO] [stdout] 
[INFO] [stdout] 
[INFO] [stdout] warning: unused imports: `FilterResult`, `Lexer`
[INFO] [stdout]  --> src/parser/tokens.rs:1:13
[INFO] [stdout]   |
[INFO] [stdout] 1 | use logos::{FilterResult, Lexer, Logos};
[INFO] [stdout]   |             ^^^^^^^^^^^^  ^^^^^
[INFO] [stdout] 
[INFO] [stdout] 
[INFO] [stdout] warning: unused import: `Split`
[INFO] [stdout]  --> src/parser/ast/time.rs:1:25
[INFO] [stdout]   |
[INFO] [stdout] 1 | use std::str::{FromStr, Split};
[INFO] [stdout]   |                         ^^^^^
[INFO] [stdout] 
[INFO] [stdout] 
[INFO] [stdout] warning: unused imports: `Display`, `Formatter`
[INFO] [stdout]  --> src/parser/ast.rs:9:16
[INFO] [stdout]   |
[INFO] [stdout] 9 | use std::fmt::{Display, Formatter};
[INFO] [stdout]   |                ^^^^^^^  ^^^^^^^^^
[INFO] [stdout] 
[INFO] [stdout] 
[INFO] [stdout] warning: unused imports: `expect_pos`, `fail_on`
[INFO] [stdout]  --> src/parser/tests/variable.rs:1:41
[INFO] [stdout]   |
[INFO] [stdout] 1 | use parsit::test::parser_test::{expect, expect_pos, fail_on};
[INFO] [stdout]   |                                         ^^^^^^^^^^  ^^^^^^^
[INFO] [stdout] 
[INFO] [stdout] 
[INFO] [stdout] warning: unused import: `crate::parser::ast::case::CaseCondition`
[INFO] [stdout]  --> src/parser/tests/variable.rs:2:5
[INFO] [stdout]   |
[INFO] [stdout] 2 | use crate::parser::ast::case::CaseCondition;
[INFO] [stdout]   |     ^^^^^^^^^^^^^^^^^^^^^^^^^^^^^^^^^^^^^^^
[INFO] [stdout] 
[INFO] [stdout] 
[INFO] [stdout] warning: unused imports: `NType`, `NValue`, `Numeric`
[INFO] [stdout]  --> src/parser/tests/variable.rs:3:35
[INFO] [stdout]   |
[INFO] [stdout] 3 | use crate::parser::ast::numeric::{NType, Numeric, NValue};
[INFO] [stdout]   |                                   ^^^^^  ^^^^^^^  ^^^^^^
[INFO] [stdout] 
[INFO] [stdout] 
[INFO] [stdout] warning: unused imports: `SubRange`, `TypeCast`
[INFO] [stdout]  --> src/parser/tests/variable.rs:4:30
[INFO] [stdout]   |
[INFO] [stdout] 4 | use crate::parser::ast::{Id, SubRange, TypeCast};
[INFO] [stdout]   |                              ^^^^^^^^  ^^^^^^^^
[INFO] [stdout] 
[INFO] [stdout] 
[INFO] [stdout] warning: unused imports: `expect_or_env`, `expect_pos`, `fail_on`
[INFO] [stdout]  --> src/parser/tests/statement.rs:1:41
[INFO] [stdout]   |
[INFO] [stdout] 1 | use parsit::test::parser_test::{expect, expect_or_env, expect_pos, fail_on};
[INFO] [stdout]   |                                         ^^^^^^^^^^^^^  ^^^^^^^^^^  ^^^^^^^
[INFO] [stdout] 
[INFO] [stdout] 
[INFO] [stdout] warning: unused import: `crate::parser::ast::case::CaseCondition`
[INFO] [stdout]  --> src/parser/tests/statement.rs:2:5
[INFO] [stdout]   |
[INFO] [stdout] 2 | use crate::parser::ast::case::CaseCondition;
[INFO] [stdout]   |     ^^^^^^^^^^^^^^^^^^^^^^^^^^^^^^^^^^^^^^^
[INFO] [stdout] 
[INFO] [stdout] 
[INFO] [stdout] warning: unused imports: `NType`, `NValue`, `Numeric`
[INFO] [stdout]  --> src/parser/tests/statement.rs:3:35
[INFO] [stdout]   |
[INFO] [stdout] 3 | use crate::parser::ast::numeric::{NType, Numeric, NValue};
[INFO] [stdout]   |                                   ^^^^^  ^^^^^^^  ^^^^^^
[INFO] [stdout] 
[INFO] [stdout] 
[INFO] [stdout] warning: unused imports: `SubRange`, `TypeCast`
[INFO] [stdout]  --> src/parser/tests/statement.rs:4:30
[INFO] [stdout]   |
[INFO] [stdout] 4 | use crate::parser::ast::{Id, SubRange, TypeCast};
[INFO] [stdout]   |                              ^^^^^^^^  ^^^^^^^^
[INFO] [stdout] 
[INFO] [stdout] 
[INFO] [stdout] warning: unused variable: `p`
[INFO] [stdout]    --> src/parser.rs:400:21
[INFO] [stdout]     |
[INFO] [stdout] 400 |         let cond = |p|
[INFO] [stdout]     |                     ^ help: if this is intentional, prefix it with an underscore: `_p`
[INFO] [stdout]     |
[INFO] [stdout]     = note: `#[warn(unused_variables)]` on by default
[INFO] [stdout] 
[INFO] [stdout] 
[INFO] [stdout] warning: methods `of`, `case_`, `end_case`, and `colon` are never used
[INFO] [stdout]   --> src/parser.rs:40:12
[INFO] [stdout]    |
[INFO] [stdout] 39 | impl<'a> Parser<'a> {
[INFO] [stdout]    | ------------------- methods in this implementation
[INFO] [stdout] 40 |     pub fn of(&self, pos: usize) -> Step<'a, EmptyToken> {
[INFO] [stdout]    |            ^^
[INFO] [stdout] ...
[INFO] [stdout] 43 |     pub fn case_(&self, pos: usize) -> Step<'a, EmptyToken> {
[INFO] [stdout]    |            ^^^^^
[INFO] [stdout] ...
[INFO] [stdout] 46 |     pub fn end_case(&self, pos: usize) -> Step<'a, EmptyToken> {
[INFO] [stdout]    |            ^^^^^^^^
[INFO] [stdout] ...
[INFO] [stdout] 85 |     pub fn colon(&self, pos: usize) -> Step<'a, EmptyToken> {
[INFO] [stdout]    |            ^^^^^
[INFO] [stdout]    |
[INFO] [stdout]    = note: `#[warn(dead_code)]` on by default
[INFO] [stdout] 
[INFO] [stdout] 
[INFO] [stdout] warning: methods `case_selection_elem`, `case_selection`, and `case_st` are never used
[INFO] [stdout]    --> src/parser.rs:382:12
[INFO] [stdout]     |
[INFO] [stdout] 133 | impl<'a> Parser<'a> {
[INFO] [stdout]     | ------------------- methods in this implementation
[INFO] [stdout] ...
[INFO] [stdout] 382 |     pub fn case_selection_elem(&self, pos: usize) -> Step<'a, CaseSelectionElem<'a>> {
[INFO] [stdout]     |            ^^^^^^^^^^^^^^^^^^^
[INFO] [stdout] ...
[INFO] [stdout] 388 |     pub fn case_selection(&self, pos: usize) -> Step<'a, CaseSelection<'a>> {
[INFO] [stdout]     |            ^^^^^^^^^^^^^^
[INFO] [stdout] ...
[INFO] [stdout] 399 |     pub fn case_st(&self, pos: usize) -> Step<'a, CaseSt<'a>> {
[INFO] [stdout]     |            ^^^^^^^
[INFO] [stdout] 
[INFO] [stdout] 
[INFO] [stdout] warning: variant `Y` is never constructed
[INFO] [stdout]  --> src/parser/ast/expression.rs:8:5
[INFO] [stdout]   |
[INFO] [stdout] 6 | pub enum Expression<'a>{
[INFO] [stdout]   |          ---------- variant in this enum
[INFO] [stdout] 7 |     X,
[INFO] [stdout] 8 |     Y(&'a str)
[INFO] [stdout]   |     ^
[INFO] [stdout]   |
[INFO] [stdout]   = note: `Expression` has derived impls for the traits `Clone` and `Debug`, but these are intentionally ignored during dead code analysis
[INFO] [stdout] 
[INFO] [stdout] 
[INFO] [stdout] warning: variants `Selection` and `Iteration` are never constructed
[INFO] [stdout]   --> src/parser/ast/statement.rs:40:5
[INFO] [stdout]    |
[INFO] [stdout] 37 | pub enum Statement<'a> {
[INFO] [stdout]    |          --------- variants in this enum
[INFO] [stdout] ...
[INFO] [stdout] 40 |     Selection(SelectionSt<'a>),
[INFO] [stdout]    |     ^^^^^^^^^
[INFO] [stdout] 41 |     Iteration,
[INFO] [stdout]    |     ^^^^^^^^^
[INFO] [stdout]    |
[INFO] [stdout]    = note: `Statement` has derived impls for the traits `Clone` and `Debug`, but these are intentionally ignored during dead code analysis
[INFO] [stdout] 
[INFO] [stdout] 
[INFO] [stdout] warning: variants `If` and `Case` are never constructed
[INFO] [stdout]   --> src/parser/ast/statement.rs:89:5
[INFO] [stdout]    |
[INFO] [stdout] 88 | pub enum SelectionSt<'a> {
[INFO] [stdout]    |          ----------- variants in this enum
[INFO] [stdout] 89 |     If(IfSt<'a>),
[INFO] [stdout]    |     ^^
[INFO] [stdout] 90 |     Case(CaseSt<'a>),
[INFO] [stdout]    |     ^^^^
[INFO] [stdout]    |
[INFO] [stdout]    = note: `SelectionSt` has derived impls for the traits `Clone` and `Debug`, but these are intentionally ignored during dead code analysis
[INFO] [stdout] 
[INFO] [stdout] 
[INFO] [stdout] warning: variants `Subrange` and `Expression` are never constructed
[INFO] [stdout]    --> src/parser/ast/statement.rs:119:5
[INFO] [stdout]     |
[INFO] [stdout] 118 | pub enum CaseSelectionElem<'a>{
[INFO] [stdout]     |          ----------------- variants in this enum
[INFO] [stdout] 119 |     Subrange(SubRange),
[INFO] [stdout]     |     ^^^^^^^^
[INFO] [stdout] 120 |     Expression(Expression<'a>)
[INFO] [stdout]     |     ^^^^^^^^^^
[INFO] [stdout]     |
[INFO] [stdout]     = note: `CaseSelectionElem` has derived impls for the traits `Clone` and `Debug`, but these are intentionally ignored during dead code analysis
[INFO] [stdout] 
[INFO] [stdout] 
[INFO] [stdout] warning: 19 warnings emitted
[INFO] [stdout] 
[INFO] [stdout] 
[INFO] [stderr]     Finished test [unoptimized + debuginfo] target(s) in 6.93s
[INFO] running `Command { std: "docker" "inspect" "45298d1d583fc88ef66c0e4ad285fd1f388be4178b21c0906080524fa5122b47", kill_on_drop: false }`
[INFO] running `Command { std: "docker" "rm" "-f" "45298d1d583fc88ef66c0e4ad285fd1f388be4178b21c0906080524fa5122b47", kill_on_drop: false }`
[INFO] [stdout] 45298d1d583fc88ef66c0e4ad285fd1f388be4178b21c0906080524fa5122b47
[INFO] running `Command { std: "docker" "create" "-v" "/var/lib/crater-agent-workspace/builds/worker-2-tc2/target:/opt/rustwide/target:rw,Z" "-v" "/var/lib/crater-agent-workspace/builds/worker-2-tc2/source:/opt/rustwide/workdir:ro,Z" "-v" "/var/lib/crater-agent-workspace/cargo-home:/opt/rustwide/cargo-home:ro,Z" "-v" "/var/lib/crater-agent-workspace/rustup-home:/opt/rustwide/rustup-home:ro,Z" "-e" "SOURCE_DIR=/opt/rustwide/workdir" "-e" "CARGO_TARGET_DIR=/opt/rustwide/target" "-e" "CARGO_INCREMENTAL=0" "-e" "RUST_BACKTRACE=full" "-e" "RUSTFLAGS=--cap-lints=warn" "-e" "RUSTDOCFLAGS=--cap-lints=warn" "-e" "CARGO_HOME=/opt/rustwide/cargo-home" "-e" "RUSTUP_HOME=/opt/rustwide/rustup-home" "-w" "/opt/rustwide/workdir" "-m" "1610612736" "--user" "0:0" "--network" "none" "ghcr.io/rust-lang/crates-build-env/linux@sha256:2788e3201cd34a07e3172128adcd8b3090168a8e3bcc40d7c032b9dda1df7d1c" "/opt/rustwide/cargo-home/bin/cargo" "+beta-2023-12-22" "test" "--frozen", kill_on_drop: false }`
[INFO] [stdout] 48b66081ed26c81e16fd4bf68726626a180bcddae163c2388ca150b038f22971
[INFO] running `Command { std: "docker" "start" "-a" "48b66081ed26c81e16fd4bf68726626a180bcddae163c2388ca150b038f22971", kill_on_drop: false }`
[INFO] [stderr] warning: unused import: `std::str::FromStr`
[INFO] [stderr]  --> src/parser.rs:1:5
[INFO] [stderr]   |
[INFO] [stderr] 1 | use std::str::FromStr;
[INFO] [stderr]   |     ^^^^^^^^^^^^^^^^^
[INFO] [stderr]   |
[INFO] [stderr]   = note: `#[warn(unused_imports)]` on by default
[INFO] [stderr] 
[INFO] [stderr] warning: unused imports: `FilterResult`, `Lexer`
[INFO] [stderr]  --> src/parser/tokens.rs:1:13
[INFO] [stderr]   |
[INFO] [stderr] 1 | use logos::{FilterResult, Lexer, Logos};
[INFO] [stderr]   |             ^^^^^^^^^^^^  ^^^^^
[INFO] [stderr] 
[INFO] [stderr] warning: unused import: `Split`
[INFO] [stderr]  --> src/parser/ast/time.rs:1:25
[INFO] [stderr]   |
[INFO] [stderr] 1 | use std::str::{FromStr, Split};
[INFO] [stderr]   |                         ^^^^^
[INFO] [stderr] 
[INFO] [stderr] warning: unused imports: `Display`, `Formatter`
[INFO] [stderr]  --> src/parser/ast.rs:9:16
[INFO] [stderr]   |
[INFO] [stderr] 9 | use std::fmt::{Display, Formatter};
[INFO] [stderr]   |                ^^^^^^^  ^^^^^^^^^
[INFO] [stderr] 
[INFO] [stderr] warning: unused imports: `expect_pos`, `fail_on`
[INFO] [stderr]  --> src/parser/tests/variable.rs:1:41
[INFO] [stderr]   |
[INFO] [stderr] 1 | use parsit::test::parser_test::{expect, expect_pos, fail_on};
[INFO] [stderr]   |                                         ^^^^^^^^^^  ^^^^^^^
[INFO] [stderr] 
[INFO] [stderr] warning: unused import: `crate::parser::ast::case::CaseCondition`
[INFO] [stderr]  --> src/parser/tests/variable.rs:2:5
[INFO] [stderr]   |
[INFO] [stderr] 2 | use crate::parser::ast::case::CaseCondition;
[INFO] [stderr]   |     ^^^^^^^^^^^^^^^^^^^^^^^^^^^^^^^^^^^^^^^
[INFO] [stderr] 
[INFO] [stderr] warning: unused imports: `NType`, `NValue`, `Numeric`
[INFO] [stderr]  --> src/parser/tests/variable.rs:3:35
[INFO] [stderr]   |
[INFO] [stderr] 3 | use crate::parser::ast::numeric::{NType, Numeric, NValue};
[INFO] [stderr]   |                                   ^^^^^  ^^^^^^^  ^^^^^^
[INFO] [stderr] 
[INFO] [stderr] warning: unused imports: `SubRange`, `TypeCast`
[INFO] [stderr]  --> src/parser/tests/variable.rs:4:30
[INFO] [stderr]   |
[INFO] [stderr] 4 | use crate::parser::ast::{Id, SubRange, TypeCast};
[INFO] [stderr]   |                              ^^^^^^^^  ^^^^^^^^
[INFO] [stderr] 
[INFO] [stderr] warning: unused imports: `expect_or_env`, `expect_pos`, `fail_on`
[INFO] [stderr]  --> src/parser/tests/statement.rs:1:41
[INFO] [stderr]   |
[INFO] [stderr] 1 | use parsit::test::parser_test::{expect, expect_or_env, expect_pos, fail_on};
[INFO] [stderr]   |                                         ^^^^^^^^^^^^^  ^^^^^^^^^^  ^^^^^^^
[INFO] [stderr] 
[INFO] [stderr] warning: unused import: `crate::parser::ast::case::CaseCondition`
[INFO] [stderr]  --> src/parser/tests/statement.rs:2:5
[INFO] [stderr]   |
[INFO] [stderr] 2 | use crate::parser::ast::case::CaseCondition;
[INFO] [stderr]   |     ^^^^^^^^^^^^^^^^^^^^^^^^^^^^^^^^^^^^^^^
[INFO] [stderr] 
[INFO] [stderr] warning: unused imports: `NType`, `NValue`, `Numeric`
[INFO] [stderr]  --> src/parser/tests/statement.rs:3:35
[INFO] [stderr]   |
[INFO] [stderr] 3 | use crate::parser::ast::numeric::{NType, Numeric, NValue};
[INFO] [stderr]   |                                   ^^^^^  ^^^^^^^  ^^^^^^
[INFO] [stderr] 
[INFO] [stderr] warning: unused imports: `SubRange`, `TypeCast`
[INFO] [stderr]  --> src/parser/tests/statement.rs:4:30
[INFO] [stderr]   |
[INFO] [stderr] 4 | use crate::parser::ast::{Id, SubRange, TypeCast};
[INFO] [stderr]   |                              ^^^^^^^^  ^^^^^^^^
[INFO] [stderr] 
[INFO] [stderr] warning: unused variable: `p`
[INFO] [stderr]    --> src/parser.rs:400:21
[INFO] [stderr]     |
[INFO] [stderr] 400 |         let cond = |p|
[INFO] [stderr]     |                     ^ help: if this is intentional, prefix it with an underscore: `_p`
[INFO] [stderr]     |
[INFO] [stderr]     = note: `#[warn(unused_variables)]` on by default
[INFO] [stderr] 
[INFO] [stderr] warning: methods `of`, `case_`, `end_case`, and `colon` are never used
[INFO] [stderr]   --> src/parser.rs:40:12
[INFO] [stderr]    |
[INFO] [stderr] 39 | impl<'a> Parser<'a> {
[INFO] [stderr]    | ------------------- methods in this implementation
[INFO] [stderr] 40 |     pub fn of(&self, pos: usize) -> Step<'a, EmptyToken> {
[INFO] [stderr]    |            ^^
[INFO] [stderr] ...
[INFO] [stderr] 43 |     pub fn case_(&self, pos: usize) -> Step<'a, EmptyToken> {
[INFO] [stderr]    |            ^^^^^
[INFO] [stderr] ...
[INFO] [stderr] 46 |     pub fn end_case(&self, pos: usize) -> Step<'a, EmptyToken> {
[INFO] [stderr]    |            ^^^^^^^^
[INFO] [stderr] ...
[INFO] [stderr] 85 |     pub fn colon(&self, pos: usize) -> Step<'a, EmptyToken> {
[INFO] [stderr]    |            ^^^^^
[INFO] [stderr]    |
[INFO] [stderr]    = note: `#[warn(dead_code)]` on by default
[INFO] [stderr] 
[INFO] [stderr] warning: methods `case_selection_elem`, `case_selection`, and `case_st` are never used
[INFO] [stderr]    --> src/parser.rs:382:12
[INFO] [stderr]     |
[INFO] [stderr] 133 | impl<'a> Parser<'a> {
[INFO] [stderr]     | ------------------- methods in this implementation
[INFO] [stderr] ...
[INFO] [stderr] 382 |     pub fn case_selection_elem(&self, pos: usize) -> Step<'a, CaseSelectionElem<'a>> {
[INFO] [stderr]     |            ^^^^^^^^^^^^^^^^^^^
[INFO] [stderr] ...
[INFO] [stderr] 388 |     pub fn case_selection(&self, pos: usize) -> Step<'a, CaseSelection<'a>> {
[INFO] [stderr]     |            ^^^^^^^^^^^^^^
[INFO] [stderr] ...
[INFO] [stderr] 399 |     pub fn case_st(&self, pos: usize) -> Step<'a, CaseSt<'a>> {
[INFO] [stderr]     |            ^^^^^^^
[INFO] [stderr] 
[INFO] [stderr] warning: variant `Y` is never constructed
[INFO] [stderr]  --> src/parser/ast/expression.rs:8:5
[INFO] [stderr]   |
[INFO] [stderr] 6 | pub enum Expression<'a>{
[INFO] [stderr]   |          ---------- variant in this enum
[INFO] [stderr] 7 |     X,
[INFO] [stderr] 8 |     Y(&'a str)
[INFO] [stderr]   |     ^
[INFO] [stderr]   |
[INFO] [stderr]   = note: `Expression` has derived impls for the traits `Clone` and `Debug`, but these are intentionally ignored during dead code analysis
[INFO] [stderr] 
[INFO] [stderr] warning: variants `Selection` and `Iteration` are never constructed
[INFO] [stderr]   --> src/parser/ast/statement.rs:40:5
[INFO] [stderr]    |
[INFO] [stderr] 37 | pub enum Statement<'a> {
[INFO] [stderr]    |          --------- variants in this enum
[INFO] [stderr] ...
[INFO] [stderr] 40 |     Selection(SelectionSt<'a>),
[INFO] [stderr]    |     ^^^^^^^^^
[INFO] [stderr] 41 |     Iteration,
[INFO] [stderr]    |     ^^^^^^^^^
[INFO] [stderr]    |
[INFO] [stderr]    = note: `Statement` has derived impls for the traits `Clone` and `Debug`, but these are intentionally ignored during dead code analysis
[INFO] [stderr] 
[INFO] [stderr] warning: variants `If` and `Case` are never constructed
[INFO] [stderr]   --> src/parser/ast/statement.rs:89:5
[INFO] [stderr]    |
[INFO] [stderr] 88 | pub enum SelectionSt<'a> {
[INFO] [stderr]    |          ----------- variants in this enum
[INFO] [stderr] 89 |     If(IfSt<'a>),
[INFO] [stderr]    |     ^^
[INFO] [stderr] 90 |     Case(CaseSt<'a>),
[INFO] [stderr]    |     ^^^^
[INFO] [stderr]    |
[INFO] [stderr]    = note: `SelectionSt` has derived impls for the traits `Clone` and `Debug`, but these are intentionally ignored during dead code analysis
[INFO] [stderr] 
[INFO] [stderr] warning: variants `Subrange` and `Expression` are never constructed
[INFO] [stderr]    --> src/parser/ast/statement.rs:119:5
[INFO] [stderr]     |
[INFO] [stderr] 118 | pub enum CaseSelectionElem<'a>{
[INFO] [stderr]     |          ----------------- variants in this enum
[INFO] [stderr] 119 |     Subrange(SubRange),
[INFO] [stderr]     |     ^^^^^^^^
[INFO] [stderr] 120 |     Expression(Expression<'a>)
[INFO] [stderr]     |     ^^^^^^^^^^
[INFO] [stderr]     |
[INFO] [stderr]     = note: `CaseSelectionElem` has derived impls for the traits `Clone` and `Debug`, but these are intentionally ignored during dead code analysis
[INFO] [stderr] 
[INFO] [stderr] warning: `plc-compiler` (bin "plc-compiler" test) generated 19 warnings (run `cargo fix --bin "plc-compiler" --tests` to apply 13 suggestions)
[INFO] [stderr]     Finished test [unoptimized + debuginfo] target(s) in 0.01s
[INFO] [stderr]      Running unittests src/main.rs (/opt/rustwide/target/debug/deps/plc_compiler-8edbce8a26c2cb53)
[INFO] [stdout] 
[INFO] [stdout] running 23 tests
[INFO] [stdout] test parser::tests::case_cond ... ok
[INFO] [stdout] test parser::tests::statement::assignment_st ... ok
[INFO] [stdout] test parser::tests::statement::param_assign ... ok
[INFO] [stdout] test parser::tests::statement::fn_call ... ok
[INFO] [stdout] test parser::tests::statement::instance ... ok
[INFO] [stdout] test parser::tests::statement::param_assign_list ... ok
[INFO] [stdout] test parser::tests::statement::instance_st ... ok
[INFO] [stdout] test parser::tests::statement::if_st ... ok
[INFO] [stdout] test parser::tests::subrange ... ok
[INFO] [stdout] test parser::tests::variable::symbolic_var ... ok
[INFO] [stdout] test parser::tests::variable::var_access ... ok
[INFO] [stdout] test parser::tests::variable::var_value ... ok
[INFO] [stdout] test parser::tokens::tests::comments ... ok
[INFO] [stdout] test parser::tokens::tests::direct_var ... ok
[INFO] [stdout] test parser::tokens::tests::id ... ok
[INFO] [stdout] test parser::tokens::tests::pragma ... ok
[INFO] [stdout] test parser::tokens::tests::text ... ok
[INFO] [stdout] test parser::tokens::tests::type_cast ... ok
[INFO] [stdout] test parser::tokens::tests::script ... ok
[INFO] [stdout] test parser::tokens::tests::date ... ok
[INFO] [stdout] test parser::tests::statement::stmt ... FAILED
[INFO] [stdout] test parser::tests::subscript_list ... FAILED
[INFO] [stdout] test parser::tokens::tests::number ... FAILED
[INFO] [stdout] 
[INFO] [stdout] failures:
[INFO] [stdout] 
[INFO] [stdout] ---- parser::tests::statement::stmt stdout ----
[INFO] [stdout] thread 'parser::tests::statement::stmt' panicked at /opt/rustwide/cargo-home/registry/src/index.crates.io-6f17d22bba15001f/parsit-0.1.12/src/test.rs:247:32:
[INFO] [stdout] A step failed on a position 0
[INFO] [stdout] stack backtrace:
[INFO] [stdout]    0:     0x5598f6ac7456 - std::backtrace_rs::backtrace::libunwind::trace::h261606ad26a499c1
[INFO] [stdout]                                at /rustc/0e09125c6c3c2fd70d7de961bcf0e51575235fad/library/std/src/../../backtrace/src/backtrace/libunwind.rs:104:5
[INFO] [stdout]    1:     0x5598f6ac7456 - std::backtrace_rs::backtrace::trace_unsynchronized::hd183f0625477fb28
[INFO] [stdout]                                at /rustc/0e09125c6c3c2fd70d7de961bcf0e51575235fad/library/std/src/../../backtrace/src/backtrace/mod.rs:66:5
[INFO] [stdout]    2:     0x5598f6ac7456 - std::sys_common::backtrace::_print_fmt::hd7f8fef21b4eda67
[INFO] [stdout]                                at /rustc/0e09125c6c3c2fd70d7de961bcf0e51575235fad/library/std/src/sys_common/backtrace.rs:68:5
[INFO] [stdout]    3:     0x5598f6ac7456 - <std::sys_common::backtrace::_print::DisplayBacktrace as core::fmt::Display>::fmt::h623d9b51f2f453f1
[INFO] [stdout]                                at /rustc/0e09125c6c3c2fd70d7de961bcf0e51575235fad/library/std/src/sys_common/backtrace.rs:44:22
[INFO] [stdout]    4:     0x5598f6af2000 - core::fmt::rt::Argument::fmt::h9f417ac76a86f368
[INFO] [stdout]                                at /rustc/0e09125c6c3c2fd70d7de961bcf0e51575235fad/library/core/src/fmt/rt.rs:142:9
[INFO] [stdout]    5:     0x5598f6af2000 - core::fmt::write::hc9b6faf4ac2aeff7
[INFO] [stdout]                                at /rustc/0e09125c6c3c2fd70d7de961bcf0e51575235fad/library/core/src/fmt/mod.rs:1120:17
[INFO] [stdout]    6:     0x5598f6ac4ebf - std::io::Write::write_fmt::he04625a3a989fec3
[INFO] [stdout]                                at /rustc/0e09125c6c3c2fd70d7de961bcf0e51575235fad/library/std/src/io/mod.rs:1810:15
[INFO] [stdout]    7:     0x5598f6ac7234 - std::sys_common::backtrace::_print::hd5d66399c7df88a2
[INFO] [stdout]                                at /rustc/0e09125c6c3c2fd70d7de961bcf0e51575235fad/library/std/src/sys_common/backtrace.rs:47:5
[INFO] [stdout]    8:     0x5598f6ac7234 - std::sys_common::backtrace::print::he81ed2da642d37e5
[INFO] [stdout]                                at /rustc/0e09125c6c3c2fd70d7de961bcf0e51575235fad/library/std/src/sys_common/backtrace.rs:34:9
[INFO] [stdout]    9:     0x5598f6ac8fa7 - std::panicking::default_hook::{{closure}}::h85773f4fa117163d
[INFO] [stdout]   10:     0x5598f6ac8c8d - std::panicking::default_hook::h6a1694a91d09b278
[INFO] [stdout]                                at /rustc/0e09125c6c3c2fd70d7de961bcf0e51575235fad/library/std/src/panicking.rs:289:9
[INFO] [stdout]   11:     0x5598f6a96f97 - <alloc::boxed::Box<F,A> as core::ops::function::Fn<Args>>::call::h616ac37fa3cd6c8f
[INFO] [stdout]                                at /rustc/0e09125c6c3c2fd70d7de961bcf0e51575235fad/library/alloc/src/boxed.rs:2029:9
[INFO] [stdout]   12:     0x5598f6a96f97 - test::test_main::{{closure}}::h00d84697cefdcbb6
[INFO] [stdout]                                at /rustc/0e09125c6c3c2fd70d7de961bcf0e51575235fad/library/test/src/lib.rs:138:21
[INFO] [stdout]   13:     0x5598f6ac95c6 - <alloc::boxed::Box<F,A> as core::ops::function::Fn<Args>>::call::hcb3fe3b9bb537ba8
[INFO] [stdout]                                at /rustc/0e09125c6c3c2fd70d7de961bcf0e51575235fad/library/alloc/src/boxed.rs:2029:9
[INFO] [stdout]   14:     0x5598f6ac95c6 - std::panicking::rust_panic_with_hook::h0a7ad96e90f7145b
[INFO] [stdout]                                at /rustc/0e09125c6c3c2fd70d7de961bcf0e51575235fad/library/std/src/panicking.rs:783:13
[INFO] [stdout]   15:     0x5598f6ac9312 - std::panicking::begin_panic_handler::{{closure}}::h7919090525c6485e
[INFO] [stdout]                                at /rustc/0e09125c6c3c2fd70d7de961bcf0e51575235fad/library/std/src/panicking.rs:657:13
[INFO] [stdout]   16:     0x5598f6ac7956 - std::sys_common::backtrace::__rust_end_short_backtrace::hf3289479464f7dfe
[INFO] [stdout]                                at /rustc/0e09125c6c3c2fd70d7de961bcf0e51575235fad/library/std/src/sys_common/backtrace.rs:171:18
[INFO] [stdout]   17:     0x5598f6ac9070 - rust_begin_unwind
[INFO] [stdout]                                at /rustc/0e09125c6c3c2fd70d7de961bcf0e51575235fad/library/std/src/panicking.rs:645:5
[INFO] [stdout]   18:     0x5598f6994d55 - core::panicking::panic_fmt::hcc9f77c5c132af55
[INFO] [stdout]                                at /rustc/0e09125c6c3c2fd70d7de961bcf0e51575235fad/library/core/src/panicking.rs:72:14
[INFO] [stdout]   19:     0x5598f6a60846 - parsit::test::parser_test::expect::h9580559307e57dbe
[INFO] [stdout]                                at /opt/rustwide/cargo-home/registry/src/index.crates.io-6f17d22bba15001f/parsit-0.1.12/src/test.rs:247:32
[INFO] [stdout]   20:     0x5598f6a5a397 - plc_compiler::parser::tests::statement::stmt::hf5e489b8b4e2931e
[INFO] [stdout]                                at /opt/rustwide/workdir/src/parser/tests/statement.rs:192:5
[INFO] [stdout]   21:     0x5598f6a5a137 - plc_compiler::parser::tests::statement::stmt::{{closure}}::h7e0ea5a8c19bfa73
[INFO] [stdout]                                at /opt/rustwide/workdir/src/parser/tests/statement.rs:191:10
[INFO] [stdout]   22:     0x5598f6a34ab6 - core::ops::function::FnOnce::call_once::he78f380e2e856097
[INFO] [stdout]                                at /rustc/0e09125c6c3c2fd70d7de961bcf0e51575235fad/library/core/src/ops/function.rs:250:5
[INFO] [stdout]   23:     0x5598f6a9c86f - core::ops::function::FnOnce::call_once::hd64d26f405258157
[INFO] [stdout]                                at /rustc/0e09125c6c3c2fd70d7de961bcf0e51575235fad/library/core/src/ops/function.rs:250:5
[INFO] [stdout]   24:     0x5598f6a9c86f - test::__rust_begin_short_backtrace::he21b0b7a6d731bf9
[INFO] [stdout]                                at /rustc/0e09125c6c3c2fd70d7de961bcf0e51575235fad/library/test/src/lib.rs:627:18
[INFO] [stdout]   25:     0x5598f6a9b5f1 - test::run_test_in_process::{{closure}}::hf5c73986d7bdfde2
[INFO] [stdout]                                at /rustc/0e09125c6c3c2fd70d7de961bcf0e51575235fad/library/test/src/lib.rs:650:60
[INFO] [stdout]   26:     0x5598f6a9b5f1 - <core::panic::unwind_safe::AssertUnwindSafe<F> as core::ops::function::FnOnce<()>>::call_once::h330011ad032aadc0
[INFO] [stdout]                                at /rustc/0e09125c6c3c2fd70d7de961bcf0e51575235fad/library/core/src/panic/unwind_safe.rs:272:9
[INFO] [stdout]   27:     0x5598f6a9b5f1 - std::panicking::try::do_call::he61b0a958b795a41
[INFO] [stdout]                                at /rustc/0e09125c6c3c2fd70d7de961bcf0e51575235fad/library/std/src/panicking.rs:552:40
[INFO] [stdout]   28:     0x5598f6a9b5f1 - std::panicking::try::h7309da130f906eb7
[INFO] [stdout]                                at /rustc/0e09125c6c3c2fd70d7de961bcf0e51575235fad/library/std/src/panicking.rs:516:19
[INFO] [stdout]   29:     0x5598f6a9b5f1 - std::panic::catch_unwind::hc5c3a06fdaf0a92a
[INFO] [stdout]                                at /rustc/0e09125c6c3c2fd70d7de961bcf0e51575235fad/library/std/src/panic.rs:142:14
[INFO] [stdout]   30:     0x5598f6a9b5f1 - test::run_test_in_process::h7e7b7c71c3324e0f
[INFO] [stdout]                                at /rustc/0e09125c6c3c2fd70d7de961bcf0e51575235fad/library/test/src/lib.rs:650:27
[INFO] [stdout]   31:     0x5598f6a9b5f1 - test::run_test::{{closure}}::h1f509f28f5cf20b1
[INFO] [stdout]                                at /rustc/0e09125c6c3c2fd70d7de961bcf0e51575235fad/library/test/src/lib.rs:573:43
[INFO] [stdout]   32:     0x5598f6a62926 - test::run_test::{{closure}}::h1754218abf443f6d
[INFO] [stdout]                                at /rustc/0e09125c6c3c2fd70d7de961bcf0e51575235fad/library/test/src/lib.rs:601:41
[INFO] [stdout]   33:     0x5598f6a62926 - std::sys_common::backtrace::__rust_begin_short_backtrace::h2ee174b9d5954948
[INFO] [stdout]                                at /rustc/0e09125c6c3c2fd70d7de961bcf0e51575235fad/library/std/src/sys_common/backtrace.rs:155:18
[INFO] [stdout]   34:     0x5598f6a67987 - std::thread::Builder::spawn_unchecked_::{{closure}}::{{closure}}::hf60bee9c1a17ef09
[INFO] [stdout]                                at /rustc/0e09125c6c3c2fd70d7de961bcf0e51575235fad/library/std/src/thread/mod.rs:529:17
[INFO] [stdout]   35:     0x5598f6a67987 - <core::panic::unwind_safe::AssertUnwindSafe<F> as core::ops::function::FnOnce<()>>::call_once::h33d0dddec5216160
[INFO] [stdout]                                at /rustc/0e09125c6c3c2fd70d7de961bcf0e51575235fad/library/core/src/panic/unwind_safe.rs:272:9
[INFO] [stdout]   36:     0x5598f6a67987 - std::panicking::try::do_call::h144b3048b546f835
[INFO] [stdout]                                at /rustc/0e09125c6c3c2fd70d7de961bcf0e51575235fad/library/std/src/panicking.rs:552:40
[INFO] [stdout]   37:     0x5598f6a67987 - std::panicking::try::h978244d04646189f
[INFO] [stdout]                                at /rustc/0e09125c6c3c2fd70d7de961bcf0e51575235fad/library/std/src/panicking.rs:516:19
[INFO] [stdout]   38:     0x5598f6a67987 - std::panic::catch_unwind::hdf436369d188fe86
[INFO] [stdout]                                at /rustc/0e09125c6c3c2fd70d7de961bcf0e51575235fad/library/std/src/panic.rs:142:14
[INFO] [stdout]   39:     0x5598f6a67987 - std::thread::Builder::spawn_unchecked_::{{closure}}::h87329cbdd33c79ec
[INFO] [stdout]                                at /rustc/0e09125c6c3c2fd70d7de961bcf0e51575235fad/library/std/src/thread/mod.rs:528:30
[INFO] [stdout]   40:     0x5598f6a67987 - core::ops::function::FnOnce::call_once{{vtable.shim}}::h401abbe67897d450
[INFO] [stdout]                                at /rustc/0e09125c6c3c2fd70d7de961bcf0e51575235fad/library/core/src/ops/function.rs:250:5
[INFO] [stdout]   41:     0x5598f6ace075 - <alloc::boxed::Box<F,A> as core::ops::function::FnOnce<Args>>::call_once::h5d7c8f150ab9c84c
[INFO] [stdout]                                at /rustc/0e09125c6c3c2fd70d7de961bcf0e51575235fad/library/alloc/src/boxed.rs:2015:9
[INFO] [stdout]   42:     0x5598f6ace075 - <alloc::boxed::Box<F,A> as core::ops::function::FnOnce<Args>>::call_once::h570d5b005c242c15
[INFO] [stdout]                                at /rustc/0e09125c6c3c2fd70d7de961bcf0e51575235fad/library/alloc/src/boxed.rs:2015:9
[INFO] [stdout]   43:     0x5598f6ace075 - std::sys::unix::thread::Thread::new::thread_start::h36b0a20c0b2361ad
[INFO] [stdout]                                at /rustc/0e09125c6c3c2fd70d7de961bcf0e51575235fad/library/std/src/sys/unix/thread.rs:108:17
[INFO] [stdout]   44:     0x7fc85617fac3 - <unknown>
[INFO] [stdout]   45:     0x7fc856210bf4 - __clone
[INFO] [stdout]   46:                0x0 - <unknown>
[INFO] [stdout] 
[INFO] [stdout] ---- parser::tests::subscript_list stdout ----
[INFO] [stdout] thread 'parser::tests::subscript_list' panicked at /opt/rustwide/cargo-home/registry/src/index.crates.io-6f17d22bba15001f/parsit-0.1.12/src/test.rs:355:32:
[INFO] [stdout] A step failed on a position 1
[INFO] [stdout] stack backtrace:
[INFO] [stdout]    0:     0x5598f6ac7456 - std::backtrace_rs::backtrace::libunwind::trace::h261606ad26a499c1
[INFO] [stdout]                                at /rustc/0e09125c6c3c2fd70d7de961bcf0e51575235fad/library/std/src/../../backtrace/src/backtrace/libunwind.rs:104:5
[INFO] [stdout]    1:     0x5598f6ac7456 - std::backtrace_rs::backtrace::trace_unsynchronized::hd183f0625477fb28
[INFO] [stdout]                                at /rustc/0e09125c6c3c2fd70d7de961bcf0e51575235fad/library/std/src/../../backtrace/src/backtrace/mod.rs:66:5
[INFO] [stdout]    2:     0x5598f6ac7456 - std::sys_common::backtrace::_print_fmt::hd7f8fef21b4eda67
[INFO] [stdout]                                at /rustc/0e09125c6c3c2fd70d7de961bcf0e51575235fad/library/std/src/sys_common/backtrace.rs:68:5
[INFO] [stdout]    3:     0x5598f6ac7456 - <std::sys_common::backtrace::_print::DisplayBacktrace as core::fmt::Display>::fmt::h623d9b51f2f453f1
[INFO] [stdout]                                at /rustc/0e09125c6c3c2fd70d7de961bcf0e51575235fad/library/std/src/sys_common/backtrace.rs:44:22
[INFO] [stdout]    4:     0x5598f6af2000 - core::fmt::rt::Argument::fmt::h9f417ac76a86f368
[INFO] [stdout]                                at /rustc/0e09125c6c3c2fd70d7de961bcf0e51575235fad/library/core/src/fmt/rt.rs:142:9
[INFO] [stdout]    5:     0x5598f6af2000 - core::fmt::write::hc9b6faf4ac2aeff7
[INFO] [stdout]                                at /rustc/0e09125c6c3c2fd70d7de961bcf0e51575235fad/library/core/src/fmt/mod.rs:1120:17
[INFO] [stdout]    6:     0x5598f6ac4ebf - std::io::Write::write_fmt::he04625a3a989fec3
[INFO] [stdout]                                at /rustc/0e09125c6c3c2fd70d7de961bcf0e51575235fad/library/std/src/io/mod.rs:1810:15
[INFO] [stdout]    7:     0x5598f6ac7234 - std::sys_common::backtrace::_print::hd5d66399c7df88a2
[INFO] [stdout]                                at /rustc/0e09125c6c3c2fd70d7de961bcf0e51575235fad/library/std/src/sys_common/backtrace.rs:47:5
[INFO] [stdout]    8:     0x5598f6ac7234 - std::sys_common::backtrace::print::he81ed2da642d37e5
[INFO] [stdout]                                at /rustc/0e09125c6c3c2fd70d7de961bcf0e51575235fad/library/std/src/sys_common/backtrace.rs:34:9
[INFO] [stdout]    9:     0x5598f6ac8fa7 - std::panicking::default_hook::{{closure}}::h85773f4fa117163d
[INFO] [stdout]   10:     0x5598f6ac8c8d - std::panicking::default_hook::h6a1694a91d09b278
[INFO] [stdout]                                at /rustc/0e09125c6c3c2fd70d7de961bcf0e51575235fad/library/std/src/panicking.rs:289:9
[INFO] [stdout]   11:     0x5598f6a96f97 - <alloc::boxed::Box<F,A> as core::ops::function::Fn<Args>>::call::h616ac37fa3cd6c8f
[INFO] [stdout]                                at /rustc/0e09125c6c3c2fd70d7de961bcf0e51575235fad/library/alloc/src/boxed.rs:2029:9
[INFO] [stdout]   12:     0x5598f6a96f97 - test::test_main::{{closure}}::h00d84697cefdcbb6
[INFO] [stdout]                                at /rustc/0e09125c6c3c2fd70d7de961bcf0e51575235fad/library/test/src/lib.rs:138:21
[INFO] [stdout]   13:     0x5598f6ac95c6 - <alloc::boxed::Box<F,A> as core::ops::function::Fn<Args>>::call::hcb3fe3b9bb537ba8
[INFO] [stdout]                                at /rustc/0e09125c6c3c2fd70d7de961bcf0e51575235fad/library/alloc/src/boxed.rs:2029:9
[INFO] [stdout]   14:     0x5598f6ac95c6 - std::panicking::rust_panic_with_hook::h0a7ad96e90f7145b
[INFO] [stdout]                                at /rustc/0e09125c6c3c2fd70d7de961bcf0e51575235fad/library/std/src/panicking.rs:783:13
[INFO] [stdout]   15:     0x5598f6ac9312 - std::panicking::begin_panic_handler::{{closure}}::h7919090525c6485e
[INFO] [stdout]                                at /rustc/0e09125c6c3c2fd70d7de961bcf0e51575235fad/library/std/src/panicking.rs:657:13
[INFO] [stdout]   16:     0x5598f6ac7956 - std::sys_common::backtrace::__rust_end_short_backtrace::hf3289479464f7dfe
[INFO] [stdout]                                at /rustc/0e09125c6c3c2fd70d7de961bcf0e51575235fad/library/std/src/sys_common/backtrace.rs:171:18
[INFO] [stdout]   17:     0x5598f6ac9070 - rust_begin_unwind
[INFO] [stdout]                                at /rustc/0e09125c6c3c2fd70d7de961bcf0e51575235fad/library/std/src/panicking.rs:645:5
[INFO] [stdout]   18:     0x5598f6994d55 - core::panicking::panic_fmt::hcc9f77c5c132af55
[INFO] [stdout]                                at /rustc/0e09125c6c3c2fd70d7de961bcf0e51575235fad/library/core/src/panicking.rs:72:14
[INFO] [stdout]   19:     0x5598f6a5eb91 - parsit::test::parser_test::expect_pos::hca56788f91bc9a2a
[INFO] [stdout]                                at /opt/rustwide/cargo-home/registry/src/index.crates.io-6f17d22bba15001f/parsit-0.1.12/src/test.rs:355:32
[INFO] [stdout]   20:     0x5598f6a4b90b - plc_compiler::parser::tests::subscript_list::h8cd101754461b8d4
[INFO] [stdout]                                at /opt/rustwide/workdir/src/parser/tests.rs:31:5
[INFO] [stdout]   21:     0x5598f6a4b887 - plc_compiler::parser::tests::subscript_list::{{closure}}::hef54ff340fb58f98
[INFO] [stdout]                                at /opt/rustwide/workdir/src/parser/tests.rs:30:20
[INFO] [stdout]   22:     0x5598f6a34a76 - core::ops::function::FnOnce::call_once::he360772e5914ba27
[INFO] [stdout]                                at /rustc/0e09125c6c3c2fd70d7de961bcf0e51575235fad/library/core/src/ops/function.rs:250:5
[INFO] [stdout]   23:     0x5598f6a9c86f - core::ops::function::FnOnce::call_once::hd64d26f405258157
[INFO] [stdout]                                at /rustc/0e09125c6c3c2fd70d7de961bcf0e51575235fad/library/core/src/ops/function.rs:250:5
[INFO] [stdout]   24:     0x5598f6a9c86f - test::__rust_begin_short_backtrace::he21b0b7a6d731bf9
[INFO] [stdout]                                at /rustc/0e09125c6c3c2fd70d7de961bcf0e51575235fad/library/test/src/lib.rs:627:18
[INFO] [stdout]   25:     0x5598f6a9b5f1 - test::run_test_in_process::{{closure}}::hf5c73986d7bdfde2
[INFO] [stdout]                                at /rustc/0e09125c6c3c2fd70d7de961bcf0e51575235fad/library/test/src/lib.rs:650:60
[INFO] [stdout]   26:     0x5598f6a9b5f1 - <core::panic::unwind_safe::AssertUnwindSafe<F> as core::ops::function::FnOnce<()>>::call_once::h330011ad032aadc0
[INFO] [stdout]                                at /rustc/0e09125c6c3c2fd70d7de961bcf0e51575235fad/library/core/src/panic/unwind_safe.rs:272:9
[INFO] [stdout]   27:     0x5598f6a9b5f1 - std::panicking::try::do_call::he61b0a958b795a41
[INFO] [stdout]                                at /rustc/0e09125c6c3c2fd70d7de961bcf0e51575235fad/library/std/src/panicking.rs:552:40
[INFO] [stdout]   28:     0x5598f6a9b5f1 - std::panicking::try::h7309da130f906eb7
[INFO] [stdout]                                at /rustc/0e09125c6c3c2fd70d7de961bcf0e51575235fad/library/std/src/panicking.rs:516:19
[INFO] [stdout]   29:     0x5598f6a9b5f1 - std::panic::catch_unwind::hc5c3a06fdaf0a92a
[INFO] [stdout]                                at /rustc/0e09125c6c3c2fd70d7de961bcf0e51575235fad/library/std/src/panic.rs:142:14
[INFO] [stdout]   30:     0x5598f6a9b5f1 - test::run_test_in_process::h7e7b7c71c3324e0f
[INFO] [stdout]                                at /rustc/0e09125c6c3c2fd70d7de961bcf0e51575235fad/library/test/src/lib.rs:650:27
[INFO] [stdout]   31:     0x5598f6a9b5f1 - test::run_test::{{closure}}::h1f509f28f5cf20b1
[INFO] [stdout]                                at /rustc/0e09125c6c3c2fd70d7de961bcf0e51575235fad/library/test/src/lib.rs:573:43
[INFO] [stdout]   32:     0x5598f6a62926 - test::run_test::{{closure}}::h1754218abf443f6d
[INFO] [stdout]                                at /rustc/0e09125c6c3c2fd70d7de961bcf0e51575235fad/library/test/src/lib.rs:601:41
[INFO] [stdout]   33:     0x5598f6a62926 - std::sys_common::backtrace::__rust_begin_short_backtrace::h2ee174b9d5954948
[INFO] [stdout]                                at /rustc/0e09125c6c3c2fd70d7de961bcf0e51575235fad/library/std/src/sys_common/backtrace.rs:155:18
[INFO] [stdout]   34:     0x5598f6a67987 - std::thread::Builder::spawn_unchecked_::{{closure}}::{{closure}}::hf60bee9c1a17ef09
[INFO] [stdout]                                at /rustc/0e09125c6c3c2fd70d7de961bcf0e51575235fad/library/std/src/thread/mod.rs:529:17
[INFO] [stdout]   35:     0x5598f6a67987 - <core::panic::unwind_safe::AssertUnwindSafe<F> as core::ops::function::FnOnce<()>>::call_once::h33d0dddec5216160
[INFO] [stdout]                                at /rustc/0e09125c6c3c2fd70d7de961bcf0e51575235fad/library/core/src/panic/unwind_safe.rs:272:9
[INFO] [stdout]   36:     0x5598f6a67987 - std::panicking::try::do_call::h144b3048b546f835
[INFO] [stdout]                                at /rustc/0e09125c6c3c2fd70d7de961bcf0e51575235fad/library/std/src/panicking.rs:552:40
[INFO] [stdout]   37:     0x5598f6a67987 - std::panicking::try::h978244d04646189f
[INFO] [stdout]                                at /rustc/0e09125c6c3c2fd70d7de961bcf0e51575235fad/library/std/src/panicking.rs:516:19
[INFO] [stdout]   38:     0x5598f6a67987 - std::panic::catch_unwind::hdf436369d188fe86
[INFO] [stdout]                                at /rustc/0e09125c6c3c2fd70d7de961bcf0e51575235fad/library/std/src/panic.rs:142:14
[INFO] [stdout]   39:     0x5598f6a67987 - std::thread::Builder::spawn_unchecked_::{{closure}}::h87329cbdd33c79ec
[INFO] [stdout]                                at /rustc/0e09125c6c3c2fd70d7de961bcf0e51575235fad/library/std/src/thread/mod.rs:528:30
[INFO] [stdout]   40:     0x5598f6a67987 - core::ops::function::FnOnce::call_once{{vtable.shim}}::h401abbe67897d450
[INFO] [stdout]                                at /rustc/0e09125c6c3c2fd70d7de961bcf0e51575235fad/library/core/src/ops/function.rs:250:5
[INFO] [stdout]   41:     0x5598f6ace075 - <alloc::boxed::Box<F,A> as core::ops::function::FnOnce<Args>>::call_once::h5d7c8f150ab9c84c
[INFO] [stdout]                                at /rustc/0e09125c6c3c2fd70d7de961bcf0e51575235fad/library/alloc/src/boxed.rs:2015:9
[INFO] [stdout]   42:     0x5598f6ace075 - <alloc::boxed::Box<F,A> as core::ops::function::FnOnce<Args>>::call_once::h570d5b005c242c15
[INFO] [stdout]                                at /rustc/0e09125c6c3c2fd70d7de961bcf0e51575235fad/library/alloc/src/boxed.rs:2015:9
[INFO] [stdout]   43:     0x5598f6ace075 - std::sys::unix::thread::Thread::new::thread_start::h36b0a20c0b2361ad
[INFO] [stdout]                                at /rustc/0e09125c6c3c2fd70d7de961bcf0e51575235fad/library/std/src/sys/unix/thread.rs:108:17
[INFO] [stdout]   44:     0x7fc85617fac3 - <unknown>
[INFO] [stdout]   45:     0x7fc856210bf4 - __clone
[INFO] [stdout]   46:                0x0 - <unknown>
[INFO] [stdout] 
[INFO] [stdout] ---- parser::tokens::tests::number stdout ----
[INFO] [stdout] thread 'parser::tokens::tests::number' panicked at library/core/src/num/mod.rs:1437:5:
[INFO] [stdout] from_str_radix_int: must lie in the range `[2, 36]` - found 816
[INFO] [stdout] stack backtrace:
[INFO] [stdout]    0:     0x5598f6ac7456 - std::backtrace_rs::backtrace::libunwind::trace::h261606ad26a499c1
[INFO] [stdout]                                at /rustc/0e09125c6c3c2fd70d7de961bcf0e51575235fad/library/std/src/../../backtrace/src/backtrace/libunwind.rs:104:5
[INFO] [stdout]    1:     0x5598f6ac7456 - std::backtrace_rs::backtrace::trace_unsynchronized::hd183f0625477fb28
[INFO] [stdout]                                at /rustc/0e09125c6c3c2fd70d7de961bcf0e51575235fad/library/std/src/../../backtrace/src/backtrace/mod.rs:66:5
[INFO] [stdout]    2:     0x5598f6ac7456 - std::sys_common::backtrace::_print_fmt::hd7f8fef21b4eda67
[INFO] [stdout]                                at /rustc/0e09125c6c3c2fd70d7de961bcf0e51575235fad/library/std/src/sys_common/backtrace.rs:68:5
[INFO] [stdout]    3:     0x5598f6ac7456 - <std::sys_common::backtrace::_print::DisplayBacktrace as core::fmt::Display>::fmt::h623d9b51f2f453f1
[INFO] [stdout]                                at /rustc/0e09125c6c3c2fd70d7de961bcf0e51575235fad/library/std/src/sys_common/backtrace.rs:44:22
[INFO] [stdout]    4:     0x5598f6af2000 - core::fmt::rt::Argument::fmt::h9f417ac76a86f368
[INFO] [stdout]                                at /rustc/0e09125c6c3c2fd70d7de961bcf0e51575235fad/library/core/src/fmt/rt.rs:142:9
[INFO] [stdout]    5:     0x5598f6af2000 - core::fmt::write::hc9b6faf4ac2aeff7
[INFO] [stdout]                                at /rustc/0e09125c6c3c2fd70d7de961bcf0e51575235fad/library/core/src/fmt/mod.rs:1120:17
[INFO] [stdout]    6:     0x5598f6ac4ebf - std::io::Write::write_fmt::he04625a3a989fec3
[INFO] [stdout]                                at /rustc/0e09125c6c3c2fd70d7de961bcf0e51575235fad/library/std/src/io/mod.rs:1810:15
[INFO] [stdout]    7:     0x5598f6ac7234 - std::sys_common::backtrace::_print::hd5d66399c7df88a2
[INFO] [stdout]                                at /rustc/0e09125c6c3c2fd70d7de961bcf0e51575235fad/library/std/src/sys_common/backtrace.rs:47:5
[INFO] [stdout]    8:     0x5598f6ac7234 - std::sys_common::backtrace::print::he81ed2da642d37e5
[INFO] [stdout]                                at /rustc/0e09125c6c3c2fd70d7de961bcf0e51575235fad/library/std/src/sys_common/backtrace.rs:34:9
[INFO] [stdout]    9:     0x5598f6ac8fa7 - std::panicking::default_hook::{{closure}}::h85773f4fa117163d
[INFO] [stdout]   10:     0x5598f6ac8c8d - std::panicking::default_hook::h6a1694a91d09b278
[INFO] [stdout]                                at /rustc/0e09125c6c3c2fd70d7de961bcf0e51575235fad/library/std/src/panicking.rs:289:9
[INFO] [stdout]   11:     0x5598f6a96f97 - <alloc::boxed::Box<F,A> as core::ops::function::Fn<Args>>::call::h616ac37fa3cd6c8f
[INFO] [stdout]                                at /rustc/0e09125c6c3c2fd70d7de961bcf0e51575235fad/library/alloc/src/boxed.rs:2029:9
[INFO] [stdout]   12:     0x5598f6a96f97 - test::test_main::{{closure}}::h00d84697cefdcbb6
[INFO] [stdout]                                at /rustc/0e09125c6c3c2fd70d7de961bcf0e51575235fad/library/test/src/lib.rs:138:21
[INFO] [stdout]   13:     0x5598f6ac95c6 - <alloc::boxed::Box<F,A> as core::ops::function::Fn<Args>>::call::hcb3fe3b9bb537ba8
[INFO] [stdout]                                at /rustc/0e09125c6c3c2fd70d7de961bcf0e51575235fad/library/alloc/src/boxed.rs:2029:9
[INFO] [stdout]   14:     0x5598f6ac95c6 - std::panicking::rust_panic_with_hook::h0a7ad96e90f7145b
[INFO] [stdout]                                at /rustc/0e09125c6c3c2fd70d7de961bcf0e51575235fad/library/std/src/panicking.rs:783:13
[INFO] [stdout]   15:     0x5598f6ac9312 - std::panicking::begin_panic_handler::{{closure}}::h7919090525c6485e
[INFO] [stdout]                                at /rustc/0e09125c6c3c2fd70d7de961bcf0e51575235fad/library/std/src/panicking.rs:657:13
[INFO] [stdout]   16:     0x5598f6ac7956 - std::sys_common::backtrace::__rust_end_short_backtrace::hf3289479464f7dfe
[INFO] [stdout]                                at /rustc/0e09125c6c3c2fd70d7de961bcf0e51575235fad/library/std/src/sys_common/backtrace.rs:171:18
[INFO] [stdout]   17:     0x5598f6ac9070 - rust_begin_unwind
[INFO] [stdout]                                at /rustc/0e09125c6c3c2fd70d7de961bcf0e51575235fad/library/std/src/panicking.rs:645:5
[INFO] [stdout]   18:     0x5598f6994d55 - core::panicking::panic_fmt::hcc9f77c5c132af55
[INFO] [stdout]                                at /rustc/0e09125c6c3c2fd70d7de961bcf0e51575235fad/library/core/src/panicking.rs:72:14
[INFO] [stdout]   19:     0x5598f6aef8cd - core::num::from_str_radix::h1ed7d710d7221997
[INFO] [stdout]                                at /rustc/0e09125c6c3c2fd70d7de961bcf0e51575235fad/library/core/src/num/mod.rs:1437:5
[INFO] [stdout]   20:     0x5598f6af6c19 - core::num::<impl i64>::from_str_radix::hdfc5504794c91b5d
[INFO] [stdout]                                at /rustc/0e09125c6c3c2fd70d7de961bcf0e51575235fad/library/core/src/num/int_macros.rs:86:13
[INFO] [stdout]   21:     0x5598f6a3a2a4 - plc_compiler::parser::ast::numeric::parse_hex::headaf7fd19a68b93
[INFO] [stdout]                                at /opt/rustwide/workdir/src/parser/ast/numeric.rs:122:5
[INFO] [stdout]   22:     0x5598f6a392ff - plc_compiler::parser::ast::numeric::to_number::hf3b6cebcdcc8d5dd
[INFO] [stdout]                                at /opt/rustwide/workdir/src/parser/ast/numeric.rs:81:44
[INFO] [stdout]   23:     0x5598f6995a7b - <plc_compiler::parser::tokens::Token as logos::Logos>::lex::goto9_ctx9_x::h3d154c6643b1f9fb
[INFO] [stdout]                                at /opt/rustwide/workdir/src/parser/tokens.rs:9:10
[INFO] [stdout]   24:     0x5598f6996ca3 - <plc_compiler::parser::tokens::Token as logos::Logos>::lex::goto13_ctx9_x::h244ba40c30f9be04
[INFO] [stdout]                                at /opt/rustwide/workdir/src/parser/tokens.rs:9:10
[INFO] [stdout]   25:     0x5598f6996d53 - <plc_compiler::parser::tokens::Token as logos::Logos>::lex::goto14_at1_ctx4289_x::h8276f7275b7696b4
[INFO] [stdout]                                at /opt/rustwide/workdir/src/parser/tokens.rs:9:10
[INFO] [stdout]   26:     0x5598f6996e66 - <plc_compiler::parser::tokens::Token as logos::Logos>::lex::goto15_at1_ctx4289_x::h45cc6399253e406b
[INFO] [stdout]                                at /opt/rustwide/workdir/src/parser/tokens.rs:9:10
[INFO] [stdout]   27:     0x5598f6996f7f - <plc_compiler::parser::tokens::Token as logos::Logos>::lex::goto4294_ctx4289_x::h241cb5669dd7221c
[INFO] [stdout]                                at /opt/rustwide/workdir/src/parser/tokens.rs:9:10
[INFO] [stdout]   28:     0x5598f6996fed - <plc_compiler::parser::tokens::Token as logos::Logos>::lex::goto4292_ctx4289_x::h4ed2ab57564af197
[INFO] [stdout]                                at /opt/rustwide/workdir/src/parser/tokens.rs:9:10
[INFO] [stdout]   29:     0x5598f6a0ff42 - <plc_compiler::parser::tokens::Token as logos::Logos>::lex::goto5429::h27bffe67aa87dfe9
[INFO] [stdout]                                at /opt/rustwide/workdir/src/parser/tokens.rs:9:10
[INFO] [stdout]   30:     0x5598f69959fa - <plc_compiler::parser::tokens::Token as logos::Logos>::lex::hd11a782fea1d458b
[INFO] [stdout]                                at /opt/rustwide/workdir/src/parser/tokens.rs:9:10
[INFO] [stdout]   31:     0x5598f6a3826d - <logos::lexer::Lexer<Token> as core::iter::traits::iterator::Iterator>::next::hf1da7845f514c7b5
[INFO] [stdout]                                at /opt/rustwide/cargo-home/registry/src/index.crates.io-6f17d22bba15001f/logos-0.12.1/src/lexer.rs:193:9
[INFO] [stdout]   32:     0x5598f6a612ad - parsit::lexer::LexIt<T>::new::hbfd0b1f07df612d4
[INFO] [stdout]                                at /opt/rustwide/cargo-home/registry/src/index.crates.io-6f17d22bba15001f/parsit-0.1.12/src/lexer.rs:44:29
[INFO] [stdout]   33:     0x5598f6a5e297 - parsit::test::lexer_test::expect_succeed::h625a854dce3595de
[INFO] [stdout]                                at /opt/rustwide/cargo-home/registry/src/index.crates.io-6f17d22bba15001f/parsit-0.1.12/src/test.rs:86:15
[INFO] [stdout]   34:     0x5598f6a5536e - plc_compiler::parser::tokens::tests::number::he3a69dba84a92c39
[INFO] [stdout]                                at /opt/rustwide/workdir/src/parser/tokens.rs:600:9
[INFO] [stdout]   35:     0x5598f6a552d7 - plc_compiler::parser::tokens::tests::number::{{closure}}::h7013907303bda059
[INFO] [stdout]                                at /opt/rustwide/workdir/src/parser/tokens.rs:593:16
[INFO] [stdout]   36:     0x5598f6a339c6 - core::ops::function::FnOnce::call_once::h0d11814c12af9681
[INFO] [stdout]                                at /rustc/0e09125c6c3c2fd70d7de961bcf0e51575235fad/library/core/src/ops/function.rs:250:5
[INFO] [stdout]   37:     0x5598f6a9c86f - core::ops::function::FnOnce::call_once::hd64d26f405258157
[INFO] [stdout]                                at /rustc/0e09125c6c3c2fd70d7de961bcf0e51575235fad/library/core/src/ops/function.rs:250:5
[INFO] [stdout]   38:     0x5598f6a9c86f - test::__rust_begin_short_backtrace::he21b0b7a6d731bf9
[INFO] [stdout]                                at /rustc/0e09125c6c3c2fd70d7de961bcf0e51575235fad/library/test/src/lib.rs:627:18
[INFO] [stdout]   39:     0x5598f6a9b5f1 - test::run_test_in_process::{{closure}}::hf5c73986d7bdfde2
[INFO] [stdout]                                at /rustc/0e09125c6c3c2fd70d7de961bcf0e51575235fad/library/test/src/lib.rs:650:60
[INFO] [stdout]   40:     0x5598f6a9b5f1 - <core::panic::unwind_safe::AssertUnwindSafe<F> as core::ops::function::FnOnce<()>>::call_once::h330011ad032aadc0
[INFO] [stdout]                                at /rustc/0e09125c6c3c2fd70d7de961bcf0e51575235fad/library/core/src/panic/unwind_safe.rs:272:9
[INFO] [stdout]   41:     0x5598f6a9b5f1 - std::panicking::try::do_call::he61b0a958b795a41
[INFO] [stdout]                                at /rustc/0e09125c6c3c2fd70d7de961bcf0e51575235fad/library/std/src/panicking.rs:552:40
[INFO] [stdout]   42:     0x5598f6a9b5f1 - std::panicking::try::h7309da130f906eb7
[INFO] [stdout]                                at /rustc/0e09125c6c3c2fd70d7de961bcf0e51575235fad/library/std/src/panicking.rs:516:19
[INFO] [stdout]   43:     0x5598f6a9b5f1 - std::panic::catch_unwind::hc5c3a06fdaf0a92a
[INFO] [stdout]                                at /rustc/0e09125c6c3c2fd70d7de961bcf0e51575235fad/library/std/src/panic.rs:142:14
[INFO] [stdout]   44:     0x5598f6a9b5f1 - test::run_test_in_process::h7e7b7c71c3324e0f
[INFO] [stdout]                                at /rustc/0e09125c6c3c2fd70d7de961bcf0e51575235fad/library/test/src/lib.rs:650:27
[INFO] [stdout]   45:     0x5598f6a9b5f1 - test::run_test::{{closure}}::h1f509f28f5cf20b1
[INFO] [stdout]                                at /rustc/0e09125c6c3c2fd70d7de961bcf0e51575235fad/library/test/src/lib.rs:573:43
[INFO] [stdout]   46:     0x5598f6a62926 - test::run_test::{{closure}}::h1754218abf443f6d
[INFO] [stdout]                                at /rustc/0e09125c6c3c2fd70d7de961bcf0e51575235fad/library/test/src/lib.rs:601:41
[INFO] [stdout]   47:     0x5598f6a62926 - std::sys_common::backtrace::__rust_begin_short_backtrace::h2ee174b9d5954948
[INFO] [stdout]                                at /rustc/0e09125c6c3c2fd70d7de961bcf0e51575235fad/library/std/src/sys_common/backtrace.rs:155:18
[INFO] [stdout]   48:     0x5598f6a67987 - std::thread::Builder::spawn_unchecked_::{{closure}}::{{closure}}::hf60bee9c1a17ef09
[INFO] [stdout]                                at /rustc/0e09125c6c3c2fd70d7de961bcf0e51575235fad/library/std/src/thread/mod.rs:529:17
[INFO] [stdout]   49:     0x5598f6a67987 - <core::panic::unwind_safe::AssertUnwindSafe<F> as core::ops::function::FnOnce<()>>::call_once::h33d0dddec5216160
[INFO] [stdout]                                at /rustc/0e09125c6c3c2fd70d7de961bcf0e51575235fad/library/core/src/panic/unwind_safe.rs:272:9
[INFO] [stdout]   50:     0x5598f6a67987 - std::panicking::try::do_call::h144b3048b546f835
[INFO] [stdout]                                at /rustc/0e09125c6c3c2fd70d7de961bcf0e51575235fad/library/std/src/panicking.rs:552:40
[INFO] [stdout]   51:     0x5598f6a67987 - std::panicking::try::h978244d04646189f
[INFO] [stdout]                                at /rustc/0e09125c6c3c2fd70d7de961bcf0e51575235fad/library/std/src/panicking.rs:516:19
[INFO] [stdout]   52:     0x5598f6a67987 - std::panic::catch_unwind::hdf436369d188fe86
[INFO] [stdout]                                at /rustc/0e09125c6c3c2fd70d7de961bcf0e51575235fad/library/std/src/panic.rs:142:14
[INFO] [stdout]   53:     0x5598f6a67987 - std::thread::Builder::spawn_unchecked_::{{closure}}::h87329cbdd33c79ec
[INFO] [stdout]                                at /rustc/0e09125c6c3c2fd70d7de961bcf0e51575235fad/library/std/src/thread/mod.rs:528:30
[INFO] [stdout]   54:     0x5598f6a67987 - core::ops::function::FnOnce::call_once{{vtable.shim}}::h401abbe67897d450
[INFO] [stdout]                                at /rustc/0e09125c6c3c2fd70d7de961bcf0e51575235fad/library/core/src/ops/function.rs:250:5
[INFO] [stdout]   55:     0x5598f6ace075 - <alloc::boxed::Box<F,A> as core::ops::function::FnOnce<Args>>::call_once::h5d7c8f150ab9c84c
[INFO] [stdout]                                at /rustc/0e09125c6c3c2fd70d7de961bcf0e51575235fad/library/alloc/src/boxed.rs:2015:9
[INFO] [stdout]   56:     0x5598f6ace075 - <alloc::boxed::Box<F,A> as core::ops::function::FnOnce<Args>>::call_once::h570d5b005c242c15
[INFO] [stdout]                                at /rustc/0e09125c6c3c2fd70d7de961bcf0e51575235fad/library/alloc/src/boxed.rs:2015:9
[INFO] [stdout]   57:     0x5598f6ace075 - std::sys::unix::thread::Thread::new::thread_start::h36b0a20c0b2361ad
[INFO] [stdout]                                at /rustc/0e09125c6c3c2fd70d7de961bcf0e51575235fad/library/std/src/sys/unix/thread.rs:108:17
[INFO] [stdout]   58:     0x7fc85617fac3 - <unknown>
[INFO] [stdout]   59:     0x7fc856210bf4 - __clone
[INFO] [stdout]   60:                0x0 - <unknown>
[INFO] [stdout] 
[INFO] [stdout] 
[INFO] [stdout] failures:
[INFO] [stdout]     parser::tests::statement::stmt
[INFO] [stdout]     parser::tests::subscript_list
[INFO] [stdout]     parser::tokens::tests::number
[INFO] [stdout] 
[INFO] [stdout] test result: FAILED. 20 passed; 3 failed; 0 ignored; 0 measured; 0 filtered out; finished in 0.02s
[INFO] [stdout] 
[INFO] [stderr] error: test failed, to rerun pass `--bin plc-compiler`
[INFO] running `Command { std: "docker" "inspect" "48b66081ed26c81e16fd4bf68726626a180bcddae163c2388ca150b038f22971", kill_on_drop: false }`
[INFO] running `Command { std: "docker" "rm" "-f" "48b66081ed26c81e16fd4bf68726626a180bcddae163c2388ca150b038f22971", kill_on_drop: false }`
[INFO] [stdout] 48b66081ed26c81e16fd4bf68726626a180bcddae163c2388ca150b038f22971
