[INFO] cloning repository https://github.com/barnex/rusty-mazes
[INFO] running `Command { std: "git" "-c" "credential.helper=" "-c" "credential.helper=/workspace/cargo-home/bin/git-credential-null" "clone" "--bare" "https://github.com/barnex/rusty-mazes" "/workspace/cache/git-repos/https%3A%2F%2Fgithub.com%2Fbarnex%2Frusty-mazes", kill_on_drop: false }`
[INFO] [stderr] Cloning into bare repository '/workspace/cache/git-repos/https%3A%2F%2Fgithub.com%2Fbarnex%2Frusty-mazes'...
[INFO] running `Command { std: "git" "rev-parse" "HEAD", kill_on_drop: false }`
[INFO] [stdout] 80934632871856c144be0d450053eef541ae9c2c
[INFO] testing barnex/rusty-mazes against 1.75.0 for beta-1.76-1
[INFO] running `Command { std: "git" "clone" "/workspace/cache/git-repos/https%3A%2F%2Fgithub.com%2Fbarnex%2Frusty-mazes" "/workspace/builds/worker-0-tc1/source", kill_on_drop: false }`
[INFO] [stderr] Cloning into '/workspace/builds/worker-0-tc1/source'...
[INFO] [stderr] done.
[INFO] validating manifest of git repo https://github.com/barnex/rusty-mazes on toolchain 1.75.0
[INFO] running `Command { std: CARGO_HOME="/workspace/cargo-home" RUSTUP_HOME="/workspace/rustup-home" "/workspace/cargo-home/bin/cargo" "+1.75.0" "metadata" "--manifest-path" "Cargo.toml" "--no-deps", kill_on_drop: false }`
[INFO] started tweaking git repo https://github.com/barnex/rusty-mazes
[INFO] finished tweaking git repo https://github.com/barnex/rusty-mazes
[INFO] tweaked toml for git repo https://github.com/barnex/rusty-mazes written to /workspace/builds/worker-0-tc1/source/Cargo.toml
[INFO] crate git repo https://github.com/barnex/rusty-mazes already has a lockfile, it will not be regenerated
[INFO] running `Command { std: CARGO_HOME="/workspace/cargo-home" RUSTUP_HOME="/workspace/rustup-home" "/workspace/cargo-home/bin/cargo" "+1.75.0" "fetch" "--manifest-path" "Cargo.toml", kill_on_drop: false }`
[INFO] [stderr] warning: unused manifest key: package.path
[INFO] [stderr]  Downloading crates ...
[INFO] [stderr]   Downloaded sdl2 v0.33.0
[INFO] [stderr]   Downloaded sdl2-sys v0.33.0
[INFO] running `Command { std: "docker" "create" "-v" "/var/lib/crater-agent-workspace/builds/worker-0-tc1/target:/opt/rustwide/target:rw,Z" "-v" "/var/lib/crater-agent-workspace/builds/worker-0-tc1/source:/opt/rustwide/workdir:ro,Z" "-v" "/var/lib/crater-agent-workspace/cargo-home:/opt/rustwide/cargo-home:ro,Z" "-v" "/var/lib/crater-agent-workspace/rustup-home:/opt/rustwide/rustup-home:ro,Z" "-e" "SOURCE_DIR=/opt/rustwide/workdir" "-e" "CARGO_TARGET_DIR=/opt/rustwide/target" "-e" "CARGO_HOME=/opt/rustwide/cargo-home" "-e" "RUSTUP_HOME=/opt/rustwide/rustup-home" "-w" "/opt/rustwide/workdir" "-m" "1610612736" "--user" "0:0" "--network" "none" "ghcr.io/rust-lang/crates-build-env/linux@sha256:2788e3201cd34a07e3172128adcd8b3090168a8e3bcc40d7c032b9dda1df7d1c" "/opt/rustwide/cargo-home/bin/cargo" "+1.75.0" "metadata" "--no-deps" "--format-version=1", kill_on_drop: false }`
[INFO] [stdout] 1aaa57be83bc04cd090932f10a3ac5ab7d54f1e7afc8ac3917c1694a0510917c
[INFO] running `Command { std: "docker" "start" "-a" "1aaa57be83bc04cd090932f10a3ac5ab7d54f1e7afc8ac3917c1694a0510917c", kill_on_drop: false }`
[INFO] running `Command { std: "docker" "inspect" "1aaa57be83bc04cd090932f10a3ac5ab7d54f1e7afc8ac3917c1694a0510917c", kill_on_drop: false }`
[INFO] running `Command { std: "docker" "rm" "-f" "1aaa57be83bc04cd090932f10a3ac5ab7d54f1e7afc8ac3917c1694a0510917c", kill_on_drop: false }`
[INFO] [stdout] 1aaa57be83bc04cd090932f10a3ac5ab7d54f1e7afc8ac3917c1694a0510917c
[INFO] running `Command { std: "docker" "create" "-v" "/var/lib/crater-agent-workspace/builds/worker-0-tc1/target:/opt/rustwide/target:rw,Z" "-v" "/var/lib/crater-agent-workspace/builds/worker-0-tc1/source:/opt/rustwide/workdir:ro,Z" "-v" "/var/lib/crater-agent-workspace/cargo-home:/opt/rustwide/cargo-home:ro,Z" "-v" "/var/lib/crater-agent-workspace/rustup-home:/opt/rustwide/rustup-home:ro,Z" "-e" "SOURCE_DIR=/opt/rustwide/workdir" "-e" "CARGO_TARGET_DIR=/opt/rustwide/target" "-e" "CARGO_INCREMENTAL=0" "-e" "RUST_BACKTRACE=full" "-e" "RUSTFLAGS=--cap-lints=warn" "-e" "RUSTDOCFLAGS=--cap-lints=warn" "-e" "CARGO_HOME=/opt/rustwide/cargo-home" "-e" "RUSTUP_HOME=/opt/rustwide/rustup-home" "-w" "/opt/rustwide/workdir" "-m" "1610612736" "--user" "0:0" "--network" "none" "ghcr.io/rust-lang/crates-build-env/linux@sha256:2788e3201cd34a07e3172128adcd8b3090168a8e3bcc40d7c032b9dda1df7d1c" "/opt/rustwide/cargo-home/bin/cargo" "+1.75.0" "build" "--frozen" "--message-format=json", kill_on_drop: false }`
[INFO] [stdout] 5fc33062b0e444f6126b83ac79610434a7f3274edcc971683bf73516efb62188
[INFO] running `Command { std: "docker" "start" "-a" "5fc33062b0e444f6126b83ac79610434a7f3274edcc971683bf73516efb62188", kill_on_drop: false }`
[INFO] [stderr] warning: unused manifest key: package.path
[INFO] [stderr]    Compiling proc-macro2 v1.0.9
[INFO] [stderr]    Compiling unicode-xid v0.2.0
[INFO] [stderr]    Compiling syn v1.0.16
[INFO] [stderr]    Compiling cfg-if v0.1.10
[INFO] [stderr]    Compiling libc v0.2.66
[INFO] [stderr]    Compiling ryu v1.0.2
[INFO] [stderr]    Compiling serde v1.0.104
[INFO] [stderr]    Compiling sdl2 v0.33.0
[INFO] [stderr]    Compiling itoa v0.4.5
[INFO] [stderr]    Compiling bitflags v1.2.1
[INFO] [stderr]    Compiling sdl2-sys v0.33.0
[INFO] [stderr]    Compiling quote v1.0.2
[INFO] [stderr]    Compiling serde_derive v1.0.104
[INFO] [stderr]    Compiling serde_json v1.0.48
[INFO] [stderr]    Compiling game v0.1.0 (/opt/rustwide/workdir)
[INFO] [stdout] warning: unused variable: `pos`
[INFO] [stdout]    --> src/gamestate.rs:357:44
[INFO] [stdout]     |
[INFO] [stdout] 357 | pub fn player_move_intent(keys: KeyStates, pos: Pt, g: &Gamestate) -> Dir {
[INFO] [stdout]     |                                            ^^^ help: if this is intentional, prefix it with an underscore: `_pos`
[INFO] [stdout]     |
[INFO] [stdout]     = note: `#[warn(unused_variables)]` on by default
[INFO] [stdout] 
[INFO] [stdout] 
[INFO] [stdout] warning: unused variable: `right`
[INFO] [stdout]   --> src/palette.rs:30:50
[INFO] [stdout]    |
[INFO] [stdout] 30 |     pub fn button_click(&self, pos: Pt, left: bool, right: bool) -> Option<usize> {
[INFO] [stdout]    |                                                     ^^^^^ help: if this is intentional, prefix it with an underscore: `_right`
[INFO] [stdout] 
[INFO] [stdout] 
[INFO] [stdout] warning: panic message is not a string literal
[INFO] [stdout]   --> src/pt.rs:51:16
[INFO] [stdout]    |
[INFO] [stdout] 51 |             _ => panic!(format!("Pt index out of bounds: {}", i)),
[INFO] [stdout]    |                         ^^^^^^^^^^^^^^^^^^^^^^^^^^^^^^^^^^^^^^^^
[INFO] [stdout]    |
[INFO] [stdout]    = note: this usage of `panic!()` is deprecated; it will be a hard error in Rust 2021
[INFO] [stdout]    = note: for more information, see <https://doc.rust-lang.org/nightly/edition-guide/rust-2021/panic-macro-consistency.html>
[INFO] [stdout]    = note: the `panic!()` macro supports formatting, so there's no need for the `format!()` macro here
[INFO] [stdout]    = note: `#[warn(non_fmt_panics)]` on by default
[INFO] [stdout] help: remove the `format!(..)` macro call
[INFO] [stdout]    |
[INFO] [stdout] 51 -             _ => panic!(format!("Pt index out of bounds: {}", i)),
[INFO] [stdout] 51 +             _ => panic!("Pt index out of bounds: {}", i),
[INFO] [stdout]    |
[INFO] [stdout] 
[INFO] [stdout] 
[INFO] [stdout] warning: 3 warnings emitted
[INFO] [stdout] 
[INFO] [stdout] 
[INFO] [stderr]     Finished dev [unoptimized + debuginfo] target(s) in 7.68s
[INFO] running `Command { std: "docker" "inspect" "5fc33062b0e444f6126b83ac79610434a7f3274edcc971683bf73516efb62188", kill_on_drop: false }`
[INFO] running `Command { std: "docker" "rm" "-f" "5fc33062b0e444f6126b83ac79610434a7f3274edcc971683bf73516efb62188", kill_on_drop: false }`
[INFO] [stdout] 5fc33062b0e444f6126b83ac79610434a7f3274edcc971683bf73516efb62188
[INFO] running `Command { std: "docker" "create" "-v" "/var/lib/crater-agent-workspace/builds/worker-0-tc1/target:/opt/rustwide/target:rw,Z" "-v" "/var/lib/crater-agent-workspace/builds/worker-0-tc1/source:/opt/rustwide/workdir:ro,Z" "-v" "/var/lib/crater-agent-workspace/cargo-home:/opt/rustwide/cargo-home:ro,Z" "-v" "/var/lib/crater-agent-workspace/rustup-home:/opt/rustwide/rustup-home:ro,Z" "-e" "SOURCE_DIR=/opt/rustwide/workdir" "-e" "CARGO_TARGET_DIR=/opt/rustwide/target" "-e" "CARGO_INCREMENTAL=0" "-e" "RUST_BACKTRACE=full" "-e" "RUSTFLAGS=--cap-lints=warn" "-e" "RUSTDOCFLAGS=--cap-lints=warn" "-e" "CARGO_HOME=/opt/rustwide/cargo-home" "-e" "RUSTUP_HOME=/opt/rustwide/rustup-home" "-w" "/opt/rustwide/workdir" "-m" "1610612736" "--user" "0:0" "--network" "none" "ghcr.io/rust-lang/crates-build-env/linux@sha256:2788e3201cd34a07e3172128adcd8b3090168a8e3bcc40d7c032b9dda1df7d1c" "/opt/rustwide/cargo-home/bin/cargo" "+1.75.0" "test" "--frozen" "--no-run" "--message-format=json", kill_on_drop: false }`
[INFO] [stdout] 730a2832679ecbef2cc2eda9c2fdd95da64e76854e65520bc512d65dcb75e657
[INFO] running `Command { std: "docker" "start" "-a" "730a2832679ecbef2cc2eda9c2fdd95da64e76854e65520bc512d65dcb75e657", kill_on_drop: false }`
[INFO] [stderr] warning: unused manifest key: package.path
[INFO] [stdout] warning: unused variable: `pos`
[INFO] [stdout]    --> src/gamestate.rs:357:44
[INFO] [stdout]     |
[INFO] [stdout] 357 | pub fn player_move_intent(keys: KeyStates, pos: Pt, g: &Gamestate) -> Dir {
[INFO] [stdout]     |                                            ^^^ help: if this is intentional, prefix it with an underscore: `_pos`
[INFO] [stdout]     |
[INFO] [stdout]     = note: `#[warn(unused_variables)]` on by default
[INFO] [stdout] 
[INFO] [stdout] 
[INFO] [stdout] warning: unused variable: `right`
[INFO] [stdout]   --> src/palette.rs:30:50
[INFO] [stdout]    |
[INFO] [stdout] 30 |     pub fn button_click(&self, pos: Pt, left: bool, right: bool) -> Option<usize> {
[INFO] [stdout]    |                                                     ^^^^^ help: if this is intentional, prefix it with an underscore: `_right`
[INFO] [stdout] 
[INFO] [stdout] 
[INFO] [stderr]    Compiling game v0.1.0 (/opt/rustwide/workdir)
[INFO] [stdout] warning: panic message is not a string literal
[INFO] [stdout]   --> src/pt.rs:51:16
[INFO] [stdout]    |
[INFO] [stdout] 51 |             _ => panic!(format!("Pt index out of bounds: {}", i)),
[INFO] [stdout]    |                         ^^^^^^^^^^^^^^^^^^^^^^^^^^^^^^^^^^^^^^^^
[INFO] [stdout]    |
[INFO] [stdout]    = note: this usage of `panic!()` is deprecated; it will be a hard error in Rust 2021
[INFO] [stdout]    = note: for more information, see <https://doc.rust-lang.org/nightly/edition-guide/rust-2021/panic-macro-consistency.html>
[INFO] [stdout]    = note: the `panic!()` macro supports formatting, so there's no need for the `format!()` macro here
[INFO] [stdout]    = note: `#[warn(non_fmt_panics)]` on by default
[INFO] [stdout] help: remove the `format!(..)` macro call
[INFO] [stdout]    |
[INFO] [stdout] 51 -             _ => panic!(format!("Pt index out of bounds: {}", i)),
[INFO] [stdout] 51 +             _ => panic!("Pt index out of bounds: {}", i),
[INFO] [stdout]    |
[INFO] [stdout] 
[INFO] [stdout] 
[INFO] [stdout] warning: 3 warnings emitted
[INFO] [stdout] 
[INFO] [stdout] 
[INFO] [stdout] warning: unused variable: `pos`
[INFO] [stdout]    --> src/gamestate.rs:357:44
[INFO] [stdout]     |
[INFO] [stdout] 357 | pub fn player_move_intent(keys: KeyStates, pos: Pt, g: &Gamestate) -> Dir {
[INFO] [stdout]     |                                            ^^^ help: if this is intentional, prefix it with an underscore: `_pos`
[INFO] [stdout]     |
[INFO] [stdout]     = note: `#[warn(unused_variables)]` on by default
[INFO] [stdout] 
[INFO] [stdout] 
[INFO] [stdout] warning: unused variable: `right`
[INFO] [stdout]   --> src/palette.rs:30:50
[INFO] [stdout]    |
[INFO] [stdout] 30 |     pub fn button_click(&self, pos: Pt, left: bool, right: bool) -> Option<usize> {
[INFO] [stdout]    |                                                     ^^^^^ help: if this is intentional, prefix it with an underscore: `_right`
[INFO] [stdout] 
[INFO] [stdout] 
[INFO] [stdout] warning: panic message is not a string literal
[INFO] [stdout]   --> src/pt.rs:51:16
[INFO] [stdout]    |
[INFO] [stdout] 51 |             _ => panic!(format!("Pt index out of bounds: {}", i)),
[INFO] [stdout]    |                         ^^^^^^^^^^^^^^^^^^^^^^^^^^^^^^^^^^^^^^^^
[INFO] [stdout]    |
[INFO] [stdout]    = note: this usage of `panic!()` is deprecated; it will be a hard error in Rust 2021
[INFO] [stdout]    = note: for more information, see <https://doc.rust-lang.org/nightly/edition-guide/rust-2021/panic-macro-consistency.html>
[INFO] [stdout]    = note: the `panic!()` macro supports formatting, so there's no need for the `format!()` macro here
[INFO] [stdout]    = note: `#[warn(non_fmt_panics)]` on by default
[INFO] [stdout] help: remove the `format!(..)` macro call
[INFO] [stdout]    |
[INFO] [stdout] 51 -             _ => panic!(format!("Pt index out of bounds: {}", i)),
[INFO] [stdout] 51 +             _ => panic!("Pt index out of bounds: {}", i),
[INFO] [stdout]    |
[INFO] [stdout] 
[INFO] [stdout] 
[INFO] [stdout] warning: 3 warnings emitted
[INFO] [stdout] 
[INFO] [stdout] 
[INFO] [stderr]     Finished test [unoptimized + debuginfo] target(s) in 0.36s
[INFO] running `Command { std: "docker" "inspect" "730a2832679ecbef2cc2eda9c2fdd95da64e76854e65520bc512d65dcb75e657", kill_on_drop: false }`
[INFO] running `Command { std: "docker" "rm" "-f" "730a2832679ecbef2cc2eda9c2fdd95da64e76854e65520bc512d65dcb75e657", kill_on_drop: false }`
[INFO] [stdout] 730a2832679ecbef2cc2eda9c2fdd95da64e76854e65520bc512d65dcb75e657
[INFO] running `Command { std: "docker" "create" "-v" "/var/lib/crater-agent-workspace/builds/worker-0-tc1/target:/opt/rustwide/target:rw,Z" "-v" "/var/lib/crater-agent-workspace/builds/worker-0-tc1/source:/opt/rustwide/workdir:ro,Z" "-v" "/var/lib/crater-agent-workspace/cargo-home:/opt/rustwide/cargo-home:ro,Z" "-v" "/var/lib/crater-agent-workspace/rustup-home:/opt/rustwide/rustup-home:ro,Z" "-e" "SOURCE_DIR=/opt/rustwide/workdir" "-e" "CARGO_TARGET_DIR=/opt/rustwide/target" "-e" "CARGO_INCREMENTAL=0" "-e" "RUST_BACKTRACE=full" "-e" "RUSTFLAGS=--cap-lints=warn" "-e" "RUSTDOCFLAGS=--cap-lints=warn" "-e" "CARGO_HOME=/opt/rustwide/cargo-home" "-e" "RUSTUP_HOME=/opt/rustwide/rustup-home" "-w" "/opt/rustwide/workdir" "-m" "1610612736" "--user" "0:0" "--network" "none" "ghcr.io/rust-lang/crates-build-env/linux@sha256:2788e3201cd34a07e3172128adcd8b3090168a8e3bcc40d7c032b9dda1df7d1c" "/opt/rustwide/cargo-home/bin/cargo" "+1.75.0" "test" "--frozen", kill_on_drop: false }`
[INFO] [stdout] 61c001968a665401c4eaa3a3b492f6a3c6f159d7b683447b7a837dbc14910097
[INFO] running `Command { std: "docker" "start" "-a" "61c001968a665401c4eaa3a3b492f6a3c6f159d7b683447b7a837dbc14910097", kill_on_drop: false }`
[INFO] [stderr] warning: unused manifest key: package.path
[INFO] [stderr] warning: unused variable: `pos`
[INFO] [stderr]    --> src/gamestate.rs:357:44
[INFO] [stderr]     |
[INFO] [stderr] 357 | pub fn player_move_intent(keys: KeyStates, pos: Pt, g: &Gamestate) -> Dir {
[INFO] [stderr]     |                                            ^^^ help: if this is intentional, prefix it with an underscore: `_pos`
[INFO] [stderr]     |
[INFO] [stderr]     = note: `#[warn(unused_variables)]` on by default
[INFO] [stderr] 
[INFO] [stderr] warning: unused variable: `right`
[INFO] [stderr]   --> src/palette.rs:30:50
[INFO] [stderr]    |
[INFO] [stderr] 30 |     pub fn button_click(&self, pos: Pt, left: bool, right: bool) -> Option<usize> {
[INFO] [stderr]    |                                                     ^^^^^ help: if this is intentional, prefix it with an underscore: `_right`
[INFO] [stderr] 
[INFO] [stderr] warning: panic message is not a string literal
[INFO] [stderr]   --> src/pt.rs:51:16
[INFO] [stderr]    |
[INFO] [stderr] 51 |             _ => panic!(format!("Pt index out of bounds: {}", i)),
[INFO] [stderr]    |                         ^^^^^^^^^^^^^^^^^^^^^^^^^^^^^^^^^^^^^^^^
[INFO] [stderr]    |
[INFO] [stderr]    = note: this usage of `panic!()` is deprecated; it will be a hard error in Rust 2021
[INFO] [stderr]    = note: for more information, see <https://doc.rust-lang.org/nightly/edition-guide/rust-2021/panic-macro-consistency.html>
[INFO] [stderr]    = note: the `panic!()` macro supports formatting, so there's no need for the `format!()` macro here
[INFO] [stderr]    = note: `#[warn(non_fmt_panics)]` on by default
[INFO] [stderr] help: remove the `format!(..)` macro call
[INFO] [stderr]    |
[INFO] [stderr] 51 -             _ => panic!(format!("Pt index out of bounds: {}", i)),
[INFO] [stderr] 51 +             _ => panic!("Pt index out of bounds: {}", i),
[INFO] [stderr]    |
[INFO] [stderr] 
[INFO] [stderr] warning: `game` (lib) generated 3 warnings (run `cargo fix --lib -p game` to apply 3 suggestions)
[INFO] [stderr] warning: `game` (lib test) generated 3 warnings (3 duplicates)
[INFO] [stderr]     Finished test [unoptimized + debuginfo] target(s) in 0.01s
[INFO] [stderr]      Running unittests src/lib.rs (/opt/rustwide/target/debug/deps/game-4e63b16cb6e6071c)
[INFO] [stdout] 
[INFO] [stdout] running 0 tests
[INFO] [stdout] 
[INFO] [stdout] test result: ok. 0 passed; 0 failed; 0 ignored; 0 measured; 0 filtered out; finished in 0.00s
[INFO] [stdout] 
[INFO] [stderr]      Running unittests src/main.rs (/opt/rustwide/target/debug/deps/main-4097355d281dbd66)
[INFO] [stdout] 
[INFO] [stdout] running 0 tests
[INFO] [stdout] 
[INFO] [stdout] test result: ok. 0 passed; 0 failed; 0 ignored; 0 measured; 0 filtered out; finished in 0.00s
[INFO] [stdout] 
[INFO] [stderr]    Doc-tests game
[INFO] [stdout] 
[INFO] [stdout] running 2 tests
[INFO] [stdout] test src/rect.rs - rect::Rect::overlaps (line 51) ... FAILED
[INFO] [stdout] test src/rect.rs - rect::Rect::inside (line 35) ... ok
[INFO] [stdout] 
[INFO] [stdout] failures:
[INFO] [stdout] 
[INFO] [stdout] ---- src/rect.rs - rect::Rect::overlaps (line 51) stdout ----
[INFO] [stdout] error[E0308]: mismatched types
[INFO] [stdout]   --> src/rect.rs:55:20
[INFO] [stdout]    |
[INFO] [stdout] 7  | assert!(r.overlaps(Rect::new(Pt(0, 0), 1, 1)));
[INFO] [stdout]    |           -------- ^^^^^^^^^^^^^^^^^^^^^^^^^ expected `&Rect`, found `Rect`
[INFO] [stdout]    |           |
[INFO] [stdout]    |           arguments to this method are incorrect
[INFO] [stdout]    |
[INFO] [stdout] note: method defined here
[INFO] [stdout]   --> /opt/rustwide/workdir/src/rect.rs:63:9
[INFO] [stdout]    |
[INFO] [stdout] 63 |     pub fn overlaps(self, b: &Rect) -> bool {
[INFO] [stdout]    |            ^^^^^^^^
[INFO] [stdout] help: consider borrowing here
[INFO] [stdout]    |
[INFO] [stdout] 7  | assert!(r.overlaps(&Rect::new(Pt(0, 0), 1, 1)));
[INFO] [stdout]    |                    +
[INFO] [stdout] 
[INFO] [stdout] error[E0308]: mismatched types
[INFO] [stdout]   --> src/rect.rs:56:20
[INFO] [stdout]    |
[INFO] [stdout] 8  | assert!(r.overlaps(Rect::new(Pt(0, 0), 10, 10)));
[INFO] [stdout]    |           -------- ^^^^^^^^^^^^^^^^^^^^^^^^^^^ expected `&Rect`, found `Rect`
[INFO] [stdout]    |           |
[INFO] [stdout]    |           arguments to this method are incorrect
[INFO] [stdout]    |
[INFO] [stdout] note: method defined here
[INFO] [stdout]   --> /opt/rustwide/workdir/src/rect.rs:63:9
[INFO] [stdout]    |
[INFO] [stdout] 63 |     pub fn overlaps(self, b: &Rect) -> bool {
[INFO] [stdout]    |            ^^^^^^^^
[INFO] [stdout] help: consider borrowing here
[INFO] [stdout]    |
[INFO] [stdout] 8  | assert!(r.overlaps(&Rect::new(Pt(0, 0), 10, 10)));
[INFO] [stdout]    |                    +
[INFO] [stdout] 
[INFO] [stdout] error[E0308]: mismatched types
[INFO] [stdout]   --> src/rect.rs:57:20
[INFO] [stdout]    |
[INFO] [stdout] 9  | assert!(r.overlaps(Rect::new(Pt(0, 0), 20, 20)));
[INFO] [stdout]    |           -------- ^^^^^^^^^^^^^^^^^^^^^^^^^^^ expected `&Rect`, found `Rect`
[INFO] [stdout]    |           |
[INFO] [stdout]    |           arguments to this method are incorrect
[INFO] [stdout]    |
[INFO] [stdout] note: method defined here
[INFO] [stdout]   --> /opt/rustwide/workdir/src/rect.rs:63:9
[INFO] [stdout]    |
[INFO] [stdout] 63 |     pub fn overlaps(self, b: &Rect) -> bool {
[INFO] [stdout]    |            ^^^^^^^^
[INFO] [stdout] help: consider borrowing here
[INFO] [stdout]    |
[INFO] [stdout] 9  | assert!(r.overlaps(&Rect::new(Pt(0, 0), 20, 20)));
[INFO] [stdout]    |                    +
[INFO] [stdout] 
[INFO] [stdout] error[E0308]: mismatched types
[INFO] [stdout]   --> src/rect.rs:58:20
[INFO] [stdout]    |
[INFO] [stdout] 10 | assert!(r.overlaps(Rect::new(Pt(1, 1), 1, 1)));
[INFO] [stdout]    |           -------- ^^^^^^^^^^^^^^^^^^^^^^^^^ expected `&Rect`, found `Rect`
[INFO] [stdout]    |           |
[INFO] [stdout]    |           arguments to this method are incorrect
[INFO] [stdout]    |
[INFO] [stdout] note: method defined here
[INFO] [stdout]   --> /opt/rustwide/workdir/src/rect.rs:63:9
[INFO] [stdout]    |
[INFO] [stdout] 63 |     pub fn overlaps(self, b: &Rect) -> bool {
[INFO] [stdout]    |            ^^^^^^^^
[INFO] [stdout] help: consider borrowing here
[INFO] [stdout]    |
[INFO] [stdout] 10 | assert!(r.overlaps(&Rect::new(Pt(1, 1), 1, 1)));
[INFO] [stdout]    |                    +
[INFO] [stdout] 
[INFO] [stdout] error[E0308]: mismatched types
[INFO] [stdout]   --> src/rect.rs:59:20
[INFO] [stdout]    |
[INFO] [stdout] 11 | assert!(r.overlaps(Rect::new(Pt(1, 1), 20, 20)));
[INFO] [stdout]    |           -------- ^^^^^^^^^^^^^^^^^^^^^^^^^^^ expected `&Rect`, found `Rect`
[INFO] [stdout]    |           |
[INFO] [stdout]    |           arguments to this method are incorrect
[INFO] [stdout]    |
[INFO] [stdout] note: method defined here
[INFO] [stdout]   --> /opt/rustwide/workdir/src/rect.rs:63:9
[INFO] [stdout]    |
[INFO] [stdout] 63 |     pub fn overlaps(self, b: &Rect) -> bool {
[INFO] [stdout]    |            ^^^^^^^^
[INFO] [stdout] help: consider borrowing here
[INFO] [stdout]    |
[INFO] [stdout] 11 | assert!(r.overlaps(&Rect::new(Pt(1, 1), 20, 20)));
[INFO] [stdout]    |                    +
[INFO] [stdout] 
[INFO] [stdout] error[E0308]: mismatched types
[INFO] [stdout]   --> src/rect.rs:60:20
[INFO] [stdout]    |
[INFO] [stdout] 12 | assert!(r.overlaps(Rect::new(Pt(9, 9), 20, 20)));
[INFO] [stdout]    |           -------- ^^^^^^^^^^^^^^^^^^^^^^^^^^^ expected `&Rect`, found `Rect`
[INFO] [stdout]    |           |
[INFO] [stdout]    |           arguments to this method are incorrect
[INFO] [stdout]    |
[INFO] [stdout] note: method defined here
[INFO] [stdout]   --> /opt/rustwide/workdir/src/rect.rs:63:9
[INFO] [stdout]    |
[INFO] [stdout] 63 |     pub fn overlaps(self, b: &Rect) -> bool {
[INFO] [stdout]    |            ^^^^^^^^
[INFO] [stdout] help: consider borrowing here
[INFO] [stdout]    |
[INFO] [stdout] 12 | assert!(r.overlaps(&Rect::new(Pt(9, 9), 20, 20)));
[INFO] [stdout]    |                    +
[INFO] [stdout] 
[INFO] [stdout] error[E0308]: mismatched types
[INFO] [stdout]   --> src/rect.rs:61:21
[INFO] [stdout]    |
[INFO] [stdout] 13 | assert!(!r.overlaps(Rect::new(Pt(9, 10), 20, 20)));
[INFO] [stdout]    |            -------- ^^^^^^^^^^^^^^^^^^^^^^^^^^^^ expected `&Rect`, found `Rect`
[INFO] [stdout]    |            |
[INFO] [stdout]    |            arguments to this method are incorrect
[INFO] [stdout]    |
[INFO] [stdout] note: method defined here
[INFO] [stdout]   --> /opt/rustwide/workdir/src/rect.rs:63:9
[INFO] [stdout]    |
[INFO] [stdout] 63 |     pub fn overlaps(self, b: &Rect) -> bool {
[INFO] [stdout]    |            ^^^^^^^^
[INFO] [stdout] help: consider borrowing here
[INFO] [stdout]    |
[INFO] [stdout] 13 | assert!(!r.overlaps(&Rect::new(Pt(9, 10), 20, 20)));
[INFO] [stdout]    |                     +
[INFO] [stdout] 
[INFO] [stdout] error[E0308]: mismatched types
[INFO] [stdout]   --> src/rect.rs:62:21
[INFO] [stdout]    |
[INFO] [stdout] 14 | assert!(!r.overlaps(Rect::new(Pt(10, 9), 20, 20)));
[INFO] [stdout]    |            -------- ^^^^^^^^^^^^^^^^^^^^^^^^^^^^ expected `&Rect`, found `Rect`
[INFO] [stdout]    |            |
[INFO] [stdout]    |            arguments to this method are incorrect
[INFO] [stdout]    |
[INFO] [stdout] note: method defined here
[INFO] [stdout]   --> /opt/rustwide/workdir/src/rect.rs:63:9
[INFO] [stdout]    |
[INFO] [stdout] 63 |     pub fn overlaps(self, b: &Rect) -> bool {
[INFO] [stdout]    |            ^^^^^^^^
[INFO] [stdout] help: consider borrowing here
[INFO] [stdout]    |
[INFO] [stdout] 14 | assert!(!r.overlaps(&Rect::new(Pt(10, 9), 20, 20)));
[INFO] [stdout]    |                     +
[INFO] [stdout] 
[INFO] [stdout] error[E0308]: mismatched types
[INFO] [stdout]   --> src/rect.rs:63:21
[INFO] [stdout]    |
[INFO] [stdout] 15 | assert!(!r.overlaps(Rect::new(Pt(10, 10), 20, 20)));
[INFO] [stdout]    |            -------- ^^^^^^^^^^^^^^^^^^^^^^^^^^^^^ expected `&Rect`, found `Rect`
[INFO] [stdout]    |            |
[INFO] [stdout]    |            arguments to this method are incorrect
[INFO] [stdout]    |
[INFO] [stdout] note: method defined here
[INFO] [stdout]   --> /opt/rustwide/workdir/src/rect.rs:63:9
[INFO] [stdout]    |
[INFO] [stdout] 63 |     pub fn overlaps(self, b: &Rect) -> bool {
[INFO] [stdout]    |            ^^^^^^^^
[INFO] [stdout] help: consider borrowing here
[INFO] [stdout]    |
[INFO] [stdout] 15 | assert!(!r.overlaps(&Rect::new(Pt(10, 10), 20, 20)));
[INFO] [stdout]    |                     +
[INFO] [stdout] 
[INFO] [stdout] error: aborting due to 9 previous errors
[INFO] [stdout] 
[INFO] [stdout] For more information about this error, try `rustc --explain E0308`.
[INFO] [stdout] Couldn't compile the test.
[INFO] [stdout] 
[INFO] [stdout] failures:
[INFO] [stdout]     src/rect.rs - rect::Rect::overlaps (line 51)
[INFO] [stdout] 
[INFO] [stdout] test result: FAILED. 1 passed; 1 failed; 0 ignored; 0 measured; 0 filtered out; finished in 0.33s
[INFO] [stdout] 
[INFO] [stderr] error: doctest failed, to rerun pass `--doc`
[INFO] running `Command { std: "docker" "inspect" "61c001968a665401c4eaa3a3b492f6a3c6f159d7b683447b7a837dbc14910097", kill_on_drop: false }`
[INFO] running `Command { std: "docker" "rm" "-f" "61c001968a665401c4eaa3a3b492f6a3c6f159d7b683447b7a837dbc14910097", kill_on_drop: false }`
[INFO] [stdout] 61c001968a665401c4eaa3a3b492f6a3c6f159d7b683447b7a837dbc14910097
[INFO] testing barnex/rusty-mazes against beta-2023-12-22 for beta-1.76-1
[INFO] running `Command { std: "git" "clone" "/workspace/cache/git-repos/https%3A%2F%2Fgithub.com%2Fbarnex%2Frusty-mazes" "/workspace/builds/worker-0-tc2/source", kill_on_drop: false }`
[INFO] [stderr] Cloning into '/workspace/builds/worker-0-tc2/source'...
[INFO] [stderr] done.
[INFO] validating manifest of git repo https://github.com/barnex/rusty-mazes on toolchain beta-2023-12-22
[INFO] running `Command { std: CARGO_HOME="/workspace/cargo-home" RUSTUP_HOME="/workspace/rustup-home" "/workspace/cargo-home/bin/cargo" "+beta-2023-12-22" "metadata" "--manifest-path" "Cargo.toml" "--no-deps", kill_on_drop: false }`
[INFO] started tweaking git repo https://github.com/barnex/rusty-mazes
[INFO] finished tweaking git repo https://github.com/barnex/rusty-mazes
[INFO] tweaked toml for git repo https://github.com/barnex/rusty-mazes written to /workspace/builds/worker-0-tc2/source/Cargo.toml
[INFO] crate git repo https://github.com/barnex/rusty-mazes already has a lockfile, it will not be regenerated
[INFO] running `Command { std: CARGO_HOME="/workspace/cargo-home" RUSTUP_HOME="/workspace/rustup-home" "/workspace/cargo-home/bin/cargo" "+beta-2023-12-22" "fetch" "--manifest-path" "Cargo.toml", kill_on_drop: false }`
[INFO] [stderr] warning: unused manifest key: package.path
[INFO] running `Command { std: "docker" "create" "-v" "/var/lib/crater-agent-workspace/builds/worker-0-tc2/target:/opt/rustwide/target:rw,Z" "-v" "/var/lib/crater-agent-workspace/builds/worker-0-tc2/source:/opt/rustwide/workdir:ro,Z" "-v" "/var/lib/crater-agent-workspace/cargo-home:/opt/rustwide/cargo-home:ro,Z" "-v" "/var/lib/crater-agent-workspace/rustup-home:/opt/rustwide/rustup-home:ro,Z" "-e" "SOURCE_DIR=/opt/rustwide/workdir" "-e" "CARGO_TARGET_DIR=/opt/rustwide/target" "-e" "CARGO_HOME=/opt/rustwide/cargo-home" "-e" "RUSTUP_HOME=/opt/rustwide/rustup-home" "-w" "/opt/rustwide/workdir" "-m" "1610612736" "--user" "0:0" "--network" "none" "ghcr.io/rust-lang/crates-build-env/linux@sha256:2788e3201cd34a07e3172128adcd8b3090168a8e3bcc40d7c032b9dda1df7d1c" "/opt/rustwide/cargo-home/bin/cargo" "+beta-2023-12-22" "metadata" "--no-deps" "--format-version=1", kill_on_drop: false }`
[INFO] [stdout] 5dad9ca6d8ddbeeccdcf69f002f38de019e737cab55c37a6e7f6f0df9bc93478
[INFO] running `Command { std: "docker" "start" "-a" "5dad9ca6d8ddbeeccdcf69f002f38de019e737cab55c37a6e7f6f0df9bc93478", kill_on_drop: false }`
[INFO] running `Command { std: "docker" "inspect" "5dad9ca6d8ddbeeccdcf69f002f38de019e737cab55c37a6e7f6f0df9bc93478", kill_on_drop: false }`
[INFO] running `Command { std: "docker" "rm" "-f" "5dad9ca6d8ddbeeccdcf69f002f38de019e737cab55c37a6e7f6f0df9bc93478", kill_on_drop: false }`
[INFO] [stdout] 5dad9ca6d8ddbeeccdcf69f002f38de019e737cab55c37a6e7f6f0df9bc93478
[INFO] running `Command { std: "docker" "create" "-v" "/var/lib/crater-agent-workspace/builds/worker-0-tc2/target:/opt/rustwide/target:rw,Z" "-v" "/var/lib/crater-agent-workspace/builds/worker-0-tc2/source:/opt/rustwide/workdir:ro,Z" "-v" "/var/lib/crater-agent-workspace/cargo-home:/opt/rustwide/cargo-home:ro,Z" "-v" "/var/lib/crater-agent-workspace/rustup-home:/opt/rustwide/rustup-home:ro,Z" "-e" "SOURCE_DIR=/opt/rustwide/workdir" "-e" "CARGO_TARGET_DIR=/opt/rustwide/target" "-e" "CARGO_INCREMENTAL=0" "-e" "RUST_BACKTRACE=full" "-e" "RUSTFLAGS=--cap-lints=warn" "-e" "RUSTDOCFLAGS=--cap-lints=warn" "-e" "CARGO_HOME=/opt/rustwide/cargo-home" "-e" "RUSTUP_HOME=/opt/rustwide/rustup-home" "-w" "/opt/rustwide/workdir" "-m" "1610612736" "--user" "0:0" "--network" "none" "ghcr.io/rust-lang/crates-build-env/linux@sha256:2788e3201cd34a07e3172128adcd8b3090168a8e3bcc40d7c032b9dda1df7d1c" "/opt/rustwide/cargo-home/bin/cargo" "+beta-2023-12-22" "build" "--frozen" "--message-format=json", kill_on_drop: false }`
[INFO] [stdout] bbd6c1ccdb5786992adf97e92ed886b4d1adf5266c97ca2cf8986f047af60513
[INFO] running `Command { std: "docker" "start" "-a" "bbd6c1ccdb5786992adf97e92ed886b4d1adf5266c97ca2cf8986f047af60513", kill_on_drop: false }`
[INFO] [stderr] warning: unused manifest key: package.path
[INFO] [stderr]    Compiling proc-macro2 v1.0.9
[INFO] [stderr]    Compiling unicode-xid v0.2.0
[INFO] [stderr]    Compiling syn v1.0.16
[INFO] [stderr]    Compiling cfg-if v0.1.10
[INFO] [stderr]    Compiling libc v0.2.66
[INFO] [stderr]    Compiling serde v1.0.104
[INFO] [stderr]    Compiling ryu v1.0.2
[INFO] [stderr]    Compiling sdl2 v0.33.0
[INFO] [stderr]    Compiling itoa v0.4.5
[INFO] [stderr]    Compiling bitflags v1.2.1
[INFO] [stderr]    Compiling sdl2-sys v0.33.0
[INFO] [stderr]    Compiling quote v1.0.2
[INFO] [stderr]    Compiling serde_derive v1.0.104
[INFO] [stderr]    Compiling serde_json v1.0.48
[INFO] [stderr]    Compiling game v0.1.0 (/opt/rustwide/workdir)
[INFO] [stdout] warning: unused variable: `pos`
[INFO] [stdout]    --> src/gamestate.rs:357:44
[INFO] [stdout]     |
[INFO] [stdout] 357 | pub fn player_move_intent(keys: KeyStates, pos: Pt, g: &Gamestate) -> Dir {
[INFO] [stdout]     |                                            ^^^ help: if this is intentional, prefix it with an underscore: `_pos`
[INFO] [stdout]     |
[INFO] [stdout]     = note: `#[warn(unused_variables)]` on by default
[INFO] [stdout] 
[INFO] [stdout] 
[INFO] [stdout] warning: unused variable: `right`
[INFO] [stdout]   --> src/palette.rs:30:50
[INFO] [stdout]    |
[INFO] [stdout] 30 |     pub fn button_click(&self, pos: Pt, left: bool, right: bool) -> Option<usize> {
[INFO] [stdout]    |                                                     ^^^^^ help: if this is intentional, prefix it with an underscore: `_right`
[INFO] [stdout] 
[INFO] [stdout] 
[INFO] [stdout] warning: panic message is not a string literal
[INFO] [stdout]   --> src/pt.rs:51:16
[INFO] [stdout]    |
[INFO] [stdout] 51 |             _ => panic!(format!("Pt index out of bounds: {}", i)),
[INFO] [stdout]    |                         ^^^^^^^^^^^^^^^^^^^^^^^^^^^^^^^^^^^^^^^^
[INFO] [stdout]    |
[INFO] [stdout]    = note: this usage of `panic!()` is deprecated; it will be a hard error in Rust 2021
[INFO] [stdout]    = note: for more information, see <https://doc.rust-lang.org/nightly/edition-guide/rust-2021/panic-macro-consistency.html>
[INFO] [stdout]    = note: the `panic!()` macro supports formatting, so there's no need for the `format!()` macro here
[INFO] [stdout]    = note: `#[warn(non_fmt_panics)]` on by default
[INFO] [stdout] help: remove the `format!(..)` macro call
[INFO] [stdout]    |
[INFO] [stdout] 51 -             _ => panic!(format!("Pt index out of bounds: {}", i)),
[INFO] [stdout] 51 +             _ => panic!("Pt index out of bounds: {}", i),
[INFO] [stdout]    |
[INFO] [stdout] 
[INFO] [stdout] 
[INFO] [stdout] warning: 3 warnings emitted
[INFO] [stdout] 
[INFO] [stdout] 
[INFO] [stderr]     Finished dev [unoptimized + debuginfo] target(s) in 7.90s
[INFO] running `Command { std: "docker" "inspect" "bbd6c1ccdb5786992adf97e92ed886b4d1adf5266c97ca2cf8986f047af60513", kill_on_drop: false }`
[INFO] running `Command { std: "docker" "rm" "-f" "bbd6c1ccdb5786992adf97e92ed886b4d1adf5266c97ca2cf8986f047af60513", kill_on_drop: false }`
[INFO] [stdout] bbd6c1ccdb5786992adf97e92ed886b4d1adf5266c97ca2cf8986f047af60513
[INFO] running `Command { std: "docker" "create" "-v" "/var/lib/crater-agent-workspace/builds/worker-0-tc2/target:/opt/rustwide/target:rw,Z" "-v" "/var/lib/crater-agent-workspace/builds/worker-0-tc2/source:/opt/rustwide/workdir:ro,Z" "-v" "/var/lib/crater-agent-workspace/cargo-home:/opt/rustwide/cargo-home:ro,Z" "-v" "/var/lib/crater-agent-workspace/rustup-home:/opt/rustwide/rustup-home:ro,Z" "-e" "SOURCE_DIR=/opt/rustwide/workdir" "-e" "CARGO_TARGET_DIR=/opt/rustwide/target" "-e" "CARGO_INCREMENTAL=0" "-e" "RUST_BACKTRACE=full" "-e" "RUSTFLAGS=--cap-lints=warn" "-e" "RUSTDOCFLAGS=--cap-lints=warn" "-e" "CARGO_HOME=/opt/rustwide/cargo-home" "-e" "RUSTUP_HOME=/opt/rustwide/rustup-home" "-w" "/opt/rustwide/workdir" "-m" "1610612736" "--user" "0:0" "--network" "none" "ghcr.io/rust-lang/crates-build-env/linux@sha256:2788e3201cd34a07e3172128adcd8b3090168a8e3bcc40d7c032b9dda1df7d1c" "/opt/rustwide/cargo-home/bin/cargo" "+beta-2023-12-22" "test" "--frozen" "--no-run" "--message-format=json", kill_on_drop: false }`
[INFO] [stdout] 86edbe4204154f0306becf4dd14aaeeda342705893e0af280796cf5252915cbf
[INFO] running `Command { std: "docker" "start" "-a" "86edbe4204154f0306becf4dd14aaeeda342705893e0af280796cf5252915cbf", kill_on_drop: false }`
[INFO] [stderr] warning: unused manifest key: package.path
[INFO] [stdout] warning: unused variable: `pos`
[INFO] [stdout]    --> src/gamestate.rs:357:44
[INFO] [stdout]     |
[INFO] [stdout] 357 | pub fn player_move_intent(keys: KeyStates, pos: Pt, g: &Gamestate) -> Dir {
[INFO] [stdout]     |                                            ^^^ help: if this is intentional, prefix it with an underscore: `_pos`
[INFO] [stdout]     |
[INFO] [stdout]     = note: `#[warn(unused_variables)]` on by default
[INFO] [stdout] 
[INFO] [stdout] 
[INFO] [stdout] warning: unused variable: `right`
[INFO] [stdout]   --> src/palette.rs:30:50
[INFO] [stdout]    |
[INFO] [stdout] 30 |     pub fn button_click(&self, pos: Pt, left: bool, right: bool) -> Option<usize> {
[INFO] [stdout]    |                                                     ^^^^^ help: if this is intentional, prefix it with an underscore: `_right`
[INFO] [stdout] 
[INFO] [stdout] 
[INFO] [stdout] warning: panic message is not a string literal
[INFO] [stdout]   --> src/pt.rs:51:16
[INFO] [stdout]    |
[INFO] [stdout] 51 |             _ => panic!(format!("Pt index out of bounds: {}", i)),
[INFO] [stdout]    |                         ^^^^^^^^^^^^^^^^^^^^^^^^^^^^^^^^^^^^^^^^
[INFO] [stdout]    |
[INFO] [stdout]    = note: this usage of `panic!()` is deprecated; it will be a hard error in Rust 2021
[INFO] [stdout]    = note: for more information, see <https://doc.rust-lang.org/nightly/edition-guide/rust-2021/panic-macro-consistency.html>
[INFO] [stdout]    = note: the `panic!()` macro supports formatting, so there's no need for the `format!()` macro here
[INFO] [stdout]    = note: `#[warn(non_fmt_panics)]` on by default
[INFO] [stdout] help: remove the `format!(..)` macro call
[INFO] [stdout]    |
[INFO] [stdout] 51 -             _ => panic!(format!("Pt index out of bounds: {}", i)),
[INFO] [stdout] 51 +             _ => panic!("Pt index out of bounds: {}", i),
[INFO] [stdout]    |
[INFO] [stdout] 
[INFO] [stdout] 
[INFO] [stderr]    Compiling game v0.1.0 (/opt/rustwide/workdir)
[INFO] [stdout] warning: 3 warnings emitted
[INFO] [stdout] 
[INFO] [stdout] 
[INFO] [stdout] warning: unused variable: `pos`
[INFO] [stdout]    --> src/gamestate.rs:357:44
[INFO] [stdout]     |
[INFO] [stdout] 357 | pub fn player_move_intent(keys: KeyStates, pos: Pt, g: &Gamestate) -> Dir {
[INFO] [stdout]     |                                            ^^^ help: if this is intentional, prefix it with an underscore: `_pos`
[INFO] [stdout]     |
[INFO] [stdout]     = note: `#[warn(unused_variables)]` on by default
[INFO] [stdout] 
[INFO] [stdout] 
[INFO] [stdout] warning: unused variable: `right`
[INFO] [stdout]   --> src/palette.rs:30:50
[INFO] [stdout]    |
[INFO] [stdout] 30 |     pub fn button_click(&self, pos: Pt, left: bool, right: bool) -> Option<usize> {
[INFO] [stdout]    |                                                     ^^^^^ help: if this is intentional, prefix it with an underscore: `_right`
[INFO] [stdout] 
[INFO] [stdout] 
[INFO] [stdout] warning: panic message is not a string literal
[INFO] [stdout]   --> src/pt.rs:51:16
[INFO] [stdout]    |
[INFO] [stdout] 51 |             _ => panic!(format!("Pt index out of bounds: {}", i)),
[INFO] [stdout]    |                         ^^^^^^^^^^^^^^^^^^^^^^^^^^^^^^^^^^^^^^^^
[INFO] [stdout]    |
[INFO] [stdout]    = note: this usage of `panic!()` is deprecated; it will be a hard error in Rust 2021
[INFO] [stdout]    = note: for more information, see <https://doc.rust-lang.org/nightly/edition-guide/rust-2021/panic-macro-consistency.html>
[INFO] [stdout]    = note: the `panic!()` macro supports formatting, so there's no need for the `format!()` macro here
[INFO] [stdout]    = note: `#[warn(non_fmt_panics)]` on by default
[INFO] [stdout] help: remove the `format!(..)` macro call
[INFO] [stdout]    |
[INFO] [stdout] 51 -             _ => panic!(format!("Pt index out of bounds: {}", i)),
[INFO] [stdout] 51 +             _ => panic!("Pt index out of bounds: {}", i),
[INFO] [stdout]    |
[INFO] [stdout] 
[INFO] [stdout] 
[INFO] [stdout] warning: 3 warnings emitted
[INFO] [stdout] 
[INFO] [stdout] 
[INFO] [stderr]     Finished test [unoptimized + debuginfo] target(s) in 0.37s
[INFO] running `Command { std: "docker" "inspect" "86edbe4204154f0306becf4dd14aaeeda342705893e0af280796cf5252915cbf", kill_on_drop: false }`
[INFO] running `Command { std: "docker" "rm" "-f" "86edbe4204154f0306becf4dd14aaeeda342705893e0af280796cf5252915cbf", kill_on_drop: false }`
[INFO] [stdout] 86edbe4204154f0306becf4dd14aaeeda342705893e0af280796cf5252915cbf
[INFO] running `Command { std: "docker" "create" "-v" "/var/lib/crater-agent-workspace/builds/worker-0-tc2/target:/opt/rustwide/target:rw,Z" "-v" "/var/lib/crater-agent-workspace/builds/worker-0-tc2/source:/opt/rustwide/workdir:ro,Z" "-v" "/var/lib/crater-agent-workspace/cargo-home:/opt/rustwide/cargo-home:ro,Z" "-v" "/var/lib/crater-agent-workspace/rustup-home:/opt/rustwide/rustup-home:ro,Z" "-e" "SOURCE_DIR=/opt/rustwide/workdir" "-e" "CARGO_TARGET_DIR=/opt/rustwide/target" "-e" "CARGO_INCREMENTAL=0" "-e" "RUST_BACKTRACE=full" "-e" "RUSTFLAGS=--cap-lints=warn" "-e" "RUSTDOCFLAGS=--cap-lints=warn" "-e" "CARGO_HOME=/opt/rustwide/cargo-home" "-e" "RUSTUP_HOME=/opt/rustwide/rustup-home" "-w" "/opt/rustwide/workdir" "-m" "1610612736" "--user" "0:0" "--network" "none" "ghcr.io/rust-lang/crates-build-env/linux@sha256:2788e3201cd34a07e3172128adcd8b3090168a8e3bcc40d7c032b9dda1df7d1c" "/opt/rustwide/cargo-home/bin/cargo" "+beta-2023-12-22" "test" "--frozen", kill_on_drop: false }`
[INFO] [stdout] 65f00521cb8b4e0d4bbb2a8abec943c5b69f44e69107ba1e105f9d2c29b5c1f1
[INFO] running `Command { std: "docker" "start" "-a" "65f00521cb8b4e0d4bbb2a8abec943c5b69f44e69107ba1e105f9d2c29b5c1f1", kill_on_drop: false }`
[INFO] [stderr] warning: unused manifest key: package.path
[INFO] [stderr] warning: unused variable: `pos`
[INFO] [stderr]    --> src/gamestate.rs:357:44
[INFO] [stderr]     |
[INFO] [stderr] 357 | pub fn player_move_intent(keys: KeyStates, pos: Pt, g: &Gamestate) -> Dir {
[INFO] [stderr]     |                                            ^^^ help: if this is intentional, prefix it with an underscore: `_pos`
[INFO] [stderr]     |
[INFO] [stderr]     = note: `#[warn(unused_variables)]` on by default
[INFO] [stderr] 
[INFO] [stderr] warning: unused variable: `right`
[INFO] [stderr]   --> src/palette.rs:30:50
[INFO] [stderr]    |
[INFO] [stderr] 30 |     pub fn button_click(&self, pos: Pt, left: bool, right: bool) -> Option<usize> {
[INFO] [stderr]    |                                                     ^^^^^ help: if this is intentional, prefix it with an underscore: `_right`
[INFO] [stderr] 
[INFO] [stderr] warning: panic message is not a string literal
[INFO] [stderr]   --> src/pt.rs:51:16
[INFO] [stderr]    |
[INFO] [stderr] 51 |             _ => panic!(format!("Pt index out of bounds: {}", i)),
[INFO] [stderr]    |                         ^^^^^^^^^^^^^^^^^^^^^^^^^^^^^^^^^^^^^^^^
[INFO] [stderr]    |
[INFO] [stderr]    = note: this usage of `panic!()` is deprecated; it will be a hard error in Rust 2021
[INFO] [stderr]    = note: for more information, see <https://doc.rust-lang.org/nightly/edition-guide/rust-2021/panic-macro-consistency.html>
[INFO] [stderr]    = note: the `panic!()` macro supports formatting, so there's no need for the `format!()` macro here
[INFO] [stderr]    = note: `#[warn(non_fmt_panics)]` on by default
[INFO] [stderr] help: remove the `format!(..)` macro call
[INFO] [stderr]    |
[INFO] [stderr] 51 -             _ => panic!(format!("Pt index out of bounds: {}", i)),
[INFO] [stderr] 51 +             _ => panic!("Pt index out of bounds: {}", i),
[INFO] [stderr]    |
[INFO] [stderr] 
[INFO] [stderr] warning: `game` (lib) generated 3 warnings (run `cargo fix --lib -p game` to apply 3 suggestions)
[INFO] [stderr] warning: `game` (lib test) generated 3 warnings (3 duplicates)
[INFO] [stderr]     Finished test [unoptimized + debuginfo] target(s) in 0.02s
[INFO] [stderr]      Running unittests src/lib.rs (/opt/rustwide/target/debug/deps/game-9f6c9f0e21e00a0c)
[INFO] [stdout] 
[INFO] [stdout] running 0 tests
[INFO] [stdout] 
[INFO] [stdout] test result: ok. 0 passed; 0 failed; 0 ignored; 0 measured; 0 filtered out; finished in 0.00s
[INFO] [stdout] 
[INFO] [stderr]      Running unittests src/main.rs (/opt/rustwide/target/debug/deps/main-ec40f86db34d13ab)
[INFO] [stdout] 
[INFO] [stdout] running 0 tests
[INFO] [stdout] 
[INFO] [stdout] test result: ok. 0 passed; 0 failed; 0 ignored; 0 measured; 0 filtered out; finished in 0.00s
[INFO] [stdout] 
[INFO] [stderr]    Doc-tests game
[INFO] [stdout] 
[INFO] [stdout] running 2 tests
[INFO] [stdout] test src/rect.rs - rect::Rect::overlaps (line 51) ... FAILED
[INFO] [stdout] test src/rect.rs - rect::Rect::inside (line 35) ... ok
[INFO] [stdout] 
[INFO] [stdout] failures:
[INFO] [stdout] 
[INFO] [stdout] ---- src/rect.rs - rect::Rect::overlaps (line 51) stdout ----
[INFO] [stdout] error[E0308]: mismatched types
[INFO] [stdout]   --> src/rect.rs:55:20
[INFO] [stdout]    |
[INFO] [stdout] 7  | assert!(r.overlaps(Rect::new(Pt(0, 0), 1, 1)));
[INFO] [stdout]    |           -------- ^^^^^^^^^^^^^^^^^^^^^^^^^ expected `&Rect`, found `Rect`
[INFO] [stdout]    |           |
[INFO] [stdout]    |           arguments to this method are incorrect
[INFO] [stdout]    |
[INFO] [stdout] note: method defined here
[INFO] [stdout]   --> /opt/rustwide/workdir/src/rect.rs:63:9
[INFO] [stdout]    |
[INFO] [stdout] 63 |     pub fn overlaps(self, b: &Rect) -> bool {
[INFO] [stdout]    |            ^^^^^^^^
[INFO] [stdout] help: consider borrowing here
[INFO] [stdout]    |
[INFO] [stdout] 7  | assert!(r.overlaps(&Rect::new(Pt(0, 0), 1, 1)));
[INFO] [stdout]    |                    +
[INFO] [stdout] 
[INFO] [stdout] error[E0308]: mismatched types
[INFO] [stdout]   --> src/rect.rs:56:20
[INFO] [stdout]    |
[INFO] [stdout] 8  | assert!(r.overlaps(Rect::new(Pt(0, 0), 10, 10)));
[INFO] [stdout]    |           -------- ^^^^^^^^^^^^^^^^^^^^^^^^^^^ expected `&Rect`, found `Rect`
[INFO] [stdout]    |           |
[INFO] [stdout]    |           arguments to this method are incorrect
[INFO] [stdout]    |
[INFO] [stdout] note: method defined here
[INFO] [stdout]   --> /opt/rustwide/workdir/src/rect.rs:63:9
[INFO] [stdout]    |
[INFO] [stdout] 63 |     pub fn overlaps(self, b: &Rect) -> bool {
[INFO] [stdout]    |            ^^^^^^^^
[INFO] [stdout] help: consider borrowing here
[INFO] [stdout]    |
[INFO] [stdout] 8  | assert!(r.overlaps(&Rect::new(Pt(0, 0), 10, 10)));
[INFO] [stdout]    |                    +
[INFO] [stdout] 
[INFO] [stdout] error[E0308]: mismatched types
[INFO] [stdout]   --> src/rect.rs:57:20
[INFO] [stdout]    |
[INFO] [stdout] 9  | assert!(r.overlaps(Rect::new(Pt(0, 0), 20, 20)));
[INFO] [stdout]    |           -------- ^^^^^^^^^^^^^^^^^^^^^^^^^^^ expected `&Rect`, found `Rect`
[INFO] [stdout]    |           |
[INFO] [stdout]    |           arguments to this method are incorrect
[INFO] [stdout]    |
[INFO] [stdout] note: method defined here
[INFO] [stdout]   --> /opt/rustwide/workdir/src/rect.rs:63:9
[INFO] [stdout]    |
[INFO] [stdout] 63 |     pub fn overlaps(self, b: &Rect) -> bool {
[INFO] [stdout]    |            ^^^^^^^^
[INFO] [stdout] help: consider borrowing here
[INFO] [stdout]    |
[INFO] [stdout] 9  | assert!(r.overlaps(&Rect::new(Pt(0, 0), 20, 20)));
[INFO] [stdout]    |                    +
[INFO] [stdout] 
[INFO] [stdout] error[E0308]: mismatched types
[INFO] [stdout]   --> src/rect.rs:58:20
[INFO] [stdout]    |
[INFO] [stdout] 10 | assert!(r.overlaps(Rect::new(Pt(1, 1), 1, 1)));
[INFO] [stdout]    |           -------- ^^^^^^^^^^^^^^^^^^^^^^^^^ expected `&Rect`, found `Rect`
[INFO] [stdout]    |           |
[INFO] [stdout]    |           arguments to this method are incorrect
[INFO] [stdout]    |
[INFO] [stdout] note: method defined here
[INFO] [stdout]   --> /opt/rustwide/workdir/src/rect.rs:63:9
[INFO] [stdout]    |
[INFO] [stdout] 63 |     pub fn overlaps(self, b: &Rect) -> bool {
[INFO] [stdout]    |            ^^^^^^^^
[INFO] [stdout] help: consider borrowing here
[INFO] [stdout]    |
[INFO] [stdout] 10 | assert!(r.overlaps(&Rect::new(Pt(1, 1), 1, 1)));
[INFO] [stdout]    |                    +
[INFO] [stdout] 
[INFO] [stdout] error[E0308]: mismatched types
[INFO] [stdout]   --> src/rect.rs:59:20
[INFO] [stdout]    |
[INFO] [stdout] 11 | assert!(r.overlaps(Rect::new(Pt(1, 1), 20, 20)));
[INFO] [stdout]    |           -------- ^^^^^^^^^^^^^^^^^^^^^^^^^^^ expected `&Rect`, found `Rect`
[INFO] [stdout]    |           |
[INFO] [stdout]    |           arguments to this method are incorrect
[INFO] [stdout]    |
[INFO] [stdout] note: method defined here
[INFO] [stdout]   --> /opt/rustwide/workdir/src/rect.rs:63:9
[INFO] [stdout]    |
[INFO] [stdout] 63 |     pub fn overlaps(self, b: &Rect) -> bool {
[INFO] [stdout]    |            ^^^^^^^^
[INFO] [stdout] help: consider borrowing here
[INFO] [stdout]    |
[INFO] [stdout] 11 | assert!(r.overlaps(&Rect::new(Pt(1, 1), 20, 20)));
[INFO] [stdout]    |                    +
[INFO] [stdout] 
[INFO] [stdout] error[E0308]: mismatched types
[INFO] [stdout]   --> src/rect.rs:60:20
[INFO] [stdout]    |
[INFO] [stdout] 12 | assert!(r.overlaps(Rect::new(Pt(9, 9), 20, 20)));
[INFO] [stdout]    |           -------- ^^^^^^^^^^^^^^^^^^^^^^^^^^^ expected `&Rect`, found `Rect`
[INFO] [stdout]    |           |
[INFO] [stdout]    |           arguments to this method are incorrect
[INFO] [stdout]    |
[INFO] [stdout] note: method defined here
[INFO] [stdout]   --> /opt/rustwide/workdir/src/rect.rs:63:9
[INFO] [stdout]    |
[INFO] [stdout] 63 |     pub fn overlaps(self, b: &Rect) -> bool {
[INFO] [stdout]    |            ^^^^^^^^
[INFO] [stdout] help: consider borrowing here
[INFO] [stdout]    |
[INFO] [stdout] 12 | assert!(r.overlaps(&Rect::new(Pt(9, 9), 20, 20)));
[INFO] [stdout]    |                    +
[INFO] [stdout] 
[INFO] [stdout] error[E0308]: mismatched types
[INFO] [stdout]   --> src/rect.rs:61:21
[INFO] [stdout]    |
[INFO] [stdout] 13 | assert!(!r.overlaps(Rect::new(Pt(9, 10), 20, 20)));
[INFO] [stdout]    |            -------- ^^^^^^^^^^^^^^^^^^^^^^^^^^^^ expected `&Rect`, found `Rect`
[INFO] [stdout]    |            |
[INFO] [stdout]    |            arguments to this method are incorrect
[INFO] [stdout]    |
[INFO] [stdout] note: method defined here
[INFO] [stdout]   --> /opt/rustwide/workdir/src/rect.rs:63:9
[INFO] [stdout]    |
[INFO] [stdout] 63 |     pub fn overlaps(self, b: &Rect) -> bool {
[INFO] [stdout]    |            ^^^^^^^^
[INFO] [stdout] help: consider borrowing here
[INFO] [stdout]    |
[INFO] [stdout] 13 | assert!(!r.overlaps(&Rect::new(Pt(9, 10), 20, 20)));
[INFO] [stdout]    |                     +
[INFO] [stdout] 
[INFO] [stdout] error[E0308]: mismatched types
[INFO] [stdout]   --> src/rect.rs:62:21
[INFO] [stdout]    |
[INFO] [stdout] 14 | assert!(!r.overlaps(Rect::new(Pt(10, 9), 20, 20)));
[INFO] [stdout]    |            -------- ^^^^^^^^^^^^^^^^^^^^^^^^^^^^ expected `&Rect`, found `Rect`
[INFO] [stdout]    |            |
[INFO] [stdout]    |            arguments to this method are incorrect
[INFO] [stdout]    |
[INFO] [stdout] note: method defined here
[INFO] [stdout]   --> /opt/rustwide/workdir/src/rect.rs:63:9
[INFO] [stdout]    |
[INFO] [stdout] 63 |     pub fn overlaps(self, b: &Rect) -> bool {
[INFO] [stdout]    |            ^^^^^^^^
[INFO] [stdout] help: consider borrowing here
[INFO] [stdout]    |
[INFO] [stdout] 14 | assert!(!r.overlaps(&Rect::new(Pt(10, 9), 20, 20)));
[INFO] [stdout]    |                     +
[INFO] [stdout] 
[INFO] [stdout] error[E0308]: mismatched types
[INFO] [stdout]   --> src/rect.rs:63:21
[INFO] [stdout]    |
[INFO] [stdout] 15 | assert!(!r.overlaps(Rect::new(Pt(10, 10), 20, 20)));
[INFO] [stdout]    |            -------- ^^^^^^^^^^^^^^^^^^^^^^^^^^^^^ expected `&Rect`, found `Rect`
[INFO] [stdout]    |            |
[INFO] [stdout]    |            arguments to this method are incorrect
[INFO] [stdout]    |
[INFO] [stdout] note: method defined here
[INFO] [stdout]   --> /opt/rustwide/workdir/src/rect.rs:63:9
[INFO] [stdout]    |
[INFO] [stdout] 63 |     pub fn overlaps(self, b: &Rect) -> bool {
[INFO] [stdout]    |            ^^^^^^^^
[INFO] [stdout] help: consider borrowing here
[INFO] [stdout]    |
[INFO] [stdout] 15 | assert!(!r.overlaps(&Rect::new(Pt(10, 10), 20, 20)));
[INFO] [stdout]    |                     +
[INFO] [stdout] 
[INFO] [stdout] error: aborting due to 9 previous errors
[INFO] [stdout] 
[INFO] [stdout] For more information about this error, try `rustc --explain E0308`.
[INFO] [stdout] Couldn't compile the test.
[INFO] [stdout] 
[INFO] [stdout] failures:
[INFO] [stdout]     src/rect.rs - rect::Rect::overlaps (line 51)
[INFO] [stdout] 
[INFO] [stdout] test result: FAILED. 1 passed; 1 failed; 0 ignored; 0 measured; 0 filtered out; finished in 0.29s
[INFO] [stdout] 
[INFO] [stderr] error: doctest failed, to rerun pass `--doc`
[INFO] running `Command { std: "docker" "inspect" "65f00521cb8b4e0d4bbb2a8abec943c5b69f44e69107ba1e105f9d2c29b5c1f1", kill_on_drop: false }`
[INFO] running `Command { std: "docker" "rm" "-f" "65f00521cb8b4e0d4bbb2a8abec943c5b69f44e69107ba1e105f9d2c29b5c1f1", kill_on_drop: false }`
[INFO] [stdout] 65f00521cb8b4e0d4bbb2a8abec943c5b69f44e69107ba1e105f9d2c29b5c1f1
