[INFO] cloning repository https://github.com/bam-lang/bam
[INFO] running `Command { std: "git" "-c" "credential.helper=" "-c" "credential.helper=/workspace/cargo-home/bin/git-credential-null" "clone" "--bare" "https://github.com/bam-lang/bam" "/workspace/cache/git-repos/https%3A%2F%2Fgithub.com%2Fbam-lang%2Fbam", kill_on_drop: false }`
[INFO] [stderr] Cloning into bare repository '/workspace/cache/git-repos/https%3A%2F%2Fgithub.com%2Fbam-lang%2Fbam'...
[INFO] running `Command { std: "git" "rev-parse" "HEAD", kill_on_drop: false }`
[INFO] [stdout] af5dd0b6d9e9f728f9475757fe3ffea278626263
[INFO] testing bam-lang/bam against 1.75.0 for beta-1.76-1
[INFO] running `Command { std: "git" "clone" "/workspace/cache/git-repos/https%3A%2F%2Fgithub.com%2Fbam-lang%2Fbam" "/workspace/builds/worker-0-tc1/source", kill_on_drop: false }`
[INFO] [stderr] Cloning into '/workspace/builds/worker-0-tc1/source'...
[INFO] [stderr] done.
[INFO] validating manifest of git repo https://github.com/bam-lang/bam on toolchain 1.75.0
[INFO] running `Command { std: CARGO_HOME="/workspace/cargo-home" RUSTUP_HOME="/workspace/rustup-home" "/workspace/cargo-home/bin/cargo" "+1.75.0" "metadata" "--manifest-path" "Cargo.toml" "--no-deps", kill_on_drop: false }`
[INFO] removed /workspace/builds/worker-0-tc1/source/.cargo/config.toml
[INFO] removed /workspace/builds/worker-0-tc1/source/rust-toolchain.toml
[INFO] started tweaking git repo https://github.com/bam-lang/bam
[INFO] finished tweaking git repo https://github.com/bam-lang/bam
[INFO] tweaked toml for git repo https://github.com/bam-lang/bam written to /workspace/builds/worker-0-tc1/source/Cargo.toml
[INFO] crate git repo https://github.com/bam-lang/bam already has a lockfile, it will not be regenerated
[INFO] running `Command { std: CARGO_HOME="/workspace/cargo-home" RUSTUP_HOME="/workspace/rustup-home" "/workspace/cargo-home/bin/cargo" "+1.75.0" "fetch" "--manifest-path" "Cargo.toml", kill_on_drop: false }`
[INFO] running `Command { std: "docker" "create" "-v" "/var/lib/crater-agent-workspace/builds/worker-0-tc1/target:/opt/rustwide/target:rw,Z" "-v" "/var/lib/crater-agent-workspace/builds/worker-0-tc1/source:/opt/rustwide/workdir:ro,Z" "-v" "/var/lib/crater-agent-workspace/cargo-home:/opt/rustwide/cargo-home:ro,Z" "-v" "/var/lib/crater-agent-workspace/rustup-home:/opt/rustwide/rustup-home:ro,Z" "-e" "SOURCE_DIR=/opt/rustwide/workdir" "-e" "CARGO_TARGET_DIR=/opt/rustwide/target" "-e" "CARGO_HOME=/opt/rustwide/cargo-home" "-e" "RUSTUP_HOME=/opt/rustwide/rustup-home" "-w" "/opt/rustwide/workdir" "-m" "1610612736" "--user" "0:0" "--network" "none" "ghcr.io/rust-lang/crates-build-env/linux@sha256:2788e3201cd34a07e3172128adcd8b3090168a8e3bcc40d7c032b9dda1df7d1c" "/opt/rustwide/cargo-home/bin/cargo" "+1.75.0" "metadata" "--no-deps" "--format-version=1", kill_on_drop: false }`
[INFO] [stdout] 7256ec65937f6c680e47c7dff6df87f1301452601471726b4d31e126c85fd55c
[INFO] running `Command { std: "docker" "start" "-a" "7256ec65937f6c680e47c7dff6df87f1301452601471726b4d31e126c85fd55c", kill_on_drop: false }`
[INFO] running `Command { std: "docker" "inspect" "7256ec65937f6c680e47c7dff6df87f1301452601471726b4d31e126c85fd55c", kill_on_drop: false }`
[INFO] running `Command { std: "docker" "rm" "-f" "7256ec65937f6c680e47c7dff6df87f1301452601471726b4d31e126c85fd55c", kill_on_drop: false }`
[INFO] [stdout] 7256ec65937f6c680e47c7dff6df87f1301452601471726b4d31e126c85fd55c
[INFO] running `Command { std: "docker" "create" "-v" "/var/lib/crater-agent-workspace/builds/worker-0-tc1/target:/opt/rustwide/target:rw,Z" "-v" "/var/lib/crater-agent-workspace/builds/worker-0-tc1/source:/opt/rustwide/workdir:ro,Z" "-v" "/var/lib/crater-agent-workspace/cargo-home:/opt/rustwide/cargo-home:ro,Z" "-v" "/var/lib/crater-agent-workspace/rustup-home:/opt/rustwide/rustup-home:ro,Z" "-e" "SOURCE_DIR=/opt/rustwide/workdir" "-e" "CARGO_TARGET_DIR=/opt/rustwide/target" "-e" "CARGO_INCREMENTAL=0" "-e" "RUST_BACKTRACE=full" "-e" "RUSTFLAGS=--cap-lints=warn" "-e" "RUSTDOCFLAGS=--cap-lints=warn" "-e" "CARGO_HOME=/opt/rustwide/cargo-home" "-e" "RUSTUP_HOME=/opt/rustwide/rustup-home" "-w" "/opt/rustwide/workdir" "-m" "1610612736" "--user" "0:0" "--network" "none" "ghcr.io/rust-lang/crates-build-env/linux@sha256:2788e3201cd34a07e3172128adcd8b3090168a8e3bcc40d7c032b9dda1df7d1c" "/opt/rustwide/cargo-home/bin/cargo" "+1.75.0" "build" "--frozen" "--message-format=json", kill_on_drop: false }`
[INFO] [stdout] 192f9c098f62581c479caefd342c41a9e6bd22bab109d14bc5f93139478ca60b
[INFO] running `Command { std: "docker" "start" "-a" "192f9c098f62581c479caefd342c41a9e6bd22bab109d14bc5f93139478ca60b", kill_on_drop: false }`
[INFO] [stderr]    Compiling proc-macro2 v1.0.40
[INFO] [stderr]    Compiling quote v1.0.20
[INFO] [stderr]    Compiling unicode-ident v1.0.2
[INFO] [stderr]    Compiling syn v1.0.98
[INFO] [stderr]    Compiling libc v0.2.126
[INFO] [stderr]    Compiling crunchy v0.2.2
[INFO] [stderr]    Compiling tiny-keccak v2.0.2
[INFO] [stderr]    Compiling proc-macro-hack v0.5.19
[INFO] [stderr]    Compiling proc-macro-error-attr v1.0.4
[INFO] [stderr]    Compiling io-lifetimes v0.7.2
[INFO] [stderr]    Compiling proc-macro-error v1.0.4
[INFO] [stderr]    Compiling rustix v0.35.7
[INFO] [stderr]    Compiling indexmap v1.9.1
[INFO] [stderr]    Compiling tracing-core v0.1.28
[INFO] [stderr]    Compiling linux-raw-sys v0.0.46
[INFO] [stderr]    Compiling getrandom v0.2.7
[INFO] [stderr]    Compiling nibble_vec v0.1.0
[INFO] [stderr]    Compiling anyhow v1.0.58
[INFO] [stderr]    Compiling endian-type v0.1.2
[INFO] [stderr]    Compiling hashbrown v0.12.3
[INFO] [stderr]    Compiling const-random-macro v0.1.13
[INFO] [stderr]    Compiling os_str_bytes v6.2.0
[INFO] [stderr]    Compiling dirs-sys-next v0.1.2
[INFO] [stderr]    Compiling heck v0.4.0
[INFO] [stderr]    Compiling dirs-next v2.0.0
[INFO] [stderr]    Compiling clap_lex v0.2.4
[INFO] [stderr]    Compiling nix v0.24.2
[INFO] [stderr]    Compiling const-random v0.1.13
[INFO] [stderr]    Compiling ahash v0.3.8
[INFO] [stderr]    Compiling atty v0.2.14
[INFO] [stderr]    Compiling radix_trie v0.2.1
[INFO] [stderr]    Compiling tracing-log v0.1.3
[INFO] [stderr]    Compiling thread_local v1.1.4
[INFO] [stderr]    Compiling sharded-slab v0.1.4
[INFO] [stderr]    Compiling utf8parse v0.2.0
[INFO] [stderr]    Compiling unicode-segmentation v1.9.0
[INFO] [stderr]    Compiling pin-project-lite v0.2.9
[INFO] [stderr]    Compiling textwrap v0.15.0
[INFO] [stderr]    Compiling ansi_term v0.12.1
[INFO] [stderr]    Compiling chumsky v0.8.0
[INFO] [stderr]    Compiling tracing-subscriber v0.3.15
[INFO] [stderr]    Compiling fd-lock v3.0.6
[INFO] [stderr]    Compiling rustyline v10.0.0
[INFO] [stderr]    Compiling clap_derive v3.2.7
[INFO] [stderr]    Compiling tracing-attributes v0.1.22
[INFO] [stderr]    Compiling thiserror-impl v1.0.31
[INFO] [stderr]    Compiling tracing v0.1.35
[INFO] [stderr]    Compiling thiserror v1.0.31
[INFO] [stderr]    Compiling clap v3.2.14
[INFO] [stderr]    Compiling bam v0.1.0 (/opt/rustwide/workdir)
[INFO] [stdout] warning: unused import: `bail`
[INFO] [stdout]  --> src/main.rs:4:22
[INFO] [stdout]   |
[INFO] [stdout] 4 | use anyhow::{anyhow, bail, Context, Error, Result};
[INFO] [stdout]   |                      ^^^^
[INFO] [stdout]   |
[INFO] [stdout]   = note: `#[warn(unused_imports)]` on by default
[INFO] [stdout] 
[INFO] [stdout] 
[INFO] [stdout] warning: unused import: `tracing::Level`
[INFO] [stdout]   --> src/main.rs:10:5
[INFO] [stdout]    |
[INFO] [stdout] 10 | use tracing::Level;
[INFO] [stdout]    |     ^^^^^^^^^^^^^^
[INFO] [stdout] 
[INFO] [stdout] 
[INFO] [stdout] warning: unused import: `debug`
[INFO] [stdout]  --> src/types.rs:8:15
[INFO] [stdout]   |
[INFO] [stdout] 8 | use tracing::{debug, info};
[INFO] [stdout]   |               ^^^^^
[INFO] [stdout] 
[INFO] [stdout] 
[INFO] [stdout] warning: unused imports: `Loop`, `SharedFlow`
[INFO] [stdout]   --> src/main.rs:20:12
[INFO] [stdout]    |
[INFO] [stdout] 20 | use eval::{Loop, SharedFlow};
[INFO] [stdout]    |            ^^^^  ^^^^^^^^^^
[INFO] [stdout] 
[INFO] [stdout] 
[INFO] [stdout] warning: unused variable: `tenv`
[INFO] [stdout]    --> src/main.rs:103:13
[INFO] [stdout]     |
[INFO] [stdout] 103 |     let mut tenv = GlobalTypeEnv::new();
[INFO] [stdout]     |             ^^^^ help: if this is intentional, prefix it with an underscore: `_tenv`
[INFO] [stdout]     |
[INFO] [stdout]     = note: `#[warn(unused_variables)]` on by default
[INFO] [stdout] 
[INFO] [stdout] 
[INFO] [stdout] warning: variable does not need to be mutable
[INFO] [stdout]    --> src/main.rs:103:9
[INFO] [stdout]     |
[INFO] [stdout] 103 |     let mut tenv = GlobalTypeEnv::new();
[INFO] [stdout]     |         ----^^^^
[INFO] [stdout]     |         |
[INFO] [stdout]     |         help: remove this `mut`
[INFO] [stdout]     |
[INFO] [stdout]     = note: `#[warn(unused_mut)]` on by default
[INFO] [stdout] 
[INFO] [stdout] 
[INFO] [stdout] warning: variable does not need to be mutable
[INFO] [stdout]    --> src/main.rs:119:9
[INFO] [stdout]     |
[INFO] [stdout] 119 |     let mut parse_program = |source: String| -> Result<Vec<Definition>> {
[INFO] [stdout]     |         ----^^^^^^^^^^^^^
[INFO] [stdout]     |         |
[INFO] [stdout]     |         help: remove this `mut`
[INFO] [stdout] 
[INFO] [stdout] 
[INFO] [stdout] warning: variable does not need to be mutable
[INFO] [stdout]    --> src/main.rs:198:9
[INFO] [stdout]     |
[INFO] [stdout] 198 |     let mut load_stream =
[INFO] [stdout]     |         ----^^^^^^^^^^^
[INFO] [stdout]     |         |
[INFO] [stdout]     |         help: remove this `mut`
[INFO] [stdout] 
[INFO] [stdout] 
[INFO] [stdout] warning: associated function `input` is never used
[INFO] [stdout]   --> src/compiler.rs:19:12
[INFO] [stdout]    |
[INFO] [stdout] 12 | impl Handle {
[INFO] [stdout]    | ----------- associated function in this implementation
[INFO] [stdout] ...
[INFO] [stdout] 19 |     pub fn input() -> Self {
[INFO] [stdout]    |            ^^^^^
[INFO] [stdout]    |
[INFO] [stdout]    = note: `#[warn(dead_code)]` on by default
[INFO] [stdout] 
[INFO] [stdout] 
[INFO] [stdout] warning: variants `Stdin` and `Copy` are never constructed
[INFO] [stdout]   --> src/compiler.rs:40:5
[INFO] [stdout]    |
[INFO] [stdout] 38 | pub enum FlatStream {
[INFO] [stdout]    |          ---------- variants in this enum
[INFO] [stdout] 39 |     /// Standard input.
[INFO] [stdout] 40 |     Stdin,
[INFO] [stdout]    |     ^^^^^
[INFO] [stdout] ...
[INFO] [stdout] 48 |     Copy(Handle),
[INFO] [stdout]    |     ^^^^
[INFO] [stdout]    |
[INFO] [stdout]    = note: `FlatStream` has derived impls for the traits `Clone` and `Debug`, but these are intentionally ignored during dead code analysis
[INFO] [stdout] 
[INFO] [stdout] 
[INFO] [stdout] warning: method `current_mut` is never used
[INFO] [stdout]    --> src/compiler.rs:424:12
[INFO] [stdout]     |
[INFO] [stdout] 273 | impl Compiler {
[INFO] [stdout]     | ------------- method in this implementation
[INFO] [stdout] ...
[INFO] [stdout] 424 |     pub fn current_mut(&mut self) -> &Unit {
[INFO] [stdout]     |            ^^^^^^^^^^^
[INFO] [stdout] 
[INFO] [stdout] 
[INFO] [stdout] warning: struct `Loop` is never constructed
[INFO] [stdout]   --> src/eval.rs:19:12
[INFO] [stdout]    |
[INFO] [stdout] 19 | pub struct Loop {
[INFO] [stdout]    |            ^^^^
[INFO] [stdout] 
[INFO] [stdout] 
[INFO] [stdout] warning: method `step` is never used
[INFO] [stdout]   --> src/eval.rs:27:12
[INFO] [stdout]    |
[INFO] [stdout] 25 | impl Loop {
[INFO] [stdout]    | --------- method in this implementation
[INFO] [stdout] 26 |     /// Steps through the stream.
[INFO] [stdout] 27 |     pub fn step(&self) -> Result<Value> {
[INFO] [stdout]    |            ^^^^
[INFO] [stdout] 
[INFO] [stdout] 
[INFO] [stdout] warning: methods `get_from_head` and `get_from_outer` are never used
[INFO] [stdout]    --> src/eval.rs:104:12
[INFO] [stdout]     |
[INFO] [stdout] 71  | impl SharedEnv {
[INFO] [stdout]     | -------------- methods in this implementation
[INFO] [stdout] ...
[INFO] [stdout] 104 |     pub fn get_from_head(&self, handle: Handle) -> Option<SharedFlow> {
[INFO] [stdout]     |            ^^^^^^^^^^^^^
[INFO] [stdout] ...
[INFO] [stdout] 110 |     pub fn get_from_outer(&self, handle: Handle) -> Option<SharedFlow> {
[INFO] [stdout]     |            ^^^^^^^^^^^^^^
[INFO] [stdout] 
[INFO] [stdout] 
[INFO] [stdout] warning: method `make_loop` is never used
[INFO] [stdout]    --> src/eval.rs:197:12
[INFO] [stdout]     |
[INFO] [stdout] 187 | impl Factory {
[INFO] [stdout]     | ------------ method in this implementation
[INFO] [stdout] ...
[INFO] [stdout] 197 |     pub fn make_loop(&self, name: &str) -> Loop {
[INFO] [stdout]     |            ^^^^^^^^^
[INFO] [stdout] 
[INFO] [stdout] 
[INFO] [stdout] warning: variant `UnifVar` is never constructed
[INFO] [stdout]    --> src/types.rs:143:5
[INFO] [stdout]     |
[INFO] [stdout] 137 | pub enum Type {
[INFO] [stdout]     |          ---- variant in this enum
[INFO] [stdout] ...
[INFO] [stdout] 143 |     UnifVar(usize),
[INFO] [stdout]     |     ^^^^^^^
[INFO] [stdout]     |
[INFO] [stdout]     = note: `Type` has derived impls for the traits `Clone` and `Debug`, but these are intentionally ignored during dead code analysis
[INFO] [stdout] 
[INFO] [stdout] 
[INFO] [stdout] warning: variants `CannotUnify`, `UnboundVariable`, and `UnboundMachine` are never constructed
[INFO] [stdout]    --> src/types.rs:171:5
[INFO] [stdout]     |
[INFO] [stdout] 169 | pub enum TypeError {
[INFO] [stdout]     |          --------- variants in this enum
[INFO] [stdout] 170 |     #[error("Cannot unify {0} with {1}")]
[INFO] [stdout] 171 |     CannotUnify(Type, Type),
[INFO] [stdout]     |     ^^^^^^^^^^^
[INFO] [stdout] ...
[INFO] [stdout] 174 |     UnboundVariable(String),
[INFO] [stdout]     |     ^^^^^^^^^^^^^^^
[INFO] [stdout] ...
[INFO] [stdout] 177 |     UnboundMachine(String),
[INFO] [stdout]     |     ^^^^^^^^^^^^^^
[INFO] [stdout]     |
[INFO] [stdout]     = note: `TypeError` has derived impls for the traits `Clone` and `Debug`, but these are intentionally ignored during dead code analysis
[INFO] [stdout] 
[INFO] [stdout] 
[INFO] [stdout] warning: field `machine_types` is never read
[INFO] [stdout]    --> src/types.rs:194:5
[INFO] [stdout]     |
[INFO] [stdout] 193 | pub struct GlobalTypeEnv {
[INFO] [stdout]     |            ------------- field in this struct
[INFO] [stdout] 194 |     machine_types: HashMap<String, MachineType>,
[INFO] [stdout]     |     ^^^^^^^^^^^^^
[INFO] [stdout] 
[INFO] [stdout] 
[INFO] [stdout] warning: struct `LocalTypeEnv` is never constructed
[INFO] [stdout]    --> src/types.rs:205:8
[INFO] [stdout]     |
[INFO] [stdout] 205 | struct LocalTypeEnv {
[INFO] [stdout]     |        ^^^^^^^^^^^^
[INFO] [stdout] 
[INFO] [stdout] 
[INFO] [stdout] warning: function `check` is never used
[INFO] [stdout]    --> src/types.rs:211:8
[INFO] [stdout]     |
[INFO] [stdout] 211 | pub fn check(program: &Program) -> Result<(), TypeError> {
[INFO] [stdout]     |        ^^^^^
[INFO] [stdout] 
[INFO] [stdout] 
[INFO] [stdout] warning: function `check_machine_def` is never used
[INFO] [stdout]    --> src/types.rs:219:8
[INFO] [stdout]     |
[INFO] [stdout] 219 | pub fn check_machine_def(
[INFO] [stdout]     |        ^^^^^^^^^^^^^^^^^
[INFO] [stdout] 
[INFO] [stdout] 
[INFO] [stdout] warning: function `check_statement` is never used
[INFO] [stdout]    --> src/types.rs:270:4
[INFO] [stdout]     |
[INFO] [stdout] 270 | fn check_statement(
[INFO] [stdout]     |    ^^^^^^^^^^^^^^^
[INFO] [stdout] 
[INFO] [stdout] 
[INFO] [stdout] warning: function `infer_stream` is never used
[INFO] [stdout]    --> src/types.rs:310:4
[INFO] [stdout]     |
[INFO] [stdout] 310 | fn infer_stream(
[INFO] [stdout]     |    ^^^^^^^^^^^^
[INFO] [stdout] 
[INFO] [stdout] 
[INFO] [stdout] warning: function `get_builtin_ty` is never used
[INFO] [stdout]    --> src/types.rs:381:4
[INFO] [stdout]     |
[INFO] [stdout] 381 | fn get_builtin_ty(builtin: &Builtin) -> Option<MachineType> {
[INFO] [stdout]     |    ^^^^^^^^^^^^^^
[INFO] [stdout] 
[INFO] [stdout] 
[INFO] [stdout] warning: function `new_unif_var` is never used
[INFO] [stdout]    --> src/types.rs:385:4
[INFO] [stdout]     |
[INFO] [stdout] 385 | fn new_unif_var(local_env: &mut LocalTypeEnv) -> Type {
[INFO] [stdout]     |    ^^^^^^^^^^^^
[INFO] [stdout] 
[INFO] [stdout] 
[INFO] [stdout] warning: function `instantiate` is never used
[INFO] [stdout]    --> src/types.rs:391:4
[INFO] [stdout]     |
[INFO] [stdout] 391 | fn instantiate(local_env: &mut LocalTypeEnv, machine_ty: MachineType) -> MachineType {
[INFO] [stdout]     |    ^^^^^^^^^^^
[INFO] [stdout] 
[INFO] [stdout] 
[INFO] [stdout] warning: function `replace_ty_var` is never used
[INFO] [stdout]    --> src/types.rs:410:4
[INFO] [stdout]     |
[INFO] [stdout] 410 | fn replace_ty_var(ty: Type, var: usize, to_replace: &Type) -> Type {
[INFO] [stdout]     |    ^^^^^^^^^^^^^^
[INFO] [stdout] 
[INFO] [stdout] 
[INFO] [stdout] warning: function `replace_unif_var` is never used
[INFO] [stdout]    --> src/types.rs:428:4
[INFO] [stdout]     |
[INFO] [stdout] 428 | fn replace_unif_var(ty: Type, var: usize, to_replace: &Type) -> Type {
[INFO] [stdout]     |    ^^^^^^^^^^^^^^^^
[INFO] [stdout] 
[INFO] [stdout] 
[INFO] [stdout] warning: function `apply_substitution` is never used
[INFO] [stdout]    --> src/types.rs:446:4
[INFO] [stdout]     |
[INFO] [stdout] 446 | fn apply_substitution(subst: &HashMap<usize, Type>, ty: Type) -> Type {
[INFO] [stdout]     |    ^^^^^^^^^^^^^^^^^^
[INFO] [stdout] 
[INFO] [stdout] 
[INFO] [stdout] warning: function `unify` is never used
[INFO] [stdout]    --> src/types.rs:461:4
[INFO] [stdout]     |
[INFO] [stdout] 461 | fn unify(local_env: &LocalTypeEnv) -> Result<HashMap<usize, Type>, TypeError> {
[INFO] [stdout]     |    ^^^^^
[INFO] [stdout] 
[INFO] [stdout] 
[INFO] [stdout] warning: function `unify_types` is never used
[INFO] [stdout]    --> src/types.rs:472:4
[INFO] [stdout]     |
[INFO] [stdout] 472 | fn unify_types(subst: &mut HashMap<usize, Type>, ty1: &Type, ty2: &Type) -> Result<(), TypeError> {
[INFO] [stdout]     |    ^^^^^^^^^^^
[INFO] [stdout] 
[INFO] [stdout] 
[INFO] [stdout] warning: function `free_unif_vars` is never used
[INFO] [stdout]    --> src/types.rs:505:4
[INFO] [stdout]     |
[INFO] [stdout] 505 | fn free_unif_vars(subst: &HashMap<usize, Type>, result: &mut HashSet<usize>, ty: &Type) {
[INFO] [stdout]     |    ^^^^^^^^^^^^^^
[INFO] [stdout] 
[INFO] [stdout] 
[INFO] [stdout] warning: function `generalize` is never used
[INFO] [stdout]    --> src/types.rs:522:4
[INFO] [stdout]     |
[INFO] [stdout] 522 | fn generalize(subst: &HashMap<usize, Type>, machine_ty: MachineType) -> MachineType {
[INFO] [stdout]     |    ^^^^^^^^^^
[INFO] [stdout] 
[INFO] [stdout] 
[INFO] [stdout] warning: unused `Result` that must be used
[INFO] [stdout]    --> src/types.rs:246:9
[INFO] [stdout]     |
[INFO] [stdout] 246 |         check_statement(global_env, &mut local_env, statement);
[INFO] [stdout]     |         ^^^^^^^^^^^^^^^^^^^^^^^^^^^^^^^^^^^^^^^^^^^^^^^^^^^^^^
[INFO] [stdout]     |
[INFO] [stdout]     = note: this `Result` may be an `Err` variant, which should be handled
[INFO] [stdout]     = note: `#[warn(unused_must_use)]` on by default
[INFO] [stdout] help: use `let _ = ...` to ignore the resulting value
[INFO] [stdout]     |
[INFO] [stdout] 246 |         let _ = check_statement(global_env, &mut local_env, statement);
[INFO] [stdout]     |         +++++++
[INFO] [stdout] 
[INFO] [stdout] 
[INFO] [stdout] warning: 34 warnings emitted
[INFO] [stdout] 
[INFO] [stdout] 
[INFO] [stderr]     Finished dev [unoptimized + debuginfo] target(s) in 13.13s
[INFO] running `Command { std: "docker" "inspect" "192f9c098f62581c479caefd342c41a9e6bd22bab109d14bc5f93139478ca60b", kill_on_drop: false }`
[INFO] running `Command { std: "docker" "rm" "-f" "192f9c098f62581c479caefd342c41a9e6bd22bab109d14bc5f93139478ca60b", kill_on_drop: false }`
[INFO] [stdout] 192f9c098f62581c479caefd342c41a9e6bd22bab109d14bc5f93139478ca60b
[INFO] running `Command { std: "docker" "create" "-v" "/var/lib/crater-agent-workspace/builds/worker-0-tc1/target:/opt/rustwide/target:rw,Z" "-v" "/var/lib/crater-agent-workspace/builds/worker-0-tc1/source:/opt/rustwide/workdir:ro,Z" "-v" "/var/lib/crater-agent-workspace/cargo-home:/opt/rustwide/cargo-home:ro,Z" "-v" "/var/lib/crater-agent-workspace/rustup-home:/opt/rustwide/rustup-home:ro,Z" "-e" "SOURCE_DIR=/opt/rustwide/workdir" "-e" "CARGO_TARGET_DIR=/opt/rustwide/target" "-e" "CARGO_INCREMENTAL=0" "-e" "RUST_BACKTRACE=full" "-e" "RUSTFLAGS=--cap-lints=warn" "-e" "RUSTDOCFLAGS=--cap-lints=warn" "-e" "CARGO_HOME=/opt/rustwide/cargo-home" "-e" "RUSTUP_HOME=/opt/rustwide/rustup-home" "-w" "/opt/rustwide/workdir" "-m" "1610612736" "--user" "0:0" "--network" "none" "ghcr.io/rust-lang/crates-build-env/linux@sha256:2788e3201cd34a07e3172128adcd8b3090168a8e3bcc40d7c032b9dda1df7d1c" "/opt/rustwide/cargo-home/bin/cargo" "+1.75.0" "test" "--frozen" "--no-run" "--message-format=json", kill_on_drop: false }`
[INFO] [stdout] fefad5a649f7906322d37cbd9c72416037c018122bfab85dfa06de234997caa3
[INFO] running `Command { std: "docker" "start" "-a" "fefad5a649f7906322d37cbd9c72416037c018122bfab85dfa06de234997caa3", kill_on_drop: false }`
[INFO] [stderr]    Compiling bam v0.1.0 (/opt/rustwide/workdir)
[INFO] [stdout] warning: unused import: `bail`
[INFO] [stdout]  --> src/main.rs:4:22
[INFO] [stdout]   |
[INFO] [stdout] 4 | use anyhow::{anyhow, bail, Context, Error, Result};
[INFO] [stdout]   |                      ^^^^
[INFO] [stdout]   |
[INFO] [stdout]   = note: `#[warn(unused_imports)]` on by default
[INFO] [stdout] 
[INFO] [stdout] 
[INFO] [stdout] warning: unused import: `tracing::Level`
[INFO] [stdout]   --> src/main.rs:10:5
[INFO] [stdout]    |
[INFO] [stdout] 10 | use tracing::Level;
[INFO] [stdout]    |     ^^^^^^^^^^^^^^
[INFO] [stdout] 
[INFO] [stdout] 
[INFO] [stdout] warning: unused import: `debug`
[INFO] [stdout]  --> src/types.rs:8:15
[INFO] [stdout]   |
[INFO] [stdout] 8 | use tracing::{debug, info};
[INFO] [stdout]   |               ^^^^^
[INFO] [stdout] 
[INFO] [stdout] 
[INFO] [stdout] warning: unused imports: `Loop`, `SharedFlow`
[INFO] [stdout]   --> src/main.rs:20:12
[INFO] [stdout]    |
[INFO] [stdout] 20 | use eval::{Loop, SharedFlow};
[INFO] [stdout]    |            ^^^^  ^^^^^^^^^^
[INFO] [stdout] 
[INFO] [stdout] 
[INFO] [stdout] warning: unused variable: `tenv`
[INFO] [stdout]    --> src/main.rs:103:13
[INFO] [stdout]     |
[INFO] [stdout] 103 |     let mut tenv = GlobalTypeEnv::new();
[INFO] [stdout]     |             ^^^^ help: if this is intentional, prefix it with an underscore: `_tenv`
[INFO] [stdout]     |
[INFO] [stdout]     = note: `#[warn(unused_variables)]` on by default
[INFO] [stdout] 
[INFO] [stdout] 
[INFO] [stdout] warning: variable does not need to be mutable
[INFO] [stdout]    --> src/main.rs:103:9
[INFO] [stdout]     |
[INFO] [stdout] 103 |     let mut tenv = GlobalTypeEnv::new();
[INFO] [stdout]     |         ----^^^^
[INFO] [stdout]     |         |
[INFO] [stdout]     |         help: remove this `mut`
[INFO] [stdout]     |
[INFO] [stdout]     = note: `#[warn(unused_mut)]` on by default
[INFO] [stdout] 
[INFO] [stdout] 
[INFO] [stdout] warning: variable does not need to be mutable
[INFO] [stdout]    --> src/main.rs:119:9
[INFO] [stdout]     |
[INFO] [stdout] 119 |     let mut parse_program = |source: String| -> Result<Vec<Definition>> {
[INFO] [stdout]     |         ----^^^^^^^^^^^^^
[INFO] [stdout]     |         |
[INFO] [stdout]     |         help: remove this `mut`
[INFO] [stdout] 
[INFO] [stdout] 
[INFO] [stdout] warning: variable does not need to be mutable
[INFO] [stdout]    --> src/main.rs:198:9
[INFO] [stdout]     |
[INFO] [stdout] 198 |     let mut load_stream =
[INFO] [stdout]     |         ----^^^^^^^^^^^
[INFO] [stdout]     |         |
[INFO] [stdout]     |         help: remove this `mut`
[INFO] [stdout] 
[INFO] [stdout] 
[INFO] [stdout] warning: associated function `input` is never used
[INFO] [stdout]   --> src/compiler.rs:19:12
[INFO] [stdout]    |
[INFO] [stdout] 12 | impl Handle {
[INFO] [stdout]    | ----------- associated function in this implementation
[INFO] [stdout] ...
[INFO] [stdout] 19 |     pub fn input() -> Self {
[INFO] [stdout]    |            ^^^^^
[INFO] [stdout]    |
[INFO] [stdout]    = note: `#[warn(dead_code)]` on by default
[INFO] [stdout] 
[INFO] [stdout] 
[INFO] [stdout] warning: variants `Stdin` and `Copy` are never constructed
[INFO] [stdout]   --> src/compiler.rs:40:5
[INFO] [stdout]    |
[INFO] [stdout] 38 | pub enum FlatStream {
[INFO] [stdout]    |          ---------- variants in this enum
[INFO] [stdout] 39 |     /// Standard input.
[INFO] [stdout] 40 |     Stdin,
[INFO] [stdout]    |     ^^^^^
[INFO] [stdout] ...
[INFO] [stdout] 48 |     Copy(Handle),
[INFO] [stdout]    |     ^^^^
[INFO] [stdout]    |
[INFO] [stdout]    = note: `FlatStream` has derived impls for the traits `Clone` and `Debug`, but these are intentionally ignored during dead code analysis
[INFO] [stdout] 
[INFO] [stdout] 
[INFO] [stdout] warning: method `current_mut` is never used
[INFO] [stdout]    --> src/compiler.rs:424:12
[INFO] [stdout]     |
[INFO] [stdout] 273 | impl Compiler {
[INFO] [stdout]     | ------------- method in this implementation
[INFO] [stdout] ...
[INFO] [stdout] 424 |     pub fn current_mut(&mut self) -> &Unit {
[INFO] [stdout]     |            ^^^^^^^^^^^
[INFO] [stdout] 
[INFO] [stdout] 
[INFO] [stdout] warning: struct `Loop` is never constructed
[INFO] [stdout]   --> src/eval.rs:19:12
[INFO] [stdout]    |
[INFO] [stdout] 19 | pub struct Loop {
[INFO] [stdout]    |            ^^^^
[INFO] [stdout] 
[INFO] [stdout] 
[INFO] [stdout] warning: method `step` is never used
[INFO] [stdout]   --> src/eval.rs:27:12
[INFO] [stdout]    |
[INFO] [stdout] 25 | impl Loop {
[INFO] [stdout]    | --------- method in this implementation
[INFO] [stdout] 26 |     /// Steps through the stream.
[INFO] [stdout] 27 |     pub fn step(&self) -> Result<Value> {
[INFO] [stdout]    |            ^^^^
[INFO] [stdout] 
[INFO] [stdout] 
[INFO] [stdout] warning: methods `get_from_head` and `get_from_outer` are never used
[INFO] [stdout]    --> src/eval.rs:104:12
[INFO] [stdout]     |
[INFO] [stdout] 71  | impl SharedEnv {
[INFO] [stdout]     | -------------- methods in this implementation
[INFO] [stdout] ...
[INFO] [stdout] 104 |     pub fn get_from_head(&self, handle: Handle) -> Option<SharedFlow> {
[INFO] [stdout]     |            ^^^^^^^^^^^^^
[INFO] [stdout] ...
[INFO] [stdout] 110 |     pub fn get_from_outer(&self, handle: Handle) -> Option<SharedFlow> {
[INFO] [stdout]     |            ^^^^^^^^^^^^^^
[INFO] [stdout] 
[INFO] [stdout] 
[INFO] [stdout] warning: method `make_loop` is never used
[INFO] [stdout]    --> src/eval.rs:197:12
[INFO] [stdout]     |
[INFO] [stdout] 187 | impl Factory {
[INFO] [stdout]     | ------------ method in this implementation
[INFO] [stdout] ...
[INFO] [stdout] 197 |     pub fn make_loop(&self, name: &str) -> Loop {
[INFO] [stdout]     |            ^^^^^^^^^
[INFO] [stdout] 
[INFO] [stdout] 
[INFO] [stdout] warning: variant `UnifVar` is never constructed
[INFO] [stdout]    --> src/types.rs:143:5
[INFO] [stdout]     |
[INFO] [stdout] 137 | pub enum Type {
[INFO] [stdout]     |          ---- variant in this enum
[INFO] [stdout] ...
[INFO] [stdout] 143 |     UnifVar(usize),
[INFO] [stdout]     |     ^^^^^^^
[INFO] [stdout]     |
[INFO] [stdout]     = note: `Type` has derived impls for the traits `Clone` and `Debug`, but these are intentionally ignored during dead code analysis
[INFO] [stdout] 
[INFO] [stdout] 
[INFO] [stdout] warning: variants `CannotUnify`, `UnboundVariable`, and `UnboundMachine` are never constructed
[INFO] [stdout]    --> src/types.rs:171:5
[INFO] [stdout]     |
[INFO] [stdout] 169 | pub enum TypeError {
[INFO] [stdout]     |          --------- variants in this enum
[INFO] [stdout] 170 |     #[error("Cannot unify {0} with {1}")]
[INFO] [stdout] 171 |     CannotUnify(Type, Type),
[INFO] [stdout]     |     ^^^^^^^^^^^
[INFO] [stdout] ...
[INFO] [stdout] 174 |     UnboundVariable(String),
[INFO] [stdout]     |     ^^^^^^^^^^^^^^^
[INFO] [stdout] ...
[INFO] [stdout] 177 |     UnboundMachine(String),
[INFO] [stdout]     |     ^^^^^^^^^^^^^^
[INFO] [stdout]     |
[INFO] [stdout]     = note: `TypeError` has derived impls for the traits `Clone` and `Debug`, but these are intentionally ignored during dead code analysis
[INFO] [stdout] 
[INFO] [stdout] 
[INFO] [stdout] warning: field `machine_types` is never read
[INFO] [stdout]    --> src/types.rs:194:5
[INFO] [stdout]     |
[INFO] [stdout] 193 | pub struct GlobalTypeEnv {
[INFO] [stdout]     |            ------------- field in this struct
[INFO] [stdout] 194 |     machine_types: HashMap<String, MachineType>,
[INFO] [stdout]     |     ^^^^^^^^^^^^^
[INFO] [stdout] 
[INFO] [stdout] 
[INFO] [stdout] warning: struct `LocalTypeEnv` is never constructed
[INFO] [stdout]    --> src/types.rs:205:8
[INFO] [stdout]     |
[INFO] [stdout] 205 | struct LocalTypeEnv {
[INFO] [stdout]     |        ^^^^^^^^^^^^
[INFO] [stdout] 
[INFO] [stdout] 
[INFO] [stdout] warning: function `check` is never used
[INFO] [stdout]    --> src/types.rs:211:8
[INFO] [stdout]     |
[INFO] [stdout] 211 | pub fn check(program: &Program) -> Result<(), TypeError> {
[INFO] [stdout]     |        ^^^^^
[INFO] [stdout] 
[INFO] [stdout] 
[INFO] [stdout] warning: function `check_machine_def` is never used
[INFO] [stdout]    --> src/types.rs:219:8
[INFO] [stdout]     |
[INFO] [stdout] 219 | pub fn check_machine_def(
[INFO] [stdout]     |        ^^^^^^^^^^^^^^^^^
[INFO] [stdout] 
[INFO] [stdout] 
[INFO] [stdout] warning: function `check_statement` is never used
[INFO] [stdout]    --> src/types.rs:270:4
[INFO] [stdout]     |
[INFO] [stdout] 270 | fn check_statement(
[INFO] [stdout]     |    ^^^^^^^^^^^^^^^
[INFO] [stdout] 
[INFO] [stdout] 
[INFO] [stdout] warning: function `infer_stream` is never used
[INFO] [stdout]    --> src/types.rs:310:4
[INFO] [stdout]     |
[INFO] [stdout] 310 | fn infer_stream(
[INFO] [stdout]     |    ^^^^^^^^^^^^
[INFO] [stdout] 
[INFO] [stdout] 
[INFO] [stdout] warning: function `get_builtin_ty` is never used
[INFO] [stdout]    --> src/types.rs:381:4
[INFO] [stdout]     |
[INFO] [stdout] 381 | fn get_builtin_ty(builtin: &Builtin) -> Option<MachineType> {
[INFO] [stdout]     |    ^^^^^^^^^^^^^^
[INFO] [stdout] 
[INFO] [stdout] 
[INFO] [stdout] warning: function `new_unif_var` is never used
[INFO] [stdout]    --> src/types.rs:385:4
[INFO] [stdout]     |
[INFO] [stdout] 385 | fn new_unif_var(local_env: &mut LocalTypeEnv) -> Type {
[INFO] [stdout]     |    ^^^^^^^^^^^^
[INFO] [stdout] 
[INFO] [stdout] 
[INFO] [stdout] warning: function `instantiate` is never used
[INFO] [stdout]    --> src/types.rs:391:4
[INFO] [stdout]     |
[INFO] [stdout] 391 | fn instantiate(local_env: &mut LocalTypeEnv, machine_ty: MachineType) -> MachineType {
[INFO] [stdout]     |    ^^^^^^^^^^^
[INFO] [stdout] 
[INFO] [stdout] 
[INFO] [stdout] warning: function `replace_ty_var` is never used
[INFO] [stdout]    --> src/types.rs:410:4
[INFO] [stdout]     |
[INFO] [stdout] 410 | fn replace_ty_var(ty: Type, var: usize, to_replace: &Type) -> Type {
[INFO] [stdout]     |    ^^^^^^^^^^^^^^
[INFO] [stdout] 
[INFO] [stdout] 
[INFO] [stdout] warning: function `replace_unif_var` is never used
[INFO] [stdout]    --> src/types.rs:428:4
[INFO] [stdout]     |
[INFO] [stdout] 428 | fn replace_unif_var(ty: Type, var: usize, to_replace: &Type) -> Type {
[INFO] [stdout]     |    ^^^^^^^^^^^^^^^^
[INFO] [stdout] 
[INFO] [stdout] 
[INFO] [stdout] warning: function `apply_substitution` is never used
[INFO] [stdout]    --> src/types.rs:446:4
[INFO] [stdout]     |
[INFO] [stdout] 446 | fn apply_substitution(subst: &HashMap<usize, Type>, ty: Type) -> Type {
[INFO] [stdout]     |    ^^^^^^^^^^^^^^^^^^
[INFO] [stdout] 
[INFO] [stdout] 
[INFO] [stdout] warning: function `unify` is never used
[INFO] [stdout]    --> src/types.rs:461:4
[INFO] [stdout]     |
[INFO] [stdout] 461 | fn unify(local_env: &LocalTypeEnv) -> Result<HashMap<usize, Type>, TypeError> {
[INFO] [stdout]     |    ^^^^^
[INFO] [stdout] 
[INFO] [stdout] 
[INFO] [stdout] warning: function `unify_types` is never used
[INFO] [stdout]    --> src/types.rs:472:4
[INFO] [stdout]     |
[INFO] [stdout] 472 | fn unify_types(subst: &mut HashMap<usize, Type>, ty1: &Type, ty2: &Type) -> Result<(), TypeError> {
[INFO] [stdout]     |    ^^^^^^^^^^^
[INFO] [stdout] 
[INFO] [stdout] 
[INFO] [stdout] warning: function `free_unif_vars` is never used
[INFO] [stdout]    --> src/types.rs:505:4
[INFO] [stdout]     |
[INFO] [stdout] 505 | fn free_unif_vars(subst: &HashMap<usize, Type>, result: &mut HashSet<usize>, ty: &Type) {
[INFO] [stdout]     |    ^^^^^^^^^^^^^^
[INFO] [stdout] 
[INFO] [stdout] 
[INFO] [stdout] warning: function `generalize` is never used
[INFO] [stdout]    --> src/types.rs:522:4
[INFO] [stdout]     |
[INFO] [stdout] 522 | fn generalize(subst: &HashMap<usize, Type>, machine_ty: MachineType) -> MachineType {
[INFO] [stdout]     |    ^^^^^^^^^^
[INFO] [stdout] 
[INFO] [stdout] 
[INFO] [stdout] warning: unused `Result` that must be used
[INFO] [stdout]    --> src/types.rs:246:9
[INFO] [stdout]     |
[INFO] [stdout] 246 |         check_statement(global_env, &mut local_env, statement);
[INFO] [stdout]     |         ^^^^^^^^^^^^^^^^^^^^^^^^^^^^^^^^^^^^^^^^^^^^^^^^^^^^^^
[INFO] [stdout]     |
[INFO] [stdout]     = note: this `Result` may be an `Err` variant, which should be handled
[INFO] [stdout]     = note: `#[warn(unused_must_use)]` on by default
[INFO] [stdout] help: use `let _ = ...` to ignore the resulting value
[INFO] [stdout]     |
[INFO] [stdout] 246 |         let _ = check_statement(global_env, &mut local_env, statement);
[INFO] [stdout]     |         +++++++
[INFO] [stdout] 
[INFO] [stdout] 
[INFO] [stdout] warning: 34 warnings emitted
[INFO] [stdout] 
[INFO] [stdout] 
[INFO] [stderr]     Finished test [unoptimized + debuginfo] target(s) in 1.80s
[INFO] running `Command { std: "docker" "inspect" "fefad5a649f7906322d37cbd9c72416037c018122bfab85dfa06de234997caa3", kill_on_drop: false }`
[INFO] running `Command { std: "docker" "rm" "-f" "fefad5a649f7906322d37cbd9c72416037c018122bfab85dfa06de234997caa3", kill_on_drop: false }`
[INFO] [stdout] fefad5a649f7906322d37cbd9c72416037c018122bfab85dfa06de234997caa3
[INFO] running `Command { std: "docker" "create" "-v" "/var/lib/crater-agent-workspace/builds/worker-0-tc1/target:/opt/rustwide/target:rw,Z" "-v" "/var/lib/crater-agent-workspace/builds/worker-0-tc1/source:/opt/rustwide/workdir:ro,Z" "-v" "/var/lib/crater-agent-workspace/cargo-home:/opt/rustwide/cargo-home:ro,Z" "-v" "/var/lib/crater-agent-workspace/rustup-home:/opt/rustwide/rustup-home:ro,Z" "-e" "SOURCE_DIR=/opt/rustwide/workdir" "-e" "CARGO_TARGET_DIR=/opt/rustwide/target" "-e" "CARGO_INCREMENTAL=0" "-e" "RUST_BACKTRACE=full" "-e" "RUSTFLAGS=--cap-lints=warn" "-e" "RUSTDOCFLAGS=--cap-lints=warn" "-e" "CARGO_HOME=/opt/rustwide/cargo-home" "-e" "RUSTUP_HOME=/opt/rustwide/rustup-home" "-w" "/opt/rustwide/workdir" "-m" "1610612736" "--user" "0:0" "--network" "none" "ghcr.io/rust-lang/crates-build-env/linux@sha256:2788e3201cd34a07e3172128adcd8b3090168a8e3bcc40d7c032b9dda1df7d1c" "/opt/rustwide/cargo-home/bin/cargo" "+1.75.0" "test" "--frozen", kill_on_drop: false }`
[INFO] [stdout] 527d85b55f41b803f2d1f64c3a1542a9328d4c58e5570246c3c88b75e3867297
[INFO] running `Command { std: "docker" "start" "-a" "527d85b55f41b803f2d1f64c3a1542a9328d4c58e5570246c3c88b75e3867297", kill_on_drop: false }`
[INFO] [stderr] warning: unused import: `bail`
[INFO] [stderr]  --> src/main.rs:4:22
[INFO] [stderr]   |
[INFO] [stderr] 4 | use anyhow::{anyhow, bail, Context, Error, Result};
[INFO] [stderr]   |                      ^^^^
[INFO] [stderr]   |
[INFO] [stderr]   = note: `#[warn(unused_imports)]` on by default
[INFO] [stderr] 
[INFO] [stderr] warning: unused import: `tracing::Level`
[INFO] [stderr]   --> src/main.rs:10:5
[INFO] [stderr]    |
[INFO] [stderr] 10 | use tracing::Level;
[INFO] [stderr]    |     ^^^^^^^^^^^^^^
[INFO] [stderr] 
[INFO] [stderr] warning: unused import: `debug`
[INFO] [stderr]  --> src/types.rs:8:15
[INFO] [stderr]   |
[INFO] [stderr] 8 | use tracing::{debug, info};
[INFO] [stderr]   |               ^^^^^
[INFO] [stderr] 
[INFO] [stderr] warning: unused imports: `Loop`, `SharedFlow`
[INFO] [stderr]   --> src/main.rs:20:12
[INFO] [stderr]    |
[INFO] [stderr] 20 | use eval::{Loop, SharedFlow};
[INFO] [stderr]    |            ^^^^  ^^^^^^^^^^
[INFO] [stderr] 
[INFO] [stderr] warning: unused variable: `tenv`
[INFO] [stderr]    --> src/main.rs:103:13
[INFO] [stderr]     |
[INFO] [stderr] 103 |     let mut tenv = GlobalTypeEnv::new();
[INFO] [stderr]     |             ^^^^ help: if this is intentional, prefix it with an underscore: `_tenv`
[INFO] [stderr]     |
[INFO] [stderr]     = note: `#[warn(unused_variables)]` on by default
[INFO] [stderr] 
[INFO] [stderr] warning: variable does not need to be mutable
[INFO] [stderr]    --> src/main.rs:103:9
[INFO] [stderr]     |
[INFO] [stderr] 103 |     let mut tenv = GlobalTypeEnv::new();
[INFO] [stderr]     |         ----^^^^
[INFO] [stderr]     |         |
[INFO] [stderr]     |         help: remove this `mut`
[INFO] [stderr]     |
[INFO] [stderr]     = note: `#[warn(unused_mut)]` on by default
[INFO] [stderr] 
[INFO] [stderr] warning: variable does not need to be mutable
[INFO] [stderr]    --> src/main.rs:119:9
[INFO] [stderr]     |
[INFO] [stderr] 119 |     let mut parse_program = |source: String| -> Result<Vec<Definition>> {
[INFO] [stderr]     |         ----^^^^^^^^^^^^^
[INFO] [stderr]     |         |
[INFO] [stderr]     |         help: remove this `mut`
[INFO] [stderr] 
[INFO] [stderr] warning: variable does not need to be mutable
[INFO] [stderr]    --> src/main.rs:198:9
[INFO] [stderr]     |
[INFO] [stderr] 198 |     let mut load_stream =
[INFO] [stderr]     |         ----^^^^^^^^^^^
[INFO] [stderr]     |         |
[INFO] [stderr]     |         help: remove this `mut`
[INFO] [stderr] 
[INFO] [stderr] warning: associated function `input` is never used
[INFO] [stderr]   --> src/compiler.rs:19:12
[INFO] [stderr]    |
[INFO] [stderr] 12 | impl Handle {
[INFO] [stderr]    | ----------- associated function in this implementation
[INFO] [stderr] ...
[INFO] [stderr] 19 |     pub fn input() -> Self {
[INFO] [stderr]    |            ^^^^^
[INFO] [stderr]    |
[INFO] [stderr]    = note: `#[warn(dead_code)]` on by default
[INFO] [stderr] 
[INFO] [stderr] warning: variants `Stdin` and `Copy` are never constructed
[INFO] [stderr]   --> src/compiler.rs:40:5
[INFO] [stderr]    |
[INFO] [stderr] 38 | pub enum FlatStream {
[INFO] [stderr]    |          ---------- variants in this enum
[INFO] [stderr] 39 |     /// Standard input.
[INFO] [stderr] 40 |     Stdin,
[INFO] [stderr]    |     ^^^^^
[INFO] [stderr] ...
[INFO] [stderr] 48 |     Copy(Handle),
[INFO] [stderr]    |     ^^^^
[INFO] [stderr]    |
[INFO] [stderr]    = note: `FlatStream` has derived impls for the traits `Clone` and `Debug`, but these are intentionally ignored during dead code analysis
[INFO] [stderr] 
[INFO] [stderr] warning: method `current_mut` is never used
[INFO] [stderr]    --> src/compiler.rs:424:12
[INFO] [stderr]     |
[INFO] [stderr] 273 | impl Compiler {
[INFO] [stderr]     | ------------- method in this implementation
[INFO] [stderr] ...
[INFO] [stderr] 424 |     pub fn current_mut(&mut self) -> &Unit {
[INFO] [stderr]     |            ^^^^^^^^^^^
[INFO] [stderr] 
[INFO] [stderr] warning: struct `Loop` is never constructed
[INFO] [stderr]   --> src/eval.rs:19:12
[INFO] [stderr]    |
[INFO] [stderr] 19 | pub struct Loop {
[INFO] [stderr]    |            ^^^^
[INFO] [stderr] 
[INFO] [stderr] warning: method `step` is never used
[INFO] [stderr]   --> src/eval.rs:27:12
[INFO] [stderr]    |
[INFO] [stderr] 25 | impl Loop {
[INFO] [stderr]    | --------- method in this implementation
[INFO] [stderr] 26 |     /// Steps through the stream.
[INFO] [stderr] 27 |     pub fn step(&self) -> Result<Value> {
[INFO] [stderr]    |            ^^^^
[INFO] [stderr] 
[INFO] [stderr] warning: methods `get_from_head` and `get_from_outer` are never used
[INFO] [stderr]    --> src/eval.rs:104:12
[INFO] [stderr]     |
[INFO] [stderr] 71  | impl SharedEnv {
[INFO] [stderr]     | -------------- methods in this implementation
[INFO] [stderr] ...
[INFO] [stderr] 104 |     pub fn get_from_head(&self, handle: Handle) -> Option<SharedFlow> {
[INFO] [stderr]     |            ^^^^^^^^^^^^^
[INFO] [stderr] ...
[INFO] [stderr] 110 |     pub fn get_from_outer(&self, handle: Handle) -> Option<SharedFlow> {
[INFO] [stderr]     |            ^^^^^^^^^^^^^^
[INFO] [stderr] 
[INFO] [stderr] warning: method `make_loop` is never used
[INFO] [stderr]    --> src/eval.rs:197:12
[INFO] [stderr]     |
[INFO] [stderr] 187 | impl Factory {
[INFO] [stderr]     | ------------ method in this implementation
[INFO] [stderr] ...
[INFO] [stderr] 197 |     pub fn make_loop(&self, name: &str) -> Loop {
[INFO] [stderr]     |            ^^^^^^^^^
[INFO] [stderr] 
[INFO] [stderr] warning: variant `UnifVar` is never constructed
[INFO] [stderr]    --> src/types.rs:143:5
[INFO] [stderr]     |
[INFO] [stderr] 137 | pub enum Type {
[INFO] [stderr]     |          ---- variant in this enum
[INFO] [stderr] ...
[INFO] [stderr] 143 |     UnifVar(usize),
[INFO] [stderr]     |     ^^^^^^^
[INFO] [stderr]     |
[INFO] [stderr]     = note: `Type` has derived impls for the traits `Clone` and `Debug`, but these are intentionally ignored during dead code analysis
[INFO] [stderr] 
[INFO] [stderr] warning: variants `CannotUnify`, `UnboundVariable`, and `UnboundMachine` are never constructed
[INFO] [stderr]    --> src/types.rs:171:5
[INFO] [stderr]     |
[INFO] [stderr] 169 | pub enum TypeError {
[INFO] [stderr]     |          --------- variants in this enum
[INFO] [stderr] 170 |     #[error("Cannot unify {0} with {1}")]
[INFO] [stderr] 171 |     CannotUnify(Type, Type),
[INFO] [stderr]     |     ^^^^^^^^^^^
[INFO] [stderr] ...
[INFO] [stderr] 174 |     UnboundVariable(String),
[INFO] [stderr]     |     ^^^^^^^^^^^^^^^
[INFO] [stderr] ...
[INFO] [stderr] 177 |     UnboundMachine(String),
[INFO] [stderr]     |     ^^^^^^^^^^^^^^
[INFO] [stderr]     |
[INFO] [stderr]     = note: `TypeError` has derived impls for the traits `Clone` and `Debug`, but these are intentionally ignored during dead code analysis
[INFO] [stderr] 
[INFO] [stderr] warning: field `machine_types` is never read
[INFO] [stderr]    --> src/types.rs:194:5
[INFO] [stderr]     |
[INFO] [stderr] 193 | pub struct GlobalTypeEnv {
[INFO] [stderr]     |            ------------- field in this struct
[INFO] [stderr] 194 |     machine_types: HashMap<String, MachineType>,
[INFO] [stderr]     |     ^^^^^^^^^^^^^
[INFO] [stderr] 
[INFO] [stderr] warning: struct `LocalTypeEnv` is never constructed
[INFO] [stderr]    --> src/types.rs:205:8
[INFO] [stderr]     |
[INFO] [stderr] 205 | struct LocalTypeEnv {
[INFO] [stderr]     |        ^^^^^^^^^^^^
[INFO] [stderr] 
[INFO] [stderr] warning: function `check` is never used
[INFO] [stderr]    --> src/types.rs:211:8
[INFO] [stderr]     |
[INFO] [stderr] 211 | pub fn check(program: &Program) -> Result<(), TypeError> {
[INFO] [stderr]     |        ^^^^^
[INFO] [stderr] 
[INFO] [stderr] warning: function `check_machine_def` is never used
[INFO] [stderr]    --> src/types.rs:219:8
[INFO] [stderr]     |
[INFO] [stderr] 219 | pub fn check_machine_def(
[INFO] [stderr]     |        ^^^^^^^^^^^^^^^^^
[INFO] [stderr] 
[INFO] [stderr] warning: function `check_statement` is never used
[INFO] [stderr]    --> src/types.rs:270:4
[INFO] [stderr]     |
[INFO] [stderr] 270 | fn check_statement(
[INFO] [stderr]     |    ^^^^^^^^^^^^^^^
[INFO] [stderr] 
[INFO] [stderr] warning: function `infer_stream` is never used
[INFO] [stderr]    --> src/types.rs:310:4
[INFO] [stderr]     |
[INFO] [stderr] 310 | fn infer_stream(
[INFO] [stderr]     |    ^^^^^^^^^^^^
[INFO] [stderr] 
[INFO] [stderr] warning: function `get_builtin_ty` is never used
[INFO] [stderr]    --> src/types.rs:381:4
[INFO] [stderr]     |
[INFO] [stderr] 381 | fn get_builtin_ty(builtin: &Builtin) -> Option<MachineType> {
[INFO] [stderr]     |    ^^^^^^^^^^^^^^
[INFO] [stderr] 
[INFO] [stderr] warning: function `new_unif_var` is never used
[INFO] [stderr]    --> src/types.rs:385:4
[INFO] [stderr]     |
[INFO] [stderr] 385 | fn new_unif_var(local_env: &mut LocalTypeEnv) -> Type {
[INFO] [stderr]     |    ^^^^^^^^^^^^
[INFO] [stderr] 
[INFO] [stderr] warning: function `instantiate` is never used
[INFO] [stderr]    --> src/types.rs:391:4
[INFO] [stderr]     |
[INFO] [stderr] 391 | fn instantiate(local_env: &mut LocalTypeEnv, machine_ty: MachineType) -> MachineType {
[INFO] [stderr]     |    ^^^^^^^^^^^
[INFO] [stderr] 
[INFO] [stderr] warning: function `replace_ty_var` is never used
[INFO] [stderr]    --> src/types.rs:410:4
[INFO] [stderr]     |
[INFO] [stderr] 410 | fn replace_ty_var(ty: Type, var: usize, to_replace: &Type) -> Type {
[INFO] [stderr]     |    ^^^^^^^^^^^^^^
[INFO] [stderr] 
[INFO] [stderr] warning: function `replace_unif_var` is never used
[INFO] [stderr]    --> src/types.rs:428:4
[INFO] [stderr]     |
[INFO] [stderr] 428 | fn replace_unif_var(ty: Type, var: usize, to_replace: &Type) -> Type {
[INFO] [stderr]     |    ^^^^^^^^^^^^^^^^
[INFO] [stderr] 
[INFO] [stderr] warning: function `apply_substitution` is never used
[INFO] [stderr]    --> src/types.rs:446:4
[INFO] [stderr]     |
[INFO] [stderr] 446 | fn apply_substitution(subst: &HashMap<usize, Type>, ty: Type) -> Type {
[INFO] [stderr]     |    ^^^^^^^^^^^^^^^^^^
[INFO] [stderr] 
[INFO] [stderr] warning: function `unify` is never used
[INFO] [stderr]    --> src/types.rs:461:4
[INFO] [stderr]     |
[INFO] [stderr] 461 | fn unify(local_env: &LocalTypeEnv) -> Result<HashMap<usize, Type>, TypeError> {
[INFO] [stderr]     |    ^^^^^
[INFO] [stderr] 
[INFO] [stderr] warning: function `unify_types` is never used
[INFO] [stderr]    --> src/types.rs:472:4
[INFO] [stderr]     |
[INFO] [stderr] 472 | fn unify_types(subst: &mut HashMap<usize, Type>, ty1: &Type, ty2: &Type) -> Result<(), TypeError> {
[INFO] [stderr]     |    ^^^^^^^^^^^
[INFO] [stderr] 
[INFO] [stderr] warning: function `free_unif_vars` is never used
[INFO] [stderr]    --> src/types.rs:505:4
[INFO] [stderr]     |
[INFO] [stderr] 505 | fn free_unif_vars(subst: &HashMap<usize, Type>, result: &mut HashSet<usize>, ty: &Type) {
[INFO] [stderr]     |    ^^^^^^^^^^^^^^
[INFO] [stderr] 
[INFO] [stderr] warning: function `generalize` is never used
[INFO] [stderr]    --> src/types.rs:522:4
[INFO] [stderr]     |
[INFO] [stderr] 522 | fn generalize(subst: &HashMap<usize, Type>, machine_ty: MachineType) -> MachineType {
[INFO] [stderr]     |    ^^^^^^^^^^
[INFO] [stderr] 
[INFO] [stderr] warning: unused `Result` that must be used
[INFO] [stderr]    --> src/types.rs:246:9
[INFO] [stderr]     |
[INFO] [stderr] 246 |         check_statement(global_env, &mut local_env, statement);
[INFO] [stderr]     |         ^^^^^^^^^^^^^^^^^^^^^^^^^^^^^^^^^^^^^^^^^^^^^^^^^^^^^^
[INFO] [stderr]     |
[INFO] [stderr]     = note: this `Result` may be an `Err` variant, which should be handled
[INFO] [stderr]     = note: `#[warn(unused_must_use)]` on by default
[INFO] [stderr] help: use `let _ = ...` to ignore the resulting value
[INFO] [stderr]     |
[INFO] [stderr] 246 |         let _ = check_statement(global_env, &mut local_env, statement);
[INFO] [stderr]     |         +++++++
[INFO] [stderr] 
[INFO] [stderr] warning: `bam` (bin "bam" test) generated 34 warnings (run `cargo fix --bin "bam" --tests` to apply 8 suggestions)
[INFO] [stderr]     Finished test [unoptimized + debuginfo] target(s) in 0.04s
[INFO] [stderr]      Running unittests src/main.rs (/opt/rustwide/target/debug/deps/bam-a8a36059cffc8b79)
[INFO] [stdout] 
[INFO] [stdout] running 2 tests
[INFO] [stdout] test tests::parse_hello_world_from_tokens ... FAILED
[INFO] [stdout] test tests::parse_hello_world_from_source ... FAILED
[INFO] [stdout] 
[INFO] [stdout] failures:
[INFO] [stdout] 
[INFO] [stdout] ---- tests::parse_hello_world_from_tokens stdout ----
[INFO] [stdout] thread 'tests::parse_hello_world_from_tokens' panicked at src/main.rs:341:9:
[INFO] [stdout] assertion `left == right` failed
[INFO] [stdout]   left: Program { machines: [Definition { name: "Main", body: [Let(["hello"], Const(Str("Hello, BAM!")))], result: Pipe(Take(Var("hello"), 1), Var("Print")) }] }
[INFO] [stdout]  right: Program { machines: [Definition { name: "Main", body: [Let(["hello"], Const(Str("Hello, BAM!")))], result: Pipe(Take(Var("hello"), 1), Builtin(Write)) }] }
[INFO] [stdout] stack backtrace:
[INFO] [stdout]    0:     0x558805473bcc - std::backtrace_rs::backtrace::libunwind::trace::ha637c64ce894333a
[INFO] [stdout]                                at /rustc/82e1608dfa6e0b5569232559e3d385fea5a93112/library/std/src/../../backtrace/src/backtrace/libunwind.rs:104:5
[INFO] [stdout]    1:     0x558805473bcc - std::backtrace_rs::backtrace::trace_unsynchronized::h47f62dea28e0c88d
[INFO] [stdout]                                at /rustc/82e1608dfa6e0b5569232559e3d385fea5a93112/library/std/src/../../backtrace/src/backtrace/mod.rs:66:5
[INFO] [stdout]    2:     0x558805473bcc - std::sys_common::backtrace::_print_fmt::h9eef0abe20ede486
[INFO] [stdout]                                at /rustc/82e1608dfa6e0b5569232559e3d385fea5a93112/library/std/src/sys_common/backtrace.rs:67:5
[INFO] [stdout]    3:     0x558805473bcc - <std::sys_common::backtrace::_print::DisplayBacktrace as core::fmt::Display>::fmt::hed7f999df88cc644
[INFO] [stdout]                                at /rustc/82e1608dfa6e0b5569232559e3d385fea5a93112/library/std/src/sys_common/backtrace.rs:44:22
[INFO] [stdout]    4:     0x55880549e9f0 - core::fmt::rt::Argument::fmt::h1539a9308b8d058d
[INFO] [stdout]                                at /rustc/82e1608dfa6e0b5569232559e3d385fea5a93112/library/core/src/fmt/rt.rs:142:9
[INFO] [stdout]    5:     0x55880549e9f0 - core::fmt::write::h3a39390d8560d9c9
[INFO] [stdout]                                at /rustc/82e1608dfa6e0b5569232559e3d385fea5a93112/library/core/src/fmt/mod.rs:1120:17
[INFO] [stdout]    6:     0x55880547157f - std::io::Write::write_fmt::h040b369f3a0f9cbc
[INFO] [stdout]                                at /rustc/82e1608dfa6e0b5569232559e3d385fea5a93112/library/std/src/io/mod.rs:1762:15
[INFO] [stdout]    7:     0x5588054739b4 - std::sys_common::backtrace::_print::h894006fb5c6f3d45
[INFO] [stdout]                                at /rustc/82e1608dfa6e0b5569232559e3d385fea5a93112/library/std/src/sys_common/backtrace.rs:47:5
[INFO] [stdout]    8:     0x5588054739b4 - std::sys_common::backtrace::print::h23a2d212c6fff936
[INFO] [stdout]                                at /rustc/82e1608dfa6e0b5569232559e3d385fea5a93112/library/std/src/sys_common/backtrace.rs:34:9
[INFO] [stdout]    9:     0x558805475677 - std::panicking::default_hook::{{closure}}::h8a1d2ee00185001a
[INFO] [stdout]   10:     0x558805475363 - std::panicking::default_hook::h6038f2eba384e475
[INFO] [stdout]                                at /rustc/82e1608dfa6e0b5569232559e3d385fea5a93112/library/std/src/panicking.rs:289:9
[INFO] [stdout]   11:     0x558805420197 - <alloc::boxed::Box<F,A> as core::ops::function::Fn<Args>>::call::h0ad024c9bdc6d768
[INFO] [stdout]                                at /rustc/82e1608dfa6e0b5569232559e3d385fea5a93112/library/alloc/src/boxed.rs:2021:9
[INFO] [stdout]   12:     0x558805420197 - test::test_main::{{closure}}::h7500b54257359db6
[INFO] [stdout]                                at /rustc/82e1608dfa6e0b5569232559e3d385fea5a93112/library/test/src/lib.rs:138:21
[INFO] [stdout]   13:     0x558805475c88 - <alloc::boxed::Box<F,A> as core::ops::function::Fn<Args>>::call::h1f8f335eaa9cfaee
[INFO] [stdout]                                at /rustc/82e1608dfa6e0b5569232559e3d385fea5a93112/library/alloc/src/boxed.rs:2021:9
[INFO] [stdout]   14:     0x558805475c88 - std::panicking::rust_panic_with_hook::h2b5517d590cab22e
[INFO] [stdout]                                at /rustc/82e1608dfa6e0b5569232559e3d385fea5a93112/library/std/src/panicking.rs:783:13
[INFO] [stdout]   15:     0x5588054759de - std::panicking::begin_panic_handler::{{closure}}::h233112c06e0ef43e
[INFO] [stdout]                                at /rustc/82e1608dfa6e0b5569232559e3d385fea5a93112/library/std/src/panicking.rs:657:13
[INFO] [stdout]   16:     0x558805474096 - std::sys_common::backtrace::__rust_end_short_backtrace::h6e893f24d7ebbff8
[INFO] [stdout]                                at /rustc/82e1608dfa6e0b5569232559e3d385fea5a93112/library/std/src/sys_common/backtrace.rs:170:18
[INFO] [stdout]   17:     0x558805475742 - rust_begin_unwind
[INFO] [stdout]                                at /rustc/82e1608dfa6e0b5569232559e3d385fea5a93112/library/std/src/panicking.rs:645:5
[INFO] [stdout]   18:     0x558805326d55 - core::panicking::panic_fmt::hbf0e066aabfa482c
[INFO] [stdout]                                at /rustc/82e1608dfa6e0b5569232559e3d385fea5a93112/library/core/src/panicking.rs:72:14
[INFO] [stdout]   19:     0x55880532716b - core::panicking::assert_failed_inner::h0bba8b7c26ee4492
[INFO] [stdout]   20:     0x5588053b00be - core::panicking::assert_failed::h38777682a13507e7
[INFO] [stdout]                                at /rustc/82e1608dfa6e0b5569232559e3d385fea5a93112/library/core/src/panicking.rs:279:5
[INFO] [stdout]   21:     0x5588053c326f - bam::tests::parse_hello_world_from_tokens::h576eecfd6ad58cc8
[INFO] [stdout]                                at /opt/rustwide/workdir/src/main.rs:341:9
[INFO] [stdout]   22:     0x5588053c2367 - bam::tests::parse_hello_world_from_tokens::{{closure}}::h08221df9f3285e7f
[INFO] [stdout]                                at /opt/rustwide/workdir/src/main.rs:304:39
[INFO] [stdout]   23:     0x5588053b3ff6 - core::ops::function::FnOnce::call_once::h495d34d70554093a
[INFO] [stdout]                                at /rustc/82e1608dfa6e0b5569232559e3d385fea5a93112/library/core/src/ops/function.rs:250:5
[INFO] [stdout]   24:     0x5588054257ef - core::ops::function::FnOnce::call_once::h2b5d431d5046312d
[INFO] [stdout]                                at /rustc/82e1608dfa6e0b5569232559e3d385fea5a93112/library/core/src/ops/function.rs:250:5
[INFO] [stdout]   25:     0x5588054257ef - test::__rust_begin_short_backtrace::h7714669af176e207
[INFO] [stdout]                                at /rustc/82e1608dfa6e0b5569232559e3d385fea5a93112/library/test/src/lib.rs:628:18
[INFO] [stdout]   26:     0x558805424805 - test::run_test_in_process::{{closure}}::h85218797dcbcec12
[INFO] [stdout]                                at /rustc/82e1608dfa6e0b5569232559e3d385fea5a93112/library/test/src/lib.rs:651:60
[INFO] [stdout]   27:     0x558805424805 - <core::panic::unwind_safe::AssertUnwindSafe<F> as core::ops::function::FnOnce<()>>::call_once::h76c106ea31c14d7b
[INFO] [stdout]                                at /rustc/82e1608dfa6e0b5569232559e3d385fea5a93112/library/core/src/panic/unwind_safe.rs:272:9
[INFO] [stdout]   28:     0x558805424805 - std::panicking::try::do_call::h3bd5d0f6620ee946
[INFO] [stdout]                                at /rustc/82e1608dfa6e0b5569232559e3d385fea5a93112/library/std/src/panicking.rs:552:40
[INFO] [stdout]   29:     0x558805424805 - std::panicking::try::h232e535e4744fe31
[INFO] [stdout]                                at /rustc/82e1608dfa6e0b5569232559e3d385fea5a93112/library/std/src/panicking.rs:516:19
[INFO] [stdout]   30:     0x558805424805 - std::panic::catch_unwind::h3ce3bd6ca8dbac68
[INFO] [stdout]                                at /rustc/82e1608dfa6e0b5569232559e3d385fea5a93112/library/std/src/panic.rs:142:14
[INFO] [stdout]   31:     0x558805424805 - test::run_test_in_process::hc97b257c9621286a
[INFO] [stdout]                                at /rustc/82e1608dfa6e0b5569232559e3d385fea5a93112/library/test/src/lib.rs:651:27
[INFO] [stdout]   32:     0x558805424805 - test::run_test::{{closure}}::h2aa798823a438d38
[INFO] [stdout]                                at /rustc/82e1608dfa6e0b5569232559e3d385fea5a93112/library/test/src/lib.rs:574:43
[INFO] [stdout]   33:     0x5588053ecac6 - test::run_test::{{closure}}::h87d231c78fb59832
[INFO] [stdout]                                at /rustc/82e1608dfa6e0b5569232559e3d385fea5a93112/library/test/src/lib.rs:602:41
[INFO] [stdout]   34:     0x5588053ecac6 - std::sys_common::backtrace::__rust_begin_short_backtrace::he6df152596625789
[INFO] [stdout]                                at /rustc/82e1608dfa6e0b5569232559e3d385fea5a93112/library/std/src/sys_common/backtrace.rs:154:18
[INFO] [stdout]   35:     0x5588053f1b77 - std::thread::Builder::spawn_unchecked_::{{closure}}::{{closure}}::ha94be15d1e0acf36
[INFO] [stdout]                                at /rustc/82e1608dfa6e0b5569232559e3d385fea5a93112/library/std/src/thread/mod.rs:529:17
[INFO] [stdout]   36:     0x5588053f1b77 - <core::panic::unwind_safe::AssertUnwindSafe<F> as core::ops::function::FnOnce<()>>::call_once::h9dc6bd6372f16606
[INFO] [stdout]                                at /rustc/82e1608dfa6e0b5569232559e3d385fea5a93112/library/core/src/panic/unwind_safe.rs:272:9
[INFO] [stdout]   37:     0x5588053f1b77 - std::panicking::try::do_call::h9057517f80303cd4
[INFO] [stdout]                                at /rustc/82e1608dfa6e0b5569232559e3d385fea5a93112/library/std/src/panicking.rs:552:40
[INFO] [stdout]   38:     0x5588053f1b77 - std::panicking::try::he3a30b11ee45340c
[INFO] [stdout]                                at /rustc/82e1608dfa6e0b5569232559e3d385fea5a93112/library/std/src/panicking.rs:516:19
[INFO] [stdout]   39:     0x5588053f1b77 - std::panic::catch_unwind::h410458cfd3528b8b
[INFO] [stdout]                                at /rustc/82e1608dfa6e0b5569232559e3d385fea5a93112/library/std/src/panic.rs:142:14
[INFO] [stdout]   40:     0x5588053f1b77 - std::thread::Builder::spawn_unchecked_::{{closure}}::h72ac3bdb567b737b
[INFO] [stdout]                                at /rustc/82e1608dfa6e0b5569232559e3d385fea5a93112/library/std/src/thread/mod.rs:528:30
[INFO] [stdout]   41:     0x5588053f1b77 - core::ops::function::FnOnce::call_once{{vtable.shim}}::h38f34da3654a8344
[INFO] [stdout]                                at /rustc/82e1608dfa6e0b5569232559e3d385fea5a93112/library/core/src/ops/function.rs:250:5
[INFO] [stdout]   42:     0x55880547a715 - <alloc::boxed::Box<F,A> as core::ops::function::FnOnce<Args>>::call_once::hc7eafaff61e32df9
[INFO] [stdout]                                at /rustc/82e1608dfa6e0b5569232559e3d385fea5a93112/library/alloc/src/boxed.rs:2007:9
[INFO] [stdout]   43:     0x55880547a715 - <alloc::boxed::Box<F,A> as core::ops::function::FnOnce<Args>>::call_once::h6ba4a5de48dd2304
[INFO] [stdout]                                at /rustc/82e1608dfa6e0b5569232559e3d385fea5a93112/library/alloc/src/boxed.rs:2007:9
[INFO] [stdout]   44:     0x55880547a715 - std::sys::unix::thread::Thread::new::thread_start::he469335aef763e45
[INFO] [stdout]                                at /rustc/82e1608dfa6e0b5569232559e3d385fea5a93112/library/std/src/sys/unix/thread.rs:108:17
[INFO] [stdout]   45:     0x7f789721cac3 - <unknown>
[INFO] [stdout]   46:     0x7f78972adbf4 - __clone
[INFO] [stdout]   47:                0x0 - <unknown>
[INFO] [stdout] 
[INFO] [stdout] ---- tests::parse_hello_world_from_source stdout ----
[INFO] [stdout] thread 'tests::parse_hello_world_from_source' panicked at src/main.rs:387:9:
[INFO] [stdout] assertion `left == right` failed
[INFO] [stdout]   left: Program { machines: [Definition { name: "Main", body: [Let(["hello"], Const(Str("Hello, BAM!")))], result: Pipe(Take(Var("hello"), 1), Var("Print")) }] }
[INFO] [stdout]  right: Program { machines: [Definition { name: "Main", body: [Let(["hello"], Const(Str("Hello, BAM!")))], result: Pipe(Take(Var("hello"), 1), Builtin(Write)) }] }
[INFO] [stdout] stack backtrace:
[INFO] [stdout]    0:     0x558805473bcc - std::backtrace_rs::backtrace::libunwind::trace::ha637c64ce894333a
[INFO] [stdout]                                at /rustc/82e1608dfa6e0b5569232559e3d385fea5a93112/library/std/src/../../backtrace/src/backtrace/libunwind.rs:104:5
[INFO] [stdout]    1:     0x558805473bcc - std::backtrace_rs::backtrace::trace_unsynchronized::h47f62dea28e0c88d
[INFO] [stdout]                                at /rustc/82e1608dfa6e0b5569232559e3d385fea5a93112/library/std/src/../../backtrace/src/backtrace/mod.rs:66:5
[INFO] [stdout]    2:     0x558805473bcc - std::sys_common::backtrace::_print_fmt::h9eef0abe20ede486
[INFO] [stdout]                                at /rustc/82e1608dfa6e0b5569232559e3d385fea5a93112/library/std/src/sys_common/backtrace.rs:67:5
[INFO] [stdout]    3:     0x558805473bcc - <std::sys_common::backtrace::_print::DisplayBacktrace as core::fmt::Display>::fmt::hed7f999df88cc644
[INFO] [stdout]                                at /rustc/82e1608dfa6e0b5569232559e3d385fea5a93112/library/std/src/sys_common/backtrace.rs:44:22
[INFO] [stdout]    4:     0x55880549e9f0 - core::fmt::rt::Argument::fmt::h1539a9308b8d058d
[INFO] [stdout]                                at /rustc/82e1608dfa6e0b5569232559e3d385fea5a93112/library/core/src/fmt/rt.rs:142:9
[INFO] [stdout]    5:     0x55880549e9f0 - core::fmt::write::h3a39390d8560d9c9
[INFO] [stdout]                                at /rustc/82e1608dfa6e0b5569232559e3d385fea5a93112/library/core/src/fmt/mod.rs:1120:17
[INFO] [stdout]    6:     0x55880547157f - std::io::Write::write_fmt::h040b369f3a0f9cbc
[INFO] [stdout]                                at /rustc/82e1608dfa6e0b5569232559e3d385fea5a93112/library/std/src/io/mod.rs:1762:15
[INFO] [stdout]    7:     0x5588054739b4 - std::sys_common::backtrace::_print::h894006fb5c6f3d45
[INFO] [stdout]                                at /rustc/82e1608dfa6e0b5569232559e3d385fea5a93112/library/std/src/sys_common/backtrace.rs:47:5
[INFO] [stdout]    8:     0x5588054739b4 - std::sys_common::backtrace::print::h23a2d212c6fff936
[INFO] [stdout]                                at /rustc/82e1608dfa6e0b5569232559e3d385fea5a93112/library/std/src/sys_common/backtrace.rs:34:9
[INFO] [stdout]    9:     0x558805475677 - std::panicking::default_hook::{{closure}}::h8a1d2ee00185001a
[INFO] [stdout]   10:     0x558805475363 - std::panicking::default_hook::h6038f2eba384e475
[INFO] [stdout]                                at /rustc/82e1608dfa6e0b5569232559e3d385fea5a93112/library/std/src/panicking.rs:289:9
[INFO] [stdout]   11:     0x558805420197 - <alloc::boxed::Box<F,A> as core::ops::function::Fn<Args>>::call::h0ad024c9bdc6d768
[INFO] [stdout]                                at /rustc/82e1608dfa6e0b5569232559e3d385fea5a93112/library/alloc/src/boxed.rs:2021:9
[INFO] [stdout]   12:     0x558805420197 - test::test_main::{{closure}}::h7500b54257359db6
[INFO] [stdout]                                at /rustc/82e1608dfa6e0b5569232559e3d385fea5a93112/library/test/src/lib.rs:138:21
[INFO] [stdout]   13:     0x558805475c88 - <alloc::boxed::Box<F,A> as core::ops::function::Fn<Args>>::call::h1f8f335eaa9cfaee
[INFO] [stdout]                                at /rustc/82e1608dfa6e0b5569232559e3d385fea5a93112/library/alloc/src/boxed.rs:2021:9
[INFO] [stdout]   14:     0x558805475c88 - std::panicking::rust_panic_with_hook::h2b5517d590cab22e
[INFO] [stdout]                                at /rustc/82e1608dfa6e0b5569232559e3d385fea5a93112/library/std/src/panicking.rs:783:13
[INFO] [stdout]   15:     0x5588054759de - std::panicking::begin_panic_handler::{{closure}}::h233112c06e0ef43e
[INFO] [stdout]                                at /rustc/82e1608dfa6e0b5569232559e3d385fea5a93112/library/std/src/panicking.rs:657:13
[INFO] [stdout]   16:     0x558805474096 - std::sys_common::backtrace::__rust_end_short_backtrace::h6e893f24d7ebbff8
[INFO] [stdout]                                at /rustc/82e1608dfa6e0b5569232559e3d385fea5a93112/library/std/src/sys_common/backtrace.rs:170:18
[INFO] [stdout]   17:     0x558805475742 - rust_begin_unwind
[INFO] [stdout]                                at /rustc/82e1608dfa6e0b5569232559e3d385fea5a93112/library/std/src/panicking.rs:645:5
[INFO] [stdout]   18:     0x558805326d55 - core::panicking::panic_fmt::hbf0e066aabfa482c
[INFO] [stdout]                                at /rustc/82e1608dfa6e0b5569232559e3d385fea5a93112/library/core/src/panicking.rs:72:14
[INFO] [stdout]   19:     0x55880532716b - core::panicking::assert_failed_inner::h0bba8b7c26ee4492
[INFO] [stdout]   20:     0x5588053b00be - core::panicking::assert_failed::h38777682a13507e7
[INFO] [stdout]                                at /rustc/82e1608dfa6e0b5569232559e3d385fea5a93112/library/core/src/panicking.rs:279:5
[INFO] [stdout]   21:     0x5588053c3f5c - bam::tests::parse_hello_world_from_source::hb6d3e21f8d13a134
[INFO] [stdout]                                at /opt/rustwide/workdir/src/main.rs:387:9
[INFO] [stdout]   22:     0x5588053c34c7 - bam::tests::parse_hello_world_from_source::{{closure}}::h38fec0f839423095
[INFO] [stdout]                                at /opt/rustwide/workdir/src/main.rs:360:39
[INFO] [stdout]   23:     0x5588053b4326 - core::ops::function::FnOnce::call_once::h8913e1d50ce1c7c7
[INFO] [stdout]                                at /rustc/82e1608dfa6e0b5569232559e3d385fea5a93112/library/core/src/ops/function.rs:250:5
[INFO] [stdout]   24:     0x5588054257ef - core::ops::function::FnOnce::call_once::h2b5d431d5046312d
[INFO] [stdout]                                at /rustc/82e1608dfa6e0b5569232559e3d385fea5a93112/library/core/src/ops/function.rs:250:5
[INFO] [stdout]   25:     0x5588054257ef - test::__rust_begin_short_backtrace::h7714669af176e207
[INFO] [stdout]                                at /rustc/82e1608dfa6e0b5569232559e3d385fea5a93112/library/test/src/lib.rs:628:18
[INFO] [stdout]   26:     0x558805424805 - test::run_test_in_process::{{closure}}::h85218797dcbcec12
[INFO] [stdout]                                at /rustc/82e1608dfa6e0b5569232559e3d385fea5a93112/library/test/src/lib.rs:651:60
[INFO] [stdout]   27:     0x558805424805 - <core::panic::unwind_safe::AssertUnwindSafe<F> as core::ops::function::FnOnce<()>>::call_once::h76c106ea31c14d7b
[INFO] [stdout]                                at /rustc/82e1608dfa6e0b5569232559e3d385fea5a93112/library/core/src/panic/unwind_safe.rs:272:9
[INFO] [stdout]   28:     0x558805424805 - std::panicking::try::do_call::h3bd5d0f6620ee946
[INFO] [stdout]                                at /rustc/82e1608dfa6e0b5569232559e3d385fea5a93112/library/std/src/panicking.rs:552:40
[INFO] [stdout]   29:     0x558805424805 - std::panicking::try::h232e535e4744fe31
[INFO] [stdout]                                at /rustc/82e1608dfa6e0b5569232559e3d385fea5a93112/library/std/src/panicking.rs:516:19
[INFO] [stdout]   30:     0x558805424805 - std::panic::catch_unwind::h3ce3bd6ca8dbac68
[INFO] [stdout]                                at /rustc/82e1608dfa6e0b5569232559e3d385fea5a93112/library/std/src/panic.rs:142:14
[INFO] [stdout]   31:     0x558805424805 - test::run_test_in_process::hc97b257c9621286a
[INFO] [stdout]                                at /rustc/82e1608dfa6e0b5569232559e3d385fea5a93112/library/test/src/lib.rs:651:27
[INFO] [stdout]   32:     0x558805424805 - test::run_test::{{closure}}::h2aa798823a438d38
[INFO] [stdout]                                at /rustc/82e1608dfa6e0b5569232559e3d385fea5a93112/library/test/src/lib.rs:574:43
[INFO] [stdout]   33:     0x5588053ecac6 - test::run_test::{{closure}}::h87d231c78fb59832
[INFO] [stdout]                                at /rustc/82e1608dfa6e0b5569232559e3d385fea5a93112/library/test/src/lib.rs:602:41
[INFO] [stdout]   34:     0x5588053ecac6 - std::sys_common::backtrace::__rust_begin_short_backtrace::he6df152596625789
[INFO] [stdout]                                at /rustc/82e1608dfa6e0b5569232559e3d385fea5a93112/library/std/src/sys_common/backtrace.rs:154:18
[INFO] [stdout]   35:     0x5588053f1b77 - std::thread::Builder::spawn_unchecked_::{{closure}}::{{closure}}::ha94be15d1e0acf36
[INFO] [stdout]                                at /rustc/82e1608dfa6e0b5569232559e3d385fea5a93112/library/std/src/thread/mod.rs:529:17
[INFO] [stdout]   36:     0x5588053f1b77 - <core::panic::unwind_safe::AssertUnwindSafe<F> as core::ops::function::FnOnce<()>>::call_once::h9dc6bd6372f16606
[INFO] [stdout]                                at /rustc/82e1608dfa6e0b5569232559e3d385fea5a93112/library/core/src/panic/unwind_safe.rs:272:9
[INFO] [stdout]   37:     0x5588053f1b77 - std::panicking::try::do_call::h9057517f80303cd4
[INFO] [stdout]                                at /rustc/82e1608dfa6e0b5569232559e3d385fea5a93112/library/std/src/panicking.rs:552:40
[INFO] [stdout]   38:     0x5588053f1b77 - std::panicking::try::he3a30b11ee45340c
[INFO] [stdout]                                at /rustc/82e1608dfa6e0b5569232559e3d385fea5a93112/library/std/src/panicking.rs:516:19
[INFO] [stdout]   39:     0x5588053f1b77 - std::panic::catch_unwind::h410458cfd3528b8b
[INFO] [stdout]                                at /rustc/82e1608dfa6e0b5569232559e3d385fea5a93112/library/std/src/panic.rs:142:14
[INFO] [stdout]   40:     0x5588053f1b77 - std::thread::Builder::spawn_unchecked_::{{closure}}::h72ac3bdb567b737b
[INFO] [stdout]                                at /rustc/82e1608dfa6e0b5569232559e3d385fea5a93112/library/std/src/thread/mod.rs:528:30
[INFO] [stdout]   41:     0x5588053f1b77 - core::ops::function::FnOnce::call_once{{vtable.shim}}::h38f34da3654a8344
[INFO] [stdout]                                at /rustc/82e1608dfa6e0b5569232559e3d385fea5a93112/library/core/src/ops/function.rs:250:5
[INFO] [stdout]   42:     0x55880547a715 - <alloc::boxed::Box<F,A> as core::ops::function::FnOnce<Args>>::call_once::hc7eafaff61e32df9
[INFO] [stdout]                                at /rustc/82e1608dfa6e0b5569232559e3d385fea5a93112/library/alloc/src/boxed.rs:2007:9
[INFO] [stdout]   43:     0x55880547a715 - <alloc::boxed::Box<F,A> as core::ops::function::FnOnce<Args>>::call_once::h6ba4a5de48dd2304
[INFO] [stdout]                                at /rustc/82e1608dfa6e0b5569232559e3d385fea5a93112/library/alloc/src/boxed.rs:2007:9
[INFO] [stdout]   44:     0x55880547a715 - std::sys::unix::thread::Thread::new::thread_start::he469335aef763e45
[INFO] [stdout]                                at /rustc/82e1608dfa6e0b5569232559e3d385fea5a93112/library/std/src/sys/unix/thread.rs:108:17
[INFO] [stdout]   45:     0x7f789721cac3 - <unknown>
[INFO] [stdout]   46:     0x7f78972adbf4 - __clone
[INFO] [stdout]   47:                0x0 - <unknown>
[INFO] [stdout] 
[INFO] [stdout] 
[INFO] [stdout] failures:
[INFO] [stdout]     tests::parse_hello_world_from_source
[INFO] [stdout]     tests::parse_hello_world_from_tokens
[INFO] [stdout] 
[INFO] [stdout] test result: FAILED. 0 passed; 2 failed; 0 ignored; 0 measured; 0 filtered out; finished in 0.02s
[INFO] [stdout] 
[INFO] [stderr] error: test failed, to rerun pass `--bin bam`
[INFO] running `Command { std: "docker" "inspect" "527d85b55f41b803f2d1f64c3a1542a9328d4c58e5570246c3c88b75e3867297", kill_on_drop: false }`
[INFO] running `Command { std: "docker" "rm" "-f" "527d85b55f41b803f2d1f64c3a1542a9328d4c58e5570246c3c88b75e3867297", kill_on_drop: false }`
[INFO] [stdout] 527d85b55f41b803f2d1f64c3a1542a9328d4c58e5570246c3c88b75e3867297
[INFO] testing bam-lang/bam against beta-2023-12-22 for beta-1.76-1
[INFO] running `Command { std: "git" "clone" "/workspace/cache/git-repos/https%3A%2F%2Fgithub.com%2Fbam-lang%2Fbam" "/workspace/builds/worker-0-tc2/source", kill_on_drop: false }`
[INFO] [stderr] Cloning into '/workspace/builds/worker-0-tc2/source'...
[INFO] [stderr] done.
[INFO] validating manifest of git repo https://github.com/bam-lang/bam on toolchain beta-2023-12-22
[INFO] running `Command { std: CARGO_HOME="/workspace/cargo-home" RUSTUP_HOME="/workspace/rustup-home" "/workspace/cargo-home/bin/cargo" "+beta-2023-12-22" "metadata" "--manifest-path" "Cargo.toml" "--no-deps", kill_on_drop: false }`
[INFO] removed /workspace/builds/worker-0-tc2/source/.cargo/config.toml
[INFO] removed /workspace/builds/worker-0-tc2/source/rust-toolchain.toml
[INFO] started tweaking git repo https://github.com/bam-lang/bam
[INFO] finished tweaking git repo https://github.com/bam-lang/bam
[INFO] tweaked toml for git repo https://github.com/bam-lang/bam written to /workspace/builds/worker-0-tc2/source/Cargo.toml
[INFO] crate git repo https://github.com/bam-lang/bam already has a lockfile, it will not be regenerated
[INFO] running `Command { std: CARGO_HOME="/workspace/cargo-home" RUSTUP_HOME="/workspace/rustup-home" "/workspace/cargo-home/bin/cargo" "+beta-2023-12-22" "fetch" "--manifest-path" "Cargo.toml", kill_on_drop: false }`
[INFO] running `Command { std: "docker" "create" "-v" "/var/lib/crater-agent-workspace/builds/worker-0-tc2/target:/opt/rustwide/target:rw,Z" "-v" "/var/lib/crater-agent-workspace/builds/worker-0-tc2/source:/opt/rustwide/workdir:ro,Z" "-v" "/var/lib/crater-agent-workspace/cargo-home:/opt/rustwide/cargo-home:ro,Z" "-v" "/var/lib/crater-agent-workspace/rustup-home:/opt/rustwide/rustup-home:ro,Z" "-e" "SOURCE_DIR=/opt/rustwide/workdir" "-e" "CARGO_TARGET_DIR=/opt/rustwide/target" "-e" "CARGO_HOME=/opt/rustwide/cargo-home" "-e" "RUSTUP_HOME=/opt/rustwide/rustup-home" "-w" "/opt/rustwide/workdir" "-m" "1610612736" "--user" "0:0" "--network" "none" "ghcr.io/rust-lang/crates-build-env/linux@sha256:2788e3201cd34a07e3172128adcd8b3090168a8e3bcc40d7c032b9dda1df7d1c" "/opt/rustwide/cargo-home/bin/cargo" "+beta-2023-12-22" "metadata" "--no-deps" "--format-version=1", kill_on_drop: false }`
[INFO] [stdout] 06c22a1ff45e24ac14ed4dfca3df8cd52a1dcff4705769c50c71a403c0eb373d
[INFO] running `Command { std: "docker" "start" "-a" "06c22a1ff45e24ac14ed4dfca3df8cd52a1dcff4705769c50c71a403c0eb373d", kill_on_drop: false }`
[INFO] running `Command { std: "docker" "inspect" "06c22a1ff45e24ac14ed4dfca3df8cd52a1dcff4705769c50c71a403c0eb373d", kill_on_drop: false }`
[INFO] running `Command { std: "docker" "rm" "-f" "06c22a1ff45e24ac14ed4dfca3df8cd52a1dcff4705769c50c71a403c0eb373d", kill_on_drop: false }`
[INFO] [stdout] 06c22a1ff45e24ac14ed4dfca3df8cd52a1dcff4705769c50c71a403c0eb373d
[INFO] running `Command { std: "docker" "create" "-v" "/var/lib/crater-agent-workspace/builds/worker-0-tc2/target:/opt/rustwide/target:rw,Z" "-v" "/var/lib/crater-agent-workspace/builds/worker-0-tc2/source:/opt/rustwide/workdir:ro,Z" "-v" "/var/lib/crater-agent-workspace/cargo-home:/opt/rustwide/cargo-home:ro,Z" "-v" "/var/lib/crater-agent-workspace/rustup-home:/opt/rustwide/rustup-home:ro,Z" "-e" "SOURCE_DIR=/opt/rustwide/workdir" "-e" "CARGO_TARGET_DIR=/opt/rustwide/target" "-e" "CARGO_INCREMENTAL=0" "-e" "RUST_BACKTRACE=full" "-e" "RUSTFLAGS=--cap-lints=warn" "-e" "RUSTDOCFLAGS=--cap-lints=warn" "-e" "CARGO_HOME=/opt/rustwide/cargo-home" "-e" "RUSTUP_HOME=/opt/rustwide/rustup-home" "-w" "/opt/rustwide/workdir" "-m" "1610612736" "--user" "0:0" "--network" "none" "ghcr.io/rust-lang/crates-build-env/linux@sha256:2788e3201cd34a07e3172128adcd8b3090168a8e3bcc40d7c032b9dda1df7d1c" "/opt/rustwide/cargo-home/bin/cargo" "+beta-2023-12-22" "build" "--frozen" "--message-format=json", kill_on_drop: false }`
[INFO] [stdout] 00ef3c48e934eaad3fc46d8c069d6dd4916c4b7e6299fba893b13dfdfeaa1e0d
[INFO] running `Command { std: "docker" "start" "-a" "00ef3c48e934eaad3fc46d8c069d6dd4916c4b7e6299fba893b13dfdfeaa1e0d", kill_on_drop: false }`
[INFO] [stderr]    Compiling proc-macro2 v1.0.40
[INFO] [stderr]    Compiling quote v1.0.20
[INFO] [stderr]    Compiling unicode-ident v1.0.2
[INFO] [stderr]    Compiling syn v1.0.98
[INFO] [stderr]    Compiling libc v0.2.126
[INFO] [stderr]    Compiling crunchy v0.2.2
[INFO] [stderr]    Compiling tiny-keccak v2.0.2
[INFO] [stderr]    Compiling proc-macro-hack v0.5.19
[INFO] [stderr]    Compiling proc-macro-error-attr v1.0.4
[INFO] [stderr]    Compiling io-lifetimes v0.7.2
[INFO] [stderr]    Compiling proc-macro-error v1.0.4
[INFO] [stderr]    Compiling rustix v0.35.7
[INFO] [stderr]    Compiling indexmap v1.9.1
[INFO] [stderr]    Compiling tracing-core v0.1.28
[INFO] [stderr]    Compiling getrandom v0.2.7
[INFO] [stderr]    Compiling linux-raw-sys v0.0.46
[INFO] [stderr]    Compiling nibble_vec v0.1.0
[INFO] [stderr]    Compiling endian-type v0.1.2
[INFO] [stderr]    Compiling anyhow v1.0.58
[INFO] [stderr]    Compiling heck v0.4.0
[INFO] [stderr]    Compiling const-random-macro v0.1.13
[INFO] [stderr]    Compiling hashbrown v0.12.3
[INFO] [stderr]    Compiling os_str_bytes v6.2.0
[INFO] [stderr]    Compiling dirs-sys-next v0.1.2
[INFO] [stderr]    Compiling dirs-next v2.0.0
[INFO] [stderr]    Compiling clap_lex v0.2.4
[INFO] [stderr]    Compiling atty v0.2.14
[INFO] [stderr]    Compiling nix v0.24.2
[INFO] [stderr]    Compiling radix_trie v0.2.1
[INFO] [stderr]    Compiling const-random v0.1.13
[INFO] [stderr]    Compiling ahash v0.3.8
[INFO] [stderr]    Compiling tracing-log v0.1.3
[INFO] [stderr]    Compiling thread_local v1.1.4
[INFO] [stderr]    Compiling sharded-slab v0.1.4
[INFO] [stderr]    Compiling ansi_term v0.12.1
[INFO] [stderr]    Compiling textwrap v0.15.0
[INFO] [stderr]    Compiling pin-project-lite v0.2.9
[INFO] [stderr]    Compiling unicode-segmentation v1.9.0
[INFO] [stderr]    Compiling utf8parse v0.2.0
[INFO] [stderr]    Compiling chumsky v0.8.0
[INFO] [stderr]    Compiling tracing-subscriber v0.3.15
[INFO] [stderr]    Compiling fd-lock v3.0.6
[INFO] [stderr]    Compiling rustyline v10.0.0
[INFO] [stderr]    Compiling thiserror-impl v1.0.31
[INFO] [stderr]    Compiling clap_derive v3.2.7
[INFO] [stderr]    Compiling tracing-attributes v0.1.22
[INFO] [stderr]    Compiling tracing v0.1.35
[INFO] [stderr]    Compiling thiserror v1.0.31
[INFO] [stderr]    Compiling clap v3.2.14
[INFO] [stderr]    Compiling bam v0.1.0 (/opt/rustwide/workdir)
[INFO] [stdout] warning: unused import: `bail`
[INFO] [stdout]  --> src/main.rs:4:22
[INFO] [stdout]   |
[INFO] [stdout] 4 | use anyhow::{anyhow, bail, Context, Error, Result};
[INFO] [stdout]   |                      ^^^^
[INFO] [stdout]   |
[INFO] [stdout]   = note: `#[warn(unused_imports)]` on by default
[INFO] [stdout] 
[INFO] [stdout] 
[INFO] [stdout] warning: unused import: `tracing::Level`
[INFO] [stdout]   --> src/main.rs:10:5
[INFO] [stdout]    |
[INFO] [stdout] 10 | use tracing::Level;
[INFO] [stdout]    |     ^^^^^^^^^^^^^^
[INFO] [stdout] 
[INFO] [stdout] 
[INFO] [stdout] warning: unused import: `debug`
[INFO] [stdout]  --> src/types.rs:8:15
[INFO] [stdout]   |
[INFO] [stdout] 8 | use tracing::{debug, info};
[INFO] [stdout]   |               ^^^^^
[INFO] [stdout] 
[INFO] [stdout] 
[INFO] [stdout] warning: unused imports: `Loop`, `SharedFlow`
[INFO] [stdout]   --> src/main.rs:20:12
[INFO] [stdout]    |
[INFO] [stdout] 20 | use eval::{Loop, SharedFlow};
[INFO] [stdout]    |            ^^^^  ^^^^^^^^^^
[INFO] [stdout] 
[INFO] [stdout] 
[INFO] [stdout] warning: unused variable: `tenv`
[INFO] [stdout]    --> src/main.rs:103:13
[INFO] [stdout]     |
[INFO] [stdout] 103 |     let mut tenv = GlobalTypeEnv::new();
[INFO] [stdout]     |             ^^^^ help: if this is intentional, prefix it with an underscore: `_tenv`
[INFO] [stdout]     |
[INFO] [stdout]     = note: `#[warn(unused_variables)]` on by default
[INFO] [stdout] 
[INFO] [stdout] 
[INFO] [stdout] warning: variable does not need to be mutable
[INFO] [stdout]    --> src/main.rs:103:9
[INFO] [stdout]     |
[INFO] [stdout] 103 |     let mut tenv = GlobalTypeEnv::new();
[INFO] [stdout]     |         ----^^^^
[INFO] [stdout]     |         |
[INFO] [stdout]     |         help: remove this `mut`
[INFO] [stdout]     |
[INFO] [stdout]     = note: `#[warn(unused_mut)]` on by default
[INFO] [stdout] 
[INFO] [stdout] 
[INFO] [stdout] warning: variable does not need to be mutable
[INFO] [stdout]    --> src/main.rs:119:9
[INFO] [stdout]     |
[INFO] [stdout] 119 |     let mut parse_program = |source: String| -> Result<Vec<Definition>> {
[INFO] [stdout]     |         ----^^^^^^^^^^^^^
[INFO] [stdout]     |         |
[INFO] [stdout]     |         help: remove this `mut`
[INFO] [stdout] 
[INFO] [stdout] 
[INFO] [stdout] warning: variable does not need to be mutable
[INFO] [stdout]    --> src/main.rs:198:9
[INFO] [stdout]     |
[INFO] [stdout] 198 |     let mut load_stream =
[INFO] [stdout]     |         ----^^^^^^^^^^^
[INFO] [stdout]     |         |
[INFO] [stdout]     |         help: remove this `mut`
[INFO] [stdout] 
[INFO] [stdout] 
[INFO] [stdout] warning: associated function `input` is never used
[INFO] [stdout]   --> src/compiler.rs:19:12
[INFO] [stdout]    |
[INFO] [stdout] 12 | impl Handle {
[INFO] [stdout]    | ----------- associated function in this implementation
[INFO] [stdout] ...
[INFO] [stdout] 19 |     pub fn input() -> Self {
[INFO] [stdout]    |            ^^^^^
[INFO] [stdout]    |
[INFO] [stdout]    = note: `#[warn(dead_code)]` on by default
[INFO] [stdout] 
[INFO] [stdout] 
[INFO] [stdout] warning: variants `Stdin` and `Copy` are never constructed
[INFO] [stdout]   --> src/compiler.rs:40:5
[INFO] [stdout]    |
[INFO] [stdout] 38 | pub enum FlatStream {
[INFO] [stdout]    |          ---------- variants in this enum
[INFO] [stdout] 39 |     /// Standard input.
[INFO] [stdout] 40 |     Stdin,
[INFO] [stdout]    |     ^^^^^
[INFO] [stdout] ...
[INFO] [stdout] 48 |     Copy(Handle),
[INFO] [stdout]    |     ^^^^
[INFO] [stdout]    |
[INFO] [stdout]    = note: `FlatStream` has derived impls for the traits `Clone` and `Debug`, but these are intentionally ignored during dead code analysis
[INFO] [stdout] 
[INFO] [stdout] 
[INFO] [stdout] warning: method `current_mut` is never used
[INFO] [stdout]    --> src/compiler.rs:424:12
[INFO] [stdout]     |
[INFO] [stdout] 273 | impl Compiler {
[INFO] [stdout]     | ------------- method in this implementation
[INFO] [stdout] ...
[INFO] [stdout] 424 |     pub fn current_mut(&mut self) -> &Unit {
[INFO] [stdout]     |            ^^^^^^^^^^^
[INFO] [stdout] 
[INFO] [stdout] 
[INFO] [stdout] warning: struct `Loop` is never constructed
[INFO] [stdout]   --> src/eval.rs:19:12
[INFO] [stdout]    |
[INFO] [stdout] 19 | pub struct Loop {
[INFO] [stdout]    |            ^^^^
[INFO] [stdout] 
[INFO] [stdout] 
[INFO] [stdout] warning: method `step` is never used
[INFO] [stdout]   --> src/eval.rs:27:12
[INFO] [stdout]    |
[INFO] [stdout] 25 | impl Loop {
[INFO] [stdout]    | --------- method in this implementation
[INFO] [stdout] 26 |     /// Steps through the stream.
[INFO] [stdout] 27 |     pub fn step(&self) -> Result<Value> {
[INFO] [stdout]    |            ^^^^
[INFO] [stdout] 
[INFO] [stdout] 
[INFO] [stdout] warning: methods `get_from_head` and `get_from_outer` are never used
[INFO] [stdout]    --> src/eval.rs:104:12
[INFO] [stdout]     |
[INFO] [stdout] 71  | impl SharedEnv {
[INFO] [stdout]     | -------------- methods in this implementation
[INFO] [stdout] ...
[INFO] [stdout] 104 |     pub fn get_from_head(&self, handle: Handle) -> Option<SharedFlow> {
[INFO] [stdout]     |            ^^^^^^^^^^^^^
[INFO] [stdout] ...
[INFO] [stdout] 110 |     pub fn get_from_outer(&self, handle: Handle) -> Option<SharedFlow> {
[INFO] [stdout]     |            ^^^^^^^^^^^^^^
[INFO] [stdout] 
[INFO] [stdout] 
[INFO] [stdout] warning: method `make_loop` is never used
[INFO] [stdout]    --> src/eval.rs:197:12
[INFO] [stdout]     |
[INFO] [stdout] 187 | impl Factory {
[INFO] [stdout]     | ------------ method in this implementation
[INFO] [stdout] ...
[INFO] [stdout] 197 |     pub fn make_loop(&self, name: &str) -> Loop {
[INFO] [stdout]     |            ^^^^^^^^^
[INFO] [stdout] 
[INFO] [stdout] 
[INFO] [stdout] warning: variant `UnifVar` is never constructed
[INFO] [stdout]    --> src/types.rs:143:5
[INFO] [stdout]     |
[INFO] [stdout] 137 | pub enum Type {
[INFO] [stdout]     |          ---- variant in this enum
[INFO] [stdout] ...
[INFO] [stdout] 143 |     UnifVar(usize),
[INFO] [stdout]     |     ^^^^^^^
[INFO] [stdout]     |
[INFO] [stdout]     = note: `Type` has derived impls for the traits `Clone` and `Debug`, but these are intentionally ignored during dead code analysis
[INFO] [stdout] 
[INFO] [stdout] 
[INFO] [stdout] warning: variants `CannotUnify`, `UnboundVariable`, and `UnboundMachine` are never constructed
[INFO] [stdout]    --> src/types.rs:171:5
[INFO] [stdout]     |
[INFO] [stdout] 169 | pub enum TypeError {
[INFO] [stdout]     |          --------- variants in this enum
[INFO] [stdout] 170 |     #[error("Cannot unify {0} with {1}")]
[INFO] [stdout] 171 |     CannotUnify(Type, Type),
[INFO] [stdout]     |     ^^^^^^^^^^^
[INFO] [stdout] ...
[INFO] [stdout] 174 |     UnboundVariable(String),
[INFO] [stdout]     |     ^^^^^^^^^^^^^^^
[INFO] [stdout] ...
[INFO] [stdout] 177 |     UnboundMachine(String),
[INFO] [stdout]     |     ^^^^^^^^^^^^^^
[INFO] [stdout]     |
[INFO] [stdout]     = note: `TypeError` has derived impls for the traits `Clone` and `Debug`, but these are intentionally ignored during dead code analysis
[INFO] [stdout] 
[INFO] [stdout] 
[INFO] [stdout] warning: field `machine_types` is never read
[INFO] [stdout]    --> src/types.rs:194:5
[INFO] [stdout]     |
[INFO] [stdout] 193 | pub struct GlobalTypeEnv {
[INFO] [stdout]     |            ------------- field in this struct
[INFO] [stdout] 194 |     machine_types: HashMap<String, MachineType>,
[INFO] [stdout]     |     ^^^^^^^^^^^^^
[INFO] [stdout] 
[INFO] [stdout] 
[INFO] [stdout] warning: struct `LocalTypeEnv` is never constructed
[INFO] [stdout]    --> src/types.rs:205:8
[INFO] [stdout]     |
[INFO] [stdout] 205 | struct LocalTypeEnv {
[INFO] [stdout]     |        ^^^^^^^^^^^^
[INFO] [stdout] 
[INFO] [stdout] 
[INFO] [stdout] warning: function `check` is never used
[INFO] [stdout]    --> src/types.rs:211:8
[INFO] [stdout]     |
[INFO] [stdout] 211 | pub fn check(program: &Program) -> Result<(), TypeError> {
[INFO] [stdout]     |        ^^^^^
[INFO] [stdout] 
[INFO] [stdout] 
[INFO] [stdout] warning: function `check_machine_def` is never used
[INFO] [stdout]    --> src/types.rs:219:8
[INFO] [stdout]     |
[INFO] [stdout] 219 | pub fn check_machine_def(
[INFO] [stdout]     |        ^^^^^^^^^^^^^^^^^
[INFO] [stdout] 
[INFO] [stdout] 
[INFO] [stdout] warning: function `check_statement` is never used
[INFO] [stdout]    --> src/types.rs:270:4
[INFO] [stdout]     |
[INFO] [stdout] 270 | fn check_statement(
[INFO] [stdout]     |    ^^^^^^^^^^^^^^^
[INFO] [stdout] 
[INFO] [stdout] 
[INFO] [stdout] warning: function `infer_stream` is never used
[INFO] [stdout]    --> src/types.rs:310:4
[INFO] [stdout]     |
[INFO] [stdout] 310 | fn infer_stream(
[INFO] [stdout]     |    ^^^^^^^^^^^^
[INFO] [stdout] 
[INFO] [stdout] 
[INFO] [stdout] warning: function `get_builtin_ty` is never used
[INFO] [stdout]    --> src/types.rs:381:4
[INFO] [stdout]     |
[INFO] [stdout] 381 | fn get_builtin_ty(builtin: &Builtin) -> Option<MachineType> {
[INFO] [stdout]     |    ^^^^^^^^^^^^^^
[INFO] [stdout] 
[INFO] [stdout] 
[INFO] [stdout] warning: function `new_unif_var` is never used
[INFO] [stdout]    --> src/types.rs:385:4
[INFO] [stdout]     |
[INFO] [stdout] 385 | fn new_unif_var(local_env: &mut LocalTypeEnv) -> Type {
[INFO] [stdout]     |    ^^^^^^^^^^^^
[INFO] [stdout] 
[INFO] [stdout] 
[INFO] [stdout] warning: function `instantiate` is never used
[INFO] [stdout]    --> src/types.rs:391:4
[INFO] [stdout]     |
[INFO] [stdout] 391 | fn instantiate(local_env: &mut LocalTypeEnv, machine_ty: MachineType) -> MachineType {
[INFO] [stdout]     |    ^^^^^^^^^^^
[INFO] [stdout] 
[INFO] [stdout] 
[INFO] [stdout] warning: function `replace_ty_var` is never used
[INFO] [stdout]    --> src/types.rs:410:4
[INFO] [stdout]     |
[INFO] [stdout] 410 | fn replace_ty_var(ty: Type, var: usize, to_replace: &Type) -> Type {
[INFO] [stdout]     |    ^^^^^^^^^^^^^^
[INFO] [stdout] 
[INFO] [stdout] 
[INFO] [stdout] warning: function `replace_unif_var` is never used
[INFO] [stdout]    --> src/types.rs:428:4
[INFO] [stdout]     |
[INFO] [stdout] 428 | fn replace_unif_var(ty: Type, var: usize, to_replace: &Type) -> Type {
[INFO] [stdout]     |    ^^^^^^^^^^^^^^^^
[INFO] [stdout] 
[INFO] [stdout] 
[INFO] [stdout] warning: function `apply_substitution` is never used
[INFO] [stdout]    --> src/types.rs:446:4
[INFO] [stdout]     |
[INFO] [stdout] 446 | fn apply_substitution(subst: &HashMap<usize, Type>, ty: Type) -> Type {
[INFO] [stdout]     |    ^^^^^^^^^^^^^^^^^^
[INFO] [stdout] 
[INFO] [stdout] 
[INFO] [stdout] warning: function `unify` is never used
[INFO] [stdout]    --> src/types.rs:461:4
[INFO] [stdout]     |
[INFO] [stdout] 461 | fn unify(local_env: &LocalTypeEnv) -> Result<HashMap<usize, Type>, TypeError> {
[INFO] [stdout]     |    ^^^^^
[INFO] [stdout] 
[INFO] [stdout] 
[INFO] [stdout] warning: function `unify_types` is never used
[INFO] [stdout]    --> src/types.rs:472:4
[INFO] [stdout]     |
[INFO] [stdout] 472 | fn unify_types(subst: &mut HashMap<usize, Type>, ty1: &Type, ty2: &Type) -> Result<(), TypeError> {
[INFO] [stdout]     |    ^^^^^^^^^^^
[INFO] [stdout] 
[INFO] [stdout] 
[INFO] [stdout] warning: function `free_unif_vars` is never used
[INFO] [stdout]    --> src/types.rs:505:4
[INFO] [stdout]     |
[INFO] [stdout] 505 | fn free_unif_vars(subst: &HashMap<usize, Type>, result: &mut HashSet<usize>, ty: &Type) {
[INFO] [stdout]     |    ^^^^^^^^^^^^^^
[INFO] [stdout] 
[INFO] [stdout] 
[INFO] [stdout] warning: function `generalize` is never used
[INFO] [stdout]    --> src/types.rs:522:4
[INFO] [stdout]     |
[INFO] [stdout] 522 | fn generalize(subst: &HashMap<usize, Type>, machine_ty: MachineType) -> MachineType {
[INFO] [stdout]     |    ^^^^^^^^^^
[INFO] [stdout] 
[INFO] [stdout] 
[INFO] [stdout] warning: unused `Result` that must be used
[INFO] [stdout]    --> src/types.rs:246:9
[INFO] [stdout]     |
[INFO] [stdout] 246 |         check_statement(global_env, &mut local_env, statement);
[INFO] [stdout]     |         ^^^^^^^^^^^^^^^^^^^^^^^^^^^^^^^^^^^^^^^^^^^^^^^^^^^^^^
[INFO] [stdout]     |
[INFO] [stdout]     = note: this `Result` may be an `Err` variant, which should be handled
[INFO] [stdout]     = note: `#[warn(unused_must_use)]` on by default
[INFO] [stdout] help: use `let _ = ...` to ignore the resulting value
[INFO] [stdout]     |
[INFO] [stdout] 246 |         let _ = check_statement(global_env, &mut local_env, statement);
[INFO] [stdout]     |         +++++++
[INFO] [stdout] 
[INFO] [stdout] 
[INFO] [stdout] warning: 34 warnings emitted
[INFO] [stdout] 
[INFO] [stdout] 
[INFO] [stderr]     Finished dev [unoptimized + debuginfo] target(s) in 11.06s
[INFO] running `Command { std: "docker" "inspect" "00ef3c48e934eaad3fc46d8c069d6dd4916c4b7e6299fba893b13dfdfeaa1e0d", kill_on_drop: false }`
[INFO] running `Command { std: "docker" "rm" "-f" "00ef3c48e934eaad3fc46d8c069d6dd4916c4b7e6299fba893b13dfdfeaa1e0d", kill_on_drop: false }`
[INFO] [stdout] 00ef3c48e934eaad3fc46d8c069d6dd4916c4b7e6299fba893b13dfdfeaa1e0d
[INFO] running `Command { std: "docker" "create" "-v" "/var/lib/crater-agent-workspace/builds/worker-0-tc2/target:/opt/rustwide/target:rw,Z" "-v" "/var/lib/crater-agent-workspace/builds/worker-0-tc2/source:/opt/rustwide/workdir:ro,Z" "-v" "/var/lib/crater-agent-workspace/cargo-home:/opt/rustwide/cargo-home:ro,Z" "-v" "/var/lib/crater-agent-workspace/rustup-home:/opt/rustwide/rustup-home:ro,Z" "-e" "SOURCE_DIR=/opt/rustwide/workdir" "-e" "CARGO_TARGET_DIR=/opt/rustwide/target" "-e" "CARGO_INCREMENTAL=0" "-e" "RUST_BACKTRACE=full" "-e" "RUSTFLAGS=--cap-lints=warn" "-e" "RUSTDOCFLAGS=--cap-lints=warn" "-e" "CARGO_HOME=/opt/rustwide/cargo-home" "-e" "RUSTUP_HOME=/opt/rustwide/rustup-home" "-w" "/opt/rustwide/workdir" "-m" "1610612736" "--user" "0:0" "--network" "none" "ghcr.io/rust-lang/crates-build-env/linux@sha256:2788e3201cd34a07e3172128adcd8b3090168a8e3bcc40d7c032b9dda1df7d1c" "/opt/rustwide/cargo-home/bin/cargo" "+beta-2023-12-22" "test" "--frozen" "--no-run" "--message-format=json", kill_on_drop: false }`
[INFO] [stdout] 2161fb20b477cdb36c2ebda048fda65c913950d207ef8edf8ed941d4cc872183
[INFO] running `Command { std: "docker" "start" "-a" "2161fb20b477cdb36c2ebda048fda65c913950d207ef8edf8ed941d4cc872183", kill_on_drop: false }`
[INFO] [stderr]    Compiling bam v0.1.0 (/opt/rustwide/workdir)
[INFO] [stdout] warning: unused import: `bail`
[INFO] [stdout]  --> src/main.rs:4:22
[INFO] [stdout]   |
[INFO] [stdout] 4 | use anyhow::{anyhow, bail, Context, Error, Result};
[INFO] [stdout]   |                      ^^^^
[INFO] [stdout]   |
[INFO] [stdout]   = note: `#[warn(unused_imports)]` on by default
[INFO] [stdout] 
[INFO] [stdout] 
[INFO] [stdout] warning: unused import: `tracing::Level`
[INFO] [stdout]   --> src/main.rs:10:5
[INFO] [stdout]    |
[INFO] [stdout] 10 | use tracing::Level;
[INFO] [stdout]    |     ^^^^^^^^^^^^^^
[INFO] [stdout] 
[INFO] [stdout] 
[INFO] [stdout] warning: unused import: `debug`
[INFO] [stdout]  --> src/types.rs:8:15
[INFO] [stdout]   |
[INFO] [stdout] 8 | use tracing::{debug, info};
[INFO] [stdout]   |               ^^^^^
[INFO] [stdout] 
[INFO] [stdout] 
[INFO] [stdout] warning: unused imports: `Loop`, `SharedFlow`
[INFO] [stdout]   --> src/main.rs:20:12
[INFO] [stdout]    |
[INFO] [stdout] 20 | use eval::{Loop, SharedFlow};
[INFO] [stdout]    |            ^^^^  ^^^^^^^^^^
[INFO] [stdout] 
[INFO] [stdout] 
[INFO] [stdout] warning: unused variable: `tenv`
[INFO] [stdout]    --> src/main.rs:103:13
[INFO] [stdout]     |
[INFO] [stdout] 103 |     let mut tenv = GlobalTypeEnv::new();
[INFO] [stdout]     |             ^^^^ help: if this is intentional, prefix it with an underscore: `_tenv`
[INFO] [stdout]     |
[INFO] [stdout]     = note: `#[warn(unused_variables)]` on by default
[INFO] [stdout] 
[INFO] [stdout] 
[INFO] [stdout] warning: variable does not need to be mutable
[INFO] [stdout]    --> src/main.rs:103:9
[INFO] [stdout]     |
[INFO] [stdout] 103 |     let mut tenv = GlobalTypeEnv::new();
[INFO] [stdout]     |         ----^^^^
[INFO] [stdout]     |         |
[INFO] [stdout]     |         help: remove this `mut`
[INFO] [stdout]     |
[INFO] [stdout]     = note: `#[warn(unused_mut)]` on by default
[INFO] [stdout] 
[INFO] [stdout] 
[INFO] [stdout] warning: variable does not need to be mutable
[INFO] [stdout]    --> src/main.rs:119:9
[INFO] [stdout]     |
[INFO] [stdout] 119 |     let mut parse_program = |source: String| -> Result<Vec<Definition>> {
[INFO] [stdout]     |         ----^^^^^^^^^^^^^
[INFO] [stdout]     |         |
[INFO] [stdout]     |         help: remove this `mut`
[INFO] [stdout] 
[INFO] [stdout] 
[INFO] [stdout] warning: variable does not need to be mutable
[INFO] [stdout]    --> src/main.rs:198:9
[INFO] [stdout]     |
[INFO] [stdout] 198 |     let mut load_stream =
[INFO] [stdout]     |         ----^^^^^^^^^^^
[INFO] [stdout]     |         |
[INFO] [stdout]     |         help: remove this `mut`
[INFO] [stdout] 
[INFO] [stdout] 
[INFO] [stdout] warning: associated function `input` is never used
[INFO] [stdout]   --> src/compiler.rs:19:12
[INFO] [stdout]    |
[INFO] [stdout] 12 | impl Handle {
[INFO] [stdout]    | ----------- associated function in this implementation
[INFO] [stdout] ...
[INFO] [stdout] 19 |     pub fn input() -> Self {
[INFO] [stdout]    |            ^^^^^
[INFO] [stdout]    |
[INFO] [stdout]    = note: `#[warn(dead_code)]` on by default
[INFO] [stdout] 
[INFO] [stdout] 
[INFO] [stdout] warning: variants `Stdin` and `Copy` are never constructed
[INFO] [stdout]   --> src/compiler.rs:40:5
[INFO] [stdout]    |
[INFO] [stdout] 38 | pub enum FlatStream {
[INFO] [stdout]    |          ---------- variants in this enum
[INFO] [stdout] 39 |     /// Standard input.
[INFO] [stdout] 40 |     Stdin,
[INFO] [stdout]    |     ^^^^^
[INFO] [stdout] ...
[INFO] [stdout] 48 |     Copy(Handle),
[INFO] [stdout]    |     ^^^^
[INFO] [stdout]    |
[INFO] [stdout]    = note: `FlatStream` has derived impls for the traits `Clone` and `Debug`, but these are intentionally ignored during dead code analysis
[INFO] [stdout] 
[INFO] [stdout] 
[INFO] [stdout] warning: method `current_mut` is never used
[INFO] [stdout]    --> src/compiler.rs:424:12
[INFO] [stdout]     |
[INFO] [stdout] 273 | impl Compiler {
[INFO] [stdout]     | ------------- method in this implementation
[INFO] [stdout] ...
[INFO] [stdout] 424 |     pub fn current_mut(&mut self) -> &Unit {
[INFO] [stdout]     |            ^^^^^^^^^^^
[INFO] [stdout] 
[INFO] [stdout] 
[INFO] [stdout] warning: struct `Loop` is never constructed
[INFO] [stdout]   --> src/eval.rs:19:12
[INFO] [stdout]    |
[INFO] [stdout] 19 | pub struct Loop {
[INFO] [stdout]    |            ^^^^
[INFO] [stdout] 
[INFO] [stdout] 
[INFO] [stdout] warning: method `step` is never used
[INFO] [stdout]   --> src/eval.rs:27:12
[INFO] [stdout]    |
[INFO] [stdout] 25 | impl Loop {
[INFO] [stdout]    | --------- method in this implementation
[INFO] [stdout] 26 |     /// Steps through the stream.
[INFO] [stdout] 27 |     pub fn step(&self) -> Result<Value> {
[INFO] [stdout]    |            ^^^^
[INFO] [stdout] 
[INFO] [stdout] 
[INFO] [stdout] warning: methods `get_from_head` and `get_from_outer` are never used
[INFO] [stdout]    --> src/eval.rs:104:12
[INFO] [stdout]     |
[INFO] [stdout] 71  | impl SharedEnv {
[INFO] [stdout]     | -------------- methods in this implementation
[INFO] [stdout] ...
[INFO] [stdout] 104 |     pub fn get_from_head(&self, handle: Handle) -> Option<SharedFlow> {
[INFO] [stdout]     |            ^^^^^^^^^^^^^
[INFO] [stdout] ...
[INFO] [stdout] 110 |     pub fn get_from_outer(&self, handle: Handle) -> Option<SharedFlow> {
[INFO] [stdout]     |            ^^^^^^^^^^^^^^
[INFO] [stdout] 
[INFO] [stdout] 
[INFO] [stdout] warning: method `make_loop` is never used
[INFO] [stdout]    --> src/eval.rs:197:12
[INFO] [stdout]     |
[INFO] [stdout] 187 | impl Factory {
[INFO] [stdout]     | ------------ method in this implementation
[INFO] [stdout] ...
[INFO] [stdout] 197 |     pub fn make_loop(&self, name: &str) -> Loop {
[INFO] [stdout]     |            ^^^^^^^^^
[INFO] [stdout] 
[INFO] [stdout] 
[INFO] [stdout] warning: variant `UnifVar` is never constructed
[INFO] [stdout]    --> src/types.rs:143:5
[INFO] [stdout]     |
[INFO] [stdout] 137 | pub enum Type {
[INFO] [stdout]     |          ---- variant in this enum
[INFO] [stdout] ...
[INFO] [stdout] 143 |     UnifVar(usize),
[INFO] [stdout]     |     ^^^^^^^
[INFO] [stdout]     |
[INFO] [stdout]     = note: `Type` has derived impls for the traits `Clone` and `Debug`, but these are intentionally ignored during dead code analysis
[INFO] [stdout] 
[INFO] [stdout] 
[INFO] [stdout] warning: variants `CannotUnify`, `UnboundVariable`, and `UnboundMachine` are never constructed
[INFO] [stdout]    --> src/types.rs:171:5
[INFO] [stdout]     |
[INFO] [stdout] 169 | pub enum TypeError {
[INFO] [stdout]     |          --------- variants in this enum
[INFO] [stdout] 170 |     #[error("Cannot unify {0} with {1}")]
[INFO] [stdout] 171 |     CannotUnify(Type, Type),
[INFO] [stdout]     |     ^^^^^^^^^^^
[INFO] [stdout] ...
[INFO] [stdout] 174 |     UnboundVariable(String),
[INFO] [stdout]     |     ^^^^^^^^^^^^^^^
[INFO] [stdout] ...
[INFO] [stdout] 177 |     UnboundMachine(String),
[INFO] [stdout]     |     ^^^^^^^^^^^^^^
[INFO] [stdout]     |
[INFO] [stdout]     = note: `TypeError` has derived impls for the traits `Clone` and `Debug`, but these are intentionally ignored during dead code analysis
[INFO] [stdout] 
[INFO] [stdout] 
[INFO] [stdout] warning: field `machine_types` is never read
[INFO] [stdout]    --> src/types.rs:194:5
[INFO] [stdout]     |
[INFO] [stdout] 193 | pub struct GlobalTypeEnv {
[INFO] [stdout]     |            ------------- field in this struct
[INFO] [stdout] 194 |     machine_types: HashMap<String, MachineType>,
[INFO] [stdout]     |     ^^^^^^^^^^^^^
[INFO] [stdout] 
[INFO] [stdout] 
[INFO] [stdout] warning: struct `LocalTypeEnv` is never constructed
[INFO] [stdout]    --> src/types.rs:205:8
[INFO] [stdout]     |
[INFO] [stdout] 205 | struct LocalTypeEnv {
[INFO] [stdout]     |        ^^^^^^^^^^^^
[INFO] [stdout] 
[INFO] [stdout] 
[INFO] [stdout] warning: function `check` is never used
[INFO] [stdout]    --> src/types.rs:211:8
[INFO] [stdout]     |
[INFO] [stdout] 211 | pub fn check(program: &Program) -> Result<(), TypeError> {
[INFO] [stdout]     |        ^^^^^
[INFO] [stdout] 
[INFO] [stdout] 
[INFO] [stdout] warning: function `check_machine_def` is never used
[INFO] [stdout]    --> src/types.rs:219:8
[INFO] [stdout]     |
[INFO] [stdout] 219 | pub fn check_machine_def(
[INFO] [stdout]     |        ^^^^^^^^^^^^^^^^^
[INFO] [stdout] 
[INFO] [stdout] 
[INFO] [stdout] warning: function `check_statement` is never used
[INFO] [stdout]    --> src/types.rs:270:4
[INFO] [stdout]     |
[INFO] [stdout] 270 | fn check_statement(
[INFO] [stdout]     |    ^^^^^^^^^^^^^^^
[INFO] [stdout] 
[INFO] [stdout] 
[INFO] [stdout] warning: function `infer_stream` is never used
[INFO] [stdout]    --> src/types.rs:310:4
[INFO] [stdout]     |
[INFO] [stdout] 310 | fn infer_stream(
[INFO] [stdout]     |    ^^^^^^^^^^^^
[INFO] [stdout] 
[INFO] [stdout] 
[INFO] [stdout] warning: function `get_builtin_ty` is never used
[INFO] [stdout]    --> src/types.rs:381:4
[INFO] [stdout]     |
[INFO] [stdout] 381 | fn get_builtin_ty(builtin: &Builtin) -> Option<MachineType> {
[INFO] [stdout]     |    ^^^^^^^^^^^^^^
[INFO] [stdout] 
[INFO] [stdout] 
[INFO] [stdout] warning: function `new_unif_var` is never used
[INFO] [stdout]    --> src/types.rs:385:4
[INFO] [stdout]     |
[INFO] [stdout] 385 | fn new_unif_var(local_env: &mut LocalTypeEnv) -> Type {
[INFO] [stdout]     |    ^^^^^^^^^^^^
[INFO] [stdout] 
[INFO] [stdout] 
[INFO] [stdout] warning: function `instantiate` is never used
[INFO] [stdout]    --> src/types.rs:391:4
[INFO] [stdout]     |
[INFO] [stdout] 391 | fn instantiate(local_env: &mut LocalTypeEnv, machine_ty: MachineType) -> MachineType {
[INFO] [stdout]     |    ^^^^^^^^^^^
[INFO] [stdout] 
[INFO] [stdout] 
[INFO] [stdout] warning: function `replace_ty_var` is never used
[INFO] [stdout]    --> src/types.rs:410:4
[INFO] [stdout]     |
[INFO] [stdout] 410 | fn replace_ty_var(ty: Type, var: usize, to_replace: &Type) -> Type {
[INFO] [stdout]     |    ^^^^^^^^^^^^^^
[INFO] [stdout] 
[INFO] [stdout] 
[INFO] [stdout] warning: function `replace_unif_var` is never used
[INFO] [stdout]    --> src/types.rs:428:4
[INFO] [stdout]     |
[INFO] [stdout] 428 | fn replace_unif_var(ty: Type, var: usize, to_replace: &Type) -> Type {
[INFO] [stdout]     |    ^^^^^^^^^^^^^^^^
[INFO] [stdout] 
[INFO] [stdout] 
[INFO] [stdout] warning: function `apply_substitution` is never used
[INFO] [stdout]    --> src/types.rs:446:4
[INFO] [stdout]     |
[INFO] [stdout] 446 | fn apply_substitution(subst: &HashMap<usize, Type>, ty: Type) -> Type {
[INFO] [stdout]     |    ^^^^^^^^^^^^^^^^^^
[INFO] [stdout] 
[INFO] [stdout] 
[INFO] [stdout] warning: function `unify` is never used
[INFO] [stdout]    --> src/types.rs:461:4
[INFO] [stdout]     |
[INFO] [stdout] 461 | fn unify(local_env: &LocalTypeEnv) -> Result<HashMap<usize, Type>, TypeError> {
[INFO] [stdout]     |    ^^^^^
[INFO] [stdout] 
[INFO] [stdout] 
[INFO] [stdout] warning: function `unify_types` is never used
[INFO] [stdout]    --> src/types.rs:472:4
[INFO] [stdout]     |
[INFO] [stdout] 472 | fn unify_types(subst: &mut HashMap<usize, Type>, ty1: &Type, ty2: &Type) -> Result<(), TypeError> {
[INFO] [stdout]     |    ^^^^^^^^^^^
[INFO] [stdout] 
[INFO] [stdout] 
[INFO] [stdout] warning: function `free_unif_vars` is never used
[INFO] [stdout]    --> src/types.rs:505:4
[INFO] [stdout]     |
[INFO] [stdout] 505 | fn free_unif_vars(subst: &HashMap<usize, Type>, result: &mut HashSet<usize>, ty: &Type) {
[INFO] [stdout]     |    ^^^^^^^^^^^^^^
[INFO] [stdout] 
[INFO] [stdout] 
[INFO] [stdout] warning: function `generalize` is never used
[INFO] [stdout]    --> src/types.rs:522:4
[INFO] [stdout]     |
[INFO] [stdout] 522 | fn generalize(subst: &HashMap<usize, Type>, machine_ty: MachineType) -> MachineType {
[INFO] [stdout]     |    ^^^^^^^^^^
[INFO] [stdout] 
[INFO] [stdout] 
[INFO] [stdout] warning: unused `Result` that must be used
[INFO] [stdout]    --> src/types.rs:246:9
[INFO] [stdout]     |
[INFO] [stdout] 246 |         check_statement(global_env, &mut local_env, statement);
[INFO] [stdout]     |         ^^^^^^^^^^^^^^^^^^^^^^^^^^^^^^^^^^^^^^^^^^^^^^^^^^^^^^
[INFO] [stdout]     |
[INFO] [stdout]     = note: this `Result` may be an `Err` variant, which should be handled
[INFO] [stdout]     = note: `#[warn(unused_must_use)]` on by default
[INFO] [stdout] help: use `let _ = ...` to ignore the resulting value
[INFO] [stdout]     |
[INFO] [stdout] 246 |         let _ = check_statement(global_env, &mut local_env, statement);
[INFO] [stdout]     |         +++++++
[INFO] [stdout] 
[INFO] [stdout] 
[INFO] [stdout] warning: 34 warnings emitted
[INFO] [stdout] 
[INFO] [stdout] 
[INFO] [stderr]     Finished test [unoptimized + debuginfo] target(s) in 1.68s
[INFO] running `Command { std: "docker" "inspect" "2161fb20b477cdb36c2ebda048fda65c913950d207ef8edf8ed941d4cc872183", kill_on_drop: false }`
[INFO] running `Command { std: "docker" "rm" "-f" "2161fb20b477cdb36c2ebda048fda65c913950d207ef8edf8ed941d4cc872183", kill_on_drop: false }`
[INFO] [stdout] 2161fb20b477cdb36c2ebda048fda65c913950d207ef8edf8ed941d4cc872183
[INFO] running `Command { std: "docker" "create" "-v" "/var/lib/crater-agent-workspace/builds/worker-0-tc2/target:/opt/rustwide/target:rw,Z" "-v" "/var/lib/crater-agent-workspace/builds/worker-0-tc2/source:/opt/rustwide/workdir:ro,Z" "-v" "/var/lib/crater-agent-workspace/cargo-home:/opt/rustwide/cargo-home:ro,Z" "-v" "/var/lib/crater-agent-workspace/rustup-home:/opt/rustwide/rustup-home:ro,Z" "-e" "SOURCE_DIR=/opt/rustwide/workdir" "-e" "CARGO_TARGET_DIR=/opt/rustwide/target" "-e" "CARGO_INCREMENTAL=0" "-e" "RUST_BACKTRACE=full" "-e" "RUSTFLAGS=--cap-lints=warn" "-e" "RUSTDOCFLAGS=--cap-lints=warn" "-e" "CARGO_HOME=/opt/rustwide/cargo-home" "-e" "RUSTUP_HOME=/opt/rustwide/rustup-home" "-w" "/opt/rustwide/workdir" "-m" "1610612736" "--user" "0:0" "--network" "none" "ghcr.io/rust-lang/crates-build-env/linux@sha256:2788e3201cd34a07e3172128adcd8b3090168a8e3bcc40d7c032b9dda1df7d1c" "/opt/rustwide/cargo-home/bin/cargo" "+beta-2023-12-22" "test" "--frozen", kill_on_drop: false }`
[INFO] [stdout] b0a5f2bb05bfb08b1d3aeee265b001bf466f71acea6daaf1ae79febc9ee6c376
[INFO] running `Command { std: "docker" "start" "-a" "b0a5f2bb05bfb08b1d3aeee265b001bf466f71acea6daaf1ae79febc9ee6c376", kill_on_drop: false }`
[INFO] [stderr] warning: unused import: `bail`
[INFO] [stderr]  --> src/main.rs:4:22
[INFO] [stderr]   |
[INFO] [stderr] 4 | use anyhow::{anyhow, bail, Context, Error, Result};
[INFO] [stderr]   |                      ^^^^
[INFO] [stderr]   |
[INFO] [stderr]   = note: `#[warn(unused_imports)]` on by default
[INFO] [stderr] 
[INFO] [stderr] warning: unused import: `tracing::Level`
[INFO] [stderr]   --> src/main.rs:10:5
[INFO] [stderr]    |
[INFO] [stderr] 10 | use tracing::Level;
[INFO] [stderr]    |     ^^^^^^^^^^^^^^
[INFO] [stderr] 
[INFO] [stderr] warning: unused import: `debug`
[INFO] [stderr]  --> src/types.rs:8:15
[INFO] [stderr]   |
[INFO] [stderr] 8 | use tracing::{debug, info};
[INFO] [stderr]   |               ^^^^^
[INFO] [stderr] 
[INFO] [stderr] warning: unused imports: `Loop`, `SharedFlow`
[INFO] [stderr]   --> src/main.rs:20:12
[INFO] [stderr]    |
[INFO] [stderr] 20 | use eval::{Loop, SharedFlow};
[INFO] [stderr]    |            ^^^^  ^^^^^^^^^^
[INFO] [stderr] 
[INFO] [stderr] warning: unused variable: `tenv`
[INFO] [stderr]    --> src/main.rs:103:13
[INFO] [stderr]     |
[INFO] [stderr] 103 |     let mut tenv = GlobalTypeEnv::new();
[INFO] [stderr]     |             ^^^^ help: if this is intentional, prefix it with an underscore: `_tenv`
[INFO] [stderr]     |
[INFO] [stderr]     = note: `#[warn(unused_variables)]` on by default
[INFO] [stderr] 
[INFO] [stderr] warning: variable does not need to be mutable
[INFO] [stderr]    --> src/main.rs:103:9
[INFO] [stderr]     |
[INFO] [stderr] 103 |     let mut tenv = GlobalTypeEnv::new();
[INFO] [stderr]     |         ----^^^^
[INFO] [stderr]     |         |
[INFO] [stderr]     |         help: remove this `mut`
[INFO] [stderr]     |
[INFO] [stderr]     = note: `#[warn(unused_mut)]` on by default
[INFO] [stderr] 
[INFO] [stderr] warning: variable does not need to be mutable
[INFO] [stderr]    --> src/main.rs:119:9
[INFO] [stderr]     |
[INFO] [stderr] 119 |     let mut parse_program = |source: String| -> Result<Vec<Definition>> {
[INFO] [stderr]     |         ----^^^^^^^^^^^^^
[INFO] [stderr]     |         |
[INFO] [stderr]     |         help: remove this `mut`
[INFO] [stderr] 
[INFO] [stderr] warning: variable does not need to be mutable
[INFO] [stderr]    --> src/main.rs:198:9
[INFO] [stderr]     |
[INFO] [stderr] 198 |     let mut load_stream =
[INFO] [stderr]     |         ----^^^^^^^^^^^
[INFO] [stderr]     |         |
[INFO] [stderr]     |         help: remove this `mut`
[INFO] [stderr] 
[INFO] [stderr] warning: associated function `input` is never used
[INFO] [stderr]   --> src/compiler.rs:19:12
[INFO] [stderr]    |
[INFO] [stderr] 12 | impl Handle {
[INFO] [stderr]    | ----------- associated function in this implementation
[INFO] [stderr] ...
[INFO] [stderr] 19 |     pub fn input() -> Self {
[INFO] [stderr]    |            ^^^^^
[INFO] [stderr]    |
[INFO] [stderr]    = note: `#[warn(dead_code)]` on by default
[INFO] [stderr] 
[INFO] [stderr] warning: variants `Stdin` and `Copy` are never constructed
[INFO] [stderr]   --> src/compiler.rs:40:5
[INFO] [stderr]    |
[INFO] [stderr] 38 | pub enum FlatStream {
[INFO] [stderr]    |          ---------- variants in this enum
[INFO] [stderr] 39 |     /// Standard input.
[INFO] [stderr] 40 |     Stdin,
[INFO] [stderr]    |     ^^^^^
[INFO] [stderr] ...
[INFO] [stderr] 48 |     Copy(Handle),
[INFO] [stderr]    |     ^^^^
[INFO] [stderr]    |
[INFO] [stderr]    = note: `FlatStream` has derived impls for the traits `Clone` and `Debug`, but these are intentionally ignored during dead code analysis
[INFO] [stderr] 
[INFO] [stderr] warning: method `current_mut` is never used
[INFO] [stderr]    --> src/compiler.rs:424:12
[INFO] [stderr]     |
[INFO] [stderr] 273 | impl Compiler {
[INFO] [stderr]     | ------------- method in this implementation
[INFO] [stderr] ...
[INFO] [stderr] 424 |     pub fn current_mut(&mut self) -> &Unit {
[INFO] [stderr]     |            ^^^^^^^^^^^
[INFO] [stderr] 
[INFO] [stderr] warning: struct `Loop` is never constructed
[INFO] [stderr]   --> src/eval.rs:19:12
[INFO] [stderr]    |
[INFO] [stderr] 19 | pub struct Loop {
[INFO] [stderr]    |            ^^^^
[INFO] [stderr] 
[INFO] [stderr] warning: method `step` is never used
[INFO] [stderr]   --> src/eval.rs:27:12
[INFO] [stderr]    |
[INFO] [stderr] 25 | impl Loop {
[INFO] [stderr]    | --------- method in this implementation
[INFO] [stderr] 26 |     /// Steps through the stream.
[INFO] [stderr] 27 |     pub fn step(&self) -> Result<Value> {
[INFO] [stderr]    |            ^^^^
[INFO] [stderr] 
[INFO] [stderr] warning: methods `get_from_head` and `get_from_outer` are never used
[INFO] [stderr]    --> src/eval.rs:104:12
[INFO] [stderr]     |
[INFO] [stderr] 71  | impl SharedEnv {
[INFO] [stderr]     | -------------- methods in this implementation
[INFO] [stderr] ...
[INFO] [stderr] 104 |     pub fn get_from_head(&self, handle: Handle) -> Option<SharedFlow> {
[INFO] [stderr]     |            ^^^^^^^^^^^^^
[INFO] [stderr] ...
[INFO] [stderr] 110 |     pub fn get_from_outer(&self, handle: Handle) -> Option<SharedFlow> {
[INFO] [stderr]     |            ^^^^^^^^^^^^^^
[INFO] [stderr] 
[INFO] [stderr] warning: method `make_loop` is never used
[INFO] [stderr]    --> src/eval.rs:197:12
[INFO] [stderr]     |
[INFO] [stderr] 187 | impl Factory {
[INFO] [stderr]     | ------------ method in this implementation
[INFO] [stderr] ...
[INFO] [stderr] 197 |     pub fn make_loop(&self, name: &str) -> Loop {
[INFO] [stderr]     |            ^^^^^^^^^
[INFO] [stderr] 
[INFO] [stderr] warning: variant `UnifVar` is never constructed
[INFO] [stderr]    --> src/types.rs:143:5
[INFO] [stderr]     |
[INFO] [stderr] 137 | pub enum Type {
[INFO] [stderr]     |          ---- variant in this enum
[INFO] [stderr] ...
[INFO] [stderr] 143 |     UnifVar(usize),
[INFO] [stderr]     |     ^^^^^^^
[INFO] [stderr]     |
[INFO] [stderr]     = note: `Type` has derived impls for the traits `Clone` and `Debug`, but these are intentionally ignored during dead code analysis
[INFO] [stderr] 
[INFO] [stderr] warning: variants `CannotUnify`, `UnboundVariable`, and `UnboundMachine` are never constructed
[INFO] [stderr]    --> src/types.rs:171:5
[INFO] [stderr]     |
[INFO] [stderr] 169 | pub enum TypeError {
[INFO] [stderr]     |          --------- variants in this enum
[INFO] [stderr] 170 |     #[error("Cannot unify {0} with {1}")]
[INFO] [stderr] 171 |     CannotUnify(Type, Type),
[INFO] [stderr]     |     ^^^^^^^^^^^
[INFO] [stderr] ...
[INFO] [stderr] 174 |     UnboundVariable(String),
[INFO] [stderr]     |     ^^^^^^^^^^^^^^^
[INFO] [stderr] ...
[INFO] [stderr] 177 |     UnboundMachine(String),
[INFO] [stderr]     |     ^^^^^^^^^^^^^^
[INFO] [stderr]     |
[INFO] [stderr]     = note: `TypeError` has derived impls for the traits `Clone` and `Debug`, but these are intentionally ignored during dead code analysis
[INFO] [stderr] 
[INFO] [stderr] warning: field `machine_types` is never read
[INFO] [stderr]    --> src/types.rs:194:5
[INFO] [stderr]     |
[INFO] [stderr] 193 | pub struct GlobalTypeEnv {
[INFO] [stderr]     |            ------------- field in this struct
[INFO] [stderr] 194 |     machine_types: HashMap<String, MachineType>,
[INFO] [stderr]     |     ^^^^^^^^^^^^^
[INFO] [stderr] 
[INFO] [stderr] warning: struct `LocalTypeEnv` is never constructed
[INFO] [stderr]    --> src/types.rs:205:8
[INFO] [stderr]     |
[INFO] [stderr] 205 | struct LocalTypeEnv {
[INFO] [stderr]     |        ^^^^^^^^^^^^
[INFO] [stderr] 
[INFO] [stderr] warning: function `check` is never used
[INFO] [stderr]    --> src/types.rs:211:8
[INFO] [stderr]     |
[INFO] [stderr] 211 | pub fn check(program: &Program) -> Result<(), TypeError> {
[INFO] [stderr]     |        ^^^^^
[INFO] [stderr] 
[INFO] [stderr] warning: function `check_machine_def` is never used
[INFO] [stderr]    --> src/types.rs:219:8
[INFO] [stderr]     |
[INFO] [stderr] 219 | pub fn check_machine_def(
[INFO] [stderr]     |        ^^^^^^^^^^^^^^^^^
[INFO] [stderr] 
[INFO] [stderr] warning: function `check_statement` is never used
[INFO] [stderr]    --> src/types.rs:270:4
[INFO] [stderr]     |
[INFO] [stderr] 270 | fn check_statement(
[INFO] [stderr]     |    ^^^^^^^^^^^^^^^
[INFO] [stderr] 
[INFO] [stderr] warning: function `infer_stream` is never used
[INFO] [stderr]    --> src/types.rs:310:4
[INFO] [stderr]     |
[INFO] [stderr] 310 | fn infer_stream(
[INFO] [stderr]     |    ^^^^^^^^^^^^
[INFO] [stderr] 
[INFO] [stderr] warning: function `get_builtin_ty` is never used
[INFO] [stderr]    --> src/types.rs:381:4
[INFO] [stderr]     |
[INFO] [stderr] 381 | fn get_builtin_ty(builtin: &Builtin) -> Option<MachineType> {
[INFO] [stderr]     |    ^^^^^^^^^^^^^^
[INFO] [stderr] 
[INFO] [stderr] warning: function `new_unif_var` is never used
[INFO] [stderr]    --> src/types.rs:385:4
[INFO] [stderr]     |
[INFO] [stderr] 385 | fn new_unif_var(local_env: &mut LocalTypeEnv) -> Type {
[INFO] [stderr]     |    ^^^^^^^^^^^^
[INFO] [stderr] 
[INFO] [stderr] warning: function `instantiate` is never used
[INFO] [stderr]    --> src/types.rs:391:4
[INFO] [stderr]     |
[INFO] [stderr] 391 | fn instantiate(local_env: &mut LocalTypeEnv, machine_ty: MachineType) -> MachineType {
[INFO] [stderr]     |    ^^^^^^^^^^^
[INFO] [stderr] 
[INFO] [stderr] warning: function `replace_ty_var` is never used
[INFO] [stderr]    --> src/types.rs:410:4
[INFO] [stderr]     |
[INFO] [stderr] 410 | fn replace_ty_var(ty: Type, var: usize, to_replace: &Type) -> Type {
[INFO] [stderr]     |    ^^^^^^^^^^^^^^
[INFO] [stderr] 
[INFO] [stderr] warning: function `replace_unif_var` is never used
[INFO] [stderr]    --> src/types.rs:428:4
[INFO] [stderr]     |
[INFO] [stderr] 428 | fn replace_unif_var(ty: Type, var: usize, to_replace: &Type) -> Type {
[INFO] [stderr]     |    ^^^^^^^^^^^^^^^^
[INFO] [stderr] 
[INFO] [stderr] warning: function `apply_substitution` is never used
[INFO] [stderr]    --> src/types.rs:446:4
[INFO] [stderr]     |
[INFO] [stderr] 446 | fn apply_substitution(subst: &HashMap<usize, Type>, ty: Type) -> Type {
[INFO] [stderr]     |    ^^^^^^^^^^^^^^^^^^
[INFO] [stderr] 
[INFO] [stderr] warning: function `unify` is never used
[INFO] [stderr]    --> src/types.rs:461:4
[INFO] [stderr]     |
[INFO] [stderr] 461 | fn unify(local_env: &LocalTypeEnv) -> Result<HashMap<usize, Type>, TypeError> {
[INFO] [stderr]     |    ^^^^^
[INFO] [stderr] 
[INFO] [stderr] warning: function `unify_types` is never used
[INFO] [stderr]    --> src/types.rs:472:4
[INFO] [stderr]     |
[INFO] [stderr] 472 | fn unify_types(subst: &mut HashMap<usize, Type>, ty1: &Type, ty2: &Type) -> Result<(), TypeError> {
[INFO] [stderr]     |    ^^^^^^^^^^^
[INFO] [stderr] 
[INFO] [stderr] warning: function `free_unif_vars` is never used
[INFO] [stderr]    --> src/types.rs:505:4
[INFO] [stderr]     |
[INFO] [stderr] 505 | fn free_unif_vars(subst: &HashMap<usize, Type>, result: &mut HashSet<usize>, ty: &Type) {
[INFO] [stderr]     |    ^^^^^^^^^^^^^^
[INFO] [stderr] 
[INFO] [stderr] warning: function `generalize` is never used
[INFO] [stderr]    --> src/types.rs:522:4
[INFO] [stderr]     |
[INFO] [stderr] 522 | fn generalize(subst: &HashMap<usize, Type>, machine_ty: MachineType) -> MachineType {
[INFO] [stderr]     |    ^^^^^^^^^^
[INFO] [stderr] 
[INFO] [stderr] warning: unused `Result` that must be used
[INFO] [stderr]    --> src/types.rs:246:9
[INFO] [stderr]     |
[INFO] [stderr] 246 |         check_statement(global_env, &mut local_env, statement);
[INFO] [stderr]     |         ^^^^^^^^^^^^^^^^^^^^^^^^^^^^^^^^^^^^^^^^^^^^^^^^^^^^^^
[INFO] [stderr]     |
[INFO] [stderr]     = note: this `Result` may be an `Err` variant, which should be handled
[INFO] [stderr]     = note: `#[warn(unused_must_use)]` on by default
[INFO] [stderr] help: use `let _ = ...` to ignore the resulting value
[INFO] [stderr]     |
[INFO] [stderr] 246 |         let _ = check_statement(global_env, &mut local_env, statement);
[INFO] [stderr]     |         +++++++
[INFO] [stderr] 
[INFO] [stderr] warning: `bam` (bin "bam" test) generated 34 warnings (run `cargo fix --bin "bam" --tests` to apply 8 suggestions)
[INFO] [stderr]     Finished test [unoptimized + debuginfo] target(s) in 0.04s
[INFO] [stderr]      Running unittests src/main.rs (/opt/rustwide/target/debug/deps/bam-7cc59343a94d37b8)
[INFO] [stdout] 
[INFO] [stdout] running 2 tests
[INFO] [stdout] test tests::parse_hello_world_from_tokens ... FAILED
[INFO] [stdout] test tests::parse_hello_world_from_source ... FAILED
[INFO] [stdout] 
[INFO] [stdout] failures:
[INFO] [stdout] 
[INFO] [stdout] ---- tests::parse_hello_world_from_tokens stdout ----
[INFO] [stdout] thread 'tests::parse_hello_world_from_tokens' panicked at src/main.rs:341:9:
[INFO] [stdout] assertion `left == right` failed
[INFO] [stdout]   left: Program { machines: [Definition { name: "Main", body: [Let(["hello"], Const(Str("Hello, BAM!")))], result: Pipe(Take(Var("hello"), 1), Var("Print")) }] }
[INFO] [stdout]  right: Program { machines: [Definition { name: "Main", body: [Let(["hello"], Const(Str("Hello, BAM!")))], result: Pipe(Take(Var("hello"), 1), Builtin(Write)) }] }
[INFO] [stdout] stack backtrace:
[INFO] [stdout]    0:     0x55adcda25486 - std::backtrace_rs::backtrace::libunwind::trace::h261606ad26a499c1
[INFO] [stdout]                                at /rustc/0e09125c6c3c2fd70d7de961bcf0e51575235fad/library/std/src/../../backtrace/src/backtrace/libunwind.rs:104:5
[INFO] [stdout]    1:     0x55adcda25486 - std::backtrace_rs::backtrace::trace_unsynchronized::hd183f0625477fb28
[INFO] [stdout]                                at /rustc/0e09125c6c3c2fd70d7de961bcf0e51575235fad/library/std/src/../../backtrace/src/backtrace/mod.rs:66:5
[INFO] [stdout]    2:     0x55adcda25486 - std::sys_common::backtrace::_print_fmt::hd7f8fef21b4eda67
[INFO] [stdout]                                at /rustc/0e09125c6c3c2fd70d7de961bcf0e51575235fad/library/std/src/sys_common/backtrace.rs:68:5
[INFO] [stdout]    3:     0x55adcda25486 - <std::sys_common::backtrace::_print::DisplayBacktrace as core::fmt::Display>::fmt::h623d9b51f2f453f1
[INFO] [stdout]                                at /rustc/0e09125c6c3c2fd70d7de961bcf0e51575235fad/library/std/src/sys_common/backtrace.rs:44:22
[INFO] [stdout]    4:     0x55adcda4f5a0 - core::fmt::rt::Argument::fmt::h9f417ac76a86f368
[INFO] [stdout]                                at /rustc/0e09125c6c3c2fd70d7de961bcf0e51575235fad/library/core/src/fmt/rt.rs:142:9
[INFO] [stdout]    5:     0x55adcda4f5a0 - core::fmt::write::hc9b6faf4ac2aeff7
[INFO] [stdout]                                at /rustc/0e09125c6c3c2fd70d7de961bcf0e51575235fad/library/core/src/fmt/mod.rs:1120:17
[INFO] [stdout]    6:     0x55adcda22eef - std::io::Write::write_fmt::he04625a3a989fec3
[INFO] [stdout]                                at /rustc/0e09125c6c3c2fd70d7de961bcf0e51575235fad/library/std/src/io/mod.rs:1810:15
[INFO] [stdout]    7:     0x55adcda25264 - std::sys_common::backtrace::_print::hd5d66399c7df88a2
[INFO] [stdout]                                at /rustc/0e09125c6c3c2fd70d7de961bcf0e51575235fad/library/std/src/sys_common/backtrace.rs:47:5
[INFO] [stdout]    8:     0x55adcda25264 - std::sys_common::backtrace::print::he81ed2da642d37e5
[INFO] [stdout]                                at /rustc/0e09125c6c3c2fd70d7de961bcf0e51575235fad/library/std/src/sys_common/backtrace.rs:34:9
[INFO] [stdout]    9:     0x55adcda26fd7 - std::panicking::default_hook::{{closure}}::h85773f4fa117163d
[INFO] [stdout]   10:     0x55adcda26cbd - std::panicking::default_hook::h6a1694a91d09b278
[INFO] [stdout]                                at /rustc/0e09125c6c3c2fd70d7de961bcf0e51575235fad/library/std/src/panicking.rs:289:9
[INFO] [stdout]   11:     0x55adcd9d1337 - <alloc::boxed::Box<F,A> as core::ops::function::Fn<Args>>::call::h616ac37fa3cd6c8f
[INFO] [stdout]                                at /rustc/0e09125c6c3c2fd70d7de961bcf0e51575235fad/library/alloc/src/boxed.rs:2029:9
[INFO] [stdout]   12:     0x55adcd9d1337 - test::test_main::{{closure}}::h00d84697cefdcbb6
[INFO] [stdout]                                at /rustc/0e09125c6c3c2fd70d7de961bcf0e51575235fad/library/test/src/lib.rs:138:21
[INFO] [stdout]   13:     0x55adcda275f6 - <alloc::boxed::Box<F,A> as core::ops::function::Fn<Args>>::call::hcb3fe3b9bb537ba8
[INFO] [stdout]                                at /rustc/0e09125c6c3c2fd70d7de961bcf0e51575235fad/library/alloc/src/boxed.rs:2029:9
[INFO] [stdout]   14:     0x55adcda275f6 - std::panicking::rust_panic_with_hook::h0a7ad96e90f7145b
[INFO] [stdout]                                at /rustc/0e09125c6c3c2fd70d7de961bcf0e51575235fad/library/std/src/panicking.rs:783:13
[INFO] [stdout]   15:     0x55adcda27342 - std::panicking::begin_panic_handler::{{closure}}::h7919090525c6485e
[INFO] [stdout]                                at /rustc/0e09125c6c3c2fd70d7de961bcf0e51575235fad/library/std/src/panicking.rs:657:13
[INFO] [stdout]   16:     0x55adcda25986 - std::sys_common::backtrace::__rust_end_short_backtrace::hf3289479464f7dfe
[INFO] [stdout]                                at /rustc/0e09125c6c3c2fd70d7de961bcf0e51575235fad/library/std/src/sys_common/backtrace.rs:171:18
[INFO] [stdout]   17:     0x55adcda270a0 - rust_begin_unwind
[INFO] [stdout]                                at /rustc/0e09125c6c3c2fd70d7de961bcf0e51575235fad/library/std/src/panicking.rs:645:5
[INFO] [stdout]   18:     0x55adcd8d7d35 - core::panicking::panic_fmt::hcc9f77c5c132af55
[INFO] [stdout]                                at /rustc/0e09125c6c3c2fd70d7de961bcf0e51575235fad/library/core/src/panicking.rs:72:14
[INFO] [stdout]   19:     0x55adcd8d816b - core::panicking::assert_failed_inner::h9f13e27dd63c3a08
[INFO] [stdout]                                at /rustc/0e09125c6c3c2fd70d7de961bcf0e51575235fad/library/core/src/panicking.rs:342:17
[INFO] [stdout]   20:     0x55adcd962b6e - core::panicking::assert_failed::h9994ca55dd1c12d5
[INFO] [stdout]                                at /rustc/0e09125c6c3c2fd70d7de961bcf0e51575235fad/library/core/src/panicking.rs:297:5
[INFO] [stdout]   21:     0x55adcd98ed67 - bam::tests::parse_hello_world_from_tokens::hb254b57f11d83495
[INFO] [stdout]                                at /opt/rustwide/workdir/src/main.rs:341:9
[INFO] [stdout]   22:     0x55adcd98de67 - bam::tests::parse_hello_world_from_tokens::{{closure}}::h190340e6eb1c9c79
[INFO] [stdout]                                at /opt/rustwide/workdir/src/main.rs:304:39
[INFO] [stdout]   23:     0x55adcd96e9a6 - core::ops::function::FnOnce::call_once::h4fccb3817d8843a4
[INFO] [stdout]                                at /rustc/0e09125c6c3c2fd70d7de961bcf0e51575235fad/library/core/src/ops/function.rs:250:5
[INFO] [stdout]   24:     0x55adcd9d6c0f - core::ops::function::FnOnce::call_once::hd64d26f405258157
[INFO] [stdout]                                at /rustc/0e09125c6c3c2fd70d7de961bcf0e51575235fad/library/core/src/ops/function.rs:250:5
[INFO] [stdout]   25:     0x55adcd9d6c0f - test::__rust_begin_short_backtrace::he21b0b7a6d731bf9
[INFO] [stdout]                                at /rustc/0e09125c6c3c2fd70d7de961bcf0e51575235fad/library/test/src/lib.rs:627:18
[INFO] [stdout]   26:     0x55adcd9d5991 - test::run_test_in_process::{{closure}}::hf5c73986d7bdfde2
[INFO] [stdout]                                at /rustc/0e09125c6c3c2fd70d7de961bcf0e51575235fad/library/test/src/lib.rs:650:60
[INFO] [stdout]   27:     0x55adcd9d5991 - <core::panic::unwind_safe::AssertUnwindSafe<F> as core::ops::function::FnOnce<()>>::call_once::h330011ad032aadc0
[INFO] [stdout]                                at /rustc/0e09125c6c3c2fd70d7de961bcf0e51575235fad/library/core/src/panic/unwind_safe.rs:272:9
[INFO] [stdout]   28:     0x55adcd9d5991 - std::panicking::try::do_call::he61b0a958b795a41
[INFO] [stdout]                                at /rustc/0e09125c6c3c2fd70d7de961bcf0e51575235fad/library/std/src/panicking.rs:552:40
[INFO] [stdout]   29:     0x55adcd9d5991 - std::panicking::try::h7309da130f906eb7
[INFO] [stdout]                                at /rustc/0e09125c6c3c2fd70d7de961bcf0e51575235fad/library/std/src/panicking.rs:516:19
[INFO] [stdout]   30:     0x55adcd9d5991 - std::panic::catch_unwind::hc5c3a06fdaf0a92a
[INFO] [stdout]                                at /rustc/0e09125c6c3c2fd70d7de961bcf0e51575235fad/library/std/src/panic.rs:142:14
[INFO] [stdout]   31:     0x55adcd9d5991 - test::run_test_in_process::h7e7b7c71c3324e0f
[INFO] [stdout]                                at /rustc/0e09125c6c3c2fd70d7de961bcf0e51575235fad/library/test/src/lib.rs:650:27
[INFO] [stdout]   32:     0x55adcd9d5991 - test::run_test::{{closure}}::h1f509f28f5cf20b1
[INFO] [stdout]                                at /rustc/0e09125c6c3c2fd70d7de961bcf0e51575235fad/library/test/src/lib.rs:573:43
[INFO] [stdout]   33:     0x55adcd99ccc6 - test::run_test::{{closure}}::h1754218abf443f6d
[INFO] [stdout]                                at /rustc/0e09125c6c3c2fd70d7de961bcf0e51575235fad/library/test/src/lib.rs:601:41
[INFO] [stdout]   34:     0x55adcd99ccc6 - std::sys_common::backtrace::__rust_begin_short_backtrace::h2ee174b9d5954948
[INFO] [stdout]                                at /rustc/0e09125c6c3c2fd70d7de961bcf0e51575235fad/library/std/src/sys_common/backtrace.rs:155:18
[INFO] [stdout]   35:     0x55adcd9a1d27 - std::thread::Builder::spawn_unchecked_::{{closure}}::{{closure}}::hf60bee9c1a17ef09
[INFO] [stdout]                                at /rustc/0e09125c6c3c2fd70d7de961bcf0e51575235fad/library/std/src/thread/mod.rs:529:17
[INFO] [stdout]   36:     0x55adcd9a1d27 - <core::panic::unwind_safe::AssertUnwindSafe<F> as core::ops::function::FnOnce<()>>::call_once::h33d0dddec5216160
[INFO] [stdout]                                at /rustc/0e09125c6c3c2fd70d7de961bcf0e51575235fad/library/core/src/panic/unwind_safe.rs:272:9
[INFO] [stdout]   37:     0x55adcd9a1d27 - std::panicking::try::do_call::h144b3048b546f835
[INFO] [stdout]                                at /rustc/0e09125c6c3c2fd70d7de961bcf0e51575235fad/library/std/src/panicking.rs:552:40
[INFO] [stdout]   38:     0x55adcd9a1d27 - std::panicking::try::h978244d04646189f
[INFO] [stdout]                                at /rustc/0e09125c6c3c2fd70d7de961bcf0e51575235fad/library/std/src/panicking.rs:516:19
[INFO] [stdout]   39:     0x55adcd9a1d27 - std::panic::catch_unwind::hdf436369d188fe86
[INFO] [stdout]                                at /rustc/0e09125c6c3c2fd70d7de961bcf0e51575235fad/library/std/src/panic.rs:142:14
[INFO] [stdout]   40:     0x55adcd9a1d27 - std::thread::Builder::spawn_unchecked_::{{closure}}::h87329cbdd33c79ec
[INFO] [stdout]                                at /rustc/0e09125c6c3c2fd70d7de961bcf0e51575235fad/library/std/src/thread/mod.rs:528:30
[INFO] [stdout]   41:     0x55adcd9a1d27 - core::ops::function::FnOnce::call_once{{vtable.shim}}::h401abbe67897d450
[INFO] [stdout]                                at /rustc/0e09125c6c3c2fd70d7de961bcf0e51575235fad/library/core/src/ops/function.rs:250:5
[INFO] [stdout]   42:     0x55adcda2c0a5 - <alloc::boxed::Box<F,A> as core::ops::function::FnOnce<Args>>::call_once::h5d7c8f150ab9c84c
[INFO] [stdout]                                at /rustc/0e09125c6c3c2fd70d7de961bcf0e51575235fad/library/alloc/src/boxed.rs:2015:9
[INFO] [stdout]   43:     0x55adcda2c0a5 - <alloc::boxed::Box<F,A> as core::ops::function::FnOnce<Args>>::call_once::h570d5b005c242c15
[INFO] [stdout]                                at /rustc/0e09125c6c3c2fd70d7de961bcf0e51575235fad/library/alloc/src/boxed.rs:2015:9
[INFO] [stdout]   44:     0x55adcda2c0a5 - std::sys::unix::thread::Thread::new::thread_start::h36b0a20c0b2361ad
[INFO] [stdout]                                at /rustc/0e09125c6c3c2fd70d7de961bcf0e51575235fad/library/std/src/sys/unix/thread.rs:108:17
[INFO] [stdout]   45:     0x7f4a8745dac3 - <unknown>
[INFO] [stdout]   46:     0x7f4a874eebf4 - __clone
[INFO] [stdout]   47:                0x0 - <unknown>
[INFO] [stdout] 
[INFO] [stdout] ---- tests::parse_hello_world_from_source stdout ----
[INFO] [stdout] thread 'tests::parse_hello_world_from_source' panicked at src/main.rs:387:9:
[INFO] [stdout] assertion `left == right` failed
[INFO] [stdout]   left: Program { machines: [Definition { name: "Main", body: [Let(["hello"], Const(Str("Hello, BAM!")))], result: Pipe(Take(Var("hello"), 1), Var("Print")) }] }
[INFO] [stdout]  right: Program { machines: [Definition { name: "Main", body: [Let(["hello"], Const(Str("Hello, BAM!")))], result: Pipe(Take(Var("hello"), 1), Builtin(Write)) }] }
[INFO] [stdout] stack backtrace:
[INFO] [stdout]    0:     0x55adcda25486 - std::backtrace_rs::backtrace::libunwind::trace::h261606ad26a499c1
[INFO] [stdout]                                at /rustc/0e09125c6c3c2fd70d7de961bcf0e51575235fad/library/std/src/../../backtrace/src/backtrace/libunwind.rs:104:5
[INFO] [stdout]    1:     0x55adcda25486 - std::backtrace_rs::backtrace::trace_unsynchronized::hd183f0625477fb28
[INFO] [stdout]                                at /rustc/0e09125c6c3c2fd70d7de961bcf0e51575235fad/library/std/src/../../backtrace/src/backtrace/mod.rs:66:5
[INFO] [stdout]    2:     0x55adcda25486 - std::sys_common::backtrace::_print_fmt::hd7f8fef21b4eda67
[INFO] [stdout]                                at /rustc/0e09125c6c3c2fd70d7de961bcf0e51575235fad/library/std/src/sys_common/backtrace.rs:68:5
[INFO] [stdout]    3:     0x55adcda25486 - <std::sys_common::backtrace::_print::DisplayBacktrace as core::fmt::Display>::fmt::h623d9b51f2f453f1
[INFO] [stdout]                                at /rustc/0e09125c6c3c2fd70d7de961bcf0e51575235fad/library/std/src/sys_common/backtrace.rs:44:22
[INFO] [stdout]    4:     0x55adcda4f5a0 - core::fmt::rt::Argument::fmt::h9f417ac76a86f368
[INFO] [stdout]                                at /rustc/0e09125c6c3c2fd70d7de961bcf0e51575235fad/library/core/src/fmt/rt.rs:142:9
[INFO] [stdout]    5:     0x55adcda4f5a0 - core::fmt::write::hc9b6faf4ac2aeff7
[INFO] [stdout]                                at /rustc/0e09125c6c3c2fd70d7de961bcf0e51575235fad/library/core/src/fmt/mod.rs:1120:17
[INFO] [stdout]    6:     0x55adcda22eef - std::io::Write::write_fmt::he04625a3a989fec3
[INFO] [stdout]                                at /rustc/0e09125c6c3c2fd70d7de961bcf0e51575235fad/library/std/src/io/mod.rs:1810:15
[INFO] [stdout]    7:     0x55adcda25264 - std::sys_common::backtrace::_print::hd5d66399c7df88a2
[INFO] [stdout]                                at /rustc/0e09125c6c3c2fd70d7de961bcf0e51575235fad/library/std/src/sys_common/backtrace.rs:47:5
[INFO] [stdout]    8:     0x55adcda25264 - std::sys_common::backtrace::print::he81ed2da642d37e5
[INFO] [stdout]                                at /rustc/0e09125c6c3c2fd70d7de961bcf0e51575235fad/library/std/src/sys_common/backtrace.rs:34:9
[INFO] [stdout]    9:     0x55adcda26fd7 - std::panicking::default_hook::{{closure}}::h85773f4fa117163d
[INFO] [stdout]   10:     0x55adcda26cbd - std::panicking::default_hook::h6a1694a91d09b278
[INFO] [stdout]                                at /rustc/0e09125c6c3c2fd70d7de961bcf0e51575235fad/library/std/src/panicking.rs:289:9
[INFO] [stdout]   11:     0x55adcd9d1337 - <alloc::boxed::Box<F,A> as core::ops::function::Fn<Args>>::call::h616ac37fa3cd6c8f
[INFO] [stdout]                                at /rustc/0e09125c6c3c2fd70d7de961bcf0e51575235fad/library/alloc/src/boxed.rs:2029:9
[INFO] [stdout]   12:     0x55adcd9d1337 - test::test_main::{{closure}}::h00d84697cefdcbb6
[INFO] [stdout]                                at /rustc/0e09125c6c3c2fd70d7de961bcf0e51575235fad/library/test/src/lib.rs:138:21
[INFO] [stdout]   13:     0x55adcda275f6 - <alloc::boxed::Box<F,A> as core::ops::function::Fn<Args>>::call::hcb3fe3b9bb537ba8
[INFO] [stdout]                                at /rustc/0e09125c6c3c2fd70d7de961bcf0e51575235fad/library/alloc/src/boxed.rs:2029:9
[INFO] [stdout]   14:     0x55adcda275f6 - std::panicking::rust_panic_with_hook::h0a7ad96e90f7145b
[INFO] [stdout]                                at /rustc/0e09125c6c3c2fd70d7de961bcf0e51575235fad/library/std/src/panicking.rs:783:13
[INFO] [stdout]   15:     0x55adcda27342 - std::panicking::begin_panic_handler::{{closure}}::h7919090525c6485e
[INFO] [stdout]                                at /rustc/0e09125c6c3c2fd70d7de961bcf0e51575235fad/library/std/src/panicking.rs:657:13
[INFO] [stdout]   16:     0x55adcda25986 - std::sys_common::backtrace::__rust_end_short_backtrace::hf3289479464f7dfe
[INFO] [stdout]                                at /rustc/0e09125c6c3c2fd70d7de961bcf0e51575235fad/library/std/src/sys_common/backtrace.rs:171:18
[INFO] [stdout]   17:     0x55adcda270a0 - rust_begin_unwind
[INFO] [stdout]                                at /rustc/0e09125c6c3c2fd70d7de961bcf0e51575235fad/library/std/src/panicking.rs:645:5
[INFO] [stdout]   18:     0x55adcd8d7d35 - core::panicking::panic_fmt::hcc9f77c5c132af55
[INFO] [stdout]                                at /rustc/0e09125c6c3c2fd70d7de961bcf0e51575235fad/library/core/src/panicking.rs:72:14
[INFO] [stdout]   19:     0x55adcd8d816b - core::panicking::assert_failed_inner::h9f13e27dd63c3a08
[INFO] [stdout]                                at /rustc/0e09125c6c3c2fd70d7de961bcf0e51575235fad/library/core/src/panicking.rs:342:17
[INFO] [stdout]   20:     0x55adcd962b6e - core::panicking::assert_failed::h9994ca55dd1c12d5
[INFO] [stdout]                                at /rustc/0e09125c6c3c2fd70d7de961bcf0e51575235fad/library/core/src/panicking.rs:297:5
[INFO] [stdout]   21:     0x55adcd98fa46 - bam::tests::parse_hello_world_from_source::h98a901c719a73d7c
[INFO] [stdout]                                at /opt/rustwide/workdir/src/main.rs:387:9
[INFO] [stdout]   22:     0x55adcd98efb7 - bam::tests::parse_hello_world_from_source::{{closure}}::hb8a9de50b7f86f77
[INFO] [stdout]                                at /opt/rustwide/workdir/src/main.rs:360:39
[INFO] [stdout]   23:     0x55adcd96ea36 - core::ops::function::FnOnce::call_once::h596b107202b8d473
[INFO] [stdout]                                at /rustc/0e09125c6c3c2fd70d7de961bcf0e51575235fad/library/core/src/ops/function.rs:250:5
[INFO] [stdout]   24:     0x55adcd9d6c0f - core::ops::function::FnOnce::call_once::hd64d26f405258157
[INFO] [stdout]                                at /rustc/0e09125c6c3c2fd70d7de961bcf0e51575235fad/library/core/src/ops/function.rs:250:5
[INFO] [stdout]   25:     0x55adcd9d6c0f - test::__rust_begin_short_backtrace::he21b0b7a6d731bf9
[INFO] [stdout]                                at /rustc/0e09125c6c3c2fd70d7de961bcf0e51575235fad/library/test/src/lib.rs:627:18
[INFO] [stdout]   26:     0x55adcd9d5991 - test::run_test_in_process::{{closure}}::hf5c73986d7bdfde2
[INFO] [stdout]                                at /rustc/0e09125c6c3c2fd70d7de961bcf0e51575235fad/library/test/src/lib.rs:650:60
[INFO] [stdout]   27:     0x55adcd9d5991 - <core::panic::unwind_safe::AssertUnwindSafe<F> as core::ops::function::FnOnce<()>>::call_once::h330011ad032aadc0
[INFO] [stdout]                                at /rustc/0e09125c6c3c2fd70d7de961bcf0e51575235fad/library/core/src/panic/unwind_safe.rs:272:9
[INFO] [stdout]   28:     0x55adcd9d5991 - std::panicking::try::do_call::he61b0a958b795a41
[INFO] [stdout]                                at /rustc/0e09125c6c3c2fd70d7de961bcf0e51575235fad/library/std/src/panicking.rs:552:40
[INFO] [stdout]   29:     0x55adcd9d5991 - std::panicking::try::h7309da130f906eb7
[INFO] [stdout]                                at /rustc/0e09125c6c3c2fd70d7de961bcf0e51575235fad/library/std/src/panicking.rs:516:19
[INFO] [stdout]   30:     0x55adcd9d5991 - std::panic::catch_unwind::hc5c3a06fdaf0a92a
[INFO] [stdout]                                at /rustc/0e09125c6c3c2fd70d7de961bcf0e51575235fad/library/std/src/panic.rs:142:14
[INFO] [stdout]   31:     0x55adcd9d5991 - test::run_test_in_process::h7e7b7c71c3324e0f
[INFO] [stdout]                                at /rustc/0e09125c6c3c2fd70d7de961bcf0e51575235fad/library/test/src/lib.rs:650:27
[INFO] [stdout]   32:     0x55adcd9d5991 - test::run_test::{{closure}}::h1f509f28f5cf20b1
[INFO] [stdout]                                at /rustc/0e09125c6c3c2fd70d7de961bcf0e51575235fad/library/test/src/lib.rs:573:43
[INFO] [stdout]   33:     0x55adcd99ccc6 - test::run_test::{{closure}}::h1754218abf443f6d
[INFO] [stdout]                                at /rustc/0e09125c6c3c2fd70d7de961bcf0e51575235fad/library/test/src/lib.rs:601:41
[INFO] [stdout]   34:     0x55adcd99ccc6 - std::sys_common::backtrace::__rust_begin_short_backtrace::h2ee174b9d5954948
[INFO] [stdout]                                at /rustc/0e09125c6c3c2fd70d7de961bcf0e51575235fad/library/std/src/sys_common/backtrace.rs:155:18
[INFO] [stdout]   35:     0x55adcd9a1d27 - std::thread::Builder::spawn_unchecked_::{{closure}}::{{closure}}::hf60bee9c1a17ef09
[INFO] [stdout]                                at /rustc/0e09125c6c3c2fd70d7de961bcf0e51575235fad/library/std/src/thread/mod.rs:529:17
[INFO] [stdout]   36:     0x55adcd9a1d27 - <core::panic::unwind_safe::AssertUnwindSafe<F> as core::ops::function::FnOnce<()>>::call_once::h33d0dddec5216160
[INFO] [stdout]                                at /rustc/0e09125c6c3c2fd70d7de961bcf0e51575235fad/library/core/src/panic/unwind_safe.rs:272:9
[INFO] [stdout]   37:     0x55adcd9a1d27 - std::panicking::try::do_call::h144b3048b546f835
[INFO] [stdout]                                at /rustc/0e09125c6c3c2fd70d7de961bcf0e51575235fad/library/std/src/panicking.rs:552:40
[INFO] [stdout]   38:     0x55adcd9a1d27 - std::panicking::try::h978244d04646189f
[INFO] [stdout]                                at /rustc/0e09125c6c3c2fd70d7de961bcf0e51575235fad/library/std/src/panicking.rs:516:19
[INFO] [stdout]   39:     0x55adcd9a1d27 - std::panic::catch_unwind::hdf436369d188fe86
[INFO] [stdout]                                at /rustc/0e09125c6c3c2fd70d7de961bcf0e51575235fad/library/std/src/panic.rs:142:14
[INFO] [stdout]   40:     0x55adcd9a1d27 - std::thread::Builder::spawn_unchecked_::{{closure}}::h87329cbdd33c79ec
[INFO] [stdout]                                at /rustc/0e09125c6c3c2fd70d7de961bcf0e51575235fad/library/std/src/thread/mod.rs:528:30
[INFO] [stdout]   41:     0x55adcd9a1d27 - core::ops::function::FnOnce::call_once{{vtable.shim}}::h401abbe67897d450
[INFO] [stdout]                                at /rustc/0e09125c6c3c2fd70d7de961bcf0e51575235fad/library/core/src/ops/function.rs:250:5
[INFO] [stdout]   42:     0x55adcda2c0a5 - <alloc::boxed::Box<F,A> as core::ops::function::FnOnce<Args>>::call_once::h5d7c8f150ab9c84c
[INFO] [stdout]                                at /rustc/0e09125c6c3c2fd70d7de961bcf0e51575235fad/library/alloc/src/boxed.rs:2015:9
[INFO] [stdout]   43:     0x55adcda2c0a5 - <alloc::boxed::Box<F,A> as core::ops::function::FnOnce<Args>>::call_once::h570d5b005c242c15
[INFO] [stdout]                                at /rustc/0e09125c6c3c2fd70d7de961bcf0e51575235fad/library/alloc/src/boxed.rs:2015:9
[INFO] [stdout]   44:     0x55adcda2c0a5 - std::sys::unix::thread::Thread::new::thread_start::h36b0a20c0b2361ad
[INFO] [stdout]                                at /rustc/0e09125c6c3c2fd70d7de961bcf0e51575235fad/library/std/src/sys/unix/thread.rs:108:17
[INFO] [stdout]   45:     0x7f4a8745dac3 - <unknown>
[INFO] [stdout]   46:     0x7f4a874eebf4 - __clone
[INFO] [stdout]   47:                0x0 - <unknown>
[INFO] [stdout] 
[INFO] [stdout] 
[INFO] [stdout] failures:
[INFO] [stdout]     tests::parse_hello_world_from_source
[INFO] [stdout]     tests::parse_hello_world_from_tokens
[INFO] [stdout] 
[INFO] [stdout] test result: FAILED. 0 passed; 2 failed; 0 ignored; 0 measured; 0 filtered out; finished in 0.02s
[INFO] [stdout] 
[INFO] [stderr] error: test failed, to rerun pass `--bin bam`
[INFO] running `Command { std: "docker" "inspect" "b0a5f2bb05bfb08b1d3aeee265b001bf466f71acea6daaf1ae79febc9ee6c376", kill_on_drop: false }`
[INFO] running `Command { std: "docker" "rm" "-f" "b0a5f2bb05bfb08b1d3aeee265b001bf466f71acea6daaf1ae79febc9ee6c376", kill_on_drop: false }`
[INFO] [stdout] b0a5f2bb05bfb08b1d3aeee265b001bf466f71acea6daaf1ae79febc9ee6c376
