[INFO] cloning repository https://github.com/b1twe1ser/das_Rust
[INFO] running `Command { std: "git" "-c" "credential.helper=" "-c" "credential.helper=/workspace/cargo-home/bin/git-credential-null" "clone" "--bare" "https://github.com/b1twe1ser/das_Rust" "/workspace/cache/git-repos/https%3A%2F%2Fgithub.com%2Fb1twe1ser%2Fdas_Rust", kill_on_drop: false }`
[INFO] [stderr] Cloning into bare repository '/workspace/cache/git-repos/https%3A%2F%2Fgithub.com%2Fb1twe1ser%2Fdas_Rust'...
[INFO] running `Command { std: "git" "rev-parse" "HEAD", kill_on_drop: false }`
[INFO] [stdout] 1ac7795c14c6960ccd9e09b7f1d138ae062aedea
[INFO] testing b1twe1ser/das_Rust against 1.75.0 for beta-1.76-1
[INFO] running `Command { std: "git" "clone" "/workspace/cache/git-repos/https%3A%2F%2Fgithub.com%2Fb1twe1ser%2Fdas_Rust" "/workspace/builds/worker-5-tc1/source", kill_on_drop: false }`
[INFO] [stderr] Cloning into '/workspace/builds/worker-5-tc1/source'...
[INFO] [stderr] done.
[INFO] validating manifest of git repo https://github.com/b1twe1ser/das_Rust on toolchain 1.75.0
[INFO] running `Command { std: CARGO_HOME="/workspace/cargo-home" RUSTUP_HOME="/workspace/rustup-home" "/workspace/cargo-home/bin/cargo" "+1.75.0" "metadata" "--manifest-path" "Cargo.toml" "--no-deps", kill_on_drop: false }`
[INFO] started tweaking git repo https://github.com/b1twe1ser/das_Rust
[INFO] finished tweaking git repo https://github.com/b1twe1ser/das_Rust
[INFO] tweaked toml for git repo https://github.com/b1twe1ser/das_Rust written to /workspace/builds/worker-5-tc1/source/Cargo.toml
[INFO] crate git repo https://github.com/b1twe1ser/das_Rust already has a lockfile, it will not be regenerated
[INFO] running `Command { std: CARGO_HOME="/workspace/cargo-home" RUSTUP_HOME="/workspace/rustup-home" "/workspace/cargo-home/bin/cargo" "+1.75.0" "fetch" "--manifest-path" "Cargo.toml", kill_on_drop: false }`
[INFO] running `Command { std: "docker" "create" "-v" "/var/lib/crater-agent-workspace/builds/worker-5-tc1/target:/opt/rustwide/target:rw,Z" "-v" "/var/lib/crater-agent-workspace/builds/worker-5-tc1/source:/opt/rustwide/workdir:ro,Z" "-v" "/var/lib/crater-agent-workspace/cargo-home:/opt/rustwide/cargo-home:ro,Z" "-v" "/var/lib/crater-agent-workspace/rustup-home:/opt/rustwide/rustup-home:ro,Z" "-e" "SOURCE_DIR=/opt/rustwide/workdir" "-e" "CARGO_TARGET_DIR=/opt/rustwide/target" "-e" "CARGO_HOME=/opt/rustwide/cargo-home" "-e" "RUSTUP_HOME=/opt/rustwide/rustup-home" "-w" "/opt/rustwide/workdir" "-m" "1610612736" "--user" "0:0" "--network" "none" "ghcr.io/rust-lang/crates-build-env/linux@sha256:2788e3201cd34a07e3172128adcd8b3090168a8e3bcc40d7c032b9dda1df7d1c" "/opt/rustwide/cargo-home/bin/cargo" "+1.75.0" "metadata" "--no-deps" "--format-version=1", kill_on_drop: false }`
[INFO] [stdout] e84cb9869a6b0dd3e66c04acb11a910841ae5c4159567a6c00f7f37e965daafd
[INFO] running `Command { std: "docker" "start" "-a" "e84cb9869a6b0dd3e66c04acb11a910841ae5c4159567a6c00f7f37e965daafd", kill_on_drop: false }`
[INFO] running `Command { std: "docker" "inspect" "e84cb9869a6b0dd3e66c04acb11a910841ae5c4159567a6c00f7f37e965daafd", kill_on_drop: false }`
[INFO] running `Command { std: "docker" "rm" "-f" "e84cb9869a6b0dd3e66c04acb11a910841ae5c4159567a6c00f7f37e965daafd", kill_on_drop: false }`
[INFO] [stdout] e84cb9869a6b0dd3e66c04acb11a910841ae5c4159567a6c00f7f37e965daafd
[INFO] running `Command { std: "docker" "create" "-v" "/var/lib/crater-agent-workspace/builds/worker-5-tc1/target:/opt/rustwide/target:rw,Z" "-v" "/var/lib/crater-agent-workspace/builds/worker-5-tc1/source:/opt/rustwide/workdir:ro,Z" "-v" "/var/lib/crater-agent-workspace/cargo-home:/opt/rustwide/cargo-home:ro,Z" "-v" "/var/lib/crater-agent-workspace/rustup-home:/opt/rustwide/rustup-home:ro,Z" "-e" "SOURCE_DIR=/opt/rustwide/workdir" "-e" "CARGO_TARGET_DIR=/opt/rustwide/target" "-e" "CARGO_INCREMENTAL=0" "-e" "RUST_BACKTRACE=full" "-e" "RUSTFLAGS=--cap-lints=warn" "-e" "RUSTDOCFLAGS=--cap-lints=warn" "-e" "CARGO_HOME=/opt/rustwide/cargo-home" "-e" "RUSTUP_HOME=/opt/rustwide/rustup-home" "-w" "/opt/rustwide/workdir" "-m" "1610612736" "--user" "0:0" "--network" "none" "ghcr.io/rust-lang/crates-build-env/linux@sha256:2788e3201cd34a07e3172128adcd8b3090168a8e3bcc40d7c032b9dda1df7d1c" "/opt/rustwide/cargo-home/bin/cargo" "+1.75.0" "build" "--frozen" "--message-format=json", kill_on_drop: false }`
[INFO] [stdout] 4b44afac6285bac472890dbcbdd8c231003143869d9db32b3225e455f9922c56
[INFO] running `Command { std: "docker" "start" "-a" "4b44afac6285bac472890dbcbdd8c231003143869d9db32b3225e455f9922c56", kill_on_drop: false }`
[INFO] [stderr]    Compiling algo_dat v0.1.0 (/opt/rustwide/workdir)
[INFO] [stdout] warning: function `elif_search` is never used
[INFO] [stdout]  --> src/algorithms/search/elif_search.rs:3:8
[INFO] [stdout]   |
[INFO] [stdout] 3 | pub fn elif_search<T: Ord>(arr: &[T], item: &T) -> Option<usize> {
[INFO] [stdout]   |        ^^^^^^^^^^^
[INFO] [stdout]   |
[INFO] [stdout]   = note: `#[warn(dead_code)]` on by default
[INFO] [stdout] 
[INFO] [stdout] 
[INFO] [stdout] warning: function `exponential_search` is never used
[INFO] [stdout]  --> src/algorithms/search/exponential_search.rs:3:8
[INFO] [stdout]   |
[INFO] [stdout] 3 | pub fn exponential_search<T: Ord>(arr: &[T], item: &T) -> Option<usize> {
[INFO] [stdout]   |        ^^^^^^^^^^^^^^^^^^
[INFO] [stdout] 
[INFO] [stdout] 
[INFO] [stdout] warning: function `jump_search` is never used
[INFO] [stdout]  --> src/algorithms/search/jump_search.rs:4:8
[INFO] [stdout]   |
[INFO] [stdout] 4 | pub fn jump_search<T: Ord>(arr: &[T], item: &T) -> Option<usize> {
[INFO] [stdout]   |        ^^^^^^^^^^^
[INFO] [stdout] 
[INFO] [stdout] 
[INFO] [stdout] warning: function `binary_search` is never used
[INFO] [stdout]   --> src/algorithms/search/binary_search.rs:23:8
[INFO] [stdout]    |
[INFO] [stdout] 23 | pub fn binary_search<T: Ord>(items: &[T], target: &T) -> Option<usize> {
[INFO] [stdout]    |        ^^^^^^^^^^^^^
[INFO] [stdout] 
[INFO] [stdout] 
[INFO] [stdout] warning: function `binary_search_recursive` is never used
[INFO] [stdout]   --> src/algorithms/search/binary_search_recursive.rs:28:8
[INFO] [stdout]    |
[INFO] [stdout] 28 | pub fn binary_search_recursive<T: Ord>(
[INFO] [stdout]    |        ^^^^^^^^^^^^^^^^^^^^^^^
[INFO] [stdout] 
[INFO] [stdout] 
[INFO] [stdout] warning: function `linear_search` is never used
[INFO] [stdout]   --> src/algorithms/search/linear_search.rs:23:8
[INFO] [stdout]    |
[INFO] [stdout] 23 | pub fn linear_search<T: PartialEq>(items: &[T], target: &T) -> Option<usize> {
[INFO] [stdout]    |        ^^^^^^^^^^^^^
[INFO] [stdout] 
[INFO] [stdout] 
[INFO] [stdout] warning: function `bubble_sort` is never used
[INFO] [stdout]   --> src/algorithms/sort/bubble_sort.rs:23:8
[INFO] [stdout]    |
[INFO] [stdout] 23 | pub fn bubble_sort<T: Ord>(arr: &mut [T]) {
[INFO] [stdout]    |        ^^^^^^^^^^^
[INFO] [stdout] 
[INFO] [stdout] 
[INFO] [stdout] warning: function `insertion_sort` is never used
[INFO] [stdout]  --> src/algorithms/sort/insertion_sort.rs:3:8
[INFO] [stdout]   |
[INFO] [stdout] 3 | pub fn insertion_sort<T>(arr: &mut [T])
[INFO] [stdout]   |        ^^^^^^^^^^^^^^
[INFO] [stdout] 
[INFO] [stdout] 
[INFO] [stdout] warning: function `morse_encode` is never used
[INFO] [stdout]  --> src/ciphers/morse.rs:3:8
[INFO] [stdout]   |
[INFO] [stdout] 3 | pub fn morse_encode(message: String) -> String {
[INFO] [stdout]   |        ^^^^^^^^^^^^
[INFO] [stdout] 
[INFO] [stdout] 
[INFO] [stdout] warning: function `morse_decode` is never used
[INFO] [stdout]   --> src/ciphers/morse.rs:52:8
[INFO] [stdout]    |
[INFO] [stdout] 52 | pub fn morse_decode(message: String) -> String {
[INFO] [stdout]    |        ^^^^^^^^^^^^
[INFO] [stdout] 
[INFO] [stdout] 
[INFO] [stdout] warning: function `xor_cipher` is never used
[INFO] [stdout]  --> src/ciphers/xor_cipher.rs:1:8
[INFO] [stdout]   |
[INFO] [stdout] 1 | pub fn xor_cipher(to_encrypt: String, key: u32) -> String {
[INFO] [stdout]   |        ^^^^^^^^^^
[INFO] [stdout] 
[INFO] [stdout] 
[INFO] [stdout] warning: function `ceasar_cipher_encrypt` is never used
[INFO] [stdout]  --> src/ciphers/ceasar.rs:2:8
[INFO] [stdout]   |
[INFO] [stdout] 2 | pub fn ceasar_cipher_encrypt(to_encrypt: String, key: u32) -> String {
[INFO] [stdout]   |        ^^^^^^^^^^^^^^^^^^^^^
[INFO] [stdout] 
[INFO] [stdout] 
[INFO] [stdout] warning: function `ceasar_cipher_decrypt` is never used
[INFO] [stdout]   --> src/ciphers/ceasar.rs:22:8
[INFO] [stdout]    |
[INFO] [stdout] 22 | pub fn ceasar_cipher_decrypt(to_decrypt: String, key: u32) -> String {
[INFO] [stdout]    |        ^^^^^^^^^^^^^^^^^^^^^
[INFO] [stdout] 
[INFO] [stdout] 
[INFO] [stdout] warning: struct `Stack` is never constructed
[INFO] [stdout]  --> src/data_structures/stack.rs:1:12
[INFO] [stdout]   |
[INFO] [stdout] 1 | pub struct Stack<T> {
[INFO] [stdout]   |            ^^^^^
[INFO] [stdout] 
[INFO] [stdout] 
[INFO] [stdout] warning: associated items `new`, `push`, `pop`, `length`, `is_empty`, and `peek` are never used
[INFO] [stdout]   --> src/data_structures/stack.rs:6:12
[INFO] [stdout]    |
[INFO] [stdout] 5  | impl<T> Stack<T> {
[INFO] [stdout]    | ---------------- associated items in this implementation
[INFO] [stdout] 6  |     pub fn new() -> Self {
[INFO] [stdout]    |            ^^^
[INFO] [stdout] ...
[INFO] [stdout] 10 |     pub fn push(&mut self, item: T) {
[INFO] [stdout]    |            ^^^^
[INFO] [stdout] ...
[INFO] [stdout] 14 |     pub fn pop(&mut self) -> Option<T> {
[INFO] [stdout]    |            ^^^
[INFO] [stdout] ...
[INFO] [stdout] 18 |     pub fn length(&self) -> usize {
[INFO] [stdout]    |            ^^^^^^
[INFO] [stdout] ...
[INFO] [stdout] 22 |     pub fn is_empty(&self) -> bool {
[INFO] [stdout]    |            ^^^^^^^^
[INFO] [stdout] ...
[INFO] [stdout] 26 |     pub fn peek(&self) -> Option<&T> {
[INFO] [stdout]    |            ^^^^
[INFO] [stdout] 
[INFO] [stdout] 
[INFO] [stdout] warning: struct `Queue` is never constructed
[INFO] [stdout]  --> src/data_structures/queue.rs:3:12
[INFO] [stdout]   |
[INFO] [stdout] 3 | pub struct Queue<T>{
[INFO] [stdout]   |            ^^^^^
[INFO] [stdout] 
[INFO] [stdout] 
[INFO] [stdout] warning: associated items `new`, `enqueue`, `dequeue`, `length`, `is_empty`, and `peek` are never used
[INFO] [stdout]   --> src/data_structures/queue.rs:8:12
[INFO] [stdout]    |
[INFO] [stdout] 7  | impl<T> Queue<T> {
[INFO] [stdout]    | ---------------- associated items in this implementation
[INFO] [stdout] 8  |     pub fn new() -> Self {
[INFO] [stdout]    |            ^^^
[INFO] [stdout] ...
[INFO] [stdout] 12 |     pub fn enqueue(&mut self, item: T) {
[INFO] [stdout]    |            ^^^^^^^
[INFO] [stdout] ...
[INFO] [stdout] 16 |     pub fn dequeue(&mut self) -> Option<T> {
[INFO] [stdout]    |            ^^^^^^^
[INFO] [stdout] ...
[INFO] [stdout] 20 |     pub fn length(&self) -> usize {
[INFO] [stdout]    |            ^^^^^^
[INFO] [stdout] ...
[INFO] [stdout] 24 |     pub fn is_empty(&self) -> bool {
[INFO] [stdout]    |            ^^^^^^^^
[INFO] [stdout] ...
[INFO] [stdout] 28 |     pub fn peek(&self) -> Option<&T> {
[INFO] [stdout]    |            ^^^^
[INFO] [stdout] 
[INFO] [stdout] 
[INFO] [stdout] warning: 17 warnings emitted
[INFO] [stdout] 
[INFO] [stdout] 
[INFO] [stderr]     Finished dev [unoptimized + debuginfo] target(s) in 0.22s
[INFO] running `Command { std: "docker" "inspect" "4b44afac6285bac472890dbcbdd8c231003143869d9db32b3225e455f9922c56", kill_on_drop: false }`
[INFO] running `Command { std: "docker" "rm" "-f" "4b44afac6285bac472890dbcbdd8c231003143869d9db32b3225e455f9922c56", kill_on_drop: false }`
[INFO] [stdout] 4b44afac6285bac472890dbcbdd8c231003143869d9db32b3225e455f9922c56
[INFO] running `Command { std: "docker" "create" "-v" "/var/lib/crater-agent-workspace/builds/worker-5-tc1/target:/opt/rustwide/target:rw,Z" "-v" "/var/lib/crater-agent-workspace/builds/worker-5-tc1/source:/opt/rustwide/workdir:ro,Z" "-v" "/var/lib/crater-agent-workspace/cargo-home:/opt/rustwide/cargo-home:ro,Z" "-v" "/var/lib/crater-agent-workspace/rustup-home:/opt/rustwide/rustup-home:ro,Z" "-e" "SOURCE_DIR=/opt/rustwide/workdir" "-e" "CARGO_TARGET_DIR=/opt/rustwide/target" "-e" "CARGO_INCREMENTAL=0" "-e" "RUST_BACKTRACE=full" "-e" "RUSTFLAGS=--cap-lints=warn" "-e" "RUSTDOCFLAGS=--cap-lints=warn" "-e" "CARGO_HOME=/opt/rustwide/cargo-home" "-e" "RUSTUP_HOME=/opt/rustwide/rustup-home" "-w" "/opt/rustwide/workdir" "-m" "1610612736" "--user" "0:0" "--network" "none" "ghcr.io/rust-lang/crates-build-env/linux@sha256:2788e3201cd34a07e3172128adcd8b3090168a8e3bcc40d7c032b9dda1df7d1c" "/opt/rustwide/cargo-home/bin/cargo" "+1.75.0" "test" "--frozen" "--no-run" "--message-format=json", kill_on_drop: false }`
[INFO] [stdout] 106967a64b1a5f6fd9f08b317fe02eafa900d2034d2b64abf3f9349bde661528
[INFO] running `Command { std: "docker" "start" "-a" "106967a64b1a5f6fd9f08b317fe02eafa900d2034d2b64abf3f9349bde661528", kill_on_drop: false }`
[INFO] [stderr]    Compiling algo_dat v0.1.0 (/opt/rustwide/workdir)
[INFO] [stdout] warning: function `morse_encode` is never used
[INFO] [stdout]  --> src/ciphers/morse.rs:3:8
[INFO] [stdout]   |
[INFO] [stdout] 3 | pub fn morse_encode(message: String) -> String {
[INFO] [stdout]   |        ^^^^^^^^^^^^
[INFO] [stdout]   |
[INFO] [stdout]   = note: `#[warn(dead_code)]` on by default
[INFO] [stdout] 
[INFO] [stdout] 
[INFO] [stdout] warning: function `morse_decode` is never used
[INFO] [stdout]   --> src/ciphers/morse.rs:52:8
[INFO] [stdout]    |
[INFO] [stdout] 52 | pub fn morse_decode(message: String) -> String {
[INFO] [stdout]    |        ^^^^^^^^^^^^
[INFO] [stdout] 
[INFO] [stdout] 
[INFO] [stdout] warning: struct `Stack` is never constructed
[INFO] [stdout]  --> src/data_structures/stack.rs:1:12
[INFO] [stdout]   |
[INFO] [stdout] 1 | pub struct Stack<T> {
[INFO] [stdout]   |            ^^^^^
[INFO] [stdout] 
[INFO] [stdout] 
[INFO] [stdout] warning: associated items `new`, `push`, `pop`, `length`, `is_empty`, and `peek` are never used
[INFO] [stdout]   --> src/data_structures/stack.rs:6:12
[INFO] [stdout]    |
[INFO] [stdout] 5  | impl<T> Stack<T> {
[INFO] [stdout]    | ---------------- associated items in this implementation
[INFO] [stdout] 6  |     pub fn new() -> Self {
[INFO] [stdout]    |            ^^^
[INFO] [stdout] ...
[INFO] [stdout] 10 |     pub fn push(&mut self, item: T) {
[INFO] [stdout]    |            ^^^^
[INFO] [stdout] ...
[INFO] [stdout] 14 |     pub fn pop(&mut self) -> Option<T> {
[INFO] [stdout]    |            ^^^
[INFO] [stdout] ...
[INFO] [stdout] 18 |     pub fn length(&self) -> usize {
[INFO] [stdout]    |            ^^^^^^
[INFO] [stdout] ...
[INFO] [stdout] 22 |     pub fn is_empty(&self) -> bool {
[INFO] [stdout]    |            ^^^^^^^^
[INFO] [stdout] ...
[INFO] [stdout] 26 |     pub fn peek(&self) -> Option<&T> {
[INFO] [stdout]    |            ^^^^
[INFO] [stdout] 
[INFO] [stdout] 
[INFO] [stdout] warning: struct `Queue` is never constructed
[INFO] [stdout]  --> src/data_structures/queue.rs:3:12
[INFO] [stdout]   |
[INFO] [stdout] 3 | pub struct Queue<T>{
[INFO] [stdout]   |            ^^^^^
[INFO] [stdout] 
[INFO] [stdout] 
[INFO] [stdout] warning: associated items `new`, `enqueue`, `dequeue`, `length`, `is_empty`, and `peek` are never used
[INFO] [stdout]   --> src/data_structures/queue.rs:8:12
[INFO] [stdout]    |
[INFO] [stdout] 7  | impl<T> Queue<T> {
[INFO] [stdout]    | ---------------- associated items in this implementation
[INFO] [stdout] 8  |     pub fn new() -> Self {
[INFO] [stdout]    |            ^^^
[INFO] [stdout] ...
[INFO] [stdout] 12 |     pub fn enqueue(&mut self, item: T) {
[INFO] [stdout]    |            ^^^^^^^
[INFO] [stdout] ...
[INFO] [stdout] 16 |     pub fn dequeue(&mut self) -> Option<T> {
[INFO] [stdout]    |            ^^^^^^^
[INFO] [stdout] ...
[INFO] [stdout] 20 |     pub fn length(&self) -> usize {
[INFO] [stdout]    |            ^^^^^^
[INFO] [stdout] ...
[INFO] [stdout] 24 |     pub fn is_empty(&self) -> bool {
[INFO] [stdout]    |            ^^^^^^^^
[INFO] [stdout] ...
[INFO] [stdout] 28 |     pub fn peek(&self) -> Option<&T> {
[INFO] [stdout]    |            ^^^^
[INFO] [stdout] 
[INFO] [stdout] 
[INFO] [stdout] warning: 6 warnings emitted
[INFO] [stdout] 
[INFO] [stdout] 
[INFO] [stderr]     Finished test [unoptimized + debuginfo] target(s) in 0.40s
[INFO] running `Command { std: "docker" "inspect" "106967a64b1a5f6fd9f08b317fe02eafa900d2034d2b64abf3f9349bde661528", kill_on_drop: false }`
[INFO] running `Command { std: "docker" "rm" "-f" "106967a64b1a5f6fd9f08b317fe02eafa900d2034d2b64abf3f9349bde661528", kill_on_drop: false }`
[INFO] [stdout] 106967a64b1a5f6fd9f08b317fe02eafa900d2034d2b64abf3f9349bde661528
[INFO] running `Command { std: "docker" "create" "-v" "/var/lib/crater-agent-workspace/builds/worker-5-tc1/target:/opt/rustwide/target:rw,Z" "-v" "/var/lib/crater-agent-workspace/builds/worker-5-tc1/source:/opt/rustwide/workdir:ro,Z" "-v" "/var/lib/crater-agent-workspace/cargo-home:/opt/rustwide/cargo-home:ro,Z" "-v" "/var/lib/crater-agent-workspace/rustup-home:/opt/rustwide/rustup-home:ro,Z" "-e" "SOURCE_DIR=/opt/rustwide/workdir" "-e" "CARGO_TARGET_DIR=/opt/rustwide/target" "-e" "CARGO_INCREMENTAL=0" "-e" "RUST_BACKTRACE=full" "-e" "RUSTFLAGS=--cap-lints=warn" "-e" "RUSTDOCFLAGS=--cap-lints=warn" "-e" "CARGO_HOME=/opt/rustwide/cargo-home" "-e" "RUSTUP_HOME=/opt/rustwide/rustup-home" "-w" "/opt/rustwide/workdir" "-m" "1610612736" "--user" "0:0" "--network" "none" "ghcr.io/rust-lang/crates-build-env/linux@sha256:2788e3201cd34a07e3172128adcd8b3090168a8e3bcc40d7c032b9dda1df7d1c" "/opt/rustwide/cargo-home/bin/cargo" "+1.75.0" "test" "--frozen", kill_on_drop: false }`
[INFO] [stdout] 2a12a9fe0384c3caa70fe9f9d849da2eb348beaa54d7000743273ff19db5c634
[INFO] running `Command { std: "docker" "start" "-a" "2a12a9fe0384c3caa70fe9f9d849da2eb348beaa54d7000743273ff19db5c634", kill_on_drop: false }`
[INFO] [stderr] warning: function `morse_encode` is never used
[INFO] [stderr]  --> src/ciphers/morse.rs:3:8
[INFO] [stderr]   |
[INFO] [stderr] 3 | pub fn morse_encode(message: String) -> String {
[INFO] [stderr]   |        ^^^^^^^^^^^^
[INFO] [stderr]   |
[INFO] [stderr]   = note: `#[warn(dead_code)]` on by default
[INFO] [stderr] 
[INFO] [stderr] warning: function `morse_decode` is never used
[INFO] [stderr]   --> src/ciphers/morse.rs:52:8
[INFO] [stderr]    |
[INFO] [stderr] 52 | pub fn morse_decode(message: String) -> String {
[INFO] [stderr]    |        ^^^^^^^^^^^^
[INFO] [stderr] 
[INFO] [stderr] warning: struct `Stack` is never constructed
[INFO] [stderr]  --> src/data_structures/stack.rs:1:12
[INFO] [stderr]   |
[INFO] [stderr] 1 | pub struct Stack<T> {
[INFO] [stderr]   |            ^^^^^
[INFO] [stderr] 
[INFO] [stderr] warning: associated items `new`, `push`, `pop`, `length`, `is_empty`, and `peek` are never used
[INFO] [stderr]   --> src/data_structures/stack.rs:6:12
[INFO] [stderr]    |
[INFO] [stderr] 5  | impl<T> Stack<T> {
[INFO] [stderr]    | ---------------- associated items in this implementation
[INFO] [stderr] 6  |     pub fn new() -> Self {
[INFO] [stderr]    |            ^^^
[INFO] [stderr] ...
[INFO] [stderr] 10 |     pub fn push(&mut self, item: T) {
[INFO] [stderr]    |            ^^^^
[INFO] [stderr] ...
[INFO] [stderr] 14 |     pub fn pop(&mut self) -> Option<T> {
[INFO] [stderr]    |            ^^^
[INFO] [stderr] ...
[INFO] [stderr] 18 |     pub fn length(&self) -> usize {
[INFO] [stderr]    |            ^^^^^^
[INFO] [stderr] ...
[INFO] [stderr] 22 |     pub fn is_empty(&self) -> bool {
[INFO] [stderr]    |            ^^^^^^^^
[INFO] [stderr] ...
[INFO] [stderr] 26 |     pub fn peek(&self) -> Option<&T> {
[INFO] [stderr]    |            ^^^^
[INFO] [stderr] 
[INFO] [stderr] warning: struct `Queue` is never constructed
[INFO] [stderr]  --> src/data_structures/queue.rs:3:12
[INFO] [stderr]   |
[INFO] [stderr] 3 | pub struct Queue<T>{
[INFO] [stderr]   |            ^^^^^
[INFO] [stderr] 
[INFO] [stderr] warning: associated items `new`, `enqueue`, `dequeue`, `length`, `is_empty`, and `peek` are never used
[INFO] [stderr]   --> src/data_structures/queue.rs:8:12
[INFO] [stderr]    |
[INFO] [stderr] 7  | impl<T> Queue<T> {
[INFO] [stderr]    | ---------------- associated items in this implementation
[INFO] [stderr] 8  |     pub fn new() -> Self {
[INFO] [stderr]    |            ^^^
[INFO] [stderr] ...
[INFO] [stderr] 12 |     pub fn enqueue(&mut self, item: T) {
[INFO] [stderr]    |            ^^^^^^^
[INFO] [stderr] ...
[INFO] [stderr] 16 |     pub fn dequeue(&mut self) -> Option<T> {
[INFO] [stderr]    |            ^^^^^^^
[INFO] [stderr] ...
[INFO] [stderr] 20 |     pub fn length(&self) -> usize {
[INFO] [stderr]    |            ^^^^^^
[INFO] [stderr] ...
[INFO] [stderr] 24 |     pub fn is_empty(&self) -> bool {
[INFO] [stderr]    |            ^^^^^^^^
[INFO] [stderr] ...
[INFO] [stderr] 28 |     pub fn peek(&self) -> Option<&T> {
[INFO] [stderr]    |            ^^^^
[INFO] [stderr] 
[INFO] [stderr] warning: `algo_dat` (bin "algo_dat" test) generated 6 warnings
[INFO] [stderr]     Finished test [unoptimized + debuginfo] target(s) in 0.00s
[INFO] [stderr]      Running unittests src/main.rs (/opt/rustwide/target/debug/deps/algo_dat-165a9c8aebbedee6)
[INFO] [stdout] 
[INFO] [stdout] running 37 tests
[INFO] [stdout] test algorithms::search::binary_search::test::empty ... ok
[INFO] [stdout] test algorithms::search::binary_search::test::end_index ... ok
[INFO] [stdout] test algorithms::search::binary_search::test::empty_letter ... ok
[INFO] [stdout] test algorithms::search::binary_search::test::first_index ... ok
[INFO] [stdout] test algorithms::search::binary_search::test::last_index_letter ... ok
[INFO] [stdout] test algorithms::search::binary_search::test::first_index_letters ... ok
[INFO] [stdout] test algorithms::search::binary_search_recursive::tests::fail_empty_list ... ok
[INFO] [stdout] test algorithms::search::binary_search_recursive::tests::fail_search_integers ... ok
[INFO] [stdout] test algorithms::search::binary_search_recursive::tests::fail_search_strings_asc ... ok
[INFO] [stdout] test algorithms::search::binary_search_recursive::tests::fail_search_strings_desc ... ok
[INFO] [stdout] test algorithms::search::binary_search_recursive::tests::success_one_item ... ok
[INFO] [stdout] test algorithms::search::binary_search_recursive::tests::success_search_integer_in_middle_of_unsorted_list ... ok
[INFO] [stdout] test algorithms::search::binary_search_recursive::tests::success_search_integers_asc ... ok
[INFO] [stdout] test algorithms::search::binary_search_recursive::tests::success_search_integers_desc ... ok
[INFO] [stdout] test algorithms::search::binary_search_recursive::tests::success_search_string_in_middle_of_unsorted_list ... ok
[INFO] [stdout] test algorithms::search::binary_search_recursive::tests::success_search_strings_asc ... ok
[INFO] [stdout] test algorithms::search::binary_search_recursive::tests::success_search_strings_desc ... ok
[INFO] [stdout] test algorithms::search::elif_search::test::elfi_search_none ... ok
[INFO] [stdout] test algorithms::search::elif_search::test::elif_search_test ... ok
[INFO] [stdout] test algorithms::search::exponential_search::test::exponential_search_test ... ok
[INFO] [stdout] test algorithms::search::exponential_search::test::exponential_search_test_two ... ok
[INFO] [stdout] test algorithms::search::jump_search::test::jump_search_test_one ... ok
[INFO] [stdout] test algorithms::search::jump_search::test::jump_search_test_three ... ok
[INFO] [stdout] test algorithms::search::jump_search::test::jump_search_test_two ... ok
[INFO] [stdout] test algorithms::search::linear_search::test::empty ... ok
[INFO] [stdout] test algorithms::search::linear_search::test::empty_letter ... ok
[INFO] [stdout] test algorithms::search::linear_search::test::end_index ... ok
[INFO] [stdout] test algorithms::search::linear_search::test::first_index ... ok
[INFO] [stdout] test algorithms::search::linear_search::test::first_index_letters ... ok
[INFO] [stdout] test algorithms::search::linear_search::test::last_index_letter ... ok
[INFO] [stdout] test algorithms::sort::bubble_sort::test::ascending ... ok
[INFO] [stdout] test algorithms::sort::bubble_sort::test::descending ... ok
[INFO] [stdout] test algorithms::sort::insertion_sort::test::insertion_sort_test ... ok
[INFO] [stdout] test ciphers::xor_cipher::test::xor_cipher_test ... ok
[INFO] [stdout] test ciphers::xor_cipher::test::xor_cipher_test_two ... ok
[INFO] [stdout] test ciphers::ceasar::test::ceasar_cypher_test ... FAILED
[INFO] [stdout] test ciphers::ceasar::test::ceaser_decyper_test ... FAILED
[INFO] [stdout] 
[INFO] [stdout] failures:
[INFO] [stdout] 
[INFO] [stdout] ---- ciphers::ceasar::test::ceasar_cypher_test stdout ----
[INFO] [stdout] thread 'ciphers::ceasar::test::ceasar_cypher_test' panicked at src/ciphers/ceasar.rs:54:9:
[INFO] [stdout] assertion `left == right` failed
[INFO] [stdout]   left: "qbttxpse\u{1}"
[INFO] [stdout]  right: "qbttxpsea"
[INFO] [stdout] stack backtrace:
[INFO] [stdout]    0:     0x560f6a4b177c - std::backtrace_rs::backtrace::libunwind::trace::ha637c64ce894333a
[INFO] [stdout]                                at /rustc/82e1608dfa6e0b5569232559e3d385fea5a93112/library/std/src/../../backtrace/src/backtrace/libunwind.rs:104:5
[INFO] [stdout]    1:     0x560f6a4b177c - std::backtrace_rs::backtrace::trace_unsynchronized::h47f62dea28e0c88d
[INFO] [stdout]                                at /rustc/82e1608dfa6e0b5569232559e3d385fea5a93112/library/std/src/../../backtrace/src/backtrace/mod.rs:66:5
[INFO] [stdout]    2:     0x560f6a4b177c - std::sys_common::backtrace::_print_fmt::h9eef0abe20ede486
[INFO] [stdout]                                at /rustc/82e1608dfa6e0b5569232559e3d385fea5a93112/library/std/src/sys_common/backtrace.rs:67:5
[INFO] [stdout]    3:     0x560f6a4b177c - <std::sys_common::backtrace::_print::DisplayBacktrace as core::fmt::Display>::fmt::hed7f999df88cc644
[INFO] [stdout]                                at /rustc/82e1608dfa6e0b5569232559e3d385fea5a93112/library/std/src/sys_common/backtrace.rs:44:22
[INFO] [stdout]    4:     0x560f6a4dba80 - core::fmt::rt::Argument::fmt::h1539a9308b8d058d
[INFO] [stdout]                                at /rustc/82e1608dfa6e0b5569232559e3d385fea5a93112/library/core/src/fmt/rt.rs:142:9
[INFO] [stdout]    5:     0x560f6a4dba80 - core::fmt::write::h3a39390d8560d9c9
[INFO] [stdout]                                at /rustc/82e1608dfa6e0b5569232559e3d385fea5a93112/library/core/src/fmt/mod.rs:1120:17
[INFO] [stdout]    6:     0x560f6a4af12f - std::io::Write::write_fmt::h040b369f3a0f9cbc
[INFO] [stdout]                                at /rustc/82e1608dfa6e0b5569232559e3d385fea5a93112/library/std/src/io/mod.rs:1762:15
[INFO] [stdout]    7:     0x560f6a4b1564 - std::sys_common::backtrace::_print::h894006fb5c6f3d45
[INFO] [stdout]                                at /rustc/82e1608dfa6e0b5569232559e3d385fea5a93112/library/std/src/sys_common/backtrace.rs:47:5
[INFO] [stdout]    8:     0x560f6a4b1564 - std::sys_common::backtrace::print::h23a2d212c6fff936
[INFO] [stdout]                                at /rustc/82e1608dfa6e0b5569232559e3d385fea5a93112/library/std/src/sys_common/backtrace.rs:34:9
[INFO] [stdout]    9:     0x560f6a4b3227 - std::panicking::default_hook::{{closure}}::h8a1d2ee00185001a
[INFO] [stdout]   10:     0x560f6a4b2f13 - std::panicking::default_hook::h6038f2eba384e475
[INFO] [stdout]                                at /rustc/82e1608dfa6e0b5569232559e3d385fea5a93112/library/std/src/panicking.rs:289:9
[INFO] [stdout]   11:     0x560f6a483927 - <alloc::boxed::Box<F,A> as core::ops::function::Fn<Args>>::call::h0ad024c9bdc6d768
[INFO] [stdout]                                at /rustc/82e1608dfa6e0b5569232559e3d385fea5a93112/library/alloc/src/boxed.rs:2021:9
[INFO] [stdout]   12:     0x560f6a483927 - test::test_main::{{closure}}::h7500b54257359db6
[INFO] [stdout]                                at /rustc/82e1608dfa6e0b5569232559e3d385fea5a93112/library/test/src/lib.rs:138:21
[INFO] [stdout]   13:     0x560f6a4b3838 - <alloc::boxed::Box<F,A> as core::ops::function::Fn<Args>>::call::h1f8f335eaa9cfaee
[INFO] [stdout]                                at /rustc/82e1608dfa6e0b5569232559e3d385fea5a93112/library/alloc/src/boxed.rs:2021:9
[INFO] [stdout]   14:     0x560f6a4b3838 - std::panicking::rust_panic_with_hook::h2b5517d590cab22e
[INFO] [stdout]                                at /rustc/82e1608dfa6e0b5569232559e3d385fea5a93112/library/std/src/panicking.rs:783:13
[INFO] [stdout]   15:     0x560f6a4b358e - std::panicking::begin_panic_handler::{{closure}}::h233112c06e0ef43e
[INFO] [stdout]                                at /rustc/82e1608dfa6e0b5569232559e3d385fea5a93112/library/std/src/panicking.rs:657:13
[INFO] [stdout]   16:     0x560f6a4b1c46 - std::sys_common::backtrace::__rust_end_short_backtrace::h6e893f24d7ebbff8
[INFO] [stdout]                                at /rustc/82e1608dfa6e0b5569232559e3d385fea5a93112/library/std/src/sys_common/backtrace.rs:170:18
[INFO] [stdout]   17:     0x560f6a4b32f2 - rust_begin_unwind
[INFO] [stdout]                                at /rustc/82e1608dfa6e0b5569232559e3d385fea5a93112/library/std/src/panicking.rs:645:5
[INFO] [stdout]   18:     0x560f6a437cf5 - core::panicking::panic_fmt::hbf0e066aabfa482c
[INFO] [stdout]                                at /rustc/82e1608dfa6e0b5569232559e3d385fea5a93112/library/core/src/panicking.rs:72:14
[INFO] [stdout]   19:     0x560f6a43810b - core::panicking::assert_failed_inner::h0bba8b7c26ee4492
[INFO] [stdout]   20:     0x560f6a44992e - core::panicking::assert_failed::hfa17575e604e28cf
[INFO] [stdout]                                at /rustc/82e1608dfa6e0b5569232559e3d385fea5a93112/library/core/src/panicking.rs:279:5
[INFO] [stdout]   21:     0x560f6a44cf09 - algo_dat::ciphers::ceasar::test::ceasar_cypher_test::h77f5784c51efc90c
[INFO] [stdout]                                at /opt/rustwide/workdir/src/ciphers/ceasar.rs:54:9
[INFO] [stdout]   22:     0x560f6a44cd77 - algo_dat::ciphers::ceasar::test::ceasar_cypher_test::{{closure}}::hac2e886e192f4be4
[INFO] [stdout]                                at /opt/rustwide/workdir/src/ciphers/ceasar.rs:49:28
[INFO] [stdout]   23:     0x560f6a442ed6 - core::ops::function::FnOnce::call_once::h7b49709a9afc2d38
[INFO] [stdout]                                at /rustc/82e1608dfa6e0b5569232559e3d385fea5a93112/library/core/src/ops/function.rs:250:5
[INFO] [stdout]   24:     0x560f6a488f7f - core::ops::function::FnOnce::call_once::h2b5d431d5046312d
[INFO] [stdout]                                at /rustc/82e1608dfa6e0b5569232559e3d385fea5a93112/library/core/src/ops/function.rs:250:5
[INFO] [stdout]   25:     0x560f6a488f7f - test::__rust_begin_short_backtrace::h7714669af176e207
[INFO] [stdout]                                at /rustc/82e1608dfa6e0b5569232559e3d385fea5a93112/library/test/src/lib.rs:628:18
[INFO] [stdout]   26:     0x560f6a487f95 - test::run_test_in_process::{{closure}}::h85218797dcbcec12
[INFO] [stdout]                                at /rustc/82e1608dfa6e0b5569232559e3d385fea5a93112/library/test/src/lib.rs:651:60
[INFO] [stdout]   27:     0x560f6a487f95 - <core::panic::unwind_safe::AssertUnwindSafe<F> as core::ops::function::FnOnce<()>>::call_once::h76c106ea31c14d7b
[INFO] [stdout]                                at /rustc/82e1608dfa6e0b5569232559e3d385fea5a93112/library/core/src/panic/unwind_safe.rs:272:9
[INFO] [stdout]   28:     0x560f6a487f95 - std::panicking::try::do_call::h3bd5d0f6620ee946
[INFO] [stdout]                                at /rustc/82e1608dfa6e0b5569232559e3d385fea5a93112/library/std/src/panicking.rs:552:40
[INFO] [stdout]   29:     0x560f6a487f95 - std::panicking::try::h232e535e4744fe31
[INFO] [stdout]                                at /rustc/82e1608dfa6e0b5569232559e3d385fea5a93112/library/std/src/panicking.rs:516:19
[INFO] [stdout]   30:     0x560f6a487f95 - std::panic::catch_unwind::h3ce3bd6ca8dbac68
[INFO] [stdout]                                at /rustc/82e1608dfa6e0b5569232559e3d385fea5a93112/library/std/src/panic.rs:142:14
[INFO] [stdout]   31:     0x560f6a487f95 - test::run_test_in_process::hc97b257c9621286a
[INFO] [stdout]                                at /rustc/82e1608dfa6e0b5569232559e3d385fea5a93112/library/test/src/lib.rs:651:27
[INFO] [stdout]   32:     0x560f6a487f95 - test::run_test::{{closure}}::h2aa798823a438d38
[INFO] [stdout]                                at /rustc/82e1608dfa6e0b5569232559e3d385fea5a93112/library/test/src/lib.rs:574:43
[INFO] [stdout]   33:     0x560f6a450256 - test::run_test::{{closure}}::h87d231c78fb59832
[INFO] [stdout]                                at /rustc/82e1608dfa6e0b5569232559e3d385fea5a93112/library/test/src/lib.rs:602:41
[INFO] [stdout]   34:     0x560f6a450256 - std::sys_common::backtrace::__rust_begin_short_backtrace::he6df152596625789
[INFO] [stdout]                                at /rustc/82e1608dfa6e0b5569232559e3d385fea5a93112/library/std/src/sys_common/backtrace.rs:154:18
[INFO] [stdout]   35:     0x560f6a455307 - std::thread::Builder::spawn_unchecked_::{{closure}}::{{closure}}::ha94be15d1e0acf36
[INFO] [stdout]                                at /rustc/82e1608dfa6e0b5569232559e3d385fea5a93112/library/std/src/thread/mod.rs:529:17
[INFO] [stdout]   36:     0x560f6a455307 - <core::panic::unwind_safe::AssertUnwindSafe<F> as core::ops::function::FnOnce<()>>::call_once::h9dc6bd6372f16606
[INFO] [stdout]                                at /rustc/82e1608dfa6e0b5569232559e3d385fea5a93112/library/core/src/panic/unwind_safe.rs:272:9
[INFO] [stdout]   37:     0x560f6a455307 - std::panicking::try::do_call::h9057517f80303cd4
[INFO] [stdout]                                at /rustc/82e1608dfa6e0b5569232559e3d385fea5a93112/library/std/src/panicking.rs:552:40
[INFO] [stdout]   38:     0x560f6a455307 - std::panicking::try::he3a30b11ee45340c
[INFO] [stdout]                                at /rustc/82e1608dfa6e0b5569232559e3d385fea5a93112/library/std/src/panicking.rs:516:19
[INFO] [stdout]   39:     0x560f6a455307 - std::panic::catch_unwind::h410458cfd3528b8b
[INFO] [stdout]                                at /rustc/82e1608dfa6e0b5569232559e3d385fea5a93112/library/std/src/panic.rs:142:14
[INFO] [stdout]   40:     0x560f6a455307 - std::thread::Builder::spawn_unchecked_::{{closure}}::h72ac3bdb567b737b
[INFO] [stdout]                                at /rustc/82e1608dfa6e0b5569232559e3d385fea5a93112/library/std/src/thread/mod.rs:528:30
[INFO] [stdout]   41:     0x560f6a455307 - core::ops::function::FnOnce::call_once{{vtable.shim}}::h38f34da3654a8344
[INFO] [stdout]                                at /rustc/82e1608dfa6e0b5569232559e3d385fea5a93112/library/core/src/ops/function.rs:250:5
[INFO] [stdout]   42:     0x560f6a4b82c5 - <alloc::boxed::Box<F,A> as core::ops::function::FnOnce<Args>>::call_once::hc7eafaff61e32df9
[INFO] [stdout]                                at /rustc/82e1608dfa6e0b5569232559e3d385fea5a93112/library/alloc/src/boxed.rs:2007:9
[INFO] [stdout]   43:     0x560f6a4b82c5 - <alloc::boxed::Box<F,A> as core::ops::function::FnOnce<Args>>::call_once::h6ba4a5de48dd2304
[INFO] [stdout]                                at /rustc/82e1608dfa6e0b5569232559e3d385fea5a93112/library/alloc/src/boxed.rs:2007:9
[INFO] [stdout]   44:     0x560f6a4b82c5 - std::sys::unix::thread::Thread::new::thread_start::he469335aef763e45
[INFO] [stdout]                                at /rustc/82e1608dfa6e0b5569232559e3d385fea5a93112/library/std/src/sys/unix/thread.rs:108:17
[INFO] [stdout]   45:     0x7f70c1215ac3 - <unknown>
[INFO] [stdout]   46:     0x7f70c12a6bf4 - __clone
[INFO] [stdout]   47:                0x0 - <unknown>
[INFO] [stdout] 
[INFO] [stdout] ---- ciphers::ceasar::test::ceaser_decyper_test stdout ----
[INFO] [stdout] thread 'ciphers::ceasar::test::ceaser_decyper_test' panicked at src/ciphers/ceasar.rs:63:9:
[INFO] [stdout] assertion `left == right` failed
[INFO] [stdout]   left: "password`"
[INFO] [stdout]  right: "password"
[INFO] [stdout] stack backtrace:
[INFO] [stdout]    0:     0x560f6a4b177c - std::backtrace_rs::backtrace::libunwind::trace::ha637c64ce894333a
[INFO] [stdout]                                at /rustc/82e1608dfa6e0b5569232559e3d385fea5a93112/library/std/src/../../backtrace/src/backtrace/libunwind.rs:104:5
[INFO] [stdout]    1:     0x560f6a4b177c - std::backtrace_rs::backtrace::trace_unsynchronized::h47f62dea28e0c88d
[INFO] [stdout]                                at /rustc/82e1608dfa6e0b5569232559e3d385fea5a93112/library/std/src/../../backtrace/src/backtrace/mod.rs:66:5
[INFO] [stdout]    2:     0x560f6a4b177c - std::sys_common::backtrace::_print_fmt::h9eef0abe20ede486
[INFO] [stdout]                                at /rustc/82e1608dfa6e0b5569232559e3d385fea5a93112/library/std/src/sys_common/backtrace.rs:67:5
[INFO] [stdout]    3:     0x560f6a4b177c - <std::sys_common::backtrace::_print::DisplayBacktrace as core::fmt::Display>::fmt::hed7f999df88cc644
[INFO] [stdout]                                at /rustc/82e1608dfa6e0b5569232559e3d385fea5a93112/library/std/src/sys_common/backtrace.rs:44:22
[INFO] [stdout]    4:     0x560f6a4dba80 - core::fmt::rt::Argument::fmt::h1539a9308b8d058d
[INFO] [stdout]                                at /rustc/82e1608dfa6e0b5569232559e3d385fea5a93112/library/core/src/fmt/rt.rs:142:9
[INFO] [stdout]    5:     0x560f6a4dba80 - core::fmt::write::h3a39390d8560d9c9
[INFO] [stdout]                                at /rustc/82e1608dfa6e0b5569232559e3d385fea5a93112/library/core/src/fmt/mod.rs:1120:17
[INFO] [stdout]    6:     0x560f6a4af12f - std::io::Write::write_fmt::h040b369f3a0f9cbc
[INFO] [stdout]                                at /rustc/82e1608dfa6e0b5569232559e3d385fea5a93112/library/std/src/io/mod.rs:1762:15
[INFO] [stdout]    7:     0x560f6a4b1564 - std::sys_common::backtrace::_print::h894006fb5c6f3d45
[INFO] [stdout]                                at /rustc/82e1608dfa6e0b5569232559e3d385fea5a93112/library/std/src/sys_common/backtrace.rs:47:5
[INFO] [stdout]    8:     0x560f6a4b1564 - std::sys_common::backtrace::print::h23a2d212c6fff936
[INFO] [stdout]                                at /rustc/82e1608dfa6e0b5569232559e3d385fea5a93112/library/std/src/sys_common/backtrace.rs:34:9
[INFO] [stdout]    9:     0x560f6a4b3227 - std::panicking::default_hook::{{closure}}::h8a1d2ee00185001a
[INFO] [stdout]   10:     0x560f6a4b2f13 - std::panicking::default_hook::h6038f2eba384e475
[INFO] [stdout]                                at /rustc/82e1608dfa6e0b5569232559e3d385fea5a93112/library/std/src/panicking.rs:289:9
[INFO] [stdout]   11:     0x560f6a483927 - <alloc::boxed::Box<F,A> as core::ops::function::Fn<Args>>::call::h0ad024c9bdc6d768
[INFO] [stdout]                                at /rustc/82e1608dfa6e0b5569232559e3d385fea5a93112/library/alloc/src/boxed.rs:2021:9
[INFO] [stdout]   12:     0x560f6a483927 - test::test_main::{{closure}}::h7500b54257359db6
[INFO] [stdout]                                at /rustc/82e1608dfa6e0b5569232559e3d385fea5a93112/library/test/src/lib.rs:138:21
[INFO] [stdout]   13:     0x560f6a4b3838 - <alloc::boxed::Box<F,A> as core::ops::function::Fn<Args>>::call::h1f8f335eaa9cfaee
[INFO] [stdout]                                at /rustc/82e1608dfa6e0b5569232559e3d385fea5a93112/library/alloc/src/boxed.rs:2021:9
[INFO] [stdout]   14:     0x560f6a4b3838 - std::panicking::rust_panic_with_hook::h2b5517d590cab22e
[INFO] [stdout]                                at /rustc/82e1608dfa6e0b5569232559e3d385fea5a93112/library/std/src/panicking.rs:783:13
[INFO] [stdout]   15:     0x560f6a4b358e - std::panicking::begin_panic_handler::{{closure}}::h233112c06e0ef43e
[INFO] [stdout]                                at /rustc/82e1608dfa6e0b5569232559e3d385fea5a93112/library/std/src/panicking.rs:657:13
[INFO] [stdout]   16:     0x560f6a4b1c46 - std::sys_common::backtrace::__rust_end_short_backtrace::h6e893f24d7ebbff8
[INFO] [stdout]                                at /rustc/82e1608dfa6e0b5569232559e3d385fea5a93112/library/std/src/sys_common/backtrace.rs:170:18
[INFO] [stdout]   17:     0x560f6a4b32f2 - rust_begin_unwind
[INFO] [stdout]                                at /rustc/82e1608dfa6e0b5569232559e3d385fea5a93112/library/std/src/panicking.rs:645:5
[INFO] [stdout]   18:     0x560f6a437cf5 - core::panicking::panic_fmt::hbf0e066aabfa482c
[INFO] [stdout]                                at /rustc/82e1608dfa6e0b5569232559e3d385fea5a93112/library/core/src/panicking.rs:72:14
[INFO] [stdout]   19:     0x560f6a43810b - core::panicking::assert_failed_inner::h0bba8b7c26ee4492
[INFO] [stdout]   20:     0x560f6a44992e - core::panicking::assert_failed::hfa17575e604e28cf
[INFO] [stdout]                                at /rustc/82e1608dfa6e0b5569232559e3d385fea5a93112/library/core/src/panicking.rs:279:5
[INFO] [stdout]   21:     0x560f6a44d0fc - algo_dat::ciphers::ceasar::test::ceaser_decyper_test::h4d7ee9b1094766ca
[INFO] [stdout]                                at /opt/rustwide/workdir/src/ciphers/ceasar.rs:63:9
[INFO] [stdout]   22:     0x560f6a44cf77 - algo_dat::ciphers::ceasar::test::ceaser_decyper_test::{{closure}}::hdd13963a051ba8c0
[INFO] [stdout]                                at /opt/rustwide/workdir/src/ciphers/ceasar.rs:58:29
[INFO] [stdout]   23:     0x560f6a443016 - core::ops::function::FnOnce::call_once::h85360e6d345d6f83
[INFO] [stdout]                                at /rustc/82e1608dfa6e0b5569232559e3d385fea5a93112/library/core/src/ops/function.rs:250:5
[INFO] [stdout]   24:     0x560f6a488f7f - core::ops::function::FnOnce::call_once::h2b5d431d5046312d
[INFO] [stdout]                                at /rustc/82e1608dfa6e0b5569232559e3d385fea5a93112/library/core/src/ops/function.rs:250:5
[INFO] [stdout]   25:     0x560f6a488f7f - test::__rust_begin_short_backtrace::h7714669af176e207
[INFO] [stdout]                                at /rustc/82e1608dfa6e0b5569232559e3d385fea5a93112/library/test/src/lib.rs:628:18
[INFO] [stdout]   26:     0x560f6a487f95 - test::run_test_in_process::{{closure}}::h85218797dcbcec12
[INFO] [stdout]                                at /rustc/82e1608dfa6e0b5569232559e3d385fea5a93112/library/test/src/lib.rs:651:60
[INFO] [stdout]   27:     0x560f6a487f95 - <core::panic::unwind_safe::AssertUnwindSafe<F> as core::ops::function::FnOnce<()>>::call_once::h76c106ea31c14d7b
[INFO] [stdout]                                at /rustc/82e1608dfa6e0b5569232559e3d385fea5a93112/library/core/src/panic/unwind_safe.rs:272:9
[INFO] [stdout]   28:     0x560f6a487f95 - std::panicking::try::do_call::h3bd5d0f6620ee946
[INFO] [stdout]                                at /rustc/82e1608dfa6e0b5569232559e3d385fea5a93112/library/std/src/panicking.rs:552:40
[INFO] [stdout]   29:     0x560f6a487f95 - std::panicking::try::h232e535e4744fe31
[INFO] [stdout]                                at /rustc/82e1608dfa6e0b5569232559e3d385fea5a93112/library/std/src/panicking.rs:516:19
[INFO] [stdout]   30:     0x560f6a487f95 - std::panic::catch_unwind::h3ce3bd6ca8dbac68
[INFO] [stdout]                                at /rustc/82e1608dfa6e0b5569232559e3d385fea5a93112/library/std/src/panic.rs:142:14
[INFO] [stdout]   31:     0x560f6a487f95 - test::run_test_in_process::hc97b257c9621286a
[INFO] [stdout]                                at /rustc/82e1608dfa6e0b5569232559e3d385fea5a93112/library/test/src/lib.rs:651:27
[INFO] [stdout]   32:     0x560f6a487f95 - test::run_test::{{closure}}::h2aa798823a438d38
[INFO] [stdout]                                at /rustc/82e1608dfa6e0b5569232559e3d385fea5a93112/library/test/src/lib.rs:574:43
[INFO] [stdout]   33:     0x560f6a450256 - test::run_test::{{closure}}::h87d231c78fb59832
[INFO] [stdout]                                at /rustc/82e1608dfa6e0b5569232559e3d385fea5a93112/library/test/src/lib.rs:602:41
[INFO] [stdout]   34:     0x560f6a450256 - std::sys_common::backtrace::__rust_begin_short_backtrace::he6df152596625789
[INFO] [stdout]                                at /rustc/82e1608dfa6e0b5569232559e3d385fea5a93112/library/std/src/sys_common/backtrace.rs:154:18
[INFO] [stdout]   35:     0x560f6a455307 - std::thread::Builder::spawn_unchecked_::{{closure}}::{{closure}}::ha94be15d1e0acf36
[INFO] [stdout]                                at /rustc/82e1608dfa6e0b5569232559e3d385fea5a93112/library/std/src/thread/mod.rs:529:17
[INFO] [stdout]   36:     0x560f6a455307 - <core::panic::unwind_safe::AssertUnwindSafe<F> as core::ops::function::FnOnce<()>>::call_once::h9dc6bd6372f16606
[INFO] [stdout]                                at /rustc/82e1608dfa6e0b5569232559e3d385fea5a93112/library/core/src/panic/unwind_safe.rs:272:9
[INFO] [stdout]   37:     0x560f6a455307 - std::panicking::try::do_call::h9057517f80303cd4
[INFO] [stdout]                                at /rustc/82e1608dfa6e0b5569232559e3d385fea5a93112/library/std/src/panicking.rs:552:40
[INFO] [stdout]   38:     0x560f6a455307 - std::panicking::try::he3a30b11ee45340c
[INFO] [stdout]                                at /rustc/82e1608dfa6e0b5569232559e3d385fea5a93112/library/std/src/panicking.rs:516:19
[INFO] [stdout]   39:     0x560f6a455307 - std::panic::catch_unwind::h410458cfd3528b8b
[INFO] [stdout]                                at /rustc/82e1608dfa6e0b5569232559e3d385fea5a93112/library/std/src/panic.rs:142:14
[INFO] [stdout]   40:     0x560f6a455307 - std::thread::Builder::spawn_unchecked_::{{closure}}::h72ac3bdb567b737b
[INFO] [stdout]                                at /rustc/82e1608dfa6e0b5569232559e3d385fea5a93112/library/std/src/thread/mod.rs:528:30
[INFO] [stdout]   41:     0x560f6a455307 - core::ops::function::FnOnce::call_once{{vtable.shim}}::h38f34da3654a8344
[INFO] [stdout]                                at /rustc/82e1608dfa6e0b5569232559e3d385fea5a93112/library/core/src/ops/function.rs:250:5
[INFO] [stdout]   42:     0x560f6a4b82c5 - <alloc::boxed::Box<F,A> as core::ops::function::FnOnce<Args>>::call_once::hc7eafaff61e32df9
[INFO] [stdout]                                at /rustc/82e1608dfa6e0b5569232559e3d385fea5a93112/library/alloc/src/boxed.rs:2007:9
[INFO] [stdout]   43:     0x560f6a4b82c5 - <alloc::boxed::Box<F,A> as core::ops::function::FnOnce<Args>>::call_once::h6ba4a5de48dd2304
[INFO] [stdout]                                at /rustc/82e1608dfa6e0b5569232559e3d385fea5a93112/library/alloc/src/boxed.rs:2007:9
[INFO] [stdout]   44:     0x560f6a4b82c5 - std::sys::unix::thread::Thread::new::thread_start::he469335aef763e45
[INFO] [stdout]                                at /rustc/82e1608dfa6e0b5569232559e3d385fea5a93112/library/std/src/sys/unix/thread.rs:108:17
[INFO] [stdout]   45:     0x7f70c1215ac3 - <unknown>
[INFO] [stdout]   46:     0x7f70c12a6bf4 - __clone
[INFO] [stdout]   47:                0x0 - <unknown>
[INFO] [stdout] 
[INFO] [stdout] 
[INFO] [stdout] failures:
[INFO] [stdout]     ciphers::ceasar::test::ceasar_cypher_test
[INFO] [stdout]     ciphers::ceasar::test::ceaser_decyper_test
[INFO] [stdout] 
[INFO] [stdout] test result: FAILED. 35 passed; 2 failed; 0 ignored; 0 measured; 0 filtered out; finished in 0.01s
[INFO] [stdout] 
[INFO] [stderr] error: test failed, to rerun pass `--bin algo_dat`
[INFO] running `Command { std: "docker" "inspect" "2a12a9fe0384c3caa70fe9f9d849da2eb348beaa54d7000743273ff19db5c634", kill_on_drop: false }`
[INFO] running `Command { std: "docker" "rm" "-f" "2a12a9fe0384c3caa70fe9f9d849da2eb348beaa54d7000743273ff19db5c634", kill_on_drop: false }`
[INFO] [stdout] 2a12a9fe0384c3caa70fe9f9d849da2eb348beaa54d7000743273ff19db5c634
[INFO] testing b1twe1ser/das_Rust against beta-2023-12-22 for beta-1.76-1
[INFO] running `Command { std: "git" "clone" "/workspace/cache/git-repos/https%3A%2F%2Fgithub.com%2Fb1twe1ser%2Fdas_Rust" "/workspace/builds/worker-5-tc2/source", kill_on_drop: false }`
[INFO] [stderr] Cloning into '/workspace/builds/worker-5-tc2/source'...
[INFO] [stderr] done.
[INFO] validating manifest of git repo https://github.com/b1twe1ser/das_Rust on toolchain beta-2023-12-22
[INFO] running `Command { std: CARGO_HOME="/workspace/cargo-home" RUSTUP_HOME="/workspace/rustup-home" "/workspace/cargo-home/bin/cargo" "+beta-2023-12-22" "metadata" "--manifest-path" "Cargo.toml" "--no-deps", kill_on_drop: false }`
[INFO] started tweaking git repo https://github.com/b1twe1ser/das_Rust
[INFO] finished tweaking git repo https://github.com/b1twe1ser/das_Rust
[INFO] tweaked toml for git repo https://github.com/b1twe1ser/das_Rust written to /workspace/builds/worker-5-tc2/source/Cargo.toml
[INFO] crate git repo https://github.com/b1twe1ser/das_Rust already has a lockfile, it will not be regenerated
[INFO] running `Command { std: CARGO_HOME="/workspace/cargo-home" RUSTUP_HOME="/workspace/rustup-home" "/workspace/cargo-home/bin/cargo" "+beta-2023-12-22" "fetch" "--manifest-path" "Cargo.toml", kill_on_drop: false }`
[INFO] running `Command { std: "docker" "create" "-v" "/var/lib/crater-agent-workspace/builds/worker-5-tc2/target:/opt/rustwide/target:rw,Z" "-v" "/var/lib/crater-agent-workspace/builds/worker-5-tc2/source:/opt/rustwide/workdir:ro,Z" "-v" "/var/lib/crater-agent-workspace/cargo-home:/opt/rustwide/cargo-home:ro,Z" "-v" "/var/lib/crater-agent-workspace/rustup-home:/opt/rustwide/rustup-home:ro,Z" "-e" "SOURCE_DIR=/opt/rustwide/workdir" "-e" "CARGO_TARGET_DIR=/opt/rustwide/target" "-e" "CARGO_HOME=/opt/rustwide/cargo-home" "-e" "RUSTUP_HOME=/opt/rustwide/rustup-home" "-w" "/opt/rustwide/workdir" "-m" "1610612736" "--user" "0:0" "--network" "none" "ghcr.io/rust-lang/crates-build-env/linux@sha256:2788e3201cd34a07e3172128adcd8b3090168a8e3bcc40d7c032b9dda1df7d1c" "/opt/rustwide/cargo-home/bin/cargo" "+beta-2023-12-22" "metadata" "--no-deps" "--format-version=1", kill_on_drop: false }`
[INFO] [stdout] e1f29f1dfc307034549765da93b2772bd4d8a0477c5d32029f1b458573b6bfbc
[INFO] running `Command { std: "docker" "start" "-a" "e1f29f1dfc307034549765da93b2772bd4d8a0477c5d32029f1b458573b6bfbc", kill_on_drop: false }`
[INFO] running `Command { std: "docker" "inspect" "e1f29f1dfc307034549765da93b2772bd4d8a0477c5d32029f1b458573b6bfbc", kill_on_drop: false }`
[INFO] running `Command { std: "docker" "rm" "-f" "e1f29f1dfc307034549765da93b2772bd4d8a0477c5d32029f1b458573b6bfbc", kill_on_drop: false }`
[INFO] [stdout] e1f29f1dfc307034549765da93b2772bd4d8a0477c5d32029f1b458573b6bfbc
[INFO] running `Command { std: "docker" "create" "-v" "/var/lib/crater-agent-workspace/builds/worker-5-tc2/target:/opt/rustwide/target:rw,Z" "-v" "/var/lib/crater-agent-workspace/builds/worker-5-tc2/source:/opt/rustwide/workdir:ro,Z" "-v" "/var/lib/crater-agent-workspace/cargo-home:/opt/rustwide/cargo-home:ro,Z" "-v" "/var/lib/crater-agent-workspace/rustup-home:/opt/rustwide/rustup-home:ro,Z" "-e" "SOURCE_DIR=/opt/rustwide/workdir" "-e" "CARGO_TARGET_DIR=/opt/rustwide/target" "-e" "CARGO_INCREMENTAL=0" "-e" "RUST_BACKTRACE=full" "-e" "RUSTFLAGS=--cap-lints=warn" "-e" "RUSTDOCFLAGS=--cap-lints=warn" "-e" "CARGO_HOME=/opt/rustwide/cargo-home" "-e" "RUSTUP_HOME=/opt/rustwide/rustup-home" "-w" "/opt/rustwide/workdir" "-m" "1610612736" "--user" "0:0" "--network" "none" "ghcr.io/rust-lang/crates-build-env/linux@sha256:2788e3201cd34a07e3172128adcd8b3090168a8e3bcc40d7c032b9dda1df7d1c" "/opt/rustwide/cargo-home/bin/cargo" "+beta-2023-12-22" "build" "--frozen" "--message-format=json", kill_on_drop: false }`
[INFO] [stdout] 2833ffab5986db6dbe143a62885119f6e811a0af285c812362c06b3c8b0c3b3e
[INFO] running `Command { std: "docker" "start" "-a" "2833ffab5986db6dbe143a62885119f6e811a0af285c812362c06b3c8b0c3b3e", kill_on_drop: false }`
[INFO] [stderr]    Compiling algo_dat v0.1.0 (/opt/rustwide/workdir)
[INFO] [stdout] warning: function `elif_search` is never used
[INFO] [stdout]  --> src/algorithms/search/elif_search.rs:3:8
[INFO] [stdout]   |
[INFO] [stdout] 3 | pub fn elif_search<T: Ord>(arr: &[T], item: &T) -> Option<usize> {
[INFO] [stdout]   |        ^^^^^^^^^^^
[INFO] [stdout]   |
[INFO] [stdout]   = note: `#[warn(dead_code)]` on by default
[INFO] [stdout] 
[INFO] [stdout] 
[INFO] [stdout] warning: function `exponential_search` is never used
[INFO] [stdout]  --> src/algorithms/search/exponential_search.rs:3:8
[INFO] [stdout]   |
[INFO] [stdout] 3 | pub fn exponential_search<T: Ord>(arr: &[T], item: &T) -> Option<usize> {
[INFO] [stdout]   |        ^^^^^^^^^^^^^^^^^^
[INFO] [stdout] 
[INFO] [stdout] 
[INFO] [stdout] warning: function `jump_search` is never used
[INFO] [stdout]  --> src/algorithms/search/jump_search.rs:4:8
[INFO] [stdout]   |
[INFO] [stdout] 4 | pub fn jump_search<T: Ord>(arr: &[T], item: &T) -> Option<usize> {
[INFO] [stdout]   |        ^^^^^^^^^^^
[INFO] [stdout] 
[INFO] [stdout] 
[INFO] [stdout] warning: function `binary_search` is never used
[INFO] [stdout]   --> src/algorithms/search/binary_search.rs:23:8
[INFO] [stdout]    |
[INFO] [stdout] 23 | pub fn binary_search<T: Ord>(items: &[T], target: &T) -> Option<usize> {
[INFO] [stdout]    |        ^^^^^^^^^^^^^
[INFO] [stdout] 
[INFO] [stdout] 
[INFO] [stdout] warning: function `binary_search_recursive` is never used
[INFO] [stdout]   --> src/algorithms/search/binary_search_recursive.rs:28:8
[INFO] [stdout]    |
[INFO] [stdout] 28 | pub fn binary_search_recursive<T: Ord>(
[INFO] [stdout]    |        ^^^^^^^^^^^^^^^^^^^^^^^
[INFO] [stdout] 
[INFO] [stdout] 
[INFO] [stdout] warning: function `linear_search` is never used
[INFO] [stdout]   --> src/algorithms/search/linear_search.rs:23:8
[INFO] [stdout]    |
[INFO] [stdout] 23 | pub fn linear_search<T: PartialEq>(items: &[T], target: &T) -> Option<usize> {
[INFO] [stdout]    |        ^^^^^^^^^^^^^
[INFO] [stdout] 
[INFO] [stdout] 
[INFO] [stdout] warning: function `bubble_sort` is never used
[INFO] [stdout]   --> src/algorithms/sort/bubble_sort.rs:23:8
[INFO] [stdout]    |
[INFO] [stdout] 23 | pub fn bubble_sort<T: Ord>(arr: &mut [T]) {
[INFO] [stdout]    |        ^^^^^^^^^^^
[INFO] [stdout] 
[INFO] [stdout] 
[INFO] [stdout] warning: function `insertion_sort` is never used
[INFO] [stdout]  --> src/algorithms/sort/insertion_sort.rs:3:8
[INFO] [stdout]   |
[INFO] [stdout] 3 | pub fn insertion_sort<T>(arr: &mut [T])
[INFO] [stdout]   |        ^^^^^^^^^^^^^^
[INFO] [stdout] 
[INFO] [stdout] 
[INFO] [stdout] warning: function `morse_encode` is never used
[INFO] [stdout]  --> src/ciphers/morse.rs:3:8
[INFO] [stdout]   |
[INFO] [stdout] 3 | pub fn morse_encode(message: String) -> String {
[INFO] [stdout]   |        ^^^^^^^^^^^^
[INFO] [stdout] 
[INFO] [stdout] 
[INFO] [stdout] warning: function `morse_decode` is never used
[INFO] [stdout]   --> src/ciphers/morse.rs:52:8
[INFO] [stdout]    |
[INFO] [stdout] 52 | pub fn morse_decode(message: String) -> String {
[INFO] [stdout]    |        ^^^^^^^^^^^^
[INFO] [stdout] 
[INFO] [stdout] 
[INFO] [stdout] warning: function `xor_cipher` is never used
[INFO] [stdout]  --> src/ciphers/xor_cipher.rs:1:8
[INFO] [stdout]   |
[INFO] [stdout] 1 | pub fn xor_cipher(to_encrypt: String, key: u32) -> String {
[INFO] [stdout]   |        ^^^^^^^^^^
[INFO] [stdout] 
[INFO] [stdout] 
[INFO] [stdout] warning: function `ceasar_cipher_encrypt` is never used
[INFO] [stdout]  --> src/ciphers/ceasar.rs:2:8
[INFO] [stdout]   |
[INFO] [stdout] 2 | pub fn ceasar_cipher_encrypt(to_encrypt: String, key: u32) -> String {
[INFO] [stdout]   |        ^^^^^^^^^^^^^^^^^^^^^
[INFO] [stdout] 
[INFO] [stdout] 
[INFO] [stdout] warning: function `ceasar_cipher_decrypt` is never used
[INFO] [stdout]   --> src/ciphers/ceasar.rs:22:8
[INFO] [stdout]    |
[INFO] [stdout] 22 | pub fn ceasar_cipher_decrypt(to_decrypt: String, key: u32) -> String {
[INFO] [stdout]    |        ^^^^^^^^^^^^^^^^^^^^^
[INFO] [stdout] 
[INFO] [stdout] 
[INFO] [stdout] warning: struct `Stack` is never constructed
[INFO] [stdout]  --> src/data_structures/stack.rs:1:12
[INFO] [stdout]   |
[INFO] [stdout] 1 | pub struct Stack<T> {
[INFO] [stdout]   |            ^^^^^
[INFO] [stdout] 
[INFO] [stdout] 
[INFO] [stdout] warning: associated items `new`, `push`, `pop`, `length`, `is_empty`, and `peek` are never used
[INFO] [stdout]   --> src/data_structures/stack.rs:6:12
[INFO] [stdout]    |
[INFO] [stdout] 5  | impl<T> Stack<T> {
[INFO] [stdout]    | ---------------- associated items in this implementation
[INFO] [stdout] 6  |     pub fn new() -> Self {
[INFO] [stdout]    |            ^^^
[INFO] [stdout] ...
[INFO] [stdout] 10 |     pub fn push(&mut self, item: T) {
[INFO] [stdout]    |            ^^^^
[INFO] [stdout] ...
[INFO] [stdout] 14 |     pub fn pop(&mut self) -> Option<T> {
[INFO] [stdout]    |            ^^^
[INFO] [stdout] ...
[INFO] [stdout] 18 |     pub fn length(&self) -> usize {
[INFO] [stdout]    |            ^^^^^^
[INFO] [stdout] ...
[INFO] [stdout] 22 |     pub fn is_empty(&self) -> bool {
[INFO] [stdout]    |            ^^^^^^^^
[INFO] [stdout] ...
[INFO] [stdout] 26 |     pub fn peek(&self) -> Option<&T> {
[INFO] [stdout]    |            ^^^^
[INFO] [stdout] 
[INFO] [stdout] 
[INFO] [stdout] warning: struct `Queue` is never constructed
[INFO] [stdout]  --> src/data_structures/queue.rs:3:12
[INFO] [stdout]   |
[INFO] [stdout] 3 | pub struct Queue<T>{
[INFO] [stdout]   |            ^^^^^
[INFO] [stdout] 
[INFO] [stdout] 
[INFO] [stdout] warning: associated items `new`, `enqueue`, `dequeue`, `length`, `is_empty`, and `peek` are never used
[INFO] [stdout]   --> src/data_structures/queue.rs:8:12
[INFO] [stdout]    |
[INFO] [stdout] 7  | impl<T> Queue<T> {
[INFO] [stdout]    | ---------------- associated items in this implementation
[INFO] [stdout] 8  |     pub fn new() -> Self {
[INFO] [stdout]    |            ^^^
[INFO] [stdout] ...
[INFO] [stdout] 12 |     pub fn enqueue(&mut self, item: T) {
[INFO] [stdout]    |            ^^^^^^^
[INFO] [stdout] ...
[INFO] [stdout] 16 |     pub fn dequeue(&mut self) -> Option<T> {
[INFO] [stdout]    |            ^^^^^^^
[INFO] [stdout] ...
[INFO] [stdout] 20 |     pub fn length(&self) -> usize {
[INFO] [stdout]    |            ^^^^^^
[INFO] [stdout] ...
[INFO] [stdout] 24 |     pub fn is_empty(&self) -> bool {
[INFO] [stdout]    |            ^^^^^^^^
[INFO] [stdout] ...
[INFO] [stdout] 28 |     pub fn peek(&self) -> Option<&T> {
[INFO] [stdout]    |            ^^^^
[INFO] [stdout] 
[INFO] [stdout] 
[INFO] [stdout] warning: 17 warnings emitted
[INFO] [stdout] 
[INFO] [stdout] 
[INFO] [stderr]     Finished dev [unoptimized + debuginfo] target(s) in 0.20s
[INFO] running `Command { std: "docker" "inspect" "2833ffab5986db6dbe143a62885119f6e811a0af285c812362c06b3c8b0c3b3e", kill_on_drop: false }`
[INFO] running `Command { std: "docker" "rm" "-f" "2833ffab5986db6dbe143a62885119f6e811a0af285c812362c06b3c8b0c3b3e", kill_on_drop: false }`
[INFO] [stdout] 2833ffab5986db6dbe143a62885119f6e811a0af285c812362c06b3c8b0c3b3e
[INFO] running `Command { std: "docker" "create" "-v" "/var/lib/crater-agent-workspace/builds/worker-5-tc2/target:/opt/rustwide/target:rw,Z" "-v" "/var/lib/crater-agent-workspace/builds/worker-5-tc2/source:/opt/rustwide/workdir:ro,Z" "-v" "/var/lib/crater-agent-workspace/cargo-home:/opt/rustwide/cargo-home:ro,Z" "-v" "/var/lib/crater-agent-workspace/rustup-home:/opt/rustwide/rustup-home:ro,Z" "-e" "SOURCE_DIR=/opt/rustwide/workdir" "-e" "CARGO_TARGET_DIR=/opt/rustwide/target" "-e" "CARGO_INCREMENTAL=0" "-e" "RUST_BACKTRACE=full" "-e" "RUSTFLAGS=--cap-lints=warn" "-e" "RUSTDOCFLAGS=--cap-lints=warn" "-e" "CARGO_HOME=/opt/rustwide/cargo-home" "-e" "RUSTUP_HOME=/opt/rustwide/rustup-home" "-w" "/opt/rustwide/workdir" "-m" "1610612736" "--user" "0:0" "--network" "none" "ghcr.io/rust-lang/crates-build-env/linux@sha256:2788e3201cd34a07e3172128adcd8b3090168a8e3bcc40d7c032b9dda1df7d1c" "/opt/rustwide/cargo-home/bin/cargo" "+beta-2023-12-22" "test" "--frozen" "--no-run" "--message-format=json", kill_on_drop: false }`
[INFO] [stdout] 90adc1bb8ba4adad6dd995fea57cecfcf5af478f2857d60ab03c05e022b8af94
[INFO] running `Command { std: "docker" "start" "-a" "90adc1bb8ba4adad6dd995fea57cecfcf5af478f2857d60ab03c05e022b8af94", kill_on_drop: false }`
[INFO] [stderr]    Compiling algo_dat v0.1.0 (/opt/rustwide/workdir)
[INFO] [stdout] warning: function `morse_encode` is never used
[INFO] [stdout]  --> src/ciphers/morse.rs:3:8
[INFO] [stdout]   |
[INFO] [stdout] 3 | pub fn morse_encode(message: String) -> String {
[INFO] [stdout]   |        ^^^^^^^^^^^^
[INFO] [stdout]   |
[INFO] [stdout]   = note: `#[warn(dead_code)]` on by default
[INFO] [stdout] 
[INFO] [stdout] 
[INFO] [stdout] warning: function `morse_decode` is never used
[INFO] [stdout]   --> src/ciphers/morse.rs:52:8
[INFO] [stdout]    |
[INFO] [stdout] 52 | pub fn morse_decode(message: String) -> String {
[INFO] [stdout]    |        ^^^^^^^^^^^^
[INFO] [stdout] 
[INFO] [stdout] 
[INFO] [stdout] warning: struct `Stack` is never constructed
[INFO] [stdout]  --> src/data_structures/stack.rs:1:12
[INFO] [stdout]   |
[INFO] [stdout] 1 | pub struct Stack<T> {
[INFO] [stdout]   |            ^^^^^
[INFO] [stdout] 
[INFO] [stdout] 
[INFO] [stdout] warning: associated items `new`, `push`, `pop`, `length`, `is_empty`, and `peek` are never used
[INFO] [stdout]   --> src/data_structures/stack.rs:6:12
[INFO] [stdout]    |
[INFO] [stdout] 5  | impl<T> Stack<T> {
[INFO] [stdout]    | ---------------- associated items in this implementation
[INFO] [stdout] 6  |     pub fn new() -> Self {
[INFO] [stdout]    |            ^^^
[INFO] [stdout] ...
[INFO] [stdout] 10 |     pub fn push(&mut self, item: T) {
[INFO] [stdout]    |            ^^^^
[INFO] [stdout] ...
[INFO] [stdout] 14 |     pub fn pop(&mut self) -> Option<T> {
[INFO] [stdout]    |            ^^^
[INFO] [stdout] ...
[INFO] [stdout] 18 |     pub fn length(&self) -> usize {
[INFO] [stdout]    |            ^^^^^^
[INFO] [stdout] ...
[INFO] [stdout] 22 |     pub fn is_empty(&self) -> bool {
[INFO] [stdout]    |            ^^^^^^^^
[INFO] [stdout] ...
[INFO] [stdout] 26 |     pub fn peek(&self) -> Option<&T> {
[INFO] [stdout]    |            ^^^^
[INFO] [stdout] 
[INFO] [stdout] 
[INFO] [stdout] warning: struct `Queue` is never constructed
[INFO] [stdout]  --> src/data_structures/queue.rs:3:12
[INFO] [stdout]   |
[INFO] [stdout] 3 | pub struct Queue<T>{
[INFO] [stdout]   |            ^^^^^
[INFO] [stdout] 
[INFO] [stdout] 
[INFO] [stdout] warning: associated items `new`, `enqueue`, `dequeue`, `length`, `is_empty`, and `peek` are never used
[INFO] [stdout]   --> src/data_structures/queue.rs:8:12
[INFO] [stdout]    |
[INFO] [stdout] 7  | impl<T> Queue<T> {
[INFO] [stdout]    | ---------------- associated items in this implementation
[INFO] [stdout] 8  |     pub fn new() -> Self {
[INFO] [stdout]    |            ^^^
[INFO] [stdout] ...
[INFO] [stdout] 12 |     pub fn enqueue(&mut self, item: T) {
[INFO] [stdout]    |            ^^^^^^^
[INFO] [stdout] ...
[INFO] [stdout] 16 |     pub fn dequeue(&mut self) -> Option<T> {
[INFO] [stdout]    |            ^^^^^^^
[INFO] [stdout] ...
[INFO] [stdout] 20 |     pub fn length(&self) -> usize {
[INFO] [stdout]    |            ^^^^^^
[INFO] [stdout] ...
[INFO] [stdout] 24 |     pub fn is_empty(&self) -> bool {
[INFO] [stdout]    |            ^^^^^^^^
[INFO] [stdout] ...
[INFO] [stdout] 28 |     pub fn peek(&self) -> Option<&T> {
[INFO] [stdout]    |            ^^^^
[INFO] [stdout] 
[INFO] [stdout] 
[INFO] [stdout] warning: 6 warnings emitted
[INFO] [stdout] 
[INFO] [stdout] 
[INFO] [stderr]     Finished test [unoptimized + debuginfo] target(s) in 0.39s
[INFO] running `Command { std: "docker" "inspect" "90adc1bb8ba4adad6dd995fea57cecfcf5af478f2857d60ab03c05e022b8af94", kill_on_drop: false }`
[INFO] running `Command { std: "docker" "rm" "-f" "90adc1bb8ba4adad6dd995fea57cecfcf5af478f2857d60ab03c05e022b8af94", kill_on_drop: false }`
[INFO] [stdout] 90adc1bb8ba4adad6dd995fea57cecfcf5af478f2857d60ab03c05e022b8af94
[INFO] running `Command { std: "docker" "create" "-v" "/var/lib/crater-agent-workspace/builds/worker-5-tc2/target:/opt/rustwide/target:rw,Z" "-v" "/var/lib/crater-agent-workspace/builds/worker-5-tc2/source:/opt/rustwide/workdir:ro,Z" "-v" "/var/lib/crater-agent-workspace/cargo-home:/opt/rustwide/cargo-home:ro,Z" "-v" "/var/lib/crater-agent-workspace/rustup-home:/opt/rustwide/rustup-home:ro,Z" "-e" "SOURCE_DIR=/opt/rustwide/workdir" "-e" "CARGO_TARGET_DIR=/opt/rustwide/target" "-e" "CARGO_INCREMENTAL=0" "-e" "RUST_BACKTRACE=full" "-e" "RUSTFLAGS=--cap-lints=warn" "-e" "RUSTDOCFLAGS=--cap-lints=warn" "-e" "CARGO_HOME=/opt/rustwide/cargo-home" "-e" "RUSTUP_HOME=/opt/rustwide/rustup-home" "-w" "/opt/rustwide/workdir" "-m" "1610612736" "--user" "0:0" "--network" "none" "ghcr.io/rust-lang/crates-build-env/linux@sha256:2788e3201cd34a07e3172128adcd8b3090168a8e3bcc40d7c032b9dda1df7d1c" "/opt/rustwide/cargo-home/bin/cargo" "+beta-2023-12-22" "test" "--frozen", kill_on_drop: false }`
[INFO] [stdout] e8db1f415f403a92747a5c800fa54832306a2ffebdd027f89701704597fc67f3
[INFO] running `Command { std: "docker" "start" "-a" "e8db1f415f403a92747a5c800fa54832306a2ffebdd027f89701704597fc67f3", kill_on_drop: false }`
[INFO] [stderr] warning: function `morse_encode` is never used
[INFO] [stderr]  --> src/ciphers/morse.rs:3:8
[INFO] [stderr]   |
[INFO] [stderr] 3 | pub fn morse_encode(message: String) -> String {
[INFO] [stderr]   |        ^^^^^^^^^^^^
[INFO] [stderr]   |
[INFO] [stderr]   = note: `#[warn(dead_code)]` on by default
[INFO] [stderr] 
[INFO] [stderr] warning: function `morse_decode` is never used
[INFO] [stderr]   --> src/ciphers/morse.rs:52:8
[INFO] [stderr]    |
[INFO] [stderr] 52 | pub fn morse_decode(message: String) -> String {
[INFO] [stderr]    |        ^^^^^^^^^^^^
[INFO] [stderr] 
[INFO] [stderr] warning: struct `Stack` is never constructed
[INFO] [stderr]  --> src/data_structures/stack.rs:1:12
[INFO] [stderr]   |
[INFO] [stderr] 1 | pub struct Stack<T> {
[INFO] [stderr]   |            ^^^^^
[INFO] [stderr] 
[INFO] [stderr] warning: associated items `new`, `push`, `pop`, `length`, `is_empty`, and `peek` are never used
[INFO] [stderr]   --> src/data_structures/stack.rs:6:12
[INFO] [stderr]    |
[INFO] [stderr] 5  | impl<T> Stack<T> {
[INFO] [stderr]    | ---------------- associated items in this implementation
[INFO] [stderr] 6  |     pub fn new() -> Self {
[INFO] [stderr]    |            ^^^
[INFO] [stderr] ...
[INFO] [stderr] 10 |     pub fn push(&mut self, item: T) {
[INFO] [stderr]    |            ^^^^
[INFO] [stderr] ...
[INFO] [stderr] 14 |     pub fn pop(&mut self) -> Option<T> {
[INFO] [stderr]    |            ^^^
[INFO] [stderr] ...
[INFO] [stderr] 18 |     pub fn length(&self) -> usize {
[INFO] [stderr]    |            ^^^^^^
[INFO] [stderr] ...
[INFO] [stderr] 22 |     pub fn is_empty(&self) -> bool {
[INFO] [stderr]    |            ^^^^^^^^
[INFO] [stderr] ...
[INFO] [stderr] 26 |     pub fn peek(&self) -> Option<&T> {
[INFO] [stderr]    |            ^^^^
[INFO] [stderr] 
[INFO] [stderr] warning: struct `Queue` is never constructed
[INFO] [stderr]  --> src/data_structures/queue.rs:3:12
[INFO] [stderr]   |
[INFO] [stderr] 3 | pub struct Queue<T>{
[INFO] [stderr]   |            ^^^^^
[INFO] [stderr] 
[INFO] [stderr] warning: associated items `new`, `enqueue`, `dequeue`, `length`, `is_empty`, and `peek` are never used
[INFO] [stderr]   --> src/data_structures/queue.rs:8:12
[INFO] [stderr]    |
[INFO] [stderr] 7  | impl<T> Queue<T> {
[INFO] [stderr]    | ---------------- associated items in this implementation
[INFO] [stderr] 8  |     pub fn new() -> Self {
[INFO] [stderr]    |            ^^^
[INFO] [stderr] ...
[INFO] [stderr] 12 |     pub fn enqueue(&mut self, item: T) {
[INFO] [stderr]    |            ^^^^^^^
[INFO] [stderr] ...
[INFO] [stderr] 16 |     pub fn dequeue(&mut self) -> Option<T> {
[INFO] [stderr]    |            ^^^^^^^
[INFO] [stderr] ...
[INFO] [stderr] 20 |     pub fn length(&self) -> usize {
[INFO] [stderr]    |            ^^^^^^
[INFO] [stderr] ...
[INFO] [stderr] 24 |     pub fn is_empty(&self) -> bool {
[INFO] [stderr]    |            ^^^^^^^^
[INFO] [stderr] ...
[INFO] [stderr] 28 |     pub fn peek(&self) -> Option<&T> {
[INFO] [stderr]    |            ^^^^
[INFO] [stderr] 
[INFO] [stderr] warning: `algo_dat` (bin "algo_dat" test) generated 6 warnings
[INFO] [stderr]     Finished test [unoptimized + debuginfo] target(s) in 0.00s
[INFO] [stderr]      Running unittests src/main.rs (/opt/rustwide/target/debug/deps/algo_dat-97a85c6f8110b481)
[INFO] [stdout] 
[INFO] [stdout] running 37 tests
[INFO] [stdout] test algorithms::search::binary_search::test::end_index ... ok
[INFO] [stdout] test algorithms::search::binary_search::test::empty ... ok
[INFO] [stdout] test algorithms::search::binary_search::test::empty_letter ... ok
[INFO] [stdout] test algorithms::search::binary_search::test::first_index ... ok
[INFO] [stdout] test algorithms::search::binary_search::test::first_index_letters ... ok
[INFO] [stdout] test algorithms::search::binary_search_recursive::tests::fail_empty_list ... ok
[INFO] [stdout] test algorithms::search::binary_search::test::last_index_letter ... ok
[INFO] [stdout] test algorithms::search::binary_search_recursive::tests::fail_search_integers ... ok
[INFO] [stdout] test algorithms::search::binary_search_recursive::tests::fail_search_strings_asc ... ok
[INFO] [stdout] test algorithms::search::binary_search_recursive::tests::fail_search_strings_desc ... ok
[INFO] [stdout] test algorithms::search::binary_search_recursive::tests::success_one_item ... ok
[INFO] [stdout] test algorithms::search::binary_search_recursive::tests::success_search_integer_in_middle_of_unsorted_list ... ok
[INFO] [stdout] test algorithms::search::binary_search_recursive::tests::success_search_integers_asc ... ok
[INFO] [stdout] test algorithms::search::binary_search_recursive::tests::success_search_integers_desc ... ok
[INFO] [stdout] test algorithms::search::binary_search_recursive::tests::success_search_string_in_middle_of_unsorted_list ... ok
[INFO] [stdout] test algorithms::search::binary_search_recursive::tests::success_search_strings_asc ... ok
[INFO] [stdout] test algorithms::search::binary_search_recursive::tests::success_search_strings_desc ... ok
[INFO] [stdout] test algorithms::search::elif_search::test::elfi_search_none ... ok
[INFO] [stdout] test algorithms::search::elif_search::test::elif_search_test ... ok
[INFO] [stdout] test algorithms::search::exponential_search::test::exponential_search_test ... ok
[INFO] [stdout] test algorithms::search::exponential_search::test::exponential_search_test_two ... ok
[INFO] [stdout] test algorithms::search::jump_search::test::jump_search_test_one ... ok
[INFO] [stdout] test algorithms::search::jump_search::test::jump_search_test_three ... ok
[INFO] [stdout] test algorithms::search::jump_search::test::jump_search_test_two ... ok
[INFO] [stdout] test algorithms::search::linear_search::test::empty ... ok
[INFO] [stdout] test algorithms::search::linear_search::test::empty_letter ... ok
[INFO] [stdout] test algorithms::search::linear_search::test::end_index ... ok
[INFO] [stdout] test algorithms::search::linear_search::test::first_index ... ok
[INFO] [stdout] test algorithms::search::linear_search::test::first_index_letters ... ok
[INFO] [stdout] test algorithms::search::linear_search::test::last_index_letter ... ok
[INFO] [stdout] test algorithms::sort::bubble_sort::test::ascending ... ok
[INFO] [stdout] test algorithms::sort::bubble_sort::test::descending ... ok
[INFO] [stdout] test algorithms::sort::insertion_sort::test::insertion_sort_test ... ok
[INFO] [stdout] test ciphers::xor_cipher::test::xor_cipher_test ... ok
[INFO] [stdout] test ciphers::xor_cipher::test::xor_cipher_test_two ... ok
[INFO] [stdout] test ciphers::ceasar::test::ceasar_cypher_test ... FAILED
[INFO] [stdout] test ciphers::ceasar::test::ceaser_decyper_test ... FAILED
[INFO] [stdout] 
[INFO] [stdout] failures:
[INFO] [stdout] 
[INFO] [stdout] ---- ciphers::ceasar::test::ceasar_cypher_test stdout ----
[INFO] [stdout] thread 'ciphers::ceasar::test::ceasar_cypher_test' panicked at src/ciphers/ceasar.rs:54:9:
[INFO] [stdout] assertion `left == right` failed
[INFO] [stdout]   left: "qbttxpse\u{1}"
[INFO] [stdout]  right: "qbttxpsea"
[INFO] [stdout] stack backtrace:
[INFO] [stdout]    0:     0x5645d6693e36 - std::backtrace_rs::backtrace::libunwind::trace::h261606ad26a499c1
[INFO] [stdout]                                at /rustc/0e09125c6c3c2fd70d7de961bcf0e51575235fad/library/std/src/../../backtrace/src/backtrace/libunwind.rs:104:5
[INFO] [stdout]    1:     0x5645d6693e36 - std::backtrace_rs::backtrace::trace_unsynchronized::hd183f0625477fb28
[INFO] [stdout]                                at /rustc/0e09125c6c3c2fd70d7de961bcf0e51575235fad/library/std/src/../../backtrace/src/backtrace/mod.rs:66:5
[INFO] [stdout]    2:     0x5645d6693e36 - std::sys_common::backtrace::_print_fmt::hd7f8fef21b4eda67
[INFO] [stdout]                                at /rustc/0e09125c6c3c2fd70d7de961bcf0e51575235fad/library/std/src/sys_common/backtrace.rs:68:5
[INFO] [stdout]    3:     0x5645d6693e36 - <std::sys_common::backtrace::_print::DisplayBacktrace as core::fmt::Display>::fmt::h623d9b51f2f453f1
[INFO] [stdout]                                at /rustc/0e09125c6c3c2fd70d7de961bcf0e51575235fad/library/std/src/sys_common/backtrace.rs:44:22
[INFO] [stdout]    4:     0x5645d66bd440 - core::fmt::rt::Argument::fmt::h9f417ac76a86f368
[INFO] [stdout]                                at /rustc/0e09125c6c3c2fd70d7de961bcf0e51575235fad/library/core/src/fmt/rt.rs:142:9
[INFO] [stdout]    5:     0x5645d66bd440 - core::fmt::write::hc9b6faf4ac2aeff7
[INFO] [stdout]                                at /rustc/0e09125c6c3c2fd70d7de961bcf0e51575235fad/library/core/src/fmt/mod.rs:1120:17
[INFO] [stdout]    6:     0x5645d669189f - std::io::Write::write_fmt::he04625a3a989fec3
[INFO] [stdout]                                at /rustc/0e09125c6c3c2fd70d7de961bcf0e51575235fad/library/std/src/io/mod.rs:1810:15
[INFO] [stdout]    7:     0x5645d6693c14 - std::sys_common::backtrace::_print::hd5d66399c7df88a2
[INFO] [stdout]                                at /rustc/0e09125c6c3c2fd70d7de961bcf0e51575235fad/library/std/src/sys_common/backtrace.rs:47:5
[INFO] [stdout]    8:     0x5645d6693c14 - std::sys_common::backtrace::print::he81ed2da642d37e5
[INFO] [stdout]                                at /rustc/0e09125c6c3c2fd70d7de961bcf0e51575235fad/library/std/src/sys_common/backtrace.rs:34:9
[INFO] [stdout]    9:     0x5645d6695987 - std::panicking::default_hook::{{closure}}::h85773f4fa117163d
[INFO] [stdout]   10:     0x5645d669566d - std::panicking::default_hook::h6a1694a91d09b278
[INFO] [stdout]                                at /rustc/0e09125c6c3c2fd70d7de961bcf0e51575235fad/library/std/src/panicking.rs:289:9
[INFO] [stdout]   11:     0x5645d6665847 - <alloc::boxed::Box<F,A> as core::ops::function::Fn<Args>>::call::h616ac37fa3cd6c8f
[INFO] [stdout]                                at /rustc/0e09125c6c3c2fd70d7de961bcf0e51575235fad/library/alloc/src/boxed.rs:2029:9
[INFO] [stdout]   12:     0x5645d6665847 - test::test_main::{{closure}}::h00d84697cefdcbb6
[INFO] [stdout]                                at /rustc/0e09125c6c3c2fd70d7de961bcf0e51575235fad/library/test/src/lib.rs:138:21
[INFO] [stdout]   13:     0x5645d6695fa6 - <alloc::boxed::Box<F,A> as core::ops::function::Fn<Args>>::call::hcb3fe3b9bb537ba8
[INFO] [stdout]                                at /rustc/0e09125c6c3c2fd70d7de961bcf0e51575235fad/library/alloc/src/boxed.rs:2029:9
[INFO] [stdout]   14:     0x5645d6695fa6 - std::panicking::rust_panic_with_hook::h0a7ad96e90f7145b
[INFO] [stdout]                                at /rustc/0e09125c6c3c2fd70d7de961bcf0e51575235fad/library/std/src/panicking.rs:783:13
[INFO] [stdout]   15:     0x5645d6695cf2 - std::panicking::begin_panic_handler::{{closure}}::h7919090525c6485e
[INFO] [stdout]                                at /rustc/0e09125c6c3c2fd70d7de961bcf0e51575235fad/library/std/src/panicking.rs:657:13
[INFO] [stdout]   16:     0x5645d6694336 - std::sys_common::backtrace::__rust_end_short_backtrace::hf3289479464f7dfe
[INFO] [stdout]                                at /rustc/0e09125c6c3c2fd70d7de961bcf0e51575235fad/library/std/src/sys_common/backtrace.rs:171:18
[INFO] [stdout]   17:     0x5645d6695a50 - rust_begin_unwind
[INFO] [stdout]                                at /rustc/0e09125c6c3c2fd70d7de961bcf0e51575235fad/library/std/src/panicking.rs:645:5
[INFO] [stdout]   18:     0x5645d6618cd5 - core::panicking::panic_fmt::hcc9f77c5c132af55
[INFO] [stdout]                                at /rustc/0e09125c6c3c2fd70d7de961bcf0e51575235fad/library/core/src/panicking.rs:72:14
[INFO] [stdout]   19:     0x5645d661910b - core::panicking::assert_failed_inner::h9f13e27dd63c3a08
[INFO] [stdout]                                at /rustc/0e09125c6c3c2fd70d7de961bcf0e51575235fad/library/core/src/panicking.rs:342:17
[INFO] [stdout]   20:     0x5645d662940e - core::panicking::assert_failed::h5cbbedb5887cfa72
[INFO] [stdout]                                at /rustc/0e09125c6c3c2fd70d7de961bcf0e51575235fad/library/core/src/panicking.rs:297:5
[INFO] [stdout]   21:     0x5645d6630c99 - algo_dat::ciphers::ceasar::test::ceasar_cypher_test::hca23727b91153f90
[INFO] [stdout]                                at /opt/rustwide/workdir/src/ciphers/ceasar.rs:54:9
[INFO] [stdout]   22:     0x5645d6630b07 - algo_dat::ciphers::ceasar::test::ceasar_cypher_test::{{closure}}::he57101f12e3241cc
[INFO] [stdout]                                at /opt/rustwide/workdir/src/ciphers/ceasar.rs:49:28
[INFO] [stdout]   23:     0x5645d662e706 - core::ops::function::FnOnce::call_once::hb4b732ae9e77a368
[INFO] [stdout]                                at /rustc/0e09125c6c3c2fd70d7de961bcf0e51575235fad/library/core/src/ops/function.rs:250:5
[INFO] [stdout]   24:     0x5645d666b11f - core::ops::function::FnOnce::call_once::hd64d26f405258157
[INFO] [stdout]                                at /rustc/0e09125c6c3c2fd70d7de961bcf0e51575235fad/library/core/src/ops/function.rs:250:5
[INFO] [stdout]   25:     0x5645d666b11f - test::__rust_begin_short_backtrace::he21b0b7a6d731bf9
[INFO] [stdout]                                at /rustc/0e09125c6c3c2fd70d7de961bcf0e51575235fad/library/test/src/lib.rs:627:18
[INFO] [stdout]   26:     0x5645d6669ea1 - test::run_test_in_process::{{closure}}::hf5c73986d7bdfde2
[INFO] [stdout]                                at /rustc/0e09125c6c3c2fd70d7de961bcf0e51575235fad/library/test/src/lib.rs:650:60
[INFO] [stdout]   27:     0x5645d6669ea1 - <core::panic::unwind_safe::AssertUnwindSafe<F> as core::ops::function::FnOnce<()>>::call_once::h330011ad032aadc0
[INFO] [stdout]                                at /rustc/0e09125c6c3c2fd70d7de961bcf0e51575235fad/library/core/src/panic/unwind_safe.rs:272:9
[INFO] [stdout]   28:     0x5645d6669ea1 - std::panicking::try::do_call::he61b0a958b795a41
[INFO] [stdout]                                at /rustc/0e09125c6c3c2fd70d7de961bcf0e51575235fad/library/std/src/panicking.rs:552:40
[INFO] [stdout]   29:     0x5645d6669ea1 - std::panicking::try::h7309da130f906eb7
[INFO] [stdout]                                at /rustc/0e09125c6c3c2fd70d7de961bcf0e51575235fad/library/std/src/panicking.rs:516:19
[INFO] [stdout]   30:     0x5645d6669ea1 - std::panic::catch_unwind::hc5c3a06fdaf0a92a
[INFO] [stdout]                                at /rustc/0e09125c6c3c2fd70d7de961bcf0e51575235fad/library/std/src/panic.rs:142:14
[INFO] [stdout]   31:     0x5645d6669ea1 - test::run_test_in_process::h7e7b7c71c3324e0f
[INFO] [stdout]                                at /rustc/0e09125c6c3c2fd70d7de961bcf0e51575235fad/library/test/src/lib.rs:650:27
[INFO] [stdout]   32:     0x5645d6669ea1 - test::run_test::{{closure}}::h1f509f28f5cf20b1
[INFO] [stdout]                                at /rustc/0e09125c6c3c2fd70d7de961bcf0e51575235fad/library/test/src/lib.rs:573:43
[INFO] [stdout]   33:     0x5645d66311d6 - test::run_test::{{closure}}::h1754218abf443f6d
[INFO] [stdout]                                at /rustc/0e09125c6c3c2fd70d7de961bcf0e51575235fad/library/test/src/lib.rs:601:41
[INFO] [stdout]   34:     0x5645d66311d6 - std::sys_common::backtrace::__rust_begin_short_backtrace::h2ee174b9d5954948
[INFO] [stdout]                                at /rustc/0e09125c6c3c2fd70d7de961bcf0e51575235fad/library/std/src/sys_common/backtrace.rs:155:18
[INFO] [stdout]   35:     0x5645d6636237 - std::thread::Builder::spawn_unchecked_::{{closure}}::{{closure}}::hf60bee9c1a17ef09
[INFO] [stdout]                                at /rustc/0e09125c6c3c2fd70d7de961bcf0e51575235fad/library/std/src/thread/mod.rs:529:17
[INFO] [stdout]   36:     0x5645d6636237 - <core::panic::unwind_safe::AssertUnwindSafe<F> as core::ops::function::FnOnce<()>>::call_once::h33d0dddec5216160
[INFO] [stdout]                                at /rustc/0e09125c6c3c2fd70d7de961bcf0e51575235fad/library/core/src/panic/unwind_safe.rs:272:9
[INFO] [stdout]   37:     0x5645d6636237 - std::panicking::try::do_call::h144b3048b546f835
[INFO] [stdout]                                at /rustc/0e09125c6c3c2fd70d7de961bcf0e51575235fad/library/std/src/panicking.rs:552:40
[INFO] [stdout]   38:     0x5645d6636237 - std::panicking::try::h978244d04646189f
[INFO] [stdout]                                at /rustc/0e09125c6c3c2fd70d7de961bcf0e51575235fad/library/std/src/panicking.rs:516:19
[INFO] [stdout]   39:     0x5645d6636237 - std::panic::catch_unwind::hdf436369d188fe86
[INFO] [stdout]                                at /rustc/0e09125c6c3c2fd70d7de961bcf0e51575235fad/library/std/src/panic.rs:142:14
[INFO] [stdout]   40:     0x5645d6636237 - std::thread::Builder::spawn_unchecked_::{{closure}}::h87329cbdd33c79ec
[INFO] [stdout]                                at /rustc/0e09125c6c3c2fd70d7de961bcf0e51575235fad/library/std/src/thread/mod.rs:528:30
[INFO] [stdout]   41:     0x5645d6636237 - core::ops::function::FnOnce::call_once{{vtable.shim}}::h401abbe67897d450
[INFO] [stdout]                                at /rustc/0e09125c6c3c2fd70d7de961bcf0e51575235fad/library/core/src/ops/function.rs:250:5
[INFO] [stdout]   42:     0x5645d669aa55 - <alloc::boxed::Box<F,A> as core::ops::function::FnOnce<Args>>::call_once::h5d7c8f150ab9c84c
[INFO] [stdout]                                at /rustc/0e09125c6c3c2fd70d7de961bcf0e51575235fad/library/alloc/src/boxed.rs:2015:9
[INFO] [stdout]   43:     0x5645d669aa55 - <alloc::boxed::Box<F,A> as core::ops::function::FnOnce<Args>>::call_once::h570d5b005c242c15
[INFO] [stdout]                                at /rustc/0e09125c6c3c2fd70d7de961bcf0e51575235fad/library/alloc/src/boxed.rs:2015:9
[INFO] [stdout]   44:     0x5645d669aa55 - std::sys::unix::thread::Thread::new::thread_start::h36b0a20c0b2361ad
[INFO] [stdout]                                at /rustc/0e09125c6c3c2fd70d7de961bcf0e51575235fad/library/std/src/sys/unix/thread.rs:108:17
[INFO] [stdout]   45:     0x7f41f4eeeac3 - <unknown>
[INFO] [stdout]   46:     0x7f41f4f7fbf4 - __clone
[INFO] [stdout]   47:                0x0 - <unknown>
[INFO] [stdout] 
[INFO] [stdout] ---- ciphers::ceasar::test::ceaser_decyper_test stdout ----
[INFO] [stdout] thread 'ciphers::ceasar::test::ceaser_decyper_test' panicked at src/ciphers/ceasar.rs:63:9:
[INFO] [stdout] assertion `left == right` failed
[INFO] [stdout]   left: "password`"
[INFO] [stdout]  right: "password"
[INFO] [stdout] stack backtrace:
[INFO] [stdout]    0:     0x5645d6693e36 - std::backtrace_rs::backtrace::libunwind::trace::h261606ad26a499c1
[INFO] [stdout]                                at /rustc/0e09125c6c3c2fd70d7de961bcf0e51575235fad/library/std/src/../../backtrace/src/backtrace/libunwind.rs:104:5
[INFO] [stdout]    1:     0x5645d6693e36 - std::backtrace_rs::backtrace::trace_unsynchronized::hd183f0625477fb28
[INFO] [stdout]                                at /rustc/0e09125c6c3c2fd70d7de961bcf0e51575235fad/library/std/src/../../backtrace/src/backtrace/mod.rs:66:5
[INFO] [stdout]    2:     0x5645d6693e36 - std::sys_common::backtrace::_print_fmt::hd7f8fef21b4eda67
[INFO] [stdout]                                at /rustc/0e09125c6c3c2fd70d7de961bcf0e51575235fad/library/std/src/sys_common/backtrace.rs:68:5
[INFO] [stdout]    3:     0x5645d6693e36 - <std::sys_common::backtrace::_print::DisplayBacktrace as core::fmt::Display>::fmt::h623d9b51f2f453f1
[INFO] [stdout]                                at /rustc/0e09125c6c3c2fd70d7de961bcf0e51575235fad/library/std/src/sys_common/backtrace.rs:44:22
[INFO] [stdout]    4:     0x5645d66bd440 - core::fmt::rt::Argument::fmt::h9f417ac76a86f368
[INFO] [stdout]                                at /rustc/0e09125c6c3c2fd70d7de961bcf0e51575235fad/library/core/src/fmt/rt.rs:142:9
[INFO] [stdout]    5:     0x5645d66bd440 - core::fmt::write::hc9b6faf4ac2aeff7
[INFO] [stdout]                                at /rustc/0e09125c6c3c2fd70d7de961bcf0e51575235fad/library/core/src/fmt/mod.rs:1120:17
[INFO] [stdout]    6:     0x5645d669189f - std::io::Write::write_fmt::he04625a3a989fec3
[INFO] [stdout]                                at /rustc/0e09125c6c3c2fd70d7de961bcf0e51575235fad/library/std/src/io/mod.rs:1810:15
[INFO] [stdout]    7:     0x5645d6693c14 - std::sys_common::backtrace::_print::hd5d66399c7df88a2
[INFO] [stdout]                                at /rustc/0e09125c6c3c2fd70d7de961bcf0e51575235fad/library/std/src/sys_common/backtrace.rs:47:5
[INFO] [stdout]    8:     0x5645d6693c14 - std::sys_common::backtrace::print::he81ed2da642d37e5
[INFO] [stdout]                                at /rustc/0e09125c6c3c2fd70d7de961bcf0e51575235fad/library/std/src/sys_common/backtrace.rs:34:9
[INFO] [stdout]    9:     0x5645d6695987 - std::panicking::default_hook::{{closure}}::h85773f4fa117163d
[INFO] [stdout]   10:     0x5645d669566d - std::panicking::default_hook::h6a1694a91d09b278
[INFO] [stdout]                                at /rustc/0e09125c6c3c2fd70d7de961bcf0e51575235fad/library/std/src/panicking.rs:289:9
[INFO] [stdout]   11:     0x5645d6665847 - <alloc::boxed::Box<F,A> as core::ops::function::Fn<Args>>::call::h616ac37fa3cd6c8f
[INFO] [stdout]                                at /rustc/0e09125c6c3c2fd70d7de961bcf0e51575235fad/library/alloc/src/boxed.rs:2029:9
[INFO] [stdout]   12:     0x5645d6665847 - test::test_main::{{closure}}::h00d84697cefdcbb6
[INFO] [stdout]                                at /rustc/0e09125c6c3c2fd70d7de961bcf0e51575235fad/library/test/src/lib.rs:138:21
[INFO] [stdout]   13:     0x5645d6695fa6 - <alloc::boxed::Box<F,A> as core::ops::function::Fn<Args>>::call::hcb3fe3b9bb537ba8
[INFO] [stdout]                                at /rustc/0e09125c6c3c2fd70d7de961bcf0e51575235fad/library/alloc/src/boxed.rs:2029:9
[INFO] [stdout]   14:     0x5645d6695fa6 - std::panicking::rust_panic_with_hook::h0a7ad96e90f7145b
[INFO] [stdout]                                at /rustc/0e09125c6c3c2fd70d7de961bcf0e51575235fad/library/std/src/panicking.rs:783:13
[INFO] [stdout]   15:     0x5645d6695cf2 - std::panicking::begin_panic_handler::{{closure}}::h7919090525c6485e
[INFO] [stdout]                                at /rustc/0e09125c6c3c2fd70d7de961bcf0e51575235fad/library/std/src/panicking.rs:657:13
[INFO] [stdout]   16:     0x5645d6694336 - std::sys_common::backtrace::__rust_end_short_backtrace::hf3289479464f7dfe
[INFO] [stdout]                                at /rustc/0e09125c6c3c2fd70d7de961bcf0e51575235fad/library/std/src/sys_common/backtrace.rs:171:18
[INFO] [stdout]   17:     0x5645d6695a50 - rust_begin_unwind
[INFO] [stdout]                                at /rustc/0e09125c6c3c2fd70d7de961bcf0e51575235fad/library/std/src/panicking.rs:645:5
[INFO] [stdout]   18:     0x5645d6618cd5 - core::panicking::panic_fmt::hcc9f77c5c132af55
[INFO] [stdout]                                at /rustc/0e09125c6c3c2fd70d7de961bcf0e51575235fad/library/core/src/panicking.rs:72:14
[INFO] [stdout]   19:     0x5645d661910b - core::panicking::assert_failed_inner::h9f13e27dd63c3a08
[INFO] [stdout]                                at /rustc/0e09125c6c3c2fd70d7de961bcf0e51575235fad/library/core/src/panicking.rs:342:17
[INFO] [stdout]   20:     0x5645d662940e - core::panicking::assert_failed::h5cbbedb5887cfa72
[INFO] [stdout]                                at /rustc/0e09125c6c3c2fd70d7de961bcf0e51575235fad/library/core/src/panicking.rs:297:5
[INFO] [stdout]   21:     0x5645d6630e8c - algo_dat::ciphers::ceasar::test::ceaser_decyper_test::h180213cce703c046
[INFO] [stdout]                                at /opt/rustwide/workdir/src/ciphers/ceasar.rs:63:9
[INFO] [stdout]   22:     0x5645d6630d07 - algo_dat::ciphers::ceasar::test::ceaser_decyper_test::{{closure}}::ha90d2efc4a1e16b6
[INFO] [stdout]                                at /opt/rustwide/workdir/src/ciphers/ceasar.rs:58:29
[INFO] [stdout]   23:     0x5645d662e746 - core::ops::function::FnOnce::call_once::hb652dea5dcc04bc1
[INFO] [stdout]                                at /rustc/0e09125c6c3c2fd70d7de961bcf0e51575235fad/library/core/src/ops/function.rs:250:5
[INFO] [stdout]   24:     0x5645d666b11f - core::ops::function::FnOnce::call_once::hd64d26f405258157
[INFO] [stdout]                                at /rustc/0e09125c6c3c2fd70d7de961bcf0e51575235fad/library/core/src/ops/function.rs:250:5
[INFO] [stdout]   25:     0x5645d666b11f - test::__rust_begin_short_backtrace::he21b0b7a6d731bf9
[INFO] [stdout]                                at /rustc/0e09125c6c3c2fd70d7de961bcf0e51575235fad/library/test/src/lib.rs:627:18
[INFO] [stdout]   26:     0x5645d6669ea1 - test::run_test_in_process::{{closure}}::hf5c73986d7bdfde2
[INFO] [stdout]                                at /rustc/0e09125c6c3c2fd70d7de961bcf0e51575235fad/library/test/src/lib.rs:650:60
[INFO] [stdout]   27:     0x5645d6669ea1 - <core::panic::unwind_safe::AssertUnwindSafe<F> as core::ops::function::FnOnce<()>>::call_once::h330011ad032aadc0
[INFO] [stdout]                                at /rustc/0e09125c6c3c2fd70d7de961bcf0e51575235fad/library/core/src/panic/unwind_safe.rs:272:9
[INFO] [stdout]   28:     0x5645d6669ea1 - std::panicking::try::do_call::he61b0a958b795a41
[INFO] [stdout]                                at /rustc/0e09125c6c3c2fd70d7de961bcf0e51575235fad/library/std/src/panicking.rs:552:40
[INFO] [stdout]   29:     0x5645d6669ea1 - std::panicking::try::h7309da130f906eb7
[INFO] [stdout]                                at /rustc/0e09125c6c3c2fd70d7de961bcf0e51575235fad/library/std/src/panicking.rs:516:19
[INFO] [stdout]   30:     0x5645d6669ea1 - std::panic::catch_unwind::hc5c3a06fdaf0a92a
[INFO] [stdout]                                at /rustc/0e09125c6c3c2fd70d7de961bcf0e51575235fad/library/std/src/panic.rs:142:14
[INFO] [stdout]   31:     0x5645d6669ea1 - test::run_test_in_process::h7e7b7c71c3324e0f
[INFO] [stdout]                                at /rustc/0e09125c6c3c2fd70d7de961bcf0e51575235fad/library/test/src/lib.rs:650:27
[INFO] [stdout]   32:     0x5645d6669ea1 - test::run_test::{{closure}}::h1f509f28f5cf20b1
[INFO] [stdout]                                at /rustc/0e09125c6c3c2fd70d7de961bcf0e51575235fad/library/test/src/lib.rs:573:43
[INFO] [stdout]   33:     0x5645d66311d6 - test::run_test::{{closure}}::h1754218abf443f6d
[INFO] [stdout]                                at /rustc/0e09125c6c3c2fd70d7de961bcf0e51575235fad/library/test/src/lib.rs:601:41
[INFO] [stdout]   34:     0x5645d66311d6 - std::sys_common::backtrace::__rust_begin_short_backtrace::h2ee174b9d5954948
[INFO] [stdout]                                at /rustc/0e09125c6c3c2fd70d7de961bcf0e51575235fad/library/std/src/sys_common/backtrace.rs:155:18
[INFO] [stdout]   35:     0x5645d6636237 - std::thread::Builder::spawn_unchecked_::{{closure}}::{{closure}}::hf60bee9c1a17ef09
[INFO] [stdout]                                at /rustc/0e09125c6c3c2fd70d7de961bcf0e51575235fad/library/std/src/thread/mod.rs:529:17
[INFO] [stdout]   36:     0x5645d6636237 - <core::panic::unwind_safe::AssertUnwindSafe<F> as core::ops::function::FnOnce<()>>::call_once::h33d0dddec5216160
[INFO] [stdout]                                at /rustc/0e09125c6c3c2fd70d7de961bcf0e51575235fad/library/core/src/panic/unwind_safe.rs:272:9
[INFO] [stdout]   37:     0x5645d6636237 - std::panicking::try::do_call::h144b3048b546f835
[INFO] [stdout]                                at /rustc/0e09125c6c3c2fd70d7de961bcf0e51575235fad/library/std/src/panicking.rs:552:40
[INFO] [stdout]   38:     0x5645d6636237 - std::panicking::try::h978244d04646189f
[INFO] [stdout]                                at /rustc/0e09125c6c3c2fd70d7de961bcf0e51575235fad/library/std/src/panicking.rs:516:19
[INFO] [stdout]   39:     0x5645d6636237 - std::panic::catch_unwind::hdf436369d188fe86
[INFO] [stdout]                                at /rustc/0e09125c6c3c2fd70d7de961bcf0e51575235fad/library/std/src/panic.rs:142:14
[INFO] [stdout]   40:     0x5645d6636237 - std::thread::Builder::spawn_unchecked_::{{closure}}::h87329cbdd33c79ec
[INFO] [stdout]                                at /rustc/0e09125c6c3c2fd70d7de961bcf0e51575235fad/library/std/src/thread/mod.rs:528:30
[INFO] [stdout]   41:     0x5645d6636237 - core::ops::function::FnOnce::call_once{{vtable.shim}}::h401abbe67897d450
[INFO] [stdout]                                at /rustc/0e09125c6c3c2fd70d7de961bcf0e51575235fad/library/core/src/ops/function.rs:250:5
[INFO] [stdout]   42:     0x5645d669aa55 - <alloc::boxed::Box<F,A> as core::ops::function::FnOnce<Args>>::call_once::h5d7c8f150ab9c84c
[INFO] [stdout]                                at /rustc/0e09125c6c3c2fd70d7de961bcf0e51575235fad/library/alloc/src/boxed.rs:2015:9
[INFO] [stdout]   43:     0x5645d669aa55 - <alloc::boxed::Box<F,A> as core::ops::function::FnOnce<Args>>::call_once::h570d5b005c242c15
[INFO] [stdout]                                at /rustc/0e09125c6c3c2fd70d7de961bcf0e51575235fad/library/alloc/src/boxed.rs:2015:9
[INFO] [stdout]   44:     0x5645d669aa55 - std::sys::unix::thread::Thread::new::thread_start::h36b0a20c0b2361ad
[INFO] [stdout]                                at /rustc/0e09125c6c3c2fd70d7de961bcf0e51575235fad/library/std/src/sys/unix/thread.rs:108:17
[INFO] [stdout]   45:     0x7f41f4eeeac3 - <unknown>
[INFO] [stdout]   46:     0x7f41f4f7fbf4 - __clone
[INFO] [stdout]   47:                0x0 - <unknown>
[INFO] [stdout] 
[INFO] [stdout] 
[INFO] [stdout] failures:
[INFO] [stdout]     ciphers::ceasar::test::ceasar_cypher_test
[INFO] [stdout]     ciphers::ceasar::test::ceaser_decyper_test
[INFO] [stdout] 
[INFO] [stdout] test result: FAILED. 35 passed; 2 failed; 0 ignored; 0 measured; 0 filtered out; finished in 0.01s
[INFO] [stdout] 
[INFO] [stderr] error: test failed, to rerun pass `--bin algo_dat`
[INFO] running `Command { std: "docker" "inspect" "e8db1f415f403a92747a5c800fa54832306a2ffebdd027f89701704597fc67f3", kill_on_drop: false }`
[INFO] running `Command { std: "docker" "rm" "-f" "e8db1f415f403a92747a5c800fa54832306a2ffebdd027f89701704597fc67f3", kill_on_drop: false }`
[INFO] [stdout] e8db1f415f403a92747a5c800fa54832306a2ffebdd027f89701704597fc67f3
