[INFO] cloning repository https://github.com/b1rger/carl
[INFO] running `Command { std: "git" "-c" "credential.helper=" "-c" "credential.helper=/workspace/cargo-home/bin/git-credential-null" "clone" "--bare" "https://github.com/b1rger/carl" "/workspace/cache/git-repos/https%3A%2F%2Fgithub.com%2Fb1rger%2Fcarl", kill_on_drop: false }`
[INFO] [stderr] Cloning into bare repository '/workspace/cache/git-repos/https%3A%2F%2Fgithub.com%2Fb1rger%2Fcarl'...
[INFO] running `Command { std: "git" "rev-parse" "HEAD", kill_on_drop: false }`
[INFO] [stdout] a425a4ebb95182a9f9139d26838ce9b0be689ed4
[INFO] testing b1rger/carl against 1.75.0 for beta-1.76-1
[INFO] running `Command { std: "git" "clone" "/workspace/cache/git-repos/https%3A%2F%2Fgithub.com%2Fb1rger%2Fcarl" "/workspace/builds/worker-2-tc1/source", kill_on_drop: false }`
[INFO] [stderr] Cloning into '/workspace/builds/worker-2-tc1/source'...
[INFO] [stderr] done.
[INFO] validating manifest of git repo https://github.com/b1rger/carl on toolchain 1.75.0
[INFO] running `Command { std: CARGO_HOME="/workspace/cargo-home" RUSTUP_HOME="/workspace/rustup-home" "/workspace/cargo-home/bin/cargo" "+1.75.0" "metadata" "--manifest-path" "Cargo.toml" "--no-deps", kill_on_drop: false }`
[INFO] started tweaking git repo https://github.com/b1rger/carl
[INFO] finished tweaking git repo https://github.com/b1rger/carl
[INFO] tweaked toml for git repo https://github.com/b1rger/carl written to /workspace/builds/worker-2-tc1/source/Cargo.toml
[INFO] crate git repo https://github.com/b1rger/carl already has a lockfile, it will not be regenerated
[INFO] running `Command { std: CARGO_HOME="/workspace/cargo-home" RUSTUP_HOME="/workspace/rustup-home" "/workspace/cargo-home/bin/cargo" "+1.75.0" "fetch" "--manifest-path" "Cargo.toml", kill_on_drop: false }`
[INFO] [stderr]     Updating crates.io index
[INFO] [stderr]  Downloading crates ...
[INFO] [stderr]   Downloaded ical v0.9.0
[INFO] [stderr]   Downloaded winnow v0.5.2
[INFO] running `Command { std: "docker" "create" "-v" "/var/lib/crater-agent-workspace/builds/worker-2-tc1/target:/opt/rustwide/target:rw,Z" "-v" "/var/lib/crater-agent-workspace/builds/worker-2-tc1/source:/opt/rustwide/workdir:ro,Z" "-v" "/var/lib/crater-agent-workspace/cargo-home:/opt/rustwide/cargo-home:ro,Z" "-v" "/var/lib/crater-agent-workspace/rustup-home:/opt/rustwide/rustup-home:ro,Z" "-e" "SOURCE_DIR=/opt/rustwide/workdir" "-e" "CARGO_TARGET_DIR=/opt/rustwide/target" "-e" "CARGO_HOME=/opt/rustwide/cargo-home" "-e" "RUSTUP_HOME=/opt/rustwide/rustup-home" "-w" "/opt/rustwide/workdir" "-m" "1610612736" "--user" "0:0" "--network" "none" "ghcr.io/rust-lang/crates-build-env/linux@sha256:2788e3201cd34a07e3172128adcd8b3090168a8e3bcc40d7c032b9dda1df7d1c" "/opt/rustwide/cargo-home/bin/cargo" "+1.75.0" "metadata" "--no-deps" "--format-version=1", kill_on_drop: false }`
[INFO] [stdout] 43cef2701e1c30e6414d664821524f912fce8169dae481569b0c814409ad4aec
[INFO] running `Command { std: "docker" "start" "-a" "43cef2701e1c30e6414d664821524f912fce8169dae481569b0c814409ad4aec", kill_on_drop: false }`
[INFO] running `Command { std: "docker" "inspect" "43cef2701e1c30e6414d664821524f912fce8169dae481569b0c814409ad4aec", kill_on_drop: false }`
[INFO] running `Command { std: "docker" "rm" "-f" "43cef2701e1c30e6414d664821524f912fce8169dae481569b0c814409ad4aec", kill_on_drop: false }`
[INFO] [stdout] 43cef2701e1c30e6414d664821524f912fce8169dae481569b0c814409ad4aec
[INFO] running `Command { std: "docker" "create" "-v" "/var/lib/crater-agent-workspace/builds/worker-2-tc1/target:/opt/rustwide/target:rw,Z" "-v" "/var/lib/crater-agent-workspace/builds/worker-2-tc1/source:/opt/rustwide/workdir:ro,Z" "-v" "/var/lib/crater-agent-workspace/cargo-home:/opt/rustwide/cargo-home:ro,Z" "-v" "/var/lib/crater-agent-workspace/rustup-home:/opt/rustwide/rustup-home:ro,Z" "-e" "SOURCE_DIR=/opt/rustwide/workdir" "-e" "CARGO_TARGET_DIR=/opt/rustwide/target" "-e" "CARGO_INCREMENTAL=0" "-e" "RUST_BACKTRACE=full" "-e" "RUSTFLAGS=--cap-lints=warn" "-e" "RUSTDOCFLAGS=--cap-lints=warn" "-e" "CARGO_HOME=/opt/rustwide/cargo-home" "-e" "RUSTUP_HOME=/opt/rustwide/rustup-home" "-w" "/opt/rustwide/workdir" "-m" "1610612736" "--user" "0:0" "--network" "none" "ghcr.io/rust-lang/crates-build-env/linux@sha256:2788e3201cd34a07e3172128adcd8b3090168a8e3bcc40d7c032b9dda1df7d1c" "/opt/rustwide/cargo-home/bin/cargo" "+1.75.0" "build" "--frozen" "--message-format=json", kill_on_drop: false }`
[INFO] [stdout] 1a53803c6ccd139c9342446a463767c0ce1bdbc8a264be7d9403f3e36a1b7a7e
[INFO] running `Command { std: "docker" "start" "-a" "1a53803c6ccd139c9342446a463767c0ce1bdbc8a264be7d9403f3e36a1b7a7e", kill_on_drop: false }`
[INFO] [stderr]    Compiling proc-macro2 v1.0.67
[INFO] [stderr]    Compiling unicode-ident v1.0.8
[INFO] [stderr]    Compiling serde v1.0.193
[INFO] [stderr]    Compiling utf8parse v0.2.1
[INFO] [stderr]    Compiling colorchoice v1.0.0
[INFO] [stderr]    Compiling thiserror v1.0.50
[INFO] [stderr]    Compiling anstyle v1.0.4
[INFO] [stderr]    Compiling equivalent v1.0.1
[INFO] [stderr]    Compiling hashbrown v0.14.0
[INFO] [stderr]    Compiling anstyle-query v1.0.0
[INFO] [stderr]    Compiling heck v0.4.1
[INFO] [stderr]    Compiling clap_lex v0.6.0
[INFO] [stderr]    Compiling strsim v0.10.0
[INFO] [stderr]    Compiling winnow v0.5.2
[INFO] [stderr]    Compiling anyhow v1.0.75
[INFO] [stderr]    Compiling num-traits v0.2.15
[INFO] [stderr]    Compiling anstyle-parse v0.2.1
[INFO] [stderr]    Compiling iana-time-zone v0.1.56
[INFO] [stderr]    Compiling xdg v2.5.2
[INFO] [stderr]    Compiling anstream v0.6.4
[INFO] [stderr]    Compiling clap_builder v4.4.11
[INFO] [stderr]    Compiling indexmap v2.0.0
[INFO] [stderr]    Compiling quote v1.0.32
[INFO] [stderr]    Compiling syn v2.0.36
[INFO] [stderr]    Compiling chrono v0.4.31
[INFO] [stderr]    Compiling serde_derive v1.0.193
[INFO] [stderr]    Compiling thiserror-impl v1.0.50
[INFO] [stderr]    Compiling clap_derive v4.4.7
[INFO] [stderr]    Compiling ical v0.9.0
[INFO] [stderr]    Compiling clap v4.4.11
[INFO] [stderr]    Compiling toml_datetime v0.6.5
[INFO] [stderr]    Compiling serde_spanned v0.6.4
[INFO] [stderr]    Compiling toml_edit v0.21.0
[INFO] [stderr]    Compiling toml v0.8.8
[INFO] [stderr]    Compiling carl v0.1.2 (/opt/rustwide/workdir)
[INFO] [stdout] warning: unused import: `DateStyle`
[INFO] [stdout]  --> src/config/mod.rs:8:31
[INFO] [stdout]   |
[INFO] [stdout] 8 | pub use theme::{DateProperty, DateStyle, Style, StyleName, StyleType, Theme};
[INFO] [stdout]   |                               ^^^^^^^^^
[INFO] [stdout]   |
[INFO] [stdout]   = note: `#[warn(unused_imports)]` on by default
[INFO] [stdout] 
[INFO] [stdout] 
[INFO] [stdout] warning: 1 warning emitted
[INFO] [stdout] 
[INFO] [stdout] 
[INFO] [stderr]     Finished dev [unoptimized + debuginfo] target(s) in 13.29s
[INFO] running `Command { std: "docker" "inspect" "1a53803c6ccd139c9342446a463767c0ce1bdbc8a264be7d9403f3e36a1b7a7e", kill_on_drop: false }`
[INFO] running `Command { std: "docker" "rm" "-f" "1a53803c6ccd139c9342446a463767c0ce1bdbc8a264be7d9403f3e36a1b7a7e", kill_on_drop: false }`
[INFO] [stdout] 1a53803c6ccd139c9342446a463767c0ce1bdbc8a264be7d9403f3e36a1b7a7e
[INFO] running `Command { std: "docker" "create" "-v" "/var/lib/crater-agent-workspace/builds/worker-2-tc1/target:/opt/rustwide/target:rw,Z" "-v" "/var/lib/crater-agent-workspace/builds/worker-2-tc1/source:/opt/rustwide/workdir:ro,Z" "-v" "/var/lib/crater-agent-workspace/cargo-home:/opt/rustwide/cargo-home:ro,Z" "-v" "/var/lib/crater-agent-workspace/rustup-home:/opt/rustwide/rustup-home:ro,Z" "-e" "SOURCE_DIR=/opt/rustwide/workdir" "-e" "CARGO_TARGET_DIR=/opt/rustwide/target" "-e" "CARGO_INCREMENTAL=0" "-e" "RUST_BACKTRACE=full" "-e" "RUSTFLAGS=--cap-lints=warn" "-e" "RUSTDOCFLAGS=--cap-lints=warn" "-e" "CARGO_HOME=/opt/rustwide/cargo-home" "-e" "RUSTUP_HOME=/opt/rustwide/rustup-home" "-w" "/opt/rustwide/workdir" "-m" "1610612736" "--user" "0:0" "--network" "none" "ghcr.io/rust-lang/crates-build-env/linux@sha256:2788e3201cd34a07e3172128adcd8b3090168a8e3bcc40d7c032b9dda1df7d1c" "/opt/rustwide/cargo-home/bin/cargo" "+1.75.0" "test" "--frozen" "--no-run" "--message-format=json", kill_on_drop: false }`
[INFO] [stdout] 1009382798eb5bbbb05f95c4f68ce6acf43e6ae7817f25af5ec844b5d8d644aa
[INFO] running `Command { std: "docker" "start" "-a" "1009382798eb5bbbb05f95c4f68ce6acf43e6ae7817f25af5ec844b5d8d644aa", kill_on_drop: false }`
[INFO] [stderr]    Compiling carl v0.1.2 (/opt/rustwide/workdir)
[INFO] [stdout] warning: unused import: `DateStyle`
[INFO] [stdout]  --> src/config/mod.rs:8:31
[INFO] [stdout]   |
[INFO] [stdout] 8 | pub use theme::{DateProperty, DateStyle, Style, StyleName, StyleType, Theme};
[INFO] [stdout]   |                               ^^^^^^^^^
[INFO] [stdout]   |
[INFO] [stdout]   = note: `#[warn(unused_imports)]` on by default
[INFO] [stdout] 
[INFO] [stdout] 
[INFO] [stdout] warning: 1 warning emitted
[INFO] [stdout] 
[INFO] [stdout] 
[INFO] [stderr]     Finished test [unoptimized + debuginfo] target(s) in 1.90s
[INFO] running `Command { std: "docker" "inspect" "1009382798eb5bbbb05f95c4f68ce6acf43e6ae7817f25af5ec844b5d8d644aa", kill_on_drop: false }`
[INFO] running `Command { std: "docker" "rm" "-f" "1009382798eb5bbbb05f95c4f68ce6acf43e6ae7817f25af5ec844b5d8d644aa", kill_on_drop: false }`
[INFO] [stdout] 1009382798eb5bbbb05f95c4f68ce6acf43e6ae7817f25af5ec844b5d8d644aa
[INFO] running `Command { std: "docker" "create" "-v" "/var/lib/crater-agent-workspace/builds/worker-2-tc1/target:/opt/rustwide/target:rw,Z" "-v" "/var/lib/crater-agent-workspace/builds/worker-2-tc1/source:/opt/rustwide/workdir:ro,Z" "-v" "/var/lib/crater-agent-workspace/cargo-home:/opt/rustwide/cargo-home:ro,Z" "-v" "/var/lib/crater-agent-workspace/rustup-home:/opt/rustwide/rustup-home:ro,Z" "-e" "SOURCE_DIR=/opt/rustwide/workdir" "-e" "CARGO_TARGET_DIR=/opt/rustwide/target" "-e" "CARGO_INCREMENTAL=0" "-e" "RUST_BACKTRACE=full" "-e" "RUSTFLAGS=--cap-lints=warn" "-e" "RUSTDOCFLAGS=--cap-lints=warn" "-e" "CARGO_HOME=/opt/rustwide/cargo-home" "-e" "RUSTUP_HOME=/opt/rustwide/rustup-home" "-w" "/opt/rustwide/workdir" "-m" "1610612736" "--user" "0:0" "--network" "none" "ghcr.io/rust-lang/crates-build-env/linux@sha256:2788e3201cd34a07e3172128adcd8b3090168a8e3bcc40d7c032b9dda1df7d1c" "/opt/rustwide/cargo-home/bin/cargo" "+1.75.0" "test" "--frozen", kill_on_drop: false }`
[INFO] [stdout] caefb55a423b500a0be7c6b9a6337d9b77dea3e921ff4bdfdc9825c6c23f09f3
[INFO] running `Command { std: "docker" "start" "-a" "caefb55a423b500a0be7c6b9a6337d9b77dea3e921ff4bdfdc9825c6c23f09f3", kill_on_drop: false }`
[INFO] [stderr] warning: unused import: `DateStyle`
[INFO] [stderr]  --> src/config/mod.rs:8:31
[INFO] [stderr]   |
[INFO] [stderr] 8 | pub use theme::{DateProperty, DateStyle, Style, StyleName, StyleType, Theme};
[INFO] [stderr]   |                               ^^^^^^^^^
[INFO] [stderr]   |
[INFO] [stderr]   = note: `#[warn(unused_imports)]` on by default
[INFO] [stderr] 
[INFO] [stderr] warning: `carl` (bin "carl" test) generated 1 warning (run `cargo fix --bin "carl" --tests` to apply 1 suggestion)
[INFO] [stderr]     Finished test [unoptimized + debuginfo] target(s) in 0.03s
[INFO] [stderr]      Running unittests src/main.rs (/opt/rustwide/target/debug/deps/carl-2fe6acaad4672c4c)
[INFO] [stdout] 
[INFO] [stdout] running 82 tests
[INFO] [stdout] test cli::tests::test_validate_date_errors_with_unparsable_month ... ok
[INFO] [stdout] test cli::tests::test_validate_date_errors_with_non_existent_date ... ok
[INFO] [stdout] test cli::tests::test_validate_date_errors_with_unparsable_day ... ok
[INFO] [stdout] test cli::tests::test_validate_date_default_to_now_with_custom_year ... ok
[INFO] [stdout] test cli::tests::test_validate_date_defaults_to_now_with_ambiguous_arguments ... ok
[INFO] [stdout] test cli::tests::test_validate_date_defaults_to_now_with_custom_year_and_month_and_day ... ok
[INFO] [stdout] test cli::tests::test_validate_date_defaults_to_now_with_custom_year_and_month ... ok
[INFO] [stdout] test cli::tests::test_validate_date_defaults_to_now ... ok
[INFO] [stdout] test cli::tests::test_validate_date_errors_with_unparsable_year ... ok
[INFO] [stdout] test cli::tests::test_validate_date_errors_with_wrong_day ... ok
[INFO] [stdout] test cli::tests::test_validate_date_errors_with_wrong_month ... ok
[INFO] [stdout] test config::tests::test_default_config ... ok
[INFO] [stdout] test cli::tests::test_validate_date_errors_with_wrong_year ... ok
[INFO] [stdout] test config::tests::test_config_read ... ok
[INFO] [stdout] test config::theme::components::tests::test_default_datestyle_properties ... ok
[INFO] [stdout] test config::tests::test_default_icalstyle ... ok
[INFO] [stdout] test config::theme::tests::test_default_theme ... ok
[INFO] [stdout] test config::theme::components::tests::test_default_datestyle_style ... ok
[INFO] [stdout] test config::theme::components::tests::test_default_style_stylenames ... ok
[INFO] [stdout] test config::theme::tests::test_theme_read_filename ... ok
[INFO] [stdout] test config::theme::tests::test_theme_read_none ... ok
[INFO] [stdout] test context::tests::test_context_default ... ok
[INFO] [stdout] test config::theme::components::tests::test_default_style_weight ... ok
[INFO] [stdout] test events::ics::tests::test_icalevent_to_event ... ok
[INFO] [stdout] test events::ics::tests::test_icalevent_to_event_err ... ok
[INFO] [stdout] test events::ics::tests::test_property_to_eventdatetime_err ... ok
[INFO] [stdout] test events::ics::tests::test_property_to_frequency_daily ... ok
[INFO] [stdout] test events::ics::tests::test_property_to_frequency_monthly ... ok
[INFO] [stdout] test events::ics::tests::test_property_to_eventdatetime_1 ... ok
[INFO] [stdout] test events::ics::tests::test_property_to_frequency_yearly ... ok
[INFO] [stdout] test events::ics::tests::test_property_to_frequency_weekly ... ok
[INFO] [stdout] test events::tests::test_event_default ... ok
[INFO] [stdout] test events::tests::test_event_get_end_date_case3 ... ok
[INFO] [stdout] test events::tests::test_event_is_daily_day ... ok
[INFO] [stdout] test events::tests::test_event_fmt_date ... ok
[INFO] [stdout] test events::tests::test_event_is_day ... ok
[INFO] [stdout] test events::tests::test_event_is_monthy_day ... ok
[INFO] [stdout] test events::tests::test_event_get_end_date_case2 ... ok
[INFO] [stdout] test events::tests::test_event_is_yearly_day ... ok
[INFO] [stdout] test events::ics::tests::test_read_from_ics_file ... ok
[INFO] [stdout] test output::agenda::tests::test_fmt ... ok
[INFO] [stdout] test output::calendar::tests::test_calendar_julian_or_gregorian_width_2 ... ok
[INFO] [stdout] test events::ics::tests::test_read_from_dir ... ok
[INFO] [stdout] test output::date::tests::test_fmt_0 ... ok
[INFO] [stdout] test output::calendar::tests::test_calendar_julian_or_gregorian_width_1 ... ok
[INFO] [stdout] test events::tests::test_event_fmt_datetime ... ok
[INFO] [stdout] test output::date::tests::test_fmt_1 ... ok
[INFO] [stdout] test output::date::tests::test_is_event ... ok
[INFO] [stdout] test output::date::tests::test_satisfy_aftercurrentdate ... ok
[INFO] [stdout] test output::date::tests::test_satisfy_afterlastdayofmonth ... ok
[INFO] [stdout] test output::date::tests::test_satisfy_firstdayofdisplayedmonth ... ok
[INFO] [stdout] test output::date::tests::test_fmt_2 ... ok
[INFO] [stdout] test output::date::tests::test_fmt_is_event ... ok
[INFO] [stdout] test output::date::tests::test_satisfy_is_event ... ok
[INFO] [stdout] test utils::date_extensions::tests::test_first_day_of_month ... ok
[INFO] [stdout] test output::calendar::tests::test_calendar_fmt ... ok
[INFO] [stdout] test utils::date_extensions::tests::test_first_day_of_week_before_first_day_of_month ... ok
[INFO] [stdout] test output::date::tests::test_fmt_is_julian ... ok
[INFO] [stdout] test utils::date_extensions::tests::test_first_day_of_week_before_first_day_of_month_sunday ... ok
[INFO] [stdout] test utils::date_extensions::tests::test_first_day_of_next_month ... ok
[INFO] [stdout] test utils::date_extensions::tests::test_first_day_of_year ... ok
[INFO] [stdout] test utils::date_extensions::tests::test_iterator_end ... ok
[INFO] [stdout] test events::ics::tests::test_read_from_carl_ics ... ok
[INFO] [stdout] test utils::date_extensions::tests::test_last_day_of_month ... ok
[INFO] [stdout] test utils::date_extensions::tests::test_last_day_of_year ... ok
[INFO] [stdout] test utils::helpers::tests::test_to_style11 ... ok
[INFO] [stdout] test utils::date_extensions::tests::test_last_day_of_week_after_last_day_of_month_sunday ... ok
[INFO] [stdout] test context::tests::test_context_new ... ok
[INFO] [stdout] test utils::helpers::tests::test_to_style2 ... ok
[INFO] [stdout] test utils::helpers::tests::test_to_style3 ... ok
[INFO] [stdout] test utils::helpers::tests::test_to_style4 ... ok
[INFO] [stdout] test utils::date_extensions::tests::test_last_day_of_week_after_last_day_of_month ... ok
[INFO] [stdout] test utils::helpers::tests::test_to_style5 ... ok
[INFO] [stdout] test utils::helpers::tests::test_to_style1 ... ok
[INFO] [stdout] test events::ics::tests::test_read_from_dir_nor ... ok
[INFO] [stdout] test utils::helpers::tests::test_to_style6 ... ok
[INFO] [stdout] test utils::helpers::tests::test_to_style10 ... ok
[INFO] [stdout] test utils::helpers::tests::test_to_style7 ... ok
[INFO] [stdout] test utils::helpers::tests::test_to_style8 ... ok
[INFO] [stdout] test utils::helpers::tests::test_to_style9 ... ok
[INFO] [stdout] test output::calendar::tests::test_calendar_year_fmt ... ok
[INFO] [stdout] test events::ics::tests::test_property_to_eventdatetime_2 ... FAILED
[INFO] [stdout] 
[INFO] [stdout] failures:
[INFO] [stdout] 
[INFO] [stdout] ---- events::ics::tests::test_property_to_eventdatetime_2 stdout ----
[INFO] [stdout] thread 'events::ics::tests::test_property_to_eventdatetime_2' panicked at src/events/ics.rs:204:9:
[INFO] [stdout] assertion `left == right` failed
[INFO] [stdout]   left: Ok(DateTime(1970-01-01T01:01:30+00:00))
[INFO] [stdout]  right: Ok(DateTime(1970-01-01T00:01:30+00:00))
[INFO] [stdout] stack backtrace:
[INFO] [stdout]    0:     0x56060833f99c - std::backtrace_rs::backtrace::libunwind::trace::ha637c64ce894333a
[INFO] [stdout]                                at /rustc/82e1608dfa6e0b5569232559e3d385fea5a93112/library/std/src/../../backtrace/src/backtrace/libunwind.rs:104:5
[INFO] [stdout]    1:     0x56060833f99c - std::backtrace_rs::backtrace::trace_unsynchronized::h47f62dea28e0c88d
[INFO] [stdout]                                at /rustc/82e1608dfa6e0b5569232559e3d385fea5a93112/library/std/src/../../backtrace/src/backtrace/mod.rs:66:5
[INFO] [stdout]    2:     0x56060833f99c - std::sys_common::backtrace::_print_fmt::h9eef0abe20ede486
[INFO] [stdout]                                at /rustc/82e1608dfa6e0b5569232559e3d385fea5a93112/library/std/src/sys_common/backtrace.rs:67:5
[INFO] [stdout]    3:     0x56060833f99c - <std::sys_common::backtrace::_print::DisplayBacktrace as core::fmt::Display>::fmt::hed7f999df88cc644
[INFO] [stdout]                                at /rustc/82e1608dfa6e0b5569232559e3d385fea5a93112/library/std/src/sys_common/backtrace.rs:44:22
[INFO] [stdout]    4:     0x56060836b9b0 - core::fmt::rt::Argument::fmt::h1539a9308b8d058d
[INFO] [stdout]                                at /rustc/82e1608dfa6e0b5569232559e3d385fea5a93112/library/core/src/fmt/rt.rs:142:9
[INFO] [stdout]    5:     0x56060836b9b0 - core::fmt::write::h3a39390d8560d9c9
[INFO] [stdout]                                at /rustc/82e1608dfa6e0b5569232559e3d385fea5a93112/library/core/src/fmt/mod.rs:1120:17
[INFO] [stdout]    6:     0x56060833d05f - std::io::Write::write_fmt::h040b369f3a0f9cbc
[INFO] [stdout]                                at /rustc/82e1608dfa6e0b5569232559e3d385fea5a93112/library/std/src/io/mod.rs:1762:15
[INFO] [stdout]    7:     0x56060833f784 - std::sys_common::backtrace::_print::h894006fb5c6f3d45
[INFO] [stdout]                                at /rustc/82e1608dfa6e0b5569232559e3d385fea5a93112/library/std/src/sys_common/backtrace.rs:47:5
[INFO] [stdout]    8:     0x56060833f784 - std::sys_common::backtrace::print::h23a2d212c6fff936
[INFO] [stdout]                                at /rustc/82e1608dfa6e0b5569232559e3d385fea5a93112/library/std/src/sys_common/backtrace.rs:34:9
[INFO] [stdout]    9:     0x560608341447 - std::panicking::default_hook::{{closure}}::h8a1d2ee00185001a
[INFO] [stdout]   10:     0x560608341133 - std::panicking::default_hook::h6038f2eba384e475
[INFO] [stdout]                                at /rustc/82e1608dfa6e0b5569232559e3d385fea5a93112/library/std/src/panicking.rs:289:9
[INFO] [stdout]   11:     0x5606080a1527 - <alloc::boxed::Box<F,A> as core::ops::function::Fn<Args>>::call::h0ad024c9bdc6d768
[INFO] [stdout]                                at /rustc/82e1608dfa6e0b5569232559e3d385fea5a93112/library/alloc/src/boxed.rs:2021:9
[INFO] [stdout]   12:     0x5606080a1527 - test::test_main::{{closure}}::h7500b54257359db6
[INFO] [stdout]                                at /rustc/82e1608dfa6e0b5569232559e3d385fea5a93112/library/test/src/lib.rs:138:21
[INFO] [stdout]   13:     0x560608341a58 - <alloc::boxed::Box<F,A> as core::ops::function::Fn<Args>>::call::h1f8f335eaa9cfaee
[INFO] [stdout]                                at /rustc/82e1608dfa6e0b5569232559e3d385fea5a93112/library/alloc/src/boxed.rs:2021:9
[INFO] [stdout]   14:     0x560608341a58 - std::panicking::rust_panic_with_hook::h2b5517d590cab22e
[INFO] [stdout]                                at /rustc/82e1608dfa6e0b5569232559e3d385fea5a93112/library/std/src/panicking.rs:783:13
[INFO] [stdout]   15:     0x5606083417ae - std::panicking::begin_panic_handler::{{closure}}::h233112c06e0ef43e
[INFO] [stdout]                                at /rustc/82e1608dfa6e0b5569232559e3d385fea5a93112/library/std/src/panicking.rs:657:13
[INFO] [stdout]   16:     0x56060833fe66 - std::sys_common::backtrace::__rust_end_short_backtrace::h6e893f24d7ebbff8
[INFO] [stdout]                                at /rustc/82e1608dfa6e0b5569232559e3d385fea5a93112/library/std/src/sys_common/backtrace.rs:170:18
[INFO] [stdout]   17:     0x560608341512 - rust_begin_unwind
[INFO] [stdout]                                at /rustc/82e1608dfa6e0b5569232559e3d385fea5a93112/library/std/src/panicking.rs:645:5
[INFO] [stdout]   18:     0x560607fdf205 - core::panicking::panic_fmt::hbf0e066aabfa482c
[INFO] [stdout]                                at /rustc/82e1608dfa6e0b5569232559e3d385fea5a93112/library/core/src/panicking.rs:72:14
[INFO] [stdout]   19:     0x560607fdf61b - core::panicking::assert_failed_inner::h0bba8b7c26ee4492
[INFO] [stdout]   20:     0x56060806bfbe - core::panicking::assert_failed::hfb9e902baf6325fb
[INFO] [stdout]                                at /rustc/82e1608dfa6e0b5569232559e3d385fea5a93112/library/core/src/panicking.rs:279:5
[INFO] [stdout]   21:     0x56060804ac12 - carl::events::ics::tests::test_property_to_eventdatetime_2::h1b2f0c4a25c5b088
[INFO] [stdout]                                at /opt/rustwide/workdir/src/events/ics.rs:204:9
[INFO] [stdout]   22:     0x56060804a927 - carl::events::ics::tests::test_property_to_eventdatetime_2::{{closure}}::hc4ca9eb35c4b4e8c
[INFO] [stdout]                                at /opt/rustwide/workdir/src/events/ics.rs:197:42
[INFO] [stdout]   23:     0x5606080301b6 - core::ops::function::FnOnce::call_once::h2476edf364bb4ccc
[INFO] [stdout]                                at /rustc/82e1608dfa6e0b5569232559e3d385fea5a93112/library/core/src/ops/function.rs:250:5
[INFO] [stdout]   24:     0x5606080a6b7f - core::ops::function::FnOnce::call_once::h2b5d431d5046312d
[INFO] [stdout]                                at /rustc/82e1608dfa6e0b5569232559e3d385fea5a93112/library/core/src/ops/function.rs:250:5
[INFO] [stdout]   25:     0x5606080a6b7f - test::__rust_begin_short_backtrace::h7714669af176e207
[INFO] [stdout]                                at /rustc/82e1608dfa6e0b5569232559e3d385fea5a93112/library/test/src/lib.rs:628:18
[INFO] [stdout]   26:     0x5606080a5b95 - test::run_test_in_process::{{closure}}::h85218797dcbcec12
[INFO] [stdout]                                at /rustc/82e1608dfa6e0b5569232559e3d385fea5a93112/library/test/src/lib.rs:651:60
[INFO] [stdout]   27:     0x5606080a5b95 - <core::panic::unwind_safe::AssertUnwindSafe<F> as core::ops::function::FnOnce<()>>::call_once::h76c106ea31c14d7b
[INFO] [stdout]                                at /rustc/82e1608dfa6e0b5569232559e3d385fea5a93112/library/core/src/panic/unwind_safe.rs:272:9
[INFO] [stdout]   28:     0x5606080a5b95 - std::panicking::try::do_call::h3bd5d0f6620ee946
[INFO] [stdout]                                at /rustc/82e1608dfa6e0b5569232559e3d385fea5a93112/library/std/src/panicking.rs:552:40
[INFO] [stdout]   29:     0x5606080a5b95 - std::panicking::try::h232e535e4744fe31
[INFO] [stdout]                                at /rustc/82e1608dfa6e0b5569232559e3d385fea5a93112/library/std/src/panicking.rs:516:19
[INFO] [stdout]   30:     0x5606080a5b95 - std::panic::catch_unwind::h3ce3bd6ca8dbac68
[INFO] [stdout]                                at /rustc/82e1608dfa6e0b5569232559e3d385fea5a93112/library/std/src/panic.rs:142:14
[INFO] [stdout]   31:     0x5606080a5b95 - test::run_test_in_process::hc97b257c9621286a
[INFO] [stdout]                                at /rustc/82e1608dfa6e0b5569232559e3d385fea5a93112/library/test/src/lib.rs:651:27
[INFO] [stdout]   32:     0x5606080a5b95 - test::run_test::{{closure}}::h2aa798823a438d38
[INFO] [stdout]                                at /rustc/82e1608dfa6e0b5569232559e3d385fea5a93112/library/test/src/lib.rs:574:43
[INFO] [stdout]   33:     0x56060806de56 - test::run_test::{{closure}}::h87d231c78fb59832
[INFO] [stdout]                                at /rustc/82e1608dfa6e0b5569232559e3d385fea5a93112/library/test/src/lib.rs:602:41
[INFO] [stdout]   34:     0x56060806de56 - std::sys_common::backtrace::__rust_begin_short_backtrace::he6df152596625789
[INFO] [stdout]                                at /rustc/82e1608dfa6e0b5569232559e3d385fea5a93112/library/std/src/sys_common/backtrace.rs:154:18
[INFO] [stdout]   35:     0x560608072f07 - std::thread::Builder::spawn_unchecked_::{{closure}}::{{closure}}::ha94be15d1e0acf36
[INFO] [stdout]                                at /rustc/82e1608dfa6e0b5569232559e3d385fea5a93112/library/std/src/thread/mod.rs:529:17
[INFO] [stdout]   36:     0x560608072f07 - <core::panic::unwind_safe::AssertUnwindSafe<F> as core::ops::function::FnOnce<()>>::call_once::h9dc6bd6372f16606
[INFO] [stdout]                                at /rustc/82e1608dfa6e0b5569232559e3d385fea5a93112/library/core/src/panic/unwind_safe.rs:272:9
[INFO] [stdout]   37:     0x560608072f07 - std::panicking::try::do_call::h9057517f80303cd4
[INFO] [stdout]                                at /rustc/82e1608dfa6e0b5569232559e3d385fea5a93112/library/std/src/panicking.rs:552:40
[INFO] [stdout]   38:     0x560608072f07 - std::panicking::try::he3a30b11ee45340c
[INFO] [stdout]                                at /rustc/82e1608dfa6e0b5569232559e3d385fea5a93112/library/std/src/panicking.rs:516:19
[INFO] [stdout]   39:     0x560608072f07 - std::panic::catch_unwind::h410458cfd3528b8b
[INFO] [stdout]                                at /rustc/82e1608dfa6e0b5569232559e3d385fea5a93112/library/std/src/panic.rs:142:14
[INFO] [stdout]   40:     0x560608072f07 - std::thread::Builder::spawn_unchecked_::{{closure}}::h72ac3bdb567b737b
[INFO] [stdout]                                at /rustc/82e1608dfa6e0b5569232559e3d385fea5a93112/library/std/src/thread/mod.rs:528:30
[INFO] [stdout]   41:     0x560608072f07 - core::ops::function::FnOnce::call_once{{vtable.shim}}::h38f34da3654a8344
[INFO] [stdout]                                at /rustc/82e1608dfa6e0b5569232559e3d385fea5a93112/library/core/src/ops/function.rs:250:5
[INFO] [stdout]   42:     0x560608346d85 - <alloc::boxed::Box<F,A> as core::ops::function::FnOnce<Args>>::call_once::hc7eafaff61e32df9
[INFO] [stdout]                                at /rustc/82e1608dfa6e0b5569232559e3d385fea5a93112/library/alloc/src/boxed.rs:2007:9
[INFO] [stdout]   43:     0x560608346d85 - <alloc::boxed::Box<F,A> as core::ops::function::FnOnce<Args>>::call_once::h6ba4a5de48dd2304
[INFO] [stdout]                                at /rustc/82e1608dfa6e0b5569232559e3d385fea5a93112/library/alloc/src/boxed.rs:2007:9
[INFO] [stdout]   44:     0x560608346d85 - std::sys::unix::thread::Thread::new::thread_start::he469335aef763e45
[INFO] [stdout]                                at /rustc/82e1608dfa6e0b5569232559e3d385fea5a93112/library/std/src/sys/unix/thread.rs:108:17
[INFO] [stdout]   45:     0x7f4c34e31ac3 - <unknown>
[INFO] [stdout]   46:     0x7f4c34ec2bf4 - __clone
[INFO] [stdout]   47:                0x0 - <unknown>
[INFO] [stdout] 
[INFO] [stdout] 
[INFO] [stdout] failures:
[INFO] [stdout]     events::ics::tests::test_property_to_eventdatetime_2
[INFO] [stdout] 
[INFO] [stdout] test result: FAILED. 81 passed; 1 failed; 0 ignored; 0 measured; 0 filtered out; finished in 0.03s
[INFO] [stdout] 
[INFO] [stderr] error: test failed, to rerun pass `--bin carl`
[INFO] running `Command { std: "docker" "inspect" "caefb55a423b500a0be7c6b9a6337d9b77dea3e921ff4bdfdc9825c6c23f09f3", kill_on_drop: false }`
[INFO] running `Command { std: "docker" "rm" "-f" "caefb55a423b500a0be7c6b9a6337d9b77dea3e921ff4bdfdc9825c6c23f09f3", kill_on_drop: false }`
[INFO] [stdout] caefb55a423b500a0be7c6b9a6337d9b77dea3e921ff4bdfdc9825c6c23f09f3
[INFO] testing b1rger/carl against beta-2023-12-22 for beta-1.76-1
[INFO] running `Command { std: "git" "clone" "/workspace/cache/git-repos/https%3A%2F%2Fgithub.com%2Fb1rger%2Fcarl" "/workspace/builds/worker-2-tc2/source", kill_on_drop: false }`
[INFO] [stderr] Cloning into '/workspace/builds/worker-2-tc2/source'...
[INFO] [stderr] done.
[INFO] validating manifest of git repo https://github.com/b1rger/carl on toolchain beta-2023-12-22
[INFO] running `Command { std: CARGO_HOME="/workspace/cargo-home" RUSTUP_HOME="/workspace/rustup-home" "/workspace/cargo-home/bin/cargo" "+beta-2023-12-22" "metadata" "--manifest-path" "Cargo.toml" "--no-deps", kill_on_drop: false }`
[INFO] started tweaking git repo https://github.com/b1rger/carl
[INFO] finished tweaking git repo https://github.com/b1rger/carl
[INFO] tweaked toml for git repo https://github.com/b1rger/carl written to /workspace/builds/worker-2-tc2/source/Cargo.toml
[INFO] crate git repo https://github.com/b1rger/carl already has a lockfile, it will not be regenerated
[INFO] running `Command { std: CARGO_HOME="/workspace/cargo-home" RUSTUP_HOME="/workspace/rustup-home" "/workspace/cargo-home/bin/cargo" "+beta-2023-12-22" "fetch" "--manifest-path" "Cargo.toml", kill_on_drop: false }`
[INFO] running `Command { std: "docker" "create" "-v" "/var/lib/crater-agent-workspace/builds/worker-2-tc2/target:/opt/rustwide/target:rw,Z" "-v" "/var/lib/crater-agent-workspace/builds/worker-2-tc2/source:/opt/rustwide/workdir:ro,Z" "-v" "/var/lib/crater-agent-workspace/cargo-home:/opt/rustwide/cargo-home:ro,Z" "-v" "/var/lib/crater-agent-workspace/rustup-home:/opt/rustwide/rustup-home:ro,Z" "-e" "SOURCE_DIR=/opt/rustwide/workdir" "-e" "CARGO_TARGET_DIR=/opt/rustwide/target" "-e" "CARGO_HOME=/opt/rustwide/cargo-home" "-e" "RUSTUP_HOME=/opt/rustwide/rustup-home" "-w" "/opt/rustwide/workdir" "-m" "1610612736" "--user" "0:0" "--network" "none" "ghcr.io/rust-lang/crates-build-env/linux@sha256:2788e3201cd34a07e3172128adcd8b3090168a8e3bcc40d7c032b9dda1df7d1c" "/opt/rustwide/cargo-home/bin/cargo" "+beta-2023-12-22" "metadata" "--no-deps" "--format-version=1", kill_on_drop: false }`
[INFO] [stdout] 99fdb16e2fd92fdb94173000ead4a24a68442cdcf757f0d354aaca16a3dbf589
[INFO] running `Command { std: "docker" "start" "-a" "99fdb16e2fd92fdb94173000ead4a24a68442cdcf757f0d354aaca16a3dbf589", kill_on_drop: false }`
[INFO] running `Command { std: "docker" "inspect" "99fdb16e2fd92fdb94173000ead4a24a68442cdcf757f0d354aaca16a3dbf589", kill_on_drop: false }`
[INFO] running `Command { std: "docker" "rm" "-f" "99fdb16e2fd92fdb94173000ead4a24a68442cdcf757f0d354aaca16a3dbf589", kill_on_drop: false }`
[INFO] [stdout] 99fdb16e2fd92fdb94173000ead4a24a68442cdcf757f0d354aaca16a3dbf589
[INFO] running `Command { std: "docker" "create" "-v" "/var/lib/crater-agent-workspace/builds/worker-2-tc2/target:/opt/rustwide/target:rw,Z" "-v" "/var/lib/crater-agent-workspace/builds/worker-2-tc2/source:/opt/rustwide/workdir:ro,Z" "-v" "/var/lib/crater-agent-workspace/cargo-home:/opt/rustwide/cargo-home:ro,Z" "-v" "/var/lib/crater-agent-workspace/rustup-home:/opt/rustwide/rustup-home:ro,Z" "-e" "SOURCE_DIR=/opt/rustwide/workdir" "-e" "CARGO_TARGET_DIR=/opt/rustwide/target" "-e" "CARGO_INCREMENTAL=0" "-e" "RUST_BACKTRACE=full" "-e" "RUSTFLAGS=--cap-lints=warn" "-e" "RUSTDOCFLAGS=--cap-lints=warn" "-e" "CARGO_HOME=/opt/rustwide/cargo-home" "-e" "RUSTUP_HOME=/opt/rustwide/rustup-home" "-w" "/opt/rustwide/workdir" "-m" "1610612736" "--user" "0:0" "--network" "none" "ghcr.io/rust-lang/crates-build-env/linux@sha256:2788e3201cd34a07e3172128adcd8b3090168a8e3bcc40d7c032b9dda1df7d1c" "/opt/rustwide/cargo-home/bin/cargo" "+beta-2023-12-22" "build" "--frozen" "--message-format=json", kill_on_drop: false }`
[INFO] [stdout] e040cbf9af17c399b5b3bb30a51e648626391659e7d25a3e74cf8c8fe689d4f7
[INFO] running `Command { std: "docker" "start" "-a" "e040cbf9af17c399b5b3bb30a51e648626391659e7d25a3e74cf8c8fe689d4f7", kill_on_drop: false }`
[INFO] [stderr]    Compiling proc-macro2 v1.0.67
[INFO] [stderr]    Compiling unicode-ident v1.0.8
[INFO] [stderr]    Compiling serde v1.0.193
[INFO] [stderr]    Compiling utf8parse v0.2.1
[INFO] [stderr]    Compiling anstyle-query v1.0.0
[INFO] [stderr]    Compiling hashbrown v0.14.0
[INFO] [stderr]    Compiling thiserror v1.0.50
[INFO] [stderr]    Compiling colorchoice v1.0.0
[INFO] [stderr]    Compiling anstyle v1.0.4
[INFO] [stderr]    Compiling equivalent v1.0.1
[INFO] [stderr]    Compiling strsim v0.10.0
[INFO] [stderr]    Compiling heck v0.4.1
[INFO] [stderr]    Compiling anyhow v1.0.75
[INFO] [stderr]    Compiling clap_lex v0.6.0
[INFO] [stderr]    Compiling winnow v0.5.2
[INFO] [stderr]    Compiling num-traits v0.2.15
[INFO] [stderr]    Compiling anstyle-parse v0.2.1
[INFO] [stderr]    Compiling iana-time-zone v0.1.56
[INFO] [stderr]    Compiling xdg v2.5.2
[INFO] [stderr]    Compiling anstream v0.6.4
[INFO] [stderr]    Compiling clap_builder v4.4.11
[INFO] [stderr]    Compiling indexmap v2.0.0
[INFO] [stderr]    Compiling quote v1.0.32
[INFO] [stderr]    Compiling syn v2.0.36
[INFO] [stderr]    Compiling chrono v0.4.31
[INFO] [stderr]    Compiling serde_derive v1.0.193
[INFO] [stderr]    Compiling thiserror-impl v1.0.50
[INFO] [stderr]    Compiling clap_derive v4.4.7
[INFO] [stderr]    Compiling ical v0.9.0
[INFO] [stderr]    Compiling clap v4.4.11
[INFO] [stderr]    Compiling toml_datetime v0.6.5
[INFO] [stderr]    Compiling serde_spanned v0.6.4
[INFO] [stderr]    Compiling toml_edit v0.21.0
[INFO] [stderr]    Compiling toml v0.8.8
[INFO] [stderr]    Compiling carl v0.1.2 (/opt/rustwide/workdir)
[INFO] [stdout] warning: unused import: `DateStyle`
[INFO] [stdout]  --> src/config/mod.rs:8:31
[INFO] [stdout]   |
[INFO] [stdout] 8 | pub use theme::{DateProperty, DateStyle, Style, StyleName, StyleType, Theme};
[INFO] [stdout]   |                               ^^^^^^^^^
[INFO] [stdout]   |
[INFO] [stdout]   = note: `#[warn(unused_imports)]` on by default
[INFO] [stdout] 
[INFO] [stdout] 
[INFO] [stdout] warning: 1 warning emitted
[INFO] [stdout] 
[INFO] [stdout] 
[INFO] [stderr]     Finished dev [unoptimized + debuginfo] target(s) in 10.90s
[INFO] running `Command { std: "docker" "inspect" "e040cbf9af17c399b5b3bb30a51e648626391659e7d25a3e74cf8c8fe689d4f7", kill_on_drop: false }`
[INFO] running `Command { std: "docker" "rm" "-f" "e040cbf9af17c399b5b3bb30a51e648626391659e7d25a3e74cf8c8fe689d4f7", kill_on_drop: false }`
[INFO] [stdout] e040cbf9af17c399b5b3bb30a51e648626391659e7d25a3e74cf8c8fe689d4f7
[INFO] running `Command { std: "docker" "create" "-v" "/var/lib/crater-agent-workspace/builds/worker-2-tc2/target:/opt/rustwide/target:rw,Z" "-v" "/var/lib/crater-agent-workspace/builds/worker-2-tc2/source:/opt/rustwide/workdir:ro,Z" "-v" "/var/lib/crater-agent-workspace/cargo-home:/opt/rustwide/cargo-home:ro,Z" "-v" "/var/lib/crater-agent-workspace/rustup-home:/opt/rustwide/rustup-home:ro,Z" "-e" "SOURCE_DIR=/opt/rustwide/workdir" "-e" "CARGO_TARGET_DIR=/opt/rustwide/target" "-e" "CARGO_INCREMENTAL=0" "-e" "RUST_BACKTRACE=full" "-e" "RUSTFLAGS=--cap-lints=warn" "-e" "RUSTDOCFLAGS=--cap-lints=warn" "-e" "CARGO_HOME=/opt/rustwide/cargo-home" "-e" "RUSTUP_HOME=/opt/rustwide/rustup-home" "-w" "/opt/rustwide/workdir" "-m" "1610612736" "--user" "0:0" "--network" "none" "ghcr.io/rust-lang/crates-build-env/linux@sha256:2788e3201cd34a07e3172128adcd8b3090168a8e3bcc40d7c032b9dda1df7d1c" "/opt/rustwide/cargo-home/bin/cargo" "+beta-2023-12-22" "test" "--frozen" "--no-run" "--message-format=json", kill_on_drop: false }`
[INFO] [stdout] 09433e5569a14f6429a3903190e371c596cf4a5ae4e5dd56d278594587dfe63c
[INFO] running `Command { std: "docker" "start" "-a" "09433e5569a14f6429a3903190e371c596cf4a5ae4e5dd56d278594587dfe63c", kill_on_drop: false }`
[INFO] [stderr]    Compiling carl v0.1.2 (/opt/rustwide/workdir)
[INFO] [stdout] warning: unused import: `DateStyle`
[INFO] [stdout]  --> src/config/mod.rs:8:31
[INFO] [stdout]   |
[INFO] [stdout] 8 | pub use theme::{DateProperty, DateStyle, Style, StyleName, StyleType, Theme};
[INFO] [stdout]   |                               ^^^^^^^^^
[INFO] [stdout]   |
[INFO] [stdout]   = note: `#[warn(unused_imports)]` on by default
[INFO] [stdout] 
[INFO] [stdout] 
[INFO] [stdout] warning: 1 warning emitted
[INFO] [stdout] 
[INFO] [stdout] 
[INFO] [stderr]     Finished test [unoptimized + debuginfo] target(s) in 1.85s
[INFO] running `Command { std: "docker" "inspect" "09433e5569a14f6429a3903190e371c596cf4a5ae4e5dd56d278594587dfe63c", kill_on_drop: false }`
[INFO] running `Command { std: "docker" "rm" "-f" "09433e5569a14f6429a3903190e371c596cf4a5ae4e5dd56d278594587dfe63c", kill_on_drop: false }`
[INFO] [stdout] 09433e5569a14f6429a3903190e371c596cf4a5ae4e5dd56d278594587dfe63c
[INFO] running `Command { std: "docker" "create" "-v" "/var/lib/crater-agent-workspace/builds/worker-2-tc2/target:/opt/rustwide/target:rw,Z" "-v" "/var/lib/crater-agent-workspace/builds/worker-2-tc2/source:/opt/rustwide/workdir:ro,Z" "-v" "/var/lib/crater-agent-workspace/cargo-home:/opt/rustwide/cargo-home:ro,Z" "-v" "/var/lib/crater-agent-workspace/rustup-home:/opt/rustwide/rustup-home:ro,Z" "-e" "SOURCE_DIR=/opt/rustwide/workdir" "-e" "CARGO_TARGET_DIR=/opt/rustwide/target" "-e" "CARGO_INCREMENTAL=0" "-e" "RUST_BACKTRACE=full" "-e" "RUSTFLAGS=--cap-lints=warn" "-e" "RUSTDOCFLAGS=--cap-lints=warn" "-e" "CARGO_HOME=/opt/rustwide/cargo-home" "-e" "RUSTUP_HOME=/opt/rustwide/rustup-home" "-w" "/opt/rustwide/workdir" "-m" "1610612736" "--user" "0:0" "--network" "none" "ghcr.io/rust-lang/crates-build-env/linux@sha256:2788e3201cd34a07e3172128adcd8b3090168a8e3bcc40d7c032b9dda1df7d1c" "/opt/rustwide/cargo-home/bin/cargo" "+beta-2023-12-22" "test" "--frozen", kill_on_drop: false }`
[INFO] [stdout] 9aec0a816bda7b769a5f41ad7926783141827246ceb2197b02cbe2f92f58968c
[INFO] running `Command { std: "docker" "start" "-a" "9aec0a816bda7b769a5f41ad7926783141827246ceb2197b02cbe2f92f58968c", kill_on_drop: false }`
[INFO] [stderr] warning: unused import: `DateStyle`
[INFO] [stderr]  --> src/config/mod.rs:8:31
[INFO] [stderr]   |
[INFO] [stderr] 8 | pub use theme::{DateProperty, DateStyle, Style, StyleName, StyleType, Theme};
[INFO] [stderr]   |                               ^^^^^^^^^
[INFO] [stderr]   |
[INFO] [stderr]   = note: `#[warn(unused_imports)]` on by default
[INFO] [stderr] 
[INFO] [stderr] warning: `carl` (bin "carl" test) generated 1 warning (run `cargo fix --bin "carl" --tests` to apply 1 suggestion)
[INFO] [stderr]     Finished test [unoptimized + debuginfo] target(s) in 0.03s
[INFO] [stderr]      Running unittests src/main.rs (/opt/rustwide/target/debug/deps/carl-516fd7ac65b48cda)
[INFO] [stdout] 
[INFO] [stdout] running 82 tests
[INFO] [stdout] test cli::tests::test_validate_date_defaults_to_now ... ok
[INFO] [stdout] test cli::tests::test_validate_date_defaults_to_now_with_custom_year_and_month ... ok
[INFO] [stdout] test cli::tests::test_validate_date_default_to_now_with_custom_year ... ok
[INFO] [stdout] test cli::tests::test_validate_date_defaults_to_now_with_ambiguous_arguments ... ok
[INFO] [stdout] test cli::tests::test_validate_date_defaults_to_now_with_custom_year_and_month_and_day ... ok
[INFO] [stdout] test cli::tests::test_validate_date_errors_with_non_existent_date ... ok
[INFO] [stdout] test cli::tests::test_validate_date_errors_with_unparsable_month ... ok
[INFO] [stdout] test cli::tests::test_validate_date_errors_with_unparsable_day ... ok
[INFO] [stdout] test cli::tests::test_validate_date_errors_with_unparsable_year ... ok
[INFO] [stdout] test cli::tests::test_validate_date_errors_with_wrong_day ... ok
[INFO] [stdout] test cli::tests::test_validate_date_errors_with_wrong_month ... ok
[INFO] [stdout] test cli::tests::test_validate_date_errors_with_wrong_year ... ok
[INFO] [stdout] test config::tests::test_default_config ... ok
[INFO] [stdout] test config::tests::test_config_read ... ok
[INFO] [stdout] test config::tests::test_default_icalstyle ... ok
[INFO] [stdout] test config::theme::components::tests::test_default_datestyle_properties ... ok
[INFO] [stdout] test config::theme::components::tests::test_default_datestyle_style ... ok
[INFO] [stdout] test config::theme::components::tests::test_default_style_stylenames ... ok
[INFO] [stdout] test config::theme::components::tests::test_default_style_weight ... ok
[INFO] [stdout] test config::theme::tests::test_default_theme ... ok
[INFO] [stdout] test config::theme::tests::test_theme_read_filename ... ok
[INFO] [stdout] test config::theme::tests::test_theme_read_none ... ok
[INFO] [stdout] test context::tests::test_context_default ... ok
[INFO] [stdout] test events::ics::tests::test_property_to_eventdatetime_1 ... ok
[INFO] [stdout] test events::ics::tests::test_icalevent_to_event_err ... ok
[INFO] [stdout] test events::ics::tests::test_property_to_frequency_monthly ... ok
[INFO] [stdout] test events::ics::tests::test_icalevent_to_event ... ok
[INFO] [stdout] test events::ics::tests::test_property_to_frequency_daily ... ok
[INFO] [stdout] test events::ics::tests::test_property_to_frequency_weekly ... ok
[INFO] [stdout] test events::ics::tests::test_property_to_eventdatetime_err ... ok
[INFO] [stdout] test events::ics::tests::test_property_to_frequency_yearly ... ok
[INFO] [stdout] test events::ics::tests::test_read_from_ics_file ... ok
[INFO] [stdout] test events::tests::test_event_fmt_date ... ok
[INFO] [stdout] test events::tests::test_event_get_end_date_case3 ... ok
[INFO] [stdout] test events::tests::test_event_is_daily_day ... ok
[INFO] [stdout] test events::tests::test_event_is_day ... ok
[INFO] [stdout] test events::ics::tests::test_read_from_dir ... ok
[INFO] [stdout] test events::ics::tests::test_read_from_dir_nor ... ok
[INFO] [stdout] test events::tests::test_event_default ... ok
[INFO] [stdout] test events::tests::test_event_get_end_date_case2 ... ok
[INFO] [stdout] test events::tests::test_event_is_yearly_day ... ok
[INFO] [stdout] test events::tests::test_event_fmt_datetime ... ok
[INFO] [stdout] test events::tests::test_event_is_monthy_day ... ok
[INFO] [stdout] test output::calendar::tests::test_calendar_fmt ... ok
[INFO] [stdout] test output::agenda::tests::test_fmt ... ok
[INFO] [stdout] test output::date::tests::test_fmt_0 ... ok
[INFO] [stdout] test output::calendar::tests::test_calendar_julian_or_gregorian_width_1 ... ok
[INFO] [stdout] test output::date::tests::test_fmt_1 ... ok
[INFO] [stdout] test output::date::tests::test_fmt_is_event ... ok
[INFO] [stdout] test output::calendar::tests::test_calendar_julian_or_gregorian_width_2 ... ok
[INFO] [stdout] test output::date::tests::test_fmt_2 ... ok
[INFO] [stdout] test output::date::tests::test_satisfy_afterlastdayofmonth ... ok
[INFO] [stdout] test output::date::tests::test_fmt_is_julian ... ok
[INFO] [stdout] test output::date::tests::test_satisfy_aftercurrentdate ... ok
[INFO] [stdout] test output::date::tests::test_satisfy_firstdayofdisplayedmonth ... ok
[INFO] [stdout] test context::tests::test_context_new ... ok
[INFO] [stdout] test output::date::tests::test_is_event ... ok
[INFO] [stdout] test utils::date_extensions::tests::test_first_day_of_month ... ok
[INFO] [stdout] test output::date::tests::test_satisfy_is_event ... ok
[INFO] [stdout] test utils::date_extensions::tests::test_first_day_of_next_month ... ok
[INFO] [stdout] test utils::date_extensions::tests::test_first_day_of_week_before_first_day_of_month ... ok
[INFO] [stdout] test utils::date_extensions::tests::test_last_day_of_month ... ok
[INFO] [stdout] test utils::date_extensions::tests::test_first_day_of_year ... ok
[INFO] [stdout] test utils::date_extensions::tests::test_last_day_of_year ... ok
[INFO] [stdout] test utils::helpers::tests::test_to_style1 ... ok
[INFO] [stdout] test utils::date_extensions::tests::test_first_day_of_week_before_first_day_of_month_sunday ... ok
[INFO] [stdout] test utils::date_extensions::tests::test_last_day_of_week_after_last_day_of_month_sunday ... ok
[INFO] [stdout] test utils::helpers::tests::test_to_style3 ... ok
[INFO] [stdout] test utils::date_extensions::tests::test_iterator_end ... ok
[INFO] [stdout] test utils::helpers::tests::test_to_style4 ... ok
[INFO] [stdout] test utils::helpers::tests::test_to_style5 ... ok
[INFO] [stdout] test utils::helpers::tests::test_to_style6 ... ok
[INFO] [stdout] test utils::date_extensions::tests::test_last_day_of_week_after_last_day_of_month ... ok
[INFO] [stdout] test events::ics::tests::test_read_from_carl_ics ... ok
[INFO] [stdout] test utils::helpers::tests::test_to_style10 ... ok
[INFO] [stdout] test utils::helpers::tests::test_to_style11 ... ok
[INFO] [stdout] test utils::helpers::tests::test_to_style7 ... ok
[INFO] [stdout] test utils::helpers::tests::test_to_style8 ... ok
[INFO] [stdout] test utils::helpers::tests::test_to_style2 ... ok
[INFO] [stdout] test utils::helpers::tests::test_to_style9 ... ok
[INFO] [stdout] test output::calendar::tests::test_calendar_year_fmt ... ok
[INFO] [stdout] test events::ics::tests::test_property_to_eventdatetime_2 ... FAILED
[INFO] [stdout] 
[INFO] [stdout] failures:
[INFO] [stdout] 
[INFO] [stdout] ---- events::ics::tests::test_property_to_eventdatetime_2 stdout ----
[INFO] [stdout] thread 'events::ics::tests::test_property_to_eventdatetime_2' panicked at src/events/ics.rs:204:9:
[INFO] [stdout] assertion `left == right` failed
[INFO] [stdout]   left: Ok(DateTime(1970-01-01T01:01:30+00:00))
[INFO] [stdout]  right: Ok(DateTime(1970-01-01T00:01:30+00:00))
[INFO] [stdout] stack backtrace:
[INFO] [stdout]    0:     0x562f2f9c94d6 - std::backtrace_rs::backtrace::libunwind::trace::h261606ad26a499c1
[INFO] [stdout]                                at /rustc/0e09125c6c3c2fd70d7de961bcf0e51575235fad/library/std/src/../../backtrace/src/backtrace/libunwind.rs:104:5
[INFO] [stdout]    1:     0x562f2f9c94d6 - std::backtrace_rs::backtrace::trace_unsynchronized::hd183f0625477fb28
[INFO] [stdout]                                at /rustc/0e09125c6c3c2fd70d7de961bcf0e51575235fad/library/std/src/../../backtrace/src/backtrace/mod.rs:66:5
[INFO] [stdout]    2:     0x562f2f9c94d6 - std::sys_common::backtrace::_print_fmt::hd7f8fef21b4eda67
[INFO] [stdout]                                at /rustc/0e09125c6c3c2fd70d7de961bcf0e51575235fad/library/std/src/sys_common/backtrace.rs:68:5
[INFO] [stdout]    3:     0x562f2f9c94d6 - <std::sys_common::backtrace::_print::DisplayBacktrace as core::fmt::Display>::fmt::h623d9b51f2f453f1
[INFO] [stdout]                                at /rustc/0e09125c6c3c2fd70d7de961bcf0e51575235fad/library/std/src/sys_common/backtrace.rs:44:22
[INFO] [stdout]    4:     0x562f2f9f4800 - core::fmt::rt::Argument::fmt::h9f417ac76a86f368
[INFO] [stdout]                                at /rustc/0e09125c6c3c2fd70d7de961bcf0e51575235fad/library/core/src/fmt/rt.rs:142:9
[INFO] [stdout]    5:     0x562f2f9f4800 - core::fmt::write::hc9b6faf4ac2aeff7
[INFO] [stdout]                                at /rustc/0e09125c6c3c2fd70d7de961bcf0e51575235fad/library/core/src/fmt/mod.rs:1120:17
[INFO] [stdout]    6:     0x562f2f9c6c4f - std::io::Write::write_fmt::he04625a3a989fec3
[INFO] [stdout]                                at /rustc/0e09125c6c3c2fd70d7de961bcf0e51575235fad/library/std/src/io/mod.rs:1810:15
[INFO] [stdout]    7:     0x562f2f9c92b4 - std::sys_common::backtrace::_print::hd5d66399c7df88a2
[INFO] [stdout]                                at /rustc/0e09125c6c3c2fd70d7de961bcf0e51575235fad/library/std/src/sys_common/backtrace.rs:47:5
[INFO] [stdout]    8:     0x562f2f9c92b4 - std::sys_common::backtrace::print::he81ed2da642d37e5
[INFO] [stdout]                                at /rustc/0e09125c6c3c2fd70d7de961bcf0e51575235fad/library/std/src/sys_common/backtrace.rs:34:9
[INFO] [stdout]    9:     0x562f2f9cb027 - std::panicking::default_hook::{{closure}}::h85773f4fa117163d
[INFO] [stdout]   10:     0x562f2f9cad0d - std::panicking::default_hook::h6a1694a91d09b278
[INFO] [stdout]                                at /rustc/0e09125c6c3c2fd70d7de961bcf0e51575235fad/library/std/src/panicking.rs:289:9
[INFO] [stdout]   11:     0x562f2f72a557 - <alloc::boxed::Box<F,A> as core::ops::function::Fn<Args>>::call::h616ac37fa3cd6c8f
[INFO] [stdout]                                at /rustc/0e09125c6c3c2fd70d7de961bcf0e51575235fad/library/alloc/src/boxed.rs:2029:9
[INFO] [stdout]   12:     0x562f2f72a557 - test::test_main::{{closure}}::h00d84697cefdcbb6
[INFO] [stdout]                                at /rustc/0e09125c6c3c2fd70d7de961bcf0e51575235fad/library/test/src/lib.rs:138:21
[INFO] [stdout]   13:     0x562f2f9cb646 - <alloc::boxed::Box<F,A> as core::ops::function::Fn<Args>>::call::hcb3fe3b9bb537ba8
[INFO] [stdout]                                at /rustc/0e09125c6c3c2fd70d7de961bcf0e51575235fad/library/alloc/src/boxed.rs:2029:9
[INFO] [stdout]   14:     0x562f2f9cb646 - std::panicking::rust_panic_with_hook::h0a7ad96e90f7145b
[INFO] [stdout]                                at /rustc/0e09125c6c3c2fd70d7de961bcf0e51575235fad/library/std/src/panicking.rs:783:13
[INFO] [stdout]   15:     0x562f2f9cb392 - std::panicking::begin_panic_handler::{{closure}}::h7919090525c6485e
[INFO] [stdout]                                at /rustc/0e09125c6c3c2fd70d7de961bcf0e51575235fad/library/std/src/panicking.rs:657:13
[INFO] [stdout]   16:     0x562f2f9c99d6 - std::sys_common::backtrace::__rust_end_short_backtrace::hf3289479464f7dfe
[INFO] [stdout]                                at /rustc/0e09125c6c3c2fd70d7de961bcf0e51575235fad/library/std/src/sys_common/backtrace.rs:171:18
[INFO] [stdout]   17:     0x562f2f9cb0f0 - rust_begin_unwind
[INFO] [stdout]                                at /rustc/0e09125c6c3c2fd70d7de961bcf0e51575235fad/library/std/src/panicking.rs:645:5
[INFO] [stdout]   18:     0x562f2f6671f5 - core::panicking::panic_fmt::hcc9f77c5c132af55
[INFO] [stdout]                                at /rustc/0e09125c6c3c2fd70d7de961bcf0e51575235fad/library/core/src/panicking.rs:72:14
[INFO] [stdout]   19:     0x562f2f66762b - core::panicking::assert_failed_inner::h9f13e27dd63c3a08
[INFO] [stdout]                                at /rustc/0e09125c6c3c2fd70d7de961bcf0e51575235fad/library/core/src/panicking.rs:342:17
[INFO] [stdout]   20:     0x562f2f6dd9de - core::panicking::assert_failed::h42b72c6cef1dab85
[INFO] [stdout]                                at /rustc/0e09125c6c3c2fd70d7de961bcf0e51575235fad/library/core/src/panicking.rs:297:5
[INFO] [stdout]   21:     0x562f2f6c3b12 - carl::events::ics::tests::test_property_to_eventdatetime_2::h4dba946dd8e96338
[INFO] [stdout]                                at /opt/rustwide/workdir/src/events/ics.rs:204:9
[INFO] [stdout]   22:     0x562f2f6c3827 - carl::events::ics::tests::test_property_to_eventdatetime_2::{{closure}}::hc28e3b28907e1651
[INFO] [stdout]                                at /opt/rustwide/workdir/src/events/ics.rs:197:42
[INFO] [stdout]   23:     0x562f2f6c8cf6 - core::ops::function::FnOnce::call_once::h65cc516a1e8d8064
[INFO] [stdout]                                at /rustc/0e09125c6c3c2fd70d7de961bcf0e51575235fad/library/core/src/ops/function.rs:250:5
[INFO] [stdout]   24:     0x562f2f72fe2f - core::ops::function::FnOnce::call_once::hd64d26f405258157
[INFO] [stdout]                                at /rustc/0e09125c6c3c2fd70d7de961bcf0e51575235fad/library/core/src/ops/function.rs:250:5
[INFO] [stdout]   25:     0x562f2f72fe2f - test::__rust_begin_short_backtrace::he21b0b7a6d731bf9
[INFO] [stdout]                                at /rustc/0e09125c6c3c2fd70d7de961bcf0e51575235fad/library/test/src/lib.rs:627:18
[INFO] [stdout]   26:     0x562f2f72ebb1 - test::run_test_in_process::{{closure}}::hf5c73986d7bdfde2
[INFO] [stdout]                                at /rustc/0e09125c6c3c2fd70d7de961bcf0e51575235fad/library/test/src/lib.rs:650:60
[INFO] [stdout]   27:     0x562f2f72ebb1 - <core::panic::unwind_safe::AssertUnwindSafe<F> as core::ops::function::FnOnce<()>>::call_once::h330011ad032aadc0
[INFO] [stdout]                                at /rustc/0e09125c6c3c2fd70d7de961bcf0e51575235fad/library/core/src/panic/unwind_safe.rs:272:9
[INFO] [stdout]   28:     0x562f2f72ebb1 - std::panicking::try::do_call::he61b0a958b795a41
[INFO] [stdout]                                at /rustc/0e09125c6c3c2fd70d7de961bcf0e51575235fad/library/std/src/panicking.rs:552:40
[INFO] [stdout]   29:     0x562f2f72ebb1 - std::panicking::try::h7309da130f906eb7
[INFO] [stdout]                                at /rustc/0e09125c6c3c2fd70d7de961bcf0e51575235fad/library/std/src/panicking.rs:516:19
[INFO] [stdout]   30:     0x562f2f72ebb1 - std::panic::catch_unwind::hc5c3a06fdaf0a92a
[INFO] [stdout]                                at /rustc/0e09125c6c3c2fd70d7de961bcf0e51575235fad/library/std/src/panic.rs:142:14
[INFO] [stdout]   31:     0x562f2f72ebb1 - test::run_test_in_process::h7e7b7c71c3324e0f
[INFO] [stdout]                                at /rustc/0e09125c6c3c2fd70d7de961bcf0e51575235fad/library/test/src/lib.rs:650:27
[INFO] [stdout]   32:     0x562f2f72ebb1 - test::run_test::{{closure}}::h1f509f28f5cf20b1
[INFO] [stdout]                                at /rustc/0e09125c6c3c2fd70d7de961bcf0e51575235fad/library/test/src/lib.rs:573:43
[INFO] [stdout]   33:     0x562f2f6f5ee6 - test::run_test::{{closure}}::h1754218abf443f6d
[INFO] [stdout]                                at /rustc/0e09125c6c3c2fd70d7de961bcf0e51575235fad/library/test/src/lib.rs:601:41
[INFO] [stdout]   34:     0x562f2f6f5ee6 - std::sys_common::backtrace::__rust_begin_short_backtrace::h2ee174b9d5954948
[INFO] [stdout]                                at /rustc/0e09125c6c3c2fd70d7de961bcf0e51575235fad/library/std/src/sys_common/backtrace.rs:155:18
[INFO] [stdout]   35:     0x562f2f6faf47 - std::thread::Builder::spawn_unchecked_::{{closure}}::{{closure}}::hf60bee9c1a17ef09
[INFO] [stdout]                                at /rustc/0e09125c6c3c2fd70d7de961bcf0e51575235fad/library/std/src/thread/mod.rs:529:17
[INFO] [stdout]   36:     0x562f2f6faf47 - <core::panic::unwind_safe::AssertUnwindSafe<F> as core::ops::function::FnOnce<()>>::call_once::h33d0dddec5216160
[INFO] [stdout]                                at /rustc/0e09125c6c3c2fd70d7de961bcf0e51575235fad/library/core/src/panic/unwind_safe.rs:272:9
[INFO] [stdout]   37:     0x562f2f6faf47 - std::panicking::try::do_call::h144b3048b546f835
[INFO] [stdout]                                at /rustc/0e09125c6c3c2fd70d7de961bcf0e51575235fad/library/std/src/panicking.rs:552:40
[INFO] [stdout]   38:     0x562f2f6faf47 - std::panicking::try::h978244d04646189f
[INFO] [stdout]                                at /rustc/0e09125c6c3c2fd70d7de961bcf0e51575235fad/library/std/src/panicking.rs:516:19
[INFO] [stdout]   39:     0x562f2f6faf47 - std::panic::catch_unwind::hdf436369d188fe86
[INFO] [stdout]                                at /rustc/0e09125c6c3c2fd70d7de961bcf0e51575235fad/library/std/src/panic.rs:142:14
[INFO] [stdout]   40:     0x562f2f6faf47 - std::thread::Builder::spawn_unchecked_::{{closure}}::h87329cbdd33c79ec
[INFO] [stdout]                                at /rustc/0e09125c6c3c2fd70d7de961bcf0e51575235fad/library/std/src/thread/mod.rs:528:30
[INFO] [stdout]   41:     0x562f2f6faf47 - core::ops::function::FnOnce::call_once{{vtable.shim}}::h401abbe67897d450
[INFO] [stdout]                                at /rustc/0e09125c6c3c2fd70d7de961bcf0e51575235fad/library/core/src/ops/function.rs:250:5
[INFO] [stdout]   42:     0x562f2f9d09c5 - <alloc::boxed::Box<F,A> as core::ops::function::FnOnce<Args>>::call_once::h5d7c8f150ab9c84c
[INFO] [stdout]                                at /rustc/0e09125c6c3c2fd70d7de961bcf0e51575235fad/library/alloc/src/boxed.rs:2015:9
[INFO] [stdout]   43:     0x562f2f9d09c5 - <alloc::boxed::Box<F,A> as core::ops::function::FnOnce<Args>>::call_once::h570d5b005c242c15
[INFO] [stdout]                                at /rustc/0e09125c6c3c2fd70d7de961bcf0e51575235fad/library/alloc/src/boxed.rs:2015:9
[INFO] [stdout]   44:     0x562f2f9d09c5 - std::sys::unix::thread::Thread::new::thread_start::h36b0a20c0b2361ad
[INFO] [stdout]                                at /rustc/0e09125c6c3c2fd70d7de961bcf0e51575235fad/library/std/src/sys/unix/thread.rs:108:17
[INFO] [stdout]   45:     0x7f6fd6695ac3 - <unknown>
[INFO] [stdout]   46:     0x7f6fd6726bf4 - __clone
[INFO] [stdout]   47:                0x0 - <unknown>
[INFO] [stdout] 
[INFO] [stdout] 
[INFO] [stdout] failures:
[INFO] [stdout]     events::ics::tests::test_property_to_eventdatetime_2
[INFO] [stdout] 
[INFO] [stdout] test result: FAILED. 81 passed; 1 failed; 0 ignored; 0 measured; 0 filtered out; finished in 0.03s
[INFO] [stdout] 
[INFO] [stderr] error: test failed, to rerun pass `--bin carl`
[INFO] running `Command { std: "docker" "inspect" "9aec0a816bda7b769a5f41ad7926783141827246ceb2197b02cbe2f92f58968c", kill_on_drop: false }`
[INFO] running `Command { std: "docker" "rm" "-f" "9aec0a816bda7b769a5f41ad7926783141827246ceb2197b02cbe2f92f58968c", kill_on_drop: false }`
[INFO] [stdout] 9aec0a816bda7b769a5f41ad7926783141827246ceb2197b02cbe2f92f58968c
