[INFO] cloning repository https://github.com/b-eyselein/rust_ebnf_tester
[INFO] running `Command { std: "git" "-c" "credential.helper=" "-c" "credential.helper=/workspace/cargo-home/bin/git-credential-null" "clone" "--bare" "https://github.com/b-eyselein/rust_ebnf_tester" "/workspace/cache/git-repos/https%3A%2F%2Fgithub.com%2Fb-eyselein%2Frust_ebnf_tester", kill_on_drop: false }`
[INFO] [stderr] Cloning into bare repository '/workspace/cache/git-repos/https%3A%2F%2Fgithub.com%2Fb-eyselein%2Frust_ebnf_tester'...
[INFO] running `Command { std: "git" "rev-parse" "HEAD", kill_on_drop: false }`
[INFO] [stdout] dab4f7441de417e419b49a54bae3874d19b3cc08
[INFO] testing b-eyselein/rust_ebnf_tester against 1.75.0 for beta-1.76-1
[INFO] running `Command { std: "git" "clone" "/workspace/cache/git-repos/https%3A%2F%2Fgithub.com%2Fb-eyselein%2Frust_ebnf_tester" "/workspace/builds/worker-5-tc1/source", kill_on_drop: false }`
[INFO] [stderr] Cloning into '/workspace/builds/worker-5-tc1/source'...
[INFO] [stderr] done.
[INFO] validating manifest of git repo https://github.com/b-eyselein/rust_ebnf_tester on toolchain 1.75.0
[INFO] running `Command { std: CARGO_HOME="/workspace/cargo-home" RUSTUP_HOME="/workspace/rustup-home" "/workspace/cargo-home/bin/cargo" "+1.75.0" "metadata" "--manifest-path" "Cargo.toml" "--no-deps", kill_on_drop: false }`
[INFO] started tweaking git repo https://github.com/b-eyselein/rust_ebnf_tester
[INFO] finished tweaking git repo https://github.com/b-eyselein/rust_ebnf_tester
[INFO] tweaked toml for git repo https://github.com/b-eyselein/rust_ebnf_tester written to /workspace/builds/worker-5-tc1/source/Cargo.toml
[INFO] crate git repo https://github.com/b-eyselein/rust_ebnf_tester already has a lockfile, it will not be regenerated
[INFO] running `Command { std: CARGO_HOME="/workspace/cargo-home" RUSTUP_HOME="/workspace/rustup-home" "/workspace/cargo-home/bin/cargo" "+1.75.0" "fetch" "--manifest-path" "Cargo.toml", kill_on_drop: false }`
[INFO] running `Command { std: "docker" "create" "-v" "/var/lib/crater-agent-workspace/builds/worker-5-tc1/target:/opt/rustwide/target:rw,Z" "-v" "/var/lib/crater-agent-workspace/builds/worker-5-tc1/source:/opt/rustwide/workdir:ro,Z" "-v" "/var/lib/crater-agent-workspace/cargo-home:/opt/rustwide/cargo-home:ro,Z" "-v" "/var/lib/crater-agent-workspace/rustup-home:/opt/rustwide/rustup-home:ro,Z" "-e" "SOURCE_DIR=/opt/rustwide/workdir" "-e" "CARGO_TARGET_DIR=/opt/rustwide/target" "-e" "CARGO_HOME=/opt/rustwide/cargo-home" "-e" "RUSTUP_HOME=/opt/rustwide/rustup-home" "-w" "/opt/rustwide/workdir" "-m" "1610612736" "--user" "0:0" "--network" "none" "ghcr.io/rust-lang/crates-build-env/linux@sha256:2788e3201cd34a07e3172128adcd8b3090168a8e3bcc40d7c032b9dda1df7d1c" "/opt/rustwide/cargo-home/bin/cargo" "+1.75.0" "metadata" "--no-deps" "--format-version=1", kill_on_drop: false }`
[INFO] [stdout] ee9f2988fde52fd9bb9b006562c20dccb911608de240a0b8f0d5b0f87c5b6d5b
[INFO] running `Command { std: "docker" "start" "-a" "ee9f2988fde52fd9bb9b006562c20dccb911608de240a0b8f0d5b0f87c5b6d5b", kill_on_drop: false }`
[INFO] running `Command { std: "docker" "inspect" "ee9f2988fde52fd9bb9b006562c20dccb911608de240a0b8f0d5b0f87c5b6d5b", kill_on_drop: false }`
[INFO] running `Command { std: "docker" "rm" "-f" "ee9f2988fde52fd9bb9b006562c20dccb911608de240a0b8f0d5b0f87c5b6d5b", kill_on_drop: false }`
[INFO] [stdout] ee9f2988fde52fd9bb9b006562c20dccb911608de240a0b8f0d5b0f87c5b6d5b
[INFO] running `Command { std: "docker" "create" "-v" "/var/lib/crater-agent-workspace/builds/worker-5-tc1/target:/opt/rustwide/target:rw,Z" "-v" "/var/lib/crater-agent-workspace/builds/worker-5-tc1/source:/opt/rustwide/workdir:ro,Z" "-v" "/var/lib/crater-agent-workspace/cargo-home:/opt/rustwide/cargo-home:ro,Z" "-v" "/var/lib/crater-agent-workspace/rustup-home:/opt/rustwide/rustup-home:ro,Z" "-e" "SOURCE_DIR=/opt/rustwide/workdir" "-e" "CARGO_TARGET_DIR=/opt/rustwide/target" "-e" "CARGO_INCREMENTAL=0" "-e" "RUST_BACKTRACE=full" "-e" "RUSTFLAGS=--cap-lints=warn" "-e" "RUSTDOCFLAGS=--cap-lints=warn" "-e" "CARGO_HOME=/opt/rustwide/cargo-home" "-e" "RUSTUP_HOME=/opt/rustwide/rustup-home" "-w" "/opt/rustwide/workdir" "-m" "1610612736" "--user" "0:0" "--network" "none" "ghcr.io/rust-lang/crates-build-env/linux@sha256:2788e3201cd34a07e3172128adcd8b3090168a8e3bcc40d7c032b9dda1df7d1c" "/opt/rustwide/cargo-home/bin/cargo" "+1.75.0" "build" "--frozen" "--message-format=json", kill_on_drop: false }`
[INFO] [stdout] e80d776c1413f9762bcb3a6829c647433b36c86deef927b4bc63f425ebeb24d2
[INFO] running `Command { std: "docker" "start" "-a" "e80d776c1413f9762bcb3a6829c647433b36c86deef927b4bc63f425ebeb24d2", kill_on_drop: false }`
[INFO] [stderr]    Compiling either v1.8.0
[INFO] [stderr]    Compiling itertools v0.10.5
[INFO] [stderr]    Compiling ebnf_tester v0.1.0 (/opt/rustwide/workdir)
[INFO] [stdout] warning: variants `Epsilon`, `Terminal`, `Variable`, `Optional`, `Alternative`, and `Sequence` are never constructed
[INFO] [stdout]   --> src/backus_naur_form.rs:5:5
[INFO] [stdout]    |
[INFO] [stdout] 4  | pub enum BackusNaurProduction {
[INFO] [stdout]    |          -------------------- variants in this enum
[INFO] [stdout] 5  |     Epsilon,
[INFO] [stdout]    |     ^^^^^^^
[INFO] [stdout] 6  |     Terminal(Terminal),
[INFO] [stdout]    |     ^^^^^^^^
[INFO] [stdout] 7  |     Variable(Variable),
[INFO] [stdout]    |     ^^^^^^^^
[INFO] [stdout] 8  |     Optional(Box<BackusNaurProduction>),
[INFO] [stdout]    |     ^^^^^^^^
[INFO] [stdout] 9  |     Alternative(Vec<BackusNaurProduction>),
[INFO] [stdout]    |     ^^^^^^^^^^^
[INFO] [stdout] 10 |     Sequence(Vec<BackusNaurProduction>),
[INFO] [stdout]    |     ^^^^^^^^
[INFO] [stdout]    |
[INFO] [stdout]    = note: `BackusNaurProduction` has derived impls for the traits `Clone` and `Debug`, but these are intentionally ignored during dead code analysis
[INFO] [stdout]    = note: `#[warn(dead_code)]` on by default
[INFO] [stdout] 
[INFO] [stdout] 
[INFO] [stdout] warning: type alias `Cell` is never used
[INFO] [stdout]  --> src/chomsky_normal_form.rs:7:6
[INFO] [stdout]   |
[INFO] [stdout] 7 | type Cell<'a> = HashSet<&'a char>;
[INFO] [stdout]   |      ^^^^
[INFO] [stdout] 
[INFO] [stdout] 
[INFO] [stdout] warning: type alias `Row` is never used
[INFO] [stdout]  --> src/chomsky_normal_form.rs:8:6
[INFO] [stdout]   |
[INFO] [stdout] 8 | type Row<'a> = Vec<Cell<'a>>;
[INFO] [stdout]   |      ^^^
[INFO] [stdout] 
[INFO] [stdout] 
[INFO] [stdout] warning: type alias `ChomskyTable` is never used
[INFO] [stdout]  --> src/chomsky_normal_form.rs:9:6
[INFO] [stdout]   |
[INFO] [stdout] 9 | type ChomskyTable<'a> = Vec<Row<'a>>;
[INFO] [stdout]   |      ^^^^^^^^^^^^
[INFO] [stdout] 
[INFO] [stdout] 
[INFO] [stdout] warning: struct `ChomskyGrammar` is never constructed
[INFO] [stdout]   --> src/chomsky_normal_form.rs:11:12
[INFO] [stdout]    |
[INFO] [stdout] 11 | pub struct ChomskyGrammar {
[INFO] [stdout]    |            ^^^^^^^^^^^^^^
[INFO] [stdout] 
[INFO] [stdout] 
[INFO] [stdout] warning: methods `search_rules_producing_terminal`, `search_rules_producing_sequence`, `build_table`, and `derive` are never used
[INFO] [stdout]   --> src/chomsky_normal_form.rs:18:8
[INFO] [stdout]    |
[INFO] [stdout] 16 | impl ChomskyGrammar {
[INFO] [stdout]    | ------------------- methods in this implementation
[INFO] [stdout] 17 |     /// checks which vars produce c as terminal...
[INFO] [stdout] 18 |     fn search_rules_producing_terminal(&self, terminal: &char) -> Cell {
[INFO] [stdout]    |        ^^^^^^^^^^^^^^^^^^^^^^^^^^^^^^^
[INFO] [stdout] ...
[INFO] [stdout] 27 |     fn search_rules_producing_sequence(&self, first_var: &char, second_var: &char) -> Cell {
[INFO] [stdout]    |        ^^^^^^^^^^^^^^^^^^^^^^^^^^^^^^^
[INFO] [stdout] ...
[INFO] [stdout] 36 |     fn build_table(&self, word: &[char]) -> ChomskyTable {
[INFO] [stdout]    |        ^^^^^^^^^^^
[INFO] [stdout] ...
[INFO] [stdout] 63 |     pub fn derive(&self, word: &[char]) -> bool {
[INFO] [stdout]    |            ^^^^^^
[INFO] [stdout] 
[INFO] [stdout] 
[INFO] [stdout] warning: enum `ChomskyProduction` is never used
[INFO] [stdout]  --> src/chomsky_production.rs:3:10
[INFO] [stdout]   |
[INFO] [stdout] 3 | pub enum ChomskyProduction {
[INFO] [stdout]   |          ^^^^^^^^^^^^^^^^^
[INFO] [stdout] 
[INFO] [stdout] 
[INFO] [stdout] warning: methods `produces_terminal` and `produces_sequence` are never used
[INFO] [stdout]   --> src/chomsky_production.rs:9:12
[INFO] [stdout]    |
[INFO] [stdout] 8  | impl ChomskyProduction {
[INFO] [stdout]    | ---------------------- methods in this implementation
[INFO] [stdout] 9  |     pub fn produces_terminal(&self, c: &char) -> bool {
[INFO] [stdout]    |            ^^^^^^^^^^^^^^^^^
[INFO] [stdout] ...
[INFO] [stdout] 16 |     pub fn produces_sequence(&self, var1: &char, var2: &char) -> bool {
[INFO] [stdout]    |            ^^^^^^^^^^^^^^^^^
[INFO] [stdout] 
[INFO] [stdout] 
[INFO] [stdout] warning: function `convert_child_elements` is never used
[INFO] [stdout]   --> src/extended_backus_naur_form/mod.rs:11:4
[INFO] [stdout]    |
[INFO] [stdout] 11 | fn convert_child_elements(child_elements: &Vec<ExtendedBackusNaurProduction>) -> ElementsConversionResult {
[INFO] [stdout]    |    ^^^^^^^^^^^^^^^^^^^^^^
[INFO] [stdout] 
[INFO] [stdout] 
[INFO] [stdout] warning: function `next_variable` is never used
[INFO] [stdout]   --> src/extended_backus_naur_form/mod.rs:34:4
[INFO] [stdout]    |
[INFO] [stdout] 34 | fn next_variable() -> Variable {
[INFO] [stdout]    |    ^^^^^^^^^^^^^
[INFO] [stdout] 
[INFO] [stdout] 
[INFO] [stdout] warning: function `convert_to_bnf` is never used
[INFO] [stdout]   --> src/extended_backus_naur_form/mod.rs:38:8
[INFO] [stdout]    |
[INFO] [stdout] 38 | pub fn convert_to_bnf(el: &ExtendedBackusNaurProduction) -> ElementConversionResult {
[INFO] [stdout]    |        ^^^^^^^^^^^^^^
[INFO] [stdout] 
[INFO] [stdout] 
[INFO] [stdout] warning: multiple variants are never constructed
[INFO] [stdout]   --> src/extended_backus_naur_form/ebnf_element.rs:7:5
[INFO] [stdout]    |
[INFO] [stdout] 6  | pub enum ExtendedBackusNaurProduction {
[INFO] [stdout]    |          ---------------------------- variants in this enum
[INFO] [stdout] 7  |     Epsilon,
[INFO] [stdout]    |     ^^^^^^^
[INFO] [stdout] 8  |     Terminal(Terminal),
[INFO] [stdout]    |     ^^^^^^^^
[INFO] [stdout] 9  |     Variable(Variable),
[INFO] [stdout]    |     ^^^^^^^^
[INFO] [stdout] 10 |     Optional(Box<ExtendedBackusNaurProduction>),
[INFO] [stdout]    |     ^^^^^^^^
[INFO] [stdout] 11 |     RepetitionZero(Box<ExtendedBackusNaurProduction>),
[INFO] [stdout]    |     ^^^^^^^^^^^^^^
[INFO] [stdout] 12 |     RepetitionOne(Box<ExtendedBackusNaurProduction>),
[INFO] [stdout]    |     ^^^^^^^^^^^^^
[INFO] [stdout] 13 |     Alternative(Vec<ExtendedBackusNaurProduction>),
[INFO] [stdout]    |     ^^^^^^^^^^^
[INFO] [stdout] 14 |     Sequence(Vec<ExtendedBackusNaurProduction>),
[INFO] [stdout]    |     ^^^^^^^^
[INFO] [stdout]    |
[INFO] [stdout]    = note: `ExtendedBackusNaurProduction` has derived impls for the traits `Clone` and `Debug`, but these are intentionally ignored during dead code analysis
[INFO] [stdout] 
[INFO] [stdout] 
[INFO] [stdout] warning: associated function `simple` is never used
[INFO] [stdout]   --> src/extended_backus_naur_form/element_conversion_result.rs:16:12
[INFO] [stdout]    |
[INFO] [stdout] 15 | impl ElementConversionResult<'_> {
[INFO] [stdout]    | -------------------------------- associated function in this implementation
[INFO] [stdout] 16 |     pub fn simple(output_element: BackusNaurProduction) -> Self {
[INFO] [stdout]    |            ^^^^^^
[INFO] [stdout] 
[INFO] [stdout] 
[INFO] [stdout] warning: associated function `empty` is never used
[INFO] [stdout]   --> src/extended_backus_naur_form/element_conversion_result.rs:35:12
[INFO] [stdout]    |
[INFO] [stdout] 34 | impl ElementsConversionResult<'_> {
[INFO] [stdout]    | --------------------------------- associated function in this implementation
[INFO] [stdout] 35 |     pub fn empty() -> Self {
[INFO] [stdout]    |            ^^^^^
[INFO] [stdout] 
[INFO] [stdout] 
[INFO] [stdout] warning: 14 warnings emitted
[INFO] [stdout] 
[INFO] [stdout] 
[INFO] [stderr]     Finished dev [unoptimized + debuginfo] target(s) in 1.20s
[INFO] running `Command { std: "docker" "inspect" "e80d776c1413f9762bcb3a6829c647433b36c86deef927b4bc63f425ebeb24d2", kill_on_drop: false }`
[INFO] running `Command { std: "docker" "rm" "-f" "e80d776c1413f9762bcb3a6829c647433b36c86deef927b4bc63f425ebeb24d2", kill_on_drop: false }`
[INFO] [stdout] e80d776c1413f9762bcb3a6829c647433b36c86deef927b4bc63f425ebeb24d2
[INFO] running `Command { std: "docker" "create" "-v" "/var/lib/crater-agent-workspace/builds/worker-5-tc1/target:/opt/rustwide/target:rw,Z" "-v" "/var/lib/crater-agent-workspace/builds/worker-5-tc1/source:/opt/rustwide/workdir:ro,Z" "-v" "/var/lib/crater-agent-workspace/cargo-home:/opt/rustwide/cargo-home:ro,Z" "-v" "/var/lib/crater-agent-workspace/rustup-home:/opt/rustwide/rustup-home:ro,Z" "-e" "SOURCE_DIR=/opt/rustwide/workdir" "-e" "CARGO_TARGET_DIR=/opt/rustwide/target" "-e" "CARGO_INCREMENTAL=0" "-e" "RUST_BACKTRACE=full" "-e" "RUSTFLAGS=--cap-lints=warn" "-e" "RUSTDOCFLAGS=--cap-lints=warn" "-e" "CARGO_HOME=/opt/rustwide/cargo-home" "-e" "RUSTUP_HOME=/opt/rustwide/rustup-home" "-w" "/opt/rustwide/workdir" "-m" "1610612736" "--user" "0:0" "--network" "none" "ghcr.io/rust-lang/crates-build-env/linux@sha256:2788e3201cd34a07e3172128adcd8b3090168a8e3bcc40d7c032b9dda1df7d1c" "/opt/rustwide/cargo-home/bin/cargo" "+1.75.0" "test" "--frozen" "--no-run" "--message-format=json", kill_on_drop: false }`
[INFO] [stdout] 2cce63927ff72c5bffa69fbd6114eccab14146e76e324fb3a1cee96801f9cafe
[INFO] running `Command { std: "docker" "start" "-a" "2cce63927ff72c5bffa69fbd6114eccab14146e76e324fb3a1cee96801f9cafe", kill_on_drop: false }`
[INFO] [stderr]    Compiling ebnf_tester v0.1.0 (/opt/rustwide/workdir)
[INFO] [stderr]     Finished test [unoptimized + debuginfo] target(s) in 0.53s
[INFO] running `Command { std: "docker" "inspect" "2cce63927ff72c5bffa69fbd6114eccab14146e76e324fb3a1cee96801f9cafe", kill_on_drop: false }`
[INFO] running `Command { std: "docker" "rm" "-f" "2cce63927ff72c5bffa69fbd6114eccab14146e76e324fb3a1cee96801f9cafe", kill_on_drop: false }`
[INFO] [stdout] 2cce63927ff72c5bffa69fbd6114eccab14146e76e324fb3a1cee96801f9cafe
[INFO] running `Command { std: "docker" "create" "-v" "/var/lib/crater-agent-workspace/builds/worker-5-tc1/target:/opt/rustwide/target:rw,Z" "-v" "/var/lib/crater-agent-workspace/builds/worker-5-tc1/source:/opt/rustwide/workdir:ro,Z" "-v" "/var/lib/crater-agent-workspace/cargo-home:/opt/rustwide/cargo-home:ro,Z" "-v" "/var/lib/crater-agent-workspace/rustup-home:/opt/rustwide/rustup-home:ro,Z" "-e" "SOURCE_DIR=/opt/rustwide/workdir" "-e" "CARGO_TARGET_DIR=/opt/rustwide/target" "-e" "CARGO_INCREMENTAL=0" "-e" "RUST_BACKTRACE=full" "-e" "RUSTFLAGS=--cap-lints=warn" "-e" "RUSTDOCFLAGS=--cap-lints=warn" "-e" "CARGO_HOME=/opt/rustwide/cargo-home" "-e" "RUSTUP_HOME=/opt/rustwide/rustup-home" "-w" "/opt/rustwide/workdir" "-m" "1610612736" "--user" "0:0" "--network" "none" "ghcr.io/rust-lang/crates-build-env/linux@sha256:2788e3201cd34a07e3172128adcd8b3090168a8e3bcc40d7c032b9dda1df7d1c" "/opt/rustwide/cargo-home/bin/cargo" "+1.75.0" "test" "--frozen", kill_on_drop: false }`
[INFO] [stdout] 8c00d119f84c5ceee25379b8c407e1476254952c701eebe59d8ebfb5e17dddc6
[INFO] running `Command { std: "docker" "start" "-a" "8c00d119f84c5ceee25379b8c407e1476254952c701eebe59d8ebfb5e17dddc6", kill_on_drop: false }`
[INFO] [stderr]     Finished test [unoptimized + debuginfo] target(s) in 0.00s
[INFO] [stderr]      Running unittests src/main.rs (/opt/rustwide/target/debug/deps/ebnf_tester-0c64af06f9184f84)
[INFO] [stdout] 
[INFO] [stdout] running 11 tests
[INFO] [stdout] test chomsky_production::tests::test_chomsky_production_produces ... ok
[INFO] [stdout] test extended_backus_naur_form::ebnf_element::tests::test_alternative ... ok
[INFO] [stdout] test chomsky_normal_form::tests::test_derive ... ok
[INFO] [stdout] test chomsky_normal_form::tests::test_build_table ... ok
[INFO] [stdout] test extended_backus_naur_form::ebnf_element::tests::test_option ... ok
[INFO] [stdout] test extended_backus_naur_form::ebnf_element::tests::test_rep_one ... ok
[INFO] [stdout] test extended_backus_naur_form::ebnf_element::tests::test_rep_zero ... ok
[INFO] [stdout] test extended_backus_naur_form::ebnf_element::tests::test_sequence ... ok
[INFO] [stdout] test model::tests::test_terminal ... ok
[INFO] [stdout] test model::tests::test_variable ... ok
[INFO] [stdout] test extended_backus_naur_form::tests::test_convert_to_bnf ... FAILED
[INFO] [stdout] 
[INFO] [stdout] failures:
[INFO] [stdout] 
[INFO] [stdout] ---- extended_backus_naur_form::tests::test_convert_to_bnf stdout ----
[INFO] [stdout] thread 'extended_backus_naur_form::tests::test_convert_to_bnf' panicked at src/extended_backus_naur_form/mod.rs:35:5:
[INFO] [stdout] not yet implemented
[INFO] [stdout] stack backtrace:
[INFO] [stdout]    0:     0x55e3b769342c - std::backtrace_rs::backtrace::libunwind::trace::ha637c64ce894333a
[INFO] [stdout]                                at /rustc/82e1608dfa6e0b5569232559e3d385fea5a93112/library/std/src/../../backtrace/src/backtrace/libunwind.rs:104:5
[INFO] [stdout]    1:     0x55e3b769342c - std::backtrace_rs::backtrace::trace_unsynchronized::h47f62dea28e0c88d
[INFO] [stdout]                                at /rustc/82e1608dfa6e0b5569232559e3d385fea5a93112/library/std/src/../../backtrace/src/backtrace/mod.rs:66:5
[INFO] [stdout]    2:     0x55e3b769342c - std::sys_common::backtrace::_print_fmt::h9eef0abe20ede486
[INFO] [stdout]                                at /rustc/82e1608dfa6e0b5569232559e3d385fea5a93112/library/std/src/sys_common/backtrace.rs:67:5
[INFO] [stdout]    3:     0x55e3b769342c - <std::sys_common::backtrace::_print::DisplayBacktrace as core::fmt::Display>::fmt::hed7f999df88cc644
[INFO] [stdout]                                at /rustc/82e1608dfa6e0b5569232559e3d385fea5a93112/library/std/src/sys_common/backtrace.rs:44:22
[INFO] [stdout]    4:     0x55e3b76bd2e0 - core::fmt::rt::Argument::fmt::h1539a9308b8d058d
[INFO] [stdout]                                at /rustc/82e1608dfa6e0b5569232559e3d385fea5a93112/library/core/src/fmt/rt.rs:142:9
[INFO] [stdout]    5:     0x55e3b76bd2e0 - core::fmt::write::h3a39390d8560d9c9
[INFO] [stdout]                                at /rustc/82e1608dfa6e0b5569232559e3d385fea5a93112/library/core/src/fmt/mod.rs:1120:17
[INFO] [stdout]    6:     0x55e3b7690ddf - std::io::Write::write_fmt::h040b369f3a0f9cbc
[INFO] [stdout]                                at /rustc/82e1608dfa6e0b5569232559e3d385fea5a93112/library/std/src/io/mod.rs:1762:15
[INFO] [stdout]    7:     0x55e3b7693214 - std::sys_common::backtrace::_print::h894006fb5c6f3d45
[INFO] [stdout]                                at /rustc/82e1608dfa6e0b5569232559e3d385fea5a93112/library/std/src/sys_common/backtrace.rs:47:5
[INFO] [stdout]    8:     0x55e3b7693214 - std::sys_common::backtrace::print::h23a2d212c6fff936
[INFO] [stdout]                                at /rustc/82e1608dfa6e0b5569232559e3d385fea5a93112/library/std/src/sys_common/backtrace.rs:34:9
[INFO] [stdout]    9:     0x55e3b7694ed7 - std::panicking::default_hook::{{closure}}::h8a1d2ee00185001a
[INFO] [stdout]   10:     0x55e3b7694bc3 - std::panicking::default_hook::h6038f2eba384e475
[INFO] [stdout]                                at /rustc/82e1608dfa6e0b5569232559e3d385fea5a93112/library/std/src/panicking.rs:289:9
[INFO] [stdout]   11:     0x55e3b7664147 - <alloc::boxed::Box<F,A> as core::ops::function::Fn<Args>>::call::h0ad024c9bdc6d768
[INFO] [stdout]                                at /rustc/82e1608dfa6e0b5569232559e3d385fea5a93112/library/alloc/src/boxed.rs:2021:9
[INFO] [stdout]   12:     0x55e3b7664147 - test::test_main::{{closure}}::h7500b54257359db6
[INFO] [stdout]                                at /rustc/82e1608dfa6e0b5569232559e3d385fea5a93112/library/test/src/lib.rs:138:21
[INFO] [stdout]   13:     0x55e3b76954e8 - <alloc::boxed::Box<F,A> as core::ops::function::Fn<Args>>::call::h1f8f335eaa9cfaee
[INFO] [stdout]                                at /rustc/82e1608dfa6e0b5569232559e3d385fea5a93112/library/alloc/src/boxed.rs:2021:9
[INFO] [stdout]   14:     0x55e3b76954e8 - std::panicking::rust_panic_with_hook::h2b5517d590cab22e
[INFO] [stdout]                                at /rustc/82e1608dfa6e0b5569232559e3d385fea5a93112/library/std/src/panicking.rs:783:13
[INFO] [stdout]   15:     0x55e3b7695209 - std::panicking::begin_panic_handler::{{closure}}::h233112c06e0ef43e
[INFO] [stdout]                                at /rustc/82e1608dfa6e0b5569232559e3d385fea5a93112/library/std/src/panicking.rs:649:13
[INFO] [stdout]   16:     0x55e3b76938f6 - std::sys_common::backtrace::__rust_end_short_backtrace::h6e893f24d7ebbff8
[INFO] [stdout]                                at /rustc/82e1608dfa6e0b5569232559e3d385fea5a93112/library/std/src/sys_common/backtrace.rs:170:18
[INFO] [stdout]   17:     0x55e3b7694fa2 - rust_begin_unwind
[INFO] [stdout]                                at /rustc/82e1608dfa6e0b5569232559e3d385fea5a93112/library/std/src/panicking.rs:645:5
[INFO] [stdout]   18:     0x55e3b75f8cf5 - core::panicking::panic_fmt::hbf0e066aabfa482c
[INFO] [stdout]                                at /rustc/82e1608dfa6e0b5569232559e3d385fea5a93112/library/core/src/panicking.rs:72:14
[INFO] [stdout]   19:     0x55e3b75f8d93 - core::panicking::panic::h195fc2a96298d4c3
[INFO] [stdout]                                at /rustc/82e1608dfa6e0b5569232559e3d385fea5a93112/library/core/src/panicking.rs:127:5
[INFO] [stdout]   20:     0x55e3b760b1ed - ebnf_tester::extended_backus_naur_form::next_variable::h0ef18549c8d8d6f0
[INFO] [stdout]                                at /opt/rustwide/workdir/src/extended_backus_naur_form/mod.rs:35:5
[INFO] [stdout]   21:     0x55e3b760b4b0 - ebnf_tester::extended_backus_naur_form::convert_to_bnf::hd48298b189b8b34d
[INFO] [stdout]                                at /opt/rustwide/workdir/src/extended_backus_naur_form/mod.rs:89:32
[INFO] [stdout]   22:     0x55e3b762919e - ebnf_tester::extended_backus_naur_form::tests::test_convert_to_bnf::had139ee82a22beff
[INFO] [stdout]                                at /opt/rustwide/workdir/src/extended_backus_naur_form/mod.rs:151:24
[INFO] [stdout]   23:     0x55e3b7628307 - ebnf_tester::extended_backus_naur_form::tests::test_convert_to_bnf::{{closure}}::hd06588690d3d29b6
[INFO] [stdout]                                at /opt/rustwide/workdir/src/extended_backus_naur_form/mod.rs:128:29
[INFO] [stdout]   24:     0x55e3b76118e6 - core::ops::function::FnOnce::call_once::h408f1352808756ea
[INFO] [stdout]                                at /rustc/82e1608dfa6e0b5569232559e3d385fea5a93112/library/core/src/ops/function.rs:250:5
[INFO] [stdout]   25:     0x55e3b766979f - core::ops::function::FnOnce::call_once::h2b5d431d5046312d
[INFO] [stdout]                                at /rustc/82e1608dfa6e0b5569232559e3d385fea5a93112/library/core/src/ops/function.rs:250:5
[INFO] [stdout]   26:     0x55e3b766979f - test::__rust_begin_short_backtrace::h7714669af176e207
[INFO] [stdout]                                at /rustc/82e1608dfa6e0b5569232559e3d385fea5a93112/library/test/src/lib.rs:628:18
[INFO] [stdout]   27:     0x55e3b76687b5 - test::run_test_in_process::{{closure}}::h85218797dcbcec12
[INFO] [stdout]                                at /rustc/82e1608dfa6e0b5569232559e3d385fea5a93112/library/test/src/lib.rs:651:60
[INFO] [stdout]   28:     0x55e3b76687b5 - <core::panic::unwind_safe::AssertUnwindSafe<F> as core::ops::function::FnOnce<()>>::call_once::h76c106ea31c14d7b
[INFO] [stdout]                                at /rustc/82e1608dfa6e0b5569232559e3d385fea5a93112/library/core/src/panic/unwind_safe.rs:272:9
[INFO] [stdout]   29:     0x55e3b76687b5 - std::panicking::try::do_call::h3bd5d0f6620ee946
[INFO] [stdout]                                at /rustc/82e1608dfa6e0b5569232559e3d385fea5a93112/library/std/src/panicking.rs:552:40
[INFO] [stdout]   30:     0x55e3b76687b5 - std::panicking::try::h232e535e4744fe31
[INFO] [stdout]                                at /rustc/82e1608dfa6e0b5569232559e3d385fea5a93112/library/std/src/panicking.rs:516:19
[INFO] [stdout]   31:     0x55e3b76687b5 - std::panic::catch_unwind::h3ce3bd6ca8dbac68
[INFO] [stdout]                                at /rustc/82e1608dfa6e0b5569232559e3d385fea5a93112/library/std/src/panic.rs:142:14
[INFO] [stdout]   32:     0x55e3b76687b5 - test::run_test_in_process::hc97b257c9621286a
[INFO] [stdout]                                at /rustc/82e1608dfa6e0b5569232559e3d385fea5a93112/library/test/src/lib.rs:651:27
[INFO] [stdout]   33:     0x55e3b76687b5 - test::run_test::{{closure}}::h2aa798823a438d38
[INFO] [stdout]                                at /rustc/82e1608dfa6e0b5569232559e3d385fea5a93112/library/test/src/lib.rs:574:43
[INFO] [stdout]   34:     0x55e3b7630a76 - test::run_test::{{closure}}::h87d231c78fb59832
[INFO] [stdout]                                at /rustc/82e1608dfa6e0b5569232559e3d385fea5a93112/library/test/src/lib.rs:602:41
[INFO] [stdout]   35:     0x55e3b7630a76 - std::sys_common::backtrace::__rust_begin_short_backtrace::he6df152596625789
[INFO] [stdout]                                at /rustc/82e1608dfa6e0b5569232559e3d385fea5a93112/library/std/src/sys_common/backtrace.rs:154:18
[INFO] [stdout]   36:     0x55e3b7635b27 - std::thread::Builder::spawn_unchecked_::{{closure}}::{{closure}}::ha94be15d1e0acf36
[INFO] [stdout]                                at /rustc/82e1608dfa6e0b5569232559e3d385fea5a93112/library/std/src/thread/mod.rs:529:17
[INFO] [stdout]   37:     0x55e3b7635b27 - <core::panic::unwind_safe::AssertUnwindSafe<F> as core::ops::function::FnOnce<()>>::call_once::h9dc6bd6372f16606
[INFO] [stdout]                                at /rustc/82e1608dfa6e0b5569232559e3d385fea5a93112/library/core/src/panic/unwind_safe.rs:272:9
[INFO] [stdout]   38:     0x55e3b7635b27 - std::panicking::try::do_call::h9057517f80303cd4
[INFO] [stdout]                                at /rustc/82e1608dfa6e0b5569232559e3d385fea5a93112/library/std/src/panicking.rs:552:40
[INFO] [stdout]   39:     0x55e3b7635b27 - std::panicking::try::he3a30b11ee45340c
[INFO] [stdout]                                at /rustc/82e1608dfa6e0b5569232559e3d385fea5a93112/library/std/src/panicking.rs:516:19
[INFO] [stdout]   40:     0x55e3b7635b27 - std::panic::catch_unwind::h410458cfd3528b8b
[INFO] [stdout]                                at /rustc/82e1608dfa6e0b5569232559e3d385fea5a93112/library/std/src/panic.rs:142:14
[INFO] [stdout]   41:     0x55e3b7635b27 - std::thread::Builder::spawn_unchecked_::{{closure}}::h72ac3bdb567b737b
[INFO] [stdout]                                at /rustc/82e1608dfa6e0b5569232559e3d385fea5a93112/library/std/src/thread/mod.rs:528:30
[INFO] [stdout]   42:     0x55e3b7635b27 - core::ops::function::FnOnce::call_once{{vtable.shim}}::h38f34da3654a8344
[INFO] [stdout]                                at /rustc/82e1608dfa6e0b5569232559e3d385fea5a93112/library/core/src/ops/function.rs:250:5
[INFO] [stdout]   43:     0x55e3b7699f75 - <alloc::boxed::Box<F,A> as core::ops::function::FnOnce<Args>>::call_once::hc7eafaff61e32df9
[INFO] [stdout]                                at /rustc/82e1608dfa6e0b5569232559e3d385fea5a93112/library/alloc/src/boxed.rs:2007:9
[INFO] [stdout]   44:     0x55e3b7699f75 - <alloc::boxed::Box<F,A> as core::ops::function::FnOnce<Args>>::call_once::h6ba4a5de48dd2304
[INFO] [stdout]                                at /rustc/82e1608dfa6e0b5569232559e3d385fea5a93112/library/alloc/src/boxed.rs:2007:9
[INFO] [stdout]   45:     0x55e3b7699f75 - std::sys::unix::thread::Thread::new::thread_start::he469335aef763e45
[INFO] [stdout]                                at /rustc/82e1608dfa6e0b5569232559e3d385fea5a93112/library/std/src/sys/unix/thread.rs:108:17
[INFO] [stdout]   46:     0x7f3faa90bac3 - <unknown>
[INFO] [stdout]   47:     0x7f3faa99cbf4 - __clone
[INFO] [stdout]   48:                0x0 - <unknown>
[INFO] [stdout] 
[INFO] [stdout] 
[INFO] [stdout] failures:
[INFO] [stdout]     extended_backus_naur_form::tests::test_convert_to_bnf
[INFO] [stdout] 
[INFO] [stdout] test result: FAILED. 10 passed; 1 failed; 0 ignored; 0 measured; 0 filtered out; finished in 0.01s
[INFO] [stdout] 
[INFO] [stderr] error: test failed, to rerun pass `--bin ebnf_tester`
[INFO] running `Command { std: "docker" "inspect" "8c00d119f84c5ceee25379b8c407e1476254952c701eebe59d8ebfb5e17dddc6", kill_on_drop: false }`
[INFO] running `Command { std: "docker" "rm" "-f" "8c00d119f84c5ceee25379b8c407e1476254952c701eebe59d8ebfb5e17dddc6", kill_on_drop: false }`
[INFO] [stdout] 8c00d119f84c5ceee25379b8c407e1476254952c701eebe59d8ebfb5e17dddc6
[INFO] testing b-eyselein/rust_ebnf_tester against beta-2023-12-22 for beta-1.76-1
[INFO] running `Command { std: "git" "clone" "/workspace/cache/git-repos/https%3A%2F%2Fgithub.com%2Fb-eyselein%2Frust_ebnf_tester" "/workspace/builds/worker-5-tc2/source", kill_on_drop: false }`
[INFO] [stderr] Cloning into '/workspace/builds/worker-5-tc2/source'...
[INFO] [stderr] done.
[INFO] validating manifest of git repo https://github.com/b-eyselein/rust_ebnf_tester on toolchain beta-2023-12-22
[INFO] running `Command { std: CARGO_HOME="/workspace/cargo-home" RUSTUP_HOME="/workspace/rustup-home" "/workspace/cargo-home/bin/cargo" "+beta-2023-12-22" "metadata" "--manifest-path" "Cargo.toml" "--no-deps", kill_on_drop: false }`
[INFO] started tweaking git repo https://github.com/b-eyselein/rust_ebnf_tester
[INFO] finished tweaking git repo https://github.com/b-eyselein/rust_ebnf_tester
[INFO] tweaked toml for git repo https://github.com/b-eyselein/rust_ebnf_tester written to /workspace/builds/worker-5-tc2/source/Cargo.toml
[INFO] crate git repo https://github.com/b-eyselein/rust_ebnf_tester already has a lockfile, it will not be regenerated
[INFO] running `Command { std: CARGO_HOME="/workspace/cargo-home" RUSTUP_HOME="/workspace/rustup-home" "/workspace/cargo-home/bin/cargo" "+beta-2023-12-22" "fetch" "--manifest-path" "Cargo.toml", kill_on_drop: false }`
[INFO] running `Command { std: "docker" "create" "-v" "/var/lib/crater-agent-workspace/builds/worker-5-tc2/target:/opt/rustwide/target:rw,Z" "-v" "/var/lib/crater-agent-workspace/builds/worker-5-tc2/source:/opt/rustwide/workdir:ro,Z" "-v" "/var/lib/crater-agent-workspace/cargo-home:/opt/rustwide/cargo-home:ro,Z" "-v" "/var/lib/crater-agent-workspace/rustup-home:/opt/rustwide/rustup-home:ro,Z" "-e" "SOURCE_DIR=/opt/rustwide/workdir" "-e" "CARGO_TARGET_DIR=/opt/rustwide/target" "-e" "CARGO_HOME=/opt/rustwide/cargo-home" "-e" "RUSTUP_HOME=/opt/rustwide/rustup-home" "-w" "/opt/rustwide/workdir" "-m" "1610612736" "--user" "0:0" "--network" "none" "ghcr.io/rust-lang/crates-build-env/linux@sha256:2788e3201cd34a07e3172128adcd8b3090168a8e3bcc40d7c032b9dda1df7d1c" "/opt/rustwide/cargo-home/bin/cargo" "+beta-2023-12-22" "metadata" "--no-deps" "--format-version=1", kill_on_drop: false }`
[INFO] [stdout] 160b56ff8c916fb29ea6422e4633b1df4a52ae3bbed9936734c44e7397e6bdbc
[INFO] running `Command { std: "docker" "start" "-a" "160b56ff8c916fb29ea6422e4633b1df4a52ae3bbed9936734c44e7397e6bdbc", kill_on_drop: false }`
[INFO] running `Command { std: "docker" "inspect" "160b56ff8c916fb29ea6422e4633b1df4a52ae3bbed9936734c44e7397e6bdbc", kill_on_drop: false }`
[INFO] running `Command { std: "docker" "rm" "-f" "160b56ff8c916fb29ea6422e4633b1df4a52ae3bbed9936734c44e7397e6bdbc", kill_on_drop: false }`
[INFO] [stdout] 160b56ff8c916fb29ea6422e4633b1df4a52ae3bbed9936734c44e7397e6bdbc
[INFO] running `Command { std: "docker" "create" "-v" "/var/lib/crater-agent-workspace/builds/worker-5-tc2/target:/opt/rustwide/target:rw,Z" "-v" "/var/lib/crater-agent-workspace/builds/worker-5-tc2/source:/opt/rustwide/workdir:ro,Z" "-v" "/var/lib/crater-agent-workspace/cargo-home:/opt/rustwide/cargo-home:ro,Z" "-v" "/var/lib/crater-agent-workspace/rustup-home:/opt/rustwide/rustup-home:ro,Z" "-e" "SOURCE_DIR=/opt/rustwide/workdir" "-e" "CARGO_TARGET_DIR=/opt/rustwide/target" "-e" "CARGO_INCREMENTAL=0" "-e" "RUST_BACKTRACE=full" "-e" "RUSTFLAGS=--cap-lints=warn" "-e" "RUSTDOCFLAGS=--cap-lints=warn" "-e" "CARGO_HOME=/opt/rustwide/cargo-home" "-e" "RUSTUP_HOME=/opt/rustwide/rustup-home" "-w" "/opt/rustwide/workdir" "-m" "1610612736" "--user" "0:0" "--network" "none" "ghcr.io/rust-lang/crates-build-env/linux@sha256:2788e3201cd34a07e3172128adcd8b3090168a8e3bcc40d7c032b9dda1df7d1c" "/opt/rustwide/cargo-home/bin/cargo" "+beta-2023-12-22" "build" "--frozen" "--message-format=json", kill_on_drop: false }`
[INFO] [stdout] a0d6e475e7dfd9a97d2f9e851d6208346f6ac165244e68075dd266fe1ee1e1f0
[INFO] running `Command { std: "docker" "start" "-a" "a0d6e475e7dfd9a97d2f9e851d6208346f6ac165244e68075dd266fe1ee1e1f0", kill_on_drop: false }`
[INFO] [stderr]    Compiling either v1.8.0
[INFO] [stderr]    Compiling itertools v0.10.5
[INFO] [stderr]    Compiling ebnf_tester v0.1.0 (/opt/rustwide/workdir)
[INFO] [stdout] warning: variants `Epsilon`, `Terminal`, `Variable`, `Optional`, `Alternative`, and `Sequence` are never constructed
[INFO] [stdout]   --> src/backus_naur_form.rs:5:5
[INFO] [stdout]    |
[INFO] [stdout] 4  | pub enum BackusNaurProduction {
[INFO] [stdout]    |          -------------------- variants in this enum
[INFO] [stdout] 5  |     Epsilon,
[INFO] [stdout]    |     ^^^^^^^
[INFO] [stdout] 6  |     Terminal(Terminal),
[INFO] [stdout]    |     ^^^^^^^^
[INFO] [stdout] 7  |     Variable(Variable),
[INFO] [stdout]    |     ^^^^^^^^
[INFO] [stdout] 8  |     Optional(Box<BackusNaurProduction>),
[INFO] [stdout]    |     ^^^^^^^^
[INFO] [stdout] 9  |     Alternative(Vec<BackusNaurProduction>),
[INFO] [stdout]    |     ^^^^^^^^^^^
[INFO] [stdout] 10 |     Sequence(Vec<BackusNaurProduction>),
[INFO] [stdout]    |     ^^^^^^^^
[INFO] [stdout]    |
[INFO] [stdout]    = note: `BackusNaurProduction` has derived impls for the traits `Clone` and `Debug`, but these are intentionally ignored during dead code analysis
[INFO] [stdout]    = note: `#[warn(dead_code)]` on by default
[INFO] [stdout] 
[INFO] [stdout] 
[INFO] [stdout] warning: type alias `Cell` is never used
[INFO] [stdout]  --> src/chomsky_normal_form.rs:7:6
[INFO] [stdout]   |
[INFO] [stdout] 7 | type Cell<'a> = HashSet<&'a char>;
[INFO] [stdout]   |      ^^^^
[INFO] [stdout] 
[INFO] [stdout] 
[INFO] [stdout] warning: type alias `Row` is never used
[INFO] [stdout]  --> src/chomsky_normal_form.rs:8:6
[INFO] [stdout]   |
[INFO] [stdout] 8 | type Row<'a> = Vec<Cell<'a>>;
[INFO] [stdout]   |      ^^^
[INFO] [stdout] 
[INFO] [stdout] 
[INFO] [stdout] warning: type alias `ChomskyTable` is never used
[INFO] [stdout]  --> src/chomsky_normal_form.rs:9:6
[INFO] [stdout]   |
[INFO] [stdout] 9 | type ChomskyTable<'a> = Vec<Row<'a>>;
[INFO] [stdout]   |      ^^^^^^^^^^^^
[INFO] [stdout] 
[INFO] [stdout] 
[INFO] [stdout] warning: struct `ChomskyGrammar` is never constructed
[INFO] [stdout]   --> src/chomsky_normal_form.rs:11:12
[INFO] [stdout]    |
[INFO] [stdout] 11 | pub struct ChomskyGrammar {
[INFO] [stdout]    |            ^^^^^^^^^^^^^^
[INFO] [stdout] 
[INFO] [stdout] 
[INFO] [stdout] warning: methods `search_rules_producing_terminal`, `search_rules_producing_sequence`, `build_table`, and `derive` are never used
[INFO] [stdout]   --> src/chomsky_normal_form.rs:18:8
[INFO] [stdout]    |
[INFO] [stdout] 16 | impl ChomskyGrammar {
[INFO] [stdout]    | ------------------- methods in this implementation
[INFO] [stdout] 17 |     /// checks which vars produce c as terminal...
[INFO] [stdout] 18 |     fn search_rules_producing_terminal(&self, terminal: &char) -> Cell {
[INFO] [stdout]    |        ^^^^^^^^^^^^^^^^^^^^^^^^^^^^^^^
[INFO] [stdout] ...
[INFO] [stdout] 27 |     fn search_rules_producing_sequence(&self, first_var: &char, second_var: &char) -> Cell {
[INFO] [stdout]    |        ^^^^^^^^^^^^^^^^^^^^^^^^^^^^^^^
[INFO] [stdout] ...
[INFO] [stdout] 36 |     fn build_table(&self, word: &[char]) -> ChomskyTable {
[INFO] [stdout]    |        ^^^^^^^^^^^
[INFO] [stdout] ...
[INFO] [stdout] 63 |     pub fn derive(&self, word: &[char]) -> bool {
[INFO] [stdout]    |            ^^^^^^
[INFO] [stdout] 
[INFO] [stdout] 
[INFO] [stdout] warning: enum `ChomskyProduction` is never used
[INFO] [stdout]  --> src/chomsky_production.rs:3:10
[INFO] [stdout]   |
[INFO] [stdout] 3 | pub enum ChomskyProduction {
[INFO] [stdout]   |          ^^^^^^^^^^^^^^^^^
[INFO] [stdout] 
[INFO] [stdout] 
[INFO] [stdout] warning: methods `produces_terminal` and `produces_sequence` are never used
[INFO] [stdout]   --> src/chomsky_production.rs:9:12
[INFO] [stdout]    |
[INFO] [stdout] 8  | impl ChomskyProduction {
[INFO] [stdout]    | ---------------------- methods in this implementation
[INFO] [stdout] 9  |     pub fn produces_terminal(&self, c: &char) -> bool {
[INFO] [stdout]    |            ^^^^^^^^^^^^^^^^^
[INFO] [stdout] ...
[INFO] [stdout] 16 |     pub fn produces_sequence(&self, var1: &char, var2: &char) -> bool {
[INFO] [stdout]    |            ^^^^^^^^^^^^^^^^^
[INFO] [stdout] 
[INFO] [stdout] 
[INFO] [stdout] warning: function `convert_child_elements` is never used
[INFO] [stdout]   --> src/extended_backus_naur_form/mod.rs:11:4
[INFO] [stdout]    |
[INFO] [stdout] 11 | fn convert_child_elements(child_elements: &Vec<ExtendedBackusNaurProduction>) -> ElementsConversionResult {
[INFO] [stdout]    |    ^^^^^^^^^^^^^^^^^^^^^^
[INFO] [stdout] 
[INFO] [stdout] 
[INFO] [stdout] warning: function `next_variable` is never used
[INFO] [stdout]   --> src/extended_backus_naur_form/mod.rs:34:4
[INFO] [stdout]    |
[INFO] [stdout] 34 | fn next_variable() -> Variable {
[INFO] [stdout]    |    ^^^^^^^^^^^^^
[INFO] [stdout] 
[INFO] [stdout] 
[INFO] [stdout] warning: function `convert_to_bnf` is never used
[INFO] [stdout]   --> src/extended_backus_naur_form/mod.rs:38:8
[INFO] [stdout]    |
[INFO] [stdout] 38 | pub fn convert_to_bnf(el: &ExtendedBackusNaurProduction) -> ElementConversionResult {
[INFO] [stdout]    |        ^^^^^^^^^^^^^^
[INFO] [stdout] 
[INFO] [stdout] 
[INFO] [stdout] warning: multiple variants are never constructed
[INFO] [stdout]   --> src/extended_backus_naur_form/ebnf_element.rs:7:5
[INFO] [stdout]    |
[INFO] [stdout] 6  | pub enum ExtendedBackusNaurProduction {
[INFO] [stdout]    |          ---------------------------- variants in this enum
[INFO] [stdout] 7  |     Epsilon,
[INFO] [stdout]    |     ^^^^^^^
[INFO] [stdout] 8  |     Terminal(Terminal),
[INFO] [stdout]    |     ^^^^^^^^
[INFO] [stdout] 9  |     Variable(Variable),
[INFO] [stdout]    |     ^^^^^^^^
[INFO] [stdout] 10 |     Optional(Box<ExtendedBackusNaurProduction>),
[INFO] [stdout]    |     ^^^^^^^^
[INFO] [stdout] 11 |     RepetitionZero(Box<ExtendedBackusNaurProduction>),
[INFO] [stdout]    |     ^^^^^^^^^^^^^^
[INFO] [stdout] 12 |     RepetitionOne(Box<ExtendedBackusNaurProduction>),
[INFO] [stdout]    |     ^^^^^^^^^^^^^
[INFO] [stdout] 13 |     Alternative(Vec<ExtendedBackusNaurProduction>),
[INFO] [stdout]    |     ^^^^^^^^^^^
[INFO] [stdout] 14 |     Sequence(Vec<ExtendedBackusNaurProduction>),
[INFO] [stdout]    |     ^^^^^^^^
[INFO] [stdout]    |
[INFO] [stdout]    = note: `ExtendedBackusNaurProduction` has derived impls for the traits `Clone` and `Debug`, but these are intentionally ignored during dead code analysis
[INFO] [stdout] 
[INFO] [stdout] 
[INFO] [stdout] warning: associated function `simple` is never used
[INFO] [stdout]   --> src/extended_backus_naur_form/element_conversion_result.rs:16:12
[INFO] [stdout]    |
[INFO] [stdout] 15 | impl ElementConversionResult<'_> {
[INFO] [stdout]    | -------------------------------- associated function in this implementation
[INFO] [stdout] 16 |     pub fn simple(output_element: BackusNaurProduction) -> Self {
[INFO] [stdout]    |            ^^^^^^
[INFO] [stdout] 
[INFO] [stdout] 
[INFO] [stdout] warning: associated function `empty` is never used
[INFO] [stdout]   --> src/extended_backus_naur_form/element_conversion_result.rs:35:12
[INFO] [stdout]    |
[INFO] [stdout] 34 | impl ElementsConversionResult<'_> {
[INFO] [stdout]    | --------------------------------- associated function in this implementation
[INFO] [stdout] 35 |     pub fn empty() -> Self {
[INFO] [stdout]    |            ^^^^^
[INFO] [stdout] 
[INFO] [stdout] 
[INFO] [stdout] warning: 14 warnings emitted
[INFO] [stdout] 
[INFO] [stdout] 
[INFO] [stderr]     Finished dev [unoptimized + debuginfo] target(s) in 1.22s
[INFO] running `Command { std: "docker" "inspect" "a0d6e475e7dfd9a97d2f9e851d6208346f6ac165244e68075dd266fe1ee1e1f0", kill_on_drop: false }`
[INFO] running `Command { std: "docker" "rm" "-f" "a0d6e475e7dfd9a97d2f9e851d6208346f6ac165244e68075dd266fe1ee1e1f0", kill_on_drop: false }`
[INFO] [stdout] a0d6e475e7dfd9a97d2f9e851d6208346f6ac165244e68075dd266fe1ee1e1f0
[INFO] running `Command { std: "docker" "create" "-v" "/var/lib/crater-agent-workspace/builds/worker-5-tc2/target:/opt/rustwide/target:rw,Z" "-v" "/var/lib/crater-agent-workspace/builds/worker-5-tc2/source:/opt/rustwide/workdir:ro,Z" "-v" "/var/lib/crater-agent-workspace/cargo-home:/opt/rustwide/cargo-home:ro,Z" "-v" "/var/lib/crater-agent-workspace/rustup-home:/opt/rustwide/rustup-home:ro,Z" "-e" "SOURCE_DIR=/opt/rustwide/workdir" "-e" "CARGO_TARGET_DIR=/opt/rustwide/target" "-e" "CARGO_INCREMENTAL=0" "-e" "RUST_BACKTRACE=full" "-e" "RUSTFLAGS=--cap-lints=warn" "-e" "RUSTDOCFLAGS=--cap-lints=warn" "-e" "CARGO_HOME=/opt/rustwide/cargo-home" "-e" "RUSTUP_HOME=/opt/rustwide/rustup-home" "-w" "/opt/rustwide/workdir" "-m" "1610612736" "--user" "0:0" "--network" "none" "ghcr.io/rust-lang/crates-build-env/linux@sha256:2788e3201cd34a07e3172128adcd8b3090168a8e3bcc40d7c032b9dda1df7d1c" "/opt/rustwide/cargo-home/bin/cargo" "+beta-2023-12-22" "test" "--frozen" "--no-run" "--message-format=json", kill_on_drop: false }`
[INFO] [stdout] cf5cb82fe217e97322fa3b14106c95f11d7d79f529cf057c32b3a743f029ae82
[INFO] running `Command { std: "docker" "start" "-a" "cf5cb82fe217e97322fa3b14106c95f11d7d79f529cf057c32b3a743f029ae82", kill_on_drop: false }`
[INFO] [stderr]    Compiling ebnf_tester v0.1.0 (/opt/rustwide/workdir)
[INFO] [stderr]     Finished test [unoptimized + debuginfo] target(s) in 0.51s
[INFO] running `Command { std: "docker" "inspect" "cf5cb82fe217e97322fa3b14106c95f11d7d79f529cf057c32b3a743f029ae82", kill_on_drop: false }`
[INFO] running `Command { std: "docker" "rm" "-f" "cf5cb82fe217e97322fa3b14106c95f11d7d79f529cf057c32b3a743f029ae82", kill_on_drop: false }`
[INFO] [stdout] cf5cb82fe217e97322fa3b14106c95f11d7d79f529cf057c32b3a743f029ae82
[INFO] running `Command { std: "docker" "create" "-v" "/var/lib/crater-agent-workspace/builds/worker-5-tc2/target:/opt/rustwide/target:rw,Z" "-v" "/var/lib/crater-agent-workspace/builds/worker-5-tc2/source:/opt/rustwide/workdir:ro,Z" "-v" "/var/lib/crater-agent-workspace/cargo-home:/opt/rustwide/cargo-home:ro,Z" "-v" "/var/lib/crater-agent-workspace/rustup-home:/opt/rustwide/rustup-home:ro,Z" "-e" "SOURCE_DIR=/opt/rustwide/workdir" "-e" "CARGO_TARGET_DIR=/opt/rustwide/target" "-e" "CARGO_INCREMENTAL=0" "-e" "RUST_BACKTRACE=full" "-e" "RUSTFLAGS=--cap-lints=warn" "-e" "RUSTDOCFLAGS=--cap-lints=warn" "-e" "CARGO_HOME=/opt/rustwide/cargo-home" "-e" "RUSTUP_HOME=/opt/rustwide/rustup-home" "-w" "/opt/rustwide/workdir" "-m" "1610612736" "--user" "0:0" "--network" "none" "ghcr.io/rust-lang/crates-build-env/linux@sha256:2788e3201cd34a07e3172128adcd8b3090168a8e3bcc40d7c032b9dda1df7d1c" "/opt/rustwide/cargo-home/bin/cargo" "+beta-2023-12-22" "test" "--frozen", kill_on_drop: false }`
[INFO] [stdout] aa02a9f9c8abb35f10d92624b8748f15ff613806dc3b360b5d15f72df18766b2
[INFO] running `Command { std: "docker" "start" "-a" "aa02a9f9c8abb35f10d92624b8748f15ff613806dc3b360b5d15f72df18766b2", kill_on_drop: false }`
[INFO] [stderr]     Finished test [unoptimized + debuginfo] target(s) in 0.00s
[INFO] [stderr]      Running unittests src/main.rs (/opt/rustwide/target/debug/deps/ebnf_tester-8ca5c368af79e7b4)
[INFO] [stdout] 
[INFO] [stdout] running 11 tests
[INFO] [stdout] test chomsky_production::tests::test_chomsky_production_produces ... ok
[INFO] [stdout] test extended_backus_naur_form::ebnf_element::tests::test_alternative ... ok
[INFO] [stdout] test chomsky_normal_form::tests::test_build_table ... ok
[INFO] [stdout] test extended_backus_naur_form::ebnf_element::tests::test_option ... ok
[INFO] [stdout] test chomsky_normal_form::tests::test_derive ... ok
[INFO] [stdout] test extended_backus_naur_form::ebnf_element::tests::test_rep_zero ... ok
[INFO] [stdout] test extended_backus_naur_form::ebnf_element::tests::test_rep_one ... ok
[INFO] [stdout] test extended_backus_naur_form::ebnf_element::tests::test_sequence ... ok
[INFO] [stdout] test model::tests::test_terminal ... ok
[INFO] [stdout] test model::tests::test_variable ... ok
[INFO] [stdout] test extended_backus_naur_form::tests::test_convert_to_bnf ... FAILED
[INFO] [stdout] 
[INFO] [stdout] failures:
[INFO] [stdout] 
[INFO] [stdout] ---- extended_backus_naur_form::tests::test_convert_to_bnf stdout ----
[INFO] [stdout] thread 'extended_backus_naur_form::tests::test_convert_to_bnf' panicked at src/extended_backus_naur_form/mod.rs:35:5:
[INFO] [stdout] not yet implemented
[INFO] [stdout] stack backtrace:
[INFO] [stdout]    0:     0x55ebfdb90d26 - std::backtrace_rs::backtrace::libunwind::trace::h261606ad26a499c1
[INFO] [stdout]                                at /rustc/0e09125c6c3c2fd70d7de961bcf0e51575235fad/library/std/src/../../backtrace/src/backtrace/libunwind.rs:104:5
[INFO] [stdout]    1:     0x55ebfdb90d26 - std::backtrace_rs::backtrace::trace_unsynchronized::hd183f0625477fb28
[INFO] [stdout]                                at /rustc/0e09125c6c3c2fd70d7de961bcf0e51575235fad/library/std/src/../../backtrace/src/backtrace/mod.rs:66:5
[INFO] [stdout]    2:     0x55ebfdb90d26 - std::sys_common::backtrace::_print_fmt::hd7f8fef21b4eda67
[INFO] [stdout]                                at /rustc/0e09125c6c3c2fd70d7de961bcf0e51575235fad/library/std/src/sys_common/backtrace.rs:68:5
[INFO] [stdout]    3:     0x55ebfdb90d26 - <std::sys_common::backtrace::_print::DisplayBacktrace as core::fmt::Display>::fmt::h623d9b51f2f453f1
[INFO] [stdout]                                at /rustc/0e09125c6c3c2fd70d7de961bcf0e51575235fad/library/std/src/sys_common/backtrace.rs:44:22
[INFO] [stdout]    4:     0x55ebfdbb9ed0 - core::fmt::rt::Argument::fmt::h9f417ac76a86f368
[INFO] [stdout]                                at /rustc/0e09125c6c3c2fd70d7de961bcf0e51575235fad/library/core/src/fmt/rt.rs:142:9
[INFO] [stdout]    5:     0x55ebfdbb9ed0 - core::fmt::write::hc9b6faf4ac2aeff7
[INFO] [stdout]                                at /rustc/0e09125c6c3c2fd70d7de961bcf0e51575235fad/library/core/src/fmt/mod.rs:1120:17
[INFO] [stdout]    6:     0x55ebfdb8e78f - std::io::Write::write_fmt::he04625a3a989fec3
[INFO] [stdout]                                at /rustc/0e09125c6c3c2fd70d7de961bcf0e51575235fad/library/std/src/io/mod.rs:1810:15
[INFO] [stdout]    7:     0x55ebfdb90b04 - std::sys_common::backtrace::_print::hd5d66399c7df88a2
[INFO] [stdout]                                at /rustc/0e09125c6c3c2fd70d7de961bcf0e51575235fad/library/std/src/sys_common/backtrace.rs:47:5
[INFO] [stdout]    8:     0x55ebfdb90b04 - std::sys_common::backtrace::print::he81ed2da642d37e5
[INFO] [stdout]                                at /rustc/0e09125c6c3c2fd70d7de961bcf0e51575235fad/library/std/src/sys_common/backtrace.rs:34:9
[INFO] [stdout]    9:     0x55ebfdb92877 - std::panicking::default_hook::{{closure}}::h85773f4fa117163d
[INFO] [stdout]   10:     0x55ebfdb9255d - std::panicking::default_hook::h6a1694a91d09b278
[INFO] [stdout]                                at /rustc/0e09125c6c3c2fd70d7de961bcf0e51575235fad/library/std/src/panicking.rs:289:9
[INFO] [stdout]   11:     0x55ebfdb612a7 - <alloc::boxed::Box<F,A> as core::ops::function::Fn<Args>>::call::h616ac37fa3cd6c8f
[INFO] [stdout]                                at /rustc/0e09125c6c3c2fd70d7de961bcf0e51575235fad/library/alloc/src/boxed.rs:2029:9
[INFO] [stdout]   12:     0x55ebfdb612a7 - test::test_main::{{closure}}::h00d84697cefdcbb6
[INFO] [stdout]                                at /rustc/0e09125c6c3c2fd70d7de961bcf0e51575235fad/library/test/src/lib.rs:138:21
[INFO] [stdout]   13:     0x55ebfdb92e96 - <alloc::boxed::Box<F,A> as core::ops::function::Fn<Args>>::call::hcb3fe3b9bb537ba8
[INFO] [stdout]                                at /rustc/0e09125c6c3c2fd70d7de961bcf0e51575235fad/library/alloc/src/boxed.rs:2029:9
[INFO] [stdout]   14:     0x55ebfdb92e96 - std::panicking::rust_panic_with_hook::h0a7ad96e90f7145b
[INFO] [stdout]                                at /rustc/0e09125c6c3c2fd70d7de961bcf0e51575235fad/library/std/src/panicking.rs:783:13
[INFO] [stdout]   15:     0x55ebfdb92ba9 - std::panicking::begin_panic_handler::{{closure}}::h7919090525c6485e
[INFO] [stdout]                                at /rustc/0e09125c6c3c2fd70d7de961bcf0e51575235fad/library/std/src/panicking.rs:649:13
[INFO] [stdout]   16:     0x55ebfdb91226 - std::sys_common::backtrace::__rust_end_short_backtrace::hf3289479464f7dfe
[INFO] [stdout]                                at /rustc/0e09125c6c3c2fd70d7de961bcf0e51575235fad/library/std/src/sys_common/backtrace.rs:171:18
[INFO] [stdout]   17:     0x55ebfdb92940 - rust_begin_unwind
[INFO] [stdout]                                at /rustc/0e09125c6c3c2fd70d7de961bcf0e51575235fad/library/std/src/panicking.rs:645:5
[INFO] [stdout]   18:     0x55ebfdaf4cd5 - core::panicking::panic_fmt::hcc9f77c5c132af55
[INFO] [stdout]                                at /rustc/0e09125c6c3c2fd70d7de961bcf0e51575235fad/library/core/src/panicking.rs:72:14
[INFO] [stdout]   19:     0x55ebfdaf4d93 - core::panicking::panic::h5a1259c1164bd480
[INFO] [stdout]                                at /rustc/0e09125c6c3c2fd70d7de961bcf0e51575235fad/library/core/src/panicking.rs:144:5
[INFO] [stdout]   20:     0x55ebfdb0925d - ebnf_tester::extended_backus_naur_form::next_variable::hc1a9ebe89b525ce1
[INFO] [stdout]                                at /opt/rustwide/workdir/src/extended_backus_naur_form/mod.rs:35:5
[INFO] [stdout]   21:     0x55ebfdb0951e - ebnf_tester::extended_backus_naur_form::convert_to_bnf::h31f54b0fdfdc6557
[INFO] [stdout]                                at /opt/rustwide/workdir/src/extended_backus_naur_form/mod.rs:89:32
[INFO] [stdout]   22:     0x55ebfdb1063e - ebnf_tester::extended_backus_naur_form::tests::test_convert_to_bnf::h456beee92bef8217
[INFO] [stdout]                                at /opt/rustwide/workdir/src/extended_backus_naur_form/mod.rs:151:24
[INFO] [stdout]   23:     0x55ebfdb0f7a7 - ebnf_tester::extended_backus_naur_form::tests::test_convert_to_bnf::{{closure}}::h633e90879e86b55c
[INFO] [stdout]                                at /opt/rustwide/workdir/src/extended_backus_naur_form/mod.rs:128:29
[INFO] [stdout]   24:     0x55ebfdb04646 - core::ops::function::FnOnce::call_once::he8d1f616e22df045
[INFO] [stdout]                                at /rustc/0e09125c6c3c2fd70d7de961bcf0e51575235fad/library/core/src/ops/function.rs:250:5
[INFO] [stdout]   25:     0x55ebfdb66b7f - core::ops::function::FnOnce::call_once::hd64d26f405258157
[INFO] [stdout]                                at /rustc/0e09125c6c3c2fd70d7de961bcf0e51575235fad/library/core/src/ops/function.rs:250:5
[INFO] [stdout]   26:     0x55ebfdb66b7f - test::__rust_begin_short_backtrace::he21b0b7a6d731bf9
[INFO] [stdout]                                at /rustc/0e09125c6c3c2fd70d7de961bcf0e51575235fad/library/test/src/lib.rs:627:18
[INFO] [stdout]   27:     0x55ebfdb65901 - test::run_test_in_process::{{closure}}::hf5c73986d7bdfde2
[INFO] [stdout]                                at /rustc/0e09125c6c3c2fd70d7de961bcf0e51575235fad/library/test/src/lib.rs:650:60
[INFO] [stdout]   28:     0x55ebfdb65901 - <core::panic::unwind_safe::AssertUnwindSafe<F> as core::ops::function::FnOnce<()>>::call_once::h330011ad032aadc0
[INFO] [stdout]                                at /rustc/0e09125c6c3c2fd70d7de961bcf0e51575235fad/library/core/src/panic/unwind_safe.rs:272:9
[INFO] [stdout]   29:     0x55ebfdb65901 - std::panicking::try::do_call::he61b0a958b795a41
[INFO] [stdout]                                at /rustc/0e09125c6c3c2fd70d7de961bcf0e51575235fad/library/std/src/panicking.rs:552:40
[INFO] [stdout]   30:     0x55ebfdb65901 - std::panicking::try::h7309da130f906eb7
[INFO] [stdout]                                at /rustc/0e09125c6c3c2fd70d7de961bcf0e51575235fad/library/std/src/panicking.rs:516:19
[INFO] [stdout]   31:     0x55ebfdb65901 - std::panic::catch_unwind::hc5c3a06fdaf0a92a
[INFO] [stdout]                                at /rustc/0e09125c6c3c2fd70d7de961bcf0e51575235fad/library/std/src/panic.rs:142:14
[INFO] [stdout]   32:     0x55ebfdb65901 - test::run_test_in_process::h7e7b7c71c3324e0f
[INFO] [stdout]                                at /rustc/0e09125c6c3c2fd70d7de961bcf0e51575235fad/library/test/src/lib.rs:650:27
[INFO] [stdout]   33:     0x55ebfdb65901 - test::run_test::{{closure}}::h1f509f28f5cf20b1
[INFO] [stdout]                                at /rustc/0e09125c6c3c2fd70d7de961bcf0e51575235fad/library/test/src/lib.rs:573:43
[INFO] [stdout]   34:     0x55ebfdb2cc36 - test::run_test::{{closure}}::h1754218abf443f6d
[INFO] [stdout]                                at /rustc/0e09125c6c3c2fd70d7de961bcf0e51575235fad/library/test/src/lib.rs:601:41
[INFO] [stdout]   35:     0x55ebfdb2cc36 - std::sys_common::backtrace::__rust_begin_short_backtrace::h2ee174b9d5954948
[INFO] [stdout]                                at /rustc/0e09125c6c3c2fd70d7de961bcf0e51575235fad/library/std/src/sys_common/backtrace.rs:155:18
[INFO] [stdout]   36:     0x55ebfdb31c97 - std::thread::Builder::spawn_unchecked_::{{closure}}::{{closure}}::hf60bee9c1a17ef09
[INFO] [stdout]                                at /rustc/0e09125c6c3c2fd70d7de961bcf0e51575235fad/library/std/src/thread/mod.rs:529:17
[INFO] [stdout]   37:     0x55ebfdb31c97 - <core::panic::unwind_safe::AssertUnwindSafe<F> as core::ops::function::FnOnce<()>>::call_once::h33d0dddec5216160
[INFO] [stdout]                                at /rustc/0e09125c6c3c2fd70d7de961bcf0e51575235fad/library/core/src/panic/unwind_safe.rs:272:9
[INFO] [stdout]   38:     0x55ebfdb31c97 - std::panicking::try::do_call::h144b3048b546f835
[INFO] [stdout]                                at /rustc/0e09125c6c3c2fd70d7de961bcf0e51575235fad/library/std/src/panicking.rs:552:40
[INFO] [stdout]   39:     0x55ebfdb31c97 - std::panicking::try::h978244d04646189f
[INFO] [stdout]                                at /rustc/0e09125c6c3c2fd70d7de961bcf0e51575235fad/library/std/src/panicking.rs:516:19
[INFO] [stdout]   40:     0x55ebfdb31c97 - std::panic::catch_unwind::hdf436369d188fe86
[INFO] [stdout]                                at /rustc/0e09125c6c3c2fd70d7de961bcf0e51575235fad/library/std/src/panic.rs:142:14
[INFO] [stdout]   41:     0x55ebfdb31c97 - std::thread::Builder::spawn_unchecked_::{{closure}}::h87329cbdd33c79ec
[INFO] [stdout]                                at /rustc/0e09125c6c3c2fd70d7de961bcf0e51575235fad/library/std/src/thread/mod.rs:528:30
[INFO] [stdout]   42:     0x55ebfdb31c97 - core::ops::function::FnOnce::call_once{{vtable.shim}}::h401abbe67897d450
[INFO] [stdout]                                at /rustc/0e09125c6c3c2fd70d7de961bcf0e51575235fad/library/core/src/ops/function.rs:250:5
[INFO] [stdout]   43:     0x55ebfdb97945 - <alloc::boxed::Box<F,A> as core::ops::function::FnOnce<Args>>::call_once::h5d7c8f150ab9c84c
[INFO] [stdout]                                at /rustc/0e09125c6c3c2fd70d7de961bcf0e51575235fad/library/alloc/src/boxed.rs:2015:9
[INFO] [stdout]   44:     0x55ebfdb97945 - <alloc::boxed::Box<F,A> as core::ops::function::FnOnce<Args>>::call_once::h570d5b005c242c15
[INFO] [stdout]                                at /rustc/0e09125c6c3c2fd70d7de961bcf0e51575235fad/library/alloc/src/boxed.rs:2015:9
[INFO] [stdout]   45:     0x55ebfdb97945 - std::sys::unix::thread::Thread::new::thread_start::h36b0a20c0b2361ad
[INFO] [stdout]                                at /rustc/0e09125c6c3c2fd70d7de961bcf0e51575235fad/library/std/src/sys/unix/thread.rs:108:17
[INFO] [stdout]   46:     0x7fe9aeeb4ac3 - <unknown>
[INFO] [stdout]   47:     0x7fe9aef45bf4 - __clone
[INFO] [stdout]   48:                0x0 - <unknown>
[INFO] [stdout] 
[INFO] [stdout] 
[INFO] [stdout] failures:
[INFO] [stdout]     extended_backus_naur_form::tests::test_convert_to_bnf
[INFO] [stdout] 
[INFO] [stdout] test result: FAILED. 10 passed; 1 failed; 0 ignored; 0 measured; 0 filtered out; finished in 0.01s
[INFO] [stdout] 
[INFO] [stderr] error: test failed, to rerun pass `--bin ebnf_tester`
[INFO] running `Command { std: "docker" "inspect" "aa02a9f9c8abb35f10d92624b8748f15ff613806dc3b360b5d15f72df18766b2", kill_on_drop: false }`
[INFO] running `Command { std: "docker" "rm" "-f" "aa02a9f9c8abb35f10d92624b8748f15ff613806dc3b360b5d15f72df18766b2", kill_on_drop: false }`
[INFO] [stdout] aa02a9f9c8abb35f10d92624b8748f15ff613806dc3b360b5d15f72df18766b2
