[INFO] cloning repository https://github.com/azhsmesos/azh-jvm
[INFO] running `Command { std: "git" "-c" "credential.helper=" "-c" "credential.helper=/workspace/cargo-home/bin/git-credential-null" "clone" "--bare" "https://github.com/azhsmesos/azh-jvm" "/workspace/cache/git-repos/https%3A%2F%2Fgithub.com%2Fazhsmesos%2Fazh-jvm", kill_on_drop: false }`
[INFO] [stderr] Cloning into bare repository '/workspace/cache/git-repos/https%3A%2F%2Fgithub.com%2Fazhsmesos%2Fazh-jvm'...
[INFO] running `Command { std: "git" "rev-parse" "HEAD", kill_on_drop: false }`
[INFO] [stdout] 3cb8dec8dfc4e198aac1ef945aec9022955fee01
[INFO] testing azhsmesos/azh-jvm against 1.75.0 for beta-1.76-1
[INFO] running `Command { std: "git" "clone" "/workspace/cache/git-repos/https%3A%2F%2Fgithub.com%2Fazhsmesos%2Fazh-jvm" "/workspace/builds/worker-7-tc1/source", kill_on_drop: false }`
[INFO] [stderr] Cloning into '/workspace/builds/worker-7-tc1/source'...
[INFO] [stderr] done.
[INFO] validating manifest of git repo https://github.com/azhsmesos/azh-jvm on toolchain 1.75.0
[INFO] running `Command { std: CARGO_HOME="/workspace/cargo-home" RUSTUP_HOME="/workspace/rustup-home" "/workspace/cargo-home/bin/cargo" "+1.75.0" "metadata" "--manifest-path" "Cargo.toml" "--no-deps", kill_on_drop: false }`
[INFO] started tweaking git repo https://github.com/azhsmesos/azh-jvm
[INFO] finished tweaking git repo https://github.com/azhsmesos/azh-jvm
[INFO] tweaked toml for git repo https://github.com/azhsmesos/azh-jvm written to /workspace/builds/worker-7-tc1/source/Cargo.toml
[INFO] crate git repo https://github.com/azhsmesos/azh-jvm already has a lockfile, it will not be regenerated
[INFO] running `Command { std: CARGO_HOME="/workspace/cargo-home" RUSTUP_HOME="/workspace/rustup-home" "/workspace/cargo-home/bin/cargo" "+1.75.0" "fetch" "--manifest-path" "Cargo.toml", kill_on_drop: false }`
[INFO] running `Command { std: "docker" "create" "-v" "/var/lib/crater-agent-workspace/builds/worker-7-tc1/target:/opt/rustwide/target:rw,Z" "-v" "/var/lib/crater-agent-workspace/builds/worker-7-tc1/source:/opt/rustwide/workdir:ro,Z" "-v" "/var/lib/crater-agent-workspace/cargo-home:/opt/rustwide/cargo-home:ro,Z" "-v" "/var/lib/crater-agent-workspace/rustup-home:/opt/rustwide/rustup-home:ro,Z" "-e" "SOURCE_DIR=/opt/rustwide/workdir" "-e" "CARGO_TARGET_DIR=/opt/rustwide/target" "-e" "CARGO_HOME=/opt/rustwide/cargo-home" "-e" "RUSTUP_HOME=/opt/rustwide/rustup-home" "-w" "/opt/rustwide/workdir" "-m" "1610612736" "--user" "0:0" "--network" "none" "ghcr.io/rust-lang/crates-build-env/linux@sha256:2788e3201cd34a07e3172128adcd8b3090168a8e3bcc40d7c032b9dda1df7d1c" "/opt/rustwide/cargo-home/bin/cargo" "+1.75.0" "metadata" "--no-deps" "--format-version=1", kill_on_drop: false }`
[INFO] [stdout] d009fc13c8bd79928be1ba306449a067f53f48215694254a4c4c3481b13e532e
[INFO] running `Command { std: "docker" "start" "-a" "d009fc13c8bd79928be1ba306449a067f53f48215694254a4c4c3481b13e532e", kill_on_drop: false }`
[INFO] running `Command { std: "docker" "inspect" "d009fc13c8bd79928be1ba306449a067f53f48215694254a4c4c3481b13e532e", kill_on_drop: false }`
[INFO] running `Command { std: "docker" "rm" "-f" "d009fc13c8bd79928be1ba306449a067f53f48215694254a4c4c3481b13e532e", kill_on_drop: false }`
[INFO] [stdout] d009fc13c8bd79928be1ba306449a067f53f48215694254a4c4c3481b13e532e
[INFO] running `Command { std: "docker" "create" "-v" "/var/lib/crater-agent-workspace/builds/worker-7-tc1/target:/opt/rustwide/target:rw,Z" "-v" "/var/lib/crater-agent-workspace/builds/worker-7-tc1/source:/opt/rustwide/workdir:ro,Z" "-v" "/var/lib/crater-agent-workspace/cargo-home:/opt/rustwide/cargo-home:ro,Z" "-v" "/var/lib/crater-agent-workspace/rustup-home:/opt/rustwide/rustup-home:ro,Z" "-e" "SOURCE_DIR=/opt/rustwide/workdir" "-e" "CARGO_TARGET_DIR=/opt/rustwide/target" "-e" "CARGO_INCREMENTAL=0" "-e" "RUST_BACKTRACE=full" "-e" "RUSTFLAGS=--cap-lints=warn" "-e" "RUSTDOCFLAGS=--cap-lints=warn" "-e" "CARGO_HOME=/opt/rustwide/cargo-home" "-e" "RUSTUP_HOME=/opt/rustwide/rustup-home" "-w" "/opt/rustwide/workdir" "-m" "1610612736" "--user" "0:0" "--network" "none" "ghcr.io/rust-lang/crates-build-env/linux@sha256:2788e3201cd34a07e3172128adcd8b3090168a8e3bcc40d7c032b9dda1df7d1c" "/opt/rustwide/cargo-home/bin/cargo" "+1.75.0" "build" "--frozen" "--message-format=json", kill_on_drop: false }`
[INFO] [stdout] 463d7e32a9c9838de05f6717b8a27b4b870dd76687746ad130e29eb9081834ab
[INFO] running `Command { std: "docker" "start" "-a" "463d7e32a9c9838de05f6717b8a27b4b870dd76687746ad130e29eb9081834ab", kill_on_drop: false }`
[INFO] [stderr]    Compiling cfg-if v1.0.0
[INFO] [stderr]    Compiling proc-macro2 v1.0.53
[INFO] [stderr]    Compiling unicode-ident v1.0.8
[INFO] [stderr]    Compiling quote v1.0.26
[INFO] [stderr]    Compiling autocfg v1.1.0
[INFO] [stderr]    Compiling memchr v2.5.0
[INFO] [stderr]    Compiling syn v1.0.109
[INFO] [stderr]    Compiling once_cell v1.17.1
[INFO] [stderr]    Compiling crc32fast v1.3.2
[INFO] [stderr]    Compiling lazy_static v1.4.0
[INFO] [stderr]    Compiling log v0.4.17
[INFO] [stderr]    Compiling adler v1.0.2
[INFO] [stderr]    Compiling regex-syntax v0.6.29
[INFO] [stderr]    Compiling predicates-core v1.0.6
[INFO] [stderr]    Compiling either v1.8.1
[INFO] [stderr]    Compiling difflib v0.4.0
[INFO] [stderr]    Compiling overload v0.1.1
[INFO] [stderr]    Compiling miniz_oxide v0.6.2
[INFO] [stderr]    Compiling termtree v0.4.1
[INFO] [stderr]    Compiling normalize-line-endings v0.3.0
[INFO] [stderr]    Compiling nu-ansi-term v0.46.0
[INFO] [stderr]    Compiling sharded-slab v0.1.4
[INFO] [stderr]    Compiling tracing-core v0.1.30
[INFO] [stderr]    Compiling itertools v0.10.5
[INFO] [stderr]    Compiling predicates-tree v1.0.9
[INFO] [stderr]    Compiling thread_local v1.1.7
[INFO] [stderr]    Compiling pin-project-lite v0.2.9
[INFO] [stderr]    Compiling smallvec v1.10.0
[INFO] [stderr]    Compiling num-traits v0.2.15
[INFO] [stderr]    Compiling unicode-width v0.1.10
[INFO] [stderr]    Compiling fragile v2.0.0
[INFO] [stderr]    Compiling downcast v0.11.0
[INFO] [stderr]    Compiling byteorder v1.4.3
[INFO] [stderr]    Compiling getopts v0.2.21
[INFO] [stderr]    Compiling flate2 v1.0.25
[INFO] [stderr]    Compiling tracing-log v0.1.3
[INFO] [stderr]    Compiling aho-corasick v0.7.20
[INFO] [stderr]    Compiling tracing-subscriber v0.3.16
[INFO] [stderr]    Compiling zip v0.6.4
[INFO] [stderr]    Compiling float-cmp v0.9.0
[INFO] [stderr]    Compiling regex v1.7.2
[INFO] [stderr]    Compiling predicates v2.1.5
[INFO] [stderr]    Compiling mockall_derive v0.11.3
[INFO] [stderr]    Compiling tracing-attributes v0.1.23
[INFO] [stderr]    Compiling tracing v0.1.37
[INFO] [stderr]    Compiling mockall v0.11.3
[INFO] [stderr]    Compiling azh-jvm v0.1.0 (/opt/rustwide/workdir)
[INFO] [stdout] warning: unused import: `std::env::var`
[INFO] [stdout]  --> src/classfile/class_reader.rs:1:5
[INFO] [stdout]   |
[INFO] [stdout] 1 | use std::env::var;
[INFO] [stdout]   |     ^^^^^^^^^^^^^
[INFO] [stdout]   |
[INFO] [stdout]   = note: `#[warn(unused_imports)]` on by default
[INFO] [stdout] 
[INFO] [stdout] 
[INFO] [stdout] warning: fields `sub_version`, `major_version`, and `constant_pool` are never read
[INFO] [stdout]   --> src/classfile.rs:20:5
[INFO] [stdout]    |
[INFO] [stdout] 19 | pub struct ClassFile {
[INFO] [stdout]    |            --------- fields in this struct
[INFO] [stdout] 20 |     sub_version: u16,                       // 次版本号
[INFO] [stdout]    |     ^^^^^^^^^^^
[INFO] [stdout] 21 |     major_version: u16,                     // 主版本号
[INFO] [stdout]    |     ^^^^^^^^^^^^^
[INFO] [stdout] 22 |     constant_pool: RcRefCell<ConstantPool>, // 常量池
[INFO] [stdout]    |     ^^^^^^^^^^^^^
[INFO] [stdout]    |
[INFO] [stdout]    = note: `#[warn(dead_code)]` on by default
[INFO] [stdout] 
[INFO] [stdout] 
[INFO] [stdout] warning: field `constant_pool` is never read
[INFO] [stdout]  --> src/classfile/constant_pool/class_info.rs:7:5
[INFO] [stdout]   |
[INFO] [stdout] 6 | pub struct ConstantClassInfo {
[INFO] [stdout]   |            ----------------- field in this struct
[INFO] [stdout] 7 |     constant_pool: RcRefCell<ConstantPool>,
[INFO] [stdout]   |     ^^^^^^^^^^^^^
[INFO] [stdout] 
[INFO] [stdout] 
[INFO] [stdout] warning: field `constant_pool` is never read
[INFO] [stdout]  --> src/classfile/constant_pool/string_info.rs:8:5
[INFO] [stdout]   |
[INFO] [stdout] 7 | pub struct ConstantStringInfo {
[INFO] [stdout]   |            ------------------ field in this struct
[INFO] [stdout] 8 |     constant_pool: RcRefCell<ConstantPool>,
[INFO] [stdout]   |     ^^^^^^^^^^^^^
[INFO] [stdout] 
[INFO] [stdout] 
[INFO] [stdout] warning: 4 warnings emitted
[INFO] [stdout] 
[INFO] [stdout] 
[INFO] [stderr]     Finished dev [unoptimized + debuginfo] target(s) in 7.15s
[INFO] running `Command { std: "docker" "inspect" "463d7e32a9c9838de05f6717b8a27b4b870dd76687746ad130e29eb9081834ab", kill_on_drop: false }`
[INFO] running `Command { std: "docker" "rm" "-f" "463d7e32a9c9838de05f6717b8a27b4b870dd76687746ad130e29eb9081834ab", kill_on_drop: false }`
[INFO] [stdout] 463d7e32a9c9838de05f6717b8a27b4b870dd76687746ad130e29eb9081834ab
[INFO] running `Command { std: "docker" "create" "-v" "/var/lib/crater-agent-workspace/builds/worker-7-tc1/target:/opt/rustwide/target:rw,Z" "-v" "/var/lib/crater-agent-workspace/builds/worker-7-tc1/source:/opt/rustwide/workdir:ro,Z" "-v" "/var/lib/crater-agent-workspace/cargo-home:/opt/rustwide/cargo-home:ro,Z" "-v" "/var/lib/crater-agent-workspace/rustup-home:/opt/rustwide/rustup-home:ro,Z" "-e" "SOURCE_DIR=/opt/rustwide/workdir" "-e" "CARGO_TARGET_DIR=/opt/rustwide/target" "-e" "CARGO_INCREMENTAL=0" "-e" "RUST_BACKTRACE=full" "-e" "RUSTFLAGS=--cap-lints=warn" "-e" "RUSTDOCFLAGS=--cap-lints=warn" "-e" "CARGO_HOME=/opt/rustwide/cargo-home" "-e" "RUSTUP_HOME=/opt/rustwide/rustup-home" "-w" "/opt/rustwide/workdir" "-m" "1610612736" "--user" "0:0" "--network" "none" "ghcr.io/rust-lang/crates-build-env/linux@sha256:2788e3201cd34a07e3172128adcd8b3090168a8e3bcc40d7c032b9dda1df7d1c" "/opt/rustwide/cargo-home/bin/cargo" "+1.75.0" "test" "--frozen" "--no-run" "--message-format=json", kill_on_drop: false }`
[INFO] [stdout] ebd8bd55fbd14368e25f21e25ef2b07654f52103eca23f22e29cedd1dcb8b479
[INFO] running `Command { std: "docker" "start" "-a" "ebd8bd55fbd14368e25f21e25ef2b07654f52103eca23f22e29cedd1dcb8b479", kill_on_drop: false }`
[INFO] [stderr]    Compiling azh-jvm v0.1.0 (/opt/rustwide/workdir)
[INFO] [stdout] warning: unused import: `std::env::var`
[INFO] [stdout]  --> src/classfile/class_reader.rs:1:5
[INFO] [stdout]   |
[INFO] [stdout] 1 | use std::env::var;
[INFO] [stdout]   |     ^^^^^^^^^^^^^
[INFO] [stdout]   |
[INFO] [stdout]   = note: `#[warn(unused_imports)]` on by default
[INFO] [stdout] 
[INFO] [stdout] 
[INFO] [stdout] warning: unused imports: `automock`, `mock`
[INFO] [stdout]   --> src/classpath/entry.rs:66:19
[INFO] [stdout]    |
[INFO] [stdout] 66 |     use mockall::{automock, mock};
[INFO] [stdout]    |                   ^^^^^^^^  ^^^^
[INFO] [stdout] 
[INFO] [stdout] 
[INFO] [stdout] warning: unused import: `std::io`
[INFO] [stdout]   --> src/classpath/entry.rs:67:9
[INFO] [stdout]    |
[INFO] [stdout] 67 |     use std::io;
[INFO] [stdout]    |         ^^^^^^^
[INFO] [stdout] 
[INFO] [stdout] 
[INFO] [stdout] warning: unused import: `std::path::PathBuf`
[INFO] [stdout]   --> src/classpath/entry.rs:68:9
[INFO] [stdout]    |
[INFO] [stdout] 68 |     use std::path::PathBuf;
[INFO] [stdout]    |         ^^^^^^^^^^^^^^^^^^
[INFO] [stdout] 
[INFO] [stdout] 
[INFO] [stdout] warning: fields `sub_version`, `major_version`, and `constant_pool` are never read
[INFO] [stdout]   --> src/classfile.rs:20:5
[INFO] [stdout]    |
[INFO] [stdout] 19 | pub struct ClassFile {
[INFO] [stdout]    |            --------- fields in this struct
[INFO] [stdout] 20 |     sub_version: u16,                       // 次版本号
[INFO] [stdout]    |     ^^^^^^^^^^^
[INFO] [stdout] 21 |     major_version: u16,                     // 主版本号
[INFO] [stdout]    |     ^^^^^^^^^^^^^
[INFO] [stdout] 22 |     constant_pool: RcRefCell<ConstantPool>, // 常量池
[INFO] [stdout]    |     ^^^^^^^^^^^^^
[INFO] [stdout]    |
[INFO] [stdout]    = note: `#[warn(dead_code)]` on by default
[INFO] [stdout] 
[INFO] [stdout] 
[INFO] [stdout] warning: field `constant_pool` is never read
[INFO] [stdout]  --> src/classfile/constant_pool/class_info.rs:7:5
[INFO] [stdout]   |
[INFO] [stdout] 6 | pub struct ConstantClassInfo {
[INFO] [stdout]   |            ----------------- field in this struct
[INFO] [stdout] 7 |     constant_pool: RcRefCell<ConstantPool>,
[INFO] [stdout]   |     ^^^^^^^^^^^^^
[INFO] [stdout] 
[INFO] [stdout] 
[INFO] [stdout] warning: field `constant_pool` is never read
[INFO] [stdout]  --> src/classfile/constant_pool/string_info.rs:8:5
[INFO] [stdout]   |
[INFO] [stdout] 7 | pub struct ConstantStringInfo {
[INFO] [stdout]   |            ------------------ field in this struct
[INFO] [stdout] 8 |     constant_pool: RcRefCell<ConstantPool>,
[INFO] [stdout]   |     ^^^^^^^^^^^^^
[INFO] [stdout] 
[INFO] [stdout] 
[INFO] [stdout] warning: 7 warnings emitted
[INFO] [stdout] 
[INFO] [stdout] 
[INFO] [stderr]     Finished test [unoptimized + debuginfo] target(s) in 0.70s
[INFO] running `Command { std: "docker" "inspect" "ebd8bd55fbd14368e25f21e25ef2b07654f52103eca23f22e29cedd1dcb8b479", kill_on_drop: false }`
[INFO] running `Command { std: "docker" "rm" "-f" "ebd8bd55fbd14368e25f21e25ef2b07654f52103eca23f22e29cedd1dcb8b479", kill_on_drop: false }`
[INFO] [stdout] ebd8bd55fbd14368e25f21e25ef2b07654f52103eca23f22e29cedd1dcb8b479
[INFO] running `Command { std: "docker" "create" "-v" "/var/lib/crater-agent-workspace/builds/worker-7-tc1/target:/opt/rustwide/target:rw,Z" "-v" "/var/lib/crater-agent-workspace/builds/worker-7-tc1/source:/opt/rustwide/workdir:ro,Z" "-v" "/var/lib/crater-agent-workspace/cargo-home:/opt/rustwide/cargo-home:ro,Z" "-v" "/var/lib/crater-agent-workspace/rustup-home:/opt/rustwide/rustup-home:ro,Z" "-e" "SOURCE_DIR=/opt/rustwide/workdir" "-e" "CARGO_TARGET_DIR=/opt/rustwide/target" "-e" "CARGO_INCREMENTAL=0" "-e" "RUST_BACKTRACE=full" "-e" "RUSTFLAGS=--cap-lints=warn" "-e" "RUSTDOCFLAGS=--cap-lints=warn" "-e" "CARGO_HOME=/opt/rustwide/cargo-home" "-e" "RUSTUP_HOME=/opt/rustwide/rustup-home" "-w" "/opt/rustwide/workdir" "-m" "1610612736" "--user" "0:0" "--network" "none" "ghcr.io/rust-lang/crates-build-env/linux@sha256:2788e3201cd34a07e3172128adcd8b3090168a8e3bcc40d7c032b9dda1df7d1c" "/opt/rustwide/cargo-home/bin/cargo" "+1.75.0" "test" "--frozen", kill_on_drop: false }`
[INFO] [stdout] a32063c820c97f33245cd496f3e2a38a916006fc68c0b6e2f56ebdc586e1f749
[INFO] running `Command { std: "docker" "start" "-a" "a32063c820c97f33245cd496f3e2a38a916006fc68c0b6e2f56ebdc586e1f749", kill_on_drop: false }`
[INFO] [stderr] warning: unused import: `std::env::var`
[INFO] [stderr]  --> src/classfile/class_reader.rs:1:5
[INFO] [stderr]   |
[INFO] [stderr] 1 | use std::env::var;
[INFO] [stderr]   |     ^^^^^^^^^^^^^
[INFO] [stderr]   |
[INFO] [stderr]   = note: `#[warn(unused_imports)]` on by default
[INFO] [stderr] 
[INFO] [stderr] warning: unused imports: `automock`, `mock`
[INFO] [stderr]   --> src/classpath/entry.rs:66:19
[INFO] [stderr]    |
[INFO] [stderr] 66 |     use mockall::{automock, mock};
[INFO] [stderr]    |                   ^^^^^^^^  ^^^^
[INFO] [stderr] 
[INFO] [stderr] warning: unused import: `std::io`
[INFO] [stderr]   --> src/classpath/entry.rs:67:9
[INFO] [stderr]    |
[INFO] [stderr] 67 |     use std::io;
[INFO] [stderr]    |         ^^^^^^^
[INFO] [stderr] 
[INFO] [stderr] warning: unused import: `std::path::PathBuf`
[INFO] [stderr]   --> src/classpath/entry.rs:68:9
[INFO] [stderr]    |
[INFO] [stderr] 68 |     use std::path::PathBuf;
[INFO] [stderr]    |         ^^^^^^^^^^^^^^^^^^
[INFO] [stderr] 
[INFO] [stderr] warning: fields `sub_version`, `major_version`, and `constant_pool` are never read
[INFO] [stderr]   --> src/classfile.rs:20:5
[INFO] [stderr]    |
[INFO] [stderr] 19 | pub struct ClassFile {
[INFO] [stderr]    |            --------- fields in this struct
[INFO] [stderr] 20 |     sub_version: u16,                       // 次版本号
[INFO] [stderr]    |     ^^^^^^^^^^^
[INFO] [stderr] 21 |     major_version: u16,                     // 主版本号
[INFO] [stderr]    |     ^^^^^^^^^^^^^
[INFO] [stderr] 22 |     constant_pool: RcRefCell<ConstantPool>, // 常量池
[INFO] [stderr]    |     ^^^^^^^^^^^^^
[INFO] [stderr]    |
[INFO] [stderr]    = note: `#[warn(dead_code)]` on by default
[INFO] [stderr] 
[INFO] [stderr] warning: field `constant_pool` is never read
[INFO] [stderr]  --> src/classfile/constant_pool/class_info.rs:7:5
[INFO] [stderr]   |
[INFO] [stderr] 6 | pub struct ConstantClassInfo {
[INFO] [stderr]   |            ----------------- field in this struct
[INFO] [stderr] 7 |     constant_pool: RcRefCell<ConstantPool>,
[INFO] [stderr]   |     ^^^^^^^^^^^^^
[INFO] [stderr] 
[INFO] [stderr] warning: field `constant_pool` is never read
[INFO] [stderr]  --> src/classfile/constant_pool/string_info.rs:8:5
[INFO] [stderr]   |
[INFO] [stderr] 7 | pub struct ConstantStringInfo {
[INFO] [stderr]   |            ------------------ field in this struct
[INFO] [stderr] 8 |     constant_pool: RcRefCell<ConstantPool>,
[INFO] [stderr]   |     ^^^^^^^^^^^^^
[INFO] [stderr] 
[INFO] [stderr] warning: `azh-jvm` (bin "azh-jvm" test) generated 7 warnings (run `cargo fix --bin "azh-jvm" --tests` to apply 4 suggestions)
[INFO] [stderr]     Finished test [unoptimized + debuginfo] target(s) in 0.03s
[INFO] [stderr]      Running unittests src/main.rs (/opt/rustwide/target/debug/deps/azh_jvm-678ecb561d3b0d76)
[INFO] [stdout] 
[INFO] [stdout] running 1 test
[INFO] [stdout] test classpath::entry::tests::test_get_absolute_path ... FAILED
[INFO] [stdout] 
[INFO] [stdout] failures:
[INFO] [stdout] 
[INFO] [stdout] ---- classpath::entry::tests::test_get_absolute_path stdout ----
[INFO] [stdout] thread 'classpath::entry::tests::test_get_absolute_path' panicked at src/classpath/entry.rs:81:9:
[INFO] [stdout] assertion `left == right` failed
[INFO] [stdout]   left: "/opt/rustwide/workdir/src/classpath/entry.rs"
[INFO] [stdout]  right: "/Users/zhaozhenhang/Desktop/test/rust/azh-jvm/src/classpath/entry.rs"
[INFO] [stdout] stack backtrace:
[INFO] [stdout]    0:     0x55a7972f29ac - std::backtrace_rs::backtrace::libunwind::trace::ha637c64ce894333a
[INFO] [stdout]                                at /rustc/82e1608dfa6e0b5569232559e3d385fea5a93112/library/std/src/../../backtrace/src/backtrace/libunwind.rs:104:5
[INFO] [stdout]    1:     0x55a7972f29ac - std::backtrace_rs::backtrace::trace_unsynchronized::h47f62dea28e0c88d
[INFO] [stdout]                                at /rustc/82e1608dfa6e0b5569232559e3d385fea5a93112/library/std/src/../../backtrace/src/backtrace/mod.rs:66:5
[INFO] [stdout]    2:     0x55a7972f29ac - std::sys_common::backtrace::_print_fmt::h9eef0abe20ede486
[INFO] [stdout]                                at /rustc/82e1608dfa6e0b5569232559e3d385fea5a93112/library/std/src/sys_common/backtrace.rs:67:5
[INFO] [stdout]    3:     0x55a7972f29ac - <std::sys_common::backtrace::_print::DisplayBacktrace as core::fmt::Display>::fmt::hed7f999df88cc644
[INFO] [stdout]                                at /rustc/82e1608dfa6e0b5569232559e3d385fea5a93112/library/std/src/sys_common/backtrace.rs:44:22
[INFO] [stdout]    4:     0x55a79731c510 - core::fmt::rt::Argument::fmt::h1539a9308b8d058d
[INFO] [stdout]                                at /rustc/82e1608dfa6e0b5569232559e3d385fea5a93112/library/core/src/fmt/rt.rs:142:9
[INFO] [stdout]    5:     0x55a79731c510 - core::fmt::write::h3a39390d8560d9c9
[INFO] [stdout]                                at /rustc/82e1608dfa6e0b5569232559e3d385fea5a93112/library/core/src/fmt/mod.rs:1120:17
[INFO] [stdout]    6:     0x55a7972f035f - std::io::Write::write_fmt::h040b369f3a0f9cbc
[INFO] [stdout]                                at /rustc/82e1608dfa6e0b5569232559e3d385fea5a93112/library/std/src/io/mod.rs:1762:15
[INFO] [stdout]    7:     0x55a7972f2794 - std::sys_common::backtrace::_print::h894006fb5c6f3d45
[INFO] [stdout]                                at /rustc/82e1608dfa6e0b5569232559e3d385fea5a93112/library/std/src/sys_common/backtrace.rs:47:5
[INFO] [stdout]    8:     0x55a7972f2794 - std::sys_common::backtrace::print::h23a2d212c6fff936
[INFO] [stdout]                                at /rustc/82e1608dfa6e0b5569232559e3d385fea5a93112/library/std/src/sys_common/backtrace.rs:34:9
[INFO] [stdout]    9:     0x55a7972f4457 - std::panicking::default_hook::{{closure}}::h8a1d2ee00185001a
[INFO] [stdout]   10:     0x55a7972f4143 - std::panicking::default_hook::h6038f2eba384e475
[INFO] [stdout]                                at /rustc/82e1608dfa6e0b5569232559e3d385fea5a93112/library/std/src/panicking.rs:289:9
[INFO] [stdout]   11:     0x55a7972b6417 - <alloc::boxed::Box<F,A> as core::ops::function::Fn<Args>>::call::h0ad024c9bdc6d768
[INFO] [stdout]                                at /rustc/82e1608dfa6e0b5569232559e3d385fea5a93112/library/alloc/src/boxed.rs:2021:9
[INFO] [stdout]   12:     0x55a7972b6417 - test::test_main::{{closure}}::h7500b54257359db6
[INFO] [stdout]                                at /rustc/82e1608dfa6e0b5569232559e3d385fea5a93112/library/test/src/lib.rs:138:21
[INFO] [stdout]   13:     0x55a7972f4a68 - <alloc::boxed::Box<F,A> as core::ops::function::Fn<Args>>::call::h1f8f335eaa9cfaee
[INFO] [stdout]                                at /rustc/82e1608dfa6e0b5569232559e3d385fea5a93112/library/alloc/src/boxed.rs:2021:9
[INFO] [stdout]   14:     0x55a7972f4a68 - std::panicking::rust_panic_with_hook::h2b5517d590cab22e
[INFO] [stdout]                                at /rustc/82e1608dfa6e0b5569232559e3d385fea5a93112/library/std/src/panicking.rs:783:13
[INFO] [stdout]   15:     0x55a7972f47be - std::panicking::begin_panic_handler::{{closure}}::h233112c06e0ef43e
[INFO] [stdout]                                at /rustc/82e1608dfa6e0b5569232559e3d385fea5a93112/library/std/src/panicking.rs:657:13
[INFO] [stdout]   16:     0x55a7972f2e76 - std::sys_common::backtrace::__rust_end_short_backtrace::h6e893f24d7ebbff8
[INFO] [stdout]                                at /rustc/82e1608dfa6e0b5569232559e3d385fea5a93112/library/std/src/sys_common/backtrace.rs:170:18
[INFO] [stdout]   17:     0x55a7972f4522 - rust_begin_unwind
[INFO] [stdout]                                at /rustc/82e1608dfa6e0b5569232559e3d385fea5a93112/library/std/src/panicking.rs:645:5
[INFO] [stdout]   18:     0x55a797280cf5 - core::panicking::panic_fmt::hbf0e066aabfa482c
[INFO] [stdout]                                at /rustc/82e1608dfa6e0b5569232559e3d385fea5a93112/library/core/src/panicking.rs:72:14
[INFO] [stdout]   19:     0x55a79728110b - core::panicking::assert_failed_inner::h0bba8b7c26ee4492
[INFO] [stdout]   20:     0x55a797281dae - core::panicking::assert_failed::h04bec5d1c9338cbd
[INFO] [stdout]                                at /rustc/82e1608dfa6e0b5569232559e3d385fea5a93112/library/core/src/panicking.rs:279:5
[INFO] [stdout]   21:     0x55a797282a0d - azh_jvm::classpath::entry::tests::test_get_absolute_path::he0da3adb2fa7c675
[INFO] [stdout]                                at /opt/rustwide/workdir/src/classpath/entry.rs:81:9
[INFO] [stdout]   22:     0x55a7972828e7 - azh_jvm::classpath::entry::tests::test_get_absolute_path::{{closure}}::h3d1dac35c2f1a8db
[INFO] [stdout]                                at /opt/rustwide/workdir/src/classpath/entry.rs:71:32
[INFO] [stdout]   23:     0x55a797281bb6 - core::ops::function::FnOnce::call_once::h610b3d48c948ad07
[INFO] [stdout]                                at /rustc/82e1608dfa6e0b5569232559e3d385fea5a93112/library/core/src/ops/function.rs:250:5
[INFO] [stdout]   24:     0x55a7972bba6f - core::ops::function::FnOnce::call_once::h2b5d431d5046312d
[INFO] [stdout]                                at /rustc/82e1608dfa6e0b5569232559e3d385fea5a93112/library/core/src/ops/function.rs:250:5
[INFO] [stdout]   25:     0x55a7972bba6f - test::__rust_begin_short_backtrace::h7714669af176e207
[INFO] [stdout]                                at /rustc/82e1608dfa6e0b5569232559e3d385fea5a93112/library/test/src/lib.rs:628:18
[INFO] [stdout]   26:     0x55a7972baa85 - test::run_test_in_process::{{closure}}::h85218797dcbcec12
[INFO] [stdout]                                at /rustc/82e1608dfa6e0b5569232559e3d385fea5a93112/library/test/src/lib.rs:651:60
[INFO] [stdout]   27:     0x55a7972baa85 - <core::panic::unwind_safe::AssertUnwindSafe<F> as core::ops::function::FnOnce<()>>::call_once::h76c106ea31c14d7b
[INFO] [stdout]                                at /rustc/82e1608dfa6e0b5569232559e3d385fea5a93112/library/core/src/panic/unwind_safe.rs:272:9
[INFO] [stdout]   28:     0x55a7972baa85 - std::panicking::try::do_call::h3bd5d0f6620ee946
[INFO] [stdout]                                at /rustc/82e1608dfa6e0b5569232559e3d385fea5a93112/library/std/src/panicking.rs:552:40
[INFO] [stdout]   29:     0x55a7972baa85 - std::panicking::try::h232e535e4744fe31
[INFO] [stdout]                                at /rustc/82e1608dfa6e0b5569232559e3d385fea5a93112/library/std/src/panicking.rs:516:19
[INFO] [stdout]   30:     0x55a7972baa85 - std::panic::catch_unwind::h3ce3bd6ca8dbac68
[INFO] [stdout]                                at /rustc/82e1608dfa6e0b5569232559e3d385fea5a93112/library/std/src/panic.rs:142:14
[INFO] [stdout]   31:     0x55a7972baa85 - test::run_test_in_process::hc97b257c9621286a
[INFO] [stdout]                                at /rustc/82e1608dfa6e0b5569232559e3d385fea5a93112/library/test/src/lib.rs:651:27
[INFO] [stdout]   32:     0x55a7972baa85 - test::run_test::{{closure}}::h2aa798823a438d38
[INFO] [stdout]                                at /rustc/82e1608dfa6e0b5569232559e3d385fea5a93112/library/test/src/lib.rs:574:43
[INFO] [stdout]   33:     0x55a797282d46 - test::run_test::{{closure}}::h87d231c78fb59832
[INFO] [stdout]                                at /rustc/82e1608dfa6e0b5569232559e3d385fea5a93112/library/test/src/lib.rs:602:41
[INFO] [stdout]   34:     0x55a797282d46 - std::sys_common::backtrace::__rust_begin_short_backtrace::he6df152596625789
[INFO] [stdout]                                at /rustc/82e1608dfa6e0b5569232559e3d385fea5a93112/library/std/src/sys_common/backtrace.rs:154:18
[INFO] [stdout]   35:     0x55a797287df7 - std::thread::Builder::spawn_unchecked_::{{closure}}::{{closure}}::ha94be15d1e0acf36
[INFO] [stdout]                                at /rustc/82e1608dfa6e0b5569232559e3d385fea5a93112/library/std/src/thread/mod.rs:529:17
[INFO] [stdout]   36:     0x55a797287df7 - <core::panic::unwind_safe::AssertUnwindSafe<F> as core::ops::function::FnOnce<()>>::call_once::h9dc6bd6372f16606
[INFO] [stdout]                                at /rustc/82e1608dfa6e0b5569232559e3d385fea5a93112/library/core/src/panic/unwind_safe.rs:272:9
[INFO] [stdout]   37:     0x55a797287df7 - std::panicking::try::do_call::h9057517f80303cd4
[INFO] [stdout]                                at /rustc/82e1608dfa6e0b5569232559e3d385fea5a93112/library/std/src/panicking.rs:552:40
[INFO] [stdout]   38:     0x55a797287df7 - std::panicking::try::he3a30b11ee45340c
[INFO] [stdout]                                at /rustc/82e1608dfa6e0b5569232559e3d385fea5a93112/library/std/src/panicking.rs:516:19
[INFO] [stdout]   39:     0x55a797287df7 - std::panic::catch_unwind::h410458cfd3528b8b
[INFO] [stdout]                                at /rustc/82e1608dfa6e0b5569232559e3d385fea5a93112/library/std/src/panic.rs:142:14
[INFO] [stdout]   40:     0x55a797287df7 - std::thread::Builder::spawn_unchecked_::{{closure}}::h72ac3bdb567b737b
[INFO] [stdout]                                at /rustc/82e1608dfa6e0b5569232559e3d385fea5a93112/library/std/src/thread/mod.rs:528:30
[INFO] [stdout]   41:     0x55a797287df7 - core::ops::function::FnOnce::call_once{{vtable.shim}}::h38f34da3654a8344
[INFO] [stdout]                                at /rustc/82e1608dfa6e0b5569232559e3d385fea5a93112/library/core/src/ops/function.rs:250:5
[INFO] [stdout]   42:     0x55a7972f94f5 - <alloc::boxed::Box<F,A> as core::ops::function::FnOnce<Args>>::call_once::hc7eafaff61e32df9
[INFO] [stdout]                                at /rustc/82e1608dfa6e0b5569232559e3d385fea5a93112/library/alloc/src/boxed.rs:2007:9
[INFO] [stdout]   43:     0x55a7972f94f5 - <alloc::boxed::Box<F,A> as core::ops::function::FnOnce<Args>>::call_once::h6ba4a5de48dd2304
[INFO] [stdout]                                at /rustc/82e1608dfa6e0b5569232559e3d385fea5a93112/library/alloc/src/boxed.rs:2007:9
[INFO] [stdout]   44:     0x55a7972f94f5 - std::sys::unix::thread::Thread::new::thread_start::he469335aef763e45
[INFO] [stdout]                                at /rustc/82e1608dfa6e0b5569232559e3d385fea5a93112/library/std/src/sys/unix/thread.rs:108:17
[INFO] [stdout]   45:     0x7f0708d63ac3 - <unknown>
[INFO] [stdout]   46:     0x7f0708df4bf4 - __clone
[INFO] [stdout]   47:                0x0 - <unknown>
[INFO] [stdout] 
[INFO] [stdout] 
[INFO] [stdout] failures:
[INFO] [stdout]     classpath::entry::tests::test_get_absolute_path
[INFO] [stdout] 
[INFO] [stdout] test result: FAILED. 0 passed; 1 failed; 0 ignored; 0 measured; 0 filtered out; finished in 0.03s
[INFO] [stdout] 
[INFO] [stderr] error: test failed, to rerun pass `--bin azh-jvm`
[INFO] running `Command { std: "docker" "inspect" "a32063c820c97f33245cd496f3e2a38a916006fc68c0b6e2f56ebdc586e1f749", kill_on_drop: false }`
[INFO] running `Command { std: "docker" "rm" "-f" "a32063c820c97f33245cd496f3e2a38a916006fc68c0b6e2f56ebdc586e1f749", kill_on_drop: false }`
[INFO] [stdout] a32063c820c97f33245cd496f3e2a38a916006fc68c0b6e2f56ebdc586e1f749
[INFO] testing azhsmesos/azh-jvm against beta-2023-12-22 for beta-1.76-1
[INFO] running `Command { std: "git" "clone" "/workspace/cache/git-repos/https%3A%2F%2Fgithub.com%2Fazhsmesos%2Fazh-jvm" "/workspace/builds/worker-7-tc2/source", kill_on_drop: false }`
[INFO] [stderr] Cloning into '/workspace/builds/worker-7-tc2/source'...
[INFO] [stderr] done.
[INFO] validating manifest of git repo https://github.com/azhsmesos/azh-jvm on toolchain beta-2023-12-22
[INFO] running `Command { std: CARGO_HOME="/workspace/cargo-home" RUSTUP_HOME="/workspace/rustup-home" "/workspace/cargo-home/bin/cargo" "+beta-2023-12-22" "metadata" "--manifest-path" "Cargo.toml" "--no-deps", kill_on_drop: false }`
[INFO] started tweaking git repo https://github.com/azhsmesos/azh-jvm
[INFO] finished tweaking git repo https://github.com/azhsmesos/azh-jvm
[INFO] tweaked toml for git repo https://github.com/azhsmesos/azh-jvm written to /workspace/builds/worker-7-tc2/source/Cargo.toml
[INFO] crate git repo https://github.com/azhsmesos/azh-jvm already has a lockfile, it will not be regenerated
[INFO] running `Command { std: CARGO_HOME="/workspace/cargo-home" RUSTUP_HOME="/workspace/rustup-home" "/workspace/cargo-home/bin/cargo" "+beta-2023-12-22" "fetch" "--manifest-path" "Cargo.toml", kill_on_drop: false }`
[INFO] running `Command { std: "docker" "create" "-v" "/var/lib/crater-agent-workspace/builds/worker-7-tc2/target:/opt/rustwide/target:rw,Z" "-v" "/var/lib/crater-agent-workspace/builds/worker-7-tc2/source:/opt/rustwide/workdir:ro,Z" "-v" "/var/lib/crater-agent-workspace/cargo-home:/opt/rustwide/cargo-home:ro,Z" "-v" "/var/lib/crater-agent-workspace/rustup-home:/opt/rustwide/rustup-home:ro,Z" "-e" "SOURCE_DIR=/opt/rustwide/workdir" "-e" "CARGO_TARGET_DIR=/opt/rustwide/target" "-e" "CARGO_HOME=/opt/rustwide/cargo-home" "-e" "RUSTUP_HOME=/opt/rustwide/rustup-home" "-w" "/opt/rustwide/workdir" "-m" "1610612736" "--user" "0:0" "--network" "none" "ghcr.io/rust-lang/crates-build-env/linux@sha256:2788e3201cd34a07e3172128adcd8b3090168a8e3bcc40d7c032b9dda1df7d1c" "/opt/rustwide/cargo-home/bin/cargo" "+beta-2023-12-22" "metadata" "--no-deps" "--format-version=1", kill_on_drop: false }`
[INFO] [stdout] 1b4f531c8e1a2bdc9a426f1e1b3498a0564ea6577c0ff2d36239c5645fb8abf7
[INFO] running `Command { std: "docker" "start" "-a" "1b4f531c8e1a2bdc9a426f1e1b3498a0564ea6577c0ff2d36239c5645fb8abf7", kill_on_drop: false }`
[INFO] running `Command { std: "docker" "inspect" "1b4f531c8e1a2bdc9a426f1e1b3498a0564ea6577c0ff2d36239c5645fb8abf7", kill_on_drop: false }`
[INFO] running `Command { std: "docker" "rm" "-f" "1b4f531c8e1a2bdc9a426f1e1b3498a0564ea6577c0ff2d36239c5645fb8abf7", kill_on_drop: false }`
[INFO] [stdout] 1b4f531c8e1a2bdc9a426f1e1b3498a0564ea6577c0ff2d36239c5645fb8abf7
[INFO] running `Command { std: "docker" "create" "-v" "/var/lib/crater-agent-workspace/builds/worker-7-tc2/target:/opt/rustwide/target:rw,Z" "-v" "/var/lib/crater-agent-workspace/builds/worker-7-tc2/source:/opt/rustwide/workdir:ro,Z" "-v" "/var/lib/crater-agent-workspace/cargo-home:/opt/rustwide/cargo-home:ro,Z" "-v" "/var/lib/crater-agent-workspace/rustup-home:/opt/rustwide/rustup-home:ro,Z" "-e" "SOURCE_DIR=/opt/rustwide/workdir" "-e" "CARGO_TARGET_DIR=/opt/rustwide/target" "-e" "CARGO_INCREMENTAL=0" "-e" "RUST_BACKTRACE=full" "-e" "RUSTFLAGS=--cap-lints=warn" "-e" "RUSTDOCFLAGS=--cap-lints=warn" "-e" "CARGO_HOME=/opt/rustwide/cargo-home" "-e" "RUSTUP_HOME=/opt/rustwide/rustup-home" "-w" "/opt/rustwide/workdir" "-m" "1610612736" "--user" "0:0" "--network" "none" "ghcr.io/rust-lang/crates-build-env/linux@sha256:2788e3201cd34a07e3172128adcd8b3090168a8e3bcc40d7c032b9dda1df7d1c" "/opt/rustwide/cargo-home/bin/cargo" "+beta-2023-12-22" "build" "--frozen" "--message-format=json", kill_on_drop: false }`
[INFO] [stdout] c79d00bdd809be569eb8f154f2191e02865b493f5787b5c06a6324527e852ecb
[INFO] running `Command { std: "docker" "start" "-a" "c79d00bdd809be569eb8f154f2191e02865b493f5787b5c06a6324527e852ecb", kill_on_drop: false }`
[INFO] [stderr]    Compiling cfg-if v1.0.0
[INFO] [stderr]    Compiling proc-macro2 v1.0.53
[INFO] [stderr]    Compiling quote v1.0.26
[INFO] [stderr]    Compiling unicode-ident v1.0.8
[INFO] [stderr]    Compiling syn v1.0.109
[INFO] [stderr]    Compiling autocfg v1.1.0
[INFO] [stderr]    Compiling memchr v2.5.0
[INFO] [stderr]    Compiling once_cell v1.17.1
[INFO] [stderr]    Compiling log v0.4.17
[INFO] [stderr]    Compiling lazy_static v1.4.0
[INFO] [stderr]    Compiling crc32fast v1.3.2
[INFO] [stderr]    Compiling regex-syntax v0.6.29
[INFO] [stderr]    Compiling adler v1.0.2
[INFO] [stderr]    Compiling predicates-core v1.0.6
[INFO] [stderr]    Compiling either v1.8.1
[INFO] [stderr]    Compiling termtree v0.4.1
[INFO] [stderr]    Compiling difflib v0.4.0
[INFO] [stderr]    Compiling overload v0.1.1
[INFO] [stderr]    Compiling miniz_oxide v0.6.2
[INFO] [stderr]    Compiling normalize-line-endings v0.3.0
[INFO] [stderr]    Compiling predicates-tree v1.0.9
[INFO] [stderr]    Compiling nu-ansi-term v0.46.0
[INFO] [stderr]    Compiling sharded-slab v0.1.4
[INFO] [stderr]    Compiling itertools v0.10.5
[INFO] [stderr]    Compiling tracing-core v0.1.30
[INFO] [stderr]    Compiling thread_local v1.1.7
[INFO] [stderr]    Compiling byteorder v1.4.3
[INFO] [stderr]    Compiling fragile v2.0.0
[INFO] [stderr]    Compiling num-traits v0.2.15
[INFO] [stderr]    Compiling unicode-width v0.1.10
[INFO] [stderr]    Compiling downcast v0.11.0
[INFO] [stderr]    Compiling pin-project-lite v0.2.9
[INFO] [stderr]    Compiling smallvec v1.10.0
[INFO] [stderr]    Compiling getopts v0.2.21
[INFO] [stderr]    Compiling flate2 v1.0.25
[INFO] [stderr]    Compiling tracing-log v0.1.3
[INFO] [stderr]    Compiling aho-corasick v0.7.20
[INFO] [stderr]    Compiling tracing-subscriber v0.3.16
[INFO] [stderr]    Compiling zip v0.6.4
[INFO] [stderr]    Compiling float-cmp v0.9.0
[INFO] [stderr]    Compiling regex v1.7.2
[INFO] [stderr]    Compiling predicates v2.1.5
[INFO] [stderr]    Compiling mockall_derive v0.11.3
[INFO] [stderr]    Compiling tracing-attributes v0.1.23
[INFO] [stderr]    Compiling tracing v0.1.37
[INFO] [stderr]    Compiling mockall v0.11.3
[INFO] [stderr]    Compiling azh-jvm v0.1.0 (/opt/rustwide/workdir)
[INFO] [stdout] warning: unused import: `std::env::var`
[INFO] [stdout]  --> src/classfile/class_reader.rs:1:5
[INFO] [stdout]   |
[INFO] [stdout] 1 | use std::env::var;
[INFO] [stdout]   |     ^^^^^^^^^^^^^
[INFO] [stdout]   |
[INFO] [stdout]   = note: `#[warn(unused_imports)]` on by default
[INFO] [stdout] 
[INFO] [stdout] 
[INFO] [stdout] warning: fields `sub_version`, `major_version`, and `constant_pool` are never read
[INFO] [stdout]   --> src/classfile.rs:20:5
[INFO] [stdout]    |
[INFO] [stdout] 19 | pub struct ClassFile {
[INFO] [stdout]    |            --------- fields in this struct
[INFO] [stdout] 20 |     sub_version: u16,                       // 次版本号
[INFO] [stdout]    |     ^^^^^^^^^^^
[INFO] [stdout] 21 |     major_version: u16,                     // 主版本号
[INFO] [stdout]    |     ^^^^^^^^^^^^^
[INFO] [stdout] 22 |     constant_pool: RcRefCell<ConstantPool>, // 常量池
[INFO] [stdout]    |     ^^^^^^^^^^^^^
[INFO] [stdout]    |
[INFO] [stdout]    = note: `#[warn(dead_code)]` on by default
[INFO] [stdout] 
[INFO] [stdout] 
[INFO] [stdout] warning: field `constant_pool` is never read
[INFO] [stdout]  --> src/classfile/constant_pool/class_info.rs:7:5
[INFO] [stdout]   |
[INFO] [stdout] 6 | pub struct ConstantClassInfo {
[INFO] [stdout]   |            ----------------- field in this struct
[INFO] [stdout] 7 |     constant_pool: RcRefCell<ConstantPool>,
[INFO] [stdout]   |     ^^^^^^^^^^^^^
[INFO] [stdout] 
[INFO] [stdout] 
[INFO] [stdout] warning: field `constant_pool` is never read
[INFO] [stdout]  --> src/classfile/constant_pool/string_info.rs:8:5
[INFO] [stdout]   |
[INFO] [stdout] 7 | pub struct ConstantStringInfo {
[INFO] [stdout]   |            ------------------ field in this struct
[INFO] [stdout] 8 |     constant_pool: RcRefCell<ConstantPool>,
[INFO] [stdout]   |     ^^^^^^^^^^^^^
[INFO] [stdout] 
[INFO] [stdout] 
[INFO] [stdout] warning: 4 warnings emitted
[INFO] [stdout] 
[INFO] [stdout] 
[INFO] [stderr]     Finished dev [unoptimized + debuginfo] target(s) in 7.23s
[INFO] running `Command { std: "docker" "inspect" "c79d00bdd809be569eb8f154f2191e02865b493f5787b5c06a6324527e852ecb", kill_on_drop: false }`
[INFO] running `Command { std: "docker" "rm" "-f" "c79d00bdd809be569eb8f154f2191e02865b493f5787b5c06a6324527e852ecb", kill_on_drop: false }`
[INFO] [stdout] c79d00bdd809be569eb8f154f2191e02865b493f5787b5c06a6324527e852ecb
[INFO] running `Command { std: "docker" "create" "-v" "/var/lib/crater-agent-workspace/builds/worker-7-tc2/target:/opt/rustwide/target:rw,Z" "-v" "/var/lib/crater-agent-workspace/builds/worker-7-tc2/source:/opt/rustwide/workdir:ro,Z" "-v" "/var/lib/crater-agent-workspace/cargo-home:/opt/rustwide/cargo-home:ro,Z" "-v" "/var/lib/crater-agent-workspace/rustup-home:/opt/rustwide/rustup-home:ro,Z" "-e" "SOURCE_DIR=/opt/rustwide/workdir" "-e" "CARGO_TARGET_DIR=/opt/rustwide/target" "-e" "CARGO_INCREMENTAL=0" "-e" "RUST_BACKTRACE=full" "-e" "RUSTFLAGS=--cap-lints=warn" "-e" "RUSTDOCFLAGS=--cap-lints=warn" "-e" "CARGO_HOME=/opt/rustwide/cargo-home" "-e" "RUSTUP_HOME=/opt/rustwide/rustup-home" "-w" "/opt/rustwide/workdir" "-m" "1610612736" "--user" "0:0" "--network" "none" "ghcr.io/rust-lang/crates-build-env/linux@sha256:2788e3201cd34a07e3172128adcd8b3090168a8e3bcc40d7c032b9dda1df7d1c" "/opt/rustwide/cargo-home/bin/cargo" "+beta-2023-12-22" "test" "--frozen" "--no-run" "--message-format=json", kill_on_drop: false }`
[INFO] [stdout] 06c3fd43905df83a6867c35876f6920e321b5b51b813a59a7e9be604a961b2c8
[INFO] running `Command { std: "docker" "start" "-a" "06c3fd43905df83a6867c35876f6920e321b5b51b813a59a7e9be604a961b2c8", kill_on_drop: false }`
[INFO] [stderr]    Compiling azh-jvm v0.1.0 (/opt/rustwide/workdir)
[INFO] [stdout] warning: unused import: `std::env::var`
[INFO] [stdout]  --> src/classfile/class_reader.rs:1:5
[INFO] [stdout]   |
[INFO] [stdout] 1 | use std::env::var;
[INFO] [stdout]   |     ^^^^^^^^^^^^^
[INFO] [stdout]   |
[INFO] [stdout]   = note: `#[warn(unused_imports)]` on by default
[INFO] [stdout] 
[INFO] [stdout] 
[INFO] [stdout] warning: unused imports: `automock`, `mock`
[INFO] [stdout]   --> src/classpath/entry.rs:66:19
[INFO] [stdout]    |
[INFO] [stdout] 66 |     use mockall::{automock, mock};
[INFO] [stdout]    |                   ^^^^^^^^  ^^^^
[INFO] [stdout] 
[INFO] [stdout] 
[INFO] [stdout] warning: unused import: `std::io`
[INFO] [stdout]   --> src/classpath/entry.rs:67:9
[INFO] [stdout]    |
[INFO] [stdout] 67 |     use std::io;
[INFO] [stdout]    |         ^^^^^^^
[INFO] [stdout] 
[INFO] [stdout] 
[INFO] [stdout] warning: unused import: `std::path::PathBuf`
[INFO] [stdout]   --> src/classpath/entry.rs:68:9
[INFO] [stdout]    |
[INFO] [stdout] 68 |     use std::path::PathBuf;
[INFO] [stdout]    |         ^^^^^^^^^^^^^^^^^^
[INFO] [stdout] 
[INFO] [stdout] 
[INFO] [stdout] warning: fields `sub_version`, `major_version`, and `constant_pool` are never read
[INFO] [stdout]   --> src/classfile.rs:20:5
[INFO] [stdout]    |
[INFO] [stdout] 19 | pub struct ClassFile {
[INFO] [stdout]    |            --------- fields in this struct
[INFO] [stdout] 20 |     sub_version: u16,                       // 次版本号
[INFO] [stdout]    |     ^^^^^^^^^^^
[INFO] [stdout] 21 |     major_version: u16,                     // 主版本号
[INFO] [stdout]    |     ^^^^^^^^^^^^^
[INFO] [stdout] 22 |     constant_pool: RcRefCell<ConstantPool>, // 常量池
[INFO] [stdout]    |     ^^^^^^^^^^^^^
[INFO] [stdout]    |
[INFO] [stdout]    = note: `#[warn(dead_code)]` on by default
[INFO] [stdout] 
[INFO] [stdout] 
[INFO] [stdout] warning: field `constant_pool` is never read
[INFO] [stdout]  --> src/classfile/constant_pool/class_info.rs:7:5
[INFO] [stdout]   |
[INFO] [stdout] 6 | pub struct ConstantClassInfo {
[INFO] [stdout]   |            ----------------- field in this struct
[INFO] [stdout] 7 |     constant_pool: RcRefCell<ConstantPool>,
[INFO] [stdout]   |     ^^^^^^^^^^^^^
[INFO] [stdout] 
[INFO] [stdout] 
[INFO] [stdout] warning: field `constant_pool` is never read
[INFO] [stdout]  --> src/classfile/constant_pool/string_info.rs:8:5
[INFO] [stdout]   |
[INFO] [stdout] 7 | pub struct ConstantStringInfo {
[INFO] [stdout]   |            ------------------ field in this struct
[INFO] [stdout] 8 |     constant_pool: RcRefCell<ConstantPool>,
[INFO] [stdout]   |     ^^^^^^^^^^^^^
[INFO] [stdout] 
[INFO] [stdout] 
[INFO] [stdout] warning: 7 warnings emitted
[INFO] [stdout] 
[INFO] [stdout] 
[INFO] [stderr]     Finished test [unoptimized + debuginfo] target(s) in 0.73s
[INFO] running `Command { std: "docker" "inspect" "06c3fd43905df83a6867c35876f6920e321b5b51b813a59a7e9be604a961b2c8", kill_on_drop: false }`
[INFO] running `Command { std: "docker" "rm" "-f" "06c3fd43905df83a6867c35876f6920e321b5b51b813a59a7e9be604a961b2c8", kill_on_drop: false }`
[INFO] [stdout] 06c3fd43905df83a6867c35876f6920e321b5b51b813a59a7e9be604a961b2c8
[INFO] running `Command { std: "docker" "create" "-v" "/var/lib/crater-agent-workspace/builds/worker-7-tc2/target:/opt/rustwide/target:rw,Z" "-v" "/var/lib/crater-agent-workspace/builds/worker-7-tc2/source:/opt/rustwide/workdir:ro,Z" "-v" "/var/lib/crater-agent-workspace/cargo-home:/opt/rustwide/cargo-home:ro,Z" "-v" "/var/lib/crater-agent-workspace/rustup-home:/opt/rustwide/rustup-home:ro,Z" "-e" "SOURCE_DIR=/opt/rustwide/workdir" "-e" "CARGO_TARGET_DIR=/opt/rustwide/target" "-e" "CARGO_INCREMENTAL=0" "-e" "RUST_BACKTRACE=full" "-e" "RUSTFLAGS=--cap-lints=warn" "-e" "RUSTDOCFLAGS=--cap-lints=warn" "-e" "CARGO_HOME=/opt/rustwide/cargo-home" "-e" "RUSTUP_HOME=/opt/rustwide/rustup-home" "-w" "/opt/rustwide/workdir" "-m" "1610612736" "--user" "0:0" "--network" "none" "ghcr.io/rust-lang/crates-build-env/linux@sha256:2788e3201cd34a07e3172128adcd8b3090168a8e3bcc40d7c032b9dda1df7d1c" "/opt/rustwide/cargo-home/bin/cargo" "+beta-2023-12-22" "test" "--frozen", kill_on_drop: false }`
[INFO] [stdout] 8b86051e0dbb50ada4be463e5d127e0e086ad1d4b55b252dfac48d7afb022ea4
[INFO] running `Command { std: "docker" "start" "-a" "8b86051e0dbb50ada4be463e5d127e0e086ad1d4b55b252dfac48d7afb022ea4", kill_on_drop: false }`
[INFO] [stderr] warning: unused import: `std::env::var`
[INFO] [stderr]  --> src/classfile/class_reader.rs:1:5
[INFO] [stderr]   |
[INFO] [stderr] 1 | use std::env::var;
[INFO] [stderr]   |     ^^^^^^^^^^^^^
[INFO] [stderr]   |
[INFO] [stderr]   = note: `#[warn(unused_imports)]` on by default
[INFO] [stderr] 
[INFO] [stderr] warning: unused imports: `automock`, `mock`
[INFO] [stderr]   --> src/classpath/entry.rs:66:19
[INFO] [stderr]    |
[INFO] [stderr] 66 |     use mockall::{automock, mock};
[INFO] [stderr]    |                   ^^^^^^^^  ^^^^
[INFO] [stderr] 
[INFO] [stderr] warning: unused import: `std::io`
[INFO] [stderr]   --> src/classpath/entry.rs:67:9
[INFO] [stderr]    |
[INFO] [stderr] 67 |     use std::io;
[INFO] [stderr]    |         ^^^^^^^
[INFO] [stderr] 
[INFO] [stderr] warning: unused import: `std::path::PathBuf`
[INFO] [stderr]   --> src/classpath/entry.rs:68:9
[INFO] [stderr]    |
[INFO] [stderr] 68 |     use std::path::PathBuf;
[INFO] [stderr]    |         ^^^^^^^^^^^^^^^^^^
[INFO] [stderr] 
[INFO] [stderr] warning: fields `sub_version`, `major_version`, and `constant_pool` are never read
[INFO] [stderr]   --> src/classfile.rs:20:5
[INFO] [stderr]    |
[INFO] [stderr] 19 | pub struct ClassFile {
[INFO] [stderr]    |            --------- fields in this struct
[INFO] [stderr] 20 |     sub_version: u16,                       // 次版本号
[INFO] [stderr]    |     ^^^^^^^^^^^
[INFO] [stderr] 21 |     major_version: u16,                     // 主版本号
[INFO] [stderr]    |     ^^^^^^^^^^^^^
[INFO] [stderr] 22 |     constant_pool: RcRefCell<ConstantPool>, // 常量池
[INFO] [stderr]    |     ^^^^^^^^^^^^^
[INFO] [stderr]    |
[INFO] [stderr]    = note: `#[warn(dead_code)]` on by default
[INFO] [stderr] 
[INFO] [stderr] warning: field `constant_pool` is never read
[INFO] [stderr]  --> src/classfile/constant_pool/class_info.rs:7:5
[INFO] [stderr]   |
[INFO] [stderr] 6 | pub struct ConstantClassInfo {
[INFO] [stderr]   |            ----------------- field in this struct
[INFO] [stderr] 7 |     constant_pool: RcRefCell<ConstantPool>,
[INFO] [stderr]   |     ^^^^^^^^^^^^^
[INFO] [stderr] 
[INFO] [stderr] warning: field `constant_pool` is never read
[INFO] [stderr]  --> src/classfile/constant_pool/string_info.rs:8:5
[INFO] [stderr]   |
[INFO] [stderr] 7 | pub struct ConstantStringInfo {
[INFO] [stderr]   |            ------------------ field in this struct
[INFO] [stderr] 8 |     constant_pool: RcRefCell<ConstantPool>,
[INFO] [stderr]   |     ^^^^^^^^^^^^^
[INFO] [stderr] 
[INFO] [stderr] warning: `azh-jvm` (bin "azh-jvm" test) generated 7 warnings (run `cargo fix --bin "azh-jvm" --tests` to apply 4 suggestions)
[INFO] [stderr]     Finished test [unoptimized + debuginfo] target(s) in 0.03s
[INFO] [stderr]      Running unittests src/main.rs (/opt/rustwide/target/debug/deps/azh_jvm-d5f06ba65f7b9672)
[INFO] [stdout] 
[INFO] [stdout] running 1 test
[INFO] [stdout] test classpath::entry::tests::test_get_absolute_path ... FAILED
[INFO] [stdout] 
[INFO] [stdout] failures:
[INFO] [stdout] 
[INFO] [stdout] ---- classpath::entry::tests::test_get_absolute_path stdout ----
[INFO] [stdout] thread 'classpath::entry::tests::test_get_absolute_path' panicked at src/classpath/entry.rs:81:9:
[INFO] [stdout] assertion `left == right` failed
[INFO] [stdout]   left: "/opt/rustwide/workdir/src/classpath/entry.rs"
[INFO] [stdout]  right: "/Users/zhaozhenhang/Desktop/test/rust/azh-jvm/src/classpath/entry.rs"
[INFO] [stdout] stack backtrace:
[INFO] [stdout]    0:     0x5637ece5dbe6 - std::backtrace_rs::backtrace::libunwind::trace::h261606ad26a499c1
[INFO] [stdout]                                at /rustc/0e09125c6c3c2fd70d7de961bcf0e51575235fad/library/std/src/../../backtrace/src/backtrace/libunwind.rs:104:5
[INFO] [stdout]    1:     0x5637ece5dbe6 - std::backtrace_rs::backtrace::trace_unsynchronized::hd183f0625477fb28
[INFO] [stdout]                                at /rustc/0e09125c6c3c2fd70d7de961bcf0e51575235fad/library/std/src/../../backtrace/src/backtrace/mod.rs:66:5
[INFO] [stdout]    2:     0x5637ece5dbe6 - std::sys_common::backtrace::_print_fmt::hd7f8fef21b4eda67
[INFO] [stdout]                                at /rustc/0e09125c6c3c2fd70d7de961bcf0e51575235fad/library/std/src/sys_common/backtrace.rs:68:5
[INFO] [stdout]    3:     0x5637ece5dbe6 - <std::sys_common::backtrace::_print::DisplayBacktrace as core::fmt::Display>::fmt::h623d9b51f2f453f1
[INFO] [stdout]                                at /rustc/0e09125c6c3c2fd70d7de961bcf0e51575235fad/library/std/src/sys_common/backtrace.rs:44:22
[INFO] [stdout]    4:     0x5637ece86a50 - core::fmt::rt::Argument::fmt::h9f417ac76a86f368
[INFO] [stdout]                                at /rustc/0e09125c6c3c2fd70d7de961bcf0e51575235fad/library/core/src/fmt/rt.rs:142:9
[INFO] [stdout]    5:     0x5637ece86a50 - core::fmt::write::hc9b6faf4ac2aeff7
[INFO] [stdout]                                at /rustc/0e09125c6c3c2fd70d7de961bcf0e51575235fad/library/core/src/fmt/mod.rs:1120:17
[INFO] [stdout]    6:     0x5637ece5b64f - std::io::Write::write_fmt::he04625a3a989fec3
[INFO] [stdout]                                at /rustc/0e09125c6c3c2fd70d7de961bcf0e51575235fad/library/std/src/io/mod.rs:1810:15
[INFO] [stdout]    7:     0x5637ece5d9c4 - std::sys_common::backtrace::_print::hd5d66399c7df88a2
[INFO] [stdout]                                at /rustc/0e09125c6c3c2fd70d7de961bcf0e51575235fad/library/std/src/sys_common/backtrace.rs:47:5
[INFO] [stdout]    8:     0x5637ece5d9c4 - std::sys_common::backtrace::print::he81ed2da642d37e5
[INFO] [stdout]                                at /rustc/0e09125c6c3c2fd70d7de961bcf0e51575235fad/library/std/src/sys_common/backtrace.rs:34:9
[INFO] [stdout]    9:     0x5637ece5f737 - std::panicking::default_hook::{{closure}}::h85773f4fa117163d
[INFO] [stdout]   10:     0x5637ece5f41d - std::panicking::default_hook::h6a1694a91d09b278
[INFO] [stdout]                                at /rustc/0e09125c6c3c2fd70d7de961bcf0e51575235fad/library/std/src/panicking.rs:289:9
[INFO] [stdout]   11:     0x5637ece21397 - <alloc::boxed::Box<F,A> as core::ops::function::Fn<Args>>::call::h616ac37fa3cd6c8f
[INFO] [stdout]                                at /rustc/0e09125c6c3c2fd70d7de961bcf0e51575235fad/library/alloc/src/boxed.rs:2029:9
[INFO] [stdout]   12:     0x5637ece21397 - test::test_main::{{closure}}::h00d84697cefdcbb6
[INFO] [stdout]                                at /rustc/0e09125c6c3c2fd70d7de961bcf0e51575235fad/library/test/src/lib.rs:138:21
[INFO] [stdout]   13:     0x5637ece5fd56 - <alloc::boxed::Box<F,A> as core::ops::function::Fn<Args>>::call::hcb3fe3b9bb537ba8
[INFO] [stdout]                                at /rustc/0e09125c6c3c2fd70d7de961bcf0e51575235fad/library/alloc/src/boxed.rs:2029:9
[INFO] [stdout]   14:     0x5637ece5fd56 - std::panicking::rust_panic_with_hook::h0a7ad96e90f7145b
[INFO] [stdout]                                at /rustc/0e09125c6c3c2fd70d7de961bcf0e51575235fad/library/std/src/panicking.rs:783:13
[INFO] [stdout]   15:     0x5637ece5faa2 - std::panicking::begin_panic_handler::{{closure}}::h7919090525c6485e
[INFO] [stdout]                                at /rustc/0e09125c6c3c2fd70d7de961bcf0e51575235fad/library/std/src/panicking.rs:657:13
[INFO] [stdout]   16:     0x5637ece5e0e6 - std::sys_common::backtrace::__rust_end_short_backtrace::hf3289479464f7dfe
[INFO] [stdout]                                at /rustc/0e09125c6c3c2fd70d7de961bcf0e51575235fad/library/std/src/sys_common/backtrace.rs:171:18
[INFO] [stdout]   17:     0x5637ece5f800 - rust_begin_unwind
[INFO] [stdout]                                at /rustc/0e09125c6c3c2fd70d7de961bcf0e51575235fad/library/std/src/panicking.rs:645:5
[INFO] [stdout]   18:     0x5637ecdeacd5 - core::panicking::panic_fmt::hcc9f77c5c132af55
[INFO] [stdout]                                at /rustc/0e09125c6c3c2fd70d7de961bcf0e51575235fad/library/core/src/panicking.rs:72:14
[INFO] [stdout]   19:     0x5637ecdeb10b - core::panicking::assert_failed_inner::h9f13e27dd63c3a08
[INFO] [stdout]                                at /rustc/0e09125c6c3c2fd70d7de961bcf0e51575235fad/library/core/src/panicking.rs:342:17
[INFO] [stdout]   20:     0x5637ecdebd8e - core::panicking::assert_failed::h49557c141a3b472f
[INFO] [stdout]                                at /rustc/0e09125c6c3c2fd70d7de961bcf0e51575235fad/library/core/src/panicking.rs:297:5
[INFO] [stdout]   21:     0x5637ecdec9ed - azh_jvm::classpath::entry::tests::test_get_absolute_path::h4c3516483bc58b93
[INFO] [stdout]                                at /opt/rustwide/workdir/src/classpath/entry.rs:81:9
[INFO] [stdout]   22:     0x5637ecdec8c7 - azh_jvm::classpath::entry::tests::test_get_absolute_path::{{closure}}::hc5bcc4ecf45f7741
[INFO] [stdout]                                at /opt/rustwide/workdir/src/classpath/entry.rs:71:32
[INFO] [stdout]   23:     0x5637ecdebb96 - core::ops::function::FnOnce::call_once::hba6c700a6e60968a
[INFO] [stdout]                                at /rustc/0e09125c6c3c2fd70d7de961bcf0e51575235fad/library/core/src/ops/function.rs:250:5
[INFO] [stdout]   24:     0x5637ece26c6f - core::ops::function::FnOnce::call_once::hd64d26f405258157
[INFO] [stdout]                                at /rustc/0e09125c6c3c2fd70d7de961bcf0e51575235fad/library/core/src/ops/function.rs:250:5
[INFO] [stdout]   25:     0x5637ece26c6f - test::__rust_begin_short_backtrace::he21b0b7a6d731bf9
[INFO] [stdout]                                at /rustc/0e09125c6c3c2fd70d7de961bcf0e51575235fad/library/test/src/lib.rs:627:18
[INFO] [stdout]   26:     0x5637ece259f1 - test::run_test_in_process::{{closure}}::hf5c73986d7bdfde2
[INFO] [stdout]                                at /rustc/0e09125c6c3c2fd70d7de961bcf0e51575235fad/library/test/src/lib.rs:650:60
[INFO] [stdout]   27:     0x5637ece259f1 - <core::panic::unwind_safe::AssertUnwindSafe<F> as core::ops::function::FnOnce<()>>::call_once::h330011ad032aadc0
[INFO] [stdout]                                at /rustc/0e09125c6c3c2fd70d7de961bcf0e51575235fad/library/core/src/panic/unwind_safe.rs:272:9
[INFO] [stdout]   28:     0x5637ece259f1 - std::panicking::try::do_call::he61b0a958b795a41
[INFO] [stdout]                                at /rustc/0e09125c6c3c2fd70d7de961bcf0e51575235fad/library/std/src/panicking.rs:552:40
[INFO] [stdout]   29:     0x5637ece259f1 - std::panicking::try::h7309da130f906eb7
[INFO] [stdout]                                at /rustc/0e09125c6c3c2fd70d7de961bcf0e51575235fad/library/std/src/panicking.rs:516:19
[INFO] [stdout]   30:     0x5637ece259f1 - std::panic::catch_unwind::hc5c3a06fdaf0a92a
[INFO] [stdout]                                at /rustc/0e09125c6c3c2fd70d7de961bcf0e51575235fad/library/std/src/panic.rs:142:14
[INFO] [stdout]   31:     0x5637ece259f1 - test::run_test_in_process::h7e7b7c71c3324e0f
[INFO] [stdout]                                at /rustc/0e09125c6c3c2fd70d7de961bcf0e51575235fad/library/test/src/lib.rs:650:27
[INFO] [stdout]   32:     0x5637ece259f1 - test::run_test::{{closure}}::h1f509f28f5cf20b1
[INFO] [stdout]                                at /rustc/0e09125c6c3c2fd70d7de961bcf0e51575235fad/library/test/src/lib.rs:573:43
[INFO] [stdout]   33:     0x5637ecdecd26 - test::run_test::{{closure}}::h1754218abf443f6d
[INFO] [stdout]                                at /rustc/0e09125c6c3c2fd70d7de961bcf0e51575235fad/library/test/src/lib.rs:601:41
[INFO] [stdout]   34:     0x5637ecdecd26 - std::sys_common::backtrace::__rust_begin_short_backtrace::h2ee174b9d5954948
[INFO] [stdout]                                at /rustc/0e09125c6c3c2fd70d7de961bcf0e51575235fad/library/std/src/sys_common/backtrace.rs:155:18
[INFO] [stdout]   35:     0x5637ecdf1d87 - std::thread::Builder::spawn_unchecked_::{{closure}}::{{closure}}::hf60bee9c1a17ef09
[INFO] [stdout]                                at /rustc/0e09125c6c3c2fd70d7de961bcf0e51575235fad/library/std/src/thread/mod.rs:529:17
[INFO] [stdout]   36:     0x5637ecdf1d87 - <core::panic::unwind_safe::AssertUnwindSafe<F> as core::ops::function::FnOnce<()>>::call_once::h33d0dddec5216160
[INFO] [stdout]                                at /rustc/0e09125c6c3c2fd70d7de961bcf0e51575235fad/library/core/src/panic/unwind_safe.rs:272:9
[INFO] [stdout]   37:     0x5637ecdf1d87 - std::panicking::try::do_call::h144b3048b546f835
[INFO] [stdout]                                at /rustc/0e09125c6c3c2fd70d7de961bcf0e51575235fad/library/std/src/panicking.rs:552:40
[INFO] [stdout]   38:     0x5637ecdf1d87 - std::panicking::try::h978244d04646189f
[INFO] [stdout]                                at /rustc/0e09125c6c3c2fd70d7de961bcf0e51575235fad/library/std/src/panicking.rs:516:19
[INFO] [stdout]   39:     0x5637ecdf1d87 - std::panic::catch_unwind::hdf436369d188fe86
[INFO] [stdout]                                at /rustc/0e09125c6c3c2fd70d7de961bcf0e51575235fad/library/std/src/panic.rs:142:14
[INFO] [stdout]   40:     0x5637ecdf1d87 - std::thread::Builder::spawn_unchecked_::{{closure}}::h87329cbdd33c79ec
[INFO] [stdout]                                at /rustc/0e09125c6c3c2fd70d7de961bcf0e51575235fad/library/std/src/thread/mod.rs:528:30
[INFO] [stdout]   41:     0x5637ecdf1d87 - core::ops::function::FnOnce::call_once{{vtable.shim}}::h401abbe67897d450
[INFO] [stdout]                                at /rustc/0e09125c6c3c2fd70d7de961bcf0e51575235fad/library/core/src/ops/function.rs:250:5
[INFO] [stdout]   42:     0x5637ece64805 - <alloc::boxed::Box<F,A> as core::ops::function::FnOnce<Args>>::call_once::h5d7c8f150ab9c84c
[INFO] [stdout]                                at /rustc/0e09125c6c3c2fd70d7de961bcf0e51575235fad/library/alloc/src/boxed.rs:2015:9
[INFO] [stdout]   43:     0x5637ece64805 - <alloc::boxed::Box<F,A> as core::ops::function::FnOnce<Args>>::call_once::h570d5b005c242c15
[INFO] [stdout]                                at /rustc/0e09125c6c3c2fd70d7de961bcf0e51575235fad/library/alloc/src/boxed.rs:2015:9
[INFO] [stdout]   44:     0x5637ece64805 - std::sys::unix::thread::Thread::new::thread_start::h36b0a20c0b2361ad
[INFO] [stdout]                                at /rustc/0e09125c6c3c2fd70d7de961bcf0e51575235fad/library/std/src/sys/unix/thread.rs:108:17
[INFO] [stdout]   45:     0x7f50a366eac3 - <unknown>
[INFO] [stdout]   46:     0x7f50a36ffbf4 - __clone
[INFO] [stdout]   47:                0x0 - <unknown>
[INFO] [stdout] 
[INFO] [stdout] 
[INFO] [stdout] failures:
[INFO] [stdout]     classpath::entry::tests::test_get_absolute_path
[INFO] [stdout] 
[INFO] [stdout] test result: FAILED. 0 passed; 1 failed; 0 ignored; 0 measured; 0 filtered out; finished in 0.03s
[INFO] [stdout] 
[INFO] [stderr] error: test failed, to rerun pass `--bin azh-jvm`
[INFO] running `Command { std: "docker" "inspect" "8b86051e0dbb50ada4be463e5d127e0e086ad1d4b55b252dfac48d7afb022ea4", kill_on_drop: false }`
[INFO] running `Command { std: "docker" "rm" "-f" "8b86051e0dbb50ada4be463e5d127e0e086ad1d4b55b252dfac48d7afb022ea4", kill_on_drop: false }`
[INFO] [stdout] 8b86051e0dbb50ada4be463e5d127e0e086ad1d4b55b252dfac48d7afb022ea4
