[INFO] cloning repository https://github.com/austintheriot/audio
[INFO] running `Command { std: "git" "-c" "credential.helper=" "-c" "credential.helper=/workspace/cargo-home/bin/git-credential-null" "clone" "--bare" "https://github.com/austintheriot/audio" "/workspace/cache/git-repos/https%3A%2F%2Fgithub.com%2Faustintheriot%2Faudio", kill_on_drop: false }`
[INFO] [stderr] Cloning into bare repository '/workspace/cache/git-repos/https%3A%2F%2Fgithub.com%2Faustintheriot%2Faudio'...
[INFO] running `Command { std: "git" "rev-parse" "HEAD", kill_on_drop: false }`
[INFO] [stdout] bbb7cce3a4d6f1b63ee0036bff73dfe39ba5b069
[INFO] testing austintheriot/audio against 1.75.0 for beta-1.76-1
[INFO] running `Command { std: "git" "clone" "/workspace/cache/git-repos/https%3A%2F%2Fgithub.com%2Faustintheriot%2Faudio" "/workspace/builds/worker-5-tc1/source", kill_on_drop: false }`
[INFO] [stderr] Cloning into '/workspace/builds/worker-5-tc1/source'...
[INFO] [stderr] done.
[INFO] validating manifest of git repo https://github.com/austintheriot/audio on toolchain 1.75.0
[INFO] running `Command { std: CARGO_HOME="/workspace/cargo-home" RUSTUP_HOME="/workspace/rustup-home" "/workspace/cargo-home/bin/cargo" "+1.75.0" "metadata" "--manifest-path" "Cargo.toml" "--no-deps", kill_on_drop: false }`
[INFO] started tweaking git repo https://github.com/austintheriot/audio
[INFO] finished tweaking git repo https://github.com/austintheriot/audio
[INFO] tweaked toml for git repo https://github.com/austintheriot/audio written to /workspace/builds/worker-5-tc1/source/Cargo.toml
[INFO] crate git repo https://github.com/austintheriot/audio already has a lockfile, it will not be regenerated
[INFO] running `Command { std: CARGO_HOME="/workspace/cargo-home" RUSTUP_HOME="/workspace/rustup-home" "/workspace/cargo-home/bin/cargo" "+1.75.0" "fetch" "--manifest-path" "Cargo.toml", kill_on_drop: false }`
[INFO] [stderr] warning: profiles for the non root package will be ignored, specify profiles at the workspace root:
[INFO] [stderr] package:   /workspace/builds/worker-5-tc1/source/crates/resonix_graph/Cargo.toml
[INFO] [stderr] workspace: /workspace/builds/worker-5-tc1/source/Cargo.toml
[INFO] [stderr] warning: profiles for the non root package will be ignored, specify profiles at the workspace root:
[INFO] [stderr] package:   /workspace/builds/worker-5-tc1/source/demos/granular_synthesizer_web/Cargo.toml
[INFO] [stderr] workspace: /workspace/builds/worker-5-tc1/source/Cargo.toml
[INFO] [stderr] warning: virtual workspace defaulting to `resolver = "1"` despite one or more workspace members being on edition 2021 which implies `resolver = "2"`
[INFO] [stderr] note: to keep the current resolver, specify `workspace.resolver = "1"` in the workspace root's manifest
[INFO] [stderr] note: to use the edition 2021 resolver, specify `workspace.resolver = "2"` in the workspace root's manifest
[INFO] [stderr] note: for more details see https://doc.rust-lang.org/cargo/reference/resolver.html#resolver-versions
[INFO] [stderr] warning: /workspace/builds/worker-5-tc1/source/demos/granular_synthesizer_web/Cargo.toml: Found `debug_assertions` in `target.'cfg(...)'.dependencies`. This value is not supported for selecting dependencies and will not work as expected. To learn more visit https://doc.rust-lang.org/cargo/reference/specifying-dependencies.html#platform-specific-dependencies
[INFO] [stderr]     Updating crates.io index
[INFO] [stderr]  Downloading crates ...
[INFO] [stderr]   Downloaded leptos v0.3.0
[INFO] [stderr]   Downloaded interpolator v0.4.0
[INFO] [stderr]   Downloaded pest_derive v2.6.0
[INFO] [stderr]   Downloaded proc-macro-utils v0.5.2
[INFO] [stderr]   Downloaded pest_meta v2.6.0
[INFO] [stderr]   Downloaded leptos_config v0.3.0
[INFO] [stderr]   Downloaded pest_generator v2.6.0
[INFO] [stderr]   Downloaded leptos_dom v0.3.0
[INFO] [stderr]   Downloaded quote-use v0.6.0
[INFO] [stderr]   Downloaded attribute-derive-macro v0.5.0
[INFO] [stderr]   Downloaded attribute-derive v0.5.0
[INFO] [stderr]   Downloaded leptos_macro v0.3.0
[INFO] [stderr]   Downloaded derive-where v1.2.1
[INFO] [stderr]   Downloaded regex v1.8.3
[INFO] [stderr]   Downloaded insta v1.30.0
[INFO] [stderr]   Downloaded pest v2.6.0
[INFO] [stderr]   Downloaded leptos_reactive v0.3.0
[INFO] [stderr]   Downloaded leptos_server v0.3.0
[INFO] [stderr]   Downloaded uuid v1.3.4
[INFO] [stderr]   Downloaded server_fn v0.3.0
[INFO] [stderr]   Downloaded leptos_hot_reload v0.3.0
[INFO] [stderr]   Downloaded server_fn_macro v0.3.0
[INFO] [stderr]   Downloaded syn-rsx v0.9.0
[INFO] [stderr]   Downloaded server_fn_macro_default v0.3.0
[INFO] running `Command { std: "docker" "create" "-v" "/var/lib/crater-agent-workspace/builds/worker-5-tc1/target:/opt/rustwide/target:rw,Z" "-v" "/var/lib/crater-agent-workspace/builds/worker-5-tc1/source:/opt/rustwide/workdir:ro,Z" "-v" "/var/lib/crater-agent-workspace/cargo-home:/opt/rustwide/cargo-home:ro,Z" "-v" "/var/lib/crater-agent-workspace/rustup-home:/opt/rustwide/rustup-home:ro,Z" "-e" "SOURCE_DIR=/opt/rustwide/workdir" "-e" "CARGO_TARGET_DIR=/opt/rustwide/target" "-e" "CARGO_HOME=/opt/rustwide/cargo-home" "-e" "RUSTUP_HOME=/opt/rustwide/rustup-home" "-w" "/opt/rustwide/workdir" "-m" "1610612736" "--user" "0:0" "--network" "none" "ghcr.io/rust-lang/crates-build-env/linux@sha256:2788e3201cd34a07e3172128adcd8b3090168a8e3bcc40d7c032b9dda1df7d1c" "/opt/rustwide/cargo-home/bin/cargo" "+1.75.0" "metadata" "--no-deps" "--format-version=1", kill_on_drop: false }`
[INFO] [stdout] fdb10a5fdf54a28f301fdf5b4f7033b572defe203e25160c75a7567bfa0c4de1
[INFO] running `Command { std: "docker" "start" "-a" "fdb10a5fdf54a28f301fdf5b4f7033b572defe203e25160c75a7567bfa0c4de1", kill_on_drop: false }`
[INFO] running `Command { std: "docker" "inspect" "fdb10a5fdf54a28f301fdf5b4f7033b572defe203e25160c75a7567bfa0c4de1", kill_on_drop: false }`
[INFO] running `Command { std: "docker" "rm" "-f" "fdb10a5fdf54a28f301fdf5b4f7033b572defe203e25160c75a7567bfa0c4de1", kill_on_drop: false }`
[INFO] [stdout] fdb10a5fdf54a28f301fdf5b4f7033b572defe203e25160c75a7567bfa0c4de1
[INFO] running `Command { std: "docker" "create" "-v" "/var/lib/crater-agent-workspace/builds/worker-5-tc1/target:/opt/rustwide/target:rw,Z" "-v" "/var/lib/crater-agent-workspace/builds/worker-5-tc1/source:/opt/rustwide/workdir:ro,Z" "-v" "/var/lib/crater-agent-workspace/cargo-home:/opt/rustwide/cargo-home:ro,Z" "-v" "/var/lib/crater-agent-workspace/rustup-home:/opt/rustwide/rustup-home:ro,Z" "-e" "SOURCE_DIR=/opt/rustwide/workdir" "-e" "CARGO_TARGET_DIR=/opt/rustwide/target" "-e" "CARGO_INCREMENTAL=0" "-e" "RUST_BACKTRACE=full" "-e" "RUSTFLAGS=--cap-lints=warn" "-e" "RUSTDOCFLAGS=--cap-lints=warn" "-e" "CARGO_HOME=/opt/rustwide/cargo-home" "-e" "RUSTUP_HOME=/opt/rustwide/rustup-home" "-w" "/opt/rustwide/workdir" "-m" "1610612736" "--user" "0:0" "--network" "none" "ghcr.io/rust-lang/crates-build-env/linux@sha256:2788e3201cd34a07e3172128adcd8b3090168a8e3bcc40d7c032b9dda1df7d1c" "/opt/rustwide/cargo-home/bin/cargo" "+1.75.0" "build" "--frozen" "--message-format=json", kill_on_drop: false }`
[INFO] [stdout] f224bc2943fb3fa83324d70804344086db629fbefd6a0d500b6b6e031aaff03c
[INFO] running `Command { std: "docker" "start" "-a" "f224bc2943fb3fa83324d70804344086db629fbefd6a0d500b6b6e031aaff03c", kill_on_drop: false }`
[INFO] [stderr] warning: profiles for the non root package will be ignored, specify profiles at the workspace root:
[INFO] [stderr] package:   /opt/rustwide/workdir/crates/resonix_graph/Cargo.toml
[INFO] [stderr] workspace: /opt/rustwide/workdir/Cargo.toml
[INFO] [stderr] warning: profiles for the non root package will be ignored, specify profiles at the workspace root:
[INFO] [stderr] package:   /opt/rustwide/workdir/demos/granular_synthesizer_web/Cargo.toml
[INFO] [stderr] workspace: /opt/rustwide/workdir/Cargo.toml
[INFO] [stderr] warning: virtual workspace defaulting to `resolver = "1"` despite one or more workspace members being on edition 2021 which implies `resolver = "2"`
[INFO] [stderr] note: to keep the current resolver, specify `workspace.resolver = "1"` in the workspace root's manifest
[INFO] [stderr] note: to use the edition 2021 resolver, specify `workspace.resolver = "2"` in the workspace root's manifest
[INFO] [stderr] note: for more details see https://doc.rust-lang.org/cargo/reference/resolver.html#resolver-versions
[INFO] [stderr] warning: /opt/rustwide/workdir/demos/granular_synthesizer_web/Cargo.toml: Found `debug_assertions` in `target.'cfg(...)'.dependencies`. This value is not supported for selecting dependencies and will not work as expected. To learn more visit https://doc.rust-lang.org/cargo/reference/specifying-dependencies.html#platform-specific-dependencies
[INFO] [stderr]    Compiling proc-macro2 v1.0.59
[INFO] [stderr]    Compiling unicode-ident v1.0.9
[INFO] [stderr]    Compiling quote v1.0.28
[INFO] [stderr]    Compiling libc v0.2.145
[INFO] [stderr]    Compiling once_cell v1.18.0
[INFO] [stderr]    Compiling log v0.4.18
[INFO] [stderr]    Compiling wasm-bindgen-shared v0.2.87
[INFO] [stderr]    Compiling thiserror v1.0.40
[INFO] [stderr]    Compiling bumpalo v3.13.0
[INFO] [stderr]    Compiling wasm-bindgen v0.2.87
[INFO] [stderr]    Compiling smallvec v1.10.0
[INFO] [stderr]    Compiling serde v1.0.163
[INFO] [stderr]    Compiling ahash v0.7.6
[INFO] [stderr]    Compiling futures-core v0.3.28
[INFO] [stderr]    Compiling lock_api v0.4.9
[INFO] [stderr]    Compiling syn v1.0.109
[INFO] [stderr]    Compiling indexmap v1.9.3
[INFO] [stderr]    Compiling pin-project-lite v0.2.9
[INFO] [stderr]    Compiling itoa v1.0.6
[INFO] [stderr]    Compiling futures-sink v0.3.28
[INFO] [stderr]    Compiling futures-channel v0.3.28
[INFO] [stderr]    Compiling parking_lot_core v0.9.7
[INFO] [stderr]    Compiling ryu v1.0.13
[INFO] [stderr]    Compiling serde_json v1.0.96
[INFO] [stderr]    Compiling slab v0.4.8
[INFO] [stderr]    Compiling bytes v1.4.0
[INFO] [stderr]    Compiling memoffset v0.6.5
[INFO] [stderr]    Compiling syn v2.0.18
[INFO] [stderr]    Compiling tokio v1.28.2
[INFO] [stderr]    Compiling alsa-sys v0.3.1
[INFO] [stderr]    Compiling getrandom v0.2.9
[INFO] [stderr]    Compiling proc-macro-error-attr v1.0.4
[INFO] [stderr]    Compiling mio v0.8.8
[INFO] [stderr]    Compiling parking_lot v0.12.1
[INFO] [stderr]    Compiling rand_core v0.6.4
[INFO] [stderr]    Compiling signal-hook-registry v1.4.1
[INFO] [stderr]    Compiling hashbrown v0.12.3
[INFO] [stderr]    Compiling rand_chacha v0.3.1
[INFO] [stderr]    Compiling num_cpus v1.15.0
[INFO] [stderr]    Compiling socket2 v0.4.9
[INFO] [stderr]    Compiling futures-task v0.3.28
[INFO] [stderr]    Compiling parking_lot_core v0.8.6
[INFO] [stderr]    Compiling rand v0.8.5
[INFO] [stderr]    Compiling futures-util v0.3.28
[INFO] [stderr]    Compiling nix v0.23.2
[INFO] [stderr]    Compiling tracing-core v0.1.31
[INFO] [stderr]    Compiling cpal v0.13.5
[INFO] [stderr]    Compiling futures-io v0.3.28
[INFO] [stderr]    Compiling uuid v1.3.4
[INFO] [stderr]    Compiling parking_lot v0.11.2
[INFO] [stderr]    Compiling crossbeam-utils v0.8.16
[INFO] [stderr]    Compiling num-traits v0.2.15
[INFO] [stderr]    Compiling percent-encoding v2.2.0
[INFO] [stderr]    Compiling ucd-trie v0.1.5
[INFO] [stderr]    Compiling regex-syntax v0.7.2
[INFO] [stderr]    Compiling unicode-xid v0.2.4
[INFO] [stderr]    Compiling http v0.2.9
[INFO] [stderr]    Compiling const_format_proc_macros v0.2.31
[INFO] [stderr]    Compiling concurrent-queue v2.2.0
[INFO] [stderr]    Compiling num-integer v0.1.45
[INFO] [stderr]    Compiling nohash-hasher v0.2.0
[INFO] [stderr]    Compiling event-listener v2.5.3
[INFO] [stderr]    Compiling fixedbitset v0.4.2
[INFO] [stderr]    Compiling petgraph v0.6.3
[INFO] [stderr]    Compiling async-channel v1.8.0
[INFO] [stderr]    Compiling wasm-bindgen-backend v0.2.87
[INFO] [stderr]    Compiling proc-macro-error v1.0.4
[INFO] [stderr]    Compiling alsa v0.6.0
[INFO] [stderr]    Compiling regex v1.8.3
[INFO] [stderr]    Compiling wasm-bindgen-macro-support v0.2.87
[INFO] [stderr]    Compiling const_format v0.2.31
[INFO] [stderr]    Compiling form_urlencoded v1.1.0
[INFO] [stderr]    Compiling unicode-normalization v0.1.22
[INFO] [stderr]    Compiling num-bigint v0.4.3
[INFO] [stderr]    Compiling thiserror-impl v1.0.40
[INFO] [stderr]    Compiling serde_derive v1.0.163
[INFO] [stderr]    Compiling tokio-macros v2.1.0
[INFO] [stderr]    Compiling tracing-attributes v0.1.24
[INFO] [stderr]    Compiling futures-macro v0.3.28
[INFO] [stderr]    Compiling wasm-bindgen-macro v0.2.87
[INFO] [stderr]    Compiling slotmap v1.0.6
[INFO] [stderr]    Compiling js-sys v0.3.64
[INFO] [stderr]    Compiling pest v2.6.0
[INFO] [stderr]    Compiling tracing v0.1.37
[INFO] [stderr]    Compiling anyhow v1.0.71
[INFO] [stderr]    Compiling resonix_dac v0.1.0 (/opt/rustwide/workdir/crates/resonix_dac)
[INFO] [stderr]    Compiling Inflector v0.11.4
[INFO] [stderr]    Compiling try-lock v0.2.4
[INFO] [stderr]    Compiling xxhash-rust v0.8.6
[INFO] [stderr]    Compiling base64 v0.21.2
[INFO] [stderr]    Compiling unicode-bidi v0.3.13
[INFO] [stderr]    Compiling dyn-clone v1.0.11
[INFO] [stderr]    Compiling ouroboros_macro v0.15.6
[INFO] [stderr]    Compiling pest_meta v2.6.0
[INFO] [stderr]    Compiling idna v0.3.0
[INFO] [stderr]    Compiling want v0.3.0
[INFO] [stderr]    Compiling pest_generator v2.6.0
[INFO] [stderr]    Compiling web-sys v0.3.63
[INFO] [stderr]    Compiling wasm-bindgen-futures v0.4.37
[INFO] [stderr]    Compiling futures-executor v0.3.28
[INFO] [stderr]    Compiling derive-where v1.2.1
[INFO] [stderr]    Compiling http-body v0.4.5
[INFO] [stderr]    Compiling async-trait v0.1.68
[INFO] [stderr]    Compiling half v1.8.2
[INFO] [stderr]    Compiling tokio-util v0.7.8
[INFO] [stderr]    Compiling aliasable v0.1.3
[INFO] [stderr]    Compiling ciborium-io v0.2.1
[INFO] [stderr]    Compiling dlv-list v0.3.0
[INFO] [stderr]    Compiling camino v1.1.4
[INFO] [stderr]    Compiling ouroboros v0.15.6
[INFO] [stderr]    Compiling ciborium-ll v0.2.1
[INFO] [stderr]    Compiling h2 v0.3.19
[INFO] [stderr]    Compiling ordered-multimap v0.4.3
[INFO] [stderr]    Compiling pest_derive v2.6.0
[INFO] [stderr]    Compiling futures v0.3.28
[INFO] [stderr]    Compiling url v2.3.1
[INFO] [stderr]    Compiling proc-macro-utils v0.5.2
[INFO] [stderr]    Compiling quote-use v0.6.0
[INFO] [stderr]    Compiling encoding_rs v0.8.32
[INFO] [stderr]    Compiling server_fn_macro v0.3.0
[INFO] [stderr]    Compiling serde_urlencoded v0.7.1
[INFO] [stderr]    Compiling serde-wasm-bindgen v0.5.0
[INFO] [stderr]    Compiling hyper v0.14.26
[INFO] [stderr]    Compiling linked-hash-map v0.5.6
[INFO] [stderr]    Compiling prettyplease v0.1.25
[INFO] [stderr]    Compiling paste v1.0.12
[INFO] [stderr]    Compiling collection_literals v1.0.1
[INFO] [stderr]    Compiling utf8-width v0.1.6
[INFO] [stderr]    Compiling rustc-hash v1.1.0
[INFO] [stderr]    Compiling ipnet v2.7.2
[INFO] [stderr]    Compiling interpolator v0.4.0
[INFO] [stderr]    Compiling same-file v1.0.6
[INFO] [stderr]    Compiling either v1.8.1
[INFO] [stderr]    Compiling ron v0.7.1
[INFO] [stderr]    Compiling itertools v0.10.5
[INFO] [stderr]    Compiling walkdir v2.3.3
[INFO] [stderr]    Compiling attribute-derive-macro v0.5.0
[INFO] [stderr]    Compiling html-escape v0.2.13
[INFO] [stderr]    Compiling nom v7.1.3
[INFO] [stderr]    Compiling yaml-rust v0.4.5
[INFO] [stderr]    Compiling reqwest v0.11.18
[INFO] [stderr]    Compiling server_fn_macro_default v0.3.0
[INFO] [stderr]    Compiling enum-ordinalize v3.1.13
[INFO] [stderr]    Compiling ciborium v0.2.1
[INFO] [stderr]    Compiling serde_qs v0.12.0
[INFO] [stderr]    Compiling json5 v0.4.1
[INFO] [stderr]    Compiling toml v0.5.11
[INFO] [stderr]    Compiling rust-ini v0.18.0
[INFO] [stderr]    Compiling syn-rsx v0.9.0
[INFO] [stderr]    Compiling unicode-segmentation v1.10.1
[INFO] [stderr]    Compiling pathdiff v0.2.1
[INFO] [stderr]    Compiling leptos_hot_reload v0.3.0
[INFO] [stderr]    Compiling convert_case v0.6.0
[INFO] [stderr]    Compiling server_fn v0.3.0
[INFO] [stderr]    Compiling educe v0.4.22
[INFO] [stderr]    Compiling attribute-derive v0.5.0
[INFO] [stderr]    Compiling config v0.13.3
[INFO] [stderr]    Compiling typed-builder v0.14.0
[INFO] [stderr]    Compiling async-recursion v1.0.4
[INFO] [stderr]    Compiling drain_filter_polyfill v0.1.3
[INFO] [stderr]    Compiling pad-adapter v0.1.1
[INFO] [stderr]    Compiling leptos_macro v0.3.0
[INFO] [stderr]    Compiling io-lifetimes v1.0.11
[INFO] [stderr]    Compiling wasm-logger v0.2.0
[INFO] [stderr]    Compiling resonix_core v0.1.0 (/opt/rustwide/workdir/crates/resonix_core)
[INFO] [stderr]    Compiling leptos_reactive v0.3.0
[INFO] [stdout] warning: unused import: `decibel::*`
[INFO] [stdout]   --> crates/resonix_core/src/lib.rs:10:9
[INFO] [stdout]    |
[INFO] [stdout] 10 | pub use decibel::*;
[INFO] [stdout]    |         ^^^^^^^^^^
[INFO] [stdout]    |
[INFO] [stdout]    = note: `#[warn(unused_imports)]` on by default
[INFO] [stdout] 
[INFO] [stdout] 
[INFO] [stdout] warning: 1 warning emitted
[INFO] [stdout] 
[INFO] [stdout] 
[INFO] [stderr]    Compiling resonix_graph v0.1.0 (/opt/rustwide/workdir/crates/resonix_graph)
[INFO] [stderr]    Compiling leptos_config v0.3.0
[INFO] [stdout] warning: field `outgoing_connection_indexes` is never read
[INFO] [stdout]   --> crates/resonix_graph/src/nodes/sine_node.rs:22:5
[INFO] [stdout]    |
[INFO] [stdout] 18 | pub struct SineNode {
[INFO] [stdout]    |            -------- field in this struct
[INFO] [stdout] ...
[INFO] [stdout] 22 |     outgoing_connection_indexes: Vec<EdgeIndex>,
[INFO] [stdout]    |     ^^^^^^^^^^^^^^^^^^^^^^^^^^^
[INFO] [stdout]    |
[INFO] [stdout]    = note: `SineNode` has derived impls for the traits `Clone` and `Debug`, but these are intentionally ignored during dead code analysis
[INFO] [stdout]    = note: `#[warn(dead_code)]` on by default
[INFO] [stdout] 
[INFO] [stdout] 
[INFO] [stderr]    Compiling resonix v0.1.0 (/opt/rustwide/workdir/crates/resonix)
[INFO] [stderr]    Compiling jobserver v0.1.26
[INFO] [stderr]    Compiling rustix v0.37.20
[INFO] [stderr]    Compiling cc v1.0.79
[INFO] [stderr]    Compiling leptos_server v0.3.0
[INFO] [stderr]    Compiling leptos_dom v0.3.0
[INFO] [stderr]    Compiling linux-raw-sys v0.3.8
[INFO] [stdout] warning: 1 warning emitted
[INFO] [stdout] 
[INFO] [stdout] 
[INFO] [stderr]    Compiling gloo-utils v0.1.6
[INFO] [stderr]    Compiling console_error_panic_hook v0.1.7
[INFO] [stderr]    Compiling gloo-timers v0.2.6
[INFO] [stderr]    Compiling humantime v2.1.0
[INFO] [stderr]    Compiling termcolor v1.2.0
[INFO] [stderr]    Compiling minimp3-sys v0.3.2
[INFO] [stderr]    Compiling ogg v0.8.0
[INFO] [stderr]    Compiling gloo-events v0.1.2
[INFO] [stderr]    Compiling slice-deque v0.3.0
[INFO] [stderr]    Compiling hound v3.5.0
[INFO] [stderr]    Compiling gloo-file v0.2.3
[INFO] [stderr]    Compiling lewton v0.10.2
[INFO] [stderr]    Compiling gloo-storage v0.2.2
[INFO] [stderr]    Compiling gloo-console v0.2.3
[INFO] [stderr]    Compiling gloo-render v0.1.1
[INFO] [stderr]    Compiling gloo-dialogs v0.1.1
[INFO] [stderr]    Compiling pin-project-internal v1.1.0
[INFO] [stderr]    Compiling claxon v0.4.3
[INFO] [stderr]    Compiling boolinator v2.4.0
[INFO] [stderr]    Compiling gloo v0.4.2
[INFO] [stderr]    Compiling yew-macro v0.19.3
[INFO] [stderr]    Compiling scoped-tls-hkt v0.1.2
[INFO] [stderr]    Compiling granular_synthesizer_web v0.1.0 (/opt/rustwide/workdir/demos/granular_synthesizer_web)
[INFO] [stderr]    Compiling resonix_test_utils v0.1.0 (/opt/rustwide/workdir/crates/resonix_test_utils)
[INFO] [stderr]    Compiling is-terminal v0.4.7
[INFO] [stderr]    Compiling env_logger v0.10.0
[INFO] [stderr]    Compiling minimp3 v0.5.1
[INFO] [stderr]    Compiling rodio v0.15.0
[INFO] [stderr]    Compiling pretty_env_logger v0.5.0
[INFO] [stderr]    Compiling channels_test_cli v0.1.0 (/opt/rustwide/workdir/demos/channels_test_cli)
[INFO] [stderr]    Compiling wide_audio_graph_cli v0.1.0 (/opt/rustwide/workdir/demos/wide_audio_graph_cli)
[INFO] [stderr]    Compiling leptos v0.3.0
[INFO] [stderr]    Compiling pin-project v1.1.0
[INFO] [stderr]    Compiling gloo-net v0.2.6
[INFO] [stderr]    Compiling concatenative_synthesizer_web v0.1.0 (/opt/rustwide/workdir/demos/concatenative_synthesizer_web)
[INFO] [stderr]    Compiling audio-graph-web v0.1.0 (/opt/rustwide/workdir/demos/audio_graph_web)
[INFO] [stderr]    Compiling channels_test_web v0.1.0 (/opt/rustwide/workdir/demos/channels_test_web)
[INFO] [stderr]    Compiling sine-web v0.1.0 (/opt/rustwide/workdir/demos/sine_web)
[INFO] [stderr]    Compiling granular_synthesizer_cli v0.1.0 (/opt/rustwide/workdir/demos/granular_synthesizer_cli)
[INFO] [stderr]    Compiling audio_graph_cli v0.1.0 (/opt/rustwide/workdir/demos/audio_graph_cli)
[INFO] [stderr]    Compiling yew v0.19.3
[INFO] [stderr]     Finished dev [unoptimized + debuginfo] target(s) in 38.26s
[INFO] running `Command { std: "docker" "inspect" "f224bc2943fb3fa83324d70804344086db629fbefd6a0d500b6b6e031aaff03c", kill_on_drop: false }`
[INFO] running `Command { std: "docker" "rm" "-f" "f224bc2943fb3fa83324d70804344086db629fbefd6a0d500b6b6e031aaff03c", kill_on_drop: false }`
[INFO] [stdout] f224bc2943fb3fa83324d70804344086db629fbefd6a0d500b6b6e031aaff03c
[INFO] running `Command { std: "docker" "create" "-v" "/var/lib/crater-agent-workspace/builds/worker-5-tc1/target:/opt/rustwide/target:rw,Z" "-v" "/var/lib/crater-agent-workspace/builds/worker-5-tc1/source:/opt/rustwide/workdir:ro,Z" "-v" "/var/lib/crater-agent-workspace/cargo-home:/opt/rustwide/cargo-home:ro,Z" "-v" "/var/lib/crater-agent-workspace/rustup-home:/opt/rustwide/rustup-home:ro,Z" "-e" "SOURCE_DIR=/opt/rustwide/workdir" "-e" "CARGO_TARGET_DIR=/opt/rustwide/target" "-e" "CARGO_INCREMENTAL=0" "-e" "RUST_BACKTRACE=full" "-e" "RUSTFLAGS=--cap-lints=warn" "-e" "RUSTDOCFLAGS=--cap-lints=warn" "-e" "CARGO_HOME=/opt/rustwide/cargo-home" "-e" "RUSTUP_HOME=/opt/rustwide/rustup-home" "-w" "/opt/rustwide/workdir" "-m" "1610612736" "--user" "0:0" "--network" "none" "ghcr.io/rust-lang/crates-build-env/linux@sha256:2788e3201cd34a07e3172128adcd8b3090168a8e3bcc40d7c032b9dda1df7d1c" "/opt/rustwide/cargo-home/bin/cargo" "+1.75.0" "test" "--frozen" "--no-run" "--message-format=json", kill_on_drop: false }`
[INFO] [stdout] 3b8104251be76b9b60c04f1fb1a071a9cda915cd5bfde3cc29041201c071c7e7
[INFO] running `Command { std: "docker" "start" "-a" "3b8104251be76b9b60c04f1fb1a071a9cda915cd5bfde3cc29041201c071c7e7", kill_on_drop: false }`
[INFO] [stderr] warning: profiles for the non root package will be ignored, specify profiles at the workspace root:
[INFO] [stderr] package:   /opt/rustwide/workdir/crates/resonix_graph/Cargo.toml
[INFO] [stderr] workspace: /opt/rustwide/workdir/Cargo.toml
[INFO] [stderr] warning: profiles for the non root package will be ignored, specify profiles at the workspace root:
[INFO] [stderr] package:   /opt/rustwide/workdir/demos/granular_synthesizer_web/Cargo.toml
[INFO] [stderr] workspace: /opt/rustwide/workdir/Cargo.toml
[INFO] [stderr] warning: virtual workspace defaulting to `resolver = "1"` despite one or more workspace members being on edition 2021 which implies `resolver = "2"`
[INFO] [stderr] note: to keep the current resolver, specify `workspace.resolver = "1"` in the workspace root's manifest
[INFO] [stderr] note: to use the edition 2021 resolver, specify `workspace.resolver = "2"` in the workspace root's manifest
[INFO] [stderr] note: for more details see https://doc.rust-lang.org/cargo/reference/resolver.html#resolver-versions
[INFO] [stderr] warning: /opt/rustwide/workdir/demos/granular_synthesizer_web/Cargo.toml: Found `debug_assertions` in `target.'cfg(...)'.dependencies`. This value is not supported for selecting dependencies and will not work as expected. To learn more visit https://doc.rust-lang.org/cargo/reference/specifying-dependencies.html#platform-specific-dependencies
[INFO] [stdout] warning: unused import: `decibel::*`
[INFO] [stdout]   --> crates/resonix_core/src/lib.rs:10:9
[INFO] [stdout]    |
[INFO] [stdout] 10 | pub use decibel::*;
[INFO] [stdout]    |         ^^^^^^^^^^
[INFO] [stdout]    |
[INFO] [stdout]    = note: `#[warn(unused_imports)]` on by default
[INFO] [stdout] 
[INFO] [stdout] 
[INFO] [stdout] warning: 1 warning emitted
[INFO] [stdout] 
[INFO] [stdout] 
[INFO] [stdout] warning: field `outgoing_connection_indexes` is never read
[INFO] [stdout]   --> crates/resonix_graph/src/nodes/sine_node.rs:22:5
[INFO] [stdout]    |
[INFO] [stdout] 18 | pub struct SineNode {
[INFO] [stdout]    |            -------- field in this struct
[INFO] [stdout] ...
[INFO] [stdout] 22 |     outgoing_connection_indexes: Vec<EdgeIndex>,
[INFO] [stdout]    |     ^^^^^^^^^^^^^^^^^^^^^^^^^^^
[INFO] [stdout]    |
[INFO] [stdout]    = note: `SineNode` has derived impls for the traits `Clone` and `Debug`, but these are intentionally ignored during dead code analysis
[INFO] [stdout]    = note: `#[warn(dead_code)]` on by default
[INFO] [stdout] 
[INFO] [stdout] 
[INFO] [stdout] warning: 1 warning emitted
[INFO] [stdout] 
[INFO] [stdout] 
[INFO] [stderr]    Compiling cargo-husky v1.5.0
[INFO] [stderr]    Compiling console v0.15.7
[INFO] [stderr]    Compiling similar v2.2.1
[INFO] [stderr]    Compiling granular_synthesizer_cli v0.1.0 (/opt/rustwide/workdir/demos/granular_synthesizer_cli)
[INFO] [stderr]    Compiling channels_test_web v0.1.0 (/opt/rustwide/workdir/demos/channels_test_web)
[INFO] [stderr]    Compiling audio-graph-web v0.1.0 (/opt/rustwide/workdir/demos/audio_graph_web)
[INFO] [stderr]    Compiling concatenative_synthesizer_web v0.1.0 (/opt/rustwide/workdir/demos/concatenative_synthesizer_web)
[INFO] [stderr]    Compiling channels_test_cli v0.1.0 (/opt/rustwide/workdir/demos/channels_test_cli)
[INFO] [stderr]    Compiling wide_audio_graph_cli v0.1.0 (/opt/rustwide/workdir/demos/wide_audio_graph_cli)
[INFO] [stderr]    Compiling audio_graph_cli v0.1.0 (/opt/rustwide/workdir/demos/audio_graph_cli)
[INFO] [stderr]    Compiling resonix_core v0.1.0 (/opt/rustwide/workdir/crates/resonix_core)
[INFO] [stderr]    Compiling sine-web v0.1.0 (/opt/rustwide/workdir/demos/sine_web)
[INFO] [stderr]    Compiling insta v1.30.0
[INFO] [stdout] warning: unused import: `decibel::*`
[INFO] [stdout]   --> crates/resonix_core/src/lib.rs:10:9
[INFO] [stdout]    |
[INFO] [stdout] 10 | pub use decibel::*;
[INFO] [stdout]    |         ^^^^^^^^^^
[INFO] [stdout]    |
[INFO] [stdout]    = note: `#[warn(unused_imports)]` on by default
[INFO] [stdout] 
[INFO] [stdout] 
[INFO] [stderr]    Compiling granular_synthesizer_web v0.1.0 (/opt/rustwide/workdir/demos/granular_synthesizer_web)
[INFO] [stderr]    Compiling resonix v0.1.0 (/opt/rustwide/workdir/crates/resonix)
[INFO] [stderr]    Compiling resonix_dac v0.1.0 (/opt/rustwide/workdir/crates/resonix_dac)
[INFO] [stderr]    Compiling resonix_test_utils v0.1.0 (/opt/rustwide/workdir/crates/resonix_test_utils)
[INFO] [stdout] warning: 1 warning emitted
[INFO] [stdout] 
[INFO] [stdout] 
[INFO] [stderr]    Compiling resonix_graph v0.1.0 (/opt/rustwide/workdir/crates/resonix_graph)
[INFO] [stdout] warning: associated function `new_with_uid` is never used
[INFO] [stdout]   --> crates/resonix_graph/src/nodes/multiply_node.rs:32:19
[INFO] [stdout]    |
[INFO] [stdout] 23 | impl MultiplyNode {
[INFO] [stdout]    | ----------------- associated function in this implementation
[INFO] [stdout] ...
[INFO] [stdout] 32 |     pub(crate) fn new_with_uid(uid: NodeUid) -> Self {
[INFO] [stdout]    |                   ^^^^^^^^^^^^
[INFO] [stdout]    |
[INFO] [stdout]    = note: `#[warn(dead_code)]` on by default
[INFO] [stdout] 
[INFO] [stdout] 
[INFO] [stdout] warning: field `outgoing_connection_indexes` is never read
[INFO] [stdout]   --> crates/resonix_graph/src/nodes/sine_node.rs:22:5
[INFO] [stdout]    |
[INFO] [stdout] 18 | pub struct SineNode {
[INFO] [stdout]    |            -------- field in this struct
[INFO] [stdout] ...
[INFO] [stdout] 22 |     outgoing_connection_indexes: Vec<EdgeIndex>,
[INFO] [stdout]    |     ^^^^^^^^^^^^^^^^^^^^^^^^^^^
[INFO] [stdout]    |
[INFO] [stdout]    = note: `SineNode` has derived impls for the traits `Clone` and `Debug`, but these are intentionally ignored during dead code analysis
[INFO] [stdout] 
[INFO] [stdout] 
[INFO] [stdout] warning: 2 warnings emitted
[INFO] [stdout] 
[INFO] [stdout] 
[INFO] [stderr]     Finished test [unoptimized + debuginfo] target(s) in 3.31s
[INFO] running `Command { std: "docker" "inspect" "3b8104251be76b9b60c04f1fb1a071a9cda915cd5bfde3cc29041201c071c7e7", kill_on_drop: false }`
[INFO] running `Command { std: "docker" "rm" "-f" "3b8104251be76b9b60c04f1fb1a071a9cda915cd5bfde3cc29041201c071c7e7", kill_on_drop: false }`
[INFO] [stdout] 3b8104251be76b9b60c04f1fb1a071a9cda915cd5bfde3cc29041201c071c7e7
[INFO] running `Command { std: "docker" "create" "-v" "/var/lib/crater-agent-workspace/builds/worker-5-tc1/target:/opt/rustwide/target:rw,Z" "-v" "/var/lib/crater-agent-workspace/builds/worker-5-tc1/source:/opt/rustwide/workdir:ro,Z" "-v" "/var/lib/crater-agent-workspace/cargo-home:/opt/rustwide/cargo-home:ro,Z" "-v" "/var/lib/crater-agent-workspace/rustup-home:/opt/rustwide/rustup-home:ro,Z" "-e" "SOURCE_DIR=/opt/rustwide/workdir" "-e" "CARGO_TARGET_DIR=/opt/rustwide/target" "-e" "CARGO_INCREMENTAL=0" "-e" "RUST_BACKTRACE=full" "-e" "RUSTFLAGS=--cap-lints=warn" "-e" "RUSTDOCFLAGS=--cap-lints=warn" "-e" "CARGO_HOME=/opt/rustwide/cargo-home" "-e" "RUSTUP_HOME=/opt/rustwide/rustup-home" "-w" "/opt/rustwide/workdir" "-m" "1610612736" "--user" "0:0" "--network" "none" "ghcr.io/rust-lang/crates-build-env/linux@sha256:2788e3201cd34a07e3172128adcd8b3090168a8e3bcc40d7c032b9dda1df7d1c" "/opt/rustwide/cargo-home/bin/cargo" "+1.75.0" "test" "--frozen", kill_on_drop: false }`
[INFO] [stdout] dbb7a4d7ab6a80131bc8054ef89cacf0fd9805d9cf0bbe1d991ed57b724a3b9f
[INFO] running `Command { std: "docker" "start" "-a" "dbb7a4d7ab6a80131bc8054ef89cacf0fd9805d9cf0bbe1d991ed57b724a3b9f", kill_on_drop: false }`
[INFO] [stderr] warning: profiles for the non root package will be ignored, specify profiles at the workspace root:
[INFO] [stderr] package:   /opt/rustwide/workdir/crates/resonix_graph/Cargo.toml
[INFO] [stderr] workspace: /opt/rustwide/workdir/Cargo.toml
[INFO] [stderr] warning: profiles for the non root package will be ignored, specify profiles at the workspace root:
[INFO] [stderr] package:   /opt/rustwide/workdir/demos/granular_synthesizer_web/Cargo.toml
[INFO] [stderr] workspace: /opt/rustwide/workdir/Cargo.toml
[INFO] [stderr] warning: virtual workspace defaulting to `resolver = "1"` despite one or more workspace members being on edition 2021 which implies `resolver = "2"`
[INFO] [stderr] note: to keep the current resolver, specify `workspace.resolver = "1"` in the workspace root's manifest
[INFO] [stderr] note: to use the edition 2021 resolver, specify `workspace.resolver = "2"` in the workspace root's manifest
[INFO] [stderr] note: for more details see https://doc.rust-lang.org/cargo/reference/resolver.html#resolver-versions
[INFO] [stderr] warning: /opt/rustwide/workdir/demos/granular_synthesizer_web/Cargo.toml: Found `debug_assertions` in `target.'cfg(...)'.dependencies`. This value is not supported for selecting dependencies and will not work as expected. To learn more visit https://doc.rust-lang.org/cargo/reference/specifying-dependencies.html#platform-specific-dependencies
[INFO] [stderr] warning: unused import: `decibel::*`
[INFO] [stderr]   --> crates/resonix_core/src/lib.rs:10:9
[INFO] [stderr]    |
[INFO] [stderr] 10 | pub use decibel::*;
[INFO] [stderr]    |         ^^^^^^^^^^
[INFO] [stderr]    |
[INFO] [stderr]    = note: `#[warn(unused_imports)]` on by default
[INFO] [stderr] 
[INFO] [stderr] warning: `resonix_core` (lib) generated 1 warning (run `cargo fix --lib -p resonix_core` to apply 1 suggestion)
[INFO] [stderr] warning: field `outgoing_connection_indexes` is never read
[INFO] [stderr]   --> crates/resonix_graph/src/nodes/sine_node.rs:22:5
[INFO] [stderr]    |
[INFO] [stderr] 18 | pub struct SineNode {
[INFO] [stderr]    |            -------- field in this struct
[INFO] [stderr] ...
[INFO] [stderr] 22 |     outgoing_connection_indexes: Vec<EdgeIndex>,
[INFO] [stderr]    |     ^^^^^^^^^^^^^^^^^^^^^^^^^^^
[INFO] [stderr]    |
[INFO] [stderr]    = note: `SineNode` has derived impls for the traits `Clone` and `Debug`, but these are intentionally ignored during dead code analysis
[INFO] [stderr]    = note: `#[warn(dead_code)]` on by default
[INFO] [stderr] 
[INFO] [stderr] warning: `resonix_graph` (lib) generated 1 warning
[INFO] [stderr] warning: associated function `new_with_uid` is never used
[INFO] [stderr]   --> crates/resonix_graph/src/nodes/multiply_node.rs:32:19
[INFO] [stderr]    |
[INFO] [stderr] 23 | impl MultiplyNode {
[INFO] [stderr]    | ----------------- associated function in this implementation
[INFO] [stderr] ...
[INFO] [stderr] 32 |     pub(crate) fn new_with_uid(uid: NodeUid) -> Self {
[INFO] [stderr]    |                   ^^^^^^^^^^^^
[INFO] [stderr]    |
[INFO] [stderr]    = note: `#[warn(dead_code)]` on by default
[INFO] [stderr] 
[INFO] [stderr] warning: field `outgoing_connection_indexes` is never read
[INFO] [stderr]   --> crates/resonix_graph/src/nodes/sine_node.rs:22:5
[INFO] [stderr]    |
[INFO] [stderr] 18 | pub struct SineNode {
[INFO] [stderr]    |            -------- field in this struct
[INFO] [stderr] ...
[INFO] [stderr] 22 |     outgoing_connection_indexes: Vec<EdgeIndex>,
[INFO] [stderr]    |     ^^^^^^^^^^^^^^^^^^^^^^^^^^^
[INFO] [stderr]    |
[INFO] [stderr]    = note: `SineNode` has derived impls for the traits `Clone` and `Debug`, but these are intentionally ignored during dead code analysis
[INFO] [stderr] 
[INFO] [stderr] warning: `resonix_core` (lib test) generated 1 warning (1 duplicate)
[INFO] [stderr] warning: `resonix_graph` (lib test) generated 2 warnings
[INFO] [stderr]     Finished test [unoptimized + debuginfo] target(s) in 0.14s
[INFO] [stderr]      Running unittests src/lib.rs (/opt/rustwide/target/debug/deps/audio_graph_web-93b307b52d207e0a)
[INFO] [stdout] 
[INFO] [stdout] running 0 tests
[INFO] [stdout] 
[INFO] [stdout] test result: ok. 0 passed; 0 failed; 0 ignored; 0 measured; 0 filtered out; finished in 0.00s
[INFO] [stdout] 
[INFO] [stderr]      Running unittests src/main.rs (/opt/rustwide/target/debug/deps/audio_graph_web-24aff11ce5a90f56)
[INFO] [stdout] 
[INFO] [stdout] running 0 tests
[INFO] [stdout] 
[INFO] [stdout] test result: ok. 0 passed; 0 failed; 0 ignored; 0 measured; 0 filtered out; finished in 0.00s
[INFO] [stdout] 
[INFO] [stderr]      Running unittests src/main.rs (/opt/rustwide/target/debug/deps/audio_graph_cli-ceb31f271344b6b4)
[INFO] [stdout] 
[INFO] [stdout] running 0 tests
[INFO] [stdout] 
[INFO] [stdout] test result: ok. 0 passed; 0 failed; 0 ignored; 0 measured; 0 filtered out; finished in 0.00s
[INFO] [stdout] 
[INFO] [stderr]      Running unittests src/main.rs (/opt/rustwide/target/debug/deps/channels_test_cli-ebef5bad933da29d)
[INFO] [stdout] 
[INFO] [stdout] running 0 tests
[INFO] [stdout] 
[INFO] [stdout] test result: ok. 0 passed; 0 failed; 0 ignored; 0 measured; 0 filtered out; finished in 0.00s
[INFO] [stdout] 
[INFO] [stderr]      Running unittests src/lib.rs (/opt/rustwide/target/debug/deps/channels_test_web-3da5ef4dcf00c97e)
[INFO] [stdout] 
[INFO] [stdout] running 0 tests
[INFO] [stdout] 
[INFO] [stdout] test result: ok. 0 passed; 0 failed; 0 ignored; 0 measured; 0 filtered out; finished in 0.00s
[INFO] [stdout] 
[INFO] [stderr]      Running unittests src/main.rs (/opt/rustwide/target/debug/deps/channels_test_web-342c767a38940cc8)
[INFO] [stdout] 
[INFO] [stdout] running 0 tests
[INFO] [stdout] 
[INFO] [stdout] test result: ok. 0 passed; 0 failed; 0 ignored; 0 measured; 0 filtered out; finished in 0.00s
[INFO] [stdout] 
[INFO] [stderr]      Running unittests src/lib.rs (/opt/rustwide/target/debug/deps/concatenative_synthesizer_web-b9287c490ecbe56b)
[INFO] [stdout] 
[INFO] [stdout] running 0 tests
[INFO] [stdout] 
[INFO] [stdout] test result: ok. 0 passed; 0 failed; 0 ignored; 0 measured; 0 filtered out; finished in 0.00s
[INFO] [stdout] 
[INFO] [stderr]      Running unittests src/main.rs (/opt/rustwide/target/debug/deps/concatenative_synthesizer_web-b62850c9e6958234)
[INFO] [stdout] 
[INFO] [stdout] running 0 tests
[INFO] [stdout] 
[INFO] [stdout] test result: ok. 0 passed; 0 failed; 0 ignored; 0 measured; 0 filtered out; finished in 0.00s
[INFO] [stdout] 
[INFO] [stderr]      Running unittests src/lib.rs (/opt/rustwide/target/debug/deps/granular_synthesizer_cli-137e70832a7d92a8)
[INFO] [stdout] 
[INFO] [stdout] running 0 tests
[INFO] [stdout] 
[INFO] [stdout] test result: ok. 0 passed; 0 failed; 0 ignored; 0 measured; 0 filtered out; finished in 0.00s
[INFO] [stdout] 
[INFO] [stderr]      Running unittests src/main.rs (/opt/rustwide/target/debug/deps/granular_synthesizer_cli-08a5918e6be7e5b3)
[INFO] [stdout] 
[INFO] [stdout] running 0 tests
[INFO] [stdout] 
[INFO] [stdout] test result: ok. 0 passed; 0 failed; 0 ignored; 0 measured; 0 filtered out; finished in 0.00s
[INFO] [stdout] 
[INFO] [stderr]      Running unittests src/lib.rs (/opt/rustwide/target/debug/deps/granular_synthesizer_web-0f459bfc44d690e3)
[INFO] [stdout] 
[INFO] [stdout] running 0 tests
[INFO] [stdout] 
[INFO] [stdout] test result: ok. 0 passed; 0 failed; 0 ignored; 0 measured; 0 filtered out; finished in 0.00s
[INFO] [stdout] 
[INFO] [stderr]      Running unittests src/lib.rs (/opt/rustwide/target/debug/deps/resonix-b259ae42c60d059f)
[INFO] [stdout] 
[INFO] [stdout] running 0 tests
[INFO] [stdout] 
[INFO] [stdout] test result: ok. 0 passed; 0 failed; 0 ignored; 0 measured; 0 filtered out; finished in 0.00s
[INFO] [stdout] 
[INFO] [stderr]      Running tests/audio_graph.rs (/opt/rustwide/target/debug/deps/audio_graph-1d141be60fd13214)
[INFO] [stdout] 
[INFO] [stdout] running 0 tests
[INFO] [stdout] 
[INFO] [stdout] test result: ok. 0 passed; 0 failed; 0 ignored; 0 measured; 0 filtered out; finished in 0.00s
[INFO] [stdout] 
[INFO] [stderr]      Running unittests src/lib.rs (/opt/rustwide/target/debug/deps/resonix_core-72f55e3ebe3758a1)
[INFO] [stdout] 
[INFO] [stdout] running 33 tests
[INFO] [stdout] test amplitude::test_mean_square_root_amplitude::it_should_ignore_nans ... ok
[INFO] [stdout] test amplitude::test_mean_square_root_amplitude::it_should_return_0_if_all_samples_are_0 ... ok
[INFO] [stdout] test amplitude::test_mean_square_root_amplitude::it_should_return_correct_result_for_identical_samples ... ok
[INFO] [stdout] test amplitude::test_mean_square_root_amplitude::it_should_return_none_if_buffer_is_empty ... ok
[INFO] [stdout] test amplitude::test_peak_amplitude::it_should_ignore_nans ... ok
[INFO] [stdout] test amplitude::test_peak_amplitude::it_should_return_0_if_all_samples_are_0 ... ok
[INFO] [stdout] test amplitude::test_peak_amplitude::it_should_return_max_amplitude ... ok
[INFO] [stdout] test amplitude::test_peak_amplitude::it_should_return_none_if_buffer_is_empty ... ok
[INFO] [stdout] test granular_synthesizer::granular_synthesizer_struct::test_granular_synthesizer::grain_initialization_delay::it_should_allow_medium_sized_delays ... ok
[INFO] [stdout] test granular_synthesizer::granular_synthesizer_struct::test_granular_synthesizer::num_channels::it_should_have_default_num_channels ... ok
[INFO] [stdout] test granular_synthesizer::granular_synthesizer_struct::test_granular_synthesizer::num_channels::it_should_dynamically_update_grains_when_new_num_channels_set ... ok
[INFO] [stdout] test granular_synthesizer::granular_synthesizer_struct::test_granular_synthesizer::num_channels::it_should_be_able_to_set_new_num_channels ... ok
[INFO] [stdout] test granular_synthesizer::granular_synthesizer_struct::test_granular_synthesizer::playback::it_should_return_sequential_frames_of_audio_data ... ok
[INFO] [stdout] test granular_synthesizer::granular_synthesizer_struct::test_granular_synthesizer::playback::new_grains_should_come_from_center_of_channels ... ok
[INFO] [stdout] test granular_synthesizer::granular_synthesizer_struct::test_granular_synthesizer::num_channels::it_should_allow_setting_new_num_channels_to_large_amount ... ok
[INFO] [stdout] test amplitude::test_mean_square_root_amplitude::it_should_return_correct_result_for_different_samples ... ok
[INFO] [stdout] test sine::sine_struct::test_sine::it_should_produce_sine_values_at_given_frequency ... ok
[INFO] [stdout] test sine::sine_struct::test_sine::it_should_work_when_sample_rate_is_0 ... ok
[INFO] [stdout] test units::decibel::test_decibel::it_should_return_100_for_amplitude_1 ... ok
[INFO] [stdout] test units::decibel::test_decibel::it_should_return_neg_inf_for_amplitude_0 ... ok
[INFO] [stdout] test utils::lazy_cached::test_cached::new_cached::should_accept_initial_value ... ok
[INFO] [stdout] test utils::lazy_cached::test_cached::new_cached::should_not_rerun_function_while_cache_is_valid ... ok
[INFO] [stdout] test utils::lazy_cached::test_cached::new_cached::should_rerun_fn_after_cached_invalidated ... ok
[INFO] [stdout] test utils::lazy_cached::test_cached::new_uncached::should_not_rerun_function_while_cache_is_valid ... ok
[INFO] [stdout] test utils::lazy_cached::test_cached::new_uncached::should_rerun_fn_after_cached_invalidated ... ok
[INFO] [stdout] test utils::lazy_cached::test_cached::new_uncached::should_run_callback_on_first_get ... ok
[INFO] [stdout] test granular_synthesizer::granular_synthesizer_struct::test_granular_synthesizer::set_buffer::it_should_allow_setting_a_smaller_buffer_after_a_big_one ... ok
[INFO] [stdout] test granular_synthesizer::granular_synthesizer_struct::test_granular_synthesizer::set_selection::should_allow_going_from_high_to_low_num_channels ... ok
[INFO] [stdout] test granular_synthesizer::granular_synthesizer_struct::test_granular_synthesizer::set_selection::it_should_allow_setting_many_new_selection_while_producing_grains ... ok
[INFO] [stdout] test granular_synthesizer::granular_synthesizer_struct::test_granular_synthesizer::set_selection::it_should_allow_setting_zero_length_selection ... ok
[INFO] [stdout] test granular_synthesizer::granular_synthesizer_struct::test_granular_synthesizer::set_selection::it_should_allow_setting_new_selection ... ok
[INFO] [stdout] test granular_synthesizer::granular_synthesizer_struct::test_granular_synthesizer::set_selection::it_should_allow_setting_many_new_selection_with_many_channels ... ok
[INFO] [stdout] test granular_synthesizer::granular_synthesizer_struct::test_granular_synthesizer::num_channels::it_should_allow_large_numbers_of_channels ... ok
[INFO] [stdout] 
[INFO] [stdout] test result: ok. 33 passed; 0 failed; 0 ignored; 0 measured; 0 filtered out; finished in 9.82s
[INFO] [stdout] 
[INFO] [stderr]      Running unittests src/lib.rs (/opt/rustwide/target/debug/deps/resonix_dac-22546c016df71985)
[INFO] [stdout] 
[INFO] [stdout] running 1 test
[INFO] [stderr] ALSA lib confmisc.c:855:(parse_card) cannot find card '0'
[INFO] [stderr] ALSA lib conf.c:5178:(_snd_config_evaluate) function snd_func_card_inum returned error: No such file or directory
[INFO] [stderr] ALSA lib confmisc.c:422:(snd_func_concat) error evaluating strings
[INFO] [stderr] ALSA lib conf.c:5178:(_snd_config_evaluate) function snd_func_concat returned error: No such file or directory
[INFO] [stderr] ALSA lib confmisc.c:1334:(snd_func_refer) error evaluating name
[INFO] [stderr] ALSA lib conf.c:5178:(_snd_config_evaluate) function snd_func_refer returned error: No such file or directory
[INFO] [stderr] ALSA lib conf.c:5701:(snd_config_expand) Evaluate error: No such file or directory
[INFO] [stderr] ALSA lib pcm.c:2664:(snd_pcm_open_noupdate) Unknown PCM default
[INFO] [stdout] test dac_struct::dac_tests_on_hardware::calls_get_frame_closure ... FAILED
[INFO] [stdout] 
[INFO] [stdout] failures:
[INFO] [stdout] 
[INFO] [stdout] ---- dac_struct::dac_tests_on_hardware::calls_get_frame_closure stdout ----
[INFO] [stdout] thread 'dac_struct::dac_tests_on_hardware::calls_get_frame_closure' panicked at crates/resonix_dac/src/dac_struct.rs:271:9:
[INFO] [stdout] assertion failed: player.is_ok()
[INFO] [stdout] stack backtrace:
[INFO] [stdout]    0:     0x562d65a1c50c - std::backtrace_rs::backtrace::libunwind::trace::ha637c64ce894333a
[INFO] [stdout]                                at /rustc/82e1608dfa6e0b5569232559e3d385fea5a93112/library/std/src/../../backtrace/src/backtrace/libunwind.rs:104:5
[INFO] [stdout]    1:     0x562d65a1c50c - std::backtrace_rs::backtrace::trace_unsynchronized::h47f62dea28e0c88d
[INFO] [stdout]                                at /rustc/82e1608dfa6e0b5569232559e3d385fea5a93112/library/std/src/../../backtrace/src/backtrace/mod.rs:66:5
[INFO] [stdout]    2:     0x562d65a1c50c - std::sys_common::backtrace::_print_fmt::h9eef0abe20ede486
[INFO] [stdout]                                at /rustc/82e1608dfa6e0b5569232559e3d385fea5a93112/library/std/src/sys_common/backtrace.rs:67:5
[INFO] [stdout]    3:     0x562d65a1c50c - <std::sys_common::backtrace::_print::DisplayBacktrace as core::fmt::Display>::fmt::hed7f999df88cc644
[INFO] [stdout]                                at /rustc/82e1608dfa6e0b5569232559e3d385fea5a93112/library/std/src/sys_common/backtrace.rs:44:22
[INFO] [stdout]    4:     0x562d65a46300 - core::fmt::rt::Argument::fmt::h1539a9308b8d058d
[INFO] [stdout]                                at /rustc/82e1608dfa6e0b5569232559e3d385fea5a93112/library/core/src/fmt/rt.rs:142:9
[INFO] [stdout]    5:     0x562d65a46300 - core::fmt::write::h3a39390d8560d9c9
[INFO] [stdout]                                at /rustc/82e1608dfa6e0b5569232559e3d385fea5a93112/library/core/src/fmt/mod.rs:1120:17
[INFO] [stdout]    6:     0x562d65a19bcf - std::io::Write::write_fmt::h040b369f3a0f9cbc
[INFO] [stdout]                                at /rustc/82e1608dfa6e0b5569232559e3d385fea5a93112/library/std/src/io/mod.rs:1762:15
[INFO] [stdout]    7:     0x562d65a1c2f4 - std::sys_common::backtrace::_print::h894006fb5c6f3d45
[INFO] [stdout]                                at /rustc/82e1608dfa6e0b5569232559e3d385fea5a93112/library/std/src/sys_common/backtrace.rs:47:5
[INFO] [stdout]    8:     0x562d65a1c2f4 - std::sys_common::backtrace::print::h23a2d212c6fff936
[INFO] [stdout]                                at /rustc/82e1608dfa6e0b5569232559e3d385fea5a93112/library/std/src/sys_common/backtrace.rs:34:9
[INFO] [stdout]    9:     0x562d65a1dfb7 - std::panicking::default_hook::{{closure}}::h8a1d2ee00185001a
[INFO] [stdout]   10:     0x562d65a1dca3 - std::panicking::default_hook::h6038f2eba384e475
[INFO] [stdout]                                at /rustc/82e1608dfa6e0b5569232559e3d385fea5a93112/library/std/src/panicking.rs:289:9
[INFO] [stdout]   11:     0x562d659028c7 - <alloc::boxed::Box<F,A> as core::ops::function::Fn<Args>>::call::h0ad024c9bdc6d768
[INFO] [stdout]                                at /rustc/82e1608dfa6e0b5569232559e3d385fea5a93112/library/alloc/src/boxed.rs:2021:9
[INFO] [stdout]   12:     0x562d659028c7 - test::test_main::{{closure}}::h7500b54257359db6
[INFO] [stdout]                                at /rustc/82e1608dfa6e0b5569232559e3d385fea5a93112/library/test/src/lib.rs:138:21
[INFO] [stdout]   13:     0x562d65a1e5c8 - <alloc::boxed::Box<F,A> as core::ops::function::Fn<Args>>::call::h1f8f335eaa9cfaee
[INFO] [stdout]                                at /rustc/82e1608dfa6e0b5569232559e3d385fea5a93112/library/alloc/src/boxed.rs:2021:9
[INFO] [stdout]   14:     0x562d65a1e5c8 - std::panicking::rust_panic_with_hook::h2b5517d590cab22e
[INFO] [stdout]                                at /rustc/82e1608dfa6e0b5569232559e3d385fea5a93112/library/std/src/panicking.rs:783:13
[INFO] [stdout]   15:     0x562d65a1e2e9 - std::panicking::begin_panic_handler::{{closure}}::h233112c06e0ef43e
[INFO] [stdout]                                at /rustc/82e1608dfa6e0b5569232559e3d385fea5a93112/library/std/src/panicking.rs:649:13
[INFO] [stdout]   16:     0x562d65a1c9d6 - std::sys_common::backtrace::__rust_end_short_backtrace::h6e893f24d7ebbff8
[INFO] [stdout]                                at /rustc/82e1608dfa6e0b5569232559e3d385fea5a93112/library/std/src/sys_common/backtrace.rs:170:18
[INFO] [stdout]   17:     0x562d65a1e082 - rust_begin_unwind
[INFO] [stdout]                                at /rustc/82e1608dfa6e0b5569232559e3d385fea5a93112/library/std/src/panicking.rs:645:5
[INFO] [stdout]   18:     0x562d658c3dd5 - core::panicking::panic_fmt::hbf0e066aabfa482c
[INFO] [stdout]                                at /rustc/82e1608dfa6e0b5569232559e3d385fea5a93112/library/core/src/panicking.rs:72:14
[INFO] [stdout]   19:     0x562d658c3e73 - core::panicking::panic::h195fc2a96298d4c3
[INFO] [stdout]                                at /rustc/82e1608dfa6e0b5569232559e3d385fea5a93112/library/core/src/panicking.rs:127:5
[INFO] [stdout]   20:     0x562d658ce9cd - resonix_dac::dac_struct::dac_tests_on_hardware::calls_get_frame_closure::{{closure}}::h7d5b82216f5267c7
[INFO] [stdout]                                at /opt/rustwide/workdir/crates/resonix_dac/src/dac_struct.rs:271:9
[INFO] [stdout]   21:     0x562d658cd588 - <core::pin::Pin<P> as core::future::future::Future>::poll::h6bad131366ba7860
[INFO] [stdout]                                at /rustc/82e1608dfa6e0b5569232559e3d385fea5a93112/library/core/src/future/future.rs:125:9
[INFO] [stdout]   22:     0x562d658cd5db - <core::pin::Pin<P> as core::future::future::Future>::poll::h6fe594fd86a05348
[INFO] [stdout]                                at /rustc/82e1608dfa6e0b5569232559e3d385fea5a93112/library/core/src/future/future.rs:125:9
[INFO] [stdout]   23:     0x562d658ccb74 - tokio::runtime::scheduler::current_thread::CoreGuard::block_on::{{closure}}::{{closure}}::{{closure}}::h80ad27d4eca500b2
[INFO] [stdout]                                at /opt/rustwide/cargo-home/registry/src/index.crates.io-6f17d22bba15001f/tokio-1.28.2/src/runtime/scheduler/current_thread.rs:541:57
[INFO] [stdout]   24:     0x562d658cca8a - tokio::runtime::coop::with_budget::hf678bfc9ccec7342
[INFO] [stdout]                                at /opt/rustwide/cargo-home/registry/src/index.crates.io-6f17d22bba15001f/tokio-1.28.2/src/runtime/coop.rs:107:5
[INFO] [stdout]   25:     0x562d658cca8a - tokio::runtime::coop::budget::h0fe5ab684364544b
[INFO] [stdout]                                at /opt/rustwide/cargo-home/registry/src/index.crates.io-6f17d22bba15001f/tokio-1.28.2/src/runtime/coop.rs:73:5
[INFO] [stdout]   26:     0x562d658cca8a - tokio::runtime::scheduler::current_thread::CoreGuard::block_on::{{closure}}::{{closure}}::hd6b003818c604eb8
[INFO] [stdout]                                at /opt/rustwide/cargo-home/registry/src/index.crates.io-6f17d22bba15001f/tokio-1.28.2/src/runtime/scheduler/current_thread.rs:541:25
[INFO] [stdout]   27:     0x562d658cb56c - tokio::runtime::scheduler::current_thread::Context::enter::h54314c978a72b8c5
[INFO] [stdout]                                at /opt/rustwide/cargo-home/registry/src/index.crates.io-6f17d22bba15001f/tokio-1.28.2/src/runtime/scheduler/current_thread.rs:350:19
[INFO] [stdout]   28:     0x562d658cc05a - tokio::runtime::scheduler::current_thread::CoreGuard::block_on::{{closure}}::h1e56b45f36e6142b
[INFO] [stdout]                                at /opt/rustwide/cargo-home/registry/src/index.crates.io-6f17d22bba15001f/tokio-1.28.2/src/runtime/scheduler/current_thread.rs:540:36
[INFO] [stdout]   29:     0x562d658cbd6b - tokio::runtime::scheduler::current_thread::CoreGuard::enter::{{closure}}::h36e7e08a00ac693f
[INFO] [stdout]                                at /opt/rustwide/cargo-home/registry/src/index.crates.io-6f17d22bba15001f/tokio-1.28.2/src/runtime/scheduler/current_thread.rs:615:57
[INFO] [stdout]   30:     0x562d658c9618 - tokio::macros::scoped_tls::ScopedKey<T>::set::h2ceeecf48ab421af
[INFO] [stdout]                                at /opt/rustwide/cargo-home/registry/src/index.crates.io-6f17d22bba15001f/tokio-1.28.2/src/macros/scoped_tls.rs:61:9
[INFO] [stdout]   31:     0x562d658cbaff - tokio::runtime::scheduler::current_thread::CoreGuard::enter::h2db1ff500ee1f81d
[INFO] [stdout]                                at /opt/rustwide/cargo-home/registry/src/index.crates.io-6f17d22bba15001f/tokio-1.28.2/src/runtime/scheduler/current_thread.rs:615:27
[INFO] [stdout]   32:     0x562d658cbd9d - tokio::runtime::scheduler::current_thread::CoreGuard::block_on::h07e10d52041c6efc
[INFO] [stdout]                                at /opt/rustwide/cargo-home/registry/src/index.crates.io-6f17d22bba15001f/tokio-1.28.2/src/runtime/scheduler/current_thread.rs:530:19
[INFO] [stdout]   33:     0x562d658cad1d - tokio::runtime::scheduler::current_thread::CurrentThread::block_on::h8757664b6a19f5a8
[INFO] [stdout]                                at /opt/rustwide/cargo-home/registry/src/index.crates.io-6f17d22bba15001f/tokio-1.28.2/src/runtime/scheduler/current_thread.rs:154:24
[INFO] [stdout]   34:     0x562d658caa0d - tokio::runtime::runtime::Runtime::block_on::hfae9c4f72174d4dc
[INFO] [stdout]                                at /opt/rustwide/cargo-home/registry/src/index.crates.io-6f17d22bba15001f/tokio-1.28.2/src/runtime/runtime.rs:302:47
[INFO] [stdout]   35:     0x562d658ce758 - resonix_dac::dac_struct::dac_tests_on_hardware::calls_get_frame_closure::h2c8c8c9d1235f631
[INFO] [stdout]                                at /opt/rustwide/workdir/crates/resonix_dac/src/dac_struct.rs:274:9
[INFO] [stdout]   36:     0x562d658ce5e7 - resonix_dac::dac_struct::dac_tests_on_hardware::calls_get_frame_closure::{{closure}}::he8c7612bc27f7dde
[INFO] [stdout]                                at /opt/rustwide/workdir/crates/resonix_dac/src/dac_struct.rs:261:39
[INFO] [stdout]   37:     0x562d658c6f16 - core::ops::function::FnOnce::call_once::hd003974c8a941389
[INFO] [stdout]                                at /rustc/82e1608dfa6e0b5569232559e3d385fea5a93112/library/core/src/ops/function.rs:250:5
[INFO] [stdout]   38:     0x562d65907f1f - core::ops::function::FnOnce::call_once::h2b5d431d5046312d
[INFO] [stdout]                                at /rustc/82e1608dfa6e0b5569232559e3d385fea5a93112/library/core/src/ops/function.rs:250:5
[INFO] [stdout]   39:     0x562d65907f1f - test::__rust_begin_short_backtrace::h7714669af176e207
[INFO] [stdout]                                at /rustc/82e1608dfa6e0b5569232559e3d385fea5a93112/library/test/src/lib.rs:628:18
[INFO] [stdout]   40:     0x562d65906f35 - test::run_test_in_process::{{closure}}::h85218797dcbcec12
[INFO] [stdout]                                at /rustc/82e1608dfa6e0b5569232559e3d385fea5a93112/library/test/src/lib.rs:651:60
[INFO] [stdout]   41:     0x562d65906f35 - <core::panic::unwind_safe::AssertUnwindSafe<F> as core::ops::function::FnOnce<()>>::call_once::h76c106ea31c14d7b
[INFO] [stdout]                                at /rustc/82e1608dfa6e0b5569232559e3d385fea5a93112/library/core/src/panic/unwind_safe.rs:272:9
[INFO] [stdout]   42:     0x562d65906f35 - std::panicking::try::do_call::h3bd5d0f6620ee946
[INFO] [stdout]                                at /rustc/82e1608dfa6e0b5569232559e3d385fea5a93112/library/std/src/panicking.rs:552:40
[INFO] [stdout]   43:     0x562d65906f35 - std::panicking::try::h232e535e4744fe31
[INFO] [stdout]                                at /rustc/82e1608dfa6e0b5569232559e3d385fea5a93112/library/std/src/panicking.rs:516:19
[INFO] [stdout]   44:     0x562d65906f35 - std::panic::catch_unwind::h3ce3bd6ca8dbac68
[INFO] [stdout]                                at /rustc/82e1608dfa6e0b5569232559e3d385fea5a93112/library/std/src/panic.rs:142:14
[INFO] [stdout]   45:     0x562d65906f35 - test::run_test_in_process::hc97b257c9621286a
[INFO] [stdout]                                at /rustc/82e1608dfa6e0b5569232559e3d385fea5a93112/library/test/src/lib.rs:651:27
[INFO] [stdout]   46:     0x562d65906f35 - test::run_test::{{closure}}::h2aa798823a438d38
[INFO] [stdout]                                at /rustc/82e1608dfa6e0b5569232559e3d385fea5a93112/library/test/src/lib.rs:574:43
[INFO] [stdout]   47:     0x562d658cf1f6 - test::run_test::{{closure}}::h87d231c78fb59832
[INFO] [stdout]                                at /rustc/82e1608dfa6e0b5569232559e3d385fea5a93112/library/test/src/lib.rs:602:41
[INFO] [stdout]   48:     0x562d658cf1f6 - std::sys_common::backtrace::__rust_begin_short_backtrace::he6df152596625789
[INFO] [stdout]                                at /rustc/82e1608dfa6e0b5569232559e3d385fea5a93112/library/std/src/sys_common/backtrace.rs:154:18
[INFO] [stdout]   49:     0x562d658d42a7 - std::thread::Builder::spawn_unchecked_::{{closure}}::{{closure}}::ha94be15d1e0acf36
[INFO] [stdout]                                at /rustc/82e1608dfa6e0b5569232559e3d385fea5a93112/library/std/src/thread/mod.rs:529:17
[INFO] [stdout]   50:     0x562d658d42a7 - <core::panic::unwind_safe::AssertUnwindSafe<F> as core::ops::function::FnOnce<()>>::call_once::h9dc6bd6372f16606
[INFO] [stdout]                                at /rustc/82e1608dfa6e0b5569232559e3d385fea5a93112/library/core/src/panic/unwind_safe.rs:272:9
[INFO] [stdout]   51:     0x562d658d42a7 - std::panicking::try::do_call::h9057517f80303cd4
[INFO] [stdout]                                at /rustc/82e1608dfa6e0b5569232559e3d385fea5a93112/library/std/src/panicking.rs:552:40
[INFO] [stdout]   52:     0x562d658d42a7 - std::panicking::try::he3a30b11ee45340c
[INFO] [stdout]                                at /rustc/82e1608dfa6e0b5569232559e3d385fea5a93112/library/std/src/panicking.rs:516:19
[INFO] [stdout]   53:     0x562d658d42a7 - std::panic::catch_unwind::h410458cfd3528b8b
[INFO] [stdout]                                at /rustc/82e1608dfa6e0b5569232559e3d385fea5a93112/library/std/src/panic.rs:142:14
[INFO] [stdout]   54:     0x562d658d42a7 - std::thread::Builder::spawn_unchecked_::{{closure}}::h72ac3bdb567b737b
[INFO] [stdout]                                at /rustc/82e1608dfa6e0b5569232559e3d385fea5a93112/library/std/src/thread/mod.rs:528:30
[INFO] [stdout]   55:     0x562d658d42a7 - core::ops::function::FnOnce::call_once{{vtable.shim}}::h38f34da3654a8344
[INFO] [stdout]                                at /rustc/82e1608dfa6e0b5569232559e3d385fea5a93112/library/core/src/ops/function.rs:250:5
[INFO] [stdout]   56:     0x562d65a231d5 - <alloc::boxed::Box<F,A> as core::ops::function::FnOnce<Args>>::call_once::hc7eafaff61e32df9
[INFO] [stdout]                                at /rustc/82e1608dfa6e0b5569232559e3d385fea5a93112/library/alloc/src/boxed.rs:2007:9
[INFO] [stdout]   57:     0x562d65a231d5 - <alloc::boxed::Box<F,A> as core::ops::function::FnOnce<Args>>::call_once::h6ba4a5de48dd2304
[INFO] [stdout]                                at /rustc/82e1608dfa6e0b5569232559e3d385fea5a93112/library/alloc/src/boxed.rs:2007:9
[INFO] [stdout]   58:     0x562d65a231d5 - std::sys::unix::thread::Thread::new::thread_start::he469335aef763e45
[INFO] [stdout]                                at /rustc/82e1608dfa6e0b5569232559e3d385fea5a93112/library/std/src/sys/unix/thread.rs:108:17
[INFO] [stdout]   59:     0x7f1d29dddac3 - <unknown>
[INFO] [stdout]   60:     0x7f1d29e6ebf4 - __clone
[INFO] [stdout]   61:                0x0 - <unknown>
[INFO] [stdout] 
[INFO] [stdout] 
[INFO] [stdout] failures:
[INFO] [stdout]     dac_struct::dac_tests_on_hardware::calls_get_frame_closure
[INFO] [stdout] 
[INFO] [stdout] test result: FAILED. 0 passed; 1 failed; 0 ignored; 0 measured; 0 filtered out; finished in 0.02s
[INFO] [stdout] 
[INFO] [stderr] error: test failed, to rerun pass `-p resonix_dac --lib`
[INFO] running `Command { std: "docker" "inspect" "dbb7a4d7ab6a80131bc8054ef89cacf0fd9805d9cf0bbe1d991ed57b724a3b9f", kill_on_drop: false }`
[INFO] running `Command { std: "docker" "rm" "-f" "dbb7a4d7ab6a80131bc8054ef89cacf0fd9805d9cf0bbe1d991ed57b724a3b9f", kill_on_drop: false }`
[INFO] [stdout] dbb7a4d7ab6a80131bc8054ef89cacf0fd9805d9cf0bbe1d991ed57b724a3b9f
[INFO] testing austintheriot/audio against beta-2023-12-22 for beta-1.76-1
[INFO] running `Command { std: "git" "clone" "/workspace/cache/git-repos/https%3A%2F%2Fgithub.com%2Faustintheriot%2Faudio" "/workspace/builds/worker-5-tc2/source", kill_on_drop: false }`
[INFO] [stderr] Cloning into '/workspace/builds/worker-5-tc2/source'...
[INFO] [stderr] done.
[INFO] validating manifest of git repo https://github.com/austintheriot/audio on toolchain beta-2023-12-22
[INFO] running `Command { std: CARGO_HOME="/workspace/cargo-home" RUSTUP_HOME="/workspace/rustup-home" "/workspace/cargo-home/bin/cargo" "+beta-2023-12-22" "metadata" "--manifest-path" "Cargo.toml" "--no-deps", kill_on_drop: false }`
[INFO] started tweaking git repo https://github.com/austintheriot/audio
[INFO] finished tweaking git repo https://github.com/austintheriot/audio
[INFO] tweaked toml for git repo https://github.com/austintheriot/audio written to /workspace/builds/worker-5-tc2/source/Cargo.toml
[INFO] crate git repo https://github.com/austintheriot/audio already has a lockfile, it will not be regenerated
[INFO] running `Command { std: CARGO_HOME="/workspace/cargo-home" RUSTUP_HOME="/workspace/rustup-home" "/workspace/cargo-home/bin/cargo" "+beta-2023-12-22" "fetch" "--manifest-path" "Cargo.toml", kill_on_drop: false }`
[INFO] [stderr] warning: profiles for the non root package will be ignored, specify profiles at the workspace root:
[INFO] [stderr] package:   /workspace/builds/worker-5-tc2/source/crates/resonix_graph/Cargo.toml
[INFO] [stderr] workspace: /workspace/builds/worker-5-tc2/source/Cargo.toml
[INFO] [stderr] warning: profiles for the non root package will be ignored, specify profiles at the workspace root:
[INFO] [stderr] package:   /workspace/builds/worker-5-tc2/source/demos/granular_synthesizer_web/Cargo.toml
[INFO] [stderr] workspace: /workspace/builds/worker-5-tc2/source/Cargo.toml
[INFO] [stderr] warning: virtual workspace defaulting to `resolver = "1"` despite one or more workspace members being on edition 2021 which implies `resolver = "2"`
[INFO] [stderr] note: to keep the current resolver, specify `workspace.resolver = "1"` in the workspace root's manifest
[INFO] [stderr] note: to use the edition 2021 resolver, specify `workspace.resolver = "2"` in the workspace root's manifest
[INFO] [stderr] note: for more details see https://doc.rust-lang.org/cargo/reference/resolver.html#resolver-versions
[INFO] [stderr] warning: /workspace/builds/worker-5-tc2/source/demos/granular_synthesizer_web/Cargo.toml: Found `debug_assertions` in `target.'cfg(...)'.dependencies`. This value is not supported for selecting dependencies and will not work as expected. To learn more visit https://doc.rust-lang.org/cargo/reference/specifying-dependencies.html#platform-specific-dependencies
[INFO] [stderr]     Blocking waiting for file lock on package cache
[INFO] running `Command { std: "docker" "create" "-v" "/var/lib/crater-agent-workspace/builds/worker-5-tc2/target:/opt/rustwide/target:rw,Z" "-v" "/var/lib/crater-agent-workspace/builds/worker-5-tc2/source:/opt/rustwide/workdir:ro,Z" "-v" "/var/lib/crater-agent-workspace/cargo-home:/opt/rustwide/cargo-home:ro,Z" "-v" "/var/lib/crater-agent-workspace/rustup-home:/opt/rustwide/rustup-home:ro,Z" "-e" "SOURCE_DIR=/opt/rustwide/workdir" "-e" "CARGO_TARGET_DIR=/opt/rustwide/target" "-e" "CARGO_HOME=/opt/rustwide/cargo-home" "-e" "RUSTUP_HOME=/opt/rustwide/rustup-home" "-w" "/opt/rustwide/workdir" "-m" "1610612736" "--user" "0:0" "--network" "none" "ghcr.io/rust-lang/crates-build-env/linux@sha256:2788e3201cd34a07e3172128adcd8b3090168a8e3bcc40d7c032b9dda1df7d1c" "/opt/rustwide/cargo-home/bin/cargo" "+beta-2023-12-22" "metadata" "--no-deps" "--format-version=1", kill_on_drop: false }`
[INFO] [stdout] 52b28dfdcad9b930d14f392e7c196f28a218618692e8c0f67f9e12bdf761e524
[INFO] running `Command { std: "docker" "start" "-a" "52b28dfdcad9b930d14f392e7c196f28a218618692e8c0f67f9e12bdf761e524", kill_on_drop: false }`
[INFO] running `Command { std: "docker" "inspect" "52b28dfdcad9b930d14f392e7c196f28a218618692e8c0f67f9e12bdf761e524", kill_on_drop: false }`
[INFO] running `Command { std: "docker" "rm" "-f" "52b28dfdcad9b930d14f392e7c196f28a218618692e8c0f67f9e12bdf761e524", kill_on_drop: false }`
[INFO] [stdout] 52b28dfdcad9b930d14f392e7c196f28a218618692e8c0f67f9e12bdf761e524
[INFO] running `Command { std: "docker" "create" "-v" "/var/lib/crater-agent-workspace/builds/worker-5-tc2/target:/opt/rustwide/target:rw,Z" "-v" "/var/lib/crater-agent-workspace/builds/worker-5-tc2/source:/opt/rustwide/workdir:ro,Z" "-v" "/var/lib/crater-agent-workspace/cargo-home:/opt/rustwide/cargo-home:ro,Z" "-v" "/var/lib/crater-agent-workspace/rustup-home:/opt/rustwide/rustup-home:ro,Z" "-e" "SOURCE_DIR=/opt/rustwide/workdir" "-e" "CARGO_TARGET_DIR=/opt/rustwide/target" "-e" "CARGO_INCREMENTAL=0" "-e" "RUST_BACKTRACE=full" "-e" "RUSTFLAGS=--cap-lints=warn" "-e" "RUSTDOCFLAGS=--cap-lints=warn" "-e" "CARGO_HOME=/opt/rustwide/cargo-home" "-e" "RUSTUP_HOME=/opt/rustwide/rustup-home" "-w" "/opt/rustwide/workdir" "-m" "1610612736" "--user" "0:0" "--network" "none" "ghcr.io/rust-lang/crates-build-env/linux@sha256:2788e3201cd34a07e3172128adcd8b3090168a8e3bcc40d7c032b9dda1df7d1c" "/opt/rustwide/cargo-home/bin/cargo" "+beta-2023-12-22" "build" "--frozen" "--message-format=json", kill_on_drop: false }`
[INFO] [stdout] 9566115b8067c88a32b8176d4a7119e5a54cf2114763874d0d2cb96c3df3a35b
[INFO] running `Command { std: "docker" "start" "-a" "9566115b8067c88a32b8176d4a7119e5a54cf2114763874d0d2cb96c3df3a35b", kill_on_drop: false }`
[INFO] [stderr] warning: profiles for the non root package will be ignored, specify profiles at the workspace root:
[INFO] [stderr] package:   /opt/rustwide/workdir/crates/resonix_graph/Cargo.toml
[INFO] [stderr] workspace: /opt/rustwide/workdir/Cargo.toml
[INFO] [stderr] warning: profiles for the non root package will be ignored, specify profiles at the workspace root:
[INFO] [stderr] package:   /opt/rustwide/workdir/demos/granular_synthesizer_web/Cargo.toml
[INFO] [stderr] workspace: /opt/rustwide/workdir/Cargo.toml
[INFO] [stderr] warning: virtual workspace defaulting to `resolver = "1"` despite one or more workspace members being on edition 2021 which implies `resolver = "2"`
[INFO] [stderr] note: to keep the current resolver, specify `workspace.resolver = "1"` in the workspace root's manifest
[INFO] [stderr] note: to use the edition 2021 resolver, specify `workspace.resolver = "2"` in the workspace root's manifest
[INFO] [stderr] note: for more details see https://doc.rust-lang.org/cargo/reference/resolver.html#resolver-versions
[INFO] [stderr] warning: /opt/rustwide/workdir/demos/granular_synthesizer_web/Cargo.toml: Found `debug_assertions` in `target.'cfg(...)'.dependencies`. This value is not supported for selecting dependencies and will not work as expected. To learn more visit https://doc.rust-lang.org/cargo/reference/specifying-dependencies.html#platform-specific-dependencies
[INFO] [stderr]    Compiling proc-macro2 v1.0.59
[INFO] [stderr]    Compiling unicode-ident v1.0.9
[INFO] [stderr]    Compiling quote v1.0.28
[INFO] [stderr]    Compiling libc v0.2.145
[INFO] [stderr]    Compiling once_cell v1.18.0
[INFO] [stderr]    Compiling log v0.4.18
[INFO] [stderr]    Compiling wasm-bindgen-shared v0.2.87
[INFO] [stderr]    Compiling thiserror v1.0.40
[INFO] [stderr]    Compiling bumpalo v3.13.0
[INFO] [stderr]    Compiling wasm-bindgen v0.2.87
[INFO] [stderr]    Compiling smallvec v1.10.0
[INFO] [stderr]    Compiling serde v1.0.163
[INFO] [stderr]    Compiling ahash v0.7.6
[INFO] [stderr]    Compiling futures-core v0.3.28
[INFO] [stderr]    Compiling lock_api v0.4.9
[INFO] [stderr]    Compiling syn v1.0.109
[INFO] [stderr]    Compiling indexmap v1.9.3
[INFO] [stderr]    Compiling pin-project-lite v0.2.9
[INFO] [stderr]    Compiling itoa v1.0.6
[INFO] [stderr]    Compiling futures-channel v0.3.28
[INFO] [stderr]    Compiling futures-sink v0.3.28
[INFO] [stderr]    Compiling parking_lot_core v0.9.7
[INFO] [stderr]    Compiling syn v2.0.18
[INFO] [stderr]    Compiling ryu v1.0.13
[INFO] [stderr]    Compiling serde_json v1.0.96
[INFO] [stderr]    Compiling slab v0.4.8
[INFO] [stderr]    Compiling bytes v1.4.0
[INFO] [stderr]    Compiling memoffset v0.6.5
[INFO] [stderr]    Compiling proc-macro-error-attr v1.0.4
[INFO] [stderr]    Compiling tokio v1.28.2
[INFO] [stderr]    Compiling alsa-sys v0.3.1
[INFO] [stderr]    Compiling futures-task v0.3.28
[INFO] [stderr]    Compiling parking_lot_core v0.8.6
[INFO] [stderr]    Compiling getrandom v0.2.9
[INFO] [stderr]    Compiling num_cpus v1.15.0
[INFO] [stderr]    Compiling rand_core v0.6.4
[INFO] [stderr]    Compiling socket2 v0.4.9
[INFO] [stderr]    Compiling parking_lot v0.12.1
[INFO] [stderr]    Compiling hashbrown v0.12.3
[INFO] [stderr]    Compiling rand_chacha v0.3.1
[INFO] [stderr]    Compiling mio v0.8.8
[INFO] [stderr]    Compiling signal-hook-registry v1.4.1
[INFO] [stderr]    Compiling rand v0.8.5
[INFO] [stderr]    Compiling futures-util v0.3.28
[INFO] [stderr]    Compiling nix v0.23.2
[INFO] [stderr]    Compiling tracing-core v0.1.31
[INFO] [stderr]    Compiling cpal v0.13.5
[INFO] [stderr]    Compiling futures-io v0.3.28
[INFO] [stderr]    Compiling uuid v1.3.4
[INFO] [stderr]    Compiling parking_lot v0.11.2
[INFO] [stderr]    Compiling crossbeam-utils v0.8.16
[INFO] [stderr]    Compiling num-traits v0.2.15
[INFO] [stderr]    Compiling unicode-xid v0.2.4
[INFO] [stderr]    Compiling regex-syntax v0.7.2
[INFO] [stderr]    Compiling percent-encoding v2.2.0
[INFO] [stderr]    Compiling ucd-trie v0.1.5
[INFO] [stderr]    Compiling http v0.2.9
[INFO] [stderr]    Compiling concurrent-queue v2.2.0
[INFO] [stderr]    Compiling const_format_proc_macros v0.2.31
[INFO] [stderr]    Compiling num-integer v0.1.45
[INFO] [stderr]    Compiling event-listener v2.5.3
[INFO] [stderr]    Compiling wasm-bindgen-backend v0.2.87
[INFO] [stderr]    Compiling proc-macro-error v1.0.4
[INFO] [stderr]    Compiling nohash-hasher v0.2.0
[INFO] [stderr]    Compiling fixedbitset v0.4.2
[INFO] [stderr]    Compiling petgraph v0.6.3
[INFO] [stderr]    Compiling async-channel v1.8.0
[INFO] [stderr]    Compiling const_format v0.2.31
[INFO] [stderr]    Compiling wasm-bindgen-macro-support v0.2.87
[INFO] [stderr]    Compiling alsa v0.6.0
[INFO] [stderr]    Compiling regex v1.8.3
[INFO] [stderr]    Compiling form_urlencoded v1.1.0
[INFO] [stderr]    Compiling unicode-normalization v0.1.22
[INFO] [stderr]    Compiling num-bigint v0.4.3
[INFO] [stderr]    Compiling slotmap v1.0.6
[INFO] [stderr]    Compiling thiserror-impl v1.0.40
[INFO] [stderr]    Compiling wasm-bindgen-macro v0.2.87
[INFO] [stderr]    Compiling serde_derive v1.0.163
[INFO] [stderr]    Compiling tokio-macros v2.1.0
[INFO] [stderr]    Compiling futures-macro v0.3.28
[INFO] [stderr]    Compiling tracing-attributes v0.1.24
[INFO] [stderr]    Compiling js-sys v0.3.64
[INFO] [stderr]    Compiling pest v2.6.0
[INFO] [stderr]    Compiling resonix_dac v0.1.0 (/opt/rustwide/workdir/crates/resonix_dac)
[INFO] [stderr]    Compiling tracing v0.1.37
[INFO] [stderr]    Compiling anyhow v1.0.71
[INFO] [stderr]    Compiling try-lock v0.2.4
[INFO] [stderr]    Compiling unicode-bidi v0.3.13
[INFO] [stderr]    Compiling base64 v0.21.2
[INFO] [stderr]    Compiling dyn-clone v1.0.11
[INFO] [stderr]    Compiling Inflector v0.11.4
[INFO] [stderr]    Compiling xxhash-rust v0.8.6
[INFO] [stderr]    Compiling pest_meta v2.6.0
[INFO] [stderr]    Compiling ouroboros_macro v0.15.6
[INFO] [stderr]    Compiling idna v0.3.0
[INFO] [stderr]    Compiling want v0.3.0
[INFO] [stderr]    Compiling futures-executor v0.3.28
[INFO] [stderr]    Compiling web-sys v0.3.63
[INFO] [stderr]    Compiling wasm-bindgen-futures v0.4.37
[INFO] [stderr]    Compiling pest_generator v2.6.0
[INFO] [stderr]    Compiling derive-where v1.2.1
[INFO] [stderr]    Compiling http-body v0.4.5
[INFO] [stderr]    Compiling ciborium-io v0.2.1
[INFO] [stderr]    Compiling half v1.8.2
[INFO] [stderr]    Compiling async-trait v0.1.68
[INFO] [stderr]    Compiling dlv-list v0.3.0
[INFO] [stderr]    Compiling camino v1.1.4
[INFO] [stderr]    Compiling aliasable v0.1.3
[INFO] [stderr]    Compiling ordered-multimap v0.4.3
[INFO] [stderr]    Compiling ouroboros v0.15.6
[INFO] [stderr]    Compiling tokio-util v0.7.8
[INFO] [stderr]    Compiling ciborium-ll v0.2.1
[INFO] [stderr]    Compiling pest_derive v2.6.0
[INFO] [stderr]    Compiling url v2.3.1
[INFO] [stderr]    Compiling h2 v0.3.19
[INFO] [stderr]    Compiling futures v0.3.28
[INFO] [stderr]    Compiling quote-use v0.6.0
[INFO] [stderr]    Compiling proc-macro-utils v0.5.2
[INFO] [stderr]    Compiling server_fn_macro v0.3.0
[INFO] [stderr]    Compiling serde_urlencoded v0.7.1
[INFO] [stderr]    Compiling serde-wasm-bindgen v0.5.0
[INFO] [stderr]    Compiling encoding_rs v0.8.32
[INFO] [stderr]    Compiling utf8-width v0.1.6
[INFO] [stderr]    Compiling prettyplease v0.1.25
[INFO] [stderr]    Compiling same-file v1.0.6
[INFO] [stderr]    Compiling paste v1.0.12
[INFO] [stderr]    Compiling linked-hash-map v0.5.6
[INFO] [stderr]    Compiling either v1.8.1
[INFO] [stderr]    Compiling collection_literals v1.0.1
[INFO] [stderr]    Compiling ipnet v2.7.2
[INFO] [stderr]    Compiling interpolator v0.4.0
[INFO] [stderr]    Compiling rustc-hash v1.1.0
[INFO] [stderr]    Compiling itertools v0.10.5
[INFO] [stderr]    Compiling nom v7.1.3
[INFO] [stderr]    Compiling attribute-derive-macro v0.5.0
[INFO] [stderr]    Compiling yaml-rust v0.4.5
[INFO] [stderr]    Compiling hyper v0.14.26
[INFO] [stderr]    Compiling ron v0.7.1
[INFO] [stderr]    Compiling walkdir v2.3.3
[INFO] [stderr]    Compiling html-escape v0.2.13
[INFO] [stderr]    Compiling enum-ordinalize v3.1.13
[INFO] [stderr]    Compiling server_fn_macro_default v0.3.0
[INFO] [stderr]    Compiling json5 v0.4.1
[INFO] [stderr]    Compiling serde_qs v0.12.0
[INFO] [stderr]    Compiling ciborium v0.2.1
[INFO] [stderr]    Compiling toml v0.5.11
[INFO] [stderr]    Compiling rust-ini v0.18.0
[INFO] [stderr]    Compiling reqwest v0.11.18
[INFO] [stderr]    Compiling syn-rsx v0.9.0
[INFO] [stderr]    Compiling unicode-segmentation v1.10.1
[INFO] [stderr]    Compiling pathdiff v0.2.1
[INFO] [stderr]    Compiling convert_case v0.6.0
[INFO] [stderr]    Compiling leptos_hot_reload v0.3.0
[INFO] [stderr]    Compiling educe v0.4.22
[INFO] [stderr]    Compiling config v0.13.3
[INFO] [stderr]    Compiling server_fn v0.3.0
[INFO] [stderr]    Compiling attribute-derive v0.5.0
[INFO] [stderr]    Compiling typed-builder v0.14.0
[INFO] [stderr]    Compiling async-recursion v1.0.4
[INFO] [stderr]    Compiling wasm-logger v0.2.0
[INFO] [stderr]    Compiling leptos_reactive v0.3.0
[INFO] [stderr]    Compiling resonix_core v0.1.0 (/opt/rustwide/workdir/crates/resonix_core)
[INFO] [stderr]    Compiling pad-adapter v0.1.1
[INFO] [stdout] warning: unused import: `decibel::*`
[INFO] [stdout]   --> crates/resonix_core/src/lib.rs:10:9
[INFO] [stdout]    |
[INFO] [stdout] 10 | pub use decibel::*;
[INFO] [stdout]    |         ^^^^^^^^^^
[INFO] [stdout]    |
[INFO] [stdout]    = note: `#[warn(unused_imports)]` on by default
[INFO] [stdout] 
[INFO] [stdout] 
[INFO] [stderr]    Compiling drain_filter_polyfill v0.1.3
[INFO] [stderr]    Compiling resonix_graph v0.1.0 (/opt/rustwide/workdir/crates/resonix_graph)
[INFO] [stderr]    Compiling leptos_macro v0.3.0
[INFO] [stdout] warning: 1 warning emitted
[INFO] [stdout] 
[INFO] [stdout] 
[INFO] [stderr]    Compiling io-lifetimes v1.0.11
[INFO] [stdout] warning: field `outgoing_connection_indexes` is never read
[INFO] [stdout]   --> crates/resonix_graph/src/nodes/sine_node.rs:22:5
[INFO] [stdout]    |
[INFO] [stdout] 18 | pub struct SineNode {
[INFO] [stdout]    |            -------- field in this struct
[INFO] [stdout] ...
[INFO] [stdout] 22 |     outgoing_connection_indexes: Vec<EdgeIndex>,
[INFO] [stdout]    |     ^^^^^^^^^^^^^^^^^^^^^^^^^^^
[INFO] [stdout]    |
[INFO] [stdout]    = note: `SineNode` has derived impls for the traits `Clone` and `Debug`, but these are intentionally ignored during dead code analysis
[INFO] [stdout]    = note: `#[warn(dead_code)]` on by default
[INFO] [stdout] 
[INFO] [stdout] 
[INFO] [stderr]    Compiling resonix v0.1.0 (/opt/rustwide/workdir/crates/resonix)
[INFO] [stderr]    Compiling leptos_config v0.3.0
[INFO] [stderr]    Compiling jobserver v0.1.26
[INFO] [stderr]    Compiling rustix v0.37.20
[INFO] [stderr]    Compiling cc v1.0.79
[INFO] [stdout] warning: 1 warning emitted
[INFO] [stdout] 
[INFO] [stdout] 
[INFO] [stderr]    Compiling leptos_server v0.3.0
[INFO] [stderr]    Compiling leptos_dom v0.3.0
[INFO] [stderr]    Compiling linux-raw-sys v0.3.8
[INFO] [stderr]    Compiling gloo-utils v0.1.6
[INFO] [stderr]    Compiling console_error_panic_hook v0.1.7
[INFO] [stderr]    Compiling gloo-timers v0.2.6
[INFO] [stderr]    Compiling humantime v2.1.0
[INFO] [stderr]    Compiling minimp3-sys v0.3.2
[INFO] [stderr]    Compiling termcolor v1.2.0
[INFO] [stderr]    Compiling ogg v0.8.0
[INFO] [stderr]    Compiling gloo-events v0.1.2
[INFO] [stderr]    Compiling slice-deque v0.3.0
[INFO] [stderr]    Compiling hound v3.5.0
[INFO] [stderr]    Compiling gloo-file v0.2.3
[INFO] [stderr]    Compiling lewton v0.10.2
[INFO] [stderr]    Compiling gloo-storage v0.2.2
[INFO] [stderr]    Compiling gloo-console v0.2.3
[INFO] [stderr]    Compiling gloo-dialogs v0.1.1
[INFO] [stderr]    Compiling gloo-render v0.1.1
[INFO] [stderr]    Compiling pin-project-internal v1.1.0
[INFO] [stderr]    Compiling boolinator v2.4.0
[INFO] [stderr]    Compiling claxon v0.4.3
[INFO] [stderr]    Compiling yew-macro v0.19.3
[INFO] [stderr]    Compiling is-terminal v0.4.7
[INFO] [stderr]    Compiling env_logger v0.10.0
[INFO] [stderr]    Compiling gloo v0.4.2
[INFO] [stderr]    Compiling granular_synthesizer_web v0.1.0 (/opt/rustwide/workdir/demos/granular_synthesizer_web)
[INFO] [stderr]    Compiling scoped-tls-hkt v0.1.2
[INFO] [stderr]    Compiling pretty_env_logger v0.5.0
[INFO] [stderr]    Compiling resonix_test_utils v0.1.0 (/opt/rustwide/workdir/crates/resonix_test_utils)
[INFO] [stderr]    Compiling minimp3 v0.5.1
[INFO] [stderr]    Compiling wide_audio_graph_cli v0.1.0 (/opt/rustwide/workdir/demos/wide_audio_graph_cli)
[INFO] [stderr]    Compiling rodio v0.15.0
[INFO] [stderr]    Compiling channels_test_cli v0.1.0 (/opt/rustwide/workdir/demos/channels_test_cli)
[INFO] [stderr]    Compiling audio_graph_cli v0.1.0 (/opt/rustwide/workdir/demos/audio_graph_cli)
[INFO] [stderr]    Compiling leptos v0.3.0
[INFO] [stderr]    Compiling pin-project v1.1.0
[INFO] [stderr]    Compiling concatenative_synthesizer_web v0.1.0 (/opt/rustwide/workdir/demos/concatenative_synthesizer_web)
[INFO] [stderr]    Compiling gloo-net v0.2.6
[INFO] [stderr]    Compiling channels_test_web v0.1.0 (/opt/rustwide/workdir/demos/channels_test_web)
[INFO] [stderr]    Compiling audio-graph-web v0.1.0 (/opt/rustwide/workdir/demos/audio_graph_web)
[INFO] [stderr]    Compiling sine-web v0.1.0 (/opt/rustwide/workdir/demos/sine_web)
[INFO] [stderr]    Compiling granular_synthesizer_cli v0.1.0 (/opt/rustwide/workdir/demos/granular_synthesizer_cli)
[INFO] [stderr]    Compiling yew v0.19.3
[INFO] [stderr]     Finished dev [unoptimized + debuginfo] target(s) in 1m 13s
[INFO] running `Command { std: "docker" "inspect" "9566115b8067c88a32b8176d4a7119e5a54cf2114763874d0d2cb96c3df3a35b", kill_on_drop: false }`
[INFO] running `Command { std: "docker" "rm" "-f" "9566115b8067c88a32b8176d4a7119e5a54cf2114763874d0d2cb96c3df3a35b", kill_on_drop: false }`
[INFO] [stdout] 9566115b8067c88a32b8176d4a7119e5a54cf2114763874d0d2cb96c3df3a35b
[INFO] running `Command { std: "docker" "create" "-v" "/var/lib/crater-agent-workspace/builds/worker-5-tc2/target:/opt/rustwide/target:rw,Z" "-v" "/var/lib/crater-agent-workspace/builds/worker-5-tc2/source:/opt/rustwide/workdir:ro,Z" "-v" "/var/lib/crater-agent-workspace/cargo-home:/opt/rustwide/cargo-home:ro,Z" "-v" "/var/lib/crater-agent-workspace/rustup-home:/opt/rustwide/rustup-home:ro,Z" "-e" "SOURCE_DIR=/opt/rustwide/workdir" "-e" "CARGO_TARGET_DIR=/opt/rustwide/target" "-e" "CARGO_INCREMENTAL=0" "-e" "RUST_BACKTRACE=full" "-e" "RUSTFLAGS=--cap-lints=warn" "-e" "RUSTDOCFLAGS=--cap-lints=warn" "-e" "CARGO_HOME=/opt/rustwide/cargo-home" "-e" "RUSTUP_HOME=/opt/rustwide/rustup-home" "-w" "/opt/rustwide/workdir" "-m" "1610612736" "--user" "0:0" "--network" "none" "ghcr.io/rust-lang/crates-build-env/linux@sha256:2788e3201cd34a07e3172128adcd8b3090168a8e3bcc40d7c032b9dda1df7d1c" "/opt/rustwide/cargo-home/bin/cargo" "+beta-2023-12-22" "test" "--frozen" "--no-run" "--message-format=json", kill_on_drop: false }`
[INFO] [stdout] b6071de77c4d17cdc014c19ebeae60b78632b76686eb594021dde1ec4fd09246
[INFO] running `Command { std: "docker" "start" "-a" "b6071de77c4d17cdc014c19ebeae60b78632b76686eb594021dde1ec4fd09246", kill_on_drop: false }`
[INFO] [stderr] warning: profiles for the non root package will be ignored, specify profiles at the workspace root:
[INFO] [stderr] package:   /opt/rustwide/workdir/crates/resonix_graph/Cargo.toml
[INFO] [stderr] workspace: /opt/rustwide/workdir/Cargo.toml
[INFO] [stderr] warning: profiles for the non root package will be ignored, specify profiles at the workspace root:
[INFO] [stderr] package:   /opt/rustwide/workdir/demos/granular_synthesizer_web/Cargo.toml
[INFO] [stderr] workspace: /opt/rustwide/workdir/Cargo.toml
[INFO] [stderr] warning: virtual workspace defaulting to `resolver = "1"` despite one or more workspace members being on edition 2021 which implies `resolver = "2"`
[INFO] [stderr] note: to keep the current resolver, specify `workspace.resolver = "1"` in the workspace root's manifest
[INFO] [stderr] note: to use the edition 2021 resolver, specify `workspace.resolver = "2"` in the workspace root's manifest
[INFO] [stderr] note: for more details see https://doc.rust-lang.org/cargo/reference/resolver.html#resolver-versions
[INFO] [stderr] warning: /opt/rustwide/workdir/demos/granular_synthesizer_web/Cargo.toml: Found `debug_assertions` in `target.'cfg(...)'.dependencies`. This value is not supported for selecting dependencies and will not work as expected. To learn more visit https://doc.rust-lang.org/cargo/reference/specifying-dependencies.html#platform-specific-dependencies
[INFO] [stdout] warning: unused import: `decibel::*`
[INFO] [stdout]   --> crates/resonix_core/src/lib.rs:10:9
[INFO] [stdout]    |
[INFO] [stdout] 10 | pub use decibel::*;
[INFO] [stdout]    |         ^^^^^^^^^^
[INFO] [stdout]    |
[INFO] [stdout]    = note: `#[warn(unused_imports)]` on by default
[INFO] [stdout] 
[INFO] [stdout] 
[INFO] [stdout] warning: 1 warning emitted
[INFO] [stdout] 
[INFO] [stdout] 
[INFO] [stdout] warning: field `outgoing_connection_indexes` is never read
[INFO] [stdout]   --> crates/resonix_graph/src/nodes/sine_node.rs:22:5
[INFO] [stdout]    |
[INFO] [stdout] 18 | pub struct SineNode {
[INFO] [stdout]    |            -------- field in this struct
[INFO] [stdout] ...
[INFO] [stdout] 22 |     outgoing_connection_indexes: Vec<EdgeIndex>,
[INFO] [stdout]    |     ^^^^^^^^^^^^^^^^^^^^^^^^^^^
[INFO] [stdout]    |
[INFO] [stdout]    = note: `SineNode` has derived impls for the traits `Clone` and `Debug`, but these are intentionally ignored during dead code analysis
[INFO] [stdout]    = note: `#[warn(dead_code)]` on by default
[INFO] [stdout] 
[INFO] [stdout] 
[INFO] [stdout] warning: 1 warning emitted
[INFO] [stdout] 
[INFO] [stdout] 
[INFO] [stderr]    Compiling cargo-husky v1.5.0
[INFO] [stderr]    Compiling console v0.15.7
[INFO] [stderr]    Compiling similar v2.2.1
[INFO] [stderr]    Compiling granular_synthesizer_cli v0.1.0 (/opt/rustwide/workdir/demos/granular_synthesizer_cli)
[INFO] [stderr]    Compiling channels_test_web v0.1.0 (/opt/rustwide/workdir/demos/channels_test_web)
[INFO] [stderr]    Compiling concatenative_synthesizer_web v0.1.0 (/opt/rustwide/workdir/demos/concatenative_synthesizer_web)
[INFO] [stderr]    Compiling wide_audio_graph_cli v0.1.0 (/opt/rustwide/workdir/demos/wide_audio_graph_cli)
[INFO] [stderr]    Compiling audio-graph-web v0.1.0 (/opt/rustwide/workdir/demos/audio_graph_web)
[INFO] [stderr]    Compiling channels_test_cli v0.1.0 (/opt/rustwide/workdir/demos/channels_test_cli)
[INFO] [stderr]    Compiling granular_synthesizer_web v0.1.0 (/opt/rustwide/workdir/demos/granular_synthesizer_web)
[INFO] [stderr]    Compiling sine-web v0.1.0 (/opt/rustwide/workdir/demos/sine_web)
[INFO] [stderr]    Compiling resonix_core v0.1.0 (/opt/rustwide/workdir/crates/resonix_core)
[INFO] [stdout] warning: unused import: `decibel::*`
[INFO] [stdout]   --> crates/resonix_core/src/lib.rs:10:9
[INFO] [stdout]    |
[INFO] [stdout] 10 | pub use decibel::*;
[INFO] [stdout]    |         ^^^^^^^^^^
[INFO] [stdout]    |
[INFO] [stdout]    = note: `#[warn(unused_imports)]` on by default
[INFO] [stdout] 
[INFO] [stdout] 
[INFO] [stderr]    Compiling insta v1.30.0
[INFO] [stderr]    Compiling audio_graph_cli v0.1.0 (/opt/rustwide/workdir/demos/audio_graph_cli)
[INFO] [stderr]    Compiling resonix v0.1.0 (/opt/rustwide/workdir/crates/resonix)
[INFO] [stderr]    Compiling resonix_dac v0.1.0 (/opt/rustwide/workdir/crates/resonix_dac)
[INFO] [stderr]    Compiling resonix_test_utils v0.1.0 (/opt/rustwide/workdir/crates/resonix_test_utils)
[INFO] [stdout] warning: 1 warning emitted
[INFO] [stdout] 
[INFO] [stdout] 
[INFO] [stderr]    Compiling resonix_graph v0.1.0 (/opt/rustwide/workdir/crates/resonix_graph)
[INFO] [stdout] warning: associated function `new_with_uid` is never used
[INFO] [stdout]   --> crates/resonix_graph/src/nodes/multiply_node.rs:32:19
[INFO] [stdout]    |
[INFO] [stdout] 23 | impl MultiplyNode {
[INFO] [stdout]    | ----------------- associated function in this implementation
[INFO] [stdout] ...
[INFO] [stdout] 32 |     pub(crate) fn new_with_uid(uid: NodeUid) -> Self {
[INFO] [stdout]    |                   ^^^^^^^^^^^^
[INFO] [stdout]    |
[INFO] [stdout]    = note: `#[warn(dead_code)]` on by default
[INFO] [stdout] 
[INFO] [stdout] 
[INFO] [stdout] warning: field `outgoing_connection_indexes` is never read
[INFO] [stdout]   --> crates/resonix_graph/src/nodes/sine_node.rs:22:5
[INFO] [stdout]    |
[INFO] [stdout] 18 | pub struct SineNode {
[INFO] [stdout]    |            -------- field in this struct
[INFO] [stdout] ...
[INFO] [stdout] 22 |     outgoing_connection_indexes: Vec<EdgeIndex>,
[INFO] [stdout]    |     ^^^^^^^^^^^^^^^^^^^^^^^^^^^
[INFO] [stdout]    |
[INFO] [stdout]    = note: `SineNode` has derived impls for the traits `Clone` and `Debug`, but these are intentionally ignored during dead code analysis
[INFO] [stdout] 
[INFO] [stdout] 
[INFO] [stdout] warning: 2 warnings emitted
[INFO] [stdout] 
[INFO] [stdout] 
[INFO] [stderr]     Finished test [unoptimized + debuginfo] target(s) in 4.91s
[INFO] running `Command { std: "docker" "inspect" "b6071de77c4d17cdc014c19ebeae60b78632b76686eb594021dde1ec4fd09246", kill_on_drop: false }`
[INFO] running `Command { std: "docker" "rm" "-f" "b6071de77c4d17cdc014c19ebeae60b78632b76686eb594021dde1ec4fd09246", kill_on_drop: false }`
[INFO] [stdout] b6071de77c4d17cdc014c19ebeae60b78632b76686eb594021dde1ec4fd09246
[INFO] running `Command { std: "docker" "create" "-v" "/var/lib/crater-agent-workspace/builds/worker-5-tc2/target:/opt/rustwide/target:rw,Z" "-v" "/var/lib/crater-agent-workspace/builds/worker-5-tc2/source:/opt/rustwide/workdir:ro,Z" "-v" "/var/lib/crater-agent-workspace/cargo-home:/opt/rustwide/cargo-home:ro,Z" "-v" "/var/lib/crater-agent-workspace/rustup-home:/opt/rustwide/rustup-home:ro,Z" "-e" "SOURCE_DIR=/opt/rustwide/workdir" "-e" "CARGO_TARGET_DIR=/opt/rustwide/target" "-e" "CARGO_INCREMENTAL=0" "-e" "RUST_BACKTRACE=full" "-e" "RUSTFLAGS=--cap-lints=warn" "-e" "RUSTDOCFLAGS=--cap-lints=warn" "-e" "CARGO_HOME=/opt/rustwide/cargo-home" "-e" "RUSTUP_HOME=/opt/rustwide/rustup-home" "-w" "/opt/rustwide/workdir" "-m" "1610612736" "--user" "0:0" "--network" "none" "ghcr.io/rust-lang/crates-build-env/linux@sha256:2788e3201cd34a07e3172128adcd8b3090168a8e3bcc40d7c032b9dda1df7d1c" "/opt/rustwide/cargo-home/bin/cargo" "+beta-2023-12-22" "test" "--frozen", kill_on_drop: false }`
[INFO] [stdout] d07acb5bf8c8f5bfd45ccf15c545f0132895f1b576feaae3a1fc0789eeee8776
[INFO] running `Command { std: "docker" "start" "-a" "d07acb5bf8c8f5bfd45ccf15c545f0132895f1b576feaae3a1fc0789eeee8776", kill_on_drop: false }`
[INFO] [stderr] warning: profiles for the non root package will be ignored, specify profiles at the workspace root:
[INFO] [stderr] package:   /opt/rustwide/workdir/crates/resonix_graph/Cargo.toml
[INFO] [stderr] workspace: /opt/rustwide/workdir/Cargo.toml
[INFO] [stderr] warning: profiles for the non root package will be ignored, specify profiles at the workspace root:
[INFO] [stderr] package:   /opt/rustwide/workdir/demos/granular_synthesizer_web/Cargo.toml
[INFO] [stderr] workspace: /opt/rustwide/workdir/Cargo.toml
[INFO] [stderr] warning: virtual workspace defaulting to `resolver = "1"` despite one or more workspace members being on edition 2021 which implies `resolver = "2"`
[INFO] [stderr] note: to keep the current resolver, specify `workspace.resolver = "1"` in the workspace root's manifest
[INFO] [stderr] note: to use the edition 2021 resolver, specify `workspace.resolver = "2"` in the workspace root's manifest
[INFO] [stderr] note: for more details see https://doc.rust-lang.org/cargo/reference/resolver.html#resolver-versions
[INFO] [stderr] warning: /opt/rustwide/workdir/demos/granular_synthesizer_web/Cargo.toml: Found `debug_assertions` in `target.'cfg(...)'.dependencies`. This value is not supported for selecting dependencies and will not work as expected. To learn more visit https://doc.rust-lang.org/cargo/reference/specifying-dependencies.html#platform-specific-dependencies
[INFO] [stderr] warning: unused import: `decibel::*`
[INFO] [stderr]   --> crates/resonix_core/src/lib.rs:10:9
[INFO] [stderr]    |
[INFO] [stderr] 10 | pub use decibel::*;
[INFO] [stderr]    |         ^^^^^^^^^^
[INFO] [stderr]    |
[INFO] [stderr]    = note: `#[warn(unused_imports)]` on by default
[INFO] [stderr] 
[INFO] [stderr] warning: `resonix_core` (lib) generated 1 warning (run `cargo fix --lib -p resonix_core` to apply 1 suggestion)
[INFO] [stderr] warning: field `outgoing_connection_indexes` is never read
[INFO] [stderr]   --> crates/resonix_graph/src/nodes/sine_node.rs:22:5
[INFO] [stderr]    |
[INFO] [stderr] 18 | pub struct SineNode {
[INFO] [stderr]    |            -------- field in this struct
[INFO] [stderr] ...
[INFO] [stderr] 22 |     outgoing_connection_indexes: Vec<EdgeIndex>,
[INFO] [stderr]    |     ^^^^^^^^^^^^^^^^^^^^^^^^^^^
[INFO] [stderr]    |
[INFO] [stderr]    = note: `SineNode` has derived impls for the traits `Clone` and `Debug`, but these are intentionally ignored during dead code analysis
[INFO] [stderr]    = note: `#[warn(dead_code)]` on by default
[INFO] [stderr] 
[INFO] [stderr] warning: `resonix_graph` (lib) generated 1 warning
[INFO] [stderr] warning: associated function `new_with_uid` is never used
[INFO] [stderr]   --> crates/resonix_graph/src/nodes/multiply_node.rs:32:19
[INFO] [stderr]    |
[INFO] [stderr] 23 | impl MultiplyNode {
[INFO] [stderr]    | ----------------- associated function in this implementation
[INFO] [stderr] ...
[INFO] [stderr] 32 |     pub(crate) fn new_with_uid(uid: NodeUid) -> Self {
[INFO] [stderr]    |                   ^^^^^^^^^^^^
[INFO] [stderr]    |
[INFO] [stderr]    = note: `#[warn(dead_code)]` on by default
[INFO] [stderr] 
[INFO] [stderr] warning: field `outgoing_connection_indexes` is never read
[INFO] [stderr]   --> crates/resonix_graph/src/nodes/sine_node.rs:22:5
[INFO] [stderr]    |
[INFO] [stderr] 18 | pub struct SineNode {
[INFO] [stderr]    |            -------- field in this struct
[INFO] [stderr] ...
[INFO] [stderr] 22 |     outgoing_connection_indexes: Vec<EdgeIndex>,
[INFO] [stderr]    |     ^^^^^^^^^^^^^^^^^^^^^^^^^^^
[INFO] [stderr]    |
[INFO] [stderr]    = note: `SineNode` has derived impls for the traits `Clone` and `Debug`, but these are intentionally ignored during dead code analysis
[INFO] [stderr] 
[INFO] [stderr] warning: `resonix_core` (lib test) generated 1 warning (1 duplicate)
[INFO] [stderr] warning: `resonix_graph` (lib test) generated 2 warnings
[INFO] [stderr]     Finished test [unoptimized + debuginfo] target(s) in 0.24s
[INFO] [stderr]      Running unittests src/lib.rs (/opt/rustwide/target/debug/deps/audio_graph_web-d59a233de8cbc42c)
[INFO] [stdout] 
[INFO] [stdout] running 0 tests
[INFO] [stdout] 
[INFO] [stdout] test result: ok. 0 passed; 0 failed; 0 ignored; 0 measured; 0 filtered out; finished in 0.00s
[INFO] [stdout] 
[INFO] [stderr]      Running unittests src/main.rs (/opt/rustwide/target/debug/deps/audio_graph_web-1f2077f024e0913e)
[INFO] [stderr]      Running unittests src/main.rs (/opt/rustwide/target/debug/deps/audio_graph_cli-142619ee1e37f3b6)
[INFO] [stdout] 
[INFO] [stdout] running 0 tests
[INFO] [stdout] 
[INFO] [stdout] test result: ok. 0 passed; 0 failed; 0 ignored; 0 measured; 0 filtered out; finished in 0.00s
[INFO] [stdout] 
[INFO] [stdout] 
[INFO] [stdout] running 0 tests
[INFO] [stdout] 
[INFO] [stdout] test result: ok. 0 passed; 0 failed; 0 ignored; 0 measured; 0 filtered out; finished in 0.00s
[INFO] [stdout] 
[INFO] [stderr]      Running unittests src/main.rs (/opt/rustwide/target/debug/deps/channels_test_cli-17cbd0ee7e77dd48)
[INFO] [stdout] 
[INFO] [stdout] running 0 tests
[INFO] [stdout] 
[INFO] [stdout] test result: ok. 0 passed; 0 failed; 0 ignored; 0 measured; 0 filtered out; finished in 0.00s
[INFO] [stdout] 
[INFO] [stderr]      Running unittests src/lib.rs (/opt/rustwide/target/debug/deps/channels_test_web-3ae2e2ec4cca7f85)
[INFO] [stdout] 
[INFO] [stdout] running 0 tests
[INFO] [stdout] 
[INFO] [stdout] test result: ok. 0 passed; 0 failed; 0 ignored; 0 measured; 0 filtered out; finished in 0.00s
[INFO] [stdout] 
[INFO] [stderr]      Running unittests src/main.rs (/opt/rustwide/target/debug/deps/channels_test_web-9de5e1a86fed0392)
[INFO] [stdout] 
[INFO] [stdout] running 0 tests
[INFO] [stdout] 
[INFO] [stdout] test result: ok. 0 passed; 0 failed; 0 ignored; 0 measured; 0 filtered out; finished in 0.00s
[INFO] [stdout] 
[INFO] [stderr]      Running unittests src/lib.rs (/opt/rustwide/target/debug/deps/concatenative_synthesizer_web-d1719519b000da18)
[INFO] [stdout] 
[INFO] [stdout] running 0 tests
[INFO] [stdout] 
[INFO] [stdout] test result: ok. 0 passed; 0 failed; 0 ignored; 0 measured; 0 filtered out; finished in 0.00s
[INFO] [stdout] 
[INFO] [stderr]      Running unittests src/main.rs (/opt/rustwide/target/debug/deps/concatenative_synthesizer_web-4538371e7a591dae)
[INFO] [stdout] 
[INFO] [stdout] running 0 tests
[INFO] [stdout] 
[INFO] [stdout] test result: ok. 0 passed; 0 failed; 0 ignored; 0 measured; 0 filtered out; finished in 0.00s
[INFO] [stdout] 
[INFO] [stderr]      Running unittests src/lib.rs (/opt/rustwide/target/debug/deps/granular_synthesizer_cli-32eddee51db2d195)
[INFO] [stdout] 
[INFO] [stdout] running 0 tests
[INFO] [stdout] 
[INFO] [stdout] test result: ok. 0 passed; 0 failed; 0 ignored; 0 measured; 0 filtered out; finished in 0.00s
[INFO] [stdout] 
[INFO] [stderr]      Running unittests src/main.rs (/opt/rustwide/target/debug/deps/granular_synthesizer_cli-521823d2b7c6d633)
[INFO] [stdout] 
[INFO] [stdout] running 0 tests
[INFO] [stdout] 
[INFO] [stdout] test result: ok. 0 passed; 0 failed; 0 ignored; 0 measured; 0 filtered out; finished in 0.00s
[INFO] [stdout] 
[INFO] [stderr]      Running unittests src/lib.rs (/opt/rustwide/target/debug/deps/granular_synthesizer_web-18539052ec8817c8)
[INFO] [stdout] 
[INFO] [stdout] running 0 tests
[INFO] [stdout] 
[INFO] [stdout] test result: ok. 0 passed; 0 failed; 0 ignored; 0 measured; 0 filtered out; finished in 0.00s
[INFO] [stdout] 
[INFO] [stderr]      Running unittests src/lib.rs (/opt/rustwide/target/debug/deps/resonix-12f6ccf1f419323b)
[INFO] [stdout] 
[INFO] [stdout] running 0 tests
[INFO] [stdout] 
[INFO] [stdout] test result: ok. 0 passed; 0 failed; 0 ignored; 0 measured; 0 filtered out; finished in 0.00s
[INFO] [stdout] 
[INFO] [stderr]      Running tests/audio_graph.rs (/opt/rustwide/target/debug/deps/audio_graph-aac52950278adcf0)
[INFO] [stdout] 
[INFO] [stdout] running 0 tests
[INFO] [stdout] 
[INFO] [stdout] test result: ok. 0 passed; 0 failed; 0 ignored; 0 measured; 0 filtered out; finished in 0.00s
[INFO] [stdout] 
[INFO] [stderr]      Running unittests src/lib.rs (/opt/rustwide/target/debug/deps/resonix_core-e2d3e3d6ffee0687)
[INFO] [stdout] 
[INFO] [stdout] running 33 tests
[INFO] [stdout] test amplitude::test_mean_square_root_amplitude::it_should_ignore_nans ... ok
[INFO] [stdout] test amplitude::test_mean_square_root_amplitude::it_should_return_correct_result_for_different_samples ... ok
[INFO] [stdout] test amplitude::test_mean_square_root_amplitude::it_should_return_correct_result_for_identical_samples ... ok
[INFO] [stdout] test amplitude::test_mean_square_root_amplitude::it_should_return_0_if_all_samples_are_0 ... ok
[INFO] [stdout] test amplitude::test_mean_square_root_amplitude::it_should_return_none_if_buffer_is_empty ... ok
[INFO] [stdout] test amplitude::test_peak_amplitude::it_should_ignore_nans ... ok
[INFO] [stdout] test amplitude::test_peak_amplitude::it_should_return_0_if_all_samples_are_0 ... ok
[INFO] [stdout] test amplitude::test_peak_amplitude::it_should_return_max_amplitude ... ok
[INFO] [stdout] test granular_synthesizer::granular_synthesizer_struct::test_granular_synthesizer::grain_initialization_delay::it_should_allow_medium_sized_delays ... ok
[INFO] [stdout] test granular_synthesizer::granular_synthesizer_struct::test_granular_synthesizer::num_channels::it_should_dynamically_update_grains_when_new_num_channels_set ... ok
[INFO] [stdout] test granular_synthesizer::granular_synthesizer_struct::test_granular_synthesizer::num_channels::it_should_be_able_to_set_new_num_channels ... ok
[INFO] [stdout] test granular_synthesizer::granular_synthesizer_struct::test_granular_synthesizer::playback::it_should_return_sequential_frames_of_audio_data ... ok
[INFO] [stdout] test amplitude::test_peak_amplitude::it_should_return_none_if_buffer_is_empty ... ok
[INFO] [stdout] test granular_synthesizer::granular_synthesizer_struct::test_granular_synthesizer::num_channels::it_should_have_default_num_channels ... ok
[INFO] [stdout] test granular_synthesizer::granular_synthesizer_struct::test_granular_synthesizer::playback::new_grains_should_come_from_center_of_channels ... ok
[INFO] [stdout] test granular_synthesizer::granular_synthesizer_struct::test_granular_synthesizer::num_channels::it_should_allow_setting_new_num_channels_to_large_amount ... ok
[INFO] [stdout] test sine::sine_struct::test_sine::it_should_produce_sine_values_at_given_frequency ... ok
[INFO] [stdout] test granular_synthesizer::granular_synthesizer_struct::test_granular_synthesizer::set_buffer::it_should_allow_setting_a_smaller_buffer_after_a_big_one ... ok
[INFO] [stdout] test sine::sine_struct::test_sine::it_should_work_when_sample_rate_is_0 ... ok
[INFO] [stdout] test units::decibel::test_decibel::it_should_return_neg_inf_for_amplitude_0 ... ok
[INFO] [stdout] test utils::lazy_cached::test_cached::new_cached::should_accept_initial_value ... ok
[INFO] [stdout] test units::decibel::test_decibel::it_should_return_100_for_amplitude_1 ... ok
[INFO] [stdout] test utils::lazy_cached::test_cached::new_cached::should_not_rerun_function_while_cache_is_valid ... ok
[INFO] [stdout] test utils::lazy_cached::test_cached::new_cached::should_rerun_fn_after_cached_invalidated ... ok
[INFO] [stdout] test utils::lazy_cached::test_cached::new_uncached::should_rerun_fn_after_cached_invalidated ... ok
[INFO] [stdout] test utils::lazy_cached::test_cached::new_uncached::should_run_callback_on_first_get ... ok
[INFO] [stdout] test utils::lazy_cached::test_cached::new_uncached::should_not_rerun_function_while_cache_is_valid ... ok
[INFO] [stdout] test granular_synthesizer::granular_synthesizer_struct::test_granular_synthesizer::set_selection::should_allow_going_from_high_to_low_num_channels ... ok
[INFO] [stdout] test granular_synthesizer::granular_synthesizer_struct::test_granular_synthesizer::set_selection::it_should_allow_setting_many_new_selection_while_producing_grains ... ok
[INFO] [stdout] test granular_synthesizer::granular_synthesizer_struct::test_granular_synthesizer::set_selection::it_should_allow_setting_zero_length_selection ... ok
[INFO] [stdout] test granular_synthesizer::granular_synthesizer_struct::test_granular_synthesizer::set_selection::it_should_allow_setting_new_selection ... ok
[INFO] [stdout] test granular_synthesizer::granular_synthesizer_struct::test_granular_synthesizer::set_selection::it_should_allow_setting_many_new_selection_with_many_channels ... ok
[INFO] [stdout] test granular_synthesizer::granular_synthesizer_struct::test_granular_synthesizer::num_channels::it_should_allow_large_numbers_of_channels ... ok
[INFO] [stderr]      Running unittests src/lib.rs (/opt/rustwide/target/debug/deps/resonix_dac-a3a5c8e7b20304dd)
[INFO] [stdout] 
[INFO] [stdout] test result: ok. 33 passed; 0 failed; 0 ignored; 0 measured; 0 filtered out; finished in 15.17s
[INFO] [stdout] 
[INFO] [stdout] 
[INFO] [stdout] running 1 test
[INFO] [stderr] ALSA lib confmisc.c:855:(parse_card) cannot find card '0'
[INFO] [stderr] ALSA lib conf.c:5178:(_snd_config_evaluate) function snd_func_card_inum returned error: No such file or directory
[INFO] [stderr] ALSA lib confmisc.c:422:(snd_func_concat) error evaluating strings
[INFO] [stderr] ALSA lib conf.c:5178:(_snd_config_evaluate) function snd_func_concat returned error: No such file or directory
[INFO] [stderr] ALSA lib confmisc.c:1334:(snd_func_refer) error evaluating name
[INFO] [stderr] ALSA lib conf.c:5178:(_snd_config_evaluate) function snd_func_refer returned error: No such file or directory
[INFO] [stderr] ALSA lib conf.c:5701:(snd_config_expand) Evaluate error: No such file or directory
[INFO] [stderr] ALSA lib pcm.c:2664:(snd_pcm_open_noupdate) Unknown PCM default
[INFO] [stdout] test dac_struct::dac_tests_on_hardware::calls_get_frame_closure ... FAILED
[INFO] [stdout] 
[INFO] [stdout] failures:
[INFO] [stdout] 
[INFO] [stdout] ---- dac_struct::dac_tests_on_hardware::calls_get_frame_closure stdout ----
[INFO] [stdout] thread 'dac_struct::dac_tests_on_hardware::calls_get_frame_closure' panicked at crates/resonix_dac/src/dac_struct.rs:271:9:
[INFO] [stdout] assertion failed: player.is_ok()
[INFO] [stdout] stack backtrace:
[INFO] [stdout]    0:     0x560b842a3876 - std::backtrace_rs::backtrace::libunwind::trace::h261606ad26a499c1
[INFO] [stdout]                                at /rustc/0e09125c6c3c2fd70d7de961bcf0e51575235fad/library/std/src/../../backtrace/src/backtrace/libunwind.rs:104:5
[INFO] [stdout]    1:     0x560b842a3876 - std::backtrace_rs::backtrace::trace_unsynchronized::hd183f0625477fb28
[INFO] [stdout]                                at /rustc/0e09125c6c3c2fd70d7de961bcf0e51575235fad/library/std/src/../../backtrace/src/backtrace/mod.rs:66:5
[INFO] [stdout]    2:     0x560b842a3876 - std::sys_common::backtrace::_print_fmt::hd7f8fef21b4eda67
[INFO] [stdout]                                at /rustc/0e09125c6c3c2fd70d7de961bcf0e51575235fad/library/std/src/sys_common/backtrace.rs:68:5
[INFO] [stdout]    3:     0x560b842a3876 - <std::sys_common::backtrace::_print::DisplayBacktrace as core::fmt::Display>::fmt::h623d9b51f2f453f1
[INFO] [stdout]                                at /rustc/0e09125c6c3c2fd70d7de961bcf0e51575235fad/library/std/src/sys_common/backtrace.rs:44:22
[INFO] [stdout]    4:     0x560b842cc970 - core::fmt::rt::Argument::fmt::h9f417ac76a86f368
[INFO] [stdout]                                at /rustc/0e09125c6c3c2fd70d7de961bcf0e51575235fad/library/core/src/fmt/rt.rs:142:9
[INFO] [stdout]    5:     0x560b842cc970 - core::fmt::write::hc9b6faf4ac2aeff7
[INFO] [stdout]                                at /rustc/0e09125c6c3c2fd70d7de961bcf0e51575235fad/library/core/src/fmt/mod.rs:1120:17
[INFO] [stdout]    6:     0x560b842a0edf - std::io::Write::write_fmt::he04625a3a989fec3
[INFO] [stdout]                                at /rustc/0e09125c6c3c2fd70d7de961bcf0e51575235fad/library/std/src/io/mod.rs:1810:15
[INFO] [stdout]    7:     0x560b842a3654 - std::sys_common::backtrace::_print::hd5d66399c7df88a2
[INFO] [stdout]                                at /rustc/0e09125c6c3c2fd70d7de961bcf0e51575235fad/library/std/src/sys_common/backtrace.rs:47:5
[INFO] [stdout]    8:     0x560b842a3654 - std::sys_common::backtrace::print::he81ed2da642d37e5
[INFO] [stdout]                                at /rustc/0e09125c6c3c2fd70d7de961bcf0e51575235fad/library/std/src/sys_common/backtrace.rs:34:9
[INFO] [stdout]    9:     0x560b842a53c7 - std::panicking::default_hook::{{closure}}::h85773f4fa117163d
[INFO] [stdout]   10:     0x560b842a50ad - std::panicking::default_hook::h6a1694a91d09b278
[INFO] [stdout]                                at /rustc/0e09125c6c3c2fd70d7de961bcf0e51575235fad/library/std/src/panicking.rs:289:9
[INFO] [stdout]   11:     0x560b8418b867 - <alloc::boxed::Box<F,A> as core::ops::function::Fn<Args>>::call::h616ac37fa3cd6c8f
[INFO] [stdout]                                at /rustc/0e09125c6c3c2fd70d7de961bcf0e51575235fad/library/alloc/src/boxed.rs:2029:9
[INFO] [stdout]   12:     0x560b8418b867 - test::test_main::{{closure}}::h00d84697cefdcbb6
[INFO] [stdout]                                at /rustc/0e09125c6c3c2fd70d7de961bcf0e51575235fad/library/test/src/lib.rs:138:21
[INFO] [stdout]   13:     0x560b842a59e6 - <alloc::boxed::Box<F,A> as core::ops::function::Fn<Args>>::call::hcb3fe3b9bb537ba8
[INFO] [stdout]                                at /rustc/0e09125c6c3c2fd70d7de961bcf0e51575235fad/library/alloc/src/boxed.rs:2029:9
[INFO] [stdout]   14:     0x560b842a59e6 - std::panicking::rust_panic_with_hook::h0a7ad96e90f7145b
[INFO] [stdout]                                at /rustc/0e09125c6c3c2fd70d7de961bcf0e51575235fad/library/std/src/panicking.rs:783:13
[INFO] [stdout]   15:     0x560b842a56f9 - std::panicking::begin_panic_handler::{{closure}}::h7919090525c6485e
[INFO] [stdout]                                at /rustc/0e09125c6c3c2fd70d7de961bcf0e51575235fad/library/std/src/panicking.rs:649:13
[INFO] [stdout]   16:     0x560b842a3d76 - std::sys_common::backtrace::__rust_end_short_backtrace::hf3289479464f7dfe
[INFO] [stdout]                                at /rustc/0e09125c6c3c2fd70d7de961bcf0e51575235fad/library/std/src/sys_common/backtrace.rs:171:18
[INFO] [stdout]   17:     0x560b842a5490 - rust_begin_unwind
[INFO] [stdout]                                at /rustc/0e09125c6c3c2fd70d7de961bcf0e51575235fad/library/std/src/panicking.rs:645:5
[INFO] [stdout]   18:     0x560b8414bdb5 - core::panicking::panic_fmt::hcc9f77c5c132af55
[INFO] [stdout]                                at /rustc/0e09125c6c3c2fd70d7de961bcf0e51575235fad/library/core/src/panicking.rs:72:14
[INFO] [stdout]   19:     0x560b8414be73 - core::panicking::panic::h5a1259c1164bd480
[INFO] [stdout]                                at /rustc/0e09125c6c3c2fd70d7de961bcf0e51575235fad/library/core/src/panicking.rs:144:5
[INFO] [stdout]   20:     0x560b841569cb - resonix_dac::dac_struct::dac_tests_on_hardware::calls_get_frame_closure::{{closure}}::ha2484c549dbc536e
[INFO] [stdout]                                at /opt/rustwide/workdir/crates/resonix_dac/src/dac_struct.rs:271:9
[INFO] [stdout]   21:     0x560b841555b8 - <core::pin::Pin<P> as core::future::future::Future>::poll::h018a65f403914c89
[INFO] [stdout]                                at /rustc/0e09125c6c3c2fd70d7de961bcf0e51575235fad/library/core/src/future/future.rs:124:9
[INFO] [stdout]   22:     0x560b8415560b - <core::pin::Pin<P> as core::future::future::Future>::poll::hb13ece42dd4e81f6
[INFO] [stdout]                                at /rustc/0e09125c6c3c2fd70d7de961bcf0e51575235fad/library/core/src/future/future.rs:124:9
[INFO] [stdout]   23:     0x560b84154ba4 - tokio::runtime::scheduler::current_thread::CoreGuard::block_on::{{closure}}::{{closure}}::{{closure}}::h1c86ebf0d0c72155
[INFO] [stdout]                                at /opt/rustwide/cargo-home/registry/src/index.crates.io-6f17d22bba15001f/tokio-1.28.2/src/runtime/scheduler/current_thread.rs:541:57
[INFO] [stdout]   24:     0x560b84154aaa - tokio::runtime::coop::with_budget::h91d38b5d9da05fad
[INFO] [stdout]                                at /opt/rustwide/cargo-home/registry/src/index.crates.io-6f17d22bba15001f/tokio-1.28.2/src/runtime/coop.rs:107:5
[INFO] [stdout]   25:     0x560b84154aaa - tokio::runtime::coop::budget::ha3fabcc80f498c14
[INFO] [stdout]                                at /opt/rustwide/cargo-home/registry/src/index.crates.io-6f17d22bba15001f/tokio-1.28.2/src/runtime/coop.rs:73:5
[INFO] [stdout]   26:     0x560b84154aaa - tokio::runtime::scheduler::current_thread::CoreGuard::block_on::{{closure}}::{{closure}}::h2ca1fa918421ce88
[INFO] [stdout]                                at /opt/rustwide/cargo-home/registry/src/index.crates.io-6f17d22bba15001f/tokio-1.28.2/src/runtime/scheduler/current_thread.rs:541:25
[INFO] [stdout]   27:     0x560b8415359c - tokio::runtime::scheduler::current_thread::Context::enter::hb7c2ec6c68d6ae50
[INFO] [stdout]                                at /opt/rustwide/cargo-home/registry/src/index.crates.io-6f17d22bba15001f/tokio-1.28.2/src/runtime/scheduler/current_thread.rs:350:19
[INFO] [stdout]   28:     0x560b8415408a - tokio::runtime::scheduler::current_thread::CoreGuard::block_on::{{closure}}::h5fd6d5f97d550a1e
[INFO] [stdout]                                at /opt/rustwide/cargo-home/registry/src/index.crates.io-6f17d22bba15001f/tokio-1.28.2/src/runtime/scheduler/current_thread.rs:540:36
[INFO] [stdout]   29:     0x560b84153d9b - tokio::runtime::scheduler::current_thread::CoreGuard::enter::{{closure}}::h3097f447eacd3772
[INFO] [stdout]                                at /opt/rustwide/cargo-home/registry/src/index.crates.io-6f17d22bba15001f/tokio-1.28.2/src/runtime/scheduler/current_thread.rs:615:57
[INFO] [stdout]   30:     0x560b84151678 - tokio::macros::scoped_tls::ScopedKey<T>::set::h447d9a99bb0a17b1
[INFO] [stdout]                                at /opt/rustwide/cargo-home/registry/src/index.crates.io-6f17d22bba15001f/tokio-1.28.2/src/macros/scoped_tls.rs:61:9
[INFO] [stdout]   31:     0x560b84153b2f - tokio::runtime::scheduler::current_thread::CoreGuard::enter::h39e2102ed773ff3f
[INFO] [stdout]                                at /opt/rustwide/cargo-home/registry/src/index.crates.io-6f17d22bba15001f/tokio-1.28.2/src/runtime/scheduler/current_thread.rs:615:27
[INFO] [stdout]   32:     0x560b84153dcd - tokio::runtime::scheduler::current_thread::CoreGuard::block_on::h3616ae7d40eac7ae
[INFO] [stdout]                                at /opt/rustwide/cargo-home/registry/src/index.crates.io-6f17d22bba15001f/tokio-1.28.2/src/runtime/scheduler/current_thread.rs:530:19
[INFO] [stdout]   33:     0x560b84152d5b - tokio::runtime::scheduler::current_thread::CurrentThread::block_on::h4945ab5500a6ef71
[INFO] [stdout]                                at /opt/rustwide/cargo-home/registry/src/index.crates.io-6f17d22bba15001f/tokio-1.28.2/src/runtime/scheduler/current_thread.rs:154:24
[INFO] [stdout]   34:     0x560b84152a4d - tokio::runtime::runtime::Runtime::block_on::hc502e2a66bc5e8ea
[INFO] [stdout]                                at /opt/rustwide/cargo-home/registry/src/index.crates.io-6f17d22bba15001f/tokio-1.28.2/src/runtime/runtime.rs:302:47
[INFO] [stdout]   35:     0x560b84156758 - resonix_dac::dac_struct::dac_tests_on_hardware::calls_get_frame_closure::ha26dcbd9c16fc4cb
[INFO] [stdout]                                at /opt/rustwide/workdir/crates/resonix_dac/src/dac_struct.rs:274:9
[INFO] [stdout]   36:     0x560b841565e7 - resonix_dac::dac_struct::dac_tests_on_hardware::calls_get_frame_closure::{{closure}}::h1c25f8f06b7cf28a
[INFO] [stdout]                                at /opt/rustwide/workdir/crates/resonix_dac/src/dac_struct.rs:261:39
[INFO] [stdout]   37:     0x560b8414ee86 - core::ops::function::FnOnce::call_once::ha3967cdbc41e0e11
[INFO] [stdout]                                at /rustc/0e09125c6c3c2fd70d7de961bcf0e51575235fad/library/core/src/ops/function.rs:250:5
[INFO] [stdout]   38:     0x560b8419113f - core::ops::function::FnOnce::call_once::hd64d26f405258157
[INFO] [stdout]                                at /rustc/0e09125c6c3c2fd70d7de961bcf0e51575235fad/library/core/src/ops/function.rs:250:5
[INFO] [stdout]   39:     0x560b8419113f - test::__rust_begin_short_backtrace::he21b0b7a6d731bf9
[INFO] [stdout]                                at /rustc/0e09125c6c3c2fd70d7de961bcf0e51575235fad/library/test/src/lib.rs:627:18
[INFO] [stdout]   40:     0x560b8418fec1 - test::run_test_in_process::{{closure}}::hf5c73986d7bdfde2
[INFO] [stdout]                                at /rustc/0e09125c6c3c2fd70d7de961bcf0e51575235fad/library/test/src/lib.rs:650:60
[INFO] [stdout]   41:     0x560b8418fec1 - <core::panic::unwind_safe::AssertUnwindSafe<F> as core::ops::function::FnOnce<()>>::call_once::h330011ad032aadc0
[INFO] [stdout]                                at /rustc/0e09125c6c3c2fd70d7de961bcf0e51575235fad/library/core/src/panic/unwind_safe.rs:272:9
[INFO] [stdout]   42:     0x560b8418fec1 - std::panicking::try::do_call::he61b0a958b795a41
[INFO] [stdout]                                at /rustc/0e09125c6c3c2fd70d7de961bcf0e51575235fad/library/std/src/panicking.rs:552:40
[INFO] [stdout]   43:     0x560b8418fec1 - std::panicking::try::h7309da130f906eb7
[INFO] [stdout]                                at /rustc/0e09125c6c3c2fd70d7de961bcf0e51575235fad/library/std/src/panicking.rs:516:19
[INFO] [stdout]   44:     0x560b8418fec1 - std::panic::catch_unwind::hc5c3a06fdaf0a92a
[INFO] [stdout]                                at /rustc/0e09125c6c3c2fd70d7de961bcf0e51575235fad/library/std/src/panic.rs:142:14
[INFO] [stdout]   45:     0x560b8418fec1 - test::run_test_in_process::h7e7b7c71c3324e0f
[INFO] [stdout]                                at /rustc/0e09125c6c3c2fd70d7de961bcf0e51575235fad/library/test/src/lib.rs:650:27
[INFO] [stdout]   46:     0x560b8418fec1 - test::run_test::{{closure}}::h1f509f28f5cf20b1
[INFO] [stdout]                                at /rustc/0e09125c6c3c2fd70d7de961bcf0e51575235fad/library/test/src/lib.rs:573:43
[INFO] [stdout]   47:     0x560b841571f6 - test::run_test::{{closure}}::h1754218abf443f6d
[INFO] [stdout]                                at /rustc/0e09125c6c3c2fd70d7de961bcf0e51575235fad/library/test/src/lib.rs:601:41
[INFO] [stdout]   48:     0x560b841571f6 - std::sys_common::backtrace::__rust_begin_short_backtrace::h2ee174b9d5954948
[INFO] [stdout]                                at /rustc/0e09125c6c3c2fd70d7de961bcf0e51575235fad/library/std/src/sys_common/backtrace.rs:155:18
[INFO] [stdout]   49:     0x560b8415c257 - std::thread::Builder::spawn_unchecked_::{{closure}}::{{closure}}::hf60bee9c1a17ef09
[INFO] [stdout]                                at /rustc/0e09125c6c3c2fd70d7de961bcf0e51575235fad/library/std/src/thread/mod.rs:529:17
[INFO] [stdout]   50:     0x560b8415c257 - <core::panic::unwind_safe::AssertUnwindSafe<F> as core::ops::function::FnOnce<()>>::call_once::h33d0dddec5216160
[INFO] [stdout]                                at /rustc/0e09125c6c3c2fd70d7de961bcf0e51575235fad/library/core/src/panic/unwind_safe.rs:272:9
[INFO] [stdout]   51:     0x560b8415c257 - std::panicking::try::do_call::h144b3048b546f835
[INFO] [stdout]                                at /rustc/0e09125c6c3c2fd70d7de961bcf0e51575235fad/library/std/src/panicking.rs:552:40
[INFO] [stdout]   52:     0x560b8415c257 - std::panicking::try::h978244d04646189f
[INFO] [stdout]                                at /rustc/0e09125c6c3c2fd70d7de961bcf0e51575235fad/library/std/src/panicking.rs:516:19
[INFO] [stdout]   53:     0x560b8415c257 - std::panic::catch_unwind::hdf436369d188fe86
[INFO] [stdout]                                at /rustc/0e09125c6c3c2fd70d7de961bcf0e51575235fad/library/std/src/panic.rs:142:14
[INFO] [stdout]   54:     0x560b8415c257 - std::thread::Builder::spawn_unchecked_::{{closure}}::h87329cbdd33c79ec
[INFO] [stdout]                                at /rustc/0e09125c6c3c2fd70d7de961bcf0e51575235fad/library/std/src/thread/mod.rs:528:30
[INFO] [stdout]   55:     0x560b8415c257 - core::ops::function::FnOnce::call_once{{vtable.shim}}::h401abbe67897d450
[INFO] [stdout]                                at /rustc/0e09125c6c3c2fd70d7de961bcf0e51575235fad/library/core/src/ops/function.rs:250:5
[INFO] [stdout]   56:     0x560b842aa615 - <alloc::boxed::Box<F,A> as core::ops::function::FnOnce<Args>>::call_once::h5d7c8f150ab9c84c
[INFO] [stdout]                                at /rustc/0e09125c6c3c2fd70d7de961bcf0e51575235fad/library/alloc/src/boxed.rs:2015:9
[INFO] [stdout]   57:     0x560b842aa615 - <alloc::boxed::Box<F,A> as core::ops::function::FnOnce<Args>>::call_once::h570d5b005c242c15
[INFO] [stdout]                                at /rustc/0e09125c6c3c2fd70d7de961bcf0e51575235fad/library/alloc/src/boxed.rs:2015:9
[INFO] [stdout]   58:     0x560b842aa615 - std::sys::unix::thread::Thread::new::thread_start::h36b0a20c0b2361ad
[INFO] [stdout]                                at /rustc/0e09125c6c3c2fd70d7de961bcf0e51575235fad/library/std/src/sys/unix/thread.rs:108:17
[INFO] [stdout]   59:     0x7f751565eac3 - <unknown>
[INFO] [stdout]   60:     0x7f75156efbf4 - __clone
[INFO] [stdout]   61:                0x0 - <unknown>
[INFO] [stdout] 
[INFO] [stdout] 
[INFO] [stdout] failures:
[INFO] [stdout]     dac_struct::dac_tests_on_hardware::calls_get_frame_closure
[INFO] [stdout] 
[INFO] [stdout] test result: FAILED. 0 passed; 1 failed; 0 ignored; 0 measured; 0 filtered out; finished in 0.04s
[INFO] [stdout] 
[INFO] [stderr] error: test failed, to rerun pass `-p resonix_dac --lib`
[INFO] running `Command { std: "docker" "inspect" "d07acb5bf8c8f5bfd45ccf15c545f0132895f1b576feaae3a1fc0789eeee8776", kill_on_drop: false }`
[INFO] running `Command { std: "docker" "rm" "-f" "d07acb5bf8c8f5bfd45ccf15c545f0132895f1b576feaae3a1fc0789eeee8776", kill_on_drop: false }`
[INFO] [stdout] d07acb5bf8c8f5bfd45ccf15c545f0132895f1b576feaae3a1fc0789eeee8776
