[INFO] cloning repository https://github.com/atlanticaccent/starsector-mod-api
[INFO] running `Command { std: "git" "-c" "credential.helper=" "-c" "credential.helper=/workspace/cargo-home/bin/git-credential-null" "clone" "--bare" "https://github.com/atlanticaccent/starsector-mod-api" "/workspace/cache/git-repos/https%3A%2F%2Fgithub.com%2Fatlanticaccent%2Fstarsector-mod-api", kill_on_drop: false }`
[INFO] [stderr] Cloning into bare repository '/workspace/cache/git-repos/https%3A%2F%2Fgithub.com%2Fatlanticaccent%2Fstarsector-mod-api'...
[INFO] running `Command { std: "git" "rev-parse" "HEAD", kill_on_drop: false }`
[INFO] [stdout] a70f83988a5276fdc88209f0587b1643897a97aa
[INFO] testing atlanticaccent/starsector-mod-api against 1.75.0 for beta-1.76-1
[INFO] running `Command { std: "git" "clone" "/workspace/cache/git-repos/https%3A%2F%2Fgithub.com%2Fatlanticaccent%2Fstarsector-mod-api" "/workspace/builds/worker-4-tc1/source", kill_on_drop: false }`
[INFO] [stderr] Cloning into '/workspace/builds/worker-4-tc1/source'...
[INFO] [stderr] done.
[INFO] validating manifest of git repo https://github.com/atlanticaccent/starsector-mod-api on toolchain 1.75.0
[INFO] running `Command { std: CARGO_HOME="/workspace/cargo-home" RUSTUP_HOME="/workspace/rustup-home" "/workspace/cargo-home/bin/cargo" "+1.75.0" "metadata" "--manifest-path" "Cargo.toml" "--no-deps", kill_on_drop: false }`
[INFO] started tweaking git repo https://github.com/atlanticaccent/starsector-mod-api
[INFO] finished tweaking git repo https://github.com/atlanticaccent/starsector-mod-api
[INFO] tweaked toml for git repo https://github.com/atlanticaccent/starsector-mod-api written to /workspace/builds/worker-4-tc1/source/Cargo.toml
[INFO] crate git repo https://github.com/atlanticaccent/starsector-mod-api already has a lockfile, it will not be regenerated
[INFO] running `Command { std: CARGO_HOME="/workspace/cargo-home" RUSTUP_HOME="/workspace/rustup-home" "/workspace/cargo-home/bin/cargo" "+1.75.0" "fetch" "--manifest-path" "Cargo.toml", kill_on_drop: false }`
[INFO] [stderr] warning: profiles for the non root package will be ignored, specify profiles at the workspace root:
[INFO] [stderr] package:   /workspace/builds/worker-4-tc1/source/starsector-mod-info/Cargo.toml
[INFO] [stderr] workspace: /workspace/builds/worker-4-tc1/source/Cargo.toml
[INFO] [stderr] warning: profiles for the non root package will be ignored, specify profiles at the workspace root:
[INFO] [stderr] package:   /workspace/builds/worker-4-tc1/source/starsector-mod-info-storage/Cargo.toml
[INFO] [stderr] workspace: /workspace/builds/worker-4-tc1/source/Cargo.toml
[INFO] [stderr] warning: profiles for the non root package will be ignored, specify profiles at the workspace root:
[INFO] [stderr] package:   /workspace/builds/worker-4-tc1/source/starsector-mod-info-auth/Cargo.toml
[INFO] [stderr] workspace: /workspace/builds/worker-4-tc1/source/Cargo.toml
[INFO] [stderr] warning: virtual workspace defaulting to `resolver = "1"` despite one or more workspace members being on edition 2021 which implies `resolver = "2"`
[INFO] [stderr] note: to keep the current resolver, specify `workspace.resolver = "1"` in the workspace root's manifest
[INFO] [stderr] note: to use the edition 2021 resolver, specify `workspace.resolver = "2"` in the workspace root's manifest
[INFO] [stderr] note: for more details see https://doc.rust-lang.org/cargo/reference/resolver.html#resolver-versions
[INFO] [stderr]     Updating git repository `https://github.com/cloudflare/workers-rs.git`
[INFO] [stderr]  Downloading crates ...
[INFO] [stderr]   Downloaded worker-kv v0.5.1
[INFO] running `Command { std: "docker" "create" "-v" "/var/lib/crater-agent-workspace/builds/worker-4-tc1/target:/opt/rustwide/target:rw,Z" "-v" "/var/lib/crater-agent-workspace/builds/worker-4-tc1/source:/opt/rustwide/workdir:ro,Z" "-v" "/var/lib/crater-agent-workspace/cargo-home:/opt/rustwide/cargo-home:ro,Z" "-v" "/var/lib/crater-agent-workspace/rustup-home:/opt/rustwide/rustup-home:ro,Z" "-e" "SOURCE_DIR=/opt/rustwide/workdir" "-e" "CARGO_TARGET_DIR=/opt/rustwide/target" "-e" "CARGO_HOME=/opt/rustwide/cargo-home" "-e" "RUSTUP_HOME=/opt/rustwide/rustup-home" "-w" "/opt/rustwide/workdir" "-m" "1610612736" "--user" "0:0" "--network" "none" "ghcr.io/rust-lang/crates-build-env/linux@sha256:2788e3201cd34a07e3172128adcd8b3090168a8e3bcc40d7c032b9dda1df7d1c" "/opt/rustwide/cargo-home/bin/cargo" "+1.75.0" "metadata" "--no-deps" "--format-version=1", kill_on_drop: false }`
[INFO] [stdout] bc687d690f5770c88660759d405bc2eca653258d279401d2016fae840dbf2569
[INFO] running `Command { std: "docker" "start" "-a" "bc687d690f5770c88660759d405bc2eca653258d279401d2016fae840dbf2569", kill_on_drop: false }`
[INFO] running `Command { std: "docker" "inspect" "bc687d690f5770c88660759d405bc2eca653258d279401d2016fae840dbf2569", kill_on_drop: false }`
[INFO] running `Command { std: "docker" "rm" "-f" "bc687d690f5770c88660759d405bc2eca653258d279401d2016fae840dbf2569", kill_on_drop: false }`
[INFO] [stdout] bc687d690f5770c88660759d405bc2eca653258d279401d2016fae840dbf2569
[INFO] running `Command { std: "docker" "create" "-v" "/var/lib/crater-agent-workspace/builds/worker-4-tc1/target:/opt/rustwide/target:rw,Z" "-v" "/var/lib/crater-agent-workspace/builds/worker-4-tc1/source:/opt/rustwide/workdir:ro,Z" "-v" "/var/lib/crater-agent-workspace/cargo-home:/opt/rustwide/cargo-home:ro,Z" "-v" "/var/lib/crater-agent-workspace/rustup-home:/opt/rustwide/rustup-home:ro,Z" "-e" "SOURCE_DIR=/opt/rustwide/workdir" "-e" "CARGO_TARGET_DIR=/opt/rustwide/target" "-e" "CARGO_INCREMENTAL=0" "-e" "RUST_BACKTRACE=full" "-e" "RUSTFLAGS=--cap-lints=warn" "-e" "RUSTDOCFLAGS=--cap-lints=warn" "-e" "CARGO_HOME=/opt/rustwide/cargo-home" "-e" "RUSTUP_HOME=/opt/rustwide/rustup-home" "-w" "/opt/rustwide/workdir" "-m" "1610612736" "--user" "0:0" "--network" "none" "ghcr.io/rust-lang/crates-build-env/linux@sha256:2788e3201cd34a07e3172128adcd8b3090168a8e3bcc40d7c032b9dda1df7d1c" "/opt/rustwide/cargo-home/bin/cargo" "+1.75.0" "build" "--frozen" "--message-format=json", kill_on_drop: false }`
[INFO] [stdout] 79fbc14b62e8231aef98c59b03a91f59fa201f3ffc7ddd7ff409c762ef50eb6e
[INFO] running `Command { std: "docker" "start" "-a" "79fbc14b62e8231aef98c59b03a91f59fa201f3ffc7ddd7ff409c762ef50eb6e", kill_on_drop: false }`
[INFO] [stderr] warning: profiles for the non root package will be ignored, specify profiles at the workspace root:
[INFO] [stderr] package:   /opt/rustwide/workdir/starsector-mod-info/Cargo.toml
[INFO] [stderr] workspace: /opt/rustwide/workdir/Cargo.toml
[INFO] [stderr] warning: profiles for the non root package will be ignored, specify profiles at the workspace root:
[INFO] [stderr] package:   /opt/rustwide/workdir/starsector-mod-info-storage/Cargo.toml
[INFO] [stderr] workspace: /opt/rustwide/workdir/Cargo.toml
[INFO] [stderr] warning: profiles for the non root package will be ignored, specify profiles at the workspace root:
[INFO] [stderr] package:   /opt/rustwide/workdir/starsector-mod-info-auth/Cargo.toml
[INFO] [stderr] workspace: /opt/rustwide/workdir/Cargo.toml
[INFO] [stderr] warning: virtual workspace defaulting to `resolver = "1"` despite one or more workspace members being on edition 2021 which implies `resolver = "2"`
[INFO] [stderr] note: to keep the current resolver, specify `workspace.resolver = "1"` in the workspace root's manifest
[INFO] [stderr] note: to use the edition 2021 resolver, specify `workspace.resolver = "2"` in the workspace root's manifest
[INFO] [stderr] note: for more details see https://doc.rust-lang.org/cargo/reference/resolver.html#resolver-versions
[INFO] [stderr]    Compiling proc-macro2 v1.0.49
[INFO] [stderr]    Compiling unicode-ident v1.0.6
[INFO] [stderr]    Compiling quote v1.0.23
[INFO] [stderr]    Compiling syn v1.0.107
[INFO] [stderr]    Compiling serde_derive v1.0.152
[INFO] [stderr]    Compiling serde v1.0.152
[INFO] [stderr]    Compiling wasm-bindgen-shared v0.2.83
[INFO] [stderr]    Compiling log v0.4.17
[INFO] [stderr]    Compiling bumpalo v3.11.1
[INFO] [stderr]    Compiling itoa v1.0.5
[INFO] [stderr]    Compiling once_cell v1.17.0
[INFO] [stderr]    Compiling serde_json v1.0.91
[INFO] [stderr]    Compiling ryu v1.0.12
[INFO] [stderr]    Compiling libc v0.2.139
[INFO] [stderr]    Compiling wasm-bindgen v0.2.83
[INFO] [stderr]    Compiling uncased v0.9.7
[INFO] [stderr]    Compiling ppv-lite86 v0.2.17
[INFO] [stderr]    Compiling siphasher v0.3.10
[INFO] [stderr]    Compiling num-traits v0.2.15
[INFO] [stderr]    Compiling regex-syntax v0.6.28
[INFO] [stderr]    Compiling num-integer v0.1.45
[INFO] [stderr]    Compiling futures-core v0.3.25
[INFO] [stderr]    Compiling slab v0.4.7
[INFO] [stderr]    Compiling futures-task v0.3.25
[INFO] [stderr]    Compiling tinyvec v1.6.0
[INFO] [stderr]    Compiling async-trait v0.1.61
[INFO] [stderr]    Compiling futures-util v0.3.25
[INFO] [stderr]    Compiling iana-time-zone v0.1.53
[INFO] [stderr]    Compiling phf_shared v0.11.1
[INFO] [stderr]    Compiling thiserror v1.0.38
[INFO] [stderr]    Compiling rustversion v1.0.11
[INFO] [stderr]    Compiling pin-utils v0.1.0
[INFO] [stderr]    Compiling futures-io v0.3.25
[INFO] [stderr]    Compiling phf v0.11.1
[INFO] [stderr]    Compiling percent-encoding v2.2.0
[INFO] [stderr]    Compiling unicode-bidi v0.3.8
[INFO] [stderr]    Compiling futures-channel v0.3.25
[INFO] [stderr]    Compiling futures-sink v0.3.25
[INFO] [stderr]    Compiling pin-project-lite v0.2.9
[INFO] [stderr]    Compiling form_urlencoded v1.1.0
[INFO] [stderr]    Compiling bytes v1.3.0
[INFO] [stderr]    Compiling matchit v0.4.6
[INFO] [stderr]    Compiling base64 v0.13.1
[INFO] [stderr]    Compiling getrandom v0.2.8
[INFO] [stderr]    Compiling http v0.2.8
[INFO] [stderr]    Compiling unicode-normalization v0.1.22
[INFO] [stderr]    Compiling rand_core v0.6.4
[INFO] [stderr]    Compiling rand_chacha v0.3.1
[INFO] [stderr]    Compiling regex v1.7.1
[INFO] [stderr]    Compiling rand v0.8.5
[INFO] [stderr]    Compiling idna v0.3.0
[INFO] [stderr]    Compiling url v2.3.1
[INFO] [stderr]    Compiling parse-zoneinfo v0.3.0
[INFO] [stderr]    Compiling phf_generator v0.11.1
[INFO] [stderr]    Compiling phf_codegen v0.11.1
[INFO] [stderr]    Compiling chrono-tz-build v0.0.3
[INFO] [stderr]    Compiling chrono-tz v0.6.3
[INFO] [stderr]    Compiling wasm-bindgen-backend v0.2.83
[INFO] [stderr]    Compiling wasm-bindgen-macro-support v0.2.83
[INFO] [stderr]    Compiling futures-macro v0.3.25
[INFO] [stderr]    Compiling thiserror-impl v1.0.38
[INFO] [stderr]    Compiling pin-project-internal v1.0.12
[INFO] [stderr]    Compiling strum_macros v0.24.3
[INFO] [stderr]    Compiling wasm-bindgen-macro v0.2.83
[INFO] [stderr]    Compiling pin-project v1.0.12
[INFO] [stderr]    Compiling strum v0.24.1
[INFO] [stderr]    Compiling chrono v0.4.23
[INFO] [stderr]    Compiling serde-aux v3.1.0
[INFO] [stderr]    Compiling js-sys v0.3.60
[INFO] [stderr]    Compiling uuid v1.2.2
[INFO] [stderr]    Compiling console_error_panic_hook v0.1.7
[INFO] [stderr]    Compiling wasm-bindgen-futures v0.4.33
[INFO] [stderr]    Compiling web-sys v0.3.60
[INFO] [stderr]    Compiling serde-wasm-bindgen v0.4.5
[INFO] [stderr]    Compiling worker-kv v0.5.1
[INFO] [stderr]    Compiling worker-sys v0.0.6 (https://github.com/cloudflare/workers-rs.git?rev=b55bb592ee6dbf11fa1971f2c93055ab121393b6#b55bb592)
[INFO] [stderr]    Compiling wasm-streams v0.2.3
[INFO] [stderr]    Compiling worker-macros v0.0.6 (https://github.com/cloudflare/workers-rs.git?rev=b55bb592ee6dbf11fa1971f2c93055ab121393b6#b55bb592)
[INFO] [stderr]    Compiling worker v0.0.12 (https://github.com/cloudflare/workers-rs.git?rev=b55bb592ee6dbf11fa1971f2c93055ab121393b6#b55bb592)
[INFO] [stderr]    Compiling starsector-mod-info-shared v0.1.0 (/opt/rustwide/workdir/starsector-mod-info-shared)
[INFO] [stdout] warning: `&` without an explicit lifetime name cannot be used here
[INFO] [stdout]   --> starsector-mod-info-shared/src/user/trusted.rs:94:25
[INFO] [stdout]    |
[INFO] [stdout] 94 |   pub const TRUSTED_ID: &str = "trusted";
[INFO] [stdout]    |                         ^
[INFO] [stdout]    |
[INFO] [stdout]    = warning: this was previously accepted by the compiler but is being phased out; it will become a hard error in a future release!
[INFO] [stdout]    = note: for more information, see issue #115010 <https://github.com/rust-lang/rust/issues/115010>
[INFO] [stdout]    = note: `#[warn(elided_lifetimes_in_associated_constant)]` on by default
[INFO] [stdout] help: use the `'static` lifetime
[INFO] [stdout]    |
[INFO] [stdout] 94 |   pub const TRUSTED_ID: &'static str = "trusted";
[INFO] [stdout]    |                          +++++++
[INFO] [stdout] 
[INFO] [stdout] 
[INFO] [stdout] warning: method `get_mod` is never used
[INFO] [stdout]   --> starsector-mod-info-shared/src/mod_info/durable_mod.rs:98:12
[INFO] [stdout]    |
[INFO] [stdout] 97 | impl DurableMod {
[INFO] [stdout]    | --------------- method in this implementation
[INFO] [stdout] 98 |   async fn get_mod(&self) -> worker::Result<Mod> {
[INFO] [stdout]    |            ^^^^^^^
[INFO] [stdout]    |
[INFO] [stdout]    = note: `#[warn(dead_code)]` on by default
[INFO] [stdout] 
[INFO] [stdout] 
[INFO] [stdout] warning: 2 warnings emitted
[INFO] [stdout] 
[INFO] [stdout] 
[INFO] [stderr]    Compiling starsector-mod-info v0.1.0 (/opt/rustwide/workdir/starsector-mod-info)
[INFO] [stderr]    Compiling starsector-mod-info-storage v0.1.0 (/opt/rustwide/workdir/starsector-mod-info-storage)
[INFO] [stderr]    Compiling starsector-mod-info-auth v0.1.0 (/opt/rustwide/workdir/starsector-mod-info-auth)
[INFO] [stdout] warning: unused variable: `dataset`
[INFO] [stdout]   --> starsector-mod-info/src/mod_data/mod.rs:33:11
[INFO] [stdout]    |
[INFO] [stdout] 33 |       let dataset: HashMap<String, Metadata> = body.parse().await?;
[INFO] [stdout]    |           ^^^^^^^ help: if this is intentional, prefix it with an underscore: `_dataset`
[INFO] [stdout]    |
[INFO] [stdout]    = note: `#[warn(unused_variables)]` on by default
[INFO] [stdout] 
[INFO] [stdout] 
[INFO] [stdout] warning: 1 warning emitted
[INFO] [stdout] 
[INFO] [stdout] 
[INFO] [stderr]     Finished dev [unoptimized + debuginfo] target(s) in 16.31s
[INFO] running `Command { std: "docker" "inspect" "79fbc14b62e8231aef98c59b03a91f59fa201f3ffc7ddd7ff409c762ef50eb6e", kill_on_drop: false }`
[INFO] running `Command { std: "docker" "rm" "-f" "79fbc14b62e8231aef98c59b03a91f59fa201f3ffc7ddd7ff409c762ef50eb6e", kill_on_drop: false }`
[INFO] [stdout] 79fbc14b62e8231aef98c59b03a91f59fa201f3ffc7ddd7ff409c762ef50eb6e
[INFO] running `Command { std: "docker" "create" "-v" "/var/lib/crater-agent-workspace/builds/worker-4-tc1/target:/opt/rustwide/target:rw,Z" "-v" "/var/lib/crater-agent-workspace/builds/worker-4-tc1/source:/opt/rustwide/workdir:ro,Z" "-v" "/var/lib/crater-agent-workspace/cargo-home:/opt/rustwide/cargo-home:ro,Z" "-v" "/var/lib/crater-agent-workspace/rustup-home:/opt/rustwide/rustup-home:ro,Z" "-e" "SOURCE_DIR=/opt/rustwide/workdir" "-e" "CARGO_TARGET_DIR=/opt/rustwide/target" "-e" "CARGO_INCREMENTAL=0" "-e" "RUST_BACKTRACE=full" "-e" "RUSTFLAGS=--cap-lints=warn" "-e" "RUSTDOCFLAGS=--cap-lints=warn" "-e" "CARGO_HOME=/opt/rustwide/cargo-home" "-e" "RUSTUP_HOME=/opt/rustwide/rustup-home" "-w" "/opt/rustwide/workdir" "-m" "1610612736" "--user" "0:0" "--network" "none" "ghcr.io/rust-lang/crates-build-env/linux@sha256:2788e3201cd34a07e3172128adcd8b3090168a8e3bcc40d7c032b9dda1df7d1c" "/opt/rustwide/cargo-home/bin/cargo" "+1.75.0" "test" "--frozen" "--no-run" "--message-format=json", kill_on_drop: false }`
[INFO] [stdout] 48382156206d6b955a4b537181f0c89929732e88eaa97c22d7a38ffbade82f77
[INFO] running `Command { std: "docker" "start" "-a" "48382156206d6b955a4b537181f0c89929732e88eaa97c22d7a38ffbade82f77", kill_on_drop: false }`
[INFO] [stderr] warning: profiles for the non root package will be ignored, specify profiles at the workspace root:
[INFO] [stderr] package:   /opt/rustwide/workdir/starsector-mod-info/Cargo.toml
[INFO] [stderr] workspace: /opt/rustwide/workdir/Cargo.toml
[INFO] [stderr] warning: profiles for the non root package will be ignored, specify profiles at the workspace root:
[INFO] [stderr] package:   /opt/rustwide/workdir/starsector-mod-info-storage/Cargo.toml
[INFO] [stderr] workspace: /opt/rustwide/workdir/Cargo.toml
[INFO] [stderr] warning: profiles for the non root package will be ignored, specify profiles at the workspace root:
[INFO] [stderr] package:   /opt/rustwide/workdir/starsector-mod-info-auth/Cargo.toml
[INFO] [stderr] workspace: /opt/rustwide/workdir/Cargo.toml
[INFO] [stderr] warning: virtual workspace defaulting to `resolver = "1"` despite one or more workspace members being on edition 2021 which implies `resolver = "2"`
[INFO] [stderr] note: to keep the current resolver, specify `workspace.resolver = "1"` in the workspace root's manifest
[INFO] [stderr] note: to use the edition 2021 resolver, specify `workspace.resolver = "2"` in the workspace root's manifest
[INFO] [stderr] note: for more details see https://doc.rust-lang.org/cargo/reference/resolver.html#resolver-versions
[INFO] [stdout] warning: `&` without an explicit lifetime name cannot be used here
[INFO] [stdout]   --> starsector-mod-info-shared/src/user/trusted.rs:94:25
[INFO] [stdout]    |
[INFO] [stdout] 94 |   pub const TRUSTED_ID: &str = "trusted";
[INFO] [stdout]    |                         ^
[INFO] [stdout]    |
[INFO] [stdout]    = warning: this was previously accepted by the compiler but is being phased out; it will become a hard error in a future release!
[INFO] [stdout]    = note: for more information, see issue #115010 <https://github.com/rust-lang/rust/issues/115010>
[INFO] [stdout]    = note: `#[warn(elided_lifetimes_in_associated_constant)]` on by default
[INFO] [stdout] help: use the `'static` lifetime
[INFO] [stdout]    |
[INFO] [stdout] 94 |   pub const TRUSTED_ID: &'static str = "trusted";
[INFO] [stdout]    |                          +++++++
[INFO] [stdout] 
[INFO] [stdout] 
[INFO] [stdout] warning: method `get_mod` is never used
[INFO] [stdout]   --> starsector-mod-info-shared/src/mod_info/durable_mod.rs:98:12
[INFO] [stdout]    |
[INFO] [stdout] 97 | impl DurableMod {
[INFO] [stdout]    | --------------- method in this implementation
[INFO] [stdout] 98 |   async fn get_mod(&self) -> worker::Result<Mod> {
[INFO] [stdout]    |            ^^^^^^^
[INFO] [stdout]    |
[INFO] [stdout]    = note: `#[warn(dead_code)]` on by default
[INFO] [stdout] 
[INFO] [stdout] 
[INFO] [stderr]    Compiling starsector-mod-info-shared v0.1.0 (/opt/rustwide/workdir/starsector-mod-info-shared)
[INFO] [stdout] warning: 2 warnings emitted
[INFO] [stdout] 
[INFO] [stdout] 
[INFO] [stdout] warning: unused variable: `dataset`
[INFO] [stdout]   --> starsector-mod-info/src/mod_data/mod.rs:33:11
[INFO] [stdout]    |
[INFO] [stdout] 33 |       let dataset: HashMap<String, Metadata> = body.parse().await?;
[INFO] [stdout]    |           ^^^^^^^ help: if this is intentional, prefix it with an underscore: `_dataset`
[INFO] [stdout]    |
[INFO] [stdout]    = note: `#[warn(unused_variables)]` on by default
[INFO] [stdout] 
[INFO] [stdout] 
[INFO] [stderr]    Compiling starsector-mod-info-storage v0.1.0 (/opt/rustwide/workdir/starsector-mod-info-storage)
[INFO] [stdout] warning: 1 warning emitted
[INFO] [stdout] 
[INFO] [stdout] 
[INFO] [stderr]    Compiling starsector-mod-info v0.1.0 (/opt/rustwide/workdir/starsector-mod-info)
[INFO] [stderr]    Compiling starsector-mod-info-auth v0.1.0 (/opt/rustwide/workdir/starsector-mod-info-auth)
[INFO] [stdout] warning: unused variable: `dataset`
[INFO] [stdout]   --> starsector-mod-info/src/mod_data/mod.rs:33:11
[INFO] [stdout]    |
[INFO] [stdout] 33 |       let dataset: HashMap<String, Metadata> = body.parse().await?;
[INFO] [stdout]    |           ^^^^^^^ help: if this is intentional, prefix it with an underscore: `_dataset`
[INFO] [stdout]    |
[INFO] [stdout]    = note: `#[warn(unused_variables)]` on by default
[INFO] [stdout] 
[INFO] [stdout] 
[INFO] [stdout] warning: `&` without an explicit lifetime name cannot be used here
[INFO] [stdout]   --> starsector-mod-info-shared/src/user/trusted.rs:94:25
[INFO] [stdout]    |
[INFO] [stdout] 94 |   pub const TRUSTED_ID: &str = "trusted";
[INFO] [stdout]    |                         ^
[INFO] [stdout]    |
[INFO] [stdout]    = warning: this was previously accepted by the compiler but is being phased out; it will become a hard error in a future release!
[INFO] [stdout]    = note: for more information, see issue #115010 <https://github.com/rust-lang/rust/issues/115010>
[INFO] [stdout]    = note: `#[warn(elided_lifetimes_in_associated_constant)]` on by default
[INFO] [stdout] help: use the `'static` lifetime
[INFO] [stdout]    |
[INFO] [stdout] 94 |   pub const TRUSTED_ID: &'static str = "trusted";
[INFO] [stdout]    |                          +++++++
[INFO] [stdout] 
[INFO] [stdout] 
[INFO] [stdout] warning: 1 warning emitted
[INFO] [stdout] 
[INFO] [stdout] 
[INFO] [stdout] warning: method `get_mod` is never used
[INFO] [stdout]   --> starsector-mod-info-shared/src/mod_info/durable_mod.rs:98:12
[INFO] [stdout]    |
[INFO] [stdout] 97 | impl DurableMod {
[INFO] [stdout]    | --------------- method in this implementation
[INFO] [stdout] 98 |   async fn get_mod(&self) -> worker::Result<Mod> {
[INFO] [stdout]    |            ^^^^^^^
[INFO] [stdout]    |
[INFO] [stdout]    = note: `#[warn(dead_code)]` on by default
[INFO] [stdout] 
[INFO] [stdout] 
[INFO] [stdout] warning: 2 warnings emitted
[INFO] [stdout] 
[INFO] [stdout] 
[INFO] [stderr]     Finished test [unoptimized + debuginfo] target(s) in 0.89s
[INFO] running `Command { std: "docker" "inspect" "48382156206d6b955a4b537181f0c89929732e88eaa97c22d7a38ffbade82f77", kill_on_drop: false }`
[INFO] running `Command { std: "docker" "rm" "-f" "48382156206d6b955a4b537181f0c89929732e88eaa97c22d7a38ffbade82f77", kill_on_drop: false }`
[INFO] [stdout] 48382156206d6b955a4b537181f0c89929732e88eaa97c22d7a38ffbade82f77
[INFO] running `Command { std: "docker" "create" "-v" "/var/lib/crater-agent-workspace/builds/worker-4-tc1/target:/opt/rustwide/target:rw,Z" "-v" "/var/lib/crater-agent-workspace/builds/worker-4-tc1/source:/opt/rustwide/workdir:ro,Z" "-v" "/var/lib/crater-agent-workspace/cargo-home:/opt/rustwide/cargo-home:ro,Z" "-v" "/var/lib/crater-agent-workspace/rustup-home:/opt/rustwide/rustup-home:ro,Z" "-e" "SOURCE_DIR=/opt/rustwide/workdir" "-e" "CARGO_TARGET_DIR=/opt/rustwide/target" "-e" "CARGO_INCREMENTAL=0" "-e" "RUST_BACKTRACE=full" "-e" "RUSTFLAGS=--cap-lints=warn" "-e" "RUSTDOCFLAGS=--cap-lints=warn" "-e" "CARGO_HOME=/opt/rustwide/cargo-home" "-e" "RUSTUP_HOME=/opt/rustwide/rustup-home" "-w" "/opt/rustwide/workdir" "-m" "1610612736" "--user" "0:0" "--network" "none" "ghcr.io/rust-lang/crates-build-env/linux@sha256:2788e3201cd34a07e3172128adcd8b3090168a8e3bcc40d7c032b9dda1df7d1c" "/opt/rustwide/cargo-home/bin/cargo" "+1.75.0" "test" "--frozen", kill_on_drop: false }`
[INFO] [stdout] be3e5ee480c1352c06ef6c066148e0aab1250c11515d1685a92ff53a984f63a0
[INFO] running `Command { std: "docker" "start" "-a" "be3e5ee480c1352c06ef6c066148e0aab1250c11515d1685a92ff53a984f63a0", kill_on_drop: false }`
[INFO] [stderr] warning: profiles for the non root package will be ignored, specify profiles at the workspace root:
[INFO] [stderr] package:   /opt/rustwide/workdir/starsector-mod-info/Cargo.toml
[INFO] [stderr] workspace: /opt/rustwide/workdir/Cargo.toml
[INFO] [stderr] warning: profiles for the non root package will be ignored, specify profiles at the workspace root:
[INFO] [stderr] package:   /opt/rustwide/workdir/starsector-mod-info-storage/Cargo.toml
[INFO] [stderr] workspace: /opt/rustwide/workdir/Cargo.toml
[INFO] [stderr] warning: profiles for the non root package will be ignored, specify profiles at the workspace root:
[INFO] [stderr] package:   /opt/rustwide/workdir/starsector-mod-info-auth/Cargo.toml
[INFO] [stderr] workspace: /opt/rustwide/workdir/Cargo.toml
[INFO] [stderr] warning: virtual workspace defaulting to `resolver = "1"` despite one or more workspace members being on edition 2021 which implies `resolver = "2"`
[INFO] [stderr] note: to keep the current resolver, specify `workspace.resolver = "1"` in the workspace root's manifest
[INFO] [stderr] note: to use the edition 2021 resolver, specify `workspace.resolver = "2"` in the workspace root's manifest
[INFO] [stderr] note: for more details see https://doc.rust-lang.org/cargo/reference/resolver.html#resolver-versions
[INFO] [stderr] warning: `&` without an explicit lifetime name cannot be used here
[INFO] [stderr]   --> starsector-mod-info-shared/src/user/trusted.rs:94:25
[INFO] [stderr]    |
[INFO] [stderr] 94 |   pub const TRUSTED_ID: &str = "trusted";
[INFO] [stderr]    |                         ^
[INFO] [stderr]    |
[INFO] [stderr]    = warning: this was previously accepted by the compiler but is being phased out; it will become a hard error in a future release!
[INFO] [stderr]    = note: for more information, see issue #115010 <https://github.com/rust-lang/rust/issues/115010>
[INFO] [stderr]    = note: `#[warn(elided_lifetimes_in_associated_constant)]` on by default
[INFO] [stderr] help: use the `'static` lifetime
[INFO] [stderr]    |
[INFO] [stderr] 94 |   pub const TRUSTED_ID: &'static str = "trusted";
[INFO] [stderr]    |                          +++++++
[INFO] [stderr] 
[INFO] [stderr] warning: method `get_mod` is never used
[INFO] [stderr]   --> starsector-mod-info-shared/src/mod_info/durable_mod.rs:98:12
[INFO] [stderr]    |
[INFO] [stderr] 97 | impl DurableMod {
[INFO] [stderr]    | --------------- method in this implementation
[INFO] [stderr] 98 |   async fn get_mod(&self) -> worker::Result<Mod> {
[INFO] [stderr]    |            ^^^^^^^
[INFO] [stderr]    |
[INFO] [stderr]    = note: `#[warn(dead_code)]` on by default
[INFO] [stderr] 
[INFO] [stderr] warning: `starsector-mod-info-shared` (lib) generated 2 warnings (run `cargo fix --lib -p starsector-mod-info-shared` to apply 1 suggestion)
[INFO] [stderr] warning: `starsector-mod-info-shared` (lib test) generated 2 warnings (2 duplicates)
[INFO] [stderr] warning: unused variable: `dataset`
[INFO] [stderr]   --> starsector-mod-info/src/mod_data/mod.rs:33:11
[INFO] [stderr]    |
[INFO] [stderr] 33 |       let dataset: HashMap<String, Metadata> = body.parse().await?;
[INFO] [stderr]    |           ^^^^^^^ help: if this is intentional, prefix it with an underscore: `_dataset`
[INFO] [stderr]    |
[INFO] [stderr]    = note: `#[warn(unused_variables)]` on by default
[INFO] [stderr] 
[INFO] [stderr] warning: `starsector-mod-info` (lib) generated 1 warning (run `cargo fix --lib -p starsector-mod-info` to apply 1 suggestion)
[INFO] [stderr] warning: `starsector-mod-info` (lib test) generated 1 warning (1 duplicate)
[INFO] [stderr]     Finished test [unoptimized + debuginfo] target(s) in 0.07s
[INFO] [stderr]      Running unittests src/lib.rs (/opt/rustwide/target/debug/deps/starsector_mod_info-c861b360e73d317b)
[INFO] [stdout] 
[INFO] [stdout] running 0 tests
[INFO] [stdout] 
[INFO] [stdout] test result: ok. 0 passed; 0 failed; 0 ignored; 0 measured; 0 filtered out; finished in 0.00s
[INFO] [stdout] 
[INFO] [stderr]      Running unittests src/lib.rs (/opt/rustwide/target/debug/deps/starsector_mod_info_auth-e0b0fd2f322e462c)
[INFO] [stdout] 
[INFO] [stdout] running 0 tests
[INFO] [stdout] 
[INFO] [stdout] test result: ok. 0 passed; 0 failed; 0 ignored; 0 measured; 0 filtered out; finished in 0.00s
[INFO] [stdout] 
[INFO] [stderr]      Running unittests src/lib.rs (/opt/rustwide/target/debug/deps/starsector_mod_info_shared-9ad106cdaa908272)
[INFO] [stdout] 
[INFO] [stdout] running 1 test
[INFO] [stdout] test user::test::test_route_serialization ... ok
[INFO] [stdout] 
[INFO] [stdout] test result: ok. 1 passed; 0 failed; 0 ignored; 0 measured; 0 filtered out; finished in 0.00s
[INFO] [stdout] 
[INFO] [stderr]      Running unittests src/lib.rs (/opt/rustwide/target/debug/deps/starsector_mod_info_storage-587d6b50d904f12a)
[INFO] [stdout] 
[INFO] [stdout] running 0 tests
[INFO] [stdout] 
[INFO] [stdout] test result: ok. 0 passed; 0 failed; 0 ignored; 0 measured; 0 filtered out; finished in 0.00s
[INFO] [stdout] 
[INFO] [stderr]    Doc-tests starsector-mod-info
[INFO] [stdout] 
[INFO] [stdout] running 0 tests
[INFO] [stdout] 
[INFO] [stdout] test result: ok. 0 passed; 0 failed; 0 ignored; 0 measured; 0 filtered out; finished in 0.00s
[INFO] [stdout] 
[INFO] [stderr]    Doc-tests starsector-mod-info-auth
[INFO] [stdout] 
[INFO] [stdout] running 0 tests
[INFO] [stdout] 
[INFO] [stdout] test result: ok. 0 passed; 0 failed; 0 ignored; 0 measured; 0 filtered out; finished in 0.00s
[INFO] [stdout] 
[INFO] [stderr]    Doc-tests starsector-mod-info-shared
[INFO] [stdout] 
[INFO] [stdout] running 2 tests
[INFO] [stdout] test starsector-mod-info-shared/src/middleware/rate_limit.rs - middleware::rate_limit::rate_limit (line 12) ... FAILED
[INFO] [stdout] test starsector-mod-info-shared/src/middleware/authentication.rs - middleware::authentication::authenticate (line 9) ... ok
[INFO] [stdout] 
[INFO] [stdout] failures:
[INFO] [stdout] 
[INFO] [stdout] ---- starsector-mod-info-shared/src/middleware/rate_limit.rs - middleware::rate_limit::rate_limit (line 12) stdout ----
[INFO] [stdout] error: unexpected end of macro invocation
[INFO] [stdout]   --> starsector-mod-info-shared/src/middleware/rate_limit.rs:18:26
[INFO] [stdout]    |
[INFO] [stdout] 9  |   rate_limit!(&req, limit);
[INFO] [stdout]    |                          ^ missing tokens in macro arguments
[INFO] [stdout]    |
[INFO] [stdout] note: while trying to match `,`
[INFO] [stdout]   --> /opt/rustwide/workdir/starsector-mod-info-shared/src/middleware/rate_limit.rs:24:26
[INFO] [stdout]    |
[INFO] [stdout] 24 |   ($req:expr, $limit:expr, $ident:expr) => {
[INFO] [stdout]    |                          ^
[INFO] [stdout] 
[INFO] [stdout] error: aborting due to previous error
[INFO] [stdout] 
[INFO] [stdout] Couldn't compile the test.
[INFO] [stdout] 
[INFO] [stdout] failures:
[INFO] [stdout]     starsector-mod-info-shared/src/middleware/rate_limit.rs - middleware::rate_limit::rate_limit (line 12)
[INFO] [stdout] 
[INFO] [stdout] test result: FAILED. 1 passed; 1 failed; 0 ignored; 0 measured; 0 filtered out; finished in 0.22s
[INFO] [stdout] 
[INFO] [stderr] error: doctest failed, to rerun pass `-p starsector-mod-info-shared --doc`
[INFO] running `Command { std: "docker" "inspect" "be3e5ee480c1352c06ef6c066148e0aab1250c11515d1685a92ff53a984f63a0", kill_on_drop: false }`
[INFO] running `Command { std: "docker" "rm" "-f" "be3e5ee480c1352c06ef6c066148e0aab1250c11515d1685a92ff53a984f63a0", kill_on_drop: false }`
[INFO] [stdout] be3e5ee480c1352c06ef6c066148e0aab1250c11515d1685a92ff53a984f63a0
[INFO] testing atlanticaccent/starsector-mod-api against beta-2023-12-22 for beta-1.76-1
[INFO] running `Command { std: "git" "clone" "/workspace/cache/git-repos/https%3A%2F%2Fgithub.com%2Fatlanticaccent%2Fstarsector-mod-api" "/workspace/builds/worker-4-tc2/source", kill_on_drop: false }`
[INFO] [stderr] Cloning into '/workspace/builds/worker-4-tc2/source'...
[INFO] [stderr] done.
[INFO] validating manifest of git repo https://github.com/atlanticaccent/starsector-mod-api on toolchain beta-2023-12-22
[INFO] running `Command { std: CARGO_HOME="/workspace/cargo-home" RUSTUP_HOME="/workspace/rustup-home" "/workspace/cargo-home/bin/cargo" "+beta-2023-12-22" "metadata" "--manifest-path" "Cargo.toml" "--no-deps", kill_on_drop: false }`
[INFO] started tweaking git repo https://github.com/atlanticaccent/starsector-mod-api
[INFO] finished tweaking git repo https://github.com/atlanticaccent/starsector-mod-api
[INFO] tweaked toml for git repo https://github.com/atlanticaccent/starsector-mod-api written to /workspace/builds/worker-4-tc2/source/Cargo.toml
[INFO] crate git repo https://github.com/atlanticaccent/starsector-mod-api already has a lockfile, it will not be regenerated
[INFO] running `Command { std: CARGO_HOME="/workspace/cargo-home" RUSTUP_HOME="/workspace/rustup-home" "/workspace/cargo-home/bin/cargo" "+beta-2023-12-22" "fetch" "--manifest-path" "Cargo.toml", kill_on_drop: false }`
[INFO] [stderr] warning: profiles for the non root package will be ignored, specify profiles at the workspace root:
[INFO] [stderr] package:   /workspace/builds/worker-4-tc2/source/starsector-mod-info/Cargo.toml
[INFO] [stderr] workspace: /workspace/builds/worker-4-tc2/source/Cargo.toml
[INFO] [stderr] warning: profiles for the non root package will be ignored, specify profiles at the workspace root:
[INFO] [stderr] package:   /workspace/builds/worker-4-tc2/source/starsector-mod-info-storage/Cargo.toml
[INFO] [stderr] workspace: /workspace/builds/worker-4-tc2/source/Cargo.toml
[INFO] [stderr] warning: profiles for the non root package will be ignored, specify profiles at the workspace root:
[INFO] [stderr] package:   /workspace/builds/worker-4-tc2/source/starsector-mod-info-auth/Cargo.toml
[INFO] [stderr] workspace: /workspace/builds/worker-4-tc2/source/Cargo.toml
[INFO] [stderr] warning: virtual workspace defaulting to `resolver = "1"` despite one or more workspace members being on edition 2021 which implies `resolver = "2"`
[INFO] [stderr] note: to keep the current resolver, specify `workspace.resolver = "1"` in the workspace root's manifest
[INFO] [stderr] note: to use the edition 2021 resolver, specify `workspace.resolver = "2"` in the workspace root's manifest
[INFO] [stderr] note: for more details see https://doc.rust-lang.org/cargo/reference/resolver.html#resolver-versions
[INFO] running `Command { std: "docker" "create" "-v" "/var/lib/crater-agent-workspace/builds/worker-4-tc2/target:/opt/rustwide/target:rw,Z" "-v" "/var/lib/crater-agent-workspace/builds/worker-4-tc2/source:/opt/rustwide/workdir:ro,Z" "-v" "/var/lib/crater-agent-workspace/cargo-home:/opt/rustwide/cargo-home:ro,Z" "-v" "/var/lib/crater-agent-workspace/rustup-home:/opt/rustwide/rustup-home:ro,Z" "-e" "SOURCE_DIR=/opt/rustwide/workdir" "-e" "CARGO_TARGET_DIR=/opt/rustwide/target" "-e" "CARGO_HOME=/opt/rustwide/cargo-home" "-e" "RUSTUP_HOME=/opt/rustwide/rustup-home" "-w" "/opt/rustwide/workdir" "-m" "1610612736" "--user" "0:0" "--network" "none" "ghcr.io/rust-lang/crates-build-env/linux@sha256:2788e3201cd34a07e3172128adcd8b3090168a8e3bcc40d7c032b9dda1df7d1c" "/opt/rustwide/cargo-home/bin/cargo" "+beta-2023-12-22" "metadata" "--no-deps" "--format-version=1", kill_on_drop: false }`
[INFO] [stdout] 40ee45a572e13635175fdd146d660e72de3a0b5efbba29d3d27b148fd5fc2564
[INFO] running `Command { std: "docker" "start" "-a" "40ee45a572e13635175fdd146d660e72de3a0b5efbba29d3d27b148fd5fc2564", kill_on_drop: false }`
[INFO] running `Command { std: "docker" "inspect" "40ee45a572e13635175fdd146d660e72de3a0b5efbba29d3d27b148fd5fc2564", kill_on_drop: false }`
[INFO] running `Command { std: "docker" "rm" "-f" "40ee45a572e13635175fdd146d660e72de3a0b5efbba29d3d27b148fd5fc2564", kill_on_drop: false }`
[INFO] [stdout] 40ee45a572e13635175fdd146d660e72de3a0b5efbba29d3d27b148fd5fc2564
[INFO] running `Command { std: "docker" "create" "-v" "/var/lib/crater-agent-workspace/builds/worker-4-tc2/target:/opt/rustwide/target:rw,Z" "-v" "/var/lib/crater-agent-workspace/builds/worker-4-tc2/source:/opt/rustwide/workdir:ro,Z" "-v" "/var/lib/crater-agent-workspace/cargo-home:/opt/rustwide/cargo-home:ro,Z" "-v" "/var/lib/crater-agent-workspace/rustup-home:/opt/rustwide/rustup-home:ro,Z" "-e" "SOURCE_DIR=/opt/rustwide/workdir" "-e" "CARGO_TARGET_DIR=/opt/rustwide/target" "-e" "CARGO_INCREMENTAL=0" "-e" "RUST_BACKTRACE=full" "-e" "RUSTFLAGS=--cap-lints=warn" "-e" "RUSTDOCFLAGS=--cap-lints=warn" "-e" "CARGO_HOME=/opt/rustwide/cargo-home" "-e" "RUSTUP_HOME=/opt/rustwide/rustup-home" "-w" "/opt/rustwide/workdir" "-m" "1610612736" "--user" "0:0" "--network" "none" "ghcr.io/rust-lang/crates-build-env/linux@sha256:2788e3201cd34a07e3172128adcd8b3090168a8e3bcc40d7c032b9dda1df7d1c" "/opt/rustwide/cargo-home/bin/cargo" "+beta-2023-12-22" "build" "--frozen" "--message-format=json", kill_on_drop: false }`
[INFO] [stdout] 4908e2c692402de5e8412a2dd570fa12596261d3bfebc660d75994b6c216b101
[INFO] running `Command { std: "docker" "start" "-a" "4908e2c692402de5e8412a2dd570fa12596261d3bfebc660d75994b6c216b101", kill_on_drop: false }`
[INFO] [stderr] warning: profiles for the non root package will be ignored, specify profiles at the workspace root:
[INFO] [stderr] package:   /opt/rustwide/workdir/starsector-mod-info/Cargo.toml
[INFO] [stderr] workspace: /opt/rustwide/workdir/Cargo.toml
[INFO] [stderr] warning: profiles for the non root package will be ignored, specify profiles at the workspace root:
[INFO] [stderr] package:   /opt/rustwide/workdir/starsector-mod-info-storage/Cargo.toml
[INFO] [stderr] workspace: /opt/rustwide/workdir/Cargo.toml
[INFO] [stderr] warning: profiles for the non root package will be ignored, specify profiles at the workspace root:
[INFO] [stderr] package:   /opt/rustwide/workdir/starsector-mod-info-auth/Cargo.toml
[INFO] [stderr] workspace: /opt/rustwide/workdir/Cargo.toml
[INFO] [stderr] warning: virtual workspace defaulting to `resolver = "1"` despite one or more workspace members being on edition 2021 which implies `resolver = "2"`
[INFO] [stderr] note: to keep the current resolver, specify `workspace.resolver = "1"` in the workspace root's manifest
[INFO] [stderr] note: to use the edition 2021 resolver, specify `workspace.resolver = "2"` in the workspace root's manifest
[INFO] [stderr] note: for more details see https://doc.rust-lang.org/cargo/reference/resolver.html#resolver-versions
[INFO] [stderr]    Compiling proc-macro2 v1.0.49
[INFO] [stderr]    Compiling unicode-ident v1.0.6
[INFO] [stderr]    Compiling quote v1.0.23
[INFO] [stderr]    Compiling syn v1.0.107
[INFO] [stderr]    Compiling serde_derive v1.0.152
[INFO] [stderr]    Compiling serde v1.0.152
[INFO] [stderr]    Compiling log v0.4.17
[INFO] [stderr]    Compiling wasm-bindgen-shared v0.2.83
[INFO] [stderr]    Compiling bumpalo v3.11.1
[INFO] [stderr]    Compiling serde_json v1.0.91
[INFO] [stderr]    Compiling once_cell v1.17.0
[INFO] [stderr]    Compiling itoa v1.0.5
[INFO] [stderr]    Compiling ryu v1.0.12
[INFO] [stderr]    Compiling libc v0.2.139
[INFO] [stderr]    Compiling wasm-bindgen v0.2.83
[INFO] [stderr]    Compiling uncased v0.9.7
[INFO] [stderr]    Compiling siphasher v0.3.10
[INFO] [stderr]    Compiling ppv-lite86 v0.2.17
[INFO] [stderr]    Compiling num-traits v0.2.15
[INFO] [stderr]    Compiling regex-syntax v0.6.28
[INFO] [stderr]    Compiling num-integer v0.1.45
[INFO] [stderr]    Compiling futures-core v0.3.25
[INFO] [stderr]    Compiling slab v0.4.7
[INFO] [stderr]    Compiling futures-task v0.3.25
[INFO] [stderr]    Compiling phf_shared v0.11.1
[INFO] [stderr]    Compiling tinyvec v1.6.0
[INFO] [stderr]    Compiling futures-util v0.3.25
[INFO] [stderr]    Compiling iana-time-zone v0.1.53
[INFO] [stderr]    Compiling async-trait v0.1.61
[INFO] [stderr]    Compiling rustversion v1.0.11
[INFO] [stderr]    Compiling phf v0.11.1
[INFO] [stderr]    Compiling thiserror v1.0.38
[INFO] [stderr]    Compiling pin-project-lite v0.2.9
[INFO] [stderr]    Compiling unicode-bidi v0.3.8
[INFO] [stderr]    Compiling futures-sink v0.3.25
[INFO] [stderr]    Compiling pin-utils v0.1.0
[INFO] [stderr]    Compiling futures-io v0.3.25
[INFO] [stderr]    Compiling percent-encoding v2.2.0
[INFO] [stderr]    Compiling futures-channel v0.3.25
[INFO] [stderr]    Compiling bytes v1.3.0
[INFO] [stderr]    Compiling matchit v0.4.6
[INFO] [stderr]    Compiling base64 v0.13.1
[INFO] [stderr]    Compiling form_urlencoded v1.1.0
[INFO] [stderr]    Compiling getrandom v0.2.8
[INFO] [stderr]    Compiling unicode-normalization v0.1.22
[INFO] [stderr]    Compiling rand_core v0.6.4
[INFO] [stderr]    Compiling http v0.2.8
[INFO] [stderr]    Compiling regex v1.7.1
[INFO] [stderr]    Compiling rand_chacha v0.3.1
[INFO] [stderr]    Compiling idna v0.3.0
[INFO] [stderr]    Compiling rand v0.8.5
[INFO] [stderr]    Compiling url v2.3.1
[INFO] [stderr]    Compiling parse-zoneinfo v0.3.0
[INFO] [stderr]    Compiling phf_generator v0.11.1
[INFO] [stderr]    Compiling phf_codegen v0.11.1
[INFO] [stderr]    Compiling chrono-tz-build v0.0.3
[INFO] [stderr]    Compiling chrono-tz v0.6.3
[INFO] [stderr]    Compiling wasm-bindgen-backend v0.2.83
[INFO] [stderr]    Compiling wasm-bindgen-macro-support v0.2.83
[INFO] [stderr]    Compiling thiserror-impl v1.0.38
[INFO] [stderr]    Compiling futures-macro v0.3.25
[INFO] [stderr]    Compiling pin-project-internal v1.0.12
[INFO] [stderr]    Compiling strum_macros v0.24.3
[INFO] [stderr]    Compiling wasm-bindgen-macro v0.2.83
[INFO] [stderr]    Compiling pin-project v1.0.12
[INFO] [stderr]    Compiling strum v0.24.1
[INFO] [stderr]    Compiling chrono v0.4.23
[INFO] [stderr]    Compiling serde-aux v3.1.0
[INFO] [stderr]    Compiling js-sys v0.3.60
[INFO] [stderr]    Compiling uuid v1.2.2
[INFO] [stderr]    Compiling console_error_panic_hook v0.1.7
[INFO] [stderr]    Compiling wasm-bindgen-futures v0.4.33
[INFO] [stderr]    Compiling web-sys v0.3.60
[INFO] [stderr]    Compiling serde-wasm-bindgen v0.4.5
[INFO] [stderr]    Compiling worker-kv v0.5.1
[INFO] [stderr]    Compiling worker-sys v0.0.6 (https://github.com/cloudflare/workers-rs.git?rev=b55bb592ee6dbf11fa1971f2c93055ab121393b6#b55bb592)
[INFO] [stderr]    Compiling wasm-streams v0.2.3
[INFO] [stderr]    Compiling worker-macros v0.0.6 (https://github.com/cloudflare/workers-rs.git?rev=b55bb592ee6dbf11fa1971f2c93055ab121393b6#b55bb592)
[INFO] [stderr]    Compiling worker v0.0.12 (https://github.com/cloudflare/workers-rs.git?rev=b55bb592ee6dbf11fa1971f2c93055ab121393b6#b55bb592)
[INFO] [stderr]    Compiling starsector-mod-info-shared v0.1.0 (/opt/rustwide/workdir/starsector-mod-info-shared)
[INFO] [stdout] warning: `&` without an explicit lifetime name cannot be used here
[INFO] [stdout]   --> starsector-mod-info-shared/src/user/trusted.rs:94:25
[INFO] [stdout]    |
[INFO] [stdout] 94 |   pub const TRUSTED_ID: &str = "trusted";
[INFO] [stdout]    |                         ^
[INFO] [stdout]    |
[INFO] [stdout]    = warning: this was previously accepted by the compiler but is being phased out; it will become a hard error in a future release!
[INFO] [stdout]    = note: for more information, see issue #115010 <https://github.com/rust-lang/rust/issues/115010>
[INFO] [stdout]    = note: `#[warn(elided_lifetimes_in_associated_constant)]` on by default
[INFO] [stdout] help: use the `'static` lifetime
[INFO] [stdout]    |
[INFO] [stdout] 94 |   pub const TRUSTED_ID: &'static str = "trusted";
[INFO] [stdout]    |                          +++++++
[INFO] [stdout] 
[INFO] [stdout] 
[INFO] [stdout] warning: method `get_mod` is never used
[INFO] [stdout]   --> starsector-mod-info-shared/src/mod_info/durable_mod.rs:98:12
[INFO] [stdout]    |
[INFO] [stdout] 97 | impl DurableMod {
[INFO] [stdout]    | --------------- method in this implementation
[INFO] [stdout] 98 |   async fn get_mod(&self) -> worker::Result<Mod> {
[INFO] [stdout]    |            ^^^^^^^
[INFO] [stdout]    |
[INFO] [stdout]    = note: `#[warn(dead_code)]` on by default
[INFO] [stdout] 
[INFO] [stdout] 
[INFO] [stdout] warning: 2 warnings emitted
[INFO] [stdout] 
[INFO] [stdout] 
[INFO] [stderr]    Compiling starsector-mod-info-storage v0.1.0 (/opt/rustwide/workdir/starsector-mod-info-storage)
[INFO] [stderr]    Compiling starsector-mod-info-auth v0.1.0 (/opt/rustwide/workdir/starsector-mod-info-auth)
[INFO] [stderr]    Compiling starsector-mod-info v0.1.0 (/opt/rustwide/workdir/starsector-mod-info)
[INFO] [stdout] warning: unused variable: `dataset`
[INFO] [stdout]   --> starsector-mod-info/src/mod_data/mod.rs:33:11
[INFO] [stdout]    |
[INFO] [stdout] 33 |       let dataset: HashMap<String, Metadata> = body.parse().await?;
[INFO] [stdout]    |           ^^^^^^^ help: if this is intentional, prefix it with an underscore: `_dataset`
[INFO] [stdout]    |
[INFO] [stdout]    = note: `#[warn(unused_variables)]` on by default
[INFO] [stdout] 
[INFO] [stdout] 
[INFO] [stdout] warning: 1 warning emitted
[INFO] [stdout] 
[INFO] [stdout] 
[INFO] [stderr]     Finished dev [unoptimized + debuginfo] target(s) in 25.50s
[INFO] running `Command { std: "docker" "inspect" "4908e2c692402de5e8412a2dd570fa12596261d3bfebc660d75994b6c216b101", kill_on_drop: false }`
[INFO] running `Command { std: "docker" "rm" "-f" "4908e2c692402de5e8412a2dd570fa12596261d3bfebc660d75994b6c216b101", kill_on_drop: false }`
[INFO] [stdout] 4908e2c692402de5e8412a2dd570fa12596261d3bfebc660d75994b6c216b101
[INFO] running `Command { std: "docker" "create" "-v" "/var/lib/crater-agent-workspace/builds/worker-4-tc2/target:/opt/rustwide/target:rw,Z" "-v" "/var/lib/crater-agent-workspace/builds/worker-4-tc2/source:/opt/rustwide/workdir:ro,Z" "-v" "/var/lib/crater-agent-workspace/cargo-home:/opt/rustwide/cargo-home:ro,Z" "-v" "/var/lib/crater-agent-workspace/rustup-home:/opt/rustwide/rustup-home:ro,Z" "-e" "SOURCE_DIR=/opt/rustwide/workdir" "-e" "CARGO_TARGET_DIR=/opt/rustwide/target" "-e" "CARGO_INCREMENTAL=0" "-e" "RUST_BACKTRACE=full" "-e" "RUSTFLAGS=--cap-lints=warn" "-e" "RUSTDOCFLAGS=--cap-lints=warn" "-e" "CARGO_HOME=/opt/rustwide/cargo-home" "-e" "RUSTUP_HOME=/opt/rustwide/rustup-home" "-w" "/opt/rustwide/workdir" "-m" "1610612736" "--user" "0:0" "--network" "none" "ghcr.io/rust-lang/crates-build-env/linux@sha256:2788e3201cd34a07e3172128adcd8b3090168a8e3bcc40d7c032b9dda1df7d1c" "/opt/rustwide/cargo-home/bin/cargo" "+beta-2023-12-22" "test" "--frozen" "--no-run" "--message-format=json", kill_on_drop: false }`
[INFO] [stdout] 5e85bb373899f9d33818150706f2ad3d8f4415c7c9aa92210bc6a32d84ac6034
[INFO] running `Command { std: "docker" "start" "-a" "5e85bb373899f9d33818150706f2ad3d8f4415c7c9aa92210bc6a32d84ac6034", kill_on_drop: false }`
[INFO] [stderr] warning: profiles for the non root package will be ignored, specify profiles at the workspace root:
[INFO] [stderr] package:   /opt/rustwide/workdir/starsector-mod-info/Cargo.toml
[INFO] [stderr] workspace: /opt/rustwide/workdir/Cargo.toml
[INFO] [stderr] warning: profiles for the non root package will be ignored, specify profiles at the workspace root:
[INFO] [stderr] package:   /opt/rustwide/workdir/starsector-mod-info-storage/Cargo.toml
[INFO] [stderr] workspace: /opt/rustwide/workdir/Cargo.toml
[INFO] [stderr] warning: profiles for the non root package will be ignored, specify profiles at the workspace root:
[INFO] [stderr] package:   /opt/rustwide/workdir/starsector-mod-info-auth/Cargo.toml
[INFO] [stderr] workspace: /opt/rustwide/workdir/Cargo.toml
[INFO] [stderr] warning: virtual workspace defaulting to `resolver = "1"` despite one or more workspace members being on edition 2021 which implies `resolver = "2"`
[INFO] [stderr] note: to keep the current resolver, specify `workspace.resolver = "1"` in the workspace root's manifest
[INFO] [stderr] note: to use the edition 2021 resolver, specify `workspace.resolver = "2"` in the workspace root's manifest
[INFO] [stderr] note: for more details see https://doc.rust-lang.org/cargo/reference/resolver.html#resolver-versions
[INFO] [stdout] warning: `&` without an explicit lifetime name cannot be used here
[INFO] [stdout]   --> starsector-mod-info-shared/src/user/trusted.rs:94:25
[INFO] [stdout]    |
[INFO] [stdout] 94 |   pub const TRUSTED_ID: &str = "trusted";
[INFO] [stdout]    |                         ^
[INFO] [stdout]    |
[INFO] [stdout]    = warning: this was previously accepted by the compiler but is being phased out; it will become a hard error in a future release!
[INFO] [stdout]    = note: for more information, see issue #115010 <https://github.com/rust-lang/rust/issues/115010>
[INFO] [stdout]    = note: `#[warn(elided_lifetimes_in_associated_constant)]` on by default
[INFO] [stdout] help: use the `'static` lifetime
[INFO] [stdout]    |
[INFO] [stdout] 94 |   pub const TRUSTED_ID: &'static str = "trusted";
[INFO] [stdout]    |                          +++++++
[INFO] [stdout] 
[INFO] [stdout] 
[INFO] [stdout] warning: method `get_mod` is never used
[INFO] [stdout]   --> starsector-mod-info-shared/src/mod_info/durable_mod.rs:98:12
[INFO] [stdout]    |
[INFO] [stdout] 97 | impl DurableMod {
[INFO] [stdout]    | --------------- method in this implementation
[INFO] [stdout] 98 |   async fn get_mod(&self) -> worker::Result<Mod> {
[INFO] [stdout]    |            ^^^^^^^
[INFO] [stdout]    |
[INFO] [stdout]    = note: `#[warn(dead_code)]` on by default
[INFO] [stdout] 
[INFO] [stdout] 
[INFO] [stderr]    Compiling starsector-mod-info-shared v0.1.0 (/opt/rustwide/workdir/starsector-mod-info-shared)
[INFO] [stdout] warning: 2 warnings emitted
[INFO] [stdout] 
[INFO] [stdout] 
[INFO] [stderr]    Compiling starsector-mod-info-storage v0.1.0 (/opt/rustwide/workdir/starsector-mod-info-storage)
[INFO] [stderr]    Compiling starsector-mod-info v0.1.0 (/opt/rustwide/workdir/starsector-mod-info)
[INFO] [stdout] warning: unused variable: `dataset`
[INFO] [stdout]   --> starsector-mod-info/src/mod_data/mod.rs:33:11
[INFO] [stdout]    |
[INFO] [stdout] 33 |       let dataset: HashMap<String, Metadata> = body.parse().await?;
[INFO] [stdout]    |           ^^^^^^^ help: if this is intentional, prefix it with an underscore: `_dataset`
[INFO] [stdout]    |
[INFO] [stdout]    = note: `#[warn(unused_variables)]` on by default
[INFO] [stdout] 
[INFO] [stdout] 
[INFO] [stdout] warning: 1 warning emitted
[INFO] [stdout] 
[INFO] [stdout] 
[INFO] [stderr]    Compiling starsector-mod-info-auth v0.1.0 (/opt/rustwide/workdir/starsector-mod-info-auth)
[INFO] [stdout] warning: unused variable: `dataset`
[INFO] [stdout]   --> starsector-mod-info/src/mod_data/mod.rs:33:11
[INFO] [stdout]    |
[INFO] [stdout] 33 |       let dataset: HashMap<String, Metadata> = body.parse().await?;
[INFO] [stdout]    |           ^^^^^^^ help: if this is intentional, prefix it with an underscore: `_dataset`
[INFO] [stdout]    |
[INFO] [stdout]    = note: `#[warn(unused_variables)]` on by default
[INFO] [stdout] 
[INFO] [stdout] 
[INFO] [stdout] warning: `&` without an explicit lifetime name cannot be used here
[INFO] [stdout]   --> starsector-mod-info-shared/src/user/trusted.rs:94:25
[INFO] [stdout]    |
[INFO] [stdout] 94 |   pub const TRUSTED_ID: &str = "trusted";
[INFO] [stdout]    |                         ^
[INFO] [stdout]    |
[INFO] [stdout]    = warning: this was previously accepted by the compiler but is being phased out; it will become a hard error in a future release!
[INFO] [stdout]    = note: for more information, see issue #115010 <https://github.com/rust-lang/rust/issues/115010>
[INFO] [stdout]    = note: `#[warn(elided_lifetimes_in_associated_constant)]` on by default
[INFO] [stdout] help: use the `'static` lifetime
[INFO] [stdout]    |
[INFO] [stdout] 94 |   pub const TRUSTED_ID: &'static str = "trusted";
[INFO] [stdout]    |                          +++++++
[INFO] [stdout] 
[INFO] [stdout] 
[INFO] [stdout] warning: 1 warning emitted
[INFO] [stdout] 
[INFO] [stdout] 
[INFO] [stdout] warning: method `get_mod` is never used
[INFO] [stdout]   --> starsector-mod-info-shared/src/mod_info/durable_mod.rs:98:12
[INFO] [stdout]    |
[INFO] [stdout] 97 | impl DurableMod {
[INFO] [stdout]    | --------------- method in this implementation
[INFO] [stdout] 98 |   async fn get_mod(&self) -> worker::Result<Mod> {
[INFO] [stdout]    |            ^^^^^^^
[INFO] [stdout]    |
[INFO] [stdout]    = note: `#[warn(dead_code)]` on by default
[INFO] [stdout] 
[INFO] [stdout] 
[INFO] [stdout] warning: 2 warnings emitted
[INFO] [stdout] 
[INFO] [stdout] 
[INFO] [stderr]     Finished test [unoptimized + debuginfo] target(s) in 1.36s
[INFO] running `Command { std: "docker" "inspect" "5e85bb373899f9d33818150706f2ad3d8f4415c7c9aa92210bc6a32d84ac6034", kill_on_drop: false }`
[INFO] running `Command { std: "docker" "rm" "-f" "5e85bb373899f9d33818150706f2ad3d8f4415c7c9aa92210bc6a32d84ac6034", kill_on_drop: false }`
[INFO] [stdout] 5e85bb373899f9d33818150706f2ad3d8f4415c7c9aa92210bc6a32d84ac6034
[INFO] running `Command { std: "docker" "create" "-v" "/var/lib/crater-agent-workspace/builds/worker-4-tc2/target:/opt/rustwide/target:rw,Z" "-v" "/var/lib/crater-agent-workspace/builds/worker-4-tc2/source:/opt/rustwide/workdir:ro,Z" "-v" "/var/lib/crater-agent-workspace/cargo-home:/opt/rustwide/cargo-home:ro,Z" "-v" "/var/lib/crater-agent-workspace/rustup-home:/opt/rustwide/rustup-home:ro,Z" "-e" "SOURCE_DIR=/opt/rustwide/workdir" "-e" "CARGO_TARGET_DIR=/opt/rustwide/target" "-e" "CARGO_INCREMENTAL=0" "-e" "RUST_BACKTRACE=full" "-e" "RUSTFLAGS=--cap-lints=warn" "-e" "RUSTDOCFLAGS=--cap-lints=warn" "-e" "CARGO_HOME=/opt/rustwide/cargo-home" "-e" "RUSTUP_HOME=/opt/rustwide/rustup-home" "-w" "/opt/rustwide/workdir" "-m" "1610612736" "--user" "0:0" "--network" "none" "ghcr.io/rust-lang/crates-build-env/linux@sha256:2788e3201cd34a07e3172128adcd8b3090168a8e3bcc40d7c032b9dda1df7d1c" "/opt/rustwide/cargo-home/bin/cargo" "+beta-2023-12-22" "test" "--frozen", kill_on_drop: false }`
[INFO] [stdout] 9f56e49313f937a786d2696a8fe62f65d8b04e7550cd3ec4ed4693600b51be38
[INFO] running `Command { std: "docker" "start" "-a" "9f56e49313f937a786d2696a8fe62f65d8b04e7550cd3ec4ed4693600b51be38", kill_on_drop: false }`
[INFO] [stderr] warning: profiles for the non root package will be ignored, specify profiles at the workspace root:
[INFO] [stderr] package:   /opt/rustwide/workdir/starsector-mod-info/Cargo.toml
[INFO] [stderr] workspace: /opt/rustwide/workdir/Cargo.toml
[INFO] [stderr] warning: profiles for the non root package will be ignored, specify profiles at the workspace root:
[INFO] [stderr] package:   /opt/rustwide/workdir/starsector-mod-info-storage/Cargo.toml
[INFO] [stderr] workspace: /opt/rustwide/workdir/Cargo.toml
[INFO] [stderr] warning: profiles for the non root package will be ignored, specify profiles at the workspace root:
[INFO] [stderr] package:   /opt/rustwide/workdir/starsector-mod-info-auth/Cargo.toml
[INFO] [stderr] workspace: /opt/rustwide/workdir/Cargo.toml
[INFO] [stderr] warning: virtual workspace defaulting to `resolver = "1"` despite one or more workspace members being on edition 2021 which implies `resolver = "2"`
[INFO] [stderr] note: to keep the current resolver, specify `workspace.resolver = "1"` in the workspace root's manifest
[INFO] [stderr] note: to use the edition 2021 resolver, specify `workspace.resolver = "2"` in the workspace root's manifest
[INFO] [stderr] note: for more details see https://doc.rust-lang.org/cargo/reference/resolver.html#resolver-versions
[INFO] [stderr] warning: `&` without an explicit lifetime name cannot be used here
[INFO] [stderr]   --> starsector-mod-info-shared/src/user/trusted.rs:94:25
[INFO] [stderr]    |
[INFO] [stderr] 94 |   pub const TRUSTED_ID: &str = "trusted";
[INFO] [stderr]    |                         ^
[INFO] [stderr]    |
[INFO] [stderr]    = warning: this was previously accepted by the compiler but is being phased out; it will become a hard error in a future release!
[INFO] [stderr]    = note: for more information, see issue #115010 <https://github.com/rust-lang/rust/issues/115010>
[INFO] [stderr]    = note: `#[warn(elided_lifetimes_in_associated_constant)]` on by default
[INFO] [stderr] help: use the `'static` lifetime
[INFO] [stderr]    |
[INFO] [stderr] 94 |   pub const TRUSTED_ID: &'static str = "trusted";
[INFO] [stderr]    |                          +++++++
[INFO] [stderr] 
[INFO] [stderr] warning: method `get_mod` is never used
[INFO] [stderr]   --> starsector-mod-info-shared/src/mod_info/durable_mod.rs:98:12
[INFO] [stderr]    |
[INFO] [stderr] 97 | impl DurableMod {
[INFO] [stderr]    | --------------- method in this implementation
[INFO] [stderr] 98 |   async fn get_mod(&self) -> worker::Result<Mod> {
[INFO] [stderr]    |            ^^^^^^^
[INFO] [stderr]    |
[INFO] [stderr]    = note: `#[warn(dead_code)]` on by default
[INFO] [stderr] 
[INFO] [stderr] warning: `starsector-mod-info-shared` (lib) generated 2 warnings (run `cargo fix --lib -p starsector-mod-info-shared` to apply 1 suggestion)
[INFO] [stderr] warning: `starsector-mod-info-shared` (lib test) generated 2 warnings (2 duplicates)
[INFO] [stderr] warning: unused variable: `dataset`
[INFO] [stderr]   --> starsector-mod-info/src/mod_data/mod.rs:33:11
[INFO] [stderr]    |
[INFO] [stderr] 33 |       let dataset: HashMap<String, Metadata> = body.parse().await?;
[INFO] [stderr]    |           ^^^^^^^ help: if this is intentional, prefix it with an underscore: `_dataset`
[INFO] [stderr]    |
[INFO] [stderr]    = note: `#[warn(unused_variables)]` on by default
[INFO] [stderr] 
[INFO] [stderr] warning: `starsector-mod-info` (lib) generated 1 warning (run `cargo fix --lib -p starsector-mod-info` to apply 1 suggestion)
[INFO] [stderr] warning: `starsector-mod-info` (lib test) generated 1 warning (1 duplicate)
[INFO] [stderr]     Finished test [unoptimized + debuginfo] target(s) in 0.11s
[INFO] [stderr]      Running unittests src/lib.rs (/opt/rustwide/target/debug/deps/starsector_mod_info-224f55eb9c39ad18)
[INFO] [stdout] 
[INFO] [stdout] running 0 tests
[INFO] [stdout] 
[INFO] [stdout] test result: ok. 0 passed; 0 failed; 0 ignored; 0 measured; 0 filtered out; finished in 0.00s
[INFO] [stdout] 
[INFO] [stderr]      Running unittests src/lib.rs (/opt/rustwide/target/debug/deps/starsector_mod_info_auth-09e47771c599a222)
[INFO] [stdout] 
[INFO] [stdout] running 0 tests
[INFO] [stdout] 
[INFO] [stdout] test result: ok. 0 passed; 0 failed; 0 ignored; 0 measured; 0 filtered out; finished in 0.00s
[INFO] [stdout] 
[INFO] [stderr]      Running unittests src/lib.rs (/opt/rustwide/target/debug/deps/starsector_mod_info_shared-d762379efe12eba8)
[INFO] [stdout] 
[INFO] [stdout] running 1 test
[INFO] [stdout] test user::test::test_route_serialization ... ok
[INFO] [stdout] 
[INFO] [stdout] test result: ok. 1 passed; 0 failed; 0 ignored; 0 measured; 0 filtered out; finished in 0.00s
[INFO] [stdout] 
[INFO] [stderr]      Running unittests src/lib.rs (/opt/rustwide/target/debug/deps/starsector_mod_info_storage-a4b80512f9b35220)
[INFO] [stdout] 
[INFO] [stderr]    Doc-tests starsector-mod-info
[INFO] [stdout] running 0 tests
[INFO] [stdout] 
[INFO] [stdout] test result: ok. 0 passed; 0 failed; 0 ignored; 0 measured; 0 filtered out; finished in 0.00s
[INFO] [stdout] 
[INFO] [stderr]    Doc-tests starsector-mod-info-auth
[INFO] [stdout] 
[INFO] [stdout] running 0 tests
[INFO] [stdout] 
[INFO] [stdout] test result: ok. 0 passed; 0 failed; 0 ignored; 0 measured; 0 filtered out; finished in 0.00s
[INFO] [stdout] 
[INFO] [stdout] 
[INFO] [stdout] running 0 tests
[INFO] [stdout] 
[INFO] [stdout] test result: ok. 0 passed; 0 failed; 0 ignored; 0 measured; 0 filtered out; finished in 0.00s
[INFO] [stdout] 
[INFO] [stderr]    Doc-tests starsector-mod-info-shared
[INFO] [stdout] 
[INFO] [stdout] running 2 tests
[INFO] [stdout] test starsector-mod-info-shared/src/middleware/rate_limit.rs - middleware::rate_limit::rate_limit (line 12) ... FAILED
[INFO] [stderr] error: doctest failed, to rerun pass `-p starsector-mod-info-shared --doc`
[INFO] [stdout] test starsector-mod-info-shared/src/middleware/authentication.rs - middleware::authentication::authenticate (line 9) ... ok
[INFO] [stdout] 
[INFO] [stdout] failures:
[INFO] [stdout] 
[INFO] [stdout] ---- starsector-mod-info-shared/src/middleware/rate_limit.rs - middleware::rate_limit::rate_limit (line 12) stdout ----
[INFO] [stdout] error: unexpected end of macro invocation
[INFO] [stdout]   --> starsector-mod-info-shared/src/middleware/rate_limit.rs:18:26
[INFO] [stdout]    |
[INFO] [stdout] 9  |   rate_limit!(&req, limit);
[INFO] [stdout]    |                          ^ missing tokens in macro arguments
[INFO] [stdout]    |
[INFO] [stdout] note: while trying to match `,`
[INFO] [stdout]   --> /opt/rustwide/workdir/starsector-mod-info-shared/src/middleware/rate_limit.rs:24:26
[INFO] [stdout]    |
[INFO] [stdout] 24 |   ($req:expr, $limit:expr, $ident:expr) => {
[INFO] [stdout]    |                          ^
[INFO] [stdout] 
[INFO] [stdout] error: aborting due to 1 previous error
[INFO] [stdout] 
[INFO] [stdout] Couldn't compile the test.
[INFO] [stdout] 
[INFO] [stdout] failures:
[INFO] [stdout]     starsector-mod-info-shared/src/middleware/rate_limit.rs - middleware::rate_limit::rate_limit (line 12)
[INFO] [stdout] 
[INFO] [stdout] test result: FAILED. 1 passed; 1 failed; 0 ignored; 0 measured; 0 filtered out; finished in 0.37s
[INFO] [stdout] 
[INFO] running `Command { std: "docker" "inspect" "9f56e49313f937a786d2696a8fe62f65d8b04e7550cd3ec4ed4693600b51be38", kill_on_drop: false }`
[INFO] running `Command { std: "docker" "rm" "-f" "9f56e49313f937a786d2696a8fe62f65d8b04e7550cd3ec4ed4693600b51be38", kill_on_drop: false }`
[INFO] [stdout] 9f56e49313f937a786d2696a8fe62f65d8b04e7550cd3ec4ed4693600b51be38
