[INFO] cloning repository https://github.com/aszecsei/please
[INFO] running `Command { std: "git" "-c" "credential.helper=" "-c" "credential.helper=/workspace/cargo-home/bin/git-credential-null" "clone" "--bare" "https://github.com/aszecsei/please" "/workspace/cache/git-repos/https%3A%2F%2Fgithub.com%2Faszecsei%2Fplease", kill_on_drop: false }`
[INFO] [stderr] Cloning into bare repository '/workspace/cache/git-repos/https%3A%2F%2Fgithub.com%2Faszecsei%2Fplease'...
[INFO] running `Command { std: "git" "rev-parse" "HEAD", kill_on_drop: false }`
[INFO] [stdout] 85e6f95db6baee982d2b0bf62ae422c1cdbb8483
[INFO] testing aszecsei/please against 1.75.0 for beta-1.76-1
[INFO] running `Command { std: "git" "clone" "/workspace/cache/git-repos/https%3A%2F%2Fgithub.com%2Faszecsei%2Fplease" "/workspace/builds/worker-2-tc1/source", kill_on_drop: false }`
[INFO] [stderr] Cloning into '/workspace/builds/worker-2-tc1/source'...
[INFO] [stderr] done.
[INFO] validating manifest of git repo https://github.com/aszecsei/please on toolchain 1.75.0
[INFO] running `Command { std: CARGO_HOME="/workspace/cargo-home" RUSTUP_HOME="/workspace/rustup-home" "/workspace/cargo-home/bin/cargo" "+1.75.0" "metadata" "--manifest-path" "Cargo.toml" "--no-deps", kill_on_drop: false }`
[INFO] started tweaking git repo https://github.com/aszecsei/please
[INFO] finished tweaking git repo https://github.com/aszecsei/please
[INFO] tweaked toml for git repo https://github.com/aszecsei/please written to /workspace/builds/worker-2-tc1/source/Cargo.toml
[INFO] crate git repo https://github.com/aszecsei/please already has a lockfile, it will not be regenerated
[INFO] running `Command { std: CARGO_HOME="/workspace/cargo-home" RUSTUP_HOME="/workspace/rustup-home" "/workspace/cargo-home/bin/cargo" "+1.75.0" "fetch" "--manifest-path" "Cargo.toml", kill_on_drop: false }`
[INFO] [stderr]     Updating crates.io index
[INFO] [stderr]     Updating git repository `https://github.com/Peternator7/strum`
[INFO] [stderr]  Downloading crates ...
[INFO] [stderr]   Downloaded human-panic v1.0.1
[INFO] [stderr]   Downloaded internship v0.6.0
[INFO] [stderr]   Downloaded parking_lot_core v0.6.1
[INFO] [stderr]   Downloaded ron v0.4.2
[INFO] [stderr]   Downloaded backtrace v0.3.33
[INFO] [stderr]   Downloaded serde_derive v1.0.97
[INFO] [stderr]   Downloaded fern v0.5.8
[INFO] [stderr]   Downloaded regex v1.0.2
[INFO] [stderr]   Downloaded ci_info v0.3.1
[INFO] [stderr]   Downloaded insta v0.8.1
[INFO] running `Command { std: "docker" "create" "-v" "/var/lib/crater-agent-workspace/builds/worker-2-tc1/target:/opt/rustwide/target:rw,Z" "-v" "/var/lib/crater-agent-workspace/builds/worker-2-tc1/source:/opt/rustwide/workdir:ro,Z" "-v" "/var/lib/crater-agent-workspace/cargo-home:/opt/rustwide/cargo-home:ro,Z" "-v" "/var/lib/crater-agent-workspace/rustup-home:/opt/rustwide/rustup-home:ro,Z" "-e" "SOURCE_DIR=/opt/rustwide/workdir" "-e" "CARGO_TARGET_DIR=/opt/rustwide/target" "-e" "CARGO_HOME=/opt/rustwide/cargo-home" "-e" "RUSTUP_HOME=/opt/rustwide/rustup-home" "-w" "/opt/rustwide/workdir" "-m" "1610612736" "--user" "0:0" "--network" "none" "ghcr.io/rust-lang/crates-build-env/linux@sha256:2788e3201cd34a07e3172128adcd8b3090168a8e3bcc40d7c032b9dda1df7d1c" "/opt/rustwide/cargo-home/bin/cargo" "+1.75.0" "metadata" "--no-deps" "--format-version=1", kill_on_drop: false }`
[INFO] [stdout] bc12d98d3f0340a031735c8f6bd926bb3555119c9a7b877f4ef0aea94690ea4e
[INFO] running `Command { std: "docker" "start" "-a" "bc12d98d3f0340a031735c8f6bd926bb3555119c9a7b877f4ef0aea94690ea4e", kill_on_drop: false }`
[INFO] running `Command { std: "docker" "inspect" "bc12d98d3f0340a031735c8f6bd926bb3555119c9a7b877f4ef0aea94690ea4e", kill_on_drop: false }`
[INFO] running `Command { std: "docker" "rm" "-f" "bc12d98d3f0340a031735c8f6bd926bb3555119c9a7b877f4ef0aea94690ea4e", kill_on_drop: false }`
[INFO] [stdout] bc12d98d3f0340a031735c8f6bd926bb3555119c9a7b877f4ef0aea94690ea4e
[INFO] running `Command { std: "docker" "create" "-v" "/var/lib/crater-agent-workspace/builds/worker-2-tc1/target:/opt/rustwide/target:rw,Z" "-v" "/var/lib/crater-agent-workspace/builds/worker-2-tc1/source:/opt/rustwide/workdir:ro,Z" "-v" "/var/lib/crater-agent-workspace/cargo-home:/opt/rustwide/cargo-home:ro,Z" "-v" "/var/lib/crater-agent-workspace/rustup-home:/opt/rustwide/rustup-home:ro,Z" "-e" "SOURCE_DIR=/opt/rustwide/workdir" "-e" "CARGO_TARGET_DIR=/opt/rustwide/target" "-e" "CARGO_INCREMENTAL=0" "-e" "RUST_BACKTRACE=full" "-e" "RUSTFLAGS=--cap-lints=warn" "-e" "RUSTDOCFLAGS=--cap-lints=warn" "-e" "CARGO_HOME=/opt/rustwide/cargo-home" "-e" "RUSTUP_HOME=/opt/rustwide/rustup-home" "-w" "/opt/rustwide/workdir" "-m" "1610612736" "--user" "0:0" "--network" "none" "ghcr.io/rust-lang/crates-build-env/linux@sha256:2788e3201cd34a07e3172128adcd8b3090168a8e3bcc40d7c032b9dda1df7d1c" "/opt/rustwide/cargo-home/bin/cargo" "+1.75.0" "build" "--frozen" "--message-format=json", kill_on_drop: false }`
[INFO] [stdout] 0d4fdce3631cf6b9d3e63154365e9fd56fdb4b4571dc02e1886858423d409377
[INFO] running `Command { std: "docker" "start" "-a" "0d4fdce3631cf6b9d3e63154365e9fd56fdb4b4571dc02e1886858423d409377", kill_on_drop: false }`
[INFO] [stderr]    Compiling libc v0.2.60
[INFO] [stderr]    Compiling syn v0.15.39
[INFO] [stderr]    Compiling serde v1.0.97
[INFO] [stderr]    Compiling rand_core v0.4.0
[INFO] [stderr]    Compiling memchr v2.2.1
[INFO] [stderr]    Compiling void v1.0.2
[INFO] [stderr]    Compiling bitflags v1.1.0
[INFO] [stderr]    Compiling regex v1.0.2
[INFO] [stderr]    Compiling ucd-util v0.1.3
[INFO] [stderr]    Compiling backtrace-sys v0.1.31
[INFO] [stderr]    Compiling num-traits v0.2.8
[INFO] [stderr]    Compiling rand_chacha v0.1.1
[INFO] [stderr]    Compiling rand_pcg v0.1.2
[INFO] [stderr]    Compiling utf8-ranges v1.0.3
[INFO] [stderr]    Compiling parking_lot_core v0.6.1
[INFO] [stderr]    Compiling ucd-trie v0.1.1
[INFO] [stderr]    Compiling unreachable v0.1.1
[INFO] [stderr]    Compiling regex-syntax v0.6.8
[INFO] [stderr]    Compiling rand_core v0.3.1
[INFO] [stderr]    Compiling failure_derive v0.1.5
[INFO] [stderr]    Compiling pest v2.1.1
[INFO] [stderr]    Compiling parking_lot v0.9.0
[INFO] [stderr]    Compiling num-integer v0.1.41
[INFO] [stderr]    Compiling rand v0.6.5
[INFO] [stderr]    Compiling smallvec v0.6.10
[INFO] [stderr]    Compiling scopeguard v1.0.0
[INFO] [stderr]    Compiling unicode-segmentation v1.3.0
[INFO] [stderr]    Compiling maplit v1.0.1
[INFO] [stderr]    Compiling lock_api v0.3.1
[INFO] [stderr]    Compiling rand_isaac v0.1.1
[INFO] [stderr]    Compiling rand_hc v0.1.0
[INFO] [stderr]    Compiling rand_xorshift v0.1.1
[INFO] [stderr]    Compiling rand_jitter v0.1.4
[INFO] [stderr]    Compiling log v0.4.7
[INFO] [stderr]    Compiling lazy_static v1.3.0
[INFO] [stderr]    Compiling base64 v0.10.1
[INFO] [stderr]    Compiling remove_dir_all v0.5.2
[INFO] [stderr]    Compiling heck v0.3.1
[INFO] [stderr]    Compiling aho-corasick v0.6.10
[INFO] [stderr]    Compiling ansi_term v0.11.0
[INFO] [stderr]    Compiling dtoa v0.4.4
[INFO] [stderr]    Compiling vec_map v0.8.1
[INFO] [stderr]    Compiling strsim v0.8.0
[INFO] [stderr]    Compiling thread-id v3.3.0
[INFO] [stderr]    Compiling atty v0.2.13
[INFO] [stderr]    Compiling rand v0.4.6
[INFO] [stderr]    Compiling rand_os v0.1.3
[INFO] [stderr]    Compiling time v0.1.42
[INFO] [stderr]    Compiling thread_local v0.3.3
[INFO] [stderr]    Compiling termios v0.3.1
[INFO] [stderr]    Compiling clicolors-control v1.0.0
[INFO] [stderr]    Compiling clap v2.33.0
[INFO] [stderr]    Compiling pest_meta v2.1.1
[INFO] [stderr]    Compiling ci_info v0.3.1
[INFO] [stderr]    Compiling backtrace v0.3.33
[INFO] [stderr]    Compiling termcolor v0.3.6
[INFO] [stderr]    Compiling fern v0.5.8
[INFO] [stderr]    Compiling strum v0.15.0 (https://github.com/Peternator7/strum#96daaf40)
[INFO] [stderr]    Compiling tempdir v0.3.7
[INFO] [stderr]    Compiling uuid v0.6.5
[INFO] [stderr]    Compiling synstructure v0.10.2
[INFO] [stderr]    Compiling pest_generator v2.1.0
[INFO] [stderr]    Compiling os_type v2.2.0
[INFO] [stderr]    Compiling console v0.7.7
[INFO] [stderr]    Compiling serde_derive v1.0.97
[INFO] [stderr]    Compiling structopt-derive v0.2.18
[INFO] [stderr]    Compiling strum_macros v0.15.0 (https://github.com/Peternator7/strum#96daaf40)
[INFO] [stderr]    Compiling pest_derive v2.1.0
[INFO] [stderr]    Compiling failure v0.1.5
[INFO] [stderr]    Compiling structopt v0.2.18
[INFO] [stderr]    Compiling ron v0.4.2
[INFO] [stderr]    Compiling serde_yaml v0.8.9
[INFO] [stderr]    Compiling chrono v0.4.7
[INFO] [stderr]    Compiling uuid v0.7.4
[INFO] [stderr]    Compiling serde_json v1.0.40
[INFO] [stderr]    Compiling toml v0.4.10
[INFO] [stderr]    Compiling internship v0.6.0
[INFO] [stderr]    Compiling human-panic v1.0.1
[INFO] [stderr]    Compiling insta v0.8.1
[INFO] [stderr]    Compiling please v0.1.0 (/opt/rustwide/workdir)
[INFO] [stdout] warning: unused import: `crate::error`
[INFO] [stdout]  --> src/run.rs:1:5
[INFO] [stdout]   |
[INFO] [stdout] 1 | use crate::error;
[INFO] [stdout]   |     ^^^^^^^^^^^^
[INFO] [stdout]   |
[INFO] [stdout]   = note: `#[warn(unused_imports)]` on by default
[INFO] [stdout] 
[INFO] [stdout] 
[INFO] [stdout] warning: variant `ExpectedButGot` is never constructed
[INFO] [stdout]  --> src/error.rs:7:5
[INFO] [stdout]   |
[INFO] [stdout] 5 | pub enum CompilationErrorKind {
[INFO] [stdout]   |          -------------------- variant in this enum
[INFO] [stdout] 6 |     #[fail(display = "expected '{}' but got '{}'", expected, got)]
[INFO] [stdout] 7 |     ExpectedButGot {
[INFO] [stdout]   |     ^^^^^^^^^^^^^^
[INFO] [stdout]   |
[INFO] [stdout]   = note: `CompilationErrorKind` has a derived impl for the trait `Debug`, but this is intentionally ignored during dead code analysis
[INFO] [stdout]   = note: `#[warn(dead_code)]` on by default
[INFO] [stdout] 
[INFO] [stdout] 
[INFO] [stdout] warning: method `error` is never used
[INFO] [stdout]   --> src/lexer.rs:70:12
[INFO] [stdout]    |
[INFO] [stdout] 69 | impl<'a> Token<'a> {
[INFO] [stdout]    | ------------------ method in this implementation
[INFO] [stdout] 70 |     pub fn error(&self, kind: error::CompilationErrorKind) -> error::CompilationError {
[INFO] [stdout]    |            ^^^^^
[INFO] [stdout] 
[INFO] [stdout] 
[INFO] [stdout] warning: variants `Indented`, `Text`, and `Interpolation` are never constructed
[INFO] [stdout]   --> src/lexer.rs:83:5
[INFO] [stdout]    |
[INFO] [stdout] 81 | pub enum State {
[INFO] [stdout]    |          ----- variants in this enum
[INFO] [stdout] 82 |     Normal,
[INFO] [stdout] 83 |     Indented { indentation: usize },
[INFO] [stdout]    |     ^^^^^^^^
[INFO] [stdout] 84 |     Text,
[INFO] [stdout]    |     ^^^^
[INFO] [stdout] 85 |     Interpolation { interpolation_start_col: usize, interpolation_start_row: usize }
[INFO] [stdout]    |     ^^^^^^^^^^^^^
[INFO] [stdout]    |
[INFO] [stdout]    = note: `State` has derived impls for the traits `Debug` and `Clone`, but these are intentionally ignored during dead code analysis
[INFO] [stdout] 
[INFO] [stdout] 
[INFO] [stdout] warning: methods `pop_state`, `lex_double`, `nextch`, `nextch_is`, and `expect` are never used
[INFO] [stdout]    --> src/lexer.rs:208:8
[INFO] [stdout]     |
[INFO] [stdout] 149 | impl<'a> Lexer<'a> {
[INFO] [stdout]     | ------------------ methods in this implementation
[INFO] [stdout] ...
[INFO] [stdout] 208 |     fn pop_state(&mut self) -> error::Result<()> {
[INFO] [stdout]     |        ^^^^^^^^^
[INFO] [stdout] ...
[INFO] [stdout] 225 |     fn lex_double(&mut self, kind: TokenKind) -> error::Result<()> {
[INFO] [stdout]     |        ^^^^^^^^^^
[INFO] [stdout] ...
[INFO] [stdout] 286 |     fn nextch(&mut self) -> Option<char> {
[INFO] [stdout]     |        ^^^^^^
[INFO] [stdout] ...
[INFO] [stdout] 296 |     fn nextch_is(&mut self, c: char) -> bool {
[INFO] [stdout]     |        ^^^^^^^^^
[INFO] [stdout] ...
[INFO] [stdout] 301 |     fn expect(&mut self, c: char) -> error::Result<()> {
[INFO] [stdout]     |        ^^^^^^
[INFO] [stdout] 
[INFO] [stdout] 
[INFO] [stdout] warning: multiple fields are never read
[INFO] [stdout]   --> src/run.rs:31:5
[INFO] [stdout]    |
[INFO] [stdout] 26 | struct Opt {
[INFO] [stdout]    |        --- fields in this struct
[INFO] [stdout] ...
[INFO] [stdout] 31 |     dry_run: bool, 
[INFO] [stdout]    |     ^^^^^^^
[INFO] [stdout] ...
[INFO] [stdout] 35 |     dump: bool,
[INFO] [stdout]    |     ^^^^
[INFO] [stdout] ...
[INFO] [stdout] 39 |     evaluate: bool,
[INFO] [stdout]    |     ^^^^^^^^
[INFO] [stdout] ...
[INFO] [stdout] 43 |     highlight: bool,
[INFO] [stdout]    |     ^^^^^^^^^
[INFO] [stdout] ...
[INFO] [stdout] 47 |     list: bool,
[INFO] [stdout]    |     ^^^^
[INFO] [stdout] ...
[INFO] [stdout] 51 |     quiet: bool,
[INFO] [stdout]    |     ^^^^^
[INFO] [stdout] ...
[INFO] [stdout] 55 |     summary: bool,
[INFO] [stdout]    |     ^^^^^^^
[INFO] [stdout] ...
[INFO] [stdout] 73 |     vars: Vec<String>,
[INFO] [stdout]    |     ^^^^
[INFO] [stdout] ...
[INFO] [stdout] 77 |     show: Option<String>,
[INFO] [stdout]    |     ^^^^
[INFO] [stdout] ...
[INFO] [stdout] 81 |     working_directory: Option<PathBuf>,
[INFO] [stdout]    |     ^^^^^^^^^^^^^^^^^
[INFO] [stdout] ...
[INFO] [stdout] 86 |     arguments: Vec<String>,
[INFO] [stdout]    |     ^^^^^^^^^
[INFO] [stdout]    |
[INFO] [stdout]    = note: `Opt` has a derived impl for the trait `Debug`, but this is intentionally ignored during dead code analysis
[INFO] [stdout] 
[INFO] [stdout] 
[INFO] [stdout] warning: 6 warnings emitted
[INFO] [stdout] 
[INFO] [stdout] 
[INFO] [stderr]     Finished dev [unoptimized + debuginfo] target(s) in 13.56s
[INFO] running `Command { std: "docker" "inspect" "0d4fdce3631cf6b9d3e63154365e9fd56fdb4b4571dc02e1886858423d409377", kill_on_drop: false }`
[INFO] running `Command { std: "docker" "rm" "-f" "0d4fdce3631cf6b9d3e63154365e9fd56fdb4b4571dc02e1886858423d409377", kill_on_drop: false }`
[INFO] [stdout] 0d4fdce3631cf6b9d3e63154365e9fd56fdb4b4571dc02e1886858423d409377
[INFO] running `Command { std: "docker" "create" "-v" "/var/lib/crater-agent-workspace/builds/worker-2-tc1/target:/opt/rustwide/target:rw,Z" "-v" "/var/lib/crater-agent-workspace/builds/worker-2-tc1/source:/opt/rustwide/workdir:ro,Z" "-v" "/var/lib/crater-agent-workspace/cargo-home:/opt/rustwide/cargo-home:ro,Z" "-v" "/var/lib/crater-agent-workspace/rustup-home:/opt/rustwide/rustup-home:ro,Z" "-e" "SOURCE_DIR=/opt/rustwide/workdir" "-e" "CARGO_TARGET_DIR=/opt/rustwide/target" "-e" "CARGO_INCREMENTAL=0" "-e" "RUST_BACKTRACE=full" "-e" "RUSTFLAGS=--cap-lints=warn" "-e" "RUSTDOCFLAGS=--cap-lints=warn" "-e" "CARGO_HOME=/opt/rustwide/cargo-home" "-e" "RUSTUP_HOME=/opt/rustwide/rustup-home" "-w" "/opt/rustwide/workdir" "-m" "1610612736" "--user" "0:0" "--network" "none" "ghcr.io/rust-lang/crates-build-env/linux@sha256:2788e3201cd34a07e3172128adcd8b3090168a8e3bcc40d7c032b9dda1df7d1c" "/opt/rustwide/cargo-home/bin/cargo" "+1.75.0" "test" "--frozen" "--no-run" "--message-format=json", kill_on_drop: false }`
[INFO] [stdout] 4bd450af323006ce34f9d14b01e93257c80eb894a198cd3ba6b1cf73633b4fd5
[INFO] running `Command { std: "docker" "start" "-a" "4bd450af323006ce34f9d14b01e93257c80eb894a198cd3ba6b1cf73633b4fd5", kill_on_drop: false }`
[INFO] [stdout] warning: unused import: `crate::error`
[INFO] [stdout]  --> src/run.rs:1:5
[INFO] [stdout]   |
[INFO] [stdout] 1 | use crate::error;
[INFO] [stdout]   |     ^^^^^^^^^^^^
[INFO] [stdout]   |
[INFO] [stdout]   = note: `#[warn(unused_imports)]` on by default
[INFO] [stdout] 
[INFO] [stdout] 
[INFO] [stdout] warning: variant `ExpectedButGot` is never constructed
[INFO] [stdout]  --> src/error.rs:7:5
[INFO] [stdout]   |
[INFO] [stdout] 5 | pub enum CompilationErrorKind {
[INFO] [stdout]   |          -------------------- variant in this enum
[INFO] [stdout] 6 |     #[fail(display = "expected '{}' but got '{}'", expected, got)]
[INFO] [stdout] 7 |     ExpectedButGot {
[INFO] [stdout]   |     ^^^^^^^^^^^^^^
[INFO] [stdout]   |
[INFO] [stdout]   = note: `CompilationErrorKind` has a derived impl for the trait `Debug`, but this is intentionally ignored during dead code analysis
[INFO] [stdout]   = note: `#[warn(dead_code)]` on by default
[INFO] [stdout] 
[INFO] [stdout] 
[INFO] [stdout] warning: method `error` is never used
[INFO] [stdout]   --> src/lexer.rs:70:12
[INFO] [stdout]    |
[INFO] [stdout] 69 | impl<'a> Token<'a> {
[INFO] [stdout]    | ------------------ method in this implementation
[INFO] [stdout] 70 |     pub fn error(&self, kind: error::CompilationErrorKind) -> error::CompilationError {
[INFO] [stdout]    |            ^^^^^
[INFO] [stdout] 
[INFO] [stdout] 
[INFO] [stdout] warning: variants `Indented`, `Text`, and `Interpolation` are never constructed
[INFO] [stdout]   --> src/lexer.rs:83:5
[INFO] [stdout]    |
[INFO] [stdout] 81 | pub enum State {
[INFO] [stdout]    |          ----- variants in this enum
[INFO] [stdout] 82 |     Normal,
[INFO] [stdout] 83 |     Indented { indentation: usize },
[INFO] [stdout]    |     ^^^^^^^^
[INFO] [stdout] 84 |     Text,
[INFO] [stdout]    |     ^^^^
[INFO] [stdout] 85 |     Interpolation { interpolation_start_col: usize, interpolation_start_row: usize }
[INFO] [stdout]    |     ^^^^^^^^^^^^^
[INFO] [stdout]    |
[INFO] [stdout]    = note: `State` has derived impls for the traits `Debug` and `Clone`, but these are intentionally ignored during dead code analysis
[INFO] [stdout] 
[INFO] [stdout] 
[INFO] [stderr]    Compiling please v0.1.0 (/opt/rustwide/workdir)
[INFO] [stdout] warning: methods `pop_state`, `lex_double`, `nextch`, `nextch_is`, and `expect` are never used
[INFO] [stdout]    --> src/lexer.rs:208:8
[INFO] [stdout]     |
[INFO] [stdout] 149 | impl<'a> Lexer<'a> {
[INFO] [stdout]     | ------------------ methods in this implementation
[INFO] [stdout] ...
[INFO] [stdout] 208 |     fn pop_state(&mut self) -> error::Result<()> {
[INFO] [stdout]     |        ^^^^^^^^^
[INFO] [stdout] ...
[INFO] [stdout] 225 |     fn lex_double(&mut self, kind: TokenKind) -> error::Result<()> {
[INFO] [stdout]     |        ^^^^^^^^^^
[INFO] [stdout] ...
[INFO] [stdout] 286 |     fn nextch(&mut self) -> Option<char> {
[INFO] [stdout]     |        ^^^^^^
[INFO] [stdout] ...
[INFO] [stdout] 296 |     fn nextch_is(&mut self, c: char) -> bool {
[INFO] [stdout]     |        ^^^^^^^^^
[INFO] [stdout] ...
[INFO] [stdout] 301 |     fn expect(&mut self, c: char) -> error::Result<()> {
[INFO] [stdout]     |        ^^^^^^
[INFO] [stdout] 
[INFO] [stdout] 
[INFO] [stdout] warning: multiple fields are never read
[INFO] [stdout]   --> src/run.rs:31:5
[INFO] [stdout]    |
[INFO] [stdout] 26 | struct Opt {
[INFO] [stdout]    |        --- fields in this struct
[INFO] [stdout] ...
[INFO] [stdout] 31 |     dry_run: bool, 
[INFO] [stdout]    |     ^^^^^^^
[INFO] [stdout] ...
[INFO] [stdout] 35 |     dump: bool,
[INFO] [stdout]    |     ^^^^
[INFO] [stdout] ...
[INFO] [stdout] 39 |     evaluate: bool,
[INFO] [stdout]    |     ^^^^^^^^
[INFO] [stdout] ...
[INFO] [stdout] 43 |     highlight: bool,
[INFO] [stdout]    |     ^^^^^^^^^
[INFO] [stdout] ...
[INFO] [stdout] 47 |     list: bool,
[INFO] [stdout]    |     ^^^^
[INFO] [stdout] ...
[INFO] [stdout] 51 |     quiet: bool,
[INFO] [stdout]    |     ^^^^^
[INFO] [stdout] ...
[INFO] [stdout] 55 |     summary: bool,
[INFO] [stdout]    |     ^^^^^^^
[INFO] [stdout] ...
[INFO] [stdout] 73 |     vars: Vec<String>,
[INFO] [stdout]    |     ^^^^
[INFO] [stdout] ...
[INFO] [stdout] 77 |     show: Option<String>,
[INFO] [stdout]    |     ^^^^
[INFO] [stdout] ...
[INFO] [stdout] 81 |     working_directory: Option<PathBuf>,
[INFO] [stdout]    |     ^^^^^^^^^^^^^^^^^
[INFO] [stdout] ...
[INFO] [stdout] 86 |     arguments: Vec<String>,
[INFO] [stdout]    |     ^^^^^^^^^
[INFO] [stdout]    |
[INFO] [stdout]    = note: `Opt` has a derived impl for the trait `Debug`, but this is intentionally ignored during dead code analysis
[INFO] [stdout] 
[INFO] [stdout] 
[INFO] [stdout] warning: 6 warnings emitted
[INFO] [stdout] 
[INFO] [stdout] 
[INFO] [stdout] warning: unused import: `crate::error`
[INFO] [stdout]  --> src/run.rs:1:5
[INFO] [stdout]   |
[INFO] [stdout] 1 | use crate::error;
[INFO] [stdout]   |     ^^^^^^^^^^^^
[INFO] [stdout]   |
[INFO] [stdout]   = note: `#[warn(unused_imports)]` on by default
[INFO] [stdout] 
[INFO] [stdout] 
[INFO] [stdout] warning: variant `ExpectedButGot` is never constructed
[INFO] [stdout]  --> src/error.rs:7:5
[INFO] [stdout]   |
[INFO] [stdout] 5 | pub enum CompilationErrorKind {
[INFO] [stdout]   |          -------------------- variant in this enum
[INFO] [stdout] 6 |     #[fail(display = "expected '{}' but got '{}'", expected, got)]
[INFO] [stdout] 7 |     ExpectedButGot {
[INFO] [stdout]   |     ^^^^^^^^^^^^^^
[INFO] [stdout]   |
[INFO] [stdout]   = note: `CompilationErrorKind` has a derived impl for the trait `Debug`, but this is intentionally ignored during dead code analysis
[INFO] [stdout]   = note: `#[warn(dead_code)]` on by default
[INFO] [stdout] 
[INFO] [stdout] 
[INFO] [stdout] warning: method `error` is never used
[INFO] [stdout]   --> src/lexer.rs:70:12
[INFO] [stdout]    |
[INFO] [stdout] 69 | impl<'a> Token<'a> {
[INFO] [stdout]    | ------------------ method in this implementation
[INFO] [stdout] 70 |     pub fn error(&self, kind: error::CompilationErrorKind) -> error::CompilationError {
[INFO] [stdout]    |            ^^^^^
[INFO] [stdout] 
[INFO] [stdout] 
[INFO] [stdout] warning: variants `Indented`, `Text`, and `Interpolation` are never constructed
[INFO] [stdout]   --> src/lexer.rs:83:5
[INFO] [stdout]    |
[INFO] [stdout] 81 | pub enum State {
[INFO] [stdout]    |          ----- variants in this enum
[INFO] [stdout] 82 |     Normal,
[INFO] [stdout] 83 |     Indented { indentation: usize },
[INFO] [stdout]    |     ^^^^^^^^
[INFO] [stdout] 84 |     Text,
[INFO] [stdout]    |     ^^^^
[INFO] [stdout] 85 |     Interpolation { interpolation_start_col: usize, interpolation_start_row: usize }
[INFO] [stdout]    |     ^^^^^^^^^^^^^
[INFO] [stdout]    |
[INFO] [stdout]    = note: `State` has derived impls for the traits `Debug` and `Clone`, but these are intentionally ignored during dead code analysis
[INFO] [stdout] 
[INFO] [stdout] 
[INFO] [stdout] warning: methods `pop_state`, `lex_double`, `nextch`, `nextch_is`, and `expect` are never used
[INFO] [stdout]    --> src/lexer.rs:208:8
[INFO] [stdout]     |
[INFO] [stdout] 149 | impl<'a> Lexer<'a> {
[INFO] [stdout]     | ------------------ methods in this implementation
[INFO] [stdout] ...
[INFO] [stdout] 208 |     fn pop_state(&mut self) -> error::Result<()> {
[INFO] [stdout]     |        ^^^^^^^^^
[INFO] [stdout] ...
[INFO] [stdout] 225 |     fn lex_double(&mut self, kind: TokenKind) -> error::Result<()> {
[INFO] [stdout]     |        ^^^^^^^^^^
[INFO] [stdout] ...
[INFO] [stdout] 286 |     fn nextch(&mut self) -> Option<char> {
[INFO] [stdout]     |        ^^^^^^
[INFO] [stdout] ...
[INFO] [stdout] 296 |     fn nextch_is(&mut self, c: char) -> bool {
[INFO] [stdout]     |        ^^^^^^^^^
[INFO] [stdout] ...
[INFO] [stdout] 301 |     fn expect(&mut self, c: char) -> error::Result<()> {
[INFO] [stdout]     |        ^^^^^^
[INFO] [stdout] 
[INFO] [stdout] 
[INFO] [stdout] warning: multiple fields are never read
[INFO] [stdout]   --> src/run.rs:31:5
[INFO] [stdout]    |
[INFO] [stdout] 26 | struct Opt {
[INFO] [stdout]    |        --- fields in this struct
[INFO] [stdout] ...
[INFO] [stdout] 31 |     dry_run: bool, 
[INFO] [stdout]    |     ^^^^^^^
[INFO] [stdout] ...
[INFO] [stdout] 35 |     dump: bool,
[INFO] [stdout]    |     ^^^^
[INFO] [stdout] ...
[INFO] [stdout] 39 |     evaluate: bool,
[INFO] [stdout]    |     ^^^^^^^^
[INFO] [stdout] ...
[INFO] [stdout] 43 |     highlight: bool,
[INFO] [stdout]    |     ^^^^^^^^^
[INFO] [stdout] ...
[INFO] [stdout] 47 |     list: bool,
[INFO] [stdout]    |     ^^^^
[INFO] [stdout] ...
[INFO] [stdout] 51 |     quiet: bool,
[INFO] [stdout]    |     ^^^^^
[INFO] [stdout] ...
[INFO] [stdout] 55 |     summary: bool,
[INFO] [stdout]    |     ^^^^^^^
[INFO] [stdout] ...
[INFO] [stdout] 73 |     vars: Vec<String>,
[INFO] [stdout]    |     ^^^^
[INFO] [stdout] ...
[INFO] [stdout] 77 |     show: Option<String>,
[INFO] [stdout]    |     ^^^^
[INFO] [stdout] ...
[INFO] [stdout] 81 |     working_directory: Option<PathBuf>,
[INFO] [stdout]    |     ^^^^^^^^^^^^^^^^^
[INFO] [stdout] ...
[INFO] [stdout] 86 |     arguments: Vec<String>,
[INFO] [stdout]    |     ^^^^^^^^^
[INFO] [stdout]    |
[INFO] [stdout]    = note: `Opt` has a derived impl for the trait `Debug`, but this is intentionally ignored during dead code analysis
[INFO] [stdout] 
[INFO] [stdout] 
[INFO] [stdout] warning: 6 warnings emitted
[INFO] [stdout] 
[INFO] [stdout] 
[INFO] [stderr]     Finished test [unoptimized + debuginfo] target(s) in 1.57s
[INFO] running `Command { std: "docker" "inspect" "4bd450af323006ce34f9d14b01e93257c80eb894a198cd3ba6b1cf73633b4fd5", kill_on_drop: false }`
[INFO] running `Command { std: "docker" "rm" "-f" "4bd450af323006ce34f9d14b01e93257c80eb894a198cd3ba6b1cf73633b4fd5", kill_on_drop: false }`
[INFO] [stdout] 4bd450af323006ce34f9d14b01e93257c80eb894a198cd3ba6b1cf73633b4fd5
[INFO] running `Command { std: "docker" "create" "-v" "/var/lib/crater-agent-workspace/builds/worker-2-tc1/target:/opt/rustwide/target:rw,Z" "-v" "/var/lib/crater-agent-workspace/builds/worker-2-tc1/source:/opt/rustwide/workdir:ro,Z" "-v" "/var/lib/crater-agent-workspace/cargo-home:/opt/rustwide/cargo-home:ro,Z" "-v" "/var/lib/crater-agent-workspace/rustup-home:/opt/rustwide/rustup-home:ro,Z" "-e" "SOURCE_DIR=/opt/rustwide/workdir" "-e" "CARGO_TARGET_DIR=/opt/rustwide/target" "-e" "CARGO_INCREMENTAL=0" "-e" "RUST_BACKTRACE=full" "-e" "RUSTFLAGS=--cap-lints=warn" "-e" "RUSTDOCFLAGS=--cap-lints=warn" "-e" "CARGO_HOME=/opt/rustwide/cargo-home" "-e" "RUSTUP_HOME=/opt/rustwide/rustup-home" "-w" "/opt/rustwide/workdir" "-m" "1610612736" "--user" "0:0" "--network" "none" "ghcr.io/rust-lang/crates-build-env/linux@sha256:2788e3201cd34a07e3172128adcd8b3090168a8e3bcc40d7c032b9dda1df7d1c" "/opt/rustwide/cargo-home/bin/cargo" "+1.75.0" "test" "--frozen", kill_on_drop: false }`
[INFO] [stdout] 399742eae3d9adc0ccaffdc16e01e96d69f09f68de3961fa867d92cc15a304cd
[INFO] running `Command { std: "docker" "start" "-a" "399742eae3d9adc0ccaffdc16e01e96d69f09f68de3961fa867d92cc15a304cd", kill_on_drop: false }`
[INFO] [stderr] warning: unused import: `crate::error`
[INFO] [stderr]  --> src/run.rs:1:5
[INFO] [stderr]   |
[INFO] [stderr] 1 | use crate::error;
[INFO] [stderr]   |     ^^^^^^^^^^^^
[INFO] [stderr]   |
[INFO] [stderr]   = note: `#[warn(unused_imports)]` on by default
[INFO] [stderr] 
[INFO] [stderr] warning: variant `ExpectedButGot` is never constructed
[INFO] [stderr]  --> src/error.rs:7:5
[INFO] [stderr]   |
[INFO] [stderr] 5 | pub enum CompilationErrorKind {
[INFO] [stderr]   |          -------------------- variant in this enum
[INFO] [stderr] 6 |     #[fail(display = "expected '{}' but got '{}'", expected, got)]
[INFO] [stderr] 7 |     ExpectedButGot {
[INFO] [stderr]   |     ^^^^^^^^^^^^^^
[INFO] [stderr]   |
[INFO] [stderr]   = note: `CompilationErrorKind` has a derived impl for the trait `Debug`, but this is intentionally ignored during dead code analysis
[INFO] [stderr]   = note: `#[warn(dead_code)]` on by default
[INFO] [stderr] 
[INFO] [stderr] warning: method `error` is never used
[INFO] [stderr]   --> src/lexer.rs:70:12
[INFO] [stderr]    |
[INFO] [stderr] 69 | impl<'a> Token<'a> {
[INFO] [stderr]    | ------------------ method in this implementation
[INFO] [stderr] 70 |     pub fn error(&self, kind: error::CompilationErrorKind) -> error::CompilationError {
[INFO] [stderr]    |            ^^^^^
[INFO] [stderr] 
[INFO] [stderr] warning: variants `Indented`, `Text`, and `Interpolation` are never constructed
[INFO] [stderr]   --> src/lexer.rs:83:5
[INFO] [stderr]    |
[INFO] [stderr] 81 | pub enum State {
[INFO] [stderr]    |          ----- variants in this enum
[INFO] [stderr] 82 |     Normal,
[INFO] [stderr] 83 |     Indented { indentation: usize },
[INFO] [stderr]    |     ^^^^^^^^
[INFO] [stderr] 84 |     Text,
[INFO] [stderr]    |     ^^^^
[INFO] [stderr] 85 |     Interpolation { interpolation_start_col: usize, interpolation_start_row: usize }
[INFO] [stderr]    |     ^^^^^^^^^^^^^
[INFO] [stderr]    |
[INFO] [stderr]    = note: `State` has derived impls for the traits `Debug` and `Clone`, but these are intentionally ignored during dead code analysis
[INFO] [stderr] 
[INFO] [stderr] warning: methods `pop_state`, `lex_double`, `nextch`, `nextch_is`, and `expect` are never used
[INFO] [stderr]    --> src/lexer.rs:208:8
[INFO] [stderr]     |
[INFO] [stderr] 149 | impl<'a> Lexer<'a> {
[INFO] [stderr]     | ------------------ methods in this implementation
[INFO] [stderr] ...
[INFO] [stderr] 208 |     fn pop_state(&mut self) -> error::Result<()> {
[INFO] [stderr]     |        ^^^^^^^^^
[INFO] [stderr] ...
[INFO] [stderr] 225 |     fn lex_double(&mut self, kind: TokenKind) -> error::Result<()> {
[INFO] [stderr]     |        ^^^^^^^^^^
[INFO] [stderr] ...
[INFO] [stderr] 286 |     fn nextch(&mut self) -> Option<char> {
[INFO] [stderr]     |        ^^^^^^
[INFO] [stderr] ...
[INFO] [stderr] 296 |     fn nextch_is(&mut self, c: char) -> bool {
[INFO] [stderr]     |        ^^^^^^^^^
[INFO] [stderr] ...
[INFO] [stderr] 301 |     fn expect(&mut self, c: char) -> error::Result<()> {
[INFO] [stderr]     |        ^^^^^^
[INFO] [stderr] 
[INFO] [stderr] warning: multiple fields are never read
[INFO] [stderr]   --> src/run.rs:31:5
[INFO] [stderr]    |
[INFO] [stderr] 26 | struct Opt {
[INFO] [stderr]    |        --- fields in this struct
[INFO] [stderr] ...
[INFO] [stderr] 31 |     dry_run: bool, 
[INFO] [stderr]    |     ^^^^^^^
[INFO] [stderr] ...
[INFO] [stderr] 35 |     dump: bool,
[INFO] [stderr]    |     ^^^^
[INFO] [stderr] ...
[INFO] [stderr] 39 |     evaluate: bool,
[INFO] [stderr]    |     ^^^^^^^^
[INFO] [stderr] ...
[INFO] [stderr] 43 |     highlight: bool,
[INFO] [stderr]    |     ^^^^^^^^^
[INFO] [stderr] ...
[INFO] [stderr] 47 |     list: bool,
[INFO] [stderr]    |     ^^^^
[INFO] [stderr] ...
[INFO] [stderr] 51 |     quiet: bool,
[INFO] [stderr]    |     ^^^^^
[INFO] [stderr] ...
[INFO] [stderr] 55 |     summary: bool,
[INFO] [stderr]    |     ^^^^^^^
[INFO] [stderr] ...
[INFO] [stderr] 73 |     vars: Vec<String>,
[INFO] [stderr]    |     ^^^^
[INFO] [stderr] ...
[INFO] [stderr] 77 |     show: Option<String>,
[INFO] [stderr]    |     ^^^^
[INFO] [stderr] ...
[INFO] [stderr] 81 |     working_directory: Option<PathBuf>,
[INFO] [stderr]    |     ^^^^^^^^^^^^^^^^^
[INFO] [stderr] ...
[INFO] [stderr] 86 |     arguments: Vec<String>,
[INFO] [stderr]    |     ^^^^^^^^^
[INFO] [stderr]    |
[INFO] [stderr]    = note: `Opt` has a derived impl for the trait `Debug`, but this is intentionally ignored during dead code analysis
[INFO] [stderr] 
[INFO] [stderr] warning: `please` (lib) generated 6 warnings (run `cargo fix --lib -p please` to apply 1 suggestion)
[INFO] [stderr] warning: `please` (lib test) generated 6 warnings (6 duplicates)
[INFO] [stderr]     Finished test [unoptimized + debuginfo] target(s) in 0.06s
[INFO] [stderr]      Running unittests src/lib.rs (/opt/rustwide/target/debug/deps/please-e718c070beab64c0)
[INFO] [stdout] 
[INFO] [stdout] running 1 test
[INFO] [stdout] test lexer::tests::test_lexer_rustplease ... FAILED
[INFO] [stdout] 
[INFO] [stdout] failures:
[INFO] [stdout] 
[INFO] [stdout] ---- lexer::tests::test_lexer_rustplease stdout ----
[INFO] [stdout] thread 'lexer::tests::test_lexer_rustplease' panicked at src/lexer.rs:361:56:
[INFO] [stdout] called `Result::unwrap()` on an `Err` value: MultipleErrors { errs: [CompilationError { line: 1, column: 7, filename: "./examples/rust.please", kind: UnexpectedChar { ch: '\n' } }
[INFO] [stdout] 
[INFO] [stdout] stack backtrace:
[INFO] [stdout]    0: failure::backtrace::internal::InternalBacktrace::new::h0663b0f78c2a252d (0x563296654ba9)
[INFO] [stdout]              at src/backtrace/internal.rs:44
[INFO] [stdout]    1: failure::backtrace::Backtrace::new::hcf5128e76a111d19 (0x563296655148)
[INFO] [stdout]              at src/backtrace/mod.rs:111
[INFO] [stdout]    2: <failure::error::error_impl::ErrorImpl as core::convert::From<F>>::from::hbe07e67c603582bd (0x5632964ebe67)
[INFO] [stdout]              at /opt/rustwide/cargo-home/registry/src/index.crates.io-6f17d22bba15001f/failure-0.1.5/src/error/error_impl.rs:19
[INFO] [stdout]    3: <failure::error::Error as core::convert::From<F>>::from::h8ae3cc0f13aee5b7 (0x5632964eb259)
[INFO] [stdout]              at /opt/rustwide/cargo-home/registry/src/index.crates.io-6f17d22bba15001f/failure-0.1.5/src/error/mod.rs:36
[INFO] [stdout]    4: please::lexer::Lexer::error::hc29b1268d75cdc33 (0x5632964e6221)
[INFO] [stdout]              at src/lexer.rs:322
[INFO] [stdout]    5: please::lexer::Lexer::lex_normal::h51fc5de2e2b06dc5 (0x5632964e532f)
[INFO] [stdout]              at src/lexer.rs:191
[INFO] [stdout]    6: please::lexer::Lexer::advance::h6730c5c265bd35d0 (0x5632964e4fc2)
[INFO] [stdout]              at src/lexer.rs:172
[INFO] [stdout]    7: <please::lexer::Lexer as core::iter::traits::iterator::Iterator>::next::h2d80d4b15659ec3e (0x5632964e4632)
[INFO] [stdout]              at src/lexer.rs:111
[INFO] [stdout]    8: please::lexer::Lexer::lex::h6af5b092c2883227 (0x5632964e48c4)
[INFO] [stdout]              at src/lexer.rs:137
[INFO] [stdout]    9: please::lexer::tests::test_lexer_rustplease::h9809f99f9525f155 (0x5632964ed090)
[INFO] [stdout]              at src/lexer.rs:361
[INFO] [stdout]   10: please::lexer::tests::test_lexer_rustplease::{{closure}}::hf3778074ef8657b7 (0x5632964ecf37)
[INFO] [stdout]              at src/lexer.rs:358
[INFO] [stdout]   11: core::ops::function::FnOnce::call_once::h7ffd095b5d4461fb (0x5632964e8a56)
[INFO] [stdout]              at /rustc/82e1608dfa6e0b5569232559e3d385fea5a93112/library/core/src/ops/function.rs:250
[INFO] [stdout]   12: core::ops::function::FnOnce::call_once::h2b5d431d5046312d (0x563296529dff)
[INFO] [stdout]              at library/core/src/ops/function.rs:250
[INFO] [stdout]       test::__rust_begin_short_backtrace::h7714669af176e207
[INFO] [stdout]              at library/test/src/lib.rs:628
[INFO] [stdout]   13: test::run_test_in_process::{{closure}}::h85218797dcbcec12 (0x563296528e15)
[INFO] [stdout]              at library/test/src/lib.rs:651
[INFO] [stdout]       <core::panic::unwind_safe::AssertUnwindSafe<F> as core::ops::function::FnOnce<()>>::call_once::h76c106ea31c14d7b
[INFO] [stdout]              at library/core/src/panic/unwind_safe.rs:272
[INFO] [stdout]       std::panicking::try::do_call::h3bd5d0f6620ee946
[INFO] [stdout]              at library/std/src/panicking.rs:552
[INFO] [stdout]       std::panicking::try::h232e535e4744fe31
[INFO] [stdout]              at library/std/src/panicking.rs:516
[INFO] [stdout]       std::panic::catch_unwind::h3ce3bd6ca8dbac68
[INFO] [stdout]              at library/std/src/panic.rs:142
[INFO] [stdout]       test::run_test_in_process::hc97b257c9621286a
[INFO] [stdout]              at library/test/src/lib.rs:651
[INFO] [stdout]       test::run_test::{{closure}}::h2aa798823a438d38
[INFO] [stdout]              at library/test/src/lib.rs:574
[INFO] [stdout]   14: test::run_test::{{closure}}::h87d231c78fb59832 (0x5632964f10d6)
[INFO] [stdout]              at library/test/src/lib.rs:602
[INFO] [stdout]       std::sys_common::backtrace::__rust_begin_short_backtrace::he6df152596625789
[INFO] [stdout]              at library/std/src/sys_common/backtrace.rs:154
[INFO] [stdout]   15: std::thread::Builder::spawn_unchecked_::{{closure}}::{{closure}}::ha94be15d1e0acf36 (0x5632964f6187)
[INFO] [stdout]              at library/std/src/thread/mod.rs:529
[INFO] [stdout]       <core::panic::unwind_safe::AssertUnwindSafe<F> as core::ops::function::FnOnce<()>>::call_once::h9dc6bd6372f16606
[INFO] [stdout]              at library/core/src/panic/unwind_safe.rs:272
[INFO] [stdout]       std::panicking::try::do_call::h9057517f80303cd4
[INFO] [stdout]              at library/std/src/panicking.rs:552
[INFO] [stdout]       std::panicking::try::he3a30b11ee45340c
[INFO] [stdout]              at library/std/src/panicking.rs:516
[INFO] [stdout]       std::panic::catch_unwind::h410458cfd3528b8b
[INFO] [stdout]              at library/std/src/panic.rs:142
[INFO] [stdout]       std::thread::Builder::spawn_unchecked_::{{closure}}::h72ac3bdb567b737b
[INFO] [stdout]              at library/std/src/thread/mod.rs:528
[INFO] [stdout]       core::ops::function::FnOnce::call_once{{vtable.shim}}::h38f34da3654a8344
[INFO] [stdout]              at library/core/src/ops/function.rs:250
[INFO] [stdout]   16: <alloc::boxed::Box<F,A> as core::ops::function::FnOnce<Args>>::call_once::hc7eafaff61e32df9 (0x5632966acd35)
[INFO] [stdout]              at library/alloc/src/boxed.rs:2007
[INFO] [stdout]       <alloc::boxed::Box<F,A> as core::ops::function::FnOnce<Args>>::call_once::h6ba4a5de48dd2304
[INFO] [stdout]              at library/alloc/src/boxed.rs:2007
[INFO] [stdout]       std::sys::unix::thread::Thread::new::thread_start::he469335aef763e45
[INFO] [stdout]              at library/std/src/sys/unix/thread.rs:108
[INFO] [stdout]   17: <unknown> (0x7fa692bf8ac3)
[INFO] [stdout]   18: __clone (0x7fa692c89bf4)
[INFO] [stdout]   19: <unknown> (0x0), CompilationError { line: 2, column: 1, filename: "./examples/rust.please", kind: UnexpectedChar { ch: ' ' } }
[INFO] [stdout] 
[INFO] [stdout] stack backtrace:
[INFO] [stdout]    0: failure::backtrace::internal::InternalBacktrace::new::h0663b0f78c2a252d (0x563296654ba9)
[INFO] [stdout]              at src/backtrace/internal.rs:44
[INFO] [stdout]    1: failure::backtrace::Backtrace::new::hcf5128e76a111d19 (0x563296655148)
[INFO] [stdout]              at src/backtrace/mod.rs:111
[INFO] [stdout]    2: <failure::error::error_impl::ErrorImpl as core::convert::From<F>>::from::hbe07e67c603582bd (0x5632964ebe67)
[INFO] [stdout]              at /opt/rustwide/cargo-home/registry/src/index.crates.io-6f17d22bba15001f/failure-0.1.5/src/error/error_impl.rs:19
[INFO] [stdout]    3: <failure::error::Error as core::convert::From<F>>::from::h8ae3cc0f13aee5b7 (0x5632964eb259)
[INFO] [stdout]              at /opt/rustwide/cargo-home/registry/src/index.crates.io-6f17d22bba15001f/failure-0.1.5/src/error/mod.rs:36
[INFO] [stdout]    4: please::lexer::Lexer::error::hc29b1268d75cdc33 (0x5632964e6221)
[INFO] [stdout]              at src/lexer.rs:322
[INFO] [stdout]    5: please::lexer::Lexer::lex_normal::h51fc5de2e2b06dc5 (0x5632964e532f)
[INFO] [stdout]              at src/lexer.rs:191
[INFO] [stdout]    6: please::lexer::Lexer::advance::h6730c5c265bd35d0 (0x5632964e4fc2)
[INFO] [stdout]              at src/lexer.rs:172
[INFO] [stdout]    7: <please::lexer::Lexer as core::iter::traits::iterator::Iterator>::next::h2d80d4b15659ec3e (0x5632964e4722)
[INFO] [stdout]              at src/lexer.rs:114
[INFO] [stdout]    8: please::lexer::Lexer::lex::h6af5b092c2883227 (0x5632964e48c4)
[INFO] [stdout]              at src/lexer.rs:137
[INFO] [stdout]    9: please::lexer::tests::test_lexer_rustplease::h9809f99f9525f155 (0x5632964ed090)
[INFO] [stdout]              at src/lexer.rs:361
[INFO] [stdout]   10: please::lexer::tests::test_lexer_rustplease::{{closure}}::hf3778074ef8657b7 (0x5632964ecf37)
[INFO] [stdout]              at src/lexer.rs:358
[INFO] [stdout]   11: core::ops::function::FnOnce::call_once::h7ffd095b5d4461fb (0x5632964e8a56)
[INFO] [stdout]              at /rustc/82e1608dfa6e0b5569232559e3d385fea5a93112/library/core/src/ops/function.rs:250
[INFO] [stdout]   12: core::ops::function::FnOnce::call_once::h2b5d431d5046312d (0x563296529dff)
[INFO] [stdout]              at library/core/src/ops/function.rs:250
[INFO] [stdout]       test::__rust_begin_short_backtrace::h7714669af176e207
[INFO] [stdout]              at library/test/src/lib.rs:628
[INFO] [stdout]   13: test::run_test_in_process::{{closure}}::h85218797dcbcec12 (0x563296528e15)
[INFO] [stdout]              at library/test/src/lib.rs:651
[INFO] [stdout]       <core::panic::unwind_safe::AssertUnwindSafe<F> as core::ops::function::FnOnce<()>>::call_once::h76c106ea31c14d7b
[INFO] [stdout]              at library/core/src/panic/unwind_safe.rs:272
[INFO] [stdout]       std::panicking::try::do_call::h3bd5d0f6620ee946
[INFO] [stdout]              at library/std/src/panicking.rs:552
[INFO] [stdout]       std::panicking::try::h232e535e4744fe31
[INFO] [stdout]              at library/std/src/panicking.rs:516
[INFO] [stdout]       std::panic::catch_unwind::h3ce3bd6ca8dbac68
[INFO] [stdout]              at library/std/src/panic.rs:142
[INFO] [stdout]       test::run_test_in_process::hc97b257c9621286a
[INFO] [stdout]              at library/test/src/lib.rs:651
[INFO] [stdout]       test::run_test::{{closure}}::h2aa798823a438d38
[INFO] [stdout]              at library/test/src/lib.rs:574
[INFO] [stdout]   14: test::run_test::{{closure}}::h87d231c78fb59832 (0x5632964f10d6)
[INFO] [stdout]              at library/test/src/lib.rs:602
[INFO] [stdout]       std::sys_common::backtrace::__rust_begin_short_backtrace::he6df152596625789
[INFO] [stdout]              at library/std/src/sys_common/backtrace.rs:154
[INFO] [stdout]   15: std::thread::Builder::spawn_unchecked_::{{closure}}::{{closure}}::ha94be15d1e0acf36 (0x5632964f6187)
[INFO] [stdout]              at library/std/src/thread/mod.rs:529
[INFO] [stdout]       <core::panic::unwind_safe::AssertUnwindSafe<F> as core::ops::function::FnOnce<()>>::call_once::h9dc6bd6372f16606
[INFO] [stdout]              at library/core/src/panic/unwind_safe.rs:272
[INFO] [stdout]       std::panicking::try::do_call::h9057517f80303cd4
[INFO] [stdout]              at library/std/src/panicking.rs:552
[INFO] [stdout]       std::panicking::try::he3a30b11ee45340c
[INFO] [stdout]              at library/std/src/panicking.rs:516
[INFO] [stdout]       std::panic::catch_unwind::h410458cfd3528b8b
[INFO] [stdout]              at library/std/src/panic.rs:142
[INFO] [stdout]       std::thread::Builder::spawn_unchecked_::{{closure}}::h72ac3bdb567b737b
[INFO] [stdout]              at library/std/src/thread/mod.rs:528
[INFO] [stdout]       core::ops::function::FnOnce::call_once{{vtable.shim}}::h38f34da3654a8344
[INFO] [stdout]              at library/core/src/ops/function.rs:250
[INFO] [stdout]   16: <alloc::boxed::Box<F,A> as core::ops::function::FnOnce<Args>>::call_once::hc7eafaff61e32df9 (0x5632966acd35)
[INFO] [stdout]              at library/alloc/src/boxed.rs:2007
[INFO] [stdout]       <alloc::boxed::Box<F,A> as core::ops::function::FnOnce<Args>>::call_once::h6ba4a5de48dd2304
[INFO] [stdout]              at library/alloc/src/boxed.rs:2007
[INFO] [stdout]       std::sys::unix::thread::Thread::new::thread_start::he469335aef763e45
[INFO] [stdout]              at library/std/src/sys/unix/thread.rs:108
[INFO] [stdout]   17: <unknown> (0x7fa692bf8ac3)
[INFO] [stdout]   18: __clone (0x7fa692c89bf4)
[INFO] [stdout]   19: <unknown> (0x0), CompilationError { line: 2, column: 2, filename: "./examples/rust.please", kind: UnexpectedChar { ch: ' ' } }
[INFO] [stdout] 
[INFO] [stdout] stack backtrace:
[INFO] [stdout]    0: failure::backtrace::internal::InternalBacktrace::new::h0663b0f78c2a252d (0x563296654ba9)
[INFO] [stdout]              at src/backtrace/internal.rs:44
[INFO] [stdout]    1: failure::backtrace::Backtrace::new::hcf5128e76a111d19 (0x563296655148)
[INFO] [stdout]              at src/backtrace/mod.rs:111
[INFO] [stdout]    2: <failure::error::error_impl::ErrorImpl as core::convert::From<F>>::from::hbe07e67c603582bd (0x5632964ebe67)
[INFO] [stdout]              at /opt/rustwide/cargo-home/registry/src/index.crates.io-6f17d22bba15001f/failure-0.1.5/src/error/error_impl.rs:19
[INFO] [stdout]    3: <failure::error::Error as core::convert::From<F>>::from::h8ae3cc0f13aee5b7 (0x5632964eb259)
[INFO] [stdout]              at /opt/rustwide/cargo-home/registry/src/index.crates.io-6f17d22bba15001f/failure-0.1.5/src/error/mod.rs:36
[INFO] [stdout]    4: please::lexer::Lexer::error::hc29b1268d75cdc33 (0x5632964e6221)
[INFO] [stdout]              at src/lexer.rs:322
[INFO] [stdout]    5: please::lexer::Lexer::lex_normal::h51fc5de2e2b06dc5 (0x5632964e532f)
[INFO] [stdout]              at src/lexer.rs:191
[INFO] [stdout]    6: please::lexer::Lexer::advance::h6730c5c265bd35d0 (0x5632964e4fc2)
[INFO] [stdout]              at src/lexer.rs:172
[INFO] [stdout]    7: <please::lexer::Lexer as core::iter::traits::iterator::Iterator>::next::h2d80d4b15659ec3e (0x5632964e4722)
[INFO] [stdout]              at src/lexer.rs:114
[INFO] [stdout]    8: please::lexer::Lexer::lex::h6af5b092c2883227 (0x5632964e48c4)
[INFO] [stdout]              at src/lexer.rs:137
[INFO] [stdout]    9: please::lexer::tests::test_lexer_rustplease::h9809f99f9525f155 (0x5632964ed090)
[INFO] [stdout]              at src/lexer.rs:361
[INFO] [stdout]   10: please::lexer::tests::test_lexer_rustplease::{{closure}}::hf3778074ef8657b7 (0x5632964ecf37)
[INFO] [stdout]              at src/lexer.rs:358
[INFO] [stdout]   11: core::ops::function::FnOnce::call_once::h7ffd095b5d4461fb (0x5632964e8a56)
[INFO] [stdout]              at /rustc/82e1608dfa6e0b5569232559e3d385fea5a93112/library/core/src/ops/function.rs:250
[INFO] [stdout]   12: core::ops::function::FnOnce::call_once::h2b5d431d5046312d (0x563296529dff)
[INFO] [stdout]              at library/core/src/ops/function.rs:250
[INFO] [stdout]       test::__rust_begin_short_backtrace::h7714669af176e207
[INFO] [stdout]              at library/test/src/lib.rs:628
[INFO] [stdout]   13: test::run_test_in_process::{{closure}}::h85218797dcbcec12 (0x563296528e15)
[INFO] [stdout]              at library/test/src/lib.rs:651
[INFO] [stdout]       <core::panic::unwind_safe::AssertUnwindSafe<F> as core::ops::function::FnOnce<()>>::call_once::h76c106ea31c14d7b
[INFO] [stdout]              at library/core/src/panic/unwind_safe.rs:272
[INFO] [stdout]       std::panicking::try::do_call::h3bd5d0f6620ee946
[INFO] [stdout]              at library/std/src/panicking.rs:552
[INFO] [stdout]       std::panicking::try::h232e535e4744fe31
[INFO] [stdout]              at library/std/src/panicking.rs:516
[INFO] [stdout]       std::panic::catch_unwind::h3ce3bd6ca8dbac68
[INFO] [stdout]              at library/std/src/panic.rs:142
[INFO] [stdout]       test::run_test_in_process::hc97b257c9621286a
[INFO] [stdout]              at library/test/src/lib.rs:651
[INFO] [stdout]       test::run_test::{{closure}}::h2aa798823a438d38
[INFO] [stdout]              at library/test/src/lib.rs:574
[INFO] [stdout]   14: test::run_test::{{closure}}::h87d231c78fb59832 (0x5632964f10d6)
[INFO] [stdout]              at library/test/src/lib.rs:602
[INFO] [stdout]       std::sys_common::backtrace::__rust_begin_short_backtrace::he6df152596625789
[INFO] [stdout]              at library/std/src/sys_common/backtrace.rs:154
[INFO] [stdout]   15: std::thread::Builder::spawn_unchecked_::{{closure}}::{{closure}}::ha94be15d1e0acf36 (0x5632964f6187)
[INFO] [stdout]              at library/std/src/thread/mod.rs:529
[INFO] [stdout]       <core::panic::unwind_safe::AssertUnwindSafe<F> as core::ops::function::FnOnce<()>>::call_once::h9dc6bd6372f16606
[INFO] [stdout]              at library/core/src/panic/unwind_safe.rs:272
[INFO] [stdout]       std::panicking::try::do_call::h9057517f80303cd4
[INFO] [stdout]              at library/std/src/panicking.rs:552
[INFO] [stdout]       std::panicking::try::he3a30b11ee45340c
[INFO] [stdout]              at library/std/src/panicking.rs:516
[INFO] [stdout]       std::panic::catch_unwind::h410458cfd3528b8b
[INFO] [stdout]              at library/std/src/panic.rs:142
[INFO] [stdout]       std::thread::Builder::spawn_unchecked_::{{closure}}::h72ac3bdb567b737b
[INFO] [stdout]              at library/std/src/thread/mod.rs:528
[INFO] [stdout]       core::ops::function::FnOnce::call_once{{vtable.shim}}::h38f34da3654a8344
[INFO] [stdout]              at library/core/src/ops/function.rs:250
[INFO] [stdout]   16: <alloc::boxed::Box<F,A> as core::ops::function::FnOnce<Args>>::call_once::hc7eafaff61e32df9 (0x5632966acd35)
[INFO] [stdout]              at library/alloc/src/boxed.rs:2007
[INFO] [stdout]       <alloc::boxed::Box<F,A> as core::ops::function::FnOnce<Args>>::call_once::h6ba4a5de48dd2304
[INFO] [stdout]              at library/alloc/src/boxed.rs:2007
[INFO] [stdout]       std::sys::unix::thread::Thread::new::thread_start::he469335aef763e45
[INFO] [stdout]              at library/std/src/sys/unix/thread.rs:108
[INFO] [stdout]   17: <unknown> (0x7fa692bf8ac3)
[INFO] [stdout]   18: __clone (0x7fa692c89bf4)
[INFO] [stdout]   19: <unknown> (0x0), CompilationError { line: 2, column: 3, filename: "./examples/rust.please", kind: UnexpectedChar { ch: ' ' } }
[INFO] [stdout] 
[INFO] [stdout] stack backtrace:
[INFO] [stdout]    0: failure::backtrace::internal::InternalBacktrace::new::h0663b0f78c2a252d (0x563296654ba9)
[INFO] [stdout]              at src/backtrace/internal.rs:44
[INFO] [stdout]    1: failure::backtrace::Backtrace::new::hcf5128e76a111d19 (0x563296655148)
[INFO] [stdout]              at src/backtrace/mod.rs:111
[INFO] [stdout]    2: <failure::error::error_impl::ErrorImpl as core::convert::From<F>>::from::hbe07e67c603582bd (0x5632964ebe67)
[INFO] [stdout]              at /opt/rustwide/cargo-home/registry/src/index.crates.io-6f17d22bba15001f/failure-0.1.5/src/error/error_impl.rs:19
[INFO] [stdout]    3: <failure::error::Error as core::convert::From<F>>::from::h8ae3cc0f13aee5b7 (0x5632964eb259)
[INFO] [stdout]              at /opt/rustwide/cargo-home/registry/src/index.crates.io-6f17d22bba15001f/failure-0.1.5/src/error/mod.rs:36
[INFO] [stdout]    4: please::lexer::Lexer::error::hc29b1268d75cdc33 (0x5632964e6221)
[INFO] [stdout]              at src/lexer.rs:322
[INFO] [stdout]    5: please::lexer::Lexer::lex_normal::h51fc5de2e2b06dc5 (0x5632964e532f)
[INFO] [stdout]              at src/lexer.rs:191
[INFO] [stdout]    6: please::lexer::Lexer::advance::h6730c5c265bd35d0 (0x5632964e4fc2)
[INFO] [stdout]              at src/lexer.rs:172
[INFO] [stdout]    7: <please::lexer::Lexer as core::iter::traits::iterator::Iterator>::next::h2d80d4b15659ec3e (0x5632964e4722)
[INFO] [stdout]              at src/lexer.rs:114
[INFO] [stdout]    8: please::lexer::Lexer::lex::h6af5b092c2883227 (0x5632964e48c4)
[INFO] [stdout]              at src/lexer.rs:137
[INFO] [stdout]    9: please::lexer::tests::test_lexer_rustplease::h9809f99f9525f155 (0x5632964ed090)
[INFO] [stdout]              at src/lexer.rs:361
[INFO] [stdout]   10: please::lexer::tests::test_lexer_rustplease::{{closure}}::hf3778074ef8657b7 (0x5632964ecf37)
[INFO] [stdout]              at src/lexer.rs:358
[INFO] [stdout]   11: core::ops::function::FnOnce::call_once::h7ffd095b5d4461fb (0x5632964e8a56)
[INFO] [stdout]              at /rustc/82e1608dfa6e0b5569232559e3d385fea5a93112/library/core/src/ops/function.rs:250
[INFO] [stdout]   12: core::ops::function::FnOnce::call_once::h2b5d431d5046312d (0x563296529dff)
[INFO] [stdout]              at library/core/src/ops/function.rs:250
[INFO] [stdout]       test::__rust_begin_short_backtrace::h7714669af176e207
[INFO] [stdout]              at library/test/src/lib.rs:628
[INFO] [stdout]   13: test::run_test_in_process::{{closure}}::h85218797dcbcec12 (0x563296528e15)
[INFO] [stdout]              at library/test/src/lib.rs:651
[INFO] [stdout]       <core::panic::unwind_safe::AssertUnwindSafe<F> as core::ops::function::FnOnce<()>>::call_once::h76c106ea31c14d7b
[INFO] [stdout]              at library/core/src/panic/unwind_safe.rs:272
[INFO] [stdout]       std::panicking::try::do_call::h3bd5d0f6620ee946
[INFO] [stdout]              at library/std/src/panicking.rs:552
[INFO] [stdout]       std::panicking::try::h232e535e4744fe31
[INFO] [stdout]              at library/std/src/panicking.rs:516
[INFO] [stdout]       std::panic::catch_unwind::h3ce3bd6ca8dbac68
[INFO] [stdout]              at library/std/src/panic.rs:142
[INFO] [stdout]       test::run_test_in_process::hc97b257c9621286a
[INFO] [stdout]              at library/test/src/lib.rs:651
[INFO] [stdout]       test::run_test::{{closure}}::h2aa798823a438d38
[INFO] [stdout]              at library/test/src/lib.rs:574
[INFO] [stdout]   14: test::run_test::{{closure}}::h87d231c78fb59832 (0x5632964f10d6)
[INFO] [stdout]              at library/test/src/lib.rs:602
[INFO] [stdout]       std::sys_common::backtrace::__rust_begin_short_backtrace::he6df152596625789
[INFO] [stdout]              at library/std/src/sys_common/backtrace.rs:154
[INFO] [stdout]   15: std::thread::Builder::spawn_unchecked_::{{closure}}::{{closure}}::ha94be15d1e0acf36 (0x5632964f6187)
[INFO] [stdout]              at library/std/src/thread/mod.rs:529
[INFO] [stdout]       <core::panic::unwind_safe::AssertUnwindSafe<F> as core::ops::function::FnOnce<()>>::call_once::h9dc6bd6372f16606
[INFO] [stdout]              at library/core/src/panic/unwind_safe.rs:272
[INFO] [stdout]       std::panicking::try::do_call::h9057517f80303cd4
[INFO] [stdout]              at library/std/src/panicking.rs:552
[INFO] [stdout]       std::panicking::try::he3a30b11ee45340c
[INFO] [stdout]              at library/std/src/panicking.rs:516
[INFO] [stdout]       std::panic::catch_unwind::h410458cfd3528b8b
[INFO] [stdout]              at library/std/src/panic.rs:142
[INFO] [stdout]       std::thread::Builder::spawn_unchecked_::{{closure}}::h72ac3bdb567b737b
[INFO] [stdout]              at library/std/src/thread/mod.rs:528
[INFO] [stdout]       core::ops::function::FnOnce::call_once{{vtable.shim}}::h38f34da3654a8344
[INFO] [stdout]              at library/core/src/ops/function.rs:250
[INFO] [stdout]   16: <alloc::boxed::Box<F,A> as core::ops::function::FnOnce<Args>>::call_once::hc7eafaff61e32df9 (0x5632966acd35)
[INFO] [stdout]              at library/alloc/src/boxed.rs:2007
[INFO] [stdout]       <alloc::boxed::Box<F,A> as core::ops::function::FnOnce<Args>>::call_once::h6ba4a5de48dd2304
[INFO] [stdout]              at library/alloc/src/boxed.rs:2007
[INFO] [stdout]       std::sys::unix::thread::Thread::new::thread_start::he469335aef763e45
[INFO] [stdout]              at library/std/src/sys/unix/thread.rs:108
[INFO] [stdout]   17: <unknown> (0x7fa692bf8ac3)
[INFO] [stdout]   18: __clone (0x7fa692c89bf4)
[INFO] [stdout]   19: <unknown> (0x0), CompilationError { line: 2, column: 4, filename: "./examples/rust.please", kind: UnexpectedChar { ch: ' ' } }
[INFO] [stdout] 
[INFO] [stdout] stack backtrace:
[INFO] [stdout]    0: failure::backtrace::internal::InternalBacktrace::new::h0663b0f78c2a252d (0x563296654ba9)
[INFO] [stdout]              at src/backtrace/internal.rs:44
[INFO] [stdout]    1: failure::backtrace::Backtrace::new::hcf5128e76a111d19 (0x563296655148)
[INFO] [stdout]              at src/backtrace/mod.rs:111
[INFO] [stdout]    2: <failure::error::error_impl::ErrorImpl as core::convert::From<F>>::from::hbe07e67c603582bd (0x5632964ebe67)
[INFO] [stdout]              at /opt/rustwide/cargo-home/registry/src/index.crates.io-6f17d22bba15001f/failure-0.1.5/src/error/error_impl.rs:19
[INFO] [stdout]    3: <failure::error::Error as core::convert::From<F>>::from::h8ae3cc0f13aee5b7 (0x5632964eb259)
[INFO] [stdout]              at /opt/rustwide/cargo-home/registry/src/index.crates.io-6f17d22bba15001f/failure-0.1.5/src/error/mod.rs:36
[INFO] [stdout]    4: please::lexer::Lexer::error::hc29b1268d75cdc33 (0x5632964e6221)
[INFO] [stdout]              at src/lexer.rs:322
[INFO] [stdout]    5: please::lexer::Lexer::lex_normal::h51fc5de2e2b06dc5 (0x5632964e532f)
[INFO] [stdout]              at src/lexer.rs:191
[INFO] [stdout]    6: please::lexer::Lexer::advance::h6730c5c265bd35d0 (0x5632964e4fc2)
[INFO] [stdout]              at src/lexer.rs:172
[INFO] [stdout]    7: <please::lexer::Lexer as core::iter::traits::iterator::Iterator>::next::h2d80d4b15659ec3e (0x5632964e4722)
[INFO] [stdout]              at src/lexer.rs:114
[INFO] [stdout]    8: please::lexer::Lexer::lex::h6af5b092c2883227 (0x5632964e48c4)
[INFO] [stdout]              at src/lexer.rs:137
[INFO] [stdout]    9: please::lexer::tests::test_lexer_rustplease::h9809f99f9525f155 (0x5632964ed090)
[INFO] [stdout]              at src/lexer.rs:361
[INFO] [stdout]   10: please::lexer::tests::test_lexer_rustplease::{{closure}}::hf3778074ef8657b7 (0x5632964ecf37)
[INFO] [stdout]              at src/lexer.rs:358
[INFO] [stdout]   11: core::ops::function::FnOnce::call_once::h7ffd095b5d4461fb (0x5632964e8a56)
[INFO] [stdout]              at /rustc/82e1608dfa6e0b5569232559e3d385fea5a93112/library/core/src/ops/function.rs:250
[INFO] [stdout]   12: core::ops::function::FnOnce::call_once::h2b5d431d5046312d (0x563296529dff)
[INFO] [stdout]              at library/core/src/ops/function.rs:250
[INFO] [stdout]       test::__rust_begin_short_backtrace::h7714669af176e207
[INFO] [stdout]              at library/test/src/lib.rs:628
[INFO] [stdout]   13: test::run_test_in_process::{{closure}}::h85218797dcbcec12 (0x563296528e15)
[INFO] [stdout]              at library/test/src/lib.rs:651
[INFO] [stdout]       <core::panic::unwind_safe::AssertUnwindSafe<F> as core::ops::function::FnOnce<()>>::call_once::h76c106ea31c14d7b
[INFO] [stdout]              at library/core/src/panic/unwind_safe.rs:272
[INFO] [stdout]       std::panicking::try::do_call::h3bd5d0f6620ee946
[INFO] [stdout]              at library/std/src/panicking.rs:552
[INFO] [stdout]       std::panicking::try::h232e535e4744fe31
[INFO] [stdout]              at library/std/src/panicking.rs:516
[INFO] [stdout]       std::panic::catch_unwind::h3ce3bd6ca8dbac68
[INFO] [stdout]              at library/std/src/panic.rs:142
[INFO] [stdout]       test::run_test_in_process::hc97b257c9621286a
[INFO] [stdout]              at library/test/src/lib.rs:651
[INFO] [stdout]       test::run_test::{{closure}}::h2aa798823a438d38
[INFO] [stdout]              at library/test/src/lib.rs:574
[INFO] [stdout]   14: test::run_test::{{closure}}::h87d231c78fb59832 (0x5632964f10d6)
[INFO] [stdout]              at library/test/src/lib.rs:602
[INFO] [stdout]       std::sys_common::backtrace::__rust_begin_short_backtrace::he6df152596625789
[INFO] [stdout]              at library/std/src/sys_common/backtrace.rs:154
[INFO] [stdout]   15: std::thread::Builder::spawn_unchecked_::{{closure}}::{{closure}}::ha94be15d1e0acf36 (0x5632964f6187)
[INFO] [stdout]              at library/std/src/thread/mod.rs:529
[INFO] [stdout]       <core::panic::unwind_safe::AssertUnwindSafe<F> as core::ops::function::FnOnce<()>>::call_once::h9dc6bd6372f16606
[INFO] [stdout]              at library/core/src/panic/unwind_safe.rs:272
[INFO] [stdout]       std::panicking::try::do_call::h9057517f80303cd4
[INFO] [stdout]              at library/std/src/panicking.rs:552
[INFO] [stdout]       std::panicking::try::he3a30b11ee45340c
[INFO] [stdout]              at library/std/src/panicking.rs:516
[INFO] [stdout]       std::panic::catch_unwind::h410458cfd3528b8b
[INFO] [stdout]              at library/std/src/panic.rs:142
[INFO] [stdout]       std::thread::Builder::spawn_unchecked_::{{closure}}::h72ac3bdb567b737b
[INFO] [stdout]              at library/std/src/thread/mod.rs:528
[INFO] [stdout]       core::ops::function::FnOnce::call_once{{vtable.shim}}::h38f34da3654a8344
[INFO] [stdout]              at library/core/src/ops/function.rs:250
[INFO] [stdout]   16: <alloc::boxed::Box<F,A> as core::ops::function::FnOnce<Args>>::call_once::hc7eafaff61e32df9 (0x5632966acd35)
[INFO] [stdout]              at library/alloc/src/boxed.rs:2007
[INFO] [stdout]       <alloc::boxed::Box<F,A> as core::ops::function::FnOnce<Args>>::call_once::h6ba4a5de48dd2304
[INFO] [stdout]              at library/alloc/src/boxed.rs:2007
[INFO] [stdout]       std::sys::unix::thread::Thread::new::thread_start::he469335aef763e45
[INFO] [stdout]              at library/std/src/sys/unix/thread.rs:108
[INFO] [stdout]   17: <unknown> (0x7fa692bf8ac3)
[INFO] [stdout]   18: __clone (0x7fa692c89bf4)
[INFO] [stdout]   19: <unknown> (0x0), CompilationError { line: 2, column: 10, filename: "./examples/rust.please", kind: UnexpectedChar { ch: ' ' } }
[INFO] [stdout] 
[INFO] [stdout] stack backtrace:
[INFO] [stdout]    0: failure::backtrace::internal::InternalBacktrace::new::h0663b0f78c2a252d (0x563296654ba9)
[INFO] [stdout]              at src/backtrace/internal.rs:44
[INFO] [stdout]    1: failure::backtrace::Backtrace::new::hcf5128e76a111d19 (0x563296655148)
[INFO] [stdout]              at src/backtrace/mod.rs:111
[INFO] [stdout]    2: <failure::error::error_impl::ErrorImpl as core::convert::From<F>>::from::hbe07e67c603582bd (0x5632964ebe67)
[INFO] [stdout]              at /opt/rustwide/cargo-home/registry/src/index.crates.io-6f17d22bba15001f/failure-0.1.5/src/error/error_impl.rs:19
[INFO] [stdout]    3: <failure::error::Error as core::convert::From<F>>::from::h8ae3cc0f13aee5b7 (0x5632964eb259)
[INFO] [stdout]              at /opt/rustwide/cargo-home/registry/src/index.crates.io-6f17d22bba15001f/failure-0.1.5/src/error/mod.rs:36
[INFO] [stdout]    4: please::lexer::Lexer::error::hc29b1268d75cdc33 (0x5632964e6221)
[INFO] [stdout]              at src/lexer.rs:322
[INFO] [stdout]    5: please::lexer::Lexer::lex_normal::h51fc5de2e2b06dc5 (0x5632964e532f)
[INFO] [stdout]              at src/lexer.rs:191
[INFO] [stdout]    6: please::lexer::Lexer::advance::h6730c5c265bd35d0 (0x5632964e4fc2)
[INFO] [stdout]              at src/lexer.rs:172
[INFO] [stdout]    7: <please::lexer::Lexer as core::iter::traits::iterator::Iterator>::next::h2d80d4b15659ec3e (0x5632964e4632)
[INFO] [stdout]              at src/lexer.rs:111
[INFO] [stdout]    8: please::lexer::Lexer::lex::h6af5b092c2883227 (0x5632964e48c4)
[INFO] [stdout]              at src/lexer.rs:137
[INFO] [stdout]    9: please::lexer::tests::test_lexer_rustplease::h9809f99f9525f155 (0x5632964ed090)
[INFO] [stdout]              at src/lexer.rs:361
[INFO] [stdout]   10: please::lexer::tests::test_lexer_rustplease::{{closure}}::hf3778074ef8657b7 (0x5632964ecf37)
[INFO] [stdout]              at src/lexer.rs:358
[INFO] [stdout]   11: core::ops::function::FnOnce::call_once::h7ffd095b5d4461fb (0x5632964e8a56)
[INFO] [stdout]              at /rustc/82e1608dfa6e0b5569232559e3d385fea5a93112/library/core/src/ops/function.rs:250
[INFO] [stdout]   12: core::ops::function::FnOnce::call_once::h2b5d431d5046312d (0x563296529dff)
[INFO] [stdout]              at library/core/src/ops/function.rs:250
[INFO] [stdout]       test::__rust_begin_short_backtrace::h7714669af176e207
[INFO] [stdout]              at library/test/src/lib.rs:628
[INFO] [stdout]   13: test::run_test_in_process::{{closure}}::h85218797dcbcec12 (0x563296528e15)
[INFO] [stdout]              at library/test/src/lib.rs:651
[INFO] [stdout]       <core::panic::unwind_safe::AssertUnwindSafe<F> as core::ops::function::FnOnce<()>>::call_once::h76c106ea31c14d7b
[INFO] [stdout]              at library/core/src/panic/unwind_safe.rs:272
[INFO] [stdout]       std::panicking::try::do_call::h3bd5d0f6620ee946
[INFO] [stdout]              at library/std/src/panicking.rs:552
[INFO] [stdout]       std::panicking::try::h232e535e4744fe31
[INFO] [stdout]              at library/std/src/panicking.rs:516
[INFO] [stdout]       std::panic::catch_unwind::h3ce3bd6ca8dbac68
[INFO] [stdout]              at library/std/src/panic.rs:142
[INFO] [stdout]       test::run_test_in_process::hc97b257c9621286a
[INFO] [stdout]              at library/test/src/lib.rs:651
[INFO] [stdout]       test::run_test::{{closure}}::h2aa798823a438d38
[INFO] [stdout]              at library/test/src/lib.rs:574
[INFO] [stdout]   14: test::run_test::{{closure}}::h87d231c78fb59832 (0x5632964f10d6)
[INFO] [stdout]              at library/test/src/lib.rs:602
[INFO] [stdout]       std::sys_common::backtrace::__rust_begin_short_backtrace::he6df152596625789
[INFO] [stdout]              at library/std/src/sys_common/backtrace.rs:154
[INFO] [stdout]   15: std::thread::Builder::spawn_unchecked_::{{closure}}::{{closure}}::ha94be15d1e0acf36 (0x5632964f6187)
[INFO] [stdout]              at library/std/src/thread/mod.rs:529
[INFO] [stdout]       <core::panic::unwind_safe::AssertUnwindSafe<F> as core::ops::function::FnOnce<()>>::call_once::h9dc6bd6372f16606
[INFO] [stdout]              at library/core/src/panic/unwind_safe.rs:272
[INFO] [stdout]       std::panicking::try::do_call::h9057517f80303cd4
[INFO] [stdout]              at library/std/src/panicking.rs:552
[INFO] [stdout]       std::panicking::try::he3a30b11ee45340c
[INFO] [stdout]              at library/std/src/panicking.rs:516
[INFO] [stdout]       std::panic::catch_unwind::h410458cfd3528b8b
[INFO] [stdout]              at library/std/src/panic.rs:142
[INFO] [stdout]       std::thread::Builder::spawn_unchecked_::{{closure}}::h72ac3bdb567b737b
[INFO] [stdout]              at library/std/src/thread/mod.rs:528
[INFO] [stdout]       core::ops::function::FnOnce::call_once{{vtable.shim}}::h38f34da3654a8344
[INFO] [stdout]              at library/core/src/ops/function.rs:250
[INFO] [stdout]   16: <alloc::boxed::Box<F,A> as core::ops::function::FnOnce<Args>>::call_once::hc7eafaff61e32df9 (0x5632966acd35)
[INFO] [stdout]              at library/alloc/src/boxed.rs:2007
[INFO] [stdout]       <alloc::boxed::Box<F,A> as core::ops::function::FnOnce<Args>>::call_once::h6ba4a5de48dd2304
[INFO] [stdout]              at library/alloc/src/boxed.rs:2007
[INFO] [stdout]       std::sys::unix::thread::Thread::new::thread_start::he469335aef763e45
[INFO] [stdout]              at library/std/src/sys/unix/thread.rs:108
[INFO] [stdout]   17: <unknown> (0x7fa692bf8ac3)
[INFO] [stdout]   18: __clone (0x7fa692c89bf4)
[INFO] [stdout]   19: <unknown> (0x0), CompilationError { line: 2, column: 16, filename: "./examples/rust.please", kind: UnexpectedChar { ch: ' ' } }
[INFO] [stdout] 
[INFO] [stdout] stack backtrace:
[INFO] [stdout]    0: failure::backtrace::internal::InternalBacktrace::new::h0663b0f78c2a252d (0x563296654ba9)
[INFO] [stdout]              at src/backtrace/internal.rs:44
[INFO] [stdout]    1: failure::backtrace::Backtrace::new::hcf5128e76a111d19 (0x563296655148)
[INFO] [stdout]              at src/backtrace/mod.rs:111
[INFO] [stdout]    2: <failure::error::error_impl::ErrorImpl as core::convert::From<F>>::from::hbe07e67c603582bd (0x5632964ebe67)
[INFO] [stdout]              at /opt/rustwide/cargo-home/registry/src/index.crates.io-6f17d22bba15001f/failure-0.1.5/src/error/error_impl.rs:19
[INFO] [stdout]    3: <failure::error::Error as core::convert::From<F>>::from::h8ae3cc0f13aee5b7 (0x5632964eb259)
[INFO] [stdout]              at /opt/rustwide/cargo-home/registry/src/index.crates.io-6f17d22bba15001f/failure-0.1.5/src/error/mod.rs:36
[INFO] [stdout]    4: please::lexer::Lexer::error::hc29b1268d75cdc33 (0x5632964e6221)
[INFO] [stdout]              at src/lexer.rs:322
[INFO] [stdout]    5: please::lexer::Lexer::lex_normal::h51fc5de2e2b06dc5 (0x5632964e532f)
[INFO] [stdout]              at src/lexer.rs:191
[INFO] [stdout]    6: please::lexer::Lexer::advance::h6730c5c265bd35d0 (0x5632964e4fc2)
[INFO] [stdout]              at src/lexer.rs:172
[INFO] [stdout]    7: <please::lexer::Lexer as core::iter::traits::iterator::Iterator>::next::h2d80d4b15659ec3e (0x5632964e4632)
[INFO] [stdout]              at src/lexer.rs:111
[INFO] [stdout]    8: please::lexer::Lexer::lex::h6af5b092c2883227 (0x5632964e48c4)
[INFO] [stdout]              at src/lexer.rs:137
[INFO] [stdout]    9: please::lexer::tests::test_lexer_rustplease::h9809f99f9525f155 (0x5632964ed090)
[INFO] [stdout]              at src/lexer.rs:361
[INFO] [stdout]   10: please::lexer::tests::test_lexer_rustplease::{{closure}}::hf3778074ef8657b7 (0x5632964ecf37)
[INFO] [stdout]              at src/lexer.rs:358
[INFO] [stdout]   11: core::ops::function::FnOnce::call_once::h7ffd095b5d4461fb (0x5632964e8a56)
[INFO] [stdout]              at /rustc/82e1608dfa6e0b5569232559e3d385fea5a93112/library/core/src/ops/function.rs:250
[INFO] [stdout]   12: core::ops::function::FnOnce::call_once::h2b5d431d5046312d (0x563296529dff)
[INFO] [stdout]              at library/core/src/ops/function.rs:250
[INFO] [stdout]       test::__rust_begin_short_backtrace::h7714669af176e207
[INFO] [stdout]              at library/test/src/lib.rs:628
[INFO] [stdout]   13: test::run_test_in_process::{{closure}}::h85218797dcbcec12 (0x563296528e15)
[INFO] [stdout]              at library/test/src/lib.rs:651
[INFO] [stdout]       <core::panic::unwind_safe::AssertUnwindSafe<F> as core::ops::function::FnOnce<()>>::call_once::h76c106ea31c14d7b
[INFO] [stdout]              at library/core/src/panic/unwind_safe.rs:272
[INFO] [stdout]       std::panicking::try::do_call::h3bd5d0f6620ee946
[INFO] [stdout]              at library/std/src/panicking.rs:552
[INFO] [stdout]       std::panicking::try::h232e535e4744fe31
[INFO] [stdout]              at library/std/src/panicking.rs:516
[INFO] [stdout]       std::panic::catch_unwind::h3ce3bd6ca8dbac68
[INFO] [stdout]              at library/std/src/panic.rs:142
[INFO] [stdout]       test::run_test_in_process::hc97b257c9621286a
[INFO] [stdout]              at library/test/src/lib.rs:651
[INFO] [stdout]       test::run_test::{{closure}}::h2aa798823a438d38
[INFO] [stdout]              at library/test/src/lib.rs:574
[INFO] [stdout]   14: test::run_test::{{closure}}::h87d231c78fb59832 (0x5632964f10d6)
[INFO] [stdout]              at library/test/src/lib.rs:602
[INFO] [stdout]       std::sys_common::backtrace::__rust_begin_short_backtrace::he6df152596625789
[INFO] [stdout]              at library/std/src/sys_common/backtrace.rs:154
[INFO] [stdout]   15: std::thread::Builder::spawn_unchecked_::{{closure}}::{{closure}}::ha94be15d1e0acf36 (0x5632964f6187)
[INFO] [stdout]              at library/std/src/thread/mod.rs:529
[INFO] [stdout]       <core::panic::unwind_safe::AssertUnwindSafe<F> as core::ops::function::FnOnce<()>>::call_once::h9dc6bd6372f16606
[INFO] [stdout]              at library/core/src/panic/unwind_safe.rs:272
[INFO] [stdout]       std::panicking::try::do_call::h9057517f80303cd4
[INFO] [stdout]              at library/std/src/panicking.rs:552
[INFO] [stdout]       std::panicking::try::he3a30b11ee45340c
[INFO] [stdout]              at library/std/src/panicking.rs:516
[INFO] [stdout]       std::panic::catch_unwind::h410458cfd3528b8b
[INFO] [stdout]              at library/std/src/panic.rs:142
[INFO] [stdout]       std::thread::Builder::spawn_unchecked_::{{closure}}::h72ac3bdb567b737b
[INFO] [stdout]              at library/std/src/thread/mod.rs:528
[INFO] [stdout]       core::ops::function::FnOnce::call_once{{vtable.shim}}::h38f34da3654a8344
[INFO] [stdout]              at library/core/src/ops/function.rs:250
[INFO] [stdout]   16: <alloc::boxed::Box<F,A> as core::ops::function::FnOnce<Args>>::call_once::hc7eafaff61e32df9 (0x5632966acd35)
[INFO] [stdout]              at library/alloc/src/boxed.rs:2007
[INFO] [stdout]       <alloc::boxed::Box<F,A> as core::ops::function::FnOnce<Args>>::call_once::h6ba4a5de48dd2304
[INFO] [stdout]              at library/alloc/src/boxed.rs:2007
[INFO] [stdout]       std::sys::unix::thread::Thread::new::thread_start::he469335aef763e45
[INFO] [stdout]              at library/std/src/sys/unix/thread.rs:108
[INFO] [stdout]   17: <unknown> (0x7fa692bf8ac3)
[INFO] [stdout]   18: __clone (0x7fa692c89bf4)
[INFO] [stdout]   19: <unknown> (0x0), CompilationError { line: 2, column: 17, filename: "./examples/rust.please", kind: UnexpectedChar { ch: '-' } }
[INFO] [stdout] 
[INFO] [stdout] stack backtrace:
[INFO] [stdout]    0: failure::backtrace::internal::InternalBacktrace::new::h0663b0f78c2a252d (0x563296654ba9)
[INFO] [stdout]              at src/backtrace/internal.rs:44
[INFO] [stdout]    1: failure::backtrace::Backtrace::new::hcf5128e76a111d19 (0x563296655148)
[INFO] [stdout]              at src/backtrace/mod.rs:111
[INFO] [stdout]    2: <failure::error::error_impl::ErrorImpl as core::convert::From<F>>::from::hbe07e67c603582bd (0x5632964ebe67)
[INFO] [stdout]              at /opt/rustwide/cargo-home/registry/src/index.crates.io-6f17d22bba15001f/failure-0.1.5/src/error/error_impl.rs:19
[INFO] [stdout]    3: <failure::error::Error as core::convert::From<F>>::from::h8ae3cc0f13aee5b7 (0x5632964eb259)
[INFO] [stdout]              at /opt/rustwide/cargo-home/registry/src/index.crates.io-6f17d22bba15001f/failure-0.1.5/src/error/mod.rs:36
[INFO] [stdout]    4: please::lexer::Lexer::error::hc29b1268d75cdc33 (0x5632964e6221)
[INFO] [stdout]              at src/lexer.rs:322
[INFO] [stdout]    5: please::lexer::Lexer::lex_normal::h51fc5de2e2b06dc5 (0x5632964e532f)
[INFO] [stdout]              at src/lexer.rs:191
[INFO] [stdout]    6: please::lexer::Lexer::advance::h6730c5c265bd35d0 (0x5632964e4fc2)
[INFO] [stdout]              at src/lexer.rs:172
[INFO] [stdout]    7: <please::lexer::Lexer as core::iter::traits::iterator::Iterator>::next::h2d80d4b15659ec3e (0x5632964e4722)
[INFO] [stdout]              at src/lexer.rs:114
[INFO] [stdout]    8: please::lexer::Lexer::lex::h6af5b092c2883227 (0x5632964e48c4)
[INFO] [stdout]              at src/lexer.rs:137
[INFO] [stdout]    9: please::lexer::tests::test_lexer_rustplease::h9809f99f9525f155 (0x5632964ed090)
[INFO] [stdout]              at src/lexer.rs:361
[INFO] [stdout]   10: please::lexer::tests::test_lexer_rustplease::{{closure}}::hf3778074ef8657b7 (0x5632964ecf37)
[INFO] [stdout]              at src/lexer.rs:358
[INFO] [stdout]   11: core::ops::function::FnOnce::call_once::h7ffd095b5d4461fb (0x5632964e8a56)
[INFO] [stdout]              at /rustc/82e1608dfa6e0b5569232559e3d385fea5a93112/library/core/src/ops/function.rs:250
[INFO] [stdout]   12: core::ops::function::FnOnce::call_once::h2b5d431d5046312d (0x563296529dff)
[INFO] [stdout]              at library/core/src/ops/function.rs:250
[INFO] [stdout]       test::__rust_begin_short_backtrace::h7714669af176e207
[INFO] [stdout]              at library/test/src/lib.rs:628
[INFO] [stdout]   13: test::run_test_in_process::{{closure}}::h85218797dcbcec12 (0x563296528e15)
[INFO] [stdout]              at library/test/src/lib.rs:651
[INFO] [stdout]       <core::panic::unwind_safe::AssertUnwindSafe<F> as core::ops::function::FnOnce<()>>::call_once::h76c106ea31c14d7b
[INFO] [stdout]              at library/core/src/panic/unwind_safe.rs:272
[INFO] [stdout]       std::panicking::try::do_call::h3bd5d0f6620ee946
[INFO] [stdout]              at library/std/src/panicking.rs:552
[INFO] [stdout]       std::panicking::try::h232e535e4744fe31
[INFO] [stdout]              at library/std/src/panicking.rs:516
[INFO] [stdout]       std::panic::catch_unwind::h3ce3bd6ca8dbac68
[INFO] [stdout]              at library/std/src/panic.rs:142
[INFO] [stdout]       test::run_test_in_process::hc97b257c9621286a
[INFO] [stdout]              at library/test/src/lib.rs:651
[INFO] [stdout]       test::run_test::{{closure}}::h2aa798823a438d38
[INFO] [stdout]              at library/test/src/lib.rs:574
[INFO] [stdout]   14: test::run_test::{{closure}}::h87d231c78fb59832 (0x5632964f10d6)
[INFO] [stdout]              at library/test/src/lib.rs:602
[INFO] [stdout]       std::sys_common::backtrace::__rust_begin_short_backtrace::he6df152596625789
[INFO] [stdout]              at library/std/src/sys_common/backtrace.rs:154
[INFO] [stdout]   15: std::thread::Builder::spawn_unchecked_::{{closure}}::{{closure}}::ha94be15d1e0acf36 (0x5632964f6187)
[INFO] [stdout]              at library/std/src/thread/mod.rs:529
[INFO] [stdout]       <core::panic::unwind_safe::AssertUnwindSafe<F> as core::ops::function::FnOnce<()>>::call_once::h9dc6bd6372f16606
[INFO] [stdout]              at library/core/src/panic/unwind_safe.rs:272
[INFO] [stdout]       std::panicking::try::do_call::h9057517f80303cd4
[INFO] [stdout]              at library/std/src/panicking.rs:552
[INFO] [stdout]       std::panicking::try::he3a30b11ee45340c
[INFO] [stdout]              at library/std/src/panicking.rs:516
[INFO] [stdout]       std::panic::catch_unwind::h410458cfd3528b8b
[INFO] [stdout]              at library/std/src/panic.rs:142
[INFO] [stdout]       std::thread::Builder::spawn_unchecked_::{{closure}}::h72ac3bdb567b737b
[INFO] [stdout]              at library/std/src/thread/mod.rs:528
[INFO] [stdout]       core::ops::function::FnOnce::call_once{{vtable.shim}}::h38f34da3654a8344
[INFO] [stdout]              at library/core/src/ops/function.rs:250
[INFO] [stdout]   16: <alloc::boxed::Box<F,A> as core::ops::function::FnOnce<Args>>::call_once::hc7eafaff61e32df9 (0x5632966acd35)
[INFO] [stdout]              at library/alloc/src/boxed.rs:2007
[INFO] [stdout]       <alloc::boxed::Box<F,A> as core::ops::function::FnOnce<Args>>::call_once::h6ba4a5de48dd2304
[INFO] [stdout]              at library/alloc/src/boxed.rs:2007
[INFO] [stdout]       std::sys::unix::thread::Thread::new::thread_start::he469335aef763e45
[INFO] [stdout]              at library/std/src/sys/unix/thread.rs:108
[INFO] [stdout]   17: <unknown> (0x7fa692bf8ac3)
[INFO] [stdout]   18: __clone (0x7fa692c89bf4)
[INFO] [stdout]   19: <unknown> (0x0), CompilationError { line: 2, column: 18, filename: "./examples/rust.please", kind: UnexpectedChar { ch: '-' } }
[INFO] [stdout] 
[INFO] [stdout] stack backtrace:
[INFO] [stdout]    0: failure::backtrace::internal::InternalBacktrace::new::h0663b0f78c2a252d (0x563296654ba9)
[INFO] [stdout]              at src/backtrace/internal.rs:44
[INFO] [stdout]    1: failure::backtrace::Backtrace::new::hcf5128e76a111d19 (0x563296655148)
[INFO] [stdout]              at src/backtrace/mod.rs:111
[INFO] [stdout]    2: <failure::error::error_impl::ErrorImpl as core::convert::From<F>>::from::hbe07e67c603582bd (0x5632964ebe67)
[INFO] [stdout]              at /opt/rustwide/cargo-home/registry/src/index.crates.io-6f17d22bba15001f/failure-0.1.5/src/error/error_impl.rs:19
[INFO] [stdout]    3: <failure::error::Error as core::convert::From<F>>::from::h8ae3cc0f13aee5b7 (0x5632964eb259)
[INFO] [stdout]              at /opt/rustwide/cargo-home/registry/src/index.crates.io-6f17d22bba15001f/failure-0.1.5/src/error/mod.rs:36
[INFO] [stdout]    4: please::lexer::Lexer::error::hc29b1268d75cdc33 (0x5632964e6221)
[INFO] [stdout]              at src/lexer.rs:322
[INFO] [stdout]    5: please::lexer::Lexer::lex_normal::h51fc5de2e2b06dc5 (0x5632964e532f)
[INFO] [stdout]              at src/lexer.rs:191
[INFO] [stdout]    6: please::lexer::Lexer::advance::h6730c5c265bd35d0 (0x5632964e4fc2)
[INFO] [stdout]              at src/lexer.rs:172
[INFO] [stdout]    7: <please::lexer::Lexer as core::iter::traits::iterator::Iterator>::next::h2d80d4b15659ec3e (0x5632964e4722)
[INFO] [stdout]              at src/lexer.rs:114
[INFO] [stdout]    8: please::lexer::Lexer::lex::h6af5b092c2883227 (0x5632964e48c4)
[INFO] [stdout]              at src/lexer.rs:137
[INFO] [stdout]    9: please::lexer::tests::test_lexer_rustplease::h9809f99f9525f155 (0x5632964ed090)
[INFO] [stdout]              at src/lexer.rs:361
[INFO] [stdout]   10: please::lexer::tests::test_lexer_rustplease::{{closure}}::hf3778074ef8657b7 (0x5632964ecf37)
[INFO] [stdout]              at src/lexer.rs:358
[INFO] [stdout]   11: core::ops::function::FnOnce::call_once::h7ffd095b5d4461fb (0x5632964e8a56)
[INFO] [stdout]              at /rustc/82e1608dfa6e0b5569232559e3d385fea5a93112/library/core/src/ops/function.rs:250
[INFO] [stdout]   12: core::ops::function::FnOnce::call_once::h2b5d431d5046312d (0x563296529dff)
[INFO] [stdout]              at library/core/src/ops/function.rs:250
[INFO] [stdout]       test::__rust_begin_short_backtrace::h7714669af176e207
[INFO] [stdout]              at library/test/src/lib.rs:628
[INFO] [stdout]   13: test::run_test_in_process::{{closure}}::h85218797dcbcec12 (0x563296528e15)
[INFO] [stdout]              at library/test/src/lib.rs:651
[INFO] [stdout]       <core::panic::unwind_safe::AssertUnwindSafe<F> as core::ops::function::FnOnce<()>>::call_once::h76c106ea31c14d7b
[INFO] [stdout]              at library/core/src/panic/unwind_safe.rs:272
[INFO] [stdout]       std::panicking::try::do_call::h3bd5d0f6620ee946
[INFO] [stdout]              at library/std/src/panicking.rs:552
[INFO] [stdout]       std::panicking::try::h232e535e4744fe31
[INFO] [stdout]              at library/std/src/panicking.rs:516
[INFO] [stdout]       std::panic::catch_unwind::h3ce3bd6ca8dbac68
[INFO] [stdout]              at library/std/src/panic.rs:142
[INFO] [stdout]       test::run_test_in_process::hc97b257c9621286a
[INFO] [stdout]              at library/test/src/lib.rs:651
[INFO] [stdout]       test::run_test::{{closure}}::h2aa798823a438d38
[INFO] [stdout]              at library/test/src/lib.rs:574
[INFO] [stdout]   14: test::run_test::{{closure}}::h87d231c78fb59832 (0x5632964f10d6)
[INFO] [stdout]              at library/test/src/lib.rs:602
[INFO] [stdout]       std::sys_common::backtrace::__rust_begin_short_backtrace::he6df152596625789
[INFO] [stdout]              at library/std/src/sys_common/backtrace.rs:154
[INFO] [stdout]   15: std::thread::Builder::spawn_unchecked_::{{closure}}::{{closure}}::ha94be15d1e0acf36 (0x5632964f6187)
[INFO] [stdout]              at library/std/src/thread/mod.rs:529
[INFO] [stdout]       <core::panic::unwind_safe::AssertUnwindSafe<F> as core::ops::function::FnOnce<()>>::call_once::h9dc6bd6372f16606
[INFO] [stdout]              at library/core/src/panic/unwind_safe.rs:272
[INFO] [stdout]       std::panicking::try::do_call::h9057517f80303cd4
[INFO] [stdout]              at library/std/src/panicking.rs:552
[INFO] [stdout]       std::panicking::try::he3a30b11ee45340c
[INFO] [stdout]              at library/std/src/panicking.rs:516
[INFO] [stdout]       std::panic::catch_unwind::h410458cfd3528b8b
[INFO] [stdout]              at library/std/src/panic.rs:142
[INFO] [stdout]       std::thread::Builder::spawn_unchecked_::{{closure}}::h72ac3bdb567b737b
[INFO] [stdout]              at library/std/src/thread/mod.rs:528
[INFO] [stdout]       core::ops::function::FnOnce::call_once{{vtable.shim}}::h38f34da3654a8344
[INFO] [stdout]              at library/core/src/ops/function.rs:250
[INFO] [stdout]   16: <alloc::boxed::Box<F,A> as core::ops::function::FnOnce<Args>>::call_once::hc7eafaff61e32df9 (0x5632966acd35)
[INFO] [stdout]              at library/alloc/src/boxed.rs:2007
[INFO] [stdout]       <alloc::boxed::Box<F,A> as core::ops::function::FnOnce<Args>>::call_once::h6ba4a5de48dd2304
[INFO] [stdout]              at library/alloc/src/boxed.rs:2007
[INFO] [stdout]       std::sys::unix::thread::Thread::new::thread_start::he469335aef763e45
[INFO] [stdout]              at library/std/src/sys/unix/thread.rs:108
[INFO] [stdout]   17: <unknown> (0x7fa692bf8ac3)
[INFO] [stdout]   18: __clone (0x7fa692c89bf4)
[INFO] [stdout]   19: <unknown> (0x0), CompilationError { line: 2, column: 26, filename: "./examples/rust.please", kind: UnexpectedChar { ch: '\n' } }
[INFO] [stdout] 
[INFO] [stdout] stack backtrace:
[INFO] [stdout]    0: failure::backtrace::internal::InternalBacktrace::new::h0663b0f78c2a252d (0x563296654ba9)
[INFO] [stdout]              at src/backtrace/internal.rs:44
[INFO] [stdout]    1: failure::backtrace::Backtrace::new::hcf5128e76a111d19 (0x563296655148)
[INFO] [stdout]              at src/backtrace/mod.rs:111
[INFO] [stdout]    2: <failure::error::error_impl::ErrorImpl as core::convert::From<F>>::from::hbe07e67c603582bd (0x5632964ebe67)
[INFO] [stdout]              at /opt/rustwide/cargo-home/registry/src/index.crates.io-6f17d22bba15001f/failure-0.1.5/src/error/error_impl.rs:19
[INFO] [stdout]    3: <failure::error::Error as core::convert::From<F>>::from::h8ae3cc0f13aee5b7 (0x5632964eb259)
[INFO] [stdout]              at /opt/rustwide/cargo-home/registry/src/index.crates.io-6f17d22bba15001f/failure-0.1.5/src/error/mod.rs:36
[INFO] [stdout]    4: please::lexer::Lexer::error::hc29b1268d75cdc33 (0x5632964e6221)
[INFO] [stdout]              at src/lexer.rs:322
[INFO] [stdout]    5: please::lexer::Lexer::lex_normal::h51fc5de2e2b06dc5 (0x5632964e532f)
[INFO] [stdout]              at src/lexer.rs:191
[INFO] [stdout]    6: please::lexer::Lexer::advance::h6730c5c265bd35d0 (0x5632964e4fc2)
[INFO] [stdout]              at src/lexer.rs:172
[INFO] [stdout]    7: <please::lexer::Lexer as core::iter::traits::iterator::Iterator>::next::h2d80d4b15659ec3e (0x5632964e4632)
[INFO] [stdout]              at src/lexer.rs:111
[INFO] [stdout]    8: please::lexer::Lexer::lex::h6af5b092c2883227 (0x5632964e48c4)
[INFO] [stdout]              at src/lexer.rs:137
[INFO] [stdout]    9: please::lexer::tests::test_lexer_rustplease::h9809f99f9525f155 (0x5632964ed090)
[INFO] [stdout]              at src/lexer.rs:361
[INFO] [stdout]   10: please::lexer::tests::test_lexer_rustplease::{{closure}}::hf3778074ef8657b7 (0x5632964ecf37)
[INFO] [stdout]              at src/lexer.rs:358
[INFO] [stdout]   11: core::ops::function::FnOnce::call_once::h7ffd095b5d4461fb (0x5632964e8a56)
[INFO] [stdout]              at /rustc/82e1608dfa6e0b5569232559e3d385fea5a93112/library/core/src/ops/function.rs:250
[INFO] [stdout]   12: core::ops::function::FnOnce::call_once::h2b5d431d5046312d (0x563296529dff)
[INFO] [stdout]              at library/core/src/ops/function.rs:250
[INFO] [stdout]       test::__rust_begin_short_backtrace::h7714669af176e207
[INFO] [stdout]              at library/test/src/lib.rs:628
[INFO] [stdout]   13: test::run_test_in_process::{{closure}}::h85218797dcbcec12 (0x563296528e15)
[INFO] [stdout]              at library/test/src/lib.rs:651
[INFO] [stdout]       <core::panic::unwind_safe::AssertUnwindSafe<F> as core::ops::function::FnOnce<()>>::call_once::h76c106ea31c14d7b
[INFO] [stdout]              at library/core/src/panic/unwind_safe.rs:272
[INFO] [stdout]       std::panicking::try::do_call::h3bd5d0f6620ee946
[INFO] [stdout]              at library/std/src/panicking.rs:552
[INFO] [stdout]       std::panicking::try::h232e535e4744fe31
[INFO] [stdout]              at library/std/src/panicking.rs:516
[INFO] [stdout]       std::panic::catch_unwind::h3ce3bd6ca8dbac68
[INFO] [stdout]              at library/std/src/panic.rs:142
[INFO] [stdout]       test::run_test_in_process::hc97b257c9621286a
[INFO] [stdout]              at library/test/src/lib.rs:651
[INFO] [stdout]       test::run_test::{{closure}}::h2aa798823a438d38
[INFO] [stdout]              at library/test/src/lib.rs:574
[INFO] [stdout]   14: test::run_test::{{closure}}::h87d231c78fb59832 (0x5632964f10d6)
[INFO] [stdout]              at library/test/src/lib.rs:602
[INFO] [stdout]       std::sys_common::backtrace::__rust_begin_short_backtrace::he6df152596625789
[INFO] [stdout]              at library/std/src/sys_common/backtrace.rs:154
[INFO] [stdout]   15: std::thread::Builder::spawn_unchecked_::{{closure}}::{{closure}}::ha94be15d1e0acf36 (0x5632964f6187)
[INFO] [stdout]              at library/std/src/thread/mod.rs:529
[INFO] [stdout]       <core::panic::unwind_safe::AssertUnwindSafe<F> as core::ops::function::FnOnce<()>>::call_once::h9dc6bd6372f16606
[INFO] [stdout]              at library/core/src/panic/unwind_safe.rs:272
[INFO] [stdout]       std::panicking::try::do_call::h9057517f80303cd4
[INFO] [stdout]              at library/std/src/panicking.rs:552
[INFO] [stdout]       std::panicking::try::he3a30b11ee45340c
[INFO] [stdout]              at library/std/src/panicking.rs:516
[INFO] [stdout]       std::panic::catch_unwind::h410458cfd3528b8b
[INFO] [stdout]              at library/std/src/panic.rs:142
[INFO] [stdout]       std::thread::Builder::spawn_unchecked_::{{closure}}::h72ac3bdb567b737b
[INFO] [stdout]              at library/std/src/thread/mod.rs:528
[INFO] [stdout]       core::ops::function::FnOnce::call_once{{vtable.shim}}::h38f34da3654a8344
[INFO] [stdout]              at library/core/src/ops/function.rs:250
[INFO] [stdout]   16: <alloc::boxed::Box<F,A> as core::ops::function::FnOnce<Args>>::call_once::hc7eafaff61e32df9 (0x5632966acd35)
[INFO] [stdout]              at library/alloc/src/boxed.rs:2007
[INFO] [stdout]       <alloc::boxed::Box<F,A> as core::ops::function::FnOnce<Args>>::call_once::h6ba4a5de48dd2304
[INFO] [stdout]              at library/alloc/src/boxed.rs:2007
[INFO] [stdout]       std::sys::unix::thread::Thread::new::thread_start::he469335aef763e45
[INFO] [stdout]              at library/std/src/sys/unix/thread.rs:108
[INFO] [stdout]   17: <unknown> (0x7fa692bf8ac3)
[INFO] [stdout]   18: __clone (0x7fa692c89bf4)
[INFO] [stdout]   19: <unknown> (0x0), CompilationError { line: 3, column: 1, filename: "./examples/rust.please", kind: UnexpectedChar { ch: '\n' } }
[INFO] [stdout] 
[INFO] [stdout] stack backtrace:
[INFO] [stdout]    0: failure::backtrace::internal::InternalBacktrace::new::h0663b0f78c2a252d (0x563296654ba9)
[INFO] [stdout]              at src/backtrace/internal.rs:44
[INFO] [stdout]    1: failure::backtrace::Backtrace::new::hcf5128e76a111d19 (0x563296655148)
[INFO] [stdout]              at src/backtrace/mod.rs:111
[INFO] [stdout]    2: <failure::error::error_impl::ErrorImpl as core::convert::From<F>>::from::hbe07e67c603582bd (0x5632964ebe67)
[INFO] [stdout]              at /opt/rustwide/cargo-home/registry/src/index.crates.io-6f17d22bba15001f/failure-0.1.5/src/error/error_impl.rs:19
[INFO] [stdout]    3: <failure::error::Error as core::convert::From<F>>::from::h8ae3cc0f13aee5b7 (0x5632964eb259)
[INFO] [stdout]              at /opt/rustwide/cargo-home/registry/src/index.crates.io-6f17d22bba15001f/failure-0.1.5/src/error/mod.rs:36
[INFO] [stdout]    4: please::lexer::Lexer::error::hc29b1268d75cdc33 (0x5632964e6221)
[INFO] [stdout]              at src/lexer.rs:322
[INFO] [stdout]    5: please::lexer::Lexer::lex_normal::h51fc5de2e2b06dc5 (0x5632964e532f)
[INFO] [stdout]              at src/lexer.rs:191
[INFO] [stdout]    6: please::lexer::Lexer::advance::h6730c5c265bd35d0 (0x5632964e4fc2)
[INFO] [stdout]              at src/lexer.rs:172
[INFO] [stdout]    7: <please::lexer::Lexer as core::iter::traits::iterator::Iterator>::next::h2d80d4b15659ec3e (0x5632964e4722)
[INFO] [stdout]              at src/lexer.rs:114
[INFO] [stdout]    8: please::lexer::Lexer::lex::h6af5b092c2883227 (0x5632964e48c4)
[INFO] [stdout]              at src/lexer.rs:137
[INFO] [stdout]    9: please::lexer::tests::test_lexer_rustplease::h9809f99f9525f155 (0x5632964ed090)
[INFO] [stdout]              at src/lexer.rs:361
[INFO] [stdout]   10: please::lexer::tests::test_lexer_rustplease::{{closure}}::hf3778074ef8657b7 (0x5632964ecf37)
[INFO] [stdout]              at src/lexer.rs:358
[INFO] [stdout]   11: core::ops::function::FnOnce::call_once::h7ffd095b5d4461fb (0x5632964e8a56)
[INFO] [stdout]              at /rustc/82e1608dfa6e0b5569232559e3d385fea5a93112/library/core/src/ops/function.rs:250
[INFO] [stdout]   12: core::ops::function::FnOnce::call_once::h2b5d431d5046312d (0x563296529dff)
[INFO] [stdout]              at library/core/src/ops/function.rs:250
[INFO] [stdout]       test::__rust_begin_short_backtrace::h7714669af176e207
[INFO] [stdout]              at library/test/src/lib.rs:628
[INFO] [stdout]   13: test::run_test_in_process::{{closure}}::h85218797dcbcec12 (0x563296528e15)
[INFO] [stdout]              at library/test/src/lib.rs:651
[INFO] [stdout]       <core::panic::unwind_safe::AssertUnwindSafe<F> as core::ops::function::FnOnce<()>>::call_once::h76c106ea31c14d7b
[INFO] [stdout]              at library/core/src/panic/unwind_safe.rs:272
[INFO] [stdout]       std::panicking::try::do_call::h3bd5d0f6620ee946
[INFO] [stdout]              at library/std/src/panicking.rs:552
[INFO] [stdout]       std::panicking::try::h232e535e4744fe31
[INFO] [stdout]              at library/std/src/panicking.rs:516
[INFO] [stdout]       std::panic::catch_unwind::h3ce3bd6ca8dbac68
[INFO] [stdout]              at library/std/src/panic.rs:142
[INFO] [stdout]       test::run_test_in_process::hc97b257c9621286a
[INFO] [stdout]              at library/test/src/lib.rs:651
[INFO] [stdout]       test::run_test::{{closure}}::h2aa798823a438d38
[INFO] [stdout]              at library/test/src/lib.rs:574
[INFO] [stdout]   14: test::run_test::{{closure}}::h87d231c78fb59832 (0x5632964f10d6)
[INFO] [stdout]              at library/test/src/lib.rs:602
[INFO] [stdout]       std::sys_common::backtrace::__rust_begin_short_backtrace::he6df152596625789
[INFO] [stdout]              at library/std/src/sys_common/backtrace.rs:154
[INFO] [stdout]   15: std::thread::Builder::spawn_unchecked_::{{closure}}::{{closure}}::ha94be15d1e0acf36 (0x5632964f6187)
[INFO] [stdout]              at library/std/src/thread/mod.rs:529
[INFO] [stdout]       <core::panic::unwind_safe::AssertUnwindSafe<F> as core::ops::function::FnOnce<()>>::call_once::h9dc6bd6372f16606
[INFO] [stdout]              at library/core/src/panic/unwind_safe.rs:272
[INFO] [stdout]       std::panicking::try::do_call::h9057517f80303cd4
[INFO] [stdout]              at library/std/src/panicking.rs:552
[INFO] [stdout]       std::panicking::try::he3a30b11ee45340c
[INFO] [stdout]              at library/std/src/panicking.rs:516
[INFO] [stdout]       std::panic::catch_unwind::h410458cfd3528b8b
[INFO] [stdout]              at library/std/src/panic.rs:142
[INFO] [stdout]       std::thread::Builder::spawn_unchecked_::{{closure}}::h72ac3bdb567b737b
[INFO] [stdout]              at library/std/src/thread/mod.rs:528
[INFO] [stdout]       core::ops::function::FnOnce::call_once{{vtable.shim}}::h38f34da3654a8344
[INFO] [stdout]              at library/core/src/ops/function.rs:250
[INFO] [stdout]   16: <alloc::boxed::Box<F,A> as core::ops::function::FnOnce<Args>>::call_once::hc7eafaff61e32df9 (0x5632966acd35)
[INFO] [stdout]              at library/alloc/src/boxed.rs:2007
[INFO] [stdout]       <alloc::boxed::Box<F,A> as core::ops::function::FnOnce<Args>>::call_once::h6ba4a5de48dd2304
[INFO] [stdout]              at library/alloc/src/boxed.rs:2007
[INFO] [stdout]       std::sys::unix::thread::Thread::new::thread_start::he469335aef763e45
[INFO] [stdout]              at library/std/src/sys/unix/thread.rs:108
[INFO] [stdout]   17: <unknown> (0x7fa692bf8ac3)
[INFO] [stdout]   18: __clone (0x7fa692c89bf4)
[INFO] [stdout]   19: <unknown> (0x0), CompilationError { line: 4, column: 5, filename: "./examples/rust.please", kind: UnexpectedChar { ch: '\n' } }
[INFO] [stdout] 
[INFO] [stdout] stack backtrace:
[INFO] [stdout]    0: failure::backtrace::internal::InternalBacktrace::new::h0663b0f78c2a252d (0x563296654ba9)
[INFO] [stdout]              at src/backtrace/internal.rs:44
[INFO] [stdout]    1: failure::backtrace::Backtrace::new::hcf5128e76a111d19 (0x563296655148)
[INFO] [stdout]              at src/backtrace/mod.rs:111
[INFO] [stdout]    2: <failure::error::error_impl::ErrorImpl as core::convert::From<F>>::from::hbe07e67c603582bd (0x5632964ebe67)
[INFO] [stdout]              at /opt/rustwide/cargo-home/registry/src/index.crates.io-6f17d22bba15001f/failure-0.1.5/src/error/error_impl.rs:19
[INFO] [stdout]    3: <failure::error::Error as core::convert::From<F>>::from::h8ae3cc0f13aee5b7 (0x5632964eb259)
[INFO] [stdout]              at /opt/rustwide/cargo-home/registry/src/index.crates.io-6f17d22bba15001f/failure-0.1.5/src/error/mod.rs:36
[INFO] [stdout]    4: please::lexer::Lexer::error::hc29b1268d75cdc33 (0x5632964e6221)
[INFO] [stdout]              at src/lexer.rs:322
[INFO] [stdout]    5: please::lexer::Lexer::lex_normal::h51fc5de2e2b06dc5 (0x5632964e532f)
[INFO] [stdout]              at src/lexer.rs:191
[INFO] [stdout]    6: please::lexer::Lexer::advance::h6730c5c265bd35d0 (0x5632964e4fc2)
[INFO] [stdout]              at src/lexer.rs:172
[INFO] [stdout]    7: <please::lexer::Lexer as core::iter::traits::iterator::Iterator>::next::h2d80d4b15659ec3e (0x5632964e4632)
[INFO] [stdout]              at src/lexer.rs:111
[INFO] [stdout]    8: please::lexer::Lexer::lex::h6af5b092c2883227 (0x5632964e48c4)
[INFO] [stdout]              at src/lexer.rs:137
[INFO] [stdout]    9: please::lexer::tests::test_lexer_rustplease::h9809f99f9525f155 (0x5632964ed090)
[INFO] [stdout]              at src/lexer.rs:361
[INFO] [stdout]   10: please::lexer::tests::test_lexer_rustplease::{{closure}}::hf3778074ef8657b7 (0x5632964ecf37)
[INFO] [stdout]              at src/lexer.rs:358
[INFO] [stdout]   11: core::ops::function::FnOnce::call_once::h7ffd095b5d4461fb (0x5632964e8a56)
[INFO] [stdout]              at /rustc/82e1608dfa6e0b5569232559e3d385fea5a93112/library/core/src/ops/function.rs:250
[INFO] [stdout]   12: core::ops::function::FnOnce::call_once::h2b5d431d5046312d (0x563296529dff)
[INFO] [stdout]              at library/core/src/ops/function.rs:250
[INFO] [stdout]       test::__rust_begin_short_backtrace::h7714669af176e207
[INFO] [stdout]              at library/test/src/lib.rs:628
[INFO] [stdout]   13: test::run_test_in_process::{{closure}}::h85218797dcbcec12 (0x563296528e15)
[INFO] [stdout]              at library/test/src/lib.rs:651
[INFO] [stdout]       <core::panic::unwind_safe::AssertUnwindSafe<F> as core::ops::function::FnOnce<()>>::call_once::h76c106ea31c14d7b
[INFO] [stdout]              at library/core/src/panic/unwind_safe.rs:272
[INFO] [stdout]       std::panicking::try::do_call::h3bd5d0f6620ee946
[INFO] [stdout]              at library/std/src/panicking.rs:552
[INFO] [stdout]       std::panicking::try::h232e535e4744fe31
[INFO] [stdout]              at library/std/src/panicking.rs:516
[INFO] [stdout]       std::panic::catch_unwind::h3ce3bd6ca8dbac68
[INFO] [stdout]              at library/std/src/panic.rs:142
[INFO] [stdout]       test::run_test_in_process::hc97b257c9621286a
[INFO] [stdout]              at library/test/src/lib.rs:651
[INFO] [stdout]       test::run_test::{{closure}}::h2aa798823a438d38
[INFO] [stdout]              at library/test/src/lib.rs:574
[INFO] [stdout]   14: test::run_test::{{closure}}::h87d231c78fb59832 (0x5632964f10d6)
[INFO] [stdout]              at library/test/src/lib.rs:602
[INFO] [stdout]       std::sys_common::backtrace::__rust_begin_short_backtrace::he6df152596625789
[INFO] [stdout]              at library/std/src/sys_common/backtrace.rs:154
[INFO] [stdout]   15: std::thread::Builder::spawn_unchecked_::{{closure}}::{{closure}}::ha94be15d1e0acf36 (0x5632964f6187)
[INFO] [stdout]              at library/std/src/thread/mod.rs:529
[INFO] [stdout]       <core::panic::unwind_safe::AssertUnwindSafe<F> as core::ops::function::FnOnce<()>>::call_once::h9dc6bd6372f16606
[INFO] [stdout]              at library/core/src/panic/unwind_safe.rs:272
[INFO] [stdout]       std::panicking::try::do_call::h9057517f80303cd4
[INFO] [stdout]              at library/std/src/panicking.rs:552
[INFO] [stdout]       std::panicking::try::he3a30b11ee45340c
[INFO] [stdout]              at library/std/src/panicking.rs:516
[INFO] [stdout]       std::panic::catch_unwind::h410458cfd3528b8b
[INFO] [stdout]              at library/std/src/panic.rs:142
[INFO] [stdout]       std::thread::Builder::spawn_unchecked_::{{closure}}::h72ac3bdb567b737b
[INFO] [stdout]              at library/std/src/thread/mod.rs:528
[INFO] [stdout]       core::ops::function::FnOnce::call_once{{vtable.shim}}::h38f34da3654a8344
[INFO] [stdout]              at library/core/src/ops/function.rs:250
[INFO] [stdout]   16: <alloc::boxed::Box<F,A> as core::ops::function::FnOnce<Args>>::call_once::hc7eafaff61e32df9 (0x5632966acd35)
[INFO] [stdout]              at library/alloc/src/boxed.rs:2007
[INFO] [stdout]       <alloc::boxed::Box<F,A> as core::ops::function::FnOnce<Args>>::call_once::h6ba4a5de48dd2304
[INFO] [stdout]              at library/alloc/src/boxed.rs:2007
[INFO] [stdout]       std::sys::unix::thread::Thread::new::thread_start::he469335aef763e45
[INFO] [stdout]              at library/std/src/sys/unix/thread.rs:108
[INFO] [stdout]   17: <unknown> (0x7fa692bf8ac3)
[INFO] [stdout]   18: __clone (0x7fa692c89bf4)
[INFO] [stdout]   19: <unknown> (0x0), CompilationError { line: 5, column: 1, filename: "./examples/rust.please", kind: UnexpectedChar { ch: ' ' } }
[INFO] [stdout] 
[INFO] [stdout] stack backtrace:
[INFO] [stdout]    0: failure::backtrace::internal::InternalBacktrace::new::h0663b0f78c2a252d (0x563296654ba9)
[INFO] [stdout]              at src/backtrace/internal.rs:44
[INFO] [stdout]    1: failure::backtrace::Backtrace::new::hcf5128e76a111d19 (0x563296655148)
[INFO] [stdout]              at src/backtrace/mod.rs:111
[INFO] [stdout]    2: <failure::error::error_impl::ErrorImpl as core::convert::From<F>>::from::hbe07e67c603582bd (0x5632964ebe67)
[INFO] [stdout]              at /opt/rustwide/cargo-home/registry/src/index.crates.io-6f17d22bba15001f/failure-0.1.5/src/error/error_impl.rs:19
[INFO] [stdout]    3: <failure::error::Error as core::convert::From<F>>::from::h8ae3cc0f13aee5b7 (0x5632964eb259)
[INFO] [stdout]              at /opt/rustwide/cargo-home/registry/src/index.crates.io-6f17d22bba15001f/failure-0.1.5/src/error/mod.rs:36
[INFO] [stdout]    4: please::lexer::Lexer::error::hc29b1268d75cdc33 (0x5632964e6221)
[INFO] [stdout]              at src/lexer.rs:322
[INFO] [stdout]    5: please::lexer::Lexer::lex_normal::h51fc5de2e2b06dc5 (0x5632964e532f)
[INFO] [stdout]              at src/lexer.rs:191
[INFO] [stdout]    6: please::lexer::Lexer::advance::h6730c5c265bd35d0 (0x5632964e4fc2)
[INFO] [stdout]              at src/lexer.rs:172
[INFO] [stdout]    7: <please::lexer::Lexer as core::iter::traits::iterator::Iterator>::next::h2d80d4b15659ec3e (0x5632964e4722)
[INFO] [stdout]              at src/lexer.rs:114
[INFO] [stdout]    8: please::lexer::Lexer::lex::h6af5b092c2883227 (0x5632964e48c4)
[INFO] [stdout]              at src/lexer.rs:137
[INFO] [stdout]    9: please::lexer::tests::test_lexer_rustplease::h9809f99f9525f155 (0x5632964ed090)
[INFO] [stdout]              at src/lexer.rs:361
[INFO] [stdout]   10: please::lexer::tests::test_lexer_rustplease::{{closure}}::hf3778074ef8657b7 (0x5632964ecf37)
[INFO] [stdout]              at src/lexer.rs:358
[INFO] [stdout]   11: core::ops::function::FnOnce::call_once::h7ffd095b5d4461fb (0x5632964e8a56)
[INFO] [stdout]              at /rustc/82e1608dfa6e0b5569232559e3d385fea5a93112/library/core/src/ops/function.rs:250
[INFO] [stdout]   12: core::ops::function::FnOnce::call_once::h2b5d431d5046312d (0x563296529dff)
[INFO] [stdout]              at library/core/src/ops/function.rs:250
[INFO] [stdout]       test::__rust_begin_short_backtrace::h7714669af176e207
[INFO] [stdout]              at library/test/src/lib.rs:628
[INFO] [stdout]   13: test::run_test_in_process::{{closure}}::h85218797dcbcec12 (0x563296528e15)
[INFO] [stdout]              at library/test/src/lib.rs:651
[INFO] [stdout]       <core::panic::unwind_safe::AssertUnwindSafe<F> as core::ops::function::FnOnce<()>>::call_once::h76c106ea31c14d7b
[INFO] [stdout]              at library/core/src/panic/unwind_safe.rs:272
[INFO] [stdout]       std::panicking::try::do_call::h3bd5d0f6620ee946
[INFO] [stdout]              at library/std/src/panicking.rs:552
[INFO] [stdout]       std::panicking::try::h232e535e4744fe31
[INFO] [stdout]              at library/std/src/panicking.rs:516
[INFO] [stdout]       std::panic::catch_unwind::h3ce3bd6ca8dbac68
[INFO] [stdout]              at library/std/src/panic.rs:142
[INFO] [stdout]       test::run_test_in_process::hc97b257c9621286a
[INFO] [stdout]              at library/test/src/lib.rs:651
[INFO] [stdout]       test::run_test::{{closure}}::h2aa798823a438d38
[INFO] [stdout]              at library/test/src/lib.rs:574
[INFO] [stdout]   14: test::run_test::{{closure}}::h87d231c78fb59832 (0x5632964f10d6)
[INFO] [stdout]              at library/test/src/lib.rs:602
[INFO] [stdout]       std::sys_common::backtrace::__rust_begin_short_backtrace::he6df152596625789
[INFO] [stdout]              at library/std/src/sys_common/backtrace.rs:154
[INFO] [stdout]   15: std::thread::Builder::spawn_unchecked_::{{closure}}::{{closure}}::ha94be15d1e0acf36 (0x5632964f6187)
[INFO] [stdout]              at library/std/src/thread/mod.rs:529
[INFO] [stdout]       <core::panic::unwind_safe::AssertUnwindSafe<F> as core::ops::function::FnOnce<()>>::call_once::h9dc6bd6372f16606
[INFO] [stdout]              at library/core/src/panic/unwind_safe.rs:272
[INFO] [stdout]       std::panicking::try::do_call::h9057517f80303cd4
[INFO] [stdout]              at library/std/src/panicking.rs:552
[INFO] [stdout]       std::panicking::try::he3a30b11ee45340c
[INFO] [stdout]              at library/std/src/panicking.rs:516
[INFO] [stdout]       std::panic::catch_unwind::h410458cfd3528b8b
[INFO] [stdout]              at library/std/src/panic.rs:142
[INFO] [stdout]       std::thread::Builder::spawn_unchecked_::{{closure}}::h72ac3bdb567b737b
[INFO] [stdout]              at library/std/src/thread/mod.rs:528
[INFO] [stdout]       core::ops::function::FnOnce::call_once{{vtable.shim}}::h38f34da3654a8344
[INFO] [stdout]              at library/core/src/ops/function.rs:250
[INFO] [stdout]   16: <alloc::boxed::Box<F,A> as core::ops::function::FnOnce<Args>>::call_once::hc7eafaff61e32df9 (0x5632966acd35)
[INFO] [stdout]              at library/alloc/src/boxed.rs:2007
[INFO] [stdout]       <alloc::boxed::Box<F,A> as core::ops::function::FnOnce<Args>>::call_once::h6ba4a5de48dd2304
[INFO] [stdout]              at library/alloc/src/boxed.rs:2007
[INFO] [stdout]       std::sys::unix::thread::Thread::new::thread_start::he469335aef763e45
[INFO] [stdout]              at library/std/src/sys/unix/thread.rs:108
[INFO] [stdout]   17: <unknown> (0x7fa692bf8ac3)
[INFO] [stdout]   18: __clone (0x7fa692c89bf4)
[INFO] [stdout]   19: <unknown> (0x0), CompilationError { line: 5, column: 2, filename: "./examples/rust.please", kind: UnexpectedChar { ch: ' ' } }
[INFO] [stdout] 
[INFO] [stdout] stack backtrace:
[INFO] [stdout]    0: failure::backtrace::internal::InternalBacktrace::new::h0663b0f78c2a252d (0x563296654ba9)
[INFO] [stdout]              at src/backtrace/internal.rs:44
[INFO] [stdout]    1: failure::backtrace::Backtrace::new::hcf5128e76a111d19 (0x563296655148)
[INFO] [stdout]              at src/backtrace/mod.rs:111
[INFO] [stdout]    2: <failure::error::error_impl::ErrorImpl as core::convert::From<F>>::from::hbe07e67c603582bd (0x5632964ebe67)
[INFO] [stdout]              at /opt/rustwide/cargo-home/registry/src/index.crates.io-6f17d22bba15001f/failure-0.1.5/src/error/error_impl.rs:19
[INFO] [stdout]    3: <failure::error::Error as core::convert::From<F>>::from::h8ae3cc0f13aee5b7 (0x5632964eb259)
[INFO] [stdout]              at /opt/rustwide/cargo-home/registry/src/index.crates.io-6f17d22bba15001f/failure-0.1.5/src/error/mod.rs:36
[INFO] [stdout]    4: please::lexer::Lexer::error::hc29b1268d75cdc33 (0x5632964e6221)
[INFO] [stdout]              at src/lexer.rs:322
[INFO] [stdout]    5: please::lexer::Lexer::lex_normal::h51fc5de2e2b06dc5 (0x5632964e532f)
[INFO] [stdout]              at src/lexer.rs:191
[INFO] [stdout]    6: please::lexer::Lexer::advance::h6730c5c265bd35d0 (0x5632964e4fc2)
[INFO] [stdout]              at src/lexer.rs:172
[INFO] [stdout]    7: <please::lexer::Lexer as core::iter::traits::iterator::Iterator>::next::h2d80d4b15659ec3e (0x5632964e4722)
[INFO] [stdout]              at src/lexer.rs:114
[INFO] [stdout]    8: please::lexer::Lexer::lex::h6af5b092c2883227 (0x5632964e48c4)
[INFO] [stdout]              at src/lexer.rs:137
[INFO] [stdout]    9: please::lexer::tests::test_lexer_rustplease::h9809f99f9525f155 (0x5632964ed090)
[INFO] [stdout]              at src/lexer.rs:361
[INFO] [stdout]   10: please::lexer::tests::test_lexer_rustplease::{{closure}}::hf3778074ef8657b7 (0x5632964ecf37)
[INFO] [stdout]              at src/lexer.rs:358
[INFO] [stdout]   11: core::ops::function::FnOnce::call_once::h7ffd095b5d4461fb (0x5632964e8a56)
[INFO] [stdout]              at /rustc/82e1608dfa6e0b5569232559e3d385fea5a93112/library/core/src/ops/function.rs:250
[INFO] [stdout]   12: core::ops::function::FnOnce::call_once::h2b5d431d5046312d (0x563296529dff)
[INFO] [stdout]              at library/core/src/ops/function.rs:250
[INFO] [stdout]       test::__rust_begin_short_backtrace::h7714669af176e207
[INFO] [stdout]              at library/test/src/lib.rs:628
[INFO] [stdout]   13: test::run_test_in_process::{{closure}}::h85218797dcbcec12 (0x563296528e15)
[INFO] [stdout]              at library/test/src/lib.rs:651
[INFO] [stdout]       <core::panic::unwind_safe::AssertUnwindSafe<F> as core::ops::function::FnOnce<()>>::call_once::h76c106ea31c14d7b
[INFO] [stdout]              at library/core/src/panic/unwind_safe.rs:272
[INFO] [stdout]       std::panicking::try::do_call::h3bd5d0f6620ee946
[INFO] [stdout]              at library/std/src/panicking.rs:552
[INFO] [stdout]       std::panicking::try::h232e535e4744fe31
[INFO] [stdout]              at library/std/src/panicking.rs:516
[INFO] [stdout]       std::panic::catch_unwind::h3ce3bd6ca8dbac68
[INFO] [stdout]              at library/std/src/panic.rs:142
[INFO] [stdout]       test::run_test_in_process::hc97b257c9621286a
[INFO] [stdout]              at library/test/src/lib.rs:651
[INFO] [stdout]       test::run_test::{{closure}}::h2aa798823a438d38
[INFO] [stdout]              at library/test/src/lib.rs:574
[INFO] [stdout]   14: test::run_test::{{closure}}::h87d231c78fb59832 (0x5632964f10d6)
[INFO] [stdout]              at library/test/src/lib.rs:602
[INFO] [stdout]       std::sys_common::backtrace::__rust_begin_short_backtrace::he6df152596625789
[INFO] [stdout]              at library/std/src/sys_common/backtrace.rs:154
[INFO] [stdout]   15: std::thread::Builder::spawn_unchecked_::{{closure}}::{{closure}}::ha94be15d1e0acf36 (0x5632964f6187)
[INFO] [stdout]              at library/std/src/thread/mod.rs:529
[INFO] [stdout]       <core::panic::unwind_safe::AssertUnwindSafe<F> as core::ops::function::FnOnce<()>>::call_once::h9dc6bd6372f16606
[INFO] [stdout]              at library/core/src/panic/unwind_safe.rs:272
[INFO] [stdout]       std::panicking::try::do_call::h9057517f80303cd4
[INFO] [stdout]              at library/std/src/panicking.rs:552
[INFO] [stdout]       std::panicking::try::he3a30b11ee45340c
[INFO] [stdout]              at library/std/src/panicking.rs:516
[INFO] [stdout]       std::panic::catch_unwind::h410458cfd3528b8b
[INFO] [stdout]              at library/std/src/panic.rs:142
[INFO] [stdout]       std::thread::Builder::spawn_unchecked_::{{closure}}::h72ac3bdb567b737b
[INFO] [stdout]              at library/std/src/thread/mod.rs:528
[INFO] [stdout]       core::ops::function::FnOnce::call_once{{vtable.shim}}::h38f34da3654a8344
[INFO] [stdout]              at library/core/src/ops/function.rs:250
[INFO] [stdout]   16: <alloc::boxed::Box<F,A> as core::ops::function::FnOnce<Args>>::call_once::hc7eafaff61e32df9 (0x5632966acd35)
[INFO] [stdout]              at library/alloc/src/boxed.rs:2007
[INFO] [stdout]       <alloc::boxed::Box<F,A> as core::ops::function::FnOnce<Args>>::call_once::h6ba4a5de48dd2304
[INFO] [stdout]              at library/alloc/src/boxed.rs:2007
[INFO] [stdout]       std::sys::unix::thread::Thread::new::thread_start::he469335aef763e45
[INFO] [stdout]              at library/std/src/sys/unix/thread.rs:108
[INFO] [stdout]   17: <unknown> (0x7fa692bf8ac3)
[INFO] [stdout]   18: __clone (0x7fa692c89bf4)
[INFO] [stdout]   19: <unknown> (0x0), CompilationError { line: 5, column: 3, filename: "./examples/rust.please", kind: UnexpectedChar { ch: ' ' } }
[INFO] [stdout] 
[INFO] [stdout] stack backtrace:
[INFO] [stdout]    0: failure::backtrace::internal::InternalBacktrace::new::h0663b0f78c2a252d (0x563296654ba9)
[INFO] [stdout]              at src/backtrace/internal.rs:44
[INFO] [stdout]    1: failure::backtrace::Backtrace::new::hcf5128e76a111d19 (0x563296655148)
[INFO] [stdout]              at src/backtrace/mod.rs:111
[INFO] [stdout]    2: <failure::error::error_impl::ErrorImpl as core::convert::From<F>>::from::hbe07e67c603582bd (0x5632964ebe67)
[INFO] [stdout]              at /opt/rustwide/cargo-home/registry/src/index.crates.io-6f17d22bba15001f/failure-0.1.5/src/error/error_impl.rs:19
[INFO] [stdout]    3: <failure::error::Error as core::convert::From<F>>::from::h8ae3cc0f13aee5b7 (0x5632964eb259)
[INFO] [stdout]              at /opt/rustwide/cargo-home/registry/src/index.crates.io-6f17d22bba15001f/failure-0.1.5/src/error/mod.rs:36
[INFO] [stdout]    4: please::lexer::Lexer::error::hc29b1268d75cdc33 (0x5632964e6221)
[INFO] [stdout]              at src/lexer.rs:322
[INFO] [stdout]    5: please::lexer::Lexer::lex_normal::h51fc5de2e2b06dc5 (0x5632964e532f)
[INFO] [stdout]              at src/lexer.rs:191
[INFO] [stdout]    6: please::lexer::Lexer::advance::h6730c5c265bd35d0 (0x5632964e4fc2)
[INFO] [stdout]              at src/lexer.rs:172
[INFO] [stdout]    7: <please::lexer::Lexer as core::iter::traits::iterator::Iterator>::next::h2d80d4b15659ec3e (0x5632964e4722)
[INFO] [stdout]              at src/lexer.rs:114
[INFO] [stdout]    8: please::lexer::Lexer::lex::h6af5b092c2883227 (0x5632964e48c4)
[INFO] [stdout]              at src/lexer.rs:137
[INFO] [stdout]    9: please::lexer::tests::test_lexer_rustplease::h9809f99f9525f155 (0x5632964ed090)
[INFO] [stdout]              at src/lexer.rs:361
[INFO] [stdout]   10: please::lexer::tests::test_lexer_rustplease::{{closure}}::hf3778074ef8657b7 (0x5632964ecf37)
[INFO] [stdout]              at src/lexer.rs:358
[INFO] [stdout]   11: core::ops::function::FnOnce::call_once::h7ffd095b5d4461fb (0x5632964e8a56)
[INFO] [stdout]              at /rustc/82e1608dfa6e0b5569232559e3d385fea5a93112/library/core/src/ops/function.rs:250
[INFO] [stdout]   12: core::ops::function::FnOnce::call_once::h2b5d431d5046312d (0x563296529dff)
[INFO] [stdout]              at library/core/src/ops/function.rs:250
[INFO] [stdout]       test::__rust_begin_short_backtrace::h7714669af176e207
[INFO] [stdout]              at library/test/src/lib.rs:628
[INFO] [stdout]   13: test::run_test_in_process::{{closure}}::h85218797dcbcec12 (0x563296528e15)
[INFO] [stdout]              at library/test/src/lib.rs:651
[INFO] [stdout]       <core::panic::unwind_safe::AssertUnwindSafe<F> as core::ops::function::FnOnce<()>>::call_once::h76c106ea31c14d7b
[INFO] [stdout]              at library/core/src/panic/unwind_safe.rs:272
[INFO] [stdout]       std::panicking::try::do_call::h3bd5d0f6620ee946
[INFO] [stdout]              at library/std/src/panicking.rs:552
[INFO] [stdout]       std::panicking::try::h232e535e4744fe31
[INFO] [stdout]              at library/std/src/panicking.rs:516
[INFO] [stdout]       std::panic::catch_unwind::h3ce3bd6ca8dbac68
[INFO] [stdout]              at library/std/src/panic.rs:142
[INFO] [stdout]       test::run_test_in_process::hc97b257c9621286a
[INFO] [stdout]              at library/test/src/lib.rs:651
[INFO] [stdout]       test::run_test::{{closure}}::h2aa798823a438d38
[INFO] [stdout]              at library/test/src/lib.rs:574
[INFO] [stdout]   14: test::run_test::{{closure}}::h87d231c78fb59832 (0x5632964f10d6)
[INFO] [stdout]              at library/test/src/lib.rs:602
[INFO] [stdout]       std::sys_common::backtrace::__rust_begin_short_backtrace::he6df152596625789
[INFO] [stdout]              at library/std/src/sys_common/backtrace.rs:154
[INFO] [stdout]   15: std::thread::Builder::spawn_unchecked_::{{closure}}::{{closure}}::ha94be15d1e0acf36 (0x5632964f6187)
[INFO] [stdout]              at library/std/src/thread/mod.rs:529
[INFO] [stdout]       <core::panic::unwind_safe::AssertUnwindSafe<F> as core::ops::function::FnOnce<()>>::call_once::h9dc6bd6372f16606
[INFO] [stdout]              at library/core/src/panic/unwind_safe.rs:272
[INFO] [stdout]       std::panicking::try::do_call::h9057517f80303cd4
[INFO] [stdout]              at library/std/src/panicking.rs:552
[INFO] [stdout]       std::panicking::try::he3a30b11ee45340c
[INFO] [stdout]              at library/std/src/panicking.rs:516
[INFO] [stdout]       std::panic::catch_unwind::h410458cfd3528b8b
[INFO] [stdout]              at library/std/src/panic.rs:142
[INFO] [stdout]       std::thread::Builder::spawn_unchecked_::{{closure}}::h72ac3bdb567b737b
[INFO] [stdout]              at library/std/src/thread/mod.rs:528
[INFO] [stdout]       core::ops::function::FnOnce::call_once{{vtable.shim}}::h38f34da3654a8344
[INFO] [stdout]              at library/core/src/ops/function.rs:250
[INFO] [stdout]   16: <alloc::boxed::Box<F,A> as core::ops::function::FnOnce<Args>>::call_once::hc7eafaff61e32df9 (0x5632966acd35)
[INFO] [stdout]              at library/alloc/src/boxed.rs:2007
[INFO] [stdout]       <alloc::boxed::Box<F,A> as core::ops::function::FnOnce<Args>>::call_once::h6ba4a5de48dd2304
[INFO] [stdout]              at library/alloc/src/boxed.rs:2007
[INFO] [stdout]       std::sys::unix::thread::Thread::new::thread_start::he469335aef763e45
[INFO] [stdout]              at library/std/src/sys/unix/thread.rs:108
[INFO] [stdout]   17: <unknown> (0x7fa692bf8ac3)
[INFO] [stdout]   18: __clone (0x7fa692c89bf4)
[INFO] [stdout]   19: <unknown> (0x0), CompilationError { line: 5, column: 4, filename: "./examples/rust.please", kind: UnexpectedChar { ch: ' ' } }
[INFO] [stdout] 
[INFO] [stdout] stack backtrace:
[INFO] [stdout]    0: failure::backtrace::internal::InternalBacktrace::new::h0663b0f78c2a252d (0x563296654ba9)
[INFO] [stdout]              at src/backtrace/internal.rs:44
[INFO] [stdout]    1: failure::backtrace::Backtrace::new::hcf5128e76a111d19 (0x563296655148)
[INFO] [stdout]              at src/backtrace/mod.rs:111
[INFO] [stdout]    2: <failure::error::error_impl::ErrorImpl as core::convert::From<F>>::from::hbe07e67c603582bd (0x5632964ebe67)
[INFO] [stdout]              at /opt/rustwide/cargo-home/registry/src/index.crates.io-6f17d22bba15001f/failure-0.1.5/src/error/error_impl.rs:19
[INFO] [stdout]    3: <failure::error::Error as core::convert::From<F>>::from::h8ae3cc0f13aee5b7 (0x5632964eb259)
[INFO] [stdout]              at /opt/rustwide/cargo-home/registry/src/index.crates.io-6f17d22bba15001f/failure-0.1.5/src/error/mod.rs:36
[INFO] [stdout]    4: please::lexer::Lexer::error::hc29b1268d75cdc33 (0x5632964e6221)
[INFO] [stdout]              at src/lexer.rs:322
[INFO] [stdout]    5: please::lexer::Lexer::lex_normal::h51fc5de2e2b06dc5 (0x5632964e532f)
[INFO] [stdout]              at src/lexer.rs:191
[INFO] [stdout]    6: please::lexer::Lexer::advance::h6730c5c265bd35d0 (0x5632964e4fc2)
[INFO] [stdout]              at src/lexer.rs:172
[INFO] [stdout]    7: <please::lexer::Lexer as core::iter::traits::iterator::Iterator>::next::h2d80d4b15659ec3e (0x5632964e4722)
[INFO] [stdout]              at src/lexer.rs:114
[INFO] [stdout]    8: please::lexer::Lexer::lex::h6af5b092c2883227 (0x5632964e48c4)
[INFO] [stdout]              at src/lexer.rs:137
[INFO] [stdout]    9: please::lexer::tests::test_lexer_rustplease::h9809f99f9525f155 (0x5632964ed090)
[INFO] [stdout]              at src/lexer.rs:361
[INFO] [stdout]   10: please::lexer::tests::test_lexer_rustplease::{{closure}}::hf3778074ef8657b7 (0x5632964ecf37)
[INFO] [stdout]              at src/lexer.rs:358
[INFO] [stdout]   11: core::ops::function::FnOnce::call_once::h7ffd095b5d4461fb (0x5632964e8a56)
[INFO] [stdout]              at /rustc/82e1608dfa6e0b5569232559e3d385fea5a93112/library/core/src/ops/function.rs:250
[INFO] [stdout]   12: core::ops::function::FnOnce::call_once::h2b5d431d5046312d (0x563296529dff)
[INFO] [stdout]              at library/core/src/ops/function.rs:250
[INFO] [stdout]       test::__rust_begin_short_backtrace::h7714669af176e207
[INFO] [stdout]              at library/test/src/lib.rs:628
[INFO] [stdout]   13: test::run_test_in_process::{{closure}}::h85218797dcbcec12 (0x563296528e15)
[INFO] [stdout]              at library/test/src/lib.rs:651
[INFO] [stdout]       <core::panic::unwind_safe::AssertUnwindSafe<F> as core::ops::function::FnOnce<()>>::call_once::h76c106ea31c14d7b
[INFO] [stdout]              at library/core/src/panic/unwind_safe.rs:272
[INFO] [stdout]       std::panicking::try::do_call::h3bd5d0f6620ee946
[INFO] [stdout]              at library/std/src/panicking.rs:552
[INFO] [stdout]       std::panicking::try::h232e535e4744fe31
[INFO] [stdout]              at library/std/src/panicking.rs:516
[INFO] [stdout]       std::panic::catch_unwind::h3ce3bd6ca8dbac68
[INFO] [stdout]              at library/std/src/panic.rs:142
[INFO] [stdout]       test::run_test_in_process::hc97b257c9621286a
[INFO] [stdout]              at library/test/src/lib.rs:651
[INFO] [stdout]       test::run_test::{{closure}}::h2aa798823a438d38
[INFO] [stdout]              at library/test/src/lib.rs:574
[INFO] [stdout]   14: test::run_test::{{closure}}::h87d231c78fb59832 (0x5632964f10d6)
[INFO] [stdout]              at library/test/src/lib.rs:602
[INFO] [stdout]       std::sys_common::backtrace::__rust_begin_short_backtrace::he6df152596625789
[INFO] [stdout]              at library/std/src/sys_common/backtrace.rs:154
[INFO] [stdout]   15: std::thread::Builder::spawn_unchecked_::{{closure}}::{{closure}}::ha94be15d1e0acf36 (0x5632964f6187)
[INFO] [stdout]              at library/std/src/thread/mod.rs:529
[INFO] [stdout]       <core::panic::unwind_safe::AssertUnwindSafe<F> as core::ops::function::FnOnce<()>>::call_once::h9dc6bd6372f16606
[INFO] [stdout]              at library/core/src/panic/unwind_safe.rs:272
[INFO] [stdout]       std::panicking::try::do_call::h9057517f80303cd4
[INFO] [stdout]              at library/std/src/panicking.rs:552
[INFO] [stdout]       std::panicking::try::he3a30b11ee45340c
[INFO] [stdout]              at library/std/src/panicking.rs:516
[INFO] [stdout]       std::panic::catch_unwind::h410458cfd3528b8b
[INFO] [stdout]              at library/std/src/panic.rs:142
[INFO] [stdout]       std::thread::Builder::spawn_unchecked_::{{closure}}::h72ac3bdb567b737b
[INFO] [stdout]              at library/std/src/thread/mod.rs:528
[INFO] [stdout]       core::ops::function::FnOnce::call_once{{vtable.shim}}::h38f34da3654a8344
[INFO] [stdout]              at library/core/src/ops/function.rs:250
[INFO] [stdout]   16: <alloc::boxed::Box<F,A> as core::ops::function::FnOnce<Args>>::call_once::hc7eafaff61e32df9 (0x5632966acd35)
[INFO] [stdout]              at library/alloc/src/boxed.rs:2007
[INFO] [stdout]       <alloc::boxed::Box<F,A> as core::ops::function::FnOnce<Args>>::call_once::h6ba4a5de48dd2304
[INFO] [stdout]              at library/alloc/src/boxed.rs:2007
[INFO] [stdout]       std::sys::unix::thread::Thread::new::thread_start::he469335aef763e45
[INFO] [stdout]              at library/std/src/sys/unix/thread.rs:108
[INFO] [stdout]   17: <unknown> (0x7fa692bf8ac3)
[INFO] [stdout]   18: __clone (0x7fa692c89bf4)
[INFO] [stdout]   19: <unknown> (0x0), CompilationError { line: 5, column: 11, filename: "./examples/rust.please", kind: UnexpectedChar { ch: '\n' } }
[INFO] [stdout] 
[INFO] [stdout] stack backtrace:
[INFO] [stdout]    0: failure::backtrace::internal::InternalBacktrace::new::h0663b0f78c2a252d (0x563296654ba9)
[INFO] [stdout]              at src/backtrace/internal.rs:44
[INFO] [stdout]    1: failure::backtrace::Backtrace::new::hcf5128e76a111d19 (0x563296655148)
[INFO] [stdout]              at src/backtrace/mod.rs:111
[INFO] [stdout]    2: <failure::error::error_impl::ErrorImpl as core::convert::From<F>>::from::hbe07e67c603582bd (0x5632964ebe67)
[INFO] [stdout]              at /opt/rustwide/cargo-home/registry/src/index.crates.io-6f17d22bba15001f/failure-0.1.5/src/error/error_impl.rs:19
[INFO] [stdout]    3: <failure::error::Error as core::convert::From<F>>::from::h8ae3cc0f13aee5b7 (0x5632964eb259)
[INFO] [stdout]              at /opt/rustwide/cargo-home/registry/src/index.crates.io-6f17d22bba15001f/failure-0.1.5/src/error/mod.rs:36
[INFO] [stdout]    4: please::lexer::Lexer::error::hc29b1268d75cdc33 (0x5632964e6221)
[INFO] [stdout]              at src/lexer.rs:322
[INFO] [stdout]    5: please::lexer::Lexer::lex_normal::h51fc5de2e2b06dc5 (0x5632964e532f)
[INFO] [stdout]              at src/lexer.rs:191
[INFO] [stdout]    6: please::lexer::Lexer::advance::h6730c5c265bd35d0 (0x5632964e4fc2)
[INFO] [stdout]              at src/lexer.rs:172
[INFO] [stdout]    7: <please::lexer::Lexer as core::iter::traits::iterator::Iterator>::next::h2d80d4b15659ec3e (0x5632964e4632)
[INFO] [stdout]              at src/lexer.rs:111
[INFO] [stdout]    8: please::lexer::Lexer::lex::h6af5b092c2883227 (0x5632964e48c4)
[INFO] [stdout]              at src/lexer.rs:137
[INFO] [stdout]    9: please::lexer::tests::test_lexer_rustplease::h9809f99f9525f155 (0x5632964ed090)
[INFO] [stdout]              at src/lexer.rs:361
[INFO] [stdout]   10: please::lexer::tests::test_lexer_rustplease::{{closure}}::hf3778074ef8657b7 (0x5632964ecf37)
[INFO] [stdout]              at src/lexer.rs:358
[INFO] [stdout]   11: core::ops::function::FnOnce::call_once::h7ffd095b5d4461fb (0x5632964e8a56)
[INFO] [stdout]              at /rustc/82e1608dfa6e0b5569232559e3d385fea5a93112/library/core/src/ops/function.rs:250
[INFO] [stdout]   12: core::ops::function::FnOnce::call_once::h2b5d431d5046312d (0x563296529dff)
[INFO] [stdout]              at library/core/src/ops/function.rs:250
[INFO] [stdout]       test::__rust_begin_short_backtrace::h7714669af176e207
[INFO] [stdout]              at library/test/src/lib.rs:628
[INFO] [stdout]   13: test::run_test_in_process::{{closure}}::h85218797dcbcec12 (0x563296528e15)
[INFO] [stdout]              at library/test/src/lib.rs:651
[INFO] [stdout]       <core::panic::unwind_safe::AssertUnwindSafe<F> as core::ops::function::FnOnce<()>>::call_once::h76c106ea31c14d7b
[INFO] [stdout]              at library/core/src/panic/unwind_safe.rs:272
[INFO] [stdout]       std::panicking::try::do_call::h3bd5d0f6620ee946
[INFO] [stdout]              at library/std/src/panicking.rs:552
[INFO] [stdout]       std::panicking::try::h232e535e4744fe31
[INFO] [stdout]              at library/std/src/panicking.rs:516
[INFO] [stdout]       std::panic::catch_unwind::h3ce3bd6ca8dbac68
[INFO] [stdout]              at library/std/src/panic.rs:142
[INFO] [stdout]       test::run_test_in_process::hc97b257c9621286a
[INFO] [stdout]              at library/test/src/lib.rs:651
[INFO] [stdout]       test::run_test::{{closure}}::h2aa798823a438d38
[INFO] [stdout]              at library/test/src/lib.rs:574
[INFO] [stdout]   14: test::run_test::{{closure}}::h87d231c78fb59832 (0x5632964f10d6)
[INFO] [stdout]              at library/test/src/lib.rs:602
[INFO] [stdout]       std::sys_common::backtrace::__rust_begin_short_backtrace::he6df152596625789
[INFO] [stdout]              at library/std/src/sys_common/backtrace.rs:154
[INFO] [stdout]   15: std::thread::Builder::spawn_unchecked_::{{closure}}::{{closure}}::ha94be15d1e0acf36 (0x5632964f6187)
[INFO] [stdout]              at library/std/src/thread/mod.rs:529
[INFO] [stdout]       <core::panic::unwind_safe::AssertUnwindSafe<F> as core::ops::function::FnOnce<()>>::call_once::h9dc6bd6372f16606
[INFO] [stdout]              at library/core/src/panic/unwind_safe.rs:272
[INFO] [stdout]       std::panicking::try::do_call::h9057517f80303cd4
[INFO] [stdout]              at library/std/src/panicking.rs:552
[INFO] [stdout]       std::panicking::try::he3a30b11ee45340c
[INFO] [stdout]              at library/std/src/panicking.rs:516
[INFO] [stdout]       std::panic::catch_unwind::h410458cfd3528b8b
[INFO] [stdout]              at library/std/src/panic.rs:142
[INFO] [stdout]       std::thread::Builder::spawn_unchecked_::{{closure}}::h72ac3bdb567b737b
[INFO] [stdout]              at library/std/src/thread/mod.rs:528
[INFO] [stdout]       core::ops::function::FnOnce::call_once{{vtable.shim}}::h38f34da3654a8344
[INFO] [stdout]              at library/core/src/ops/function.rs:250
[INFO] [stdout]   16: <alloc::boxed::Box<F,A> as core::ops::function::FnOnce<Args>>::call_once::hc7eafaff61e32df9 (0x5632966acd35)
[INFO] [stdout]              at library/alloc/src/boxed.rs:2007
[INFO] [stdout]       <alloc::boxed::Box<F,A> as core::ops::function::FnOnce<Args>>::call_once::h6ba4a5de48dd2304
[INFO] [stdout]              at library/alloc/src/boxed.rs:2007
[INFO] [stdout]       std::sys::unix::thread::Thread::new::thread_start::he469335aef763e45
[INFO] [stdout]              at library/std/src/sys/unix/thread.rs:108
[INFO] [stdout]   17: <unknown> (0x7fa692bf8ac3)
[INFO] [stdout]   18: __clone (0x7fa692c89bf4)
[INFO] [stdout]   19: <unknown> (0x0), CompilationError { line: 6, column: 1, filename: "./examples/rust.please", kind: UnexpectedChar { ch: ' ' } }
[INFO] [stdout] 
[INFO] [stdout] stack backtrace:
[INFO] [stdout]    0: failure::backtrace::internal::InternalBacktrace::new::h0663b0f78c2a252d (0x563296654ba9)
[INFO] [stdout]              at src/backtrace/internal.rs:44
[INFO] [stdout]    1: failure::backtrace::Backtrace::new::hcf5128e76a111d19 (0x563296655148)
[INFO] [stdout]              at src/backtrace/mod.rs:111
[INFO] [stdout]    2: <failure::error::error_impl::ErrorImpl as core::convert::From<F>>::from::hbe07e67c603582bd (0x5632964ebe67)
[INFO] [stdout]              at /opt/rustwide/cargo-home/registry/src/index.crates.io-6f17d22bba15001f/failure-0.1.5/src/error/error_impl.rs:19
[INFO] [stdout]    3: <failure::error::Error as core::convert::From<F>>::from::h8ae3cc0f13aee5b7 (0x5632964eb259)
[INFO] [stdout]              at /opt/rustwide/cargo-home/registry/src/index.crates.io-6f17d22bba15001f/failure-0.1.5/src/error/mod.rs:36
[INFO] [stdout]    4: please::lexer::Lexer::error::hc29b1268d75cdc33 (0x5632964e6221)
[INFO] [stdout]              at src/lexer.rs:322
[INFO] [stdout]    5: please::lexer::Lexer::lex_normal::h51fc5de2e2b06dc5 (0x5632964e532f)
[INFO] [stdout]              at src/lexer.rs:191
[INFO] [stdout]    6: please::lexer::Lexer::advance::h6730c5c265bd35d0 (0x5632964e4fc2)
[INFO] [stdout]              at src/lexer.rs:172
[INFO] [stdout]    7: <please::lexer::Lexer as core::iter::traits::iterator::Iterator>::next::h2d80d4b15659ec3e (0x5632964e4722)
[INFO] [stdout]              at src/lexer.rs:114
[INFO] [stdout]    8: please::lexer::Lexer::lex::h6af5b092c2883227 (0x5632964e48c4)
[INFO] [stdout]              at src/lexer.rs:137
[INFO] [stdout]    9: please::lexer::tests::test_lexer_rustplease::h9809f99f9525f155 (0x5632964ed090)
[INFO] [stdout]              at src/lexer.rs:361
[INFO] [stdout]   10: please::lexer::tests::test_lexer_rustplease::{{closure}}::hf3778074ef8657b7 (0x5632964ecf37)
[INFO] [stdout]              at src/lexer.rs:358
[INFO] [stdout]   11: core::ops::function::FnOnce::call_once::h7ffd095b5d4461fb (0x5632964e8a56)
[INFO] [stdout]              at /rustc/82e1608dfa6e0b5569232559e3d385fea5a93112/library/core/src/ops/function.rs:250
[INFO] [stdout]   12: core::ops::function::FnOnce::call_once::h2b5d431d5046312d (0x563296529dff)
[INFO] [stdout]              at library/core/src/ops/function.rs:250
[INFO] [stdout]       test::__rust_begin_short_backtrace::h7714669af176e207
[INFO] [stdout]              at library/test/src/lib.rs:628
[INFO] [stdout]   13: test::run_test_in_process::{{closure}}::h85218797dcbcec12 (0x563296528e15)
[INFO] [stdout]              at library/test/src/lib.rs:651
[INFO] [stdout]       <core::panic::unwind_safe::AssertUnwindSafe<F> as core::ops::function::FnOnce<()>>::call_once::h76c106ea31c14d7b
[INFO] [stdout]              at library/core/src/panic/unwind_safe.rs:272
[INFO] [stdout]       std::panicking::try::do_call::h3bd5d0f6620ee946
[INFO] [stdout]              at library/std/src/panicking.rs:552
[INFO] [stdout]       std::panicking::try::h232e535e4744fe31
[INFO] [stdout]              at library/std/src/panicking.rs:516
[INFO] [stdout]       std::panic::catch_unwind::h3ce3bd6ca8dbac68
[INFO] [stdout]              at library/std/src/panic.rs:142
[INFO] [stdout]       test::run_test_in_process::hc97b257c9621286a
[INFO] [stdout]              at library/test/src/lib.rs:651
[INFO] [stdout]       test::run_test::{{closure}}::h2aa798823a438d38
[INFO] [stdout]              at library/test/src/lib.rs:574
[INFO] [stdout]   14: test::run_test::{{closure}}::h87d231c78fb59832 (0x5632964f10d6)
[INFO] [stdout]              at library/test/src/lib.rs:602
[INFO] [stdout]       std::sys_common::backtrace::__rust_begin_short_backtrace::he6df152596625789
[INFO] [stdout]              at library/std/src/sys_common/backtrace.rs:154
[INFO] [stdout]   15: std::thread::Builder::spawn_unchecked_::{{closure}}::{{closure}}::ha94be15d1e0acf36 (0x5632964f6187)
[INFO] [stdout]              at library/std/src/thread/mod.rs:529
[INFO] [stdout]       <core::panic::unwind_safe::AssertUnwindSafe<F> as core::ops::function::FnOnce<()>>::call_once::h9dc6bd6372f16606
[INFO] [stdout]              at library/core/src/panic/unwind_safe.rs:272
[INFO] [stdout]       std::panicking::try::do_call::h9057517f80303cd4
[INFO] [stdout]              at library/std/src/panicking.rs:552
[INFO] [stdout]       std::panicking::try::he3a30b11ee45340c
[INFO] [stdout]              at library/std/src/panicking.rs:516
[INFO] [stdout]       std::panic::catch_unwind::h410458cfd3528b8b
[INFO] [stdout]              at library/std/src/panic.rs:142
[INFO] [stdout]       std::thread::Builder::spawn_unchecked_::{{closure}}::h72ac3bdb567b737b
[INFO] [stdout]              at library/std/src/thread/mod.rs:528
[INFO] [stdout]       core::ops::function::FnOnce::call_once{{vtable.shim}}::h38f34da3654a8344
[INFO] [stdout]              at library/core/src/ops/function.rs:250
[INFO] [stdout]   16: <alloc::boxed::Box<F,A> as core::ops::function::FnOnce<Args>>::call_once::hc7eafaff61e32df9 (0x5632966acd35)
[INFO] [stdout]              at library/alloc/src/boxed.rs:2007
[INFO] [stdout]       <alloc::boxed::Box<F,A> as core::ops::function::FnOnce<Args>>::call_once::h6ba4a5de48dd2304
[INFO] [stdout]              at library/alloc/src/boxed.rs:2007
[INFO] [stdout]       std::sys::unix::thread::Thread::new::thread_start::he469335aef763e45
[INFO] [stdout]              at library/std/src/sys/unix/thread.rs:108
[INFO] [stdout]   17: <unknown> (0x7fa692bf8ac3)
[INFO] [stdout]   18: __clone (0x7fa692c89bf4)
[INFO] [stdout]   19: <unknown> (0x0), CompilationError { line: 6, column: 2, filename: "./examples/rust.please", kind: UnexpectedChar { ch: ' ' } }
[INFO] [stdout] 
[INFO] [stdout] stack backtrace:
[INFO] [stdout]    0: failure::backtrace::internal::InternalBacktrace::new::h0663b0f78c2a252d (0x563296654ba9)
[INFO] [stdout]              at src/backtrace/internal.rs:44
[INFO] [stdout]    1: failure::backtrace::Backtrace::new::hcf5128e76a111d19 (0x563296655148)
[INFO] [stdout]              at src/backtrace/mod.rs:111
[INFO] [stdout]    2: <failure::error::error_impl::ErrorImpl as core::convert::From<F>>::from::hbe07e67c603582bd (0x5632964ebe67)
[INFO] [stdout]              at /opt/rustwide/cargo-home/registry/src/index.crates.io-6f17d22bba15001f/failure-0.1.5/src/error/error_impl.rs:19
[INFO] [stdout]    3: <failure::error::Error as core::convert::From<F>>::from::h8ae3cc0f13aee5b7 (0x5632964eb259)
[INFO] [stdout]              at /opt/rustwide/cargo-home/registry/src/index.crates.io-6f17d22bba15001f/failure-0.1.5/src/error/mod.rs:36
[INFO] [stdout]    4: please::lexer::Lexer::error::hc29b1268d75cdc33 (0x5632964e6221)
[INFO] [stdout]              at src/lexer.rs:322
[INFO] [stdout]    5: please::lexer::Lexer::lex_normal::h51fc5de2e2b06dc5 (0x5632964e532f)
[INFO] [stdout]              at src/lexer.rs:191
[INFO] [stdout]    6: please::lexer::Lexer::advance::h6730c5c265bd35d0 (0x5632964e4fc2)
[INFO] [stdout]              at src/lexer.rs:172
[INFO] [stdout]    7: <please::lexer::Lexer as core::iter::traits::iterator::Iterator>::next::h2d80d4b15659ec3e (0x5632964e4722)
[INFO] [stdout]              at src/lexer.rs:114
[INFO] [stdout]    8: please::lexer::Lexer::lex::h6af5b092c2883227 (0x5632964e48c4)
[INFO] [stdout]              at src/lexer.rs:137
[INFO] [stdout]    9: please::lexer::tests::test_lexer_rustplease::h9809f99f9525f155 (0x5632964ed090)
[INFO] [stdout]              at src/lexer.rs:361
[INFO] [stdout]   10: please::lexer::tests::test_lexer_rustplease::{{closure}}::hf3778074ef8657b7 (0x5632964ecf37)
[INFO] [stdout]              at src/lexer.rs:358
[INFO] [stdout]   11: core::ops::function::FnOnce::call_once::h7ffd095b5d4461fb (0x5632964e8a56)
[INFO] [stdout]              at /rustc/82e1608dfa6e0b5569232559e3d385fea5a93112/library/core/src/ops/function.rs:250
[INFO] [stdout]   12: core::ops::function::FnOnce::call_once::h2b5d431d5046312d (0x563296529dff)
[INFO] [stdout]              at library/core/src/ops/function.rs:250
[INFO] [stdout]       test::__rust_begin_short_backtrace::h7714669af176e207
[INFO] [stdout]              at library/test/src/lib.rs:628
[INFO] [stdout]   13: test::run_test_in_process::{{closure}}::h85218797dcbcec12 (0x563296528e15)
[INFO] [stdout]              at library/test/src/lib.rs:651
[INFO] [stdout]       <core::panic::unwind_safe::AssertUnwindSafe<F> as core::ops::function::FnOnce<()>>::call_once::h76c106ea31c14d7b
[INFO] [stdout]              at library/core/src/panic/unwind_safe.rs:272
[INFO] [stdout]       std::panicking::try::do_call::h3bd5d0f6620ee946
[INFO] [stdout]              at library/std/src/panicking.rs:552
[INFO] [stdout]       std::panicking::try::h232e535e4744fe31
[INFO] [stdout]              at library/std/src/panicking.rs:516
[INFO] [stdout]       std::panic::catch_unwind::h3ce3bd6ca8dbac68
[INFO] [stdout]              at library/std/src/panic.rs:142
[INFO] [stdout]       test::run_test_in_process::hc97b257c9621286a
[INFO] [stdout]              at library/test/src/lib.rs:651
[INFO] [stdout]       test::run_test::{{closure}}::h2aa798823a438d38
[INFO] [stdout]              at library/test/src/lib.rs:574
[INFO] [stdout]   14: test::run_test::{{closure}}::h87d231c78fb59832 (0x5632964f10d6)
[INFO] [stdout]              at library/test/src/lib.rs:602
[INFO] [stdout]       std::sys_common::backtrace::__rust_begin_short_backtrace::he6df152596625789
[INFO] [stdout]              at library/std/src/sys_common/backtrace.rs:154
[INFO] [stdout]   15: std::thread::Builder::spawn_unchecked_::{{closure}}::{{closure}}::ha94be15d1e0acf36 (0x5632964f6187)
[INFO] [stdout]              at library/std/src/thread/mod.rs:529
[INFO] [stdout]       <core::panic::unwind_safe::AssertUnwindSafe<F> as core::ops::function::FnOnce<()>>::call_once::h9dc6bd6372f16606
[INFO] [stdout]              at library/core/src/panic/unwind_safe.rs:272
[INFO] [stdout]       std::panicking::try::do_call::h9057517f80303cd4
[INFO] [stdout]              at library/std/src/panicking.rs:552
[INFO] [stdout]       std::panicking::try::he3a30b11ee45340c
[INFO] [stdout]              at library/std/src/panicking.rs:516
[INFO] [stdout]       std::panic::catch_unwind::h410458cfd3528b8b
[INFO] [stdout]              at library/std/src/panic.rs:142
[INFO] [stdout]       std::thread::Builder::spawn_unchecked_::{{closure}}::h72ac3bdb567b737b
[INFO] [stdout]              at library/std/src/thread/mod.rs:528
[INFO] [stdout]       core::ops::function::FnOnce::call_once{{vtable.shim}}::h38f34da3654a8344
[INFO] [stdout]              at library/core/src/ops/function.rs:250
[INFO] [stdout]   16: <alloc::boxed::Box<F,A> as core::ops::function::FnOnce<Args>>::call_once::hc7eafaff61e32df9 (0x5632966acd35)
[INFO] [stdout]              at library/alloc/src/boxed.rs:2007
[INFO] [stdout]       <alloc::boxed::Box<F,A> as core::ops::function::FnOnce<Args>>::call_once::h6ba4a5de48dd2304
[INFO] [stdout]              at library/alloc/src/boxed.rs:2007
[INFO] [stdout]       std::sys::unix::thread::Thread::new::thread_start::he469335aef763e45
[INFO] [stdout]              at library/std/src/sys/unix/thread.rs:108
[INFO] [stdout]   17: <unknown> (0x7fa692bf8ac3)
[INFO] [stdout]   18: __clone (0x7fa692c89bf4)
[INFO] [stdout]   19: <unknown> (0x0), CompilationError { line: 6, column: 3, filename: "./examples/rust.please", kind: UnexpectedChar { ch: ' ' } }
[INFO] [stdout] 
[INFO] [stdout] stack backtrace:
[INFO] [stdout]    0: failure::backtrace::internal::InternalBacktrace::new::h0663b0f78c2a252d (0x563296654ba9)
[INFO] [stdout]              at src/backtrace/internal.rs:44
[INFO] [stdout]    1: failure::backtrace::Backtrace::new::hcf5128e76a111d19 (0x563296655148)
[INFO] [stdout]              at src/backtrace/mod.rs:111
[INFO] [stdout]    2: <failure::error::error_impl::ErrorImpl as core::convert::From<F>>::from::hbe07e67c603582bd (0x5632964ebe67)
[INFO] [stdout]              at /opt/rustwide/cargo-home/registry/src/index.crates.io-6f17d22bba15001f/failure-0.1.5/src/error/error_impl.rs:19
[INFO] [stdout]    3: <failure::error::Error as core::convert::From<F>>::from::h8ae3cc0f13aee5b7 (0x5632964eb259)
[INFO] [stdout]              at /opt/rustwide/cargo-home/registry/src/index.crates.io-6f17d22bba15001f/failure-0.1.5/src/error/mod.rs:36
[INFO] [stdout]    4: please::lexer::Lexer::error::hc29b1268d75cdc33 (0x5632964e6221)
[INFO] [stdout]              at src/lexer.rs:322
[INFO] [stdout]    5: please::lexer::Lexer::lex_normal::h51fc5de2e2b06dc5 (0x5632964e532f)
[INFO] [stdout]              at src/lexer.rs:191
[INFO] [stdout]    6: please::lexer::Lexer::advance::h6730c5c265bd35d0 (0x5632964e4fc2)
[INFO] [stdout]              at src/lexer.rs:172
[INFO] [stdout]    7: <please::lexer::Lexer as core::iter::traits::iterator::Iterator>::next::h2d80d4b15659ec3e (0x5632964e4722)
[INFO] [stdout]              at src/lexer.rs:114
[INFO] [stdout]    8: please::lexer::Lexer::lex::h6af5b092c2883227 (0x5632964e48c4)
[INFO] [stdout]              at src/lexer.rs:137
[INFO] [stdout]    9: please::lexer::tests::test_lexer_rustplease::h9809f99f9525f155 (0x5632964ed090)
[INFO] [stdout]              at src/lexer.rs:361
[INFO] [stdout]   10: please::lexer::tests::test_lexer_rustplease::{{closure}}::hf3778074ef8657b7 (0x5632964ecf37)
[INFO] [stdout]              at src/lexer.rs:358
[INFO] [stdout]   11: core::ops::function::FnOnce::call_once::h7ffd095b5d4461fb (0x5632964e8a56)
[INFO] [stdout]              at /rustc/82e1608dfa6e0b5569232559e3d385fea5a93112/library/core/src/ops/function.rs:250
[INFO] [stdout]   12: core::ops::function::FnOnce::call_once::h2b5d431d5046312d (0x563296529dff)
[INFO] [stdout]              at library/core/src/ops/function.rs:250
[INFO] [stdout]       test::__rust_begin_short_backtrace::h7714669af176e207
[INFO] [stdout]              at library/test/src/lib.rs:628
[INFO] [stdout]   13: test::run_test_in_process::{{closure}}::h85218797dcbcec12 (0x563296528e15)
[INFO] [stdout]              at library/test/src/lib.rs:651
[INFO] [stdout]       <core::panic::unwind_safe::AssertUnwindSafe<F> as core::ops::function::FnOnce<()>>::call_once::h76c106ea31c14d7b
[INFO] [stdout]              at library/core/src/panic/unwind_safe.rs:272
[INFO] [stdout]       std::panicking::try::do_call::h3bd5d0f6620ee946
[INFO] [stdout]              at library/std/src/panicking.rs:552
[INFO] [stdout]       std::panicking::try::h232e535e4744fe31
[INFO] [stdout]              at library/std/src/panicking.rs:516
[INFO] [stdout]       std::panic::catch_unwind::h3ce3bd6ca8dbac68
[INFO] [stdout]              at library/std/src/panic.rs:142
[INFO] [stdout]       test::run_test_in_process::hc97b257c9621286a
[INFO] [stdout]              at library/test/src/lib.rs:651
[INFO] [stdout]       test::run_test::{{closure}}::h2aa798823a438d38
[INFO] [stdout]              at library/test/src/lib.rs:574
[INFO] [stdout]   14: test::run_test::{{closure}}::h87d231c78fb59832 (0x5632964f10d6)
[INFO] [stdout]              at library/test/src/lib.rs:602
[INFO] [stdout]       std::sys_common::backtrace::__rust_begin_short_backtrace::he6df152596625789
[INFO] [stdout]              at library/std/src/sys_common/backtrace.rs:154
[INFO] [stdout]   15: std::thread::Builder::spawn_unchecked_::{{closure}}::{{closure}}::ha94be15d1e0acf36 (0x5632964f6187)
[INFO] [stdout]              at library/std/src/thread/mod.rs:529
[INFO] [stdout]       <core::panic::unwind_safe::AssertUnwindSafe<F> as core::ops::function::FnOnce<()>>::call_once::h9dc6bd6372f16606
[INFO] [stdout]              at library/core/src/panic/unwind_safe.rs:272
[INFO] [stdout]       std::panicking::try::do_call::h9057517f80303cd4
[INFO] [stdout]              at library/std/src/panicking.rs:552
[INFO] [stdout]       std::panicking::try::he3a30b11ee45340c
[INFO] [stdout]              at library/std/src/panicking.rs:516
[INFO] [stdout]       std::panic::catch_unwind::h410458cfd3528b8b
[INFO] [stdout]              at library/std/src/panic.rs:142
[INFO] [stdout]       std::thread::Builder::spawn_unchecked_::{{closure}}::h72ac3bdb567b737b
[INFO] [stdout]              at library/std/src/thread/mod.rs:528
[INFO] [stdout]       core::ops::function::FnOnce::call_once{{vtable.shim}}::h38f34da3654a8344
[INFO] [stdout]              at library/core/src/ops/function.rs:250
[INFO] [stdout]   16: <alloc::boxed::Box<F,A> as core::ops::function::FnOnce<Args>>::call_once::hc7eafaff61e32df9 (0x5632966acd35)
[INFO] [stdout]              at library/alloc/src/boxed.rs:2007
[INFO] [stdout]       <alloc::boxed::Box<F,A> as core::ops::function::FnOnce<Args>>::call_once::h6ba4a5de48dd2304
[INFO] [stdout]              at library/alloc/src/boxed.rs:2007
[INFO] [stdout]       std::sys::unix::thread::Thread::new::thread_start::he469335aef763e45
[INFO] [stdout]              at library/std/src/sys/unix/thread.rs:108
[INFO] [stdout]   17: <unknown> (0x7fa692bf8ac3)
[INFO] [stdout]   18: __clone (0x7fa692c89bf4)
[INFO] [stdout]   19: <unknown> (0x0), CompilationError { line: 6, column: 4, filename: "./examples/rust.please", kind: UnexpectedChar { ch: ' ' } }
[INFO] [stdout] 
[INFO] [stdout] stack backtrace:
[INFO] [stdout]    0: failure::backtrace::internal::InternalBacktrace::new::h0663b0f78c2a252d (0x563296654ba9)
[INFO] [stdout]              at src/backtrace/internal.rs:44
[INFO] [stdout]    1: failure::backtrace::Backtrace::new::hcf5128e76a111d19 (0x563296655148)
[INFO] [stdout]              at src/backtrace/mod.rs:111
[INFO] [stdout]    2: <failure::error::error_impl::ErrorImpl as core::convert::From<F>>::from::hbe07e67c603582bd (0x5632964ebe67)
[INFO] [stdout]              at /opt/rustwide/cargo-home/registry/src/index.crates.io-6f17d22bba15001f/failure-0.1.5/src/error/error_impl.rs:19
[INFO] [stdout]    3: <failure::error::Error as core::convert::From<F>>::from::h8ae3cc0f13aee5b7 (0x5632964eb259)
[INFO] [stdout]              at /opt/rustwide/cargo-home/registry/src/index.crates.io-6f17d22bba15001f/failure-0.1.5/src/error/mod.rs:36
[INFO] [stdout]    4: please::lexer::Lexer::error::hc29b1268d75cdc33 (0x5632964e6221)
[INFO] [stdout]              at src/lexer.rs:322
[INFO] [stdout]    5: please::lexer::Lexer::lex_normal::h51fc5de2e2b06dc5 (0x5632964e532f)
[INFO] [stdout]              at src/lexer.rs:191
[INFO] [stdout]    6: please::lexer::Lexer::advance::h6730c5c265bd35d0 (0x5632964e4fc2)
[INFO] [stdout]              at src/lexer.rs:172
[INFO] [stdout]    7: <please::lexer::Lexer as core::iter::traits::iterator::Iterator>::next::h2d80d4b15659ec3e (0x5632964e4722)
[INFO] [stdout]              at src/lexer.rs:114
[INFO] [stdout]    8: please::lexer::Lexer::lex::h6af5b092c2883227 (0x5632964e48c4)
[INFO] [stdout]              at src/lexer.rs:137
[INFO] [stdout]    9: please::lexer::tests::test_lexer_rustplease::h9809f99f9525f155 (0x5632964ed090)
[INFO] [stdout]              at src/lexer.rs:361
[INFO] [stdout]   10: please::lexer::tests::test_lexer_rustplease::{{closure}}::hf3778074ef8657b7 (0x5632964ecf37)
[INFO] [stdout]              at src/lexer.rs:358
[INFO] [stdout]   11: core::ops::function::FnOnce::call_once::h7ffd095b5d4461fb (0x5632964e8a56)
[INFO] [stdout]              at /rustc/82e1608dfa6e0b5569232559e3d385fea5a93112/library/core/src/ops/function.rs:250
[INFO] [stdout]   12: core::ops::function::FnOnce::call_once::h2b5d431d5046312d (0x563296529dff)
[INFO] [stdout]              at library/core/src/ops/function.rs:250
[INFO] [stdout]       test::__rust_begin_short_backtrace::h7714669af176e207
[INFO] [stdout]              at library/test/src/lib.rs:628
[INFO] [stdout]   13: test::run_test_in_process::{{closure}}::h85218797dcbcec12 (0x563296528e15)
[INFO] [stdout]              at library/test/src/lib.rs:651
[INFO] [stdout]       <core::panic::unwind_safe::AssertUnwindSafe<F> as core::ops::function::FnOnce<()>>::call_once::h76c106ea31c14d7b
[INFO] [stdout]              at library/core/src/panic/unwind_safe.rs:272
[INFO] [stdout]       std::panicking::try::do_call::h3bd5d0f6620ee946
[INFO] [stdout]              at library/std/src/panicking.rs:552
[INFO] [stdout]       std::panicking::try::h232e535e4744fe31
[INFO] [stdout]              at library/std/src/panicking.rs:516
[INFO] [stdout]       std::panic::catch_unwind::h3ce3bd6ca8dbac68
[INFO] [stdout]              at library/std/src/panic.rs:142
[INFO] [stdout]       test::run_test_in_process::hc97b257c9621286a
[INFO] [stdout]              at library/test/src/lib.rs:651
[INFO] [stdout]       test::run_test::{{closure}}::h2aa798823a438d38
[INFO] [stdout]              at library/test/src/lib.rs:574
[INFO] [stdout]   14: test::run_test::{{closure}}::h87d231c78fb59832 (0x5632964f10d6)
[INFO] [stdout]              at library/test/src/lib.rs:602
[INFO] [stdout]       std::sys_common::backtrace::__rust_begin_short_backtrace::he6df152596625789
[INFO] [stdout]              at library/std/src/sys_common/backtrace.rs:154
[INFO] [stdout]   15: std::thread::Builder::spawn_unchecked_::{{closure}}::{{closure}}::ha94be15d1e0acf36 (0x5632964f6187)
[INFO] [stdout]              at library/std/src/thread/mod.rs:529
[INFO] [stdout]       <core::panic::unwind_safe::AssertUnwindSafe<F> as core::ops::function::FnOnce<()>>::call_once::h9dc6bd6372f16606
[INFO] [stdout]              at library/core/src/panic/unwind_safe.rs:272
[INFO] [stdout]       std::panicking::try::do_call::h9057517f80303cd4
[INFO] [stdout]              at library/std/src/panicking.rs:552
[INFO] [stdout]       std::panicking::try::he3a30b11ee45340c
[INFO] [stdout]              at library/std/src/panicking.rs:516
[INFO] [stdout]       std::panic::catch_unwind::h410458cfd3528b8b
[INFO] [stdout]              at library/std/src/panic.rs:142
[INFO] [stdout]       std::thread::Builder::spawn_unchecked_::{{closure}}::h72ac3bdb567b737b
[INFO] [stdout]              at library/std/src/thread/mod.rs:528
[INFO] [stdout]       core::ops::function::FnOnce::call_once{{vtable.shim}}::h38f34da3654a8344
[INFO] [stdout]              at library/core/src/ops/function.rs:250
[INFO] [stdout]   16: <alloc::boxed::Box<F,A> as core::ops::function::FnOnce<Args>>::call_once::hc7eafaff61e32df9 (0x5632966acd35)
[INFO] [stdout]              at library/alloc/src/boxed.rs:2007
[INFO] [stdout]       <alloc::boxed::Box<F,A> as core::ops::function::FnOnce<Args>>::call_once::h6ba4a5de48dd2304
[INFO] [stdout]              at library/alloc/src/boxed.rs:2007
[INFO] [stdout]       std::sys::unix::thread::Thread::new::thread_start::he469335aef763e45
[INFO] [stdout]              at library/std/src/sys/unix/thread.rs:108
[INFO] [stdout]   17: <unknown> (0x7fa692bf8ac3)
[INFO] [stdout]   18: __clone (0x7fa692c89bf4)
[INFO] [stdout]   19: <unknown> (0x0), CompilationError { line: 6, column: 5, filename: "./examples/rust.please", kind: UnexpectedChar { ch: '.' } }
[INFO] [stdout] 
[INFO] [stdout] stack backtrace:
[INFO] [stdout]    0: failure::backtrace::internal::InternalBacktrace::new::h0663b0f78c2a252d (0x563296654ba9)
[INFO] [stdout]              at src/backtrace/internal.rs:44
[INFO] [stdout]    1: failure::backtrace::Backtrace::new::hcf5128e76a111d19 (0x563296655148)
[INFO] [stdout]              at src/backtrace/mod.rs:111
[INFO] [stdout]    2: <failure::error::error_impl::ErrorImpl as core::convert::From<F>>::from::hbe07e67c603582bd (0x5632964ebe67)
[INFO] [stdout]              at /opt/rustwide/cargo-home/registry/src/index.crates.io-6f17d22bba15001f/failure-0.1.5/src/error/error_impl.rs:19
[INFO] [stdout]    3: <failure::error::Error as core::convert::From<F>>::from::h8ae3cc0f13aee5b7 (0x5632964eb259)
[INFO] [stdout]              at /opt/rustwide/cargo-home/registry/src/index.crates.io-6f17d22bba15001f/failure-0.1.5/src/error/mod.rs:36
[INFO] [stdout]    4: please::lexer::Lexer::error::hc29b1268d75cdc33 (0x5632964e6221)
[INFO] [stdout]              at src/lexer.rs:322
[INFO] [stdout]    5: please::lexer::Lexer::lex_normal::h51fc5de2e2b06dc5 (0x5632964e532f)
[INFO] [stdout]              at src/lexer.rs:191
[INFO] [stdout]    6: please::lexer::Lexer::advance::h6730c5c265bd35d0 (0x5632964e4fc2)
[INFO] [stdout]              at src/lexer.rs:172
[INFO] [stdout]    7: <please::lexer::Lexer as core::iter::traits::iterator::Iterator>::next::h2d80d4b15659ec3e (0x5632964e4722)
[INFO] [stdout]              at src/lexer.rs:114
[INFO] [stdout]    8: please::lexer::Lexer::lex::h6af5b092c2883227 (0x5632964e48c4)
[INFO] [stdout]              at src/lexer.rs:137
[INFO] [stdout]    9: please::lexer::tests::test_lexer_rustplease::h9809f99f9525f155 (0x5632964ed090)
[INFO] [stdout]              at src/lexer.rs:361
[INFO] [stdout]   10: please::lexer::tests::test_lexer_rustplease::{{closure}}::hf3778074ef8657b7 (0x5632964ecf37)
[INFO] [stdout]              at src/lexer.rs:358
[INFO] [stdout]   11: core::ops::function::FnOnce::call_once::h7ffd095b5d4461fb (0x5632964e8a56)
[INFO] [stdout]              at /rustc/82e1608dfa6e0b5569232559e3d385fea5a93112/library/core/src/ops/function.rs:250
[INFO] [stdout]   12: core::ops::function::FnOnce::call_once::h2b5d431d5046312d (0x563296529dff)
[INFO] [stdout]              at library/core/src/ops/function.rs:250
[INFO] [stdout]       test::__rust_begin_short_backtrace::h7714669af176e207
[INFO] [stdout]              at library/test/src/lib.rs:628
[INFO] [stdout]   13: test::run_test_in_process::{{closure}}::h85218797dcbcec12 (0x563296528e15)
[INFO] [stdout]              at library/test/src/lib.rs:651
[INFO] [stdout]       <core::panic::unwind_safe::AssertUnwindSafe<F> as core::ops::function::FnOnce<()>>::call_once::h76c106ea31c14d7b
[INFO] [stdout]              at library/core/src/panic/unwind_safe.rs:272
[INFO] [stdout]       std::panicking::try::do_call::h3bd5d0f6620ee946
[INFO] [stdout]              at library/std/src/panicking.rs:552
[INFO] [stdout]       std::panicking::try::h232e535e4744fe31
[INFO] [stdout]              at library/std/src/panicking.rs:516
[INFO] [stdout]       std::panic::catch_unwind::h3ce3bd6ca8dbac68
[INFO] [stdout]              at library/std/src/panic.rs:142
[INFO] [stdout]       test::run_test_in_process::hc97b257c9621286a
[INFO] [stdout]              at library/test/src/lib.rs:651
[INFO] [stdout]       test::run_test::{{closure}}::h2aa798823a438d38
[INFO] [stdout]              at library/test/src/lib.rs:574
[INFO] [stdout]   14: test::run_test::{{closure}}::h87d231c78fb59832 (0x5632964f10d6)
[INFO] [stdout]              at library/test/src/lib.rs:602
[INFO] [stdout]       std::sys_common::backtrace::__rust_begin_short_backtrace::he6df152596625789
[INFO] [stdout]              at library/std/src/sys_common/backtrace.rs:154
[INFO] [stdout]   15: std::thread::Builder::spawn_unchecked_::{{closure}}::{{closure}}::ha94be15d1e0acf36 (0x5632964f6187)
[INFO] [stdout]              at library/std/src/thread/mod.rs:529
[INFO] [stdout]       <core::panic::unwind_safe::AssertUnwindSafe<F> as core::ops::function::FnOnce<()>>::call_once::h9dc6bd6372f16606
[INFO] [stdout]              at library/core/src/panic/unwind_safe.rs:272
[INFO] [stdout]       std::panicking::try::do_call::h9057517f80303cd4
[INFO] [stdout]              at library/std/src/panicking.rs:552
[INFO] [stdout]       std::panicking::try::he3a30b11ee45340c
[INFO] [stdout]              at library/std/src/panicking.rs:516
[INFO] [stdout]       std::panic::catch_unwind::h410458cfd3528b8b
[INFO] [stdout]              at library/std/src/panic.rs:142
[INFO] [stdout]       std::thread::Builder::spawn_unchecked_::{{closure}}::h72ac3bdb567b737b
[INFO] [stdout]              at library/std/src/thread/mod.rs:528
[INFO] [stdout]       core::ops::function::FnOnce::call_once{{vtable.shim}}::h38f34da3654a8344
[INFO] [stdout]              at library/core/src/ops/function.rs:250
[INFO] [stdout]   16: <alloc::boxed::Box<F,A> as core::ops::function::FnOnce<Args>>::call_once::hc7eafaff61e32df9 (0x5632966acd35)
[INFO] [stdout]              at library/alloc/src/boxed.rs:2007
[INFO] [stdout]       <alloc::boxed::Box<F,A> as core::ops::function::FnOnce<Args>>::call_once::h6ba4a5de48dd2304
[INFO] [stdout]              at library/alloc/src/boxed.rs:2007
[INFO] [stdout]       std::sys::unix::thread::Thread::new::thread_start::he469335aef763e45
[INFO] [stdout]              at library/std/src/sys/unix/thread.rs:108
[INFO] [stdout]   17: <unknown> (0x7fa692bf8ac3)
[INFO] [stdout]   18: __clone (0x7fa692c89bf4)
[INFO] [stdout]   19: <unknown> (0x0), CompilationError { line: 6, column: 6, filename: "./examples/rust.please", kind: UnexpectedChar { ch: '/' } }
[INFO] [stdout] 
[INFO] [stdout] stack backtrace:
[INFO] [stdout]    0: failure::backtrace::internal::InternalBacktrace::new::h0663b0f78c2a252d (0x563296654ba9)
[INFO] [stdout]              at src/backtrace/internal.rs:44
[INFO] [stdout]    1: failure::backtrace::Backtrace::new::hcf5128e76a111d19 (0x563296655148)
[INFO] [stdout]              at src/backtrace/mod.rs:111
[INFO] [stdout]    2: <failure::error::error_impl::ErrorImpl as core::convert::From<F>>::from::hbe07e67c603582bd (0x5632964ebe67)
[INFO] [stdout]              at /opt/rustwide/cargo-home/registry/src/index.crates.io-6f17d22bba15001f/failure-0.1.5/src/error/error_impl.rs:19
[INFO] [stdout]    3: <failure::error::Error as core::convert::From<F>>::from::h8ae3cc0f13aee5b7 (0x5632964eb259)
[INFO] [stdout]              at /opt/rustwide/cargo-home/registry/src/index.crates.io-6f17d22bba15001f/failure-0.1.5/src/error/mod.rs:36
[INFO] [stdout]    4: please::lexer::Lexer::error::hc29b1268d75cdc33 (0x5632964e6221)
[INFO] [stdout]              at src/lexer.rs:322
[INFO] [stdout]    5: please::lexer::Lexer::lex_normal::h51fc5de2e2b06dc5 (0x5632964e532f)
[INFO] [stdout]              at src/lexer.rs:191
[INFO] [stdout]    6: please::lexer::Lexer::advance::h6730c5c265bd35d0 (0x5632964e4fc2)
[INFO] [stdout]              at src/lexer.rs:172
[INFO] [stdout]    7: <please::lexer::Lexer as core::iter::traits::iterator::Iterator>::next::h2d80d4b15659ec3e (0x5632964e4722)
[INFO] [stdout]              at src/lexer.rs:114
[INFO] [stdout]    8: please::lexer::Lexer::lex::h6af5b092c2883227 (0x5632964e48c4)
[INFO] [stdout]              at src/lexer.rs:137
[INFO] [stdout]    9: please::lexer::tests::test_lexer_rustplease::h9809f99f9525f155 (0x5632964ed090)
[INFO] [stdout]              at src/lexer.rs:361
[INFO] [stdout]   10: please::lexer::tests::test_lexer_rustplease::{{closure}}::hf3778074ef8657b7 (0x5632964ecf37)
[INFO] [stdout]              at src/lexer.rs:358
[INFO] [stdout]   11: core::ops::function::FnOnce::call_once::h7ffd095b5d4461fb (0x5632964e8a56)
[INFO] [stdout]              at /rustc/82e1608dfa6e0b5569232559e3d385fea5a93112/library/core/src/ops/function.rs:250
[INFO] [stdout]   12: core::ops::function::FnOnce::call_once::h2b5d431d5046312d (0x563296529dff)
[INFO] [stdout]              at library/core/src/ops/function.rs:250
[INFO] [stdout]       test::__rust_begin_short_backtrace::h7714669af176e207
[INFO] [stdout]              at library/test/src/lib.rs:628
[INFO] [stdout]   13: test::run_test_in_process::{{closure}}::h85218797dcbcec12 (0x563296528e15)
[INFO] [stdout]              at library/test/src/lib.rs:651
[INFO] [stdout]       <core::panic::unwind_safe::AssertUnwindSafe<F> as core::ops::function::FnOnce<()>>::call_once::h76c106ea31c14d7b
[INFO] [stdout]              at library/core/src/panic/unwind_safe.rs:272
[INFO] [stdout]       std::panicking::try::do_call::h3bd5d0f6620ee946
[INFO] [stdout]              at library/std/src/panicking.rs:552
[INFO] [stdout]       std::panicking::try::h232e535e4744fe31
[INFO] [stdout]              at library/std/src/panicking.rs:516
[INFO] [stdout]       std::panic::catch_unwind::h3ce3bd6ca8dbac68
[INFO] [stdout]              at library/std/src/panic.rs:142
[INFO] [stdout]       test::run_test_in_process::hc97b257c9621286a
[INFO] [stdout]              at library/test/src/lib.rs:651
[INFO] [stdout]       test::run_test::{{closure}}::h2aa798823a438d38
[INFO] [stdout]              at library/test/src/lib.rs:574
[INFO] [stdout]   14: test::run_test::{{closure}}::h87d231c78fb59832 (0x5632964f10d6)
[INFO] [stdout]              at library/test/src/lib.rs:602
[INFO] [stdout]       std::sys_common::backtrace::__rust_begin_short_backtrace::he6df152596625789
[INFO] [stdout]              at library/std/src/sys_common/backtrace.rs:154
[INFO] [stdout]   15: std::thread::Builder::spawn_unchecked_::{{closure}}::{{closure}}::ha94be15d1e0acf36 (0x5632964f6187)
[INFO] [stdout]              at library/std/src/thread/mod.rs:529
[INFO] [stdout]       <core::panic::unwind_safe::AssertUnwindSafe<F> as core::ops::function::FnOnce<()>>::call_once::h9dc6bd6372f16606
[INFO] [stdout]              at library/core/src/panic/unwind_safe.rs:272
[INFO] [stdout]       std::panicking::try::do_call::h9057517f80303cd4
[INFO] [stdout]              at library/std/src/panicking.rs:552
[INFO] [stdout]       std::panicking::try::he3a30b11ee45340c
[INFO] [stdout]              at library/std/src/panicking.rs:516
[INFO] [stdout]       std::panic::catch_unwind::h410458cfd3528b8b
[INFO] [stdout]              at library/std/src/panic.rs:142
[INFO] [stdout]       std::thread::Builder::spawn_unchecked_::{{closure}}::h72ac3bdb567b737b
[INFO] [stdout]              at library/std/src/thread/mod.rs:528
[INFO] [stdout]       core::ops::function::FnOnce::call_once{{vtable.shim}}::h38f34da3654a8344
[INFO] [stdout]              at library/core/src/ops/function.rs:250
[INFO] [stdout]   16: <alloc::boxed::Box<F,A> as core::ops::function::FnOnce<Args>>::call_once::hc7eafaff61e32df9 (0x5632966acd35)
[INFO] [stdout]              at library/alloc/src/boxed.rs:2007
[INFO] [stdout]       <alloc::boxed::Box<F,A> as core::ops::function::FnOnce<Args>>::call_once::h6ba4a5de48dd2304
[INFO] [stdout]              at library/alloc/src/boxed.rs:2007
[INFO] [stdout]       std::sys::unix::thread::Thread::new::thread_start::he469335aef763e45
[INFO] [stdout]              at library/std/src/sys/unix/thread.rs:108
[INFO] [stdout]   17: <unknown> (0x7fa692bf8ac3)
[INFO] [stdout]   18: __clone (0x7fa692c89bf4)
[INFO] [stdout]   19: <unknown> (0x0), CompilationError { line: 6, column: 13, filename: "./examples/rust.please", kind: UnexpectedChar { ch: '/' } }
[INFO] [stdout] 
[INFO] [stdout] stack backtrace:
[INFO] [stdout]    0: failure::backtrace::internal::InternalBacktrace::new::h0663b0f78c2a252d (0x563296654ba9)
[INFO] [stdout]              at src/backtrace/internal.rs:44
[INFO] [stdout]    1: failure::backtrace::Backtrace::new::hcf5128e76a111d19 (0x563296655148)
[INFO] [stdout]              at src/backtrace/mod.rs:111
[INFO] [stdout]    2: <failure::error::error_impl::ErrorImpl as core::convert::From<F>>::from::hbe07e67c603582bd (0x5632964ebe67)
[INFO] [stdout]              at /opt/rustwide/cargo-home/registry/src/index.crates.io-6f17d22bba15001f/failure-0.1.5/src/error/error_impl.rs:19
[INFO] [stdout]    3: <failure::error::Error as core::convert::From<F>>::from::h8ae3cc0f13aee5b7 (0x5632964eb259)
[INFO] [stdout]              at /opt/rustwide/cargo-home/registry/src/index.crates.io-6f17d22bba15001f/failure-0.1.5/src/error/mod.rs:36
[INFO] [stdout]    4: please::lexer::Lexer::error::hc29b1268d75cdc33 (0x5632964e6221)
[INFO] [stdout]              at src/lexer.rs:322
[INFO] [stdout]    5: please::lexer::Lexer::lex_normal::h51fc5de2e2b06dc5 (0x5632964e532f)
[INFO] [stdout]              at src/lexer.rs:191
[INFO] [stdout]    6: please::lexer::Lexer::advance::h6730c5c265bd35d0 (0x5632964e4fc2)
[INFO] [stdout]              at src/lexer.rs:172
[INFO] [stdout]    7: <please::lexer::Lexer as core::iter::traits::iterator::Iterator>::next::h2d80d4b15659ec3e (0x5632964e4632)
[INFO] [stdout]              at src/lexer.rs:111
[INFO] [stdout]    8: please::lexer::Lexer::lex::h6af5b092c2883227 (0x5632964e48c4)
[INFO] [stdout]              at src/lexer.rs:137
[INFO] [stdout]    9: please::lexer::tests::test_lexer_rustplease::h9809f99f9525f155 (0x5632964ed090)
[INFO] [stdout]              at src/lexer.rs:361
[INFO] [stdout]   10: please::lexer::tests::test_lexer_rustplease::{{closure}}::hf3778074ef8657b7 (0x5632964ecf37)
[INFO] [stdout]              at src/lexer.rs:358
[INFO] [stdout]   11: core::ops::function::FnOnce::call_once::h7ffd095b5d4461fb (0x5632964e8a56)
[INFO] [stdout]              at /rustc/82e1608dfa6e0b5569232559e3d385fea5a93112/library/core/src/ops/function.rs:250
[INFO] [stdout]   12: core::ops::function::FnOnce::call_once::h2b5d431d5046312d (0x563296529dff)
[INFO] [stdout]              at library/core/src/ops/function.rs:250
[INFO] [stdout]       test::__rust_begin_short_backtrace::h7714669af176e207
[INFO] [stdout]              at library/test/src/lib.rs:628
[INFO] [stdout]   13: test::run_test_in_process::{{closure}}::h85218797dcbcec12 (0x563296528e15)
[INFO] [stdout]              at library/test/src/lib.rs:651
[INFO] [stdout]       <core::panic::unwind_safe::AssertUnwindSafe<F> as core::ops::function::FnOnce<()>>::call_once::h76c106ea31c14d7b
[INFO] [stdout]              at library/core/src/panic/unwind_safe.rs:272
[INFO] [stdout]       std::panicking::try::do_call::h3bd5d0f6620ee946
[INFO] [stdout]              at library/std/src/panicking.rs:552
[INFO] [stdout]       std::panicking::try::h232e535e4744fe31
[INFO] [stdout]              at library/std/src/panicking.rs:516
[INFO] [stdout]       std::panic::catch_unwind::h3ce3bd6ca8dbac68
[INFO] [stdout]              at library/std/src/panic.rs:142
[INFO] [stdout]       test::run_test_in_process::hc97b257c9621286a
[INFO] [stdout]              at library/test/src/lib.rs:651
[INFO] [stdout]       test::run_test::{{closure}}::h2aa798823a438d38
[INFO] [stdout]              at library/test/src/lib.rs:574
[INFO] [stdout]   14: test::run_test::{{closure}}::h87d231c78fb59832 (0x5632964f10d6)
[INFO] [stdout]              at library/test/src/lib.rs:602
[INFO] [stdout]       std::sys_common::backtrace::__rust_begin_short_backtrace::he6df152596625789
[INFO] [stdout]              at library/std/src/sys_common/backtrace.rs:154
[INFO] [stdout]   15: std::thread::Builder::spawn_unchecked_::{{closure}}::{{closure}}::ha94be15d1e0acf36 (0x5632964f6187)
[INFO] [stdout]              at library/std/src/thread/mod.rs:529
[INFO] [stdout]       <core::panic::unwind_safe::AssertUnwindSafe<F> as core::ops::function::FnOnce<()>>::call_once::h9dc6bd6372f16606
[INFO] [stdout]              at library/core/src/panic/unwind_safe.rs:272
[INFO] [stdout]       std::panicking::try::do_call::h9057517f80303cd4
[INFO] [stdout]              at library/std/src/panicking.rs:552
[INFO] [stdout]       std::panicking::try::he3a30b11ee45340c
[INFO] [stdout]              at library/std/src/panicking.rs:516
[INFO] [stdout]       std::panic::catch_unwind::h410458cfd3528b8b
[INFO] [stdout]              at library/std/src/panic.rs:142
[INFO] [stdout]       std::thread::Builder::spawn_unchecked_::{{closure}}::h72ac3bdb567b737b
[INFO] [stdout]              at library/std/src/thread/mod.rs:528
[INFO] [stdout]       core::ops::function::FnOnce::call_once{{vtable.shim}}::h38f34da3654a8344
[INFO] [stdout]              at library/core/src/ops/function.rs:250
[INFO] [stdout]   16: <alloc::boxed::Box<F,A> as core::ops::function::FnOnce<Args>>::call_once::hc7eafaff61e32df9 (0x5632966acd35)
[INFO] [stdout]              at library/alloc/src/boxed.rs:2007
[INFO] [stdout]       <alloc::boxed::Box<F,A> as core::ops::function::FnOnce<Args>>::call_once::h6ba4a5de48dd2304
[INFO] [stdout]              at library/alloc/src/boxed.rs:2007
[INFO] [stdout]       std::sys::unix::thread::Thread::new::thread_start::he469335aef763e45
[INFO] [stdout]              at library/std/src/sys/unix/thread.rs:108
[INFO] [stdout]   17: <unknown> (0x7fa692bf8ac3)
[INFO] [stdout]   18: __clone (0x7fa692c89bf4)
[INFO] [stdout]   19: <unknown> (0x0), CompilationError { line: 6, column: 21, filename: "./examples/rust.please", kind: UnexpectedChar { ch: '/' } }
[INFO] [stdout] 
[INFO] [stdout] stack backtrace:
[INFO] [stdout]    0: failure::backtrace::internal::InternalBacktrace::new::h0663b0f78c2a252d (0x563296654ba9)
[INFO] [stdout]              at src/backtrace/internal.rs:44
[INFO] [stdout]    1: failure::backtrace::Backtrace::new::hcf5128e76a111d19 (0x563296655148)
[INFO] [stdout]              at src/backtrace/mod.rs:111
[INFO] [stdout]    2: <failure::error::error_impl::ErrorImpl as core::convert::From<F>>::from::hbe07e67c603582bd (0x5632964ebe67)
[INFO] [stdout]              at /opt/rustwide/cargo-home/registry/src/index.crates.io-6f17d22bba15001f/failure-0.1.5/src/error/error_impl.rs:19
[INFO] [stdout]    3: <failure::error::Error as core::convert::From<F>>::from::h8ae3cc0f13aee5b7 (0x5632964eb259)
[INFO] [stdout]              at /opt/rustwide/cargo-home/registry/src/index.crates.io-6f17d22bba15001f/failure-0.1.5/src/error/mod.rs:36
[INFO] [stdout]    4: please::lexer::Lexer::error::hc29b1268d75cdc33 (0x5632964e6221)
[INFO] [stdout]              at src/lexer.rs:322
[INFO] [stdout]    5: please::lexer::Lexer::lex_normal::h51fc5de2e2b06dc5 (0x5632964e532f)
[INFO] [stdout]              at src/lexer.rs:191
[INFO] [stdout]    6: please::lexer::Lexer::advance::h6730c5c265bd35d0 (0x5632964e4fc2)
[INFO] [stdout]              at src/lexer.rs:172
[INFO] [stdout]    7: <please::lexer::Lexer as core::iter::traits::iterator::Iterator>::next::h2d80d4b15659ec3e (0x5632964e4632)
[INFO] [stdout]              at src/lexer.rs:111
[INFO] [stdout]    8: please::lexer::Lexer::lex::h6af5b092c2883227 (0x5632964e48c4)
[INFO] [stdout]              at src/lexer.rs:137
[INFO] [stdout]    9: please::lexer::tests::test_lexer_rustplease::h9809f99f9525f155 (0x5632964ed090)
[INFO] [stdout]              at src/lexer.rs:361
[INFO] [stdout]   10: please::lexer::tests::test_lexer_rustplease::{{closure}}::hf3778074ef8657b7 (0x5632964ecf37)
[INFO] [stdout]              at src/lexer.rs:358
[INFO] [stdout]   11: core::ops::function::FnOnce::call_once::h7ffd095b5d4461fb (0x5632964e8a56)
[INFO] [stdout]              at /rustc/82e1608dfa6e0b5569232559e3d385fea5a93112/library/core/src/ops/function.rs:250
[INFO] [stdout]   12: core::ops::function::FnOnce::call_once::h2b5d431d5046312d (0x563296529dff)
[INFO] [stdout]              at library/core/src/ops/function.rs:250
[INFO] [stdout]       test::__rust_begin_short_backtrace::h7714669af176e207
[INFO] [stdout]              at library/test/src/lib.rs:628
[INFO] [stdout]   13: test::run_test_in_process::{{closure}}::h85218797dcbcec12 (0x563296528e15)
[INFO] [stdout]              at library/test/src/lib.rs:651
[INFO] [stdout]       <core::panic::unwind_safe::AssertUnwindSafe<F> as core::ops::function::FnOnce<()>>::call_once::h76c106ea31c14d7b
[INFO] [stdout]              at library/core/src/panic/unwind_safe.rs:272
[INFO] [stdout]       std::panicking::try::do_call::h3bd5d0f6620ee946
[INFO] [stdout]              at library/std/src/panicking.rs:552
[INFO] [stdout]       std::panicking::try::h232e535e4744fe31
[INFO] [stdout]              at library/std/src/panicking.rs:516
[INFO] [stdout]       std::panic::catch_unwind::h3ce3bd6ca8dbac68
[INFO] [stdout]              at library/std/src/panic.rs:142
[INFO] [stdout]       test::run_test_in_process::hc97b257c9621286a
[INFO] [stdout]              at library/test/src/lib.rs:651
[INFO] [stdout]       test::run_test::{{closure}}::h2aa798823a438d38
[INFO] [stdout]              at library/test/src/lib.rs:574
[INFO] [stdout]   14: test::run_test::{{closure}}::h87d231c78fb59832 (0x5632964f10d6)
[INFO] [stdout]              at library/test/src/lib.rs:602
[INFO] [stdout]       std::sys_common::backtrace::__rust_begin_short_backtrace::he6df152596625789
[INFO] [stdout]              at library/std/src/sys_common/backtrace.rs:154
[INFO] [stdout]   15: std::thread::Builder::spawn_unchecked_::{{closure}}::{{closure}}::ha94be15d1e0acf36 (0x5632964f6187)
[INFO] [stdout]              at library/std/src/thread/mod.rs:529
[INFO] [stdout]       <core::panic::unwind_safe::AssertUnwindSafe<F> as core::ops::function::FnOnce<()>>::call_once::h9dc6bd6372f16606
[INFO] [stdout]              at library/core/src/panic/unwind_safe.rs:272
[INFO] [stdout]       std::panicking::try::do_call::h9057517f80303cd4
[INFO] [stdout]              at library/std/src/panicking.rs:552
[INFO] [stdout]       std::panicking::try::he3a30b11ee45340c
[INFO] [stdout]              at library/std/src/panicking.rs:516
[INFO] [stdout]       std::panic::catch_unwind::h410458cfd3528b8b
[INFO] [stdout]              at library/std/src/panic.rs:142
[INFO] [stdout]       std::thread::Builder::spawn_unchecked_::{{closure}}::h72ac3bdb567b737b
[INFO] [stdout]              at library/std/src/thread/mod.rs:528
[INFO] [stdout]       core::ops::function::FnOnce::call_once{{vtable.shim}}::h38f34da3654a8344
[INFO] [stdout]              at library/core/src/ops/function.rs:250
[INFO] [stdout]   16: <alloc::boxed::Box<F,A> as core::ops::function::FnOnce<Args>>::call_once::hc7eafaff61e32df9 (0x5632966acd35)
[INFO] [stdout]              at library/alloc/src/boxed.rs:2007
[INFO] [stdout]       <alloc::boxed::Box<F,A> as core::ops::function::FnOnce<Args>>::call_once::h6ba4a5de48dd2304
[INFO] [stdout]              at library/alloc/src/boxed.rs:2007
[INFO] [stdout]       std::sys::unix::thread::Thread::new::thread_start::he469335aef763e45
[INFO] [stdout]              at library/std/src/sys/unix/thread.rs:108
[INFO] [stdout]   17: <unknown> (0x7fa692bf8ac3)
[INFO] [stdout]   18: __clone (0x7fa692c89bf4)
[INFO] [stdout]   19: <unknown> (0x0), CompilationError { line: 6, column: 28, filename: "./examples/rust.please", kind: UnexpectedChar { ch: '\n' } }
[INFO] [stdout] 
[INFO] [stdout] stack backtrace:
[INFO] [stdout]    0: failure::backtrace::internal::InternalBacktrace::new::h0663b0f78c2a252d (0x563296654ba9)
[INFO] [stdout]              at src/backtrace/internal.rs:44
[INFO] [stdout]    1: failure::backtrace::Backtrace::new::hcf5128e76a111d19 (0x563296655148)
[INFO] [stdout]              at src/backtrace/mod.rs:111
[INFO] [stdout]    2: <failure::error::error_impl::ErrorImpl as core::convert::From<F>>::from::hbe07e67c603582bd (0x5632964ebe67)
[INFO] [stdout]              at /opt/rustwide/cargo-home/registry/src/index.crates.io-6f17d22bba15001f/failure-0.1.5/src/error/error_impl.rs:19
[INFO] [stdout]    3: <failure::error::Error as core::convert::From<F>>::from::h8ae3cc0f13aee5b7 (0x5632964eb259)
[INFO] [stdout]              at /opt/rustwide/cargo-home/registry/src/index.crates.io-6f17d22bba15001f/failure-0.1.5/src/error/mod.rs:36
[INFO] [stdout]    4: please::lexer::Lexer::error::hc29b1268d75cdc33 (0x5632964e6221)
[INFO] [stdout]              at src/lexer.rs:322
[INFO] [stdout]    5: please::lexer::Lexer::lex_normal::h51fc5de2e2b06dc5 (0x5632964e532f)
[INFO] [stdout]              at src/lexer.rs:191
[INFO] [stdout]    6: please::lexer::Lexer::advance::h6730c5c265bd35d0 (0x5632964e4fc2)
[INFO] [stdout]              at src/lexer.rs:172
[INFO] [stdout]    7: <please::lexer::Lexer as core::iter::traits::iterator::Iterator>::next::h2d80d4b15659ec3e (0x5632964e4632)
[INFO] [stdout]              at src/lexer.rs:111
[INFO] [stdout]    8: please::lexer::Lexer::lex::h6af5b092c2883227 (0x5632964e48c4)
[INFO] [stdout]              at src/lexer.rs:137
[INFO] [stdout]    9: please::lexer::tests::test_lexer_rustplease::h9809f99f9525f155 (0x5632964ed090)
[INFO] [stdout]              at src/lexer.rs:361
[INFO] [stdout]   10: please::lexer::tests::test_lexer_rustplease::{{closure}}::hf3778074ef8657b7 (0x5632964ecf37)
[INFO] [stdout]              at src/lexer.rs:358
[INFO] [stdout]   11: core::ops::function::FnOnce::call_once::h7ffd095b5d4461fb (0x5632964e8a56)
[INFO] [stdout]              at /rustc/82e1608dfa6e0b5569232559e3d385fea5a93112/library/core/src/ops/function.rs:250
[INFO] [stdout]   12: core::ops::function::FnOnce::call_once::h2b5d431d5046312d (0x563296529dff)
[INFO] [stdout]              at library/core/src/ops/function.rs:250
[INFO] [stdout]       test::__rust_begin_short_backtrace::h7714669af176e207
[INFO] [stdout]              at library/test/src/lib.rs:628
[INFO] [stdout]   13: test::run_test_in_process::{{closure}}::h85218797dcbcec12 (0x563296528e15)
[INFO] [stdout]              at library/test/src/lib.rs:651
[INFO] [stdout]       <core::panic::unwind_safe::AssertUnwindSafe<F> as core::ops::function::FnOnce<()>>::call_once::h76c106ea31c14d7b
[INFO] [stdout]              at library/core/src/panic/unwind_safe.rs:272
[INFO] [stdout]       std::panicking::try::do_call::h3bd5d0f6620ee946
[INFO] [stdout]              at library/std/src/panicking.rs:552
[INFO] [stdout]       std::panicking::try::h232e535e4744fe31
[INFO] [stdout]              at library/std/src/panicking.rs:516
[INFO] [stdout]       std::panic::catch_unwind::h3ce3bd6ca8dbac68
[INFO] [stdout]              at library/std/src/panic.rs:142
[INFO] [stdout]       test::run_test_in_process::hc97b257c9621286a
[INFO] [stdout]              at library/test/src/lib.rs:651
[INFO] [stdout]       test::run_test::{{closure}}::h2aa798823a438d38
[INFO] [stdout]              at library/test/src/lib.rs:574
[INFO] [stdout]   14: test::run_test::{{closure}}::h87d231c78fb59832 (0x5632964f10d6)
[INFO] [stdout]              at library/test/src/lib.rs:602
[INFO] [stdout]       std::sys_common::backtrace::__rust_begin_short_backtrace::he6df152596625789
[INFO] [stdout]              at library/std/src/sys_common/backtrace.rs:154
[INFO] [stdout]   15: std::thread::Builder::spawn_unchecked_::{{closure}}::{{closure}}::ha94be15d1e0acf36 (0x5632964f6187)
[INFO] [stdout]              at library/std/src/thread/mod.rs:529
[INFO] [stdout]       <core::panic::unwind_safe::AssertUnwindSafe<F> as core::ops::function::FnOnce<()>>::call_once::h9dc6bd6372f16606
[INFO] [stdout]              at library/core/src/panic/unwind_safe.rs:272
[INFO] [stdout]       std::panicking::try::do_call::h9057517f80303cd4
[INFO] [stdout]              at library/std/src/panicking.rs:552
[INFO] [stdout]       std::panicking::try::he3a30b11ee45340c
[INFO] [stdout]              at library/std/src/panicking.rs:516
[INFO] [stdout]       std::panic::catch_unwind::h410458cfd3528b8b
[INFO] [stdout]              at library/std/src/panic.rs:142
[INFO] [stdout]       std::thread::Builder::spawn_unchecked_::{{closure}}::h72ac3bdb567b737b
[INFO] [stdout]              at library/std/src/thread/mod.rs:528
[INFO] [stdout]       core::ops::function::FnOnce::call_once{{vtable.shim}}::h38f34da3654a8344
[INFO] [stdout]              at library/core/src/ops/function.rs:250
[INFO] [stdout]   16: <alloc::boxed::Box<F,A> as core::ops::function::FnOnce<Args>>::call_once::hc7eafaff61e32df9 (0x5632966acd35)
[INFO] [stdout]              at library/alloc/src/boxed.rs:2007
[INFO] [stdout]       <alloc::boxed::Box<F,A> as core::ops::function::FnOnce<Args>>::call_once::h6ba4a5de48dd2304
[INFO] [stdout]              at library/alloc/src/boxed.rs:2007
[INFO] [stdout]       std::sys::unix::thread::Thread::new::thread_start::he469335aef763e45
[INFO] [stdout]              at library/std/src/sys/unix/thread.rs:108
[INFO] [stdout]   17: <unknown> (0x7fa692bf8ac3)
[INFO] [stdout]   18: __clone (0x7fa692c89bf4)
[INFO] [stdout]   19: <unknown> (0x0)] }
[INFO] [stdout] 
[INFO] [stdout] stack backtrace:
[INFO] [stdout]    0: failure::backtrace::internal::InternalBacktrace::new::h0663b0f78c2a252d (0x563296654ba9)
[INFO] [stdout]              at src/backtrace/internal.rs:44
[INFO] [stdout]    1: failure::backtrace::Backtrace::new::hcf5128e76a111d19 (0x563296655148)
[INFO] [stdout]              at src/backtrace/mod.rs:111
[INFO] [stdout]    2: <failure::error::error_impl::ErrorImpl as core::convert::From<F>>::from::hdfa6559d189ee981 (0x5632964ec0d7)
[INFO] [stdout]              at /opt/rustwide/cargo-home/registry/src/index.crates.io-6f17d22bba15001f/failure-0.1.5/src/error/error_impl.rs:19
[INFO] [stdout]    3: <failure::error::Error as core::convert::From<F>>::from::h453f910b15ddacf5 (0x5632964eb229)
[INFO] [stdout]              at /opt/rustwide/cargo-home/registry/src/index.crates.io-6f17d22bba15001f/failure-0.1.5/src/error/mod.rs:36
[INFO] [stdout]    4: please::lexer::Lexer::lex::h6af5b092c2883227 (0x5632964e49e2)
[INFO] [stdout]              at src/lexer.rs:143
[INFO] [stdout]    5: please::lexer::tests::test_lexer_rustplease::h9809f99f9525f155 (0x5632964ed090)
[INFO] [stdout]              at src/lexer.rs:361
[INFO] [stdout]    6: please::lexer::tests::test_lexer_rustplease::{{closure}}::hf3778074ef8657b7 (0x5632964ecf37)
[INFO] [stdout]              at src/lexer.rs:358
[INFO] [stdout]    7: core::ops::function::FnOnce::call_once::h7ffd095b5d4461fb (0x5632964e8a56)
[INFO] [stdout]              at /rustc/82e1608dfa6e0b5569232559e3d385fea5a93112/library/core/src/ops/function.rs:250
[INFO] [stdout]    8: core::ops::function::FnOnce::call_once::h2b5d431d5046312d (0x563296529dff)
[INFO] [stdout]              at library/core/src/ops/function.rs:250
[INFO] [stdout]       test::__rust_begin_short_backtrace::h7714669af176e207
[INFO] [stdout]              at library/test/src/lib.rs:628
[INFO] [stdout]    9: test::run_test_in_process::{{closure}}::h85218797dcbcec12 (0x563296528e15)
[INFO] [stdout]              at library/test/src/lib.rs:651
[INFO] [stdout]       <core::panic::unwind_safe::AssertUnwindSafe<F> as core::ops::function::FnOnce<()>>::call_once::h76c106ea31c14d7b
[INFO] [stdout]              at library/core/src/panic/unwind_safe.rs:272
[INFO] [stdout]       std::panicking::try::do_call::h3bd5d0f6620ee946
[INFO] [stdout]              at library/std/src/panicking.rs:552
[INFO] [stdout]       std::panicking::try::h232e535e4744fe31
[INFO] [stdout]              at library/std/src/panicking.rs:516
[INFO] [stdout]       std::panic::catch_unwind::h3ce3bd6ca8dbac68
[INFO] [stdout]              at library/std/src/panic.rs:142
[INFO] [stdout]       test::run_test_in_process::hc97b257c9621286a
[INFO] [stdout]              at library/test/src/lib.rs:651
[INFO] [stdout]       test::run_test::{{closure}}::h2aa798823a438d38
[INFO] [stdout]              at library/test/src/lib.rs:574
[INFO] [stdout]   10: test::run_test::{{closure}}::h87d231c78fb59832 (0x5632964f10d6)
[INFO] [stdout]              at library/test/src/lib.rs:602
[INFO] [stdout]       std::sys_common::backtrace::__rust_begin_short_backtrace::he6df152596625789
[INFO] [stdout]              at library/std/src/sys_common/backtrace.rs:154
[INFO] [stdout]   11: std::thread::Builder::spawn_unchecked_::{{closure}}::{{closure}}::ha94be15d1e0acf36 (0x5632964f6187)
[INFO] [stdout]              at library/std/src/thread/mod.rs:529
[INFO] [stdout]       <core::panic::unwind_safe::AssertUnwindSafe<F> as core::ops::function::FnOnce<()>>::call_once::h9dc6bd6372f16606
[INFO] [stdout]              at library/core/src/panic/unwind_safe.rs:272
[INFO] [stdout]       std::panicking::try::do_call::h9057517f80303cd4
[INFO] [stdout]              at library/std/src/panicking.rs:552
[INFO] [stdout]       std::panicking::try::he3a30b11ee45340c
[INFO] [stdout]              at library/std/src/panicking.rs:516
[INFO] [stdout]       std::panic::catch_unwind::h410458cfd3528b8b
[INFO] [stdout]              at library/std/src/panic.rs:142
[INFO] [stdout]       std::thread::Builder::spawn_unchecked_::{{closure}}::h72ac3bdb567b737b
[INFO] [stdout]              at library/std/src/thread/mod.rs:528
[INFO] [stdout]       core::ops::function::FnOnce::call_once{{vtable.shim}}::h38f34da3654a8344
[INFO] [stdout]              at library/core/src/ops/function.rs:250
[INFO] [stdout]   12: <alloc::boxed::Box<F,A> as core::ops::function::FnOnce<Args>>::call_once::hc7eafaff61e32df9 (0x5632966acd35)
[INFO] [stdout]              at library/alloc/src/boxed.rs:2007
[INFO] [stdout]       <alloc::boxed::Box<F,A> as core::ops::function::FnOnce<Args>>::call_once::h6ba4a5de48dd2304
[INFO] [stdout]              at library/alloc/src/boxed.rs:2007
[INFO] [stdout]       std::sys::unix::thread::Thread::new::thread_start::he469335aef763e45
[INFO] [stdout]              at library/std/src/sys/unix/thread.rs:108
[INFO] [stdout]   13: <unknown> (0x7fa692bf8ac3)
[INFO] [stdout]   14: __clone (0x7fa692c89bf4)
[INFO] [stdout]   15: <unknown> (0x0)
[INFO] [stdout] stack backtrace:
[INFO] [stdout]    0:     0x5632966a5f9c - std::backtrace_rs::backtrace::libunwind::trace::ha637c64ce894333a
[INFO] [stdout]                                at /rustc/82e1608dfa6e0b5569232559e3d385fea5a93112/library/std/src/../../backtrace/src/backtrace/libunwind.rs:104:5
[INFO] [stdout]    1:     0x5632966a5f9c - std::backtrace_rs::backtrace::trace_unsynchronized::h47f62dea28e0c88d
[INFO] [stdout]                                at /rustc/82e1608dfa6e0b5569232559e3d385fea5a93112/library/std/src/../../backtrace/src/backtrace/mod.rs:66:5
[INFO] [stdout]    2:     0x5632966a5f9c - std::sys_common::backtrace::_print_fmt::h9eef0abe20ede486
[INFO] [stdout]                                at /rustc/82e1608dfa6e0b5569232559e3d385fea5a93112/library/std/src/sys_common/backtrace.rs:67:5
[INFO] [stdout]    3:     0x5632966a5f9c - <std::sys_common::backtrace::_print::DisplayBacktrace as core::fmt::Display>::fmt::hed7f999df88cc644
[INFO] [stdout]                                at /rustc/82e1608dfa6e0b5569232559e3d385fea5a93112/library/std/src/sys_common/backtrace.rs:44:22
[INFO] [stdout]    4:     0x5632966d1b70 - core::fmt::rt::Argument::fmt::h1539a9308b8d058d
[INFO] [stdout]                                at /rustc/82e1608dfa6e0b5569232559e3d385fea5a93112/library/core/src/fmt/rt.rs:142:9
[INFO] [stdout]    5:     0x5632966d1b70 - core::fmt::write::h3a39390d8560d9c9
[INFO] [stdout]                                at /rustc/82e1608dfa6e0b5569232559e3d385fea5a93112/library/core/src/fmt/mod.rs:1120:17
[INFO] [stdout]    6:     0x5632966a2e4f - std::io::Write::write_fmt::h040b369f3a0f9cbc
[INFO] [stdout]                                at /rustc/82e1608dfa6e0b5569232559e3d385fea5a93112/library/std/src/io/mod.rs:1762:15
[INFO] [stdout]    7:     0x5632966a5d84 - std::sys_common::backtrace::_print::h894006fb5c6f3d45
[INFO] [stdout]                                at /rustc/82e1608dfa6e0b5569232559e3d385fea5a93112/library/std/src/sys_common/backtrace.rs:47:5
[INFO] [stdout]    8:     0x5632966a5d84 - std::sys_common::backtrace::print::h23a2d212c6fff936
[INFO] [stdout]                                at /rustc/82e1608dfa6e0b5569232559e3d385fea5a93112/library/std/src/sys_common/backtrace.rs:34:9
[INFO] [stdout]    9:     0x5632966a7a47 - std::panicking::default_hook::{{closure}}::h8a1d2ee00185001a
[INFO] [stdout]   10:     0x5632966a7733 - std::panicking::default_hook::h6038f2eba384e475
[INFO] [stdout]                                at /rustc/82e1608dfa6e0b5569232559e3d385fea5a93112/library/std/src/panicking.rs:289:9
[INFO] [stdout]   11:     0x5632965247a7 - <alloc::boxed::Box<F,A> as core::ops::function::Fn<Args>>::call::h0ad024c9bdc6d768
[INFO] [stdout]                                at /rustc/82e1608dfa6e0b5569232559e3d385fea5a93112/library/alloc/src/boxed.rs:2021:9
[INFO] [stdout]   12:     0x5632965247a7 - test::test_main::{{closure}}::h7500b54257359db6
[INFO] [stdout]                                at /rustc/82e1608dfa6e0b5569232559e3d385fea5a93112/library/test/src/lib.rs:138:21
[INFO] [stdout]   13:     0x5632966a8058 - <alloc::boxed::Box<F,A> as core::ops::function::Fn<Args>>::call::h1f8f335eaa9cfaee
[INFO] [stdout]                                at /rustc/82e1608dfa6e0b5569232559e3d385fea5a93112/library/alloc/src/boxed.rs:2021:9
[INFO] [stdout]   14:     0x5632966a8058 - std::panicking::rust_panic_with_hook::h2b5517d590cab22e
[INFO] [stdout]                                at /rustc/82e1608dfa6e0b5569232559e3d385fea5a93112/library/std/src/panicking.rs:783:13
[INFO] [stdout]   15:     0x5632966a7dae - std::panicking::begin_panic_handler::{{closure}}::h233112c06e0ef43e
[INFO] [stdout]                                at /rustc/82e1608dfa6e0b5569232559e3d385fea5a93112/library/std/src/panicking.rs:657:13
[INFO] [stdout]   16:     0x5632966a6466 - std::sys_common::backtrace::__rust_end_short_backtrace::h6e893f24d7ebbff8
[INFO] [stdout]                                at /rustc/82e1608dfa6e0b5569232559e3d385fea5a93112/library/std/src/sys_common/backtrace.rs:170:18
[INFO] [stdout]   17:     0x5632966a7b12 - rust_begin_unwind
[INFO] [stdout]                                at /rustc/82e1608dfa6e0b5569232559e3d385fea5a93112/library/std/src/panicking.rs:645:5
[INFO] [stdout]   18:     0x5632964deed5 - core::panicking::panic_fmt::hbf0e066aabfa482c
[INFO] [stdout]                                at /rustc/82e1608dfa6e0b5569232559e3d385fea5a93112/library/core/src/panicking.rs:72:14
[INFO] [stdout]   19:     0x5632964df463 - core::result::unwrap_failed::hddb4fea594200c52
[INFO] [stdout]                                at /rustc/82e1608dfa6e0b5569232559e3d385fea5a93112/library/core/src/result.rs:1653:5
[INFO] [stdout]   20:     0x5632964e0be7 - core::result::Result<T,E>::unwrap::h9f97db2409bc0277
[INFO] [stdout]                                at /rustc/82e1608dfa6e0b5569232559e3d385fea5a93112/library/core/src/result.rs:1077:23
[INFO] [stdout]   21:     0x5632964ed0ae - please::lexer::tests::test_lexer_rustplease::h9809f99f9525f155
[INFO] [stdout]                                at /opt/rustwide/workdir/src/lexer.rs:361:22
[INFO] [stdout]   22:     0x5632964ecf37 - please::lexer::tests::test_lexer_rustplease::{{closure}}::hf3778074ef8657b7
[INFO] [stdout]                                at /opt/rustwide/workdir/src/lexer.rs:358:35
[INFO] [stdout]   23:     0x5632964e8a56 - core::ops::function::FnOnce::call_once::h7ffd095b5d4461fb
[INFO] [stdout]                                at /rustc/82e1608dfa6e0b5569232559e3d385fea5a93112/library/core/src/ops/function.rs:250:5
[INFO] [stdout]   24:     0x563296529dff - core::ops::function::FnOnce::call_once::h2b5d431d5046312d
[INFO] [stdout]                                at /rustc/82e1608dfa6e0b5569232559e3d385fea5a93112/library/core/src/ops/function.rs:250:5
[INFO] [stdout]   25:     0x563296529dff - test::__rust_begin_short_backtrace::h7714669af176e207
[INFO] [stdout]                                at /rustc/82e1608dfa6e0b5569232559e3d385fea5a93112/library/test/src/lib.rs:628:18
[INFO] [stdout]   26:     0x563296528e15 - test::run_test_in_process::{{closure}}::h85218797dcbcec12
[INFO] [stdout]                                at /rustc/82e1608dfa6e0b5569232559e3d385fea5a93112/library/test/src/lib.rs:651:60
[INFO] [stdout]   27:     0x563296528e15 - <core::panic::unwind_safe::AssertUnwindSafe<F> as core::ops::function::FnOnce<()>>::call_once::h76c106ea31c14d7b
[INFO] [stdout]                                at /rustc/82e1608dfa6e0b5569232559e3d385fea5a93112/library/core/src/panic/unwind_safe.rs:272:9
[INFO] [stdout]   28:     0x563296528e15 - std::panicking::try::do_call::h3bd5d0f6620ee946
[INFO] [stdout]                                at /rustc/82e1608dfa6e0b5569232559e3d385fea5a93112/library/std/src/panicking.rs:552:40
[INFO] [stdout]   29:     0x563296528e15 - std::panicking::try::h232e535e4744fe31
[INFO] [stdout]                                at /rustc/82e1608dfa6e0b5569232559e3d385fea5a93112/library/std/src/panicking.rs:516:19
[INFO] [stdout]   30:     0x563296528e15 - std::panic::catch_unwind::h3ce3bd6ca8dbac68
[INFO] [stdout]                                at /rustc/82e1608dfa6e0b5569232559e3d385fea5a93112/library/std/src/panic.rs:142:14
[INFO] [stdout]   31:     0x563296528e15 - test::run_test_in_process::hc97b257c9621286a
[INFO] [stdout]                                at /rustc/82e1608dfa6e0b5569232559e3d385fea5a93112/library/test/src/lib.rs:651:27
[INFO] [stdout]   32:     0x563296528e15 - test::run_test::{{closure}}::h2aa798823a438d38
[INFO] [stdout]                                at /rustc/82e1608dfa6e0b5569232559e3d385fea5a93112/library/test/src/lib.rs:574:43
[INFO] [stdout]   33:     0x5632964f10d6 - test::run_test::{{closure}}::h87d231c78fb59832
[INFO] [stdout]                                at /rustc/82e1608dfa6e0b5569232559e3d385fea5a93112/library/test/src/lib.rs:602:41
[INFO] [stdout]   34:     0x5632964f10d6 - std::sys_common::backtrace::__rust_begin_short_backtrace::he6df152596625789
[INFO] [stdout]                                at /rustc/82e1608dfa6e0b5569232559e3d385fea5a93112/library/std/src/sys_common/backtrace.rs:154:18
[INFO] [stdout]   35:     0x5632964f6187 - std::thread::Builder::spawn_unchecked_::{{closure}}::{{closure}}::ha94be15d1e0acf36
[INFO] [stdout]                                at /rustc/82e1608dfa6e0b5569232559e3d385fea5a93112/library/std/src/thread/mod.rs:529:17
[INFO] [stdout]   36:     0x5632964f6187 - <core::panic::unwind_safe::AssertUnwindSafe<F> as core::ops::function::FnOnce<()>>::call_once::h9dc6bd6372f16606
[INFO] [stdout]                                at /rustc/82e1608dfa6e0b5569232559e3d385fea5a93112/library/core/src/panic/unwind_safe.rs:272:9
[INFO] [stdout]   37:     0x5632964f6187 - std::panicking::try::do_call::h9057517f80303cd4
[INFO] [stdout]                                at /rustc/82e1608dfa6e0b5569232559e3d385fea5a93112/library/std/src/panicking.rs:552:40
[INFO] [stdout]   38:     0x5632964f6187 - std::panicking::try::he3a30b11ee45340c
[INFO] [stdout]                                at /rustc/82e1608dfa6e0b5569232559e3d385fea5a93112/library/std/src/panicking.rs:516:19
[INFO] [stdout]   39:     0x5632964f6187 - std::panic::catch_unwind::h410458cfd3528b8b
[INFO] [stdout]                                at /rustc/82e1608dfa6e0b5569232559e3d385fea5a93112/library/std/src/panic.rs:142:14
[INFO] [stdout]   40:     0x5632964f6187 - std::thread::Builder::spawn_unchecked_::{{closure}}::h72ac3bdb567b737b
[INFO] [stdout]                                at /rustc/82e1608dfa6e0b5569232559e3d385fea5a93112/library/std/src/thread/mod.rs:528:30
[INFO] [stdout]   41:     0x5632964f6187 - core::ops::function::FnOnce::call_once{{vtable.shim}}::h38f34da3654a8344
[INFO] [stdout]                                at /rustc/82e1608dfa6e0b5569232559e3d385fea5a93112/library/core/src/ops/function.rs:250:5
[INFO] [stdout]   42:     0x5632966acd35 - <alloc::boxed::Box<F,A> as core::ops::function::FnOnce<Args>>::call_once::hc7eafaff61e32df9
[INFO] [stdout]                                at /rustc/82e1608dfa6e0b5569232559e3d385fea5a93112/library/alloc/src/boxed.rs:2007:9
[INFO] [stdout]   43:     0x5632966acd35 - <alloc::boxed::Box<F,A> as core::ops::function::FnOnce<Args>>::call_once::h6ba4a5de48dd2304
[INFO] [stdout]                                at /rustc/82e1608dfa6e0b5569232559e3d385fea5a93112/library/alloc/src/boxed.rs:2007:9
[INFO] [stdout]   44:     0x5632966acd35 - std::sys::unix::thread::Thread::new::thread_start::he469335aef763e45
[INFO] [stdout]                                at /rustc/82e1608dfa6e0b5569232559e3d385fea5a93112/library/std/src/sys/unix/thread.rs:108:17
[INFO] [stdout]   45:     0x7fa692bf8ac3 - <unknown>
[INFO] [stdout]   46:     0x7fa692c89bf4 - __clone
[INFO] [stdout]   47:                0x0 - <unknown>
[INFO] [stdout] 
[INFO] [stdout] 
[INFO] [stdout] failures:
[INFO] [stdout]     lexer::tests::test_lexer_rustplease
[INFO] [stdout] 
[INFO] [stdout] test result: FAILED. 0 passed; 1 failed; 0 ignored; 0 measured; 0 filtered out; finished in 0.18s
[INFO] [stdout] 
[INFO] [stderr] error: test failed, to rerun pass `--lib`
[INFO] running `Command { std: "docker" "inspect" "399742eae3d9adc0ccaffdc16e01e96d69f09f68de3961fa867d92cc15a304cd", kill_on_drop: false }`
[INFO] running `Command { std: "docker" "rm" "-f" "399742eae3d9adc0ccaffdc16e01e96d69f09f68de3961fa867d92cc15a304cd", kill_on_drop: false }`
[INFO] [stdout] 399742eae3d9adc0ccaffdc16e01e96d69f09f68de3961fa867d92cc15a304cd
