[INFO] cloning repository https://github.com/ashlikatt/KindlingOld
[INFO] running `Command { std: "git" "-c" "credential.helper=" "-c" "credential.helper=/workspace/cargo-home/bin/git-credential-null" "clone" "--bare" "https://github.com/ashlikatt/KindlingOld" "/workspace/cache/git-repos/https%3A%2F%2Fgithub.com%2Fashlikatt%2FKindlingOld", kill_on_drop: false }`
[INFO] [stderr] Cloning into bare repository '/workspace/cache/git-repos/https%3A%2F%2Fgithub.com%2Fashlikatt%2FKindlingOld'...
[INFO] running `Command { std: "git" "rev-parse" "HEAD", kill_on_drop: false }`
[INFO] [stdout] 0ab11c33d49988ebb12ebba6e37498f1e0de0674
[INFO] testing ashlikatt/KindlingOld against 1.75.0 for beta-1.76-1
[INFO] running `Command { std: "git" "clone" "/workspace/cache/git-repos/https%3A%2F%2Fgithub.com%2Fashlikatt%2FKindlingOld" "/workspace/builds/worker-5-tc1/source", kill_on_drop: false }`
[INFO] [stderr] Cloning into '/workspace/builds/worker-5-tc1/source'...
[INFO] [stderr] done.
[INFO] validating manifest of git repo https://github.com/ashlikatt/KindlingOld on toolchain 1.75.0
[INFO] running `Command { std: CARGO_HOME="/workspace/cargo-home" RUSTUP_HOME="/workspace/rustup-home" "/workspace/cargo-home/bin/cargo" "+1.75.0" "metadata" "--manifest-path" "Cargo.toml" "--no-deps", kill_on_drop: false }`
[INFO] started tweaking git repo https://github.com/ashlikatt/KindlingOld
[INFO] finished tweaking git repo https://github.com/ashlikatt/KindlingOld
[INFO] tweaked toml for git repo https://github.com/ashlikatt/KindlingOld written to /workspace/builds/worker-5-tc1/source/Cargo.toml
[INFO] crate git repo https://github.com/ashlikatt/KindlingOld already has a lockfile, it will not be regenerated
[INFO] running `Command { std: CARGO_HOME="/workspace/cargo-home" RUSTUP_HOME="/workspace/rustup-home" "/workspace/cargo-home/bin/cargo" "+1.75.0" "fetch" "--manifest-path" "Cargo.toml", kill_on_drop: false }`
[INFO] [stderr]     Updating crates.io index
[INFO] [stderr]  Downloading crates ...
[INFO] [stderr]   Downloaded tokio-codec v0.1.2
[INFO] [stderr]   Downloaded autocfg v0.1.8
[INFO] [stderr]   Downloaded smallvec v0.6.14
[INFO] [stderr]   Downloaded tokio-tcp v0.1.4
[INFO] [stderr]   Downloaded websocket-base v0.26.5
[INFO] [stderr]   Downloaded tokio-tls v0.2.1
[INFO] [stderr]   Downloaded websocket v0.26.5
[INFO] [stderr]   Downloaded parking_lot_core v0.6.3
[INFO] [stderr]   Downloaded tokio-sync v0.1.8
[INFO] running `Command { std: "docker" "create" "-v" "/var/lib/crater-agent-workspace/builds/worker-5-tc1/target:/opt/rustwide/target:rw,Z" "-v" "/var/lib/crater-agent-workspace/builds/worker-5-tc1/source:/opt/rustwide/workdir:ro,Z" "-v" "/var/lib/crater-agent-workspace/cargo-home:/opt/rustwide/cargo-home:ro,Z" "-v" "/var/lib/crater-agent-workspace/rustup-home:/opt/rustwide/rustup-home:ro,Z" "-e" "SOURCE_DIR=/opt/rustwide/workdir" "-e" "CARGO_TARGET_DIR=/opt/rustwide/target" "-e" "CARGO_HOME=/opt/rustwide/cargo-home" "-e" "RUSTUP_HOME=/opt/rustwide/rustup-home" "-w" "/opt/rustwide/workdir" "-m" "1610612736" "--user" "0:0" "--network" "none" "ghcr.io/rust-lang/crates-build-env/linux@sha256:2788e3201cd34a07e3172128adcd8b3090168a8e3bcc40d7c032b9dda1df7d1c" "/opt/rustwide/cargo-home/bin/cargo" "+1.75.0" "metadata" "--no-deps" "--format-version=1", kill_on_drop: false }`
[INFO] [stdout] 4211b10feeaa4876edf189992e3f4beeff23432358ec0ce0cc055d0e32c9d109
[INFO] running `Command { std: "docker" "start" "-a" "4211b10feeaa4876edf189992e3f4beeff23432358ec0ce0cc055d0e32c9d109", kill_on_drop: false }`
[INFO] running `Command { std: "docker" "inspect" "4211b10feeaa4876edf189992e3f4beeff23432358ec0ce0cc055d0e32c9d109", kill_on_drop: false }`
[INFO] running `Command { std: "docker" "rm" "-f" "4211b10feeaa4876edf189992e3f4beeff23432358ec0ce0cc055d0e32c9d109", kill_on_drop: false }`
[INFO] [stdout] 4211b10feeaa4876edf189992e3f4beeff23432358ec0ce0cc055d0e32c9d109
[INFO] running `Command { std: "docker" "create" "-v" "/var/lib/crater-agent-workspace/builds/worker-5-tc1/target:/opt/rustwide/target:rw,Z" "-v" "/var/lib/crater-agent-workspace/builds/worker-5-tc1/source:/opt/rustwide/workdir:ro,Z" "-v" "/var/lib/crater-agent-workspace/cargo-home:/opt/rustwide/cargo-home:ro,Z" "-v" "/var/lib/crater-agent-workspace/rustup-home:/opt/rustwide/rustup-home:ro,Z" "-e" "SOURCE_DIR=/opt/rustwide/workdir" "-e" "CARGO_TARGET_DIR=/opt/rustwide/target" "-e" "CARGO_INCREMENTAL=0" "-e" "RUST_BACKTRACE=full" "-e" "RUSTFLAGS=--cap-lints=warn" "-e" "RUSTDOCFLAGS=--cap-lints=warn" "-e" "CARGO_HOME=/opt/rustwide/cargo-home" "-e" "RUSTUP_HOME=/opt/rustwide/rustup-home" "-w" "/opt/rustwide/workdir" "-m" "1610612736" "--user" "0:0" "--network" "none" "ghcr.io/rust-lang/crates-build-env/linux@sha256:2788e3201cd34a07e3172128adcd8b3090168a8e3bcc40d7c032b9dda1df7d1c" "/opt/rustwide/cargo-home/bin/cargo" "+1.75.0" "build" "--frozen" "--message-format=json", kill_on_drop: false }`
[INFO] [stdout] 60a56bfcd91919b2a833ae153253b56f2d01340ebad622d5f1d6de20063596ab
[INFO] running `Command { std: "docker" "start" "-a" "60a56bfcd91919b2a833ae153253b56f2d01340ebad622d5f1d6de20063596ab", kill_on_drop: false }`
[INFO] [stderr]    Compiling libc v0.2.139
[INFO] [stderr]    Compiling log v0.4.17
[INFO] [stderr]    Compiling byteorder v1.4.3
[INFO] [stderr]    Compiling semver-parser v0.7.0
[INFO] [stderr]    Compiling autocfg v0.1.8
[INFO] [stderr]    Compiling rand_core v0.4.2
[INFO] [stderr]    Compiling cc v1.0.78
[INFO] [stderr]    Compiling pkg-config v0.3.26
[INFO] [stderr]    Compiling cfg-if v0.1.10
[INFO] [stderr]    Compiling proc-macro2 v1.0.49
[INFO] [stderr]    Compiling futures v0.1.31
[INFO] [stderr]    Compiling maybe-uninit v2.0.0
[INFO] [stderr]    Compiling unicode-ident v1.0.6
[INFO] [stderr]    Compiling quote v1.0.23
[INFO] [stderr]    Compiling syn v1.0.107
[INFO] [stderr]    Compiling crossbeam-utils v0.7.2
[INFO] [stderr]    Compiling slab v0.4.7
[INFO] [stderr]    Compiling openssl v0.10.45
[INFO] [stderr]    Compiling foreign-types-shared v0.1.1
[INFO] [stderr]    Compiling tinyvec_macros v0.1.0
[INFO] [stderr]    Compiling scopeguard v1.1.0
[INFO] [stderr]    Compiling rand_core v0.3.1
[INFO] [stderr]    Compiling lock_api v0.3.4
[INFO] [stderr]    Compiling semver v0.9.0
[INFO] [stderr]    Compiling tinyvec v1.6.0
[INFO] [stderr]    Compiling foreign-types v0.3.2
[INFO] [stderr]    Compiling generic-array v0.12.4
[INFO] [stderr]    Compiling rand_chacha v0.1.1
[INFO] [stderr]    Compiling smallvec v0.6.14
[INFO] [stderr]    Compiling rand_pcg v0.1.2
[INFO] [stderr]    Compiling version_check v0.1.5
[INFO] [stderr]    Compiling once_cell v1.16.0
[INFO] [stderr]    Compiling rustc_version v0.2.3
[INFO] [stderr]    Compiling byte-tools v0.3.1
[INFO] [stderr]    Compiling native-tls v0.2.11
[INFO] [stderr]    Compiling fnv v1.0.7
[INFO] [stderr]    Compiling block-padding v0.1.5
[INFO] [stderr]    Compiling rand v0.6.5
[INFO] [stderr]    Compiling openssl-probe v0.1.5
[INFO] [stderr]    Compiling httparse v1.8.0
[INFO] [stderr]    Compiling matches v0.1.9
[INFO] [stderr]    Compiling unicase v1.4.2
[INFO] [stderr]    Compiling unicode-bidi v0.3.8
[INFO] [stderr]    Compiling block-buffer v0.7.3
[INFO] [stderr]    Compiling parking_lot_core v0.6.3
[INFO] [stderr]    Compiling parking_lot v0.9.0
[INFO] [stderr]    Compiling digest v0.8.1
[INFO] [stderr]    Compiling log v0.3.9
[INFO] [stderr]    Compiling rand_isaac v0.1.1
[INFO] [stderr]    Compiling rand_hc v0.1.0
[INFO] [stderr]    Compiling rand_xorshift v0.1.1
[INFO] [stderr]    Compiling rand_jitter v0.1.4
[INFO] [stderr]    Compiling crc32fast v1.3.2
[INFO] [stderr]    Compiling fake-simd v0.1.2
[INFO] [stderr]    Compiling opaque-debug v0.2.3
[INFO] [stderr]    Compiling iovec v0.1.4
[INFO] [stderr]    Compiling num_cpus v1.15.0
[INFO] [stderr]    Compiling net2 v0.2.38
[INFO] [stderr]    Compiling unicode-normalization v0.1.22
[INFO] [stderr]    Compiling rand_os v0.1.3
[INFO] [stderr]    Compiling safemem v0.3.3
[INFO] [stderr]    Compiling sha-1 v0.8.2
[INFO] [stderr]    Compiling bytes v0.4.12
[INFO] [stderr]    Compiling time v0.1.45
[INFO] [stderr]    Compiling base64 v0.9.3
[INFO] [stderr]    Compiling mime v0.2.6
[INFO] [stderr]    Compiling tokio-executor v0.1.10
[INFO] [stderr]    Compiling tokio-sync v0.1.8
[INFO] [stderr]    Compiling openssl-sys v0.9.80
[INFO] [stderr]    Compiling mio v0.6.23
[INFO] [stderr]    Compiling tokio-io v0.1.13
[INFO] [stderr]    Compiling idna v0.1.5
[INFO] [stderr]    Compiling base64 v0.10.1
[INFO] [stderr]    Compiling adler v1.0.2
[INFO] [stderr]    Compiling language-tags v0.2.2
[INFO] [stderr]    Compiling base64 v0.20.0
[INFO] [stderr]    Compiling miniz_oxide v0.6.2
[INFO] [stderr]    Compiling tokio-codec v0.1.2
[INFO] [stderr]    Compiling url v1.7.2
[INFO] [stderr]    Compiling tokio-reactor v0.1.12
[INFO] [stderr]    Compiling flate2 v1.0.25
[INFO] [stderr]    Compiling tokio-tcp v0.1.4
[INFO] [stderr]    Compiling hyper v0.10.16
[INFO] [stderr]    Compiling openssl-macros v0.1.0
[INFO] [stderr]    Compiling tokio-tls v0.2.1
[INFO] [stderr]    Compiling websocket-base v0.26.5
[INFO] [stderr]    Compiling websocket v0.26.5
[INFO] [stderr]    Compiling kindling v0.1.0 (/opt/rustwide/workdir)
[INFO] [stdout] warning: unused import: `std::fmt::Display`
[INFO] [stdout]  --> src/program.rs:2:5
[INFO] [stdout]   |
[INFO] [stdout] 2 | use std::fmt::Display;
[INFO] [stdout]   |     ^^^^^^^^^^^^^^^^^
[INFO] [stdout]   |
[INFO] [stdout]   = note: `#[warn(unused_imports)]` on by default
[INFO] [stdout] 
[INFO] [stdout] 
[INFO] [stdout] warning: unused imports: `Location`, `Tag`, `VariableScope`, `Variable`, `params::ParamBuilder`, `program::Program`
[INFO] [stdout]  --> src/tests.rs:5:13
[INFO] [stdout]   |
[INFO] [stdout] 5 | use crate::{program::Program, values::{Tag, Location, VariableScope, Variable}, params::ParamBuilder};
[INFO] [stdout]   |             ^^^^^^^^^^^^^^^^           ^^^  ^^^^^^^^  ^^^^^^^^^^^^^  ^^^^^^^^   ^^^^^^^^^^^^^^^^^^^^
[INFO] [stdout]   |
[INFO] [stdout] help: consider adding a `#[cfg(test)]` to the containing module
[INFO] [stdout]  --> src/main.rs:7:1
[INFO] [stdout]   |
[INFO] [stdout] 7 | mod tests;
[INFO] [stdout]   | ^^^^^^^^^^
[INFO] [stdout] 
[INFO] [stdout] 
[INFO] [stdout] warning: unused import: `websocket::ws::Sender`
[INFO] [stdout]  --> src/program.rs:6:5
[INFO] [stdout]   |
[INFO] [stdout] 6 | use websocket::ws::Sender;
[INFO] [stdout]   |     ^^^^^^^^^^^^^^^^^^^^^
[INFO] [stdout] 
[INFO] [stdout] 
[INFO] [stdout] warning: unused variable: `target_size`
[INFO] [stdout]   --> src/program.rs:15:34
[INFO] [stdout]    |
[INFO] [stdout] 15 |     pub fn compile_program(self, target_size: u64) -> Vec<String> {
[INFO] [stdout]    |                                  ^^^^^^^^^^^ help: if this is intentional, prefix it with an underscore: `_target_size`
[INFO] [stdout]    |
[INFO] [stdout]    = note: `#[warn(unused_variables)]` on by default
[INFO] [stdout] 
[INFO] [stdout] 
[INFO] [stdout] warning: unused variable: `target_size`
[INFO] [stdout]   --> src/program.rs:25:37
[INFO] [stdout]    |
[INFO] [stdout] 25 |     pub fn compile_program_ws(self, target_size: u64) {
[INFO] [stdout]    |                                     ^^^^^^^^^^^ help: if this is intentional, prefix it with an underscore: `_target_size`
[INFO] [stdout] 
[INFO] [stdout] 
[INFO] [stdout] warning: multiple variants are never constructed
[INFO] [stdout]   --> src/values.rs:6:5
[INFO] [stdout]    |
[INFO] [stdout] 5  | pub enum Value {
[INFO] [stdout]    |          ----- variants in this enum
[INFO] [stdout] 6  |     Text(Text),
[INFO] [stdout]    |     ^^^^
[INFO] [stdout] 7  |     Number(Number),
[INFO] [stdout]    |     ^^^^^^
[INFO] [stdout] 8  |     Location(Location),
[INFO] [stdout]    |     ^^^^^^^^
[INFO] [stdout] 9  |     Vector(Vector),
[INFO] [stdout]    |     ^^^^^^
[INFO] [stdout] 10 |     Sound(Sound),
[INFO] [stdout]    |     ^^^^^
[INFO] [stdout] 11 |     Particle(Particle),
[INFO] [stdout]    |     ^^^^^^^^
[INFO] [stdout] 12 |     Potion(Potion),
[INFO] [stdout]    |     ^^^^^^
[INFO] [stdout] 13 |     Variable(Variable),
[INFO] [stdout]    |     ^^^^^^^^
[INFO] [stdout] 14 |     GameValue(GameValue),
[INFO] [stdout]    |     ^^^^^^^^^
[INFO] [stdout] 15 |     Item(Item),
[INFO] [stdout]    |     ^^^^
[INFO] [stdout] 16 |     Tag(Tag)
[INFO] [stdout]    |     ^^^
[INFO] [stdout]    |
[INFO] [stdout]    = note: `#[warn(dead_code)]` on by default
[INFO] [stdout] 
[INFO] [stdout] 
[INFO] [stdout] warning: multiple variants are never constructed
[INFO] [stdout]   --> src/values.rs:59:5
[INFO] [stdout]    |
[INFO] [stdout] 58 | pub enum PotionEffect {
[INFO] [stdout]    |          ------------ variants in this enum
[INFO] [stdout] 59 |     Absorption, ConduitPower, DolphinGrace, FireResistance, Haste, HealthBoost, HeroOfTheVillage,
[INFO] [stdout]    |     ^^^^^^^^^^  ^^^^^^^^^^^^  ^^^^^^^^^^^^  ^^^^^^^^^^^^^^  ^^^^^  ^^^^^^^^^^^  ^^^^^^^^^^^^^^^^
[INFO] [stdout] 60 |     InstantHealth, Invisibility, JumpBoost, Luck, NightVision, Regeneration, Resistance, Saturation,
[INFO] [stdout]    |     ^^^^^^^^^^^^^  ^^^^^^^^^^^^  ^^^^^^^^^  ^^^^  ^^^^^^^^^^^  ^^^^^^^^^^^^  ^^^^^^^^^^  ^^^^^^^^^^
[INFO] [stdout] 61 |     SlowFalling, Speed, Strength, WaterBreathing, BadLuck, BadOmen, Blindness, Darkness, Glowing,
[INFO] [stdout]    |     ^^^^^^^^^^^  ^^^^^  ^^^^^^^^  ^^^^^^^^^^^^^^  ^^^^^^^  ^^^^^^^  ^^^^^^^^^  ^^^^^^^^  ^^^^^^^
[INFO] [stdout] 62 |     Hunger, InstantDamage, Levitation, MiningFatigue, Nausea, Poison, Slowness, Weakness, Wither
[INFO] [stdout]    |     ^^^^^^  ^^^^^^^^^^^^^  ^^^^^^^^^^  ^^^^^^^^^^^^^  ^^^^^^  ^^^^^^  ^^^^^^^^  ^^^^^^^^  ^^^^^^
[INFO] [stdout] 
[INFO] [stdout] 
[INFO] [stdout] warning: variants `Local`, `Global`, and `Saved` are never constructed
[INFO] [stdout]    --> src/values.rs:109:5
[INFO] [stdout]     |
[INFO] [stdout] 108 | pub enum VariableScope {
[INFO] [stdout]     |          ------------- variants in this enum
[INFO] [stdout] 109 |     Local, Global, Saved
[INFO] [stdout]     |     ^^^^^  ^^^^^^  ^^^^^
[INFO] [stdout] 
[INFO] [stdout] 
[INFO] [stdout] warning: multiple variants are never constructed
[INFO] [stdout]    --> src/values.rs:127:5
[INFO] [stdout]     |
[INFO] [stdout] 126 | pub enum Selector {
[INFO] [stdout]     |          -------- variants in this enum
[INFO] [stdout] 127 |     Selection, Default, Killer, Damager, Victim, Shooter, Projectile, LastEntity, AllPlayers, AllEntities, AllMobs
[INFO] [stdout]     |     ^^^^^^^^^           ^^^^^^  ^^^^^^^  ^^^^^^  ^^^^^^^  ^^^^^^^^^^  ^^^^^^^^^^  ^^^^^^^^^^  ^^^^^^^^^^^  ^^^^^^^
[INFO] [stdout]     |
[INFO] [stdout]     = note: `Selector` has a derived impl for the trait `Clone`, but this is intentionally ignored during dead code analysis
[INFO] [stdout] 
[INFO] [stdout] 
[INFO] [stdout] warning: variants `AddModifier`, `MultiplyBase`, and `MultiplyModifier` are never constructed
[INFO] [stdout]    --> src/values.rs:179:5
[INFO] [stdout]     |
[INFO] [stdout] 178 | pub enum AttributeOperation {
[INFO] [stdout]     |          ------------------ variants in this enum
[INFO] [stdout] 179 |     AddModifier, MultiplyBase, MultiplyModifier
[INFO] [stdout]     |     ^^^^^^^^^^^  ^^^^^^^^^^^^  ^^^^^^^^^^^^^^^^
[INFO] [stdout] 
[INFO] [stdout] 
[INFO] [stdout] warning: multiple variants are never constructed
[INFO] [stdout]   --> src/statements.rs:4:5
[INFO] [stdout]    |
[INFO] [stdout] 3  | pub enum Statement {
[INFO] [stdout]    |          --------- variants in this enum
[INFO] [stdout] 4  |     PlayerEvent(PlayerEventType),
[INFO] [stdout]    |     ^^^^^^^^^^^
[INFO] [stdout] 5  |     EntityEvent(EntityEventType),
[INFO] [stdout]    |     ^^^^^^^^^^^
[INFO] [stdout] 6  |     Function{ name: String, parameters: ParameterList },
[INFO] [stdout]    |     ^^^^^^^^
[INFO] [stdout] 7  |     Process{ name: String, parameters: ParameterList },
[INFO] [stdout]    |     ^^^^^^^
[INFO] [stdout] 8  |     PlayerAction { action: String, parameters: ParameterList, selector: Selector },
[INFO] [stdout]    |     ^^^^^^^^^^^^
[INFO] [stdout] 9  |     EntityAction { action: String, parameters: ParameterList, selector: Selector },
[INFO] [stdout]    |     ^^^^^^^^^^^^
[INFO] [stdout] 10 |     SetVariable { action: String, parameters: ParameterList },
[INFO] [stdout]    |     ^^^^^^^^^^^
[INFO] [stdout] 11 |     GameAction { action: String, parameters: ParameterList },
[INFO] [stdout]    |     ^^^^^^^^^^
[INFO] [stdout] 12 |     Control { action: String, parameters: ParameterList },
[INFO] [stdout]    |     ^^^^^^^
[INFO] [stdout] 13 |     SelectObject { action: String, subaction: Option<String>, parameters: ParameterList, not: bool },
[INFO] [stdout]    |     ^^^^^^^^^^^^
[INFO] [stdout] 14 |     IfVariable { action: String, parameters: ParameterList, not: bool },
[INFO] [stdout]    |     ^^^^^^^^^^
[INFO] [stdout] 15 |     IfPlayer { action: String, parameters: ParameterList, selector: Selector, not: bool },
[INFO] [stdout]    |     ^^^^^^^^
[INFO] [stdout] 16 |     IfEntity { action: String, parameters: ParameterList, selector: Selector, not: bool },
[INFO] [stdout]    |     ^^^^^^^^
[INFO] [stdout] 17 |     IfGame { action: String, parameters: ParameterList, not: bool },
[INFO] [stdout]    |     ^^^^^^
[INFO] [stdout] 18 |     Else, Close, CloseRepeat,
[INFO] [stdout]    |     ^^^^  ^^^^^  ^^^^^^^^^^^
[INFO] [stdout] 19 |     Repeat { action: String, subaction: Option<String>, parameters: ParameterList, not: bool },
[INFO] [stdout]    |     ^^^^^^
[INFO] [stdout] 20 |     CallFunction { name: String, parameters: ParameterList },
[INFO] [stdout]    |     ^^^^^^^^^^^^
[INFO] [stdout] 21 |     CallProcess { name: String, parameters: ParameterList }
[INFO] [stdout]    |     ^^^^^^^^^^^
[INFO] [stdout] 
[INFO] [stdout] 
[INFO] [stdout] warning: method `name` is never used
[INFO] [stdout]    --> src/statements.rs:141:12
[INFO] [stdout]     |
[INFO] [stdout] 117 | impl Statement {
[INFO] [stdout]     | -------------- method in this implementation
[INFO] [stdout] ...
[INFO] [stdout] 141 |     pub fn name(&self) -> String{
[INFO] [stdout]     |            ^^^^
[INFO] [stdout] 
[INFO] [stdout] 
[INFO] [stdout] warning: associated items `new`, `new_from`, and `name` are never used
[INFO] [stdout]   --> src/code_line.rs:26:12
[INFO] [stdout]    |
[INFO] [stdout] 25 | impl CodeLine {
[INFO] [stdout]    | ------------- associated items in this implementation
[INFO] [stdout] 26 |     pub fn new() -> Self {
[INFO] [stdout]    |            ^^^
[INFO] [stdout] ...
[INFO] [stdout] 29 |     pub fn new_from(body: Vec<Statement> ) -> Self {
[INFO] [stdout]    |            ^^^^^^^^
[INFO] [stdout] ...
[INFO] [stdout] 32 |     pub fn name(&self) -> String {
[INFO] [stdout]    |            ^^^^
[INFO] [stdout] 
[INFO] [stdout] 
[INFO] [stdout] warning: struct `Program` is never constructed
[INFO] [stdout]   --> src/program.rs:10:12
[INFO] [stdout]    |
[INFO] [stdout] 10 | pub struct Program {
[INFO] [stdout]    |            ^^^^^^^
[INFO] [stdout] 
[INFO] [stdout] 
[INFO] [stdout] warning: associated items `compile_program`, `compile_program_ws`, `new`, and `new_from` are never used
[INFO] [stdout]   --> src/program.rs:15:12
[INFO] [stdout]    |
[INFO] [stdout] 14 | impl Program {
[INFO] [stdout]    | ------------ associated items in this implementation
[INFO] [stdout] 15 |     pub fn compile_program(self, target_size: u64) -> Vec<String> {
[INFO] [stdout]    |            ^^^^^^^^^^^^^^^
[INFO] [stdout] ...
[INFO] [stdout] 25 |     pub fn compile_program_ws(self, target_size: u64) {
[INFO] [stdout]    |            ^^^^^^^^^^^^^^^^^^
[INFO] [stdout] ...
[INFO] [stdout] 42 |     pub fn new() -> Self {
[INFO] [stdout]    |            ^^^
[INFO] [stdout] ...
[INFO] [stdout] 45 |     pub fn new_from(lines: Vec<CodeLine>) -> Self {
[INFO] [stdout]    |            ^^^^^^^^
[INFO] [stdout] 
[INFO] [stdout] 
[INFO] [stdout] warning: struct `ParamBuilder` is never constructed
[INFO] [stdout]  --> src/params.rs:3:12
[INFO] [stdout]   |
[INFO] [stdout] 3 | pub struct ParamBuilder {
[INFO] [stdout]   |            ^^^^^^^^^^^^
[INFO] [stdout] 
[INFO] [stdout] 
[INFO] [stdout] warning: associated items `new`, `param`, `tag`, `complete`, and `complete_unchecked` are never used
[INFO] [stdout]   --> src/params.rs:8:12
[INFO] [stdout]    |
[INFO] [stdout] 7  | impl ParamBuilder {
[INFO] [stdout]    | ----------------- associated items in this implementation
[INFO] [stdout] 8  |     pub fn new() -> Self {
[INFO] [stdout]    |            ^^^
[INFO] [stdout] ...
[INFO] [stdout] 14 |     pub fn param(mut self, v: Value) -> Self {
[INFO] [stdout]    |            ^^^^^
[INFO] [stdout] ...
[INFO] [stdout] 18 |     pub fn tag(mut self, v: Tag) -> Self {
[INFO] [stdout]    |            ^^^
[INFO] [stdout] ...
[INFO] [stdout] 22 |     pub fn complete(self) -> Option<ParameterList> {
[INFO] [stdout]    |            ^^^^^^^^
[INFO] [stdout] ...
[INFO] [stdout] 35 |     pub fn complete_unchecked(self) -> ParameterList {
[INFO] [stdout]    |            ^^^^^^^^^^^^^^^^^^
[INFO] [stdout] 
[INFO] [stdout] 
[INFO] [stdout] warning: 17 warnings emitted
[INFO] [stdout] 
[INFO] [stdout] 
[INFO] [stderr]     Finished dev [unoptimized + debuginfo] target(s) in 7.91s
[INFO] [stderr] warning: the following packages contain code that will be rejected by a future version of Rust: traitobject v0.1.0
[INFO] [stderr] note: to see what the problems were, use the option `--future-incompat-report`, or run `cargo report future-incompatibilities --id 1`
[INFO] running `Command { std: "docker" "inspect" "60a56bfcd91919b2a833ae153253b56f2d01340ebad622d5f1d6de20063596ab", kill_on_drop: false }`
[INFO] running `Command { std: "docker" "rm" "-f" "60a56bfcd91919b2a833ae153253b56f2d01340ebad622d5f1d6de20063596ab", kill_on_drop: false }`
[INFO] [stdout] 60a56bfcd91919b2a833ae153253b56f2d01340ebad622d5f1d6de20063596ab
[INFO] running `Command { std: "docker" "create" "-v" "/var/lib/crater-agent-workspace/builds/worker-5-tc1/target:/opt/rustwide/target:rw,Z" "-v" "/var/lib/crater-agent-workspace/builds/worker-5-tc1/source:/opt/rustwide/workdir:ro,Z" "-v" "/var/lib/crater-agent-workspace/cargo-home:/opt/rustwide/cargo-home:ro,Z" "-v" "/var/lib/crater-agent-workspace/rustup-home:/opt/rustwide/rustup-home:ro,Z" "-e" "SOURCE_DIR=/opt/rustwide/workdir" "-e" "CARGO_TARGET_DIR=/opt/rustwide/target" "-e" "CARGO_INCREMENTAL=0" "-e" "RUST_BACKTRACE=full" "-e" "RUSTFLAGS=--cap-lints=warn" "-e" "RUSTDOCFLAGS=--cap-lints=warn" "-e" "CARGO_HOME=/opt/rustwide/cargo-home" "-e" "RUSTUP_HOME=/opt/rustwide/rustup-home" "-w" "/opt/rustwide/workdir" "-m" "1610612736" "--user" "0:0" "--network" "none" "ghcr.io/rust-lang/crates-build-env/linux@sha256:2788e3201cd34a07e3172128adcd8b3090168a8e3bcc40d7c032b9dda1df7d1c" "/opt/rustwide/cargo-home/bin/cargo" "+1.75.0" "test" "--frozen" "--no-run" "--message-format=json", kill_on_drop: false }`
[INFO] [stdout] 12a29b364ab188d515c2adf2b2583cfde6033584665d1c9f1b487c74b9f66ec3
[INFO] running `Command { std: "docker" "start" "-a" "12a29b364ab188d515c2adf2b2583cfde6033584665d1c9f1b487c74b9f66ec3", kill_on_drop: false }`
[INFO] [stderr]    Compiling kindling v0.1.0 (/opt/rustwide/workdir)
[INFO] [stdout] warning: unused import: `std::fmt::Display`
[INFO] [stdout]  --> src/program.rs:2:5
[INFO] [stdout]   |
[INFO] [stdout] 2 | use std::fmt::Display;
[INFO] [stdout]   |     ^^^^^^^^^^^^^^^^^
[INFO] [stdout]   |
[INFO] [stdout]   = note: `#[warn(unused_imports)]` on by default
[INFO] [stdout] 
[INFO] [stdout] 
[INFO] [stdout] warning: unused import: `ParameterList`
[INFO] [stdout]  --> src/tests.rs:3:76
[INFO] [stdout]   |
[INFO] [stdout] 3 | use crate::{code_line::CodeLine, statements::Statement, values::{Selector, ParameterList, Text, Value}};
[INFO] [stdout]   |                                                                            ^^^^^^^^^^^^^
[INFO] [stdout] 
[INFO] [stdout] 
[INFO] [stdout] warning: unused import: `websocket::ws::Sender`
[INFO] [stdout]  --> src/program.rs:6:5
[INFO] [stdout]   |
[INFO] [stdout] 6 | use websocket::ws::Sender;
[INFO] [stdout]   |     ^^^^^^^^^^^^^^^^^^^^^
[INFO] [stdout] 
[INFO] [stdout] 
[INFO] [stdout] warning: unused variable: `target_size`
[INFO] [stdout]   --> src/program.rs:15:34
[INFO] [stdout]    |
[INFO] [stdout] 15 |     pub fn compile_program(self, target_size: u64) -> Vec<String> {
[INFO] [stdout]    |                                  ^^^^^^^^^^^ help: if this is intentional, prefix it with an underscore: `_target_size`
[INFO] [stdout]    |
[INFO] [stdout]    = note: `#[warn(unused_variables)]` on by default
[INFO] [stdout] 
[INFO] [stdout] 
[INFO] [stdout] warning: unused variable: `target_size`
[INFO] [stdout]   --> src/program.rs:25:37
[INFO] [stdout]    |
[INFO] [stdout] 25 |     pub fn compile_program_ws(self, target_size: u64) {
[INFO] [stdout]    |                                     ^^^^^^^^^^^ help: if this is intentional, prefix it with an underscore: `_target_size`
[INFO] [stdout] 
[INFO] [stdout] 
[INFO] [stdout] warning: multiple variants are never constructed
[INFO] [stdout]   --> src/values.rs:7:5
[INFO] [stdout]    |
[INFO] [stdout] 5  | pub enum Value {
[INFO] [stdout]    |          ----- variants in this enum
[INFO] [stdout] 6  |     Text(Text),
[INFO] [stdout] 7  |     Number(Number),
[INFO] [stdout]    |     ^^^^^^
[INFO] [stdout] 8  |     Location(Location),
[INFO] [stdout] 9  |     Vector(Vector),
[INFO] [stdout]    |     ^^^^^^
[INFO] [stdout] 10 |     Sound(Sound),
[INFO] [stdout]    |     ^^^^^
[INFO] [stdout] 11 |     Particle(Particle),
[INFO] [stdout]    |     ^^^^^^^^
[INFO] [stdout] 12 |     Potion(Potion),
[INFO] [stdout]    |     ^^^^^^
[INFO] [stdout] 13 |     Variable(Variable),
[INFO] [stdout]    |     ^^^^^^^^
[INFO] [stdout] 14 |     GameValue(GameValue),
[INFO] [stdout]    |     ^^^^^^^^^
[INFO] [stdout] 15 |     Item(Item),
[INFO] [stdout]    |     ^^^^
[INFO] [stdout]    |
[INFO] [stdout]    = note: `#[warn(dead_code)]` on by default
[INFO] [stdout] 
[INFO] [stdout] 
[INFO] [stdout] warning: multiple variants are never constructed
[INFO] [stdout]   --> src/values.rs:59:5
[INFO] [stdout]    |
[INFO] [stdout] 58 | pub enum PotionEffect {
[INFO] [stdout]    |          ------------ variants in this enum
[INFO] [stdout] 59 |     Absorption, ConduitPower, DolphinGrace, FireResistance, Haste, HealthBoost, HeroOfTheVillage,
[INFO] [stdout]    |     ^^^^^^^^^^  ^^^^^^^^^^^^  ^^^^^^^^^^^^  ^^^^^^^^^^^^^^  ^^^^^  ^^^^^^^^^^^  ^^^^^^^^^^^^^^^^
[INFO] [stdout] 60 |     InstantHealth, Invisibility, JumpBoost, Luck, NightVision, Regeneration, Resistance, Saturation,
[INFO] [stdout]    |     ^^^^^^^^^^^^^  ^^^^^^^^^^^^  ^^^^^^^^^  ^^^^  ^^^^^^^^^^^  ^^^^^^^^^^^^  ^^^^^^^^^^  ^^^^^^^^^^
[INFO] [stdout] 61 |     SlowFalling, Speed, Strength, WaterBreathing, BadLuck, BadOmen, Blindness, Darkness, Glowing,
[INFO] [stdout]    |     ^^^^^^^^^^^  ^^^^^  ^^^^^^^^  ^^^^^^^^^^^^^^  ^^^^^^^  ^^^^^^^  ^^^^^^^^^  ^^^^^^^^  ^^^^^^^
[INFO] [stdout] 62 |     Hunger, InstantDamage, Levitation, MiningFatigue, Nausea, Poison, Slowness, Weakness, Wither
[INFO] [stdout]    |     ^^^^^^  ^^^^^^^^^^^^^  ^^^^^^^^^^  ^^^^^^^^^^^^^  ^^^^^^  ^^^^^^  ^^^^^^^^  ^^^^^^^^  ^^^^^^
[INFO] [stdout] 
[INFO] [stdout] 
[INFO] [stdout] warning: variants `Global` and `Saved` are never constructed
[INFO] [stdout]    --> src/values.rs:109:12
[INFO] [stdout]     |
[INFO] [stdout] 108 | pub enum VariableScope {
[INFO] [stdout]     |          ------------- variants in this enum
[INFO] [stdout] 109 |     Local, Global, Saved
[INFO] [stdout]     |            ^^^^^^  ^^^^^
[INFO] [stdout] 
[INFO] [stdout] 
[INFO] [stdout] warning: multiple variants are never constructed
[INFO] [stdout]    --> src/values.rs:127:5
[INFO] [stdout]     |
[INFO] [stdout] 126 | pub enum Selector {
[INFO] [stdout]     |          -------- variants in this enum
[INFO] [stdout] 127 |     Selection, Default, Killer, Damager, Victim, Shooter, Projectile, LastEntity, AllPlayers, AllEntities, AllMobs
[INFO] [stdout]     |     ^^^^^^^^^           ^^^^^^  ^^^^^^^  ^^^^^^  ^^^^^^^  ^^^^^^^^^^  ^^^^^^^^^^              ^^^^^^^^^^^  ^^^^^^^
[INFO] [stdout]     |
[INFO] [stdout]     = note: `Selector` has a derived impl for the trait `Clone`, but this is intentionally ignored during dead code analysis
[INFO] [stdout] 
[INFO] [stdout] 
[INFO] [stdout] warning: variants `AddModifier`, `MultiplyBase`, and `MultiplyModifier` are never constructed
[INFO] [stdout]    --> src/values.rs:179:5
[INFO] [stdout]     |
[INFO] [stdout] 178 | pub enum AttributeOperation {
[INFO] [stdout]     |          ------------------ variants in this enum
[INFO] [stdout] 179 |     AddModifier, MultiplyBase, MultiplyModifier
[INFO] [stdout]     |     ^^^^^^^^^^^  ^^^^^^^^^^^^  ^^^^^^^^^^^^^^^^
[INFO] [stdout] 
[INFO] [stdout] 
[INFO] [stdout] warning: multiple variants are never constructed
[INFO] [stdout]   --> src/statements.rs:5:5
[INFO] [stdout]    |
[INFO] [stdout] 3  | pub enum Statement {
[INFO] [stdout]    |          --------- variants in this enum
[INFO] [stdout] 4  |     PlayerEvent(PlayerEventType),
[INFO] [stdout] 5  |     EntityEvent(EntityEventType),
[INFO] [stdout]    |     ^^^^^^^^^^^
[INFO] [stdout] 6  |     Function{ name: String, parameters: ParameterList },
[INFO] [stdout]    |     ^^^^^^^^
[INFO] [stdout] 7  |     Process{ name: String, parameters: ParameterList },
[INFO] [stdout]    |     ^^^^^^^
[INFO] [stdout] 8  |     PlayerAction { action: String, parameters: ParameterList, selector: Selector },
[INFO] [stdout] 9  |     EntityAction { action: String, parameters: ParameterList, selector: Selector },
[INFO] [stdout]    |     ^^^^^^^^^^^^
[INFO] [stdout] 10 |     SetVariable { action: String, parameters: ParameterList },
[INFO] [stdout]    |     ^^^^^^^^^^^
[INFO] [stdout] 11 |     GameAction { action: String, parameters: ParameterList },
[INFO] [stdout]    |     ^^^^^^^^^^
[INFO] [stdout] 12 |     Control { action: String, parameters: ParameterList },
[INFO] [stdout]    |     ^^^^^^^
[INFO] [stdout] 13 |     SelectObject { action: String, subaction: Option<String>, parameters: ParameterList, not: bool },
[INFO] [stdout]    |     ^^^^^^^^^^^^
[INFO] [stdout] 14 |     IfVariable { action: String, parameters: ParameterList, not: bool },
[INFO] [stdout]    |     ^^^^^^^^^^
[INFO] [stdout] 15 |     IfPlayer { action: String, parameters: ParameterList, selector: Selector, not: bool },
[INFO] [stdout] 16 |     IfEntity { action: String, parameters: ParameterList, selector: Selector, not: bool },
[INFO] [stdout]    |     ^^^^^^^^
[INFO] [stdout] 17 |     IfGame { action: String, parameters: ParameterList, not: bool },
[INFO] [stdout]    |     ^^^^^^
[INFO] [stdout] 18 |     Else, Close, CloseRepeat,
[INFO] [stdout]    |                  ^^^^^^^^^^^
[INFO] [stdout] 19 |     Repeat { action: String, subaction: Option<String>, parameters: ParameterList, not: bool },
[INFO] [stdout]    |     ^^^^^^
[INFO] [stdout] 20 |     CallFunction { name: String, parameters: ParameterList },
[INFO] [stdout]    |     ^^^^^^^^^^^^
[INFO] [stdout] 21 |     CallProcess { name: String, parameters: ParameterList }
[INFO] [stdout]    |     ^^^^^^^^^^^
[INFO] [stdout] 
[INFO] [stdout] 
[INFO] [stdout] warning: associated function `new` is never used
[INFO] [stdout]   --> src/code_line.rs:26:12
[INFO] [stdout]    |
[INFO] [stdout] 25 | impl CodeLine {
[INFO] [stdout]    | ------------- associated function in this implementation
[INFO] [stdout] 26 |     pub fn new() -> Self {
[INFO] [stdout]    |            ^^^
[INFO] [stdout] 
[INFO] [stdout] 
[INFO] [stdout] warning: associated function `new` is never used
[INFO] [stdout]   --> src/program.rs:42:12
[INFO] [stdout]    |
[INFO] [stdout] 14 | impl Program {
[INFO] [stdout]    | ------------ associated function in this implementation
[INFO] [stdout] ...
[INFO] [stdout] 42 |     pub fn new() -> Self {
[INFO] [stdout]    |            ^^^
[INFO] [stdout] 
[INFO] [stdout] 
[INFO] [stdout] warning: 13 warnings emitted
[INFO] [stdout] 
[INFO] [stdout] 
[INFO] [stderr]     Finished test [unoptimized + debuginfo] target(s) in 1.22s
[INFO] [stderr] warning: the following packages contain code that will be rejected by a future version of Rust: traitobject v0.1.0
[INFO] [stderr] note: to see what the problems were, use the option `--future-incompat-report`, or run `cargo report future-incompatibilities --id 1`
[INFO] running `Command { std: "docker" "inspect" "12a29b364ab188d515c2adf2b2583cfde6033584665d1c9f1b487c74b9f66ec3", kill_on_drop: false }`
[INFO] running `Command { std: "docker" "rm" "-f" "12a29b364ab188d515c2adf2b2583cfde6033584665d1c9f1b487c74b9f66ec3", kill_on_drop: false }`
[INFO] [stdout] 12a29b364ab188d515c2adf2b2583cfde6033584665d1c9f1b487c74b9f66ec3
[INFO] running `Command { std: "docker" "create" "-v" "/var/lib/crater-agent-workspace/builds/worker-5-tc1/target:/opt/rustwide/target:rw,Z" "-v" "/var/lib/crater-agent-workspace/builds/worker-5-tc1/source:/opt/rustwide/workdir:ro,Z" "-v" "/var/lib/crater-agent-workspace/cargo-home:/opt/rustwide/cargo-home:ro,Z" "-v" "/var/lib/crater-agent-workspace/rustup-home:/opt/rustwide/rustup-home:ro,Z" "-e" "SOURCE_DIR=/opt/rustwide/workdir" "-e" "CARGO_TARGET_DIR=/opt/rustwide/target" "-e" "CARGO_INCREMENTAL=0" "-e" "RUST_BACKTRACE=full" "-e" "RUSTFLAGS=--cap-lints=warn" "-e" "RUSTDOCFLAGS=--cap-lints=warn" "-e" "CARGO_HOME=/opt/rustwide/cargo-home" "-e" "RUSTUP_HOME=/opt/rustwide/rustup-home" "-w" "/opt/rustwide/workdir" "-m" "1610612736" "--user" "0:0" "--network" "none" "ghcr.io/rust-lang/crates-build-env/linux@sha256:2788e3201cd34a07e3172128adcd8b3090168a8e3bcc40d7c032b9dda1df7d1c" "/opt/rustwide/cargo-home/bin/cargo" "+1.75.0" "test" "--frozen", kill_on_drop: false }`
[INFO] [stdout] b54ec09c83c8403b9ab1d958b1249c4ea2df5a5dc7a376c8b8d082cc6c023378
[INFO] running `Command { std: "docker" "start" "-a" "b54ec09c83c8403b9ab1d958b1249c4ea2df5a5dc7a376c8b8d082cc6c023378", kill_on_drop: false }`
[INFO] [stderr] warning: unused import: `std::fmt::Display`
[INFO] [stderr]  --> src/program.rs:2:5
[INFO] [stderr]   |
[INFO] [stderr] 2 | use std::fmt::Display;
[INFO] [stderr]   |     ^^^^^^^^^^^^^^^^^
[INFO] [stderr]   |
[INFO] [stderr]   = note: `#[warn(unused_imports)]` on by default
[INFO] [stderr] 
[INFO] [stderr] warning: unused import: `ParameterList`
[INFO] [stderr]  --> src/tests.rs:3:76
[INFO] [stderr]   |
[INFO] [stderr] 3 | use crate::{code_line::CodeLine, statements::Statement, values::{Selector, ParameterList, Text, Value}};
[INFO] [stderr]   |                                                                            ^^^^^^^^^^^^^
[INFO] [stderr] 
[INFO] [stderr] warning: unused import: `websocket::ws::Sender`
[INFO] [stderr]  --> src/program.rs:6:5
[INFO] [stderr]   |
[INFO] [stderr] 6 | use websocket::ws::Sender;
[INFO] [stderr]   |     ^^^^^^^^^^^^^^^^^^^^^
[INFO] [stderr] 
[INFO] [stderr] warning: unused variable: `target_size`
[INFO] [stderr]   --> src/program.rs:15:34
[INFO] [stderr]    |
[INFO] [stderr] 15 |     pub fn compile_program(self, target_size: u64) -> Vec<String> {
[INFO] [stderr]    |                                  ^^^^^^^^^^^ help: if this is intentional, prefix it with an underscore: `_target_size`
[INFO] [stderr]    |
[INFO] [stderr]    = note: `#[warn(unused_variables)]` on by default
[INFO] [stderr] 
[INFO] [stderr] warning: unused variable: `target_size`
[INFO] [stderr]   --> src/program.rs:25:37
[INFO] [stderr]    |
[INFO] [stderr] 25 |     pub fn compile_program_ws(self, target_size: u64) {
[INFO] [stderr]    |                                     ^^^^^^^^^^^ help: if this is intentional, prefix it with an underscore: `_target_size`
[INFO] [stderr] 
[INFO] [stderr] warning: multiple variants are never constructed
[INFO] [stderr]   --> src/values.rs:7:5
[INFO] [stderr]    |
[INFO] [stderr] 5  | pub enum Value {
[INFO] [stderr]    |          ----- variants in this enum
[INFO] [stderr] 6  |     Text(Text),
[INFO] [stderr] 7  |     Number(Number),
[INFO] [stderr]    |     ^^^^^^
[INFO] [stderr] 8  |     Location(Location),
[INFO] [stderr] 9  |     Vector(Vector),
[INFO] [stderr]    |     ^^^^^^
[INFO] [stderr] 10 |     Sound(Sound),
[INFO] [stderr]    |     ^^^^^
[INFO] [stderr] 11 |     Particle(Particle),
[INFO] [stderr]    |     ^^^^^^^^
[INFO] [stderr] 12 |     Potion(Potion),
[INFO] [stderr]    |     ^^^^^^
[INFO] [stderr] 13 |     Variable(Variable),
[INFO] [stderr]    |     ^^^^^^^^
[INFO] [stderr] 14 |     GameValue(GameValue),
[INFO] [stderr]    |     ^^^^^^^^^
[INFO] [stderr] 15 |     Item(Item),
[INFO] [stderr]    |     ^^^^
[INFO] [stderr]    |
[INFO] [stderr]    = note: `#[warn(dead_code)]` on by default
[INFO] [stderr] 
[INFO] [stderr] warning: multiple variants are never constructed
[INFO] [stderr]   --> src/values.rs:59:5
[INFO] [stderr]    |
[INFO] [stderr] 58 | pub enum PotionEffect {
[INFO] [stderr]    |          ------------ variants in this enum
[INFO] [stderr] 59 |     Absorption, ConduitPower, DolphinGrace, FireResistance, Haste, HealthBoost, HeroOfTheVillage,
[INFO] [stderr]    |     ^^^^^^^^^^  ^^^^^^^^^^^^  ^^^^^^^^^^^^  ^^^^^^^^^^^^^^  ^^^^^  ^^^^^^^^^^^  ^^^^^^^^^^^^^^^^
[INFO] [stderr] 60 |     InstantHealth, Invisibility, JumpBoost, Luck, NightVision, Regeneration, Resistance, Saturation,
[INFO] [stderr]    |     ^^^^^^^^^^^^^  ^^^^^^^^^^^^  ^^^^^^^^^  ^^^^  ^^^^^^^^^^^  ^^^^^^^^^^^^  ^^^^^^^^^^  ^^^^^^^^^^
[INFO] [stderr] 61 |     SlowFalling, Speed, Strength, WaterBreathing, BadLuck, BadOmen, Blindness, Darkness, Glowing,
[INFO] [stderr]    |     ^^^^^^^^^^^  ^^^^^  ^^^^^^^^  ^^^^^^^^^^^^^^  ^^^^^^^  ^^^^^^^  ^^^^^^^^^  ^^^^^^^^  ^^^^^^^
[INFO] [stderr] 62 |     Hunger, InstantDamage, Levitation, MiningFatigue, Nausea, Poison, Slowness, Weakness, Wither
[INFO] [stderr]    |     ^^^^^^  ^^^^^^^^^^^^^  ^^^^^^^^^^  ^^^^^^^^^^^^^  ^^^^^^  ^^^^^^  ^^^^^^^^  ^^^^^^^^  ^^^^^^
[INFO] [stderr] 
[INFO] [stderr] warning: variants `Global` and `Saved` are never constructed
[INFO] [stderr]    --> src/values.rs:109:12
[INFO] [stderr]     |
[INFO] [stderr] 108 | pub enum VariableScope {
[INFO] [stderr]     |          ------------- variants in this enum
[INFO] [stderr] 109 |     Local, Global, Saved
[INFO] [stderr]     |            ^^^^^^  ^^^^^
[INFO] [stderr] 
[INFO] [stderr] warning: multiple variants are never constructed
[INFO] [stderr]    --> src/values.rs:127:5
[INFO] [stderr]     |
[INFO] [stderr] 126 | pub enum Selector {
[INFO] [stderr]     |          -------- variants in this enum
[INFO] [stderr] 127 |     Selection, Default, Killer, Damager, Victim, Shooter, Projectile, LastEntity, AllPlayers, AllEntities, AllMobs
[INFO] [stderr]     |     ^^^^^^^^^           ^^^^^^  ^^^^^^^  ^^^^^^  ^^^^^^^  ^^^^^^^^^^  ^^^^^^^^^^              ^^^^^^^^^^^  ^^^^^^^
[INFO] [stderr]     |
[INFO] [stderr]     = note: `Selector` has a derived impl for the trait `Clone`, but this is intentionally ignored during dead code analysis
[INFO] [stderr] 
[INFO] [stderr] warning: variants `AddModifier`, `MultiplyBase`, and `MultiplyModifier` are never constructed
[INFO] [stderr]    --> src/values.rs:179:5
[INFO] [stderr]     |
[INFO] [stderr] 178 | pub enum AttributeOperation {
[INFO] [stderr]     |          ------------------ variants in this enum
[INFO] [stderr] 179 |     AddModifier, MultiplyBase, MultiplyModifier
[INFO] [stderr]     |     ^^^^^^^^^^^  ^^^^^^^^^^^^  ^^^^^^^^^^^^^^^^
[INFO] [stderr] 
[INFO] [stderr] warning: multiple variants are never constructed
[INFO] [stderr]   --> src/statements.rs:5:5
[INFO] [stderr]    |
[INFO] [stderr] 3  | pub enum Statement {
[INFO] [stderr]    |          --------- variants in this enum
[INFO] [stderr] 4  |     PlayerEvent(PlayerEventType),
[INFO] [stderr] 5  |     EntityEvent(EntityEventType),
[INFO] [stderr]    |     ^^^^^^^^^^^
[INFO] [stderr] 6  |     Function{ name: String, parameters: ParameterList },
[INFO] [stderr]    |     ^^^^^^^^
[INFO] [stderr] 7  |     Process{ name: String, parameters: ParameterList },
[INFO] [stderr]    |     ^^^^^^^
[INFO] [stderr] 8  |     PlayerAction { action: String, parameters: ParameterList, selector: Selector },
[INFO] [stderr] 9  |     EntityAction { action: String, parameters: ParameterList, selector: Selector },
[INFO] [stderr]    |     ^^^^^^^^^^^^
[INFO] [stderr] 10 |     SetVariable { action: String, parameters: ParameterList },
[INFO] [stderr]    |     ^^^^^^^^^^^
[INFO] [stderr] 11 |     GameAction { action: String, parameters: ParameterList },
[INFO] [stderr]    |     ^^^^^^^^^^
[INFO] [stderr] 12 |     Control { action: String, parameters: ParameterList },
[INFO] [stderr]    |     ^^^^^^^
[INFO] [stderr] 13 |     SelectObject { action: String, subaction: Option<String>, parameters: ParameterList, not: bool },
[INFO] [stderr]    |     ^^^^^^^^^^^^
[INFO] [stderr] 14 |     IfVariable { action: String, parameters: ParameterList, not: bool },
[INFO] [stderr]    |     ^^^^^^^^^^
[INFO] [stderr] 15 |     IfPlayer { action: String, parameters: ParameterList, selector: Selector, not: bool },
[INFO] [stderr] 16 |     IfEntity { action: String, parameters: ParameterList, selector: Selector, not: bool },
[INFO] [stderr]    |     ^^^^^^^^
[INFO] [stderr] 17 |     IfGame { action: String, parameters: ParameterList, not: bool },
[INFO] [stderr]    |     ^^^^^^
[INFO] [stderr] 18 |     Else, Close, CloseRepeat,
[INFO] [stderr]    |                  ^^^^^^^^^^^
[INFO] [stderr] 19 |     Repeat { action: String, subaction: Option<String>, parameters: ParameterList, not: bool },
[INFO] [stderr]    |     ^^^^^^
[INFO] [stderr] 20 |     CallFunction { name: String, parameters: ParameterList },
[INFO] [stderr]    |     ^^^^^^^^^^^^
[INFO] [stderr] 21 |     CallProcess { name: String, parameters: ParameterList }
[INFO] [stderr]    |     ^^^^^^^^^^^
[INFO] [stderr] 
[INFO] [stderr] warning: associated function `new` is never used
[INFO] [stderr]   --> src/code_line.rs:26:12
[INFO] [stderr]    |
[INFO] [stderr] 25 | impl CodeLine {
[INFO] [stderr]    | ------------- associated function in this implementation
[INFO] [stderr] 26 |     pub fn new() -> Self {
[INFO] [stderr]    |            ^^^
[INFO] [stderr] 
[INFO] [stderr] warning: associated function `new` is never used
[INFO] [stderr]   --> src/program.rs:42:12
[INFO] [stderr]    |
[INFO] [stderr] 14 | impl Program {
[INFO] [stderr]    | ------------ associated function in this implementation
[INFO] [stderr] ...
[INFO] [stderr] 42 |     pub fn new() -> Self {
[INFO] [stderr]    |            ^^^
[INFO] [stderr] 
[INFO] [stderr] warning: `kindling` (bin "kindling" test) generated 13 warnings (run `cargo fix --bin "kindling" --tests` to apply 4 suggestions)
[INFO] [stderr]     Finished test [unoptimized + debuginfo] target(s) in 0.06s
[INFO] [stderr] warning: the following packages contain code that will be rejected by a future version of Rust: traitobject v0.1.0
[INFO] [stderr] note: to see what the problems were, use the option `--future-incompat-report`, or run `cargo report future-incompatibilities --id 1`
[INFO] [stderr]      Running unittests src/main.rs (/opt/rustwide/target/debug/deps/kindling-93417ec19c22bb75)
[INFO] [stdout] 
[INFO] [stdout] running 7 tests
[INFO] [stdout] test tests::test_empty ... ok
[INFO] [stdout] test tests::test_simple ... ok
[INFO] [stdout] test tests::test_simple2 ... ok
[INFO] [stdout] test tests::test_recode3 ... FAILED
[INFO] [stdout] test tests::test_recode4 ... FAILED
[INFO] [stdout] test tests::test_recode ... FAILED
[INFO] [stdout] test tests::test_recode2 ... FAILED
[INFO] [stdout] 
[INFO] [stdout] failures:
[INFO] [stdout] 
[INFO] [stdout] ---- tests::test_recode3 stdout ----
[INFO] [stdout] thread 'tests::test_recode3' panicked at src/program.rs:28:14:
[INFO] [stdout] called `Result::unwrap()` on an `Err` value: IoError(Os { code: 99, kind: AddrNotAvailable, message: "Cannot assign requested address" })
[INFO] [stdout] stack backtrace:
[INFO] [stdout]    0:     0x55c11bf38c7c - std::backtrace_rs::backtrace::libunwind::trace::ha637c64ce894333a
[INFO] [stdout]                                at /rustc/82e1608dfa6e0b5569232559e3d385fea5a93112/library/std/src/../../backtrace/src/backtrace/libunwind.rs:104:5
[INFO] [stdout]    1:     0x55c11bf38c7c - std::backtrace_rs::backtrace::trace_unsynchronized::h47f62dea28e0c88d
[INFO] [stdout]                                at /rustc/82e1608dfa6e0b5569232559e3d385fea5a93112/library/std/src/../../backtrace/src/backtrace/mod.rs:66:5
[INFO] [stdout]    2:     0x55c11bf38c7c - std::sys_common::backtrace::_print_fmt::h9eef0abe20ede486
[INFO] [stdout]                                at /rustc/82e1608dfa6e0b5569232559e3d385fea5a93112/library/std/src/sys_common/backtrace.rs:67:5
[INFO] [stdout]    3:     0x55c11bf38c7c - <std::sys_common::backtrace::_print::DisplayBacktrace as core::fmt::Display>::fmt::hed7f999df88cc644
[INFO] [stdout]                                at /rustc/82e1608dfa6e0b5569232559e3d385fea5a93112/library/std/src/sys_common/backtrace.rs:44:22
[INFO] [stdout]    4:     0x55c11bf648f0 - core::fmt::rt::Argument::fmt::h1539a9308b8d058d
[INFO] [stdout]                                at /rustc/82e1608dfa6e0b5569232559e3d385fea5a93112/library/core/src/fmt/rt.rs:142:9
[INFO] [stdout]    5:     0x55c11bf648f0 - core::fmt::write::h3a39390d8560d9c9
[INFO] [stdout]                                at /rustc/82e1608dfa6e0b5569232559e3d385fea5a93112/library/core/src/fmt/mod.rs:1120:17
[INFO] [stdout]    6:     0x55c11bf3606f - std::io::Write::write_fmt::h040b369f3a0f9cbc
[INFO] [stdout]                                at /rustc/82e1608dfa6e0b5569232559e3d385fea5a93112/library/std/src/io/mod.rs:1762:15
[INFO] [stdout]    7:     0x55c11bf38a64 - std::sys_common::backtrace::_print::h894006fb5c6f3d45
[INFO] [stdout]                                at /rustc/82e1608dfa6e0b5569232559e3d385fea5a93112/library/std/src/sys_common/backtrace.rs:47:5
[INFO] [stdout]    8:     0x55c11bf38a64 - std::sys_common::backtrace::print::h23a2d212c6fff936
[INFO] [stdout]                                at /rustc/82e1608dfa6e0b5569232559e3d385fea5a93112/library/std/src/sys_common/backtrace.rs:34:9
[INFO] [stdout]    9:     0x55c11bf3a727 - std::panicking::default_hook::{{closure}}::h8a1d2ee00185001a
[INFO] [stdout]   10:     0x55c11bf3a413 - std::panicking::default_hook::h6038f2eba384e475
[INFO] [stdout]                                at /rustc/82e1608dfa6e0b5569232559e3d385fea5a93112/library/std/src/panicking.rs:289:9
[INFO] [stdout]   11:     0x55c11be1da07 - <alloc::boxed::Box<F,A> as core::ops::function::Fn<Args>>::call::h0ad024c9bdc6d768
[INFO] [stdout]                                at /rustc/82e1608dfa6e0b5569232559e3d385fea5a93112/library/alloc/src/boxed.rs:2021:9
[INFO] [stdout]   12:     0x55c11be1da07 - test::test_main::{{closure}}::h7500b54257359db6
[INFO] [stdout]                                at /rustc/82e1608dfa6e0b5569232559e3d385fea5a93112/library/test/src/lib.rs:138:21
[INFO] [stdout]   13:     0x55c11bf3ad38 - <alloc::boxed::Box<F,A> as core::ops::function::Fn<Args>>::call::h1f8f335eaa9cfaee
[INFO] [stdout]                                at /rustc/82e1608dfa6e0b5569232559e3d385fea5a93112/library/alloc/src/boxed.rs:2021:9
[INFO] [stdout]   14:     0x55c11bf3ad38 - std::panicking::rust_panic_with_hook::h2b5517d590cab22e
[INFO] [stdout]                                at /rustc/82e1608dfa6e0b5569232559e3d385fea5a93112/library/std/src/panicking.rs:783:13
[INFO] [stdout]   15:     0x55c11bf3aa8e - std::panicking::begin_panic_handler::{{closure}}::h233112c06e0ef43e
[INFO] [stdout]                                at /rustc/82e1608dfa6e0b5569232559e3d385fea5a93112/library/std/src/panicking.rs:657:13
[INFO] [stdout]   16:     0x55c11bf39146 - std::sys_common::backtrace::__rust_end_short_backtrace::h6e893f24d7ebbff8
[INFO] [stdout]                                at /rustc/82e1608dfa6e0b5569232559e3d385fea5a93112/library/std/src/sys_common/backtrace.rs:170:18
[INFO] [stdout]   17:     0x55c11bf3a7f2 - rust_begin_unwind
[INFO] [stdout]                                at /rustc/82e1608dfa6e0b5569232559e3d385fea5a93112/library/std/src/panicking.rs:645:5
[INFO] [stdout]   18:     0x55c11bdc4365 - core::panicking::panic_fmt::hbf0e066aabfa482c
[INFO] [stdout]                                at /rustc/82e1608dfa6e0b5569232559e3d385fea5a93112/library/core/src/panicking.rs:72:14
[INFO] [stdout]   19:     0x55c11bdc48f3 - core::result::unwrap_failed::hddb4fea594200c52
[INFO] [stdout]                                at /rustc/82e1608dfa6e0b5569232559e3d385fea5a93112/library/core/src/result.rs:1653:5
[INFO] [stdout]   20:     0x55c11bdd0435 - core::result::Result<T,E>::unwrap::h017a80485058b79d
[INFO] [stdout]                                at /rustc/82e1608dfa6e0b5569232559e3d385fea5a93112/library/core/src/result.rs:1077:23
[INFO] [stdout]   21:     0x55c11bddf2e4 - kindling::program::Program::compile_program_ws::h12f044be92de663d
[INFO] [stdout]                                at /opt/rustwide/workdir/src/program.rs:26:26
[INFO] [stdout]   22:     0x55c11bdcd67a - kindling::tests::test_recode3::hfec0df09fadc99f1
[INFO] [stdout]                                at /opt/rustwide/workdir/src/tests.rs:76:5
[INFO] [stdout]   23:     0x55c11bdccef7 - kindling::tests::test_recode3::{{closure}}::h1e00886a7342df84
[INFO] [stdout]                                at /opt/rustwide/workdir/src/tests.rs:67:18
[INFO] [stdout]   24:     0x55c11bdd6396 - core::ops::function::FnOnce::call_once::h3ab54e6a43b53c6e
[INFO] [stdout]                                at /rustc/82e1608dfa6e0b5569232559e3d385fea5a93112/library/core/src/ops/function.rs:250:5
[INFO] [stdout]   25:     0x55c11be2305f - core::ops::function::FnOnce::call_once::h2b5d431d5046312d
[INFO] [stdout]                                at /rustc/82e1608dfa6e0b5569232559e3d385fea5a93112/library/core/src/ops/function.rs:250:5
[INFO] [stdout]   26:     0x55c11be2305f - test::__rust_begin_short_backtrace::h7714669af176e207
[INFO] [stdout]                                at /rustc/82e1608dfa6e0b5569232559e3d385fea5a93112/library/test/src/lib.rs:628:18
[INFO] [stdout]   27:     0x55c11be22075 - test::run_test_in_process::{{closure}}::h85218797dcbcec12
[INFO] [stdout]                                at /rustc/82e1608dfa6e0b5569232559e3d385fea5a93112/library/test/src/lib.rs:651:60
[INFO] [stdout]   28:     0x55c11be22075 - <core::panic::unwind_safe::AssertUnwindSafe<F> as core::ops::function::FnOnce<()>>::call_once::h76c106ea31c14d7b
[INFO] [stdout]                                at /rustc/82e1608dfa6e0b5569232559e3d385fea5a93112/library/core/src/panic/unwind_safe.rs:272:9
[INFO] [stdout]   29:     0x55c11be22075 - std::panicking::try::do_call::h3bd5d0f6620ee946
[INFO] [stdout]                                at /rustc/82e1608dfa6e0b5569232559e3d385fea5a93112/library/std/src/panicking.rs:552:40
[INFO] [stdout]   30:     0x55c11be22075 - std::panicking::try::h232e535e4744fe31
[INFO] [stdout]                                at /rustc/82e1608dfa6e0b5569232559e3d385fea5a93112/library/std/src/panicking.rs:516:19
[INFO] [stdout]   31:     0x55c11be22075 - std::panic::catch_unwind::h3ce3bd6ca8dbac68
[INFO] [stdout]                                at /rustc/82e1608dfa6e0b5569232559e3d385fea5a93112/library/std/src/panic.rs:142:14
[INFO] [stdout]   32:     0x55c11be22075 - test::run_test_in_process::hc97b257c9621286a
[INFO] [stdout]                                at /rustc/82e1608dfa6e0b5569232559e3d385fea5a93112/library/test/src/lib.rs:651:27
[INFO] [stdout]   33:     0x55c11be22075 - test::run_test::{{closure}}::h2aa798823a438d38
[INFO] [stdout]                                at /rustc/82e1608dfa6e0b5569232559e3d385fea5a93112/library/test/src/lib.rs:574:43
[INFO] [stdout]   34:     0x55c11bdea336 - test::run_test::{{closure}}::h87d231c78fb59832
[INFO] [stdout]                                at /rustc/82e1608dfa6e0b5569232559e3d385fea5a93112/library/test/src/lib.rs:602:41
[INFO] [stdout]   35:     0x55c11bdea336 - std::sys_common::backtrace::__rust_begin_short_backtrace::he6df152596625789
[INFO] [stdout]                                at /rustc/82e1608dfa6e0b5569232559e3d385fea5a93112/library/std/src/sys_common/backtrace.rs:154:18
[INFO] [stdout]   36:     0x55c11bdef3e7 - std::thread::Builder::spawn_unchecked_::{{closure}}::{{closure}}::ha94be15d1e0acf36
[INFO] [stdout]                                at /rustc/82e1608dfa6e0b5569232559e3d385fea5a93112/library/std/src/thread/mod.rs:529:17
[INFO] [stdout]   37:     0x55c11bdef3e7 - <core::panic::unwind_safe::AssertUnwindSafe<F> as core::ops::function::FnOnce<()>>::call_once::h9dc6bd6372f16606
[INFO] [stdout]                                at /rustc/82e1608dfa6e0b5569232559e3d385fea5a93112/library/core/src/panic/unwind_safe.rs:272:9
[INFO] [stdout]   38:     0x55c11bdef3e7 - std::panicking::try::do_call::h9057517f80303cd4
[INFO] [stdout]                                at /rustc/82e1608dfa6e0b5569232559e3d385fea5a93112/library/std/src/panicking.rs:552:40
[INFO] [stdout]   39:     0x55c11bdef3e7 - std::panicking::try::he3a30b11ee45340c
[INFO] [stdout]                                at /rustc/82e1608dfa6e0b5569232559e3d385fea5a93112/library/std/src/panicking.rs:516:19
[INFO] [stdout]   40:     0x55c11bdef3e7 - std::panic::catch_unwind::h410458cfd3528b8b
[INFO] [stdout]                                at /rustc/82e1608dfa6e0b5569232559e3d385fea5a93112/library/std/src/panic.rs:142:14
[INFO] [stdout]   41:     0x55c11bdef3e7 - std::thread::Builder::spawn_unchecked_::{{closure}}::h72ac3bdb567b737b
[INFO] [stdout]                                at /rustc/82e1608dfa6e0b5569232559e3d385fea5a93112/library/std/src/thread/mod.rs:528:30
[INFO] [stdout]   42:     0x55c11bdef3e7 - core::ops::function::FnOnce::call_once{{vtable.shim}}::h38f34da3654a8344
[INFO] [stdout]                                at /rustc/82e1608dfa6e0b5569232559e3d385fea5a93112/library/core/src/ops/function.rs:250:5
[INFO] [stdout]   43:     0x55c11bf3f7d5 - <alloc::boxed::Box<F,A> as core::ops::function::FnOnce<Args>>::call_once::hc7eafaff61e32df9
[INFO] [stdout]                                at /rustc/82e1608dfa6e0b5569232559e3d385fea5a93112/library/alloc/src/boxed.rs:2007:9
[INFO] [stdout]   44:     0x55c11bf3f7d5 - <alloc::boxed::Box<F,A> as core::ops::function::FnOnce<Args>>::call_once::h6ba4a5de48dd2304
[INFO] [stdout]                                at /rustc/82e1608dfa6e0b5569232559e3d385fea5a93112/library/alloc/src/boxed.rs:2007:9
[INFO] [stdout]   45:     0x55c11bf3f7d5 - std::sys::unix::thread::Thread::new::thread_start::he469335aef763e45
[INFO] [stdout]                                at /rustc/82e1608dfa6e0b5569232559e3d385fea5a93112/library/std/src/sys/unix/thread.rs:108:17
[INFO] [stdout]   46:     0x7fb6a91bcac3 - <unknown>
[INFO] [stdout]   47:     0x7fb6a924dbf4 - __clone
[INFO] [stdout]   48:                0x0 - <unknown>
[INFO] [stdout] 
[INFO] [stdout] ---- tests::test_recode4 stdout ----
[INFO] [stdout] thread 'tests::test_recode4' panicked at src/program.rs:28:14:
[INFO] [stdout] called `Result::unwrap()` on an `Err` value: IoError(Os { code: 99, kind: AddrNotAvailable, message: "Cannot assign requested address" })
[INFO] [stdout] stack backtrace:
[INFO] [stdout]    0:     0x55c11bf38c7c - std::backtrace_rs::backtrace::libunwind::trace::ha637c64ce894333a
[INFO] [stdout]                                at /rustc/82e1608dfa6e0b5569232559e3d385fea5a93112/library/std/src/../../backtrace/src/backtrace/libunwind.rs:104:5
[INFO] [stdout]    1:     0x55c11bf38c7c - std::backtrace_rs::backtrace::trace_unsynchronized::h47f62dea28e0c88d
[INFO] [stdout]                                at /rustc/82e1608dfa6e0b5569232559e3d385fea5a93112/library/std/src/../../backtrace/src/backtrace/mod.rs:66:5
[INFO] [stdout]    2:     0x55c11bf38c7c - std::sys_common::backtrace::_print_fmt::h9eef0abe20ede486
[INFO] [stdout]                                at /rustc/82e1608dfa6e0b5569232559e3d385fea5a93112/library/std/src/sys_common/backtrace.rs:67:5
[INFO] [stdout]    3:     0x55c11bf38c7c - <std::sys_common::backtrace::_print::DisplayBacktrace as core::fmt::Display>::fmt::hed7f999df88cc644
[INFO] [stdout]                                at /rustc/82e1608dfa6e0b5569232559e3d385fea5a93112/library/std/src/sys_common/backtrace.rs:44:22
[INFO] [stdout]    4:     0x55c11bf648f0 - core::fmt::rt::Argument::fmt::h1539a9308b8d058d
[INFO] [stdout]                                at /rustc/82e1608dfa6e0b5569232559e3d385fea5a93112/library/core/src/fmt/rt.rs:142:9
[INFO] [stdout]    5:     0x55c11bf648f0 - core::fmt::write::h3a39390d8560d9c9
[INFO] [stdout]                                at /rustc/82e1608dfa6e0b5569232559e3d385fea5a93112/library/core/src/fmt/mod.rs:1120:17
[INFO] [stdout]    6:     0x55c11bf3606f - std::io::Write::write_fmt::h040b369f3a0f9cbc
[INFO] [stdout]                                at /rustc/82e1608dfa6e0b5569232559e3d385fea5a93112/library/std/src/io/mod.rs:1762:15
[INFO] [stdout]    7:     0x55c11bf38a64 - std::sys_common::backtrace::_print::h894006fb5c6f3d45
[INFO] [stdout]                                at /rustc/82e1608dfa6e0b5569232559e3d385fea5a93112/library/std/src/sys_common/backtrace.rs:47:5
[INFO] [stdout]    8:     0x55c11bf38a64 - std::sys_common::backtrace::print::h23a2d212c6fff936
[INFO] [stdout]                                at /rustc/82e1608dfa6e0b5569232559e3d385fea5a93112/library/std/src/sys_common/backtrace.rs:34:9
[INFO] [stdout]    9:     0x55c11bf3a727 - std::panicking::default_hook::{{closure}}::h8a1d2ee00185001a
[INFO] [stdout]   10:     0x55c11bf3a413 - std::panicking::default_hook::h6038f2eba384e475
[INFO] [stdout]                                at /rustc/82e1608dfa6e0b5569232559e3d385fea5a93112/library/std/src/panicking.rs:289:9
[INFO] [stdout]   11:     0x55c11be1da07 - <alloc::boxed::Box<F,A> as core::ops::function::Fn<Args>>::call::h0ad024c9bdc6d768
[INFO] [stdout]                                at /rustc/82e1608dfa6e0b5569232559e3d385fea5a93112/library/alloc/src/boxed.rs:2021:9
[INFO] [stdout]   12:     0x55c11be1da07 - test::test_main::{{closure}}::h7500b54257359db6
[INFO] [stdout]                                at /rustc/82e1608dfa6e0b5569232559e3d385fea5a93112/library/test/src/lib.rs:138:21
[INFO] [stdout]   13:     0x55c11bf3ad38 - <alloc::boxed::Box<F,A> as core::ops::function::Fn<Args>>::call::h1f8f335eaa9cfaee
[INFO] [stdout]                                at /rustc/82e1608dfa6e0b5569232559e3d385fea5a93112/library/alloc/src/boxed.rs:2021:9
[INFO] [stdout]   14:     0x55c11bf3ad38 - std::panicking::rust_panic_with_hook::h2b5517d590cab22e
[INFO] [stdout]                                at /rustc/82e1608dfa6e0b5569232559e3d385fea5a93112/library/std/src/panicking.rs:783:13
[INFO] [stdout]   15:     0x55c11bf3aa8e - std::panicking::begin_panic_handler::{{closure}}::h233112c06e0ef43e
[INFO] [stdout]                                at /rustc/82e1608dfa6e0b5569232559e3d385fea5a93112/library/std/src/panicking.rs:657:13
[INFO] [stdout]   16:     0x55c11bf39146 - std::sys_common::backtrace::__rust_end_short_backtrace::h6e893f24d7ebbff8
[INFO] [stdout]                                at /rustc/82e1608dfa6e0b5569232559e3d385fea5a93112/library/std/src/sys_common/backtrace.rs:170:18
[INFO] [stdout]   17:     0x55c11bf3a7f2 - rust_begin_unwind
[INFO] [stdout]                                at /rustc/82e1608dfa6e0b5569232559e3d385fea5a93112/library/std/src/panicking.rs:645:5
[INFO] [stdout]   18:     0x55c11bdc4365 - core::panicking::panic_fmt::hbf0e066aabfa482c
[INFO] [stdout]                                at /rustc/82e1608dfa6e0b5569232559e3d385fea5a93112/library/core/src/panicking.rs:72:14
[INFO] [stdout]   19:     0x55c11bdc48f3 - core::result::unwrap_failed::hddb4fea594200c52
[INFO] [stdout]                                at /rustc/82e1608dfa6e0b5569232559e3d385fea5a93112/library/core/src/result.rs:1653:5
[INFO] [stdout]   20:     0x55c11bdd0435 - core::result::Result<T,E>::unwrap::h017a80485058b79d
[INFO] [stdout]                                at /rustc/82e1608dfa6e0b5569232559e3d385fea5a93112/library/core/src/result.rs:1077:23
[INFO] [stdout]   21:     0x55c11bddf2e4 - kindling::program::Program::compile_program_ws::h12f044be92de663d
[INFO] [stdout]                                at /opt/rustwide/workdir/src/program.rs:26:26
[INFO] [stdout]   22:     0x55c11bdce5eb - kindling::tests::test_recode4::h01901c1f8d147536
[INFO] [stdout]                                at /opt/rustwide/workdir/src/tests.rs:99:5
[INFO] [stdout]   23:     0x55c11bdcd707 - kindling::tests::test_recode4::{{closure}}::h2cb9b21e554e0dca
[INFO] [stdout]                                at /opt/rustwide/workdir/src/tests.rs:81:18
[INFO] [stdout]   24:     0x55c11bdd64a6 - core::ops::function::FnOnce::call_once::ha97bcbeb799bd690
[INFO] [stdout]                                at /rustc/82e1608dfa6e0b5569232559e3d385fea5a93112/library/core/src/ops/function.rs:250:5
[INFO] [stdout]   25:     0x55c11be2305f - core::ops::function::FnOnce::call_once::h2b5d431d5046312d
[INFO] [stdout]                                at /rustc/82e1608dfa6e0b5569232559e3d385fea5a93112/library/core/src/ops/function.rs:250:5
[INFO] [stdout]   26:     0x55c11be2305f - test::__rust_begin_short_backtrace::h7714669af176e207
[INFO] [stdout]                                at /rustc/82e1608dfa6e0b5569232559e3d385fea5a93112/library/test/src/lib.rs:628:18
[INFO] [stdout]   27:     0x55c11be22075 - test::run_test_in_process::{{closure}}::h85218797dcbcec12
[INFO] [stdout]                                at /rustc/82e1608dfa6e0b5569232559e3d385fea5a93112/library/test/src/lib.rs:651:60
[INFO] [stdout]   28:     0x55c11be22075 - <core::panic::unwind_safe::AssertUnwindSafe<F> as core::ops::function::FnOnce<()>>::call_once::h76c106ea31c14d7b
[INFO] [stdout]                                at /rustc/82e1608dfa6e0b5569232559e3d385fea5a93112/library/core/src/panic/unwind_safe.rs:272:9
[INFO] [stdout]   29:     0x55c11be22075 - std::panicking::try::do_call::h3bd5d0f6620ee946
[INFO] [stdout]                                at /rustc/82e1608dfa6e0b5569232559e3d385fea5a93112/library/std/src/panicking.rs:552:40
[INFO] [stdout]   30:     0x55c11be22075 - std::panicking::try::h232e535e4744fe31
[INFO] [stdout]                                at /rustc/82e1608dfa6e0b5569232559e3d385fea5a93112/library/std/src/panicking.rs:516:19
[INFO] [stdout]   31:     0x55c11be22075 - std::panic::catch_unwind::h3ce3bd6ca8dbac68
[INFO] [stdout]                                at /rustc/82e1608dfa6e0b5569232559e3d385fea5a93112/library/std/src/panic.rs:142:14
[INFO] [stdout]   32:     0x55c11be22075 - test::run_test_in_process::hc97b257c9621286a
[INFO] [stdout]                                at /rustc/82e1608dfa6e0b5569232559e3d385fea5a93112/library/test/src/lib.rs:651:27
[INFO] [stdout]   33:     0x55c11be22075 - test::run_test::{{closure}}::h2aa798823a438d38
[INFO] [stdout]                                at /rustc/82e1608dfa6e0b5569232559e3d385fea5a93112/library/test/src/lib.rs:574:43
[INFO] [stdout]   34:     0x55c11bdea336 - test::run_test::{{closure}}::h87d231c78fb59832
[INFO] [stdout]                                at /rustc/82e1608dfa6e0b5569232559e3d385fea5a93112/library/test/src/lib.rs:602:41
[INFO] [stdout]   35:     0x55c11bdea336 - std::sys_common::backtrace::__rust_begin_short_backtrace::he6df152596625789
[INFO] [stdout]                                at /rustc/82e1608dfa6e0b5569232559e3d385fea5a93112/library/std/src/sys_common/backtrace.rs:154:18
[INFO] [stdout]   36:     0x55c11bdef3e7 - std::thread::Builder::spawn_unchecked_::{{closure}}::{{closure}}::ha94be15d1e0acf36
[INFO] [stdout]                                at /rustc/82e1608dfa6e0b5569232559e3d385fea5a93112/library/std/src/thread/mod.rs:529:17
[INFO] [stdout]   37:     0x55c11bdef3e7 - <core::panic::unwind_safe::AssertUnwindSafe<F> as core::ops::function::FnOnce<()>>::call_once::h9dc6bd6372f16606
[INFO] [stdout]                                at /rustc/82e1608dfa6e0b5569232559e3d385fea5a93112/library/core/src/panic/unwind_safe.rs:272:9
[INFO] [stdout]   38:     0x55c11bdef3e7 - std::panicking::try::do_call::h9057517f80303cd4
[INFO] [stdout]                                at /rustc/82e1608dfa6e0b5569232559e3d385fea5a93112/library/std/src/panicking.rs:552:40
[INFO] [stdout]   39:     0x55c11bdef3e7 - std::panicking::try::he3a30b11ee45340c
[INFO] [stdout]                                at /rustc/82e1608dfa6e0b5569232559e3d385fea5a93112/library/std/src/panicking.rs:516:19
[INFO] [stdout]   40:     0x55c11bdef3e7 - std::panic::catch_unwind::h410458cfd3528b8b
[INFO] [stdout]                                at /rustc/82e1608dfa6e0b5569232559e3d385fea5a93112/library/std/src/panic.rs:142:14
[INFO] [stdout]   41:     0x55c11bdef3e7 - std::thread::Builder::spawn_unchecked_::{{closure}}::h72ac3bdb567b737b
[INFO] [stdout]                                at /rustc/82e1608dfa6e0b5569232559e3d385fea5a93112/library/std/src/thread/mod.rs:528:30
[INFO] [stdout]   42:     0x55c11bdef3e7 - core::ops::function::FnOnce::call_once{{vtable.shim}}::h38f34da3654a8344
[INFO] [stdout]                                at /rustc/82e1608dfa6e0b5569232559e3d385fea5a93112/library/core/src/ops/function.rs:250:5
[INFO] [stdout]   43:     0x55c11bf3f7d5 - <alloc::boxed::Box<F,A> as core::ops::function::FnOnce<Args>>::call_once::hc7eafaff61e32df9
[INFO] [stdout]                                at /rustc/82e1608dfa6e0b5569232559e3d385fea5a93112/library/alloc/src/boxed.rs:2007:9
[INFO] [stdout]   44:     0x55c11bf3f7d5 - <alloc::boxed::Box<F,A> as core::ops::function::FnOnce<Args>>::call_once::h6ba4a5de48dd2304
[INFO] [stdout]                                at /rustc/82e1608dfa6e0b5569232559e3d385fea5a93112/library/alloc/src/boxed.rs:2007:9
[INFO] [stdout]   45:     0x55c11bf3f7d5 - std::sys::unix::thread::Thread::new::thread_start::he469335aef763e45
[INFO] [stdout]                                at /rustc/82e1608dfa6e0b5569232559e3d385fea5a93112/library/std/src/sys/unix/thread.rs:108:17
[INFO] [stdout]   46:     0x7fb6a91bcac3 - <unknown>
[INFO] [stdout]   47:     0x7fb6a924dbf4 - __clone
[INFO] [stdout]   48:                0x0 - <unknown>
[INFO] [stdout] 
[INFO] [stdout] ---- tests::test_recode stdout ----
[INFO] [stdout] thread 'tests::test_recode' panicked at src/program.rs:28:14:
[INFO] [stdout] called `Result::unwrap()` on an `Err` value: IoError(Os { code: 99, kind: AddrNotAvailable, message: "Cannot assign requested address" })
[INFO] [stdout] stack backtrace:
[INFO] [stdout]    0:     0x55c11bf38c7c - std::backtrace_rs::backtrace::libunwind::trace::ha637c64ce894333a
[INFO] [stdout]                                at /rustc/82e1608dfa6e0b5569232559e3d385fea5a93112/library/std/src/../../backtrace/src/backtrace/libunwind.rs:104:5
[INFO] [stdout]    1:     0x55c11bf38c7c - std::backtrace_rs::backtrace::trace_unsynchronized::h47f62dea28e0c88d
[INFO] [stdout]                                at /rustc/82e1608dfa6e0b5569232559e3d385fea5a93112/library/std/src/../../backtrace/src/backtrace/mod.rs:66:5
[INFO] [stdout]    2:     0x55c11bf38c7c - std::sys_common::backtrace::_print_fmt::h9eef0abe20ede486
[INFO] [stdout]                                at /rustc/82e1608dfa6e0b5569232559e3d385fea5a93112/library/std/src/sys_common/backtrace.rs:67:5
[INFO] [stdout]    3:     0x55c11bf38c7c - <std::sys_common::backtrace::_print::DisplayBacktrace as core::fmt::Display>::fmt::hed7f999df88cc644
[INFO] [stdout]                                at /rustc/82e1608dfa6e0b5569232559e3d385fea5a93112/library/std/src/sys_common/backtrace.rs:44:22
[INFO] [stdout]    4:     0x55c11bf648f0 - core::fmt::rt::Argument::fmt::h1539a9308b8d058d
[INFO] [stdout]                                at /rustc/82e1608dfa6e0b5569232559e3d385fea5a93112/library/core/src/fmt/rt.rs:142:9
[INFO] [stdout]    5:     0x55c11bf648f0 - core::fmt::write::h3a39390d8560d9c9
[INFO] [stdout]                                at /rustc/82e1608dfa6e0b5569232559e3d385fea5a93112/library/core/src/fmt/mod.rs:1120:17
[INFO] [stdout]    6:     0x55c11bf3606f - std::io::Write::write_fmt::h040b369f3a0f9cbc
[INFO] [stdout]                                at /rustc/82e1608dfa6e0b5569232559e3d385fea5a93112/library/std/src/io/mod.rs:1762:15
[INFO] [stdout]    7:     0x55c11bf38a64 - std::sys_common::backtrace::_print::h894006fb5c6f3d45
[INFO] [stdout]                                at /rustc/82e1608dfa6e0b5569232559e3d385fea5a93112/library/std/src/sys_common/backtrace.rs:47:5
[INFO] [stdout]    8:     0x55c11bf38a64 - std::sys_common::backtrace::print::h23a2d212c6fff936
[INFO] [stdout]                                at /rustc/82e1608dfa6e0b5569232559e3d385fea5a93112/library/std/src/sys_common/backtrace.rs:34:9
[INFO] [stdout]    9:     0x55c11bf3a727 - std::panicking::default_hook::{{closure}}::h8a1d2ee00185001a
[INFO] [stdout]   10:     0x55c11bf3a413 - std::panicking::default_hook::h6038f2eba384e475
[INFO] [stdout]                                at /rustc/82e1608dfa6e0b5569232559e3d385fea5a93112/library/std/src/panicking.rs:289:9
[INFO] [stdout]   11:     0x55c11be1da07 - <alloc::boxed::Box<F,A> as core::ops::function::Fn<Args>>::call::h0ad024c9bdc6d768
[INFO] [stdout]                                at /rustc/82e1608dfa6e0b5569232559e3d385fea5a93112/library/alloc/src/boxed.rs:2021:9
[INFO] [stdout]   12:     0x55c11be1da07 - test::test_main::{{closure}}::h7500b54257359db6
[INFO] [stdout]                                at /rustc/82e1608dfa6e0b5569232559e3d385fea5a93112/library/test/src/lib.rs:138:21
[INFO] [stdout]   13:     0x55c11bf3ad38 - <alloc::boxed::Box<F,A> as core::ops::function::Fn<Args>>::call::h1f8f335eaa9cfaee
[INFO] [stdout]                                at /rustc/82e1608dfa6e0b5569232559e3d385fea5a93112/library/alloc/src/boxed.rs:2021:9
[INFO] [stdout]   14:     0x55c11bf3ad38 - std::panicking::rust_panic_with_hook::h2b5517d590cab22e
[INFO] [stdout]                                at /rustc/82e1608dfa6e0b5569232559e3d385fea5a93112/library/std/src/panicking.rs:783:13
[INFO] [stdout]   15:     0x55c11bf3aa8e - std::panicking::begin_panic_handler::{{closure}}::h233112c06e0ef43e
[INFO] [stdout]                                at /rustc/82e1608dfa6e0b5569232559e3d385fea5a93112/library/std/src/panicking.rs:657:13
[INFO] [stdout]   16:     0x55c11bf39146 - std::sys_common::backtrace::__rust_end_short_backtrace::h6e893f24d7ebbff8
[INFO] [stdout]                                at /rustc/82e1608dfa6e0b5569232559e3d385fea5a93112/library/std/src/sys_common/backtrace.rs:170:18
[INFO] [stdout]   17:     0x55c11bf3a7f2 - rust_begin_unwind
[INFO] [stdout]                                at /rustc/82e1608dfa6e0b5569232559e3d385fea5a93112/library/std/src/panicking.rs:645:5
[INFO] [stdout]   18:     0x55c11bdc4365 - core::panicking::panic_fmt::hbf0e066aabfa482c
[INFO] [stdout]                                at /rustc/82e1608dfa6e0b5569232559e3d385fea5a93112/library/core/src/panicking.rs:72:14
[INFO] [stdout]   19:     0x55c11bdc48f3 - core::result::unwrap_failed::hddb4fea594200c52
[INFO] [stdout]                                at /rustc/82e1608dfa6e0b5569232559e3d385fea5a93112/library/core/src/result.rs:1653:5
[INFO] [stdout]   20:     0x55c11bdd0435 - core::result::Result<T,E>::unwrap::h017a80485058b79d
[INFO] [stdout]                                at /rustc/82e1608dfa6e0b5569232559e3d385fea5a93112/library/core/src/result.rs:1077:23
[INFO] [stdout]   21:     0x55c11bddf2e4 - kindling::program::Program::compile_program_ws::h12f044be92de663d
[INFO] [stdout]                                at /opt/rustwide/workdir/src/program.rs:26:26
[INFO] [stdout]   22:     0x55c11bdcc542 - kindling::tests::test_recode::h7e494ac909906d38
[INFO] [stdout]                                at /opt/rustwide/workdir/src/tests.rs:47:5
[INFO] [stdout]   23:     0x55c11bdcbca7 - kindling::tests::test_recode::{{closure}}::h48a5d0188456ac82
[INFO] [stdout]                                at /opt/rustwide/workdir/src/tests.rs:40:17
[INFO] [stdout]   24:     0x55c11bdd64e6 - core::ops::function::FnOnce::call_once::hc7fafb18284152ff
[INFO] [stdout]                                at /rustc/82e1608dfa6e0b5569232559e3d385fea5a93112/library/core/src/ops/function.rs:250:5
[INFO] [stdout]   25:     0x55c11be2305f - core::ops::function::FnOnce::call_once::h2b5d431d5046312d
[INFO] [stdout]                                at /rustc/82e1608dfa6e0b5569232559e3d385fea5a93112/library/core/src/ops/function.rs:250:5
[INFO] [stdout]   26:     0x55c11be2305f - test::__rust_begin_short_backtrace::h7714669af176e207
[INFO] [stdout]                                at /rustc/82e1608dfa6e0b5569232559e3d385fea5a93112/library/test/src/lib.rs:628:18
[INFO] [stdout]   27:     0x55c11be22075 - test::run_test_in_process::{{closure}}::h85218797dcbcec12
[INFO] [stdout]                                at /rustc/82e1608dfa6e0b5569232559e3d385fea5a93112/library/test/src/lib.rs:651:60
[INFO] [stdout]   28:     0x55c11be22075 - <core::panic::unwind_safe::AssertUnwindSafe<F> as core::ops::function::FnOnce<()>>::call_once::h76c106ea31c14d7b
[INFO] [stdout]                                at /rustc/82e1608dfa6e0b5569232559e3d385fea5a93112/library/core/src/panic/unwind_safe.rs:272:9
[INFO] [stdout]   29:     0x55c11be22075 - std::panicking::try::do_call::h3bd5d0f6620ee946
[INFO] [stdout]                                at /rustc/82e1608dfa6e0b5569232559e3d385fea5a93112/library/std/src/panicking.rs:552:40
[INFO] [stdout]   30:     0x55c11be22075 - std::panicking::try::h232e535e4744fe31
[INFO] [stdout]                                at /rustc/82e1608dfa6e0b5569232559e3d385fea5a93112/library/std/src/panicking.rs:516:19
[INFO] [stdout]   31:     0x55c11be22075 - std::panic::catch_unwind::h3ce3bd6ca8dbac68
[INFO] [stdout]                                at /rustc/82e1608dfa6e0b5569232559e3d385fea5a93112/library/std/src/panic.rs:142:14
[INFO] [stdout]   32:     0x55c11be22075 - test::run_test_in_process::hc97b257c9621286a
[INFO] [stdout]                                at /rustc/82e1608dfa6e0b5569232559e3d385fea5a93112/library/test/src/lib.rs:651:27
[INFO] [stdout]   33:     0x55c11be22075 - test::run_test::{{closure}}::h2aa798823a438d38
[INFO] [stdout]                                at /rustc/82e1608dfa6e0b5569232559e3d385fea5a93112/library/test/src/lib.rs:574:43
[INFO] [stdout]   34:     0x55c11bdea336 - test::run_test::{{closure}}::h87d231c78fb59832
[INFO] [stdout]                                at /rustc/82e1608dfa6e0b5569232559e3d385fea5a93112/library/test/src/lib.rs:602:41
[INFO] [stdout]   35:     0x55c11bdea336 - std::sys_common::backtrace::__rust_begin_short_backtrace::he6df152596625789
[INFO] [stdout]                                at /rustc/82e1608dfa6e0b5569232559e3d385fea5a93112/library/std/src/sys_common/backtrace.rs:154:18
[INFO] [stdout]   36:     0x55c11bdef3e7 - std::thread::Builder::spawn_unchecked_::{{closure}}::{{closure}}::ha94be15d1e0acf36
[INFO] [stdout]                                at /rustc/82e1608dfa6e0b5569232559e3d385fea5a93112/library/std/src/thread/mod.rs:529:17
[INFO] [stdout]   37:     0x55c11bdef3e7 - <core::panic::unwind_safe::AssertUnwindSafe<F> as core::ops::function::FnOnce<()>>::call_once::h9dc6bd6372f16606
[INFO] [stdout]                                at /rustc/82e1608dfa6e0b5569232559e3d385fea5a93112/library/core/src/panic/unwind_safe.rs:272:9
[INFO] [stdout]   38:     0x55c11bdef3e7 - std::panicking::try::do_call::h9057517f80303cd4
[INFO] [stdout]                                at /rustc/82e1608dfa6e0b5569232559e3d385fea5a93112/library/std/src/panicking.rs:552:40
[INFO] [stdout]   39:     0x55c11bdef3e7 - std::panicking::try::he3a30b11ee45340c
[INFO] [stdout]                                at /rustc/82e1608dfa6e0b5569232559e3d385fea5a93112/library/std/src/panicking.rs:516:19
[INFO] [stdout]   40:     0x55c11bdef3e7 - std::panic::catch_unwind::h410458cfd3528b8b
[INFO] [stdout]                                at /rustc/82e1608dfa6e0b5569232559e3d385fea5a93112/library/std/src/panic.rs:142:14
[INFO] [stdout]   41:     0x55c11bdef3e7 - std::thread::Builder::spawn_unchecked_::{{closure}}::h72ac3bdb567b737b
[INFO] [stdout]                                at /rustc/82e1608dfa6e0b5569232559e3d385fea5a93112/library/std/src/thread/mod.rs:528:30
[INFO] [stdout]   42:     0x55c11bdef3e7 - core::ops::function::FnOnce::call_once{{vtable.shim}}::h38f34da3654a8344
[INFO] [stdout]                                at /rustc/82e1608dfa6e0b5569232559e3d385fea5a93112/library/core/src/ops/function.rs:250:5
[INFO] [stdout]   43:     0x55c11bf3f7d5 - <alloc::boxed::Box<F,A> as core::ops::function::FnOnce<Args>>::call_once::hc7eafaff61e32df9
[INFO] [stdout]                                at /rustc/82e1608dfa6e0b5569232559e3d385fea5a93112/library/alloc/src/boxed.rs:2007:9
[INFO] [stdout]   44:     0x55c11bf3f7d5 - <alloc::boxed::Box<F,A> as core::ops::function::FnOnce<Args>>::call_once::h6ba4a5de48dd2304
[INFO] [stdout]                                at /rustc/82e1608dfa6e0b5569232559e3d385fea5a93112/library/alloc/src/boxed.rs:2007:9
[INFO] [stdout]   45:     0x55c11bf3f7d5 - std::sys::unix::thread::Thread::new::thread_start::he469335aef763e45
[INFO] [stdout]                                at /rustc/82e1608dfa6e0b5569232559e3d385fea5a93112/library/std/src/sys/unix/thread.rs:108:17
[INFO] [stdout]   46:     0x7fb6a91bcac3 - <unknown>
[INFO] [stdout]   47:     0x7fb6a924dbf4 - __clone
[INFO] [stdout]   48:                0x0 - <unknown>
[INFO] [stdout] 
[INFO] [stdout] ---- tests::test_recode2 stdout ----
[INFO] [stdout] thread 'tests::test_recode2' panicked at src/program.rs:28:14:
[INFO] [stdout] called `Result::unwrap()` on an `Err` value: IoError(Os { code: 99, kind: AddrNotAvailable, message: "Cannot assign requested address" })
[INFO] [stdout] stack backtrace:
[INFO] [stdout]    0:     0x55c11bf38c7c - std::backtrace_rs::backtrace::libunwind::trace::ha637c64ce894333a
[INFO] [stdout]                                at /rustc/82e1608dfa6e0b5569232559e3d385fea5a93112/library/std/src/../../backtrace/src/backtrace/libunwind.rs:104:5
[INFO] [stdout]    1:     0x55c11bf38c7c - std::backtrace_rs::backtrace::trace_unsynchronized::h47f62dea28e0c88d
[INFO] [stdout]                                at /rustc/82e1608dfa6e0b5569232559e3d385fea5a93112/library/std/src/../../backtrace/src/backtrace/mod.rs:66:5
[INFO] [stdout]    2:     0x55c11bf38c7c - std::sys_common::backtrace::_print_fmt::h9eef0abe20ede486
[INFO] [stdout]                                at /rustc/82e1608dfa6e0b5569232559e3d385fea5a93112/library/std/src/sys_common/backtrace.rs:67:5
[INFO] [stdout]    3:     0x55c11bf38c7c - <std::sys_common::backtrace::_print::DisplayBacktrace as core::fmt::Display>::fmt::hed7f999df88cc644
[INFO] [stdout]                                at /rustc/82e1608dfa6e0b5569232559e3d385fea5a93112/library/std/src/sys_common/backtrace.rs:44:22
[INFO] [stdout]    4:     0x55c11bf648f0 - core::fmt::rt::Argument::fmt::h1539a9308b8d058d
[INFO] [stdout]                                at /rustc/82e1608dfa6e0b5569232559e3d385fea5a93112/library/core/src/fmt/rt.rs:142:9
[INFO] [stdout]    5:     0x55c11bf648f0 - core::fmt::write::h3a39390d8560d9c9
[INFO] [stdout]                                at /rustc/82e1608dfa6e0b5569232559e3d385fea5a93112/library/core/src/fmt/mod.rs:1120:17
[INFO] [stdout]    6:     0x55c11bf3606f - std::io::Write::write_fmt::h040b369f3a0f9cbc
[INFO] [stdout]                                at /rustc/82e1608dfa6e0b5569232559e3d385fea5a93112/library/std/src/io/mod.rs:1762:15
[INFO] [stdout]    7:     0x55c11bf38a64 - std::sys_common::backtrace::_print::h894006fb5c6f3d45
[INFO] [stdout]                                at /rustc/82e1608dfa6e0b5569232559e3d385fea5a93112/library/std/src/sys_common/backtrace.rs:47:5
[INFO] [stdout]    8:     0x55c11bf38a64 - std::sys_common::backtrace::print::h23a2d212c6fff936
[INFO] [stdout]                                at /rustc/82e1608dfa6e0b5569232559e3d385fea5a93112/library/std/src/sys_common/backtrace.rs:34:9
[INFO] [stdout]    9:     0x55c11bf3a727 - std::panicking::default_hook::{{closure}}::h8a1d2ee00185001a
[INFO] [stdout]   10:     0x55c11bf3a413 - std::panicking::default_hook::h6038f2eba384e475
[INFO] [stdout]                                at /rustc/82e1608dfa6e0b5569232559e3d385fea5a93112/library/std/src/panicking.rs:289:9
[INFO] [stdout]   11:     0x55c11be1da07 - <alloc::boxed::Box<F,A> as core::ops::function::Fn<Args>>::call::h0ad024c9bdc6d768
[INFO] [stdout]                                at /rustc/82e1608dfa6e0b5569232559e3d385fea5a93112/library/alloc/src/boxed.rs:2021:9
[INFO] [stdout]   12:     0x55c11be1da07 - test::test_main::{{closure}}::h7500b54257359db6
[INFO] [stdout]                                at /rustc/82e1608dfa6e0b5569232559e3d385fea5a93112/library/test/src/lib.rs:138:21
[INFO] [stdout]   13:     0x55c11bf3ad38 - <alloc::boxed::Box<F,A> as core::ops::function::Fn<Args>>::call::h1f8f335eaa9cfaee
[INFO] [stdout]                                at /rustc/82e1608dfa6e0b5569232559e3d385fea5a93112/library/alloc/src/boxed.rs:2021:9
[INFO] [stdout]   14:     0x55c11bf3ad38 - std::panicking::rust_panic_with_hook::h2b5517d590cab22e
[INFO] [stdout]                                at /rustc/82e1608dfa6e0b5569232559e3d385fea5a93112/library/std/src/panicking.rs:783:13
[INFO] [stdout]   15:     0x55c11bf3aa8e - std::panicking::begin_panic_handler::{{closure}}::h233112c06e0ef43e
[INFO] [stdout]                                at /rustc/82e1608dfa6e0b5569232559e3d385fea5a93112/library/std/src/panicking.rs:657:13
[INFO] [stdout]   16:     0x55c11bf39146 - std::sys_common::backtrace::__rust_end_short_backtrace::h6e893f24d7ebbff8
[INFO] [stdout]                                at /rustc/82e1608dfa6e0b5569232559e3d385fea5a93112/library/std/src/sys_common/backtrace.rs:170:18
[INFO] [stdout]   17:     0x55c11bf3a7f2 - rust_begin_unwind
[INFO] [stdout]                                at /rustc/82e1608dfa6e0b5569232559e3d385fea5a93112/library/std/src/panicking.rs:645:5
[INFO] [stdout]   18:     0x55c11bdc4365 - core::panicking::panic_fmt::hbf0e066aabfa482c
[INFO] [stdout]                                at /rustc/82e1608dfa6e0b5569232559e3d385fea5a93112/library/core/src/panicking.rs:72:14
[INFO] [stdout]   19:     0x55c11bdc48f3 - core::result::unwrap_failed::hddb4fea594200c52
[INFO] [stdout]                                at /rustc/82e1608dfa6e0b5569232559e3d385fea5a93112/library/core/src/result.rs:1653:5
[INFO] [stdout]   20:     0x55c11bdd0435 - core::result::Result<T,E>::unwrap::h017a80485058b79d
[INFO] [stdout]                                at /rustc/82e1608dfa6e0b5569232559e3d385fea5a93112/library/core/src/result.rs:1077:23
[INFO] [stdout]   21:     0x55c11bddf2e4 - kindling::program::Program::compile_program_ws::h12f044be92de663d
[INFO] [stdout]                                at /opt/rustwide/workdir/src/program.rs:26:26
[INFO] [stdout]   22:     0x55c11bdcce42 - kindling::tests::test_recode2::hde979ec5f0d99d62
[INFO] [stdout]                                at /opt/rustwide/workdir/src/tests.rs:63:5
[INFO] [stdout]   23:     0x55c11bdcc5a7 - kindling::tests::test_recode2::{{closure}}::h28aeca094de88428
[INFO] [stdout]                                at /opt/rustwide/workdir/src/tests.rs:51:18
[INFO] [stdout]   24:     0x55c11bdd6356 - core::ops::function::FnOnce::call_once::h3709416ead1605a5
[INFO] [stdout]                                at /rustc/82e1608dfa6e0b5569232559e3d385fea5a93112/library/core/src/ops/function.rs:250:5
[INFO] [stdout]   25:     0x55c11be2305f - core::ops::function::FnOnce::call_once::h2b5d431d5046312d
[INFO] [stdout]                                at /rustc/82e1608dfa6e0b5569232559e3d385fea5a93112/library/core/src/ops/function.rs:250:5
[INFO] [stdout]   26:     0x55c11be2305f - test::__rust_begin_short_backtrace::h7714669af176e207
[INFO] [stdout]                                at /rustc/82e1608dfa6e0b5569232559e3d385fea5a93112/library/test/src/lib.rs:628:18
[INFO] [stdout]   27:     0x55c11be22075 - test::run_test_in_process::{{closure}}::h85218797dcbcec12
[INFO] [stdout]                                at /rustc/82e1608dfa6e0b5569232559e3d385fea5a93112/library/test/src/lib.rs:651:60
[INFO] [stdout]   28:     0x55c11be22075 - <core::panic::unwind_safe::AssertUnwindSafe<F> as core::ops::function::FnOnce<()>>::call_once::h76c106ea31c14d7b
[INFO] [stdout]                                at /rustc/82e1608dfa6e0b5569232559e3d385fea5a93112/library/core/src/panic/unwind_safe.rs:272:9
[INFO] [stdout]   29:     0x55c11be22075 - std::panicking::try::do_call::h3bd5d0f6620ee946
[INFO] [stdout]                                at /rustc/82e1608dfa6e0b5569232559e3d385fea5a93112/library/std/src/panicking.rs:552:40
[INFO] [stdout]   30:     0x55c11be22075 - std::panicking::try::h232e535e4744fe31
[INFO] [stdout]                                at /rustc/82e1608dfa6e0b5569232559e3d385fea5a93112/library/std/src/panicking.rs:516:19
[INFO] [stdout]   31:     0x55c11be22075 - std::panic::catch_unwind::h3ce3bd6ca8dbac68
[INFO] [stdout]                                at /rustc/82e1608dfa6e0b5569232559e3d385fea5a93112/library/std/src/panic.rs:142:14
[INFO] [stdout]   32:     0x55c11be22075 - test::run_test_in_process::hc97b257c9621286a
[INFO] [stdout]                                at /rustc/82e1608dfa6e0b5569232559e3d385fea5a93112/library/test/src/lib.rs:651:27
[INFO] [stdout]   33:     0x55c11be22075 - test::run_test::{{closure}}::h2aa798823a438d38
[INFO] [stdout]                                at /rustc/82e1608dfa6e0b5569232559e3d385fea5a93112/library/test/src/lib.rs:574:43
[INFO] [stdout]   34:     0x55c11bdea336 - test::run_test::{{closure}}::h87d231c78fb59832
[INFO] [stdout]                                at /rustc/82e1608dfa6e0b5569232559e3d385fea5a93112/library/test/src/lib.rs:602:41
[INFO] [stdout]   35:     0x55c11bdea336 - std::sys_common::backtrace::__rust_begin_short_backtrace::he6df152596625789
[INFO] [stdout]                                at /rustc/82e1608dfa6e0b5569232559e3d385fea5a93112/library/std/src/sys_common/backtrace.rs:154:18
[INFO] [stdout]   36:     0x55c11bdef3e7 - std::thread::Builder::spawn_unchecked_::{{closure}}::{{closure}}::ha94be15d1e0acf36
[INFO] [stdout]                                at /rustc/82e1608dfa6e0b5569232559e3d385fea5a93112/library/std/src/thread/mod.rs:529:17
[INFO] [stdout]   37:     0x55c11bdef3e7 - <core::panic::unwind_safe::AssertUnwindSafe<F> as core::ops::function::FnOnce<()>>::call_once::h9dc6bd6372f16606
[INFO] [stdout]                                at /rustc/82e1608dfa6e0b5569232559e3d385fea5a93112/library/core/src/panic/unwind_safe.rs:272:9
[INFO] [stdout]   38:     0x55c11bdef3e7 - std::panicking::try::do_call::h9057517f80303cd4
[INFO] [stdout]                                at /rustc/82e1608dfa6e0b5569232559e3d385fea5a93112/library/std/src/panicking.rs:552:40
[INFO] [stdout]   39:     0x55c11bdef3e7 - std::panicking::try::he3a30b11ee45340c
[INFO] [stdout]                                at /rustc/82e1608dfa6e0b5569232559e3d385fea5a93112/library/std/src/panicking.rs:516:19
[INFO] [stdout]   40:     0x55c11bdef3e7 - std::panic::catch_unwind::h410458cfd3528b8b
[INFO] [stdout]                                at /rustc/82e1608dfa6e0b5569232559e3d385fea5a93112/library/std/src/panic.rs:142:14
[INFO] [stdout]   41:     0x55c11bdef3e7 - std::thread::Builder::spawn_unchecked_::{{closure}}::h72ac3bdb567b737b
[INFO] [stdout]                                at /rustc/82e1608dfa6e0b5569232559e3d385fea5a93112/library/std/src/thread/mod.rs:528:30
[INFO] [stdout]   42:     0x55c11bdef3e7 - core::ops::function::FnOnce::call_once{{vtable.shim}}::h38f34da3654a8344
[INFO] [stdout]                                at /rustc/82e1608dfa6e0b5569232559e3d385fea5a93112/library/core/src/ops/function.rs:250:5
[INFO] [stdout]   43:     0x55c11bf3f7d5 - <alloc::boxed::Box<F,A> as core::ops::function::FnOnce<Args>>::call_once::hc7eafaff61e32df9
[INFO] [stdout]                                at /rustc/82e1608dfa6e0b5569232559e3d385fea5a93112/library/alloc/src/boxed.rs:2007:9
[INFO] [stdout]   44:     0x55c11bf3f7d5 - <alloc::boxed::Box<F,A> as core::ops::function::FnOnce<Args>>::call_once::h6ba4a5de48dd2304
[INFO] [stdout]                                at /rustc/82e1608dfa6e0b5569232559e3d385fea5a93112/library/alloc/src/boxed.rs:2007:9
[INFO] [stdout]   45:     0x55c11bf3f7d5 - std::sys::unix::thread::Thread::new::thread_start::he469335aef763e45
[INFO] [stdout]                                at /rustc/82e1608dfa6e0b5569232559e3d385fea5a93112/library/std/src/sys/unix/thread.rs:108:17
[INFO] [stdout]   46:     0x7fb6a91bcac3 - <unknown>
[INFO] [stdout]   47:     0x7fb6a924dbf4 - __clone
[INFO] [stdout]   48:                0x0 - <unknown>
[INFO] [stdout] 
[INFO] [stdout] 
[INFO] [stdout] failures:
[INFO] [stdout]     tests::test_recode
[INFO] [stdout]     tests::test_recode2
[INFO] [stdout]     tests::test_recode3
[INFO] [stdout]     tests::test_recode4
[INFO] [stdout] 
[INFO] [stdout] test result: FAILED. 3 passed; 4 failed; 0 ignored; 0 measured; 0 filtered out; finished in 0.03s
[INFO] [stdout] 
[INFO] [stderr] error: test failed, to rerun pass `--bin kindling`
[INFO] running `Command { std: "docker" "inspect" "b54ec09c83c8403b9ab1d958b1249c4ea2df5a5dc7a376c8b8d082cc6c023378", kill_on_drop: false }`
[INFO] running `Command { std: "docker" "rm" "-f" "b54ec09c83c8403b9ab1d958b1249c4ea2df5a5dc7a376c8b8d082cc6c023378", kill_on_drop: false }`
[INFO] [stdout] b54ec09c83c8403b9ab1d958b1249c4ea2df5a5dc7a376c8b8d082cc6c023378
[INFO] testing ashlikatt/KindlingOld against beta-2023-12-22 for beta-1.76-1
[INFO] running `Command { std: "git" "clone" "/workspace/cache/git-repos/https%3A%2F%2Fgithub.com%2Fashlikatt%2FKindlingOld" "/workspace/builds/worker-5-tc2/source", kill_on_drop: false }`
[INFO] [stderr] Cloning into '/workspace/builds/worker-5-tc2/source'...
[INFO] [stderr] done.
[INFO] validating manifest of git repo https://github.com/ashlikatt/KindlingOld on toolchain beta-2023-12-22
[INFO] running `Command { std: CARGO_HOME="/workspace/cargo-home" RUSTUP_HOME="/workspace/rustup-home" "/workspace/cargo-home/bin/cargo" "+beta-2023-12-22" "metadata" "--manifest-path" "Cargo.toml" "--no-deps", kill_on_drop: false }`
[INFO] started tweaking git repo https://github.com/ashlikatt/KindlingOld
[INFO] finished tweaking git repo https://github.com/ashlikatt/KindlingOld
[INFO] tweaked toml for git repo https://github.com/ashlikatt/KindlingOld written to /workspace/builds/worker-5-tc2/source/Cargo.toml
[INFO] crate git repo https://github.com/ashlikatt/KindlingOld already has a lockfile, it will not be regenerated
[INFO] running `Command { std: CARGO_HOME="/workspace/cargo-home" RUSTUP_HOME="/workspace/rustup-home" "/workspace/cargo-home/bin/cargo" "+beta-2023-12-22" "fetch" "--manifest-path" "Cargo.toml", kill_on_drop: false }`
[INFO] running `Command { std: "docker" "create" "-v" "/var/lib/crater-agent-workspace/builds/worker-5-tc2/target:/opt/rustwide/target:rw,Z" "-v" "/var/lib/crater-agent-workspace/builds/worker-5-tc2/source:/opt/rustwide/workdir:ro,Z" "-v" "/var/lib/crater-agent-workspace/cargo-home:/opt/rustwide/cargo-home:ro,Z" "-v" "/var/lib/crater-agent-workspace/rustup-home:/opt/rustwide/rustup-home:ro,Z" "-e" "SOURCE_DIR=/opt/rustwide/workdir" "-e" "CARGO_TARGET_DIR=/opt/rustwide/target" "-e" "CARGO_HOME=/opt/rustwide/cargo-home" "-e" "RUSTUP_HOME=/opt/rustwide/rustup-home" "-w" "/opt/rustwide/workdir" "-m" "1610612736" "--user" "0:0" "--network" "none" "ghcr.io/rust-lang/crates-build-env/linux@sha256:2788e3201cd34a07e3172128adcd8b3090168a8e3bcc40d7c032b9dda1df7d1c" "/opt/rustwide/cargo-home/bin/cargo" "+beta-2023-12-22" "metadata" "--no-deps" "--format-version=1", kill_on_drop: false }`
[INFO] [stdout] d4218298b7aca89b003c91ad9577c3414c5d040f2f8eb301912b9d84c88c2b6f
[INFO] running `Command { std: "docker" "start" "-a" "d4218298b7aca89b003c91ad9577c3414c5d040f2f8eb301912b9d84c88c2b6f", kill_on_drop: false }`
[INFO] running `Command { std: "docker" "inspect" "d4218298b7aca89b003c91ad9577c3414c5d040f2f8eb301912b9d84c88c2b6f", kill_on_drop: false }`
[INFO] running `Command { std: "docker" "rm" "-f" "d4218298b7aca89b003c91ad9577c3414c5d040f2f8eb301912b9d84c88c2b6f", kill_on_drop: false }`
[INFO] [stdout] d4218298b7aca89b003c91ad9577c3414c5d040f2f8eb301912b9d84c88c2b6f
[INFO] running `Command { std: "docker" "create" "-v" "/var/lib/crater-agent-workspace/builds/worker-5-tc2/target:/opt/rustwide/target:rw,Z" "-v" "/var/lib/crater-agent-workspace/builds/worker-5-tc2/source:/opt/rustwide/workdir:ro,Z" "-v" "/var/lib/crater-agent-workspace/cargo-home:/opt/rustwide/cargo-home:ro,Z" "-v" "/var/lib/crater-agent-workspace/rustup-home:/opt/rustwide/rustup-home:ro,Z" "-e" "SOURCE_DIR=/opt/rustwide/workdir" "-e" "CARGO_TARGET_DIR=/opt/rustwide/target" "-e" "CARGO_INCREMENTAL=0" "-e" "RUST_BACKTRACE=full" "-e" "RUSTFLAGS=--cap-lints=warn" "-e" "RUSTDOCFLAGS=--cap-lints=warn" "-e" "CARGO_HOME=/opt/rustwide/cargo-home" "-e" "RUSTUP_HOME=/opt/rustwide/rustup-home" "-w" "/opt/rustwide/workdir" "-m" "1610612736" "--user" "0:0" "--network" "none" "ghcr.io/rust-lang/crates-build-env/linux@sha256:2788e3201cd34a07e3172128adcd8b3090168a8e3bcc40d7c032b9dda1df7d1c" "/opt/rustwide/cargo-home/bin/cargo" "+beta-2023-12-22" "build" "--frozen" "--message-format=json", kill_on_drop: false }`
[INFO] [stdout] 6a90b8795b4ab6e5b1a1313fae9d8aeb2e9cf87930e397e7fce86de781293924
[INFO] running `Command { std: "docker" "start" "-a" "6a90b8795b4ab6e5b1a1313fae9d8aeb2e9cf87930e397e7fce86de781293924", kill_on_drop: false }`
[INFO] [stderr]    Compiling libc v0.2.139
[INFO] [stderr]    Compiling log v0.4.17
[INFO] [stderr]    Compiling byteorder v1.4.3
[INFO] [stderr]    Compiling semver-parser v0.7.0
[INFO] [stderr]    Compiling autocfg v0.1.8
[INFO] [stderr]    Compiling rand_core v0.4.2
[INFO] [stderr]    Compiling cc v1.0.78
[INFO] [stderr]    Compiling cfg-if v0.1.10
[INFO] [stderr]    Compiling proc-macro2 v1.0.49
[INFO] [stderr]    Compiling pkg-config v0.3.26
[INFO] [stderr]    Compiling quote v1.0.23
[INFO] [stderr]    Compiling unicode-ident v1.0.6
[INFO] [stderr]    Compiling futures v0.1.31
[INFO] [stderr]    Compiling maybe-uninit v2.0.0
[INFO] [stderr]    Compiling syn v1.0.107
[INFO] [stderr]    Compiling crossbeam-utils v0.7.2
[INFO] [stderr]    Compiling slab v0.4.7
[INFO] [stderr]    Compiling openssl v0.10.45
[INFO] [stderr]    Compiling foreign-types-shared v0.1.1
[INFO] [stderr]    Compiling rand_core v0.3.1
[INFO] [stderr]    Compiling semver v0.9.0
[INFO] [stderr]    Compiling tinyvec_macros v0.1.0
[INFO] [stderr]    Compiling scopeguard v1.1.0
[INFO] [stderr]    Compiling tinyvec v1.6.0
[INFO] [stderr]    Compiling lock_api v0.3.4
[INFO] [stderr]    Compiling foreign-types v0.3.2
[INFO] [stderr]    Compiling generic-array v0.12.4
[INFO] [stderr]    Compiling rustc_version v0.2.3
[INFO] [stderr]    Compiling smallvec v0.6.14
[INFO] [stderr]    Compiling rand_pcg v0.1.2
[INFO] [stderr]    Compiling rand_chacha v0.1.1
[INFO] [stderr]    Compiling fnv v1.0.7
[INFO] [stderr]    Compiling byte-tools v0.3.1
[INFO] [stderr]    Compiling version_check v0.1.5
[INFO] [stderr]    Compiling once_cell v1.16.0
[INFO] [stderr]    Compiling native-tls v0.2.11
[INFO] [stderr]    Compiling block-padding v0.1.5
[INFO] [stderr]    Compiling parking_lot_core v0.6.3
[INFO] [stderr]    Compiling parking_lot v0.9.0
[INFO] [stderr]    Compiling rand v0.6.5
[INFO] [stderr]    Compiling unicode-bidi v0.3.8
[INFO] [stderr]    Compiling matches v0.1.9
[INFO] [stderr]    Compiling openssl-probe v0.1.5
[INFO] [stderr]    Compiling httparse v1.8.0
[INFO] [stderr]    Compiling block-buffer v0.7.3
[INFO] [stderr]    Compiling unicase v1.4.2
[INFO] [stderr]    Compiling digest v0.8.1
[INFO] [stderr]    Compiling log v0.3.9
[INFO] [stderr]    Compiling rand_hc v0.1.0
[INFO] [stderr]    Compiling rand_isaac v0.1.1
[INFO] [stderr]    Compiling rand_xorshift v0.1.1
[INFO] [stderr]    Compiling rand_jitter v0.1.4
[INFO] [stderr]    Compiling crc32fast v1.3.2
[INFO] [stderr]    Compiling safemem v0.3.3
[INFO] [stderr]    Compiling iovec v0.1.4
[INFO] [stderr]    Compiling net2 v0.2.38
[INFO] [stderr]    Compiling bytes v0.4.12
[INFO] [stderr]    Compiling num_cpus v1.15.0
[INFO] [stderr]    Compiling rand_os v0.1.3
[INFO] [stderr]    Compiling opaque-debug v0.2.3
[INFO] [stderr]    Compiling fake-simd v0.1.2
[INFO] [stderr]    Compiling tokio-executor v0.1.10
[INFO] [stderr]    Compiling tokio-sync v0.1.8
[INFO] [stderr]    Compiling unicode-normalization v0.1.22
[INFO] [stderr]    Compiling sha-1 v0.8.2
[INFO] [stderr]    Compiling mio v0.6.23
[INFO] [stderr]    Compiling openssl-sys v0.9.80
[INFO] [stderr]    Compiling base64 v0.9.3
[INFO] [stderr]    Compiling tokio-io v0.1.13
[INFO] [stderr]    Compiling time v0.1.45
[INFO] [stderr]    Compiling mime v0.2.6
[INFO] [stderr]    Compiling base64 v0.10.1
[INFO] [stderr]    Compiling adler v1.0.2
[INFO] [stderr]    Compiling miniz_oxide v0.6.2
[INFO] [stderr]    Compiling idna v0.1.5
[INFO] [stderr]    Compiling base64 v0.20.0
[INFO] [stderr]    Compiling tokio-codec v0.1.2
[INFO] [stderr]    Compiling tokio-reactor v0.1.12
[INFO] [stderr]    Compiling url v1.7.2
[INFO] [stderr]    Compiling flate2 v1.0.25
[INFO] [stderr]    Compiling tokio-tcp v0.1.4
[INFO] [stderr]    Compiling hyper v0.10.16
[INFO] [stderr]    Compiling openssl-macros v0.1.0
[INFO] [stderr]    Compiling tokio-tls v0.2.1
[INFO] [stderr]    Compiling websocket-base v0.26.5
[INFO] [stderr]    Compiling websocket v0.26.5
[INFO] [stderr]    Compiling kindling v0.1.0 (/opt/rustwide/workdir)
[INFO] [stdout] warning: unused import: `std::fmt::Display`
[INFO] [stdout]  --> src/program.rs:2:5
[INFO] [stdout]   |
[INFO] [stdout] 2 | use std::fmt::Display;
[INFO] [stdout]   |     ^^^^^^^^^^^^^^^^^
[INFO] [stdout]   |
[INFO] [stdout]   = note: `#[warn(unused_imports)]` on by default
[INFO] [stdout] 
[INFO] [stdout] 
[INFO] [stdout] warning: unused imports: `Location`, `Tag`, `VariableScope`, `Variable`, `params::ParamBuilder`, `program::Program`
[INFO] [stdout]  --> src/tests.rs:5:13
[INFO] [stdout]   |
[INFO] [stdout] 5 | use crate::{program::Program, values::{Tag, Location, VariableScope, Variable}, params::ParamBuilder};
[INFO] [stdout]   |             ^^^^^^^^^^^^^^^^           ^^^  ^^^^^^^^  ^^^^^^^^^^^^^  ^^^^^^^^   ^^^^^^^^^^^^^^^^^^^^
[INFO] [stdout]   |
[INFO] [stdout] help: consider adding a `#[cfg(test)]` to the containing module
[INFO] [stdout]  --> src/main.rs:7:1
[INFO] [stdout]   |
[INFO] [stdout] 7 | mod tests;
[INFO] [stdout]   | ^^^^^^^^^^
[INFO] [stdout] 
[INFO] [stdout] 
[INFO] [stdout] warning: unused import: `websocket::ws::Sender`
[INFO] [stdout]  --> src/program.rs:6:5
[INFO] [stdout]   |
[INFO] [stdout] 6 | use websocket::ws::Sender;
[INFO] [stdout]   |     ^^^^^^^^^^^^^^^^^^^^^
[INFO] [stdout] 
[INFO] [stdout] 
[INFO] [stdout] warning: unused variable: `target_size`
[INFO] [stdout]   --> src/program.rs:15:34
[INFO] [stdout]    |
[INFO] [stdout] 15 |     pub fn compile_program(self, target_size: u64) -> Vec<String> {
[INFO] [stdout]    |                                  ^^^^^^^^^^^ help: if this is intentional, prefix it with an underscore: `_target_size`
[INFO] [stdout]    |
[INFO] [stdout]    = note: `#[warn(unused_variables)]` on by default
[INFO] [stdout] 
[INFO] [stdout] 
[INFO] [stdout] warning: unused variable: `target_size`
[INFO] [stdout]   --> src/program.rs:25:37
[INFO] [stdout]    |
[INFO] [stdout] 25 |     pub fn compile_program_ws(self, target_size: u64) {
[INFO] [stdout]    |                                     ^^^^^^^^^^^ help: if this is intentional, prefix it with an underscore: `_target_size`
[INFO] [stdout] 
[INFO] [stdout] 
[INFO] [stdout] warning: multiple variants are never constructed
[INFO] [stdout]   --> src/values.rs:6:5
[INFO] [stdout]    |
[INFO] [stdout] 5  | pub enum Value {
[INFO] [stdout]    |          ----- variants in this enum
[INFO] [stdout] 6  |     Text(Text),
[INFO] [stdout]    |     ^^^^
[INFO] [stdout] 7  |     Number(Number),
[INFO] [stdout]    |     ^^^^^^
[INFO] [stdout] 8  |     Location(Location),
[INFO] [stdout]    |     ^^^^^^^^
[INFO] [stdout] 9  |     Vector(Vector),
[INFO] [stdout]    |     ^^^^^^
[INFO] [stdout] 10 |     Sound(Sound),
[INFO] [stdout]    |     ^^^^^
[INFO] [stdout] 11 |     Particle(Particle),
[INFO] [stdout]    |     ^^^^^^^^
[INFO] [stdout] 12 |     Potion(Potion),
[INFO] [stdout]    |     ^^^^^^
[INFO] [stdout] 13 |     Variable(Variable),
[INFO] [stdout]    |     ^^^^^^^^
[INFO] [stdout] 14 |     GameValue(GameValue),
[INFO] [stdout]    |     ^^^^^^^^^
[INFO] [stdout] 15 |     Item(Item),
[INFO] [stdout]    |     ^^^^
[INFO] [stdout] 16 |     Tag(Tag)
[INFO] [stdout]    |     ^^^
[INFO] [stdout]    |
[INFO] [stdout]    = note: `#[warn(dead_code)]` on by default
[INFO] [stdout] 
[INFO] [stdout] 
[INFO] [stdout] warning: multiple variants are never constructed
[INFO] [stdout]   --> src/values.rs:59:5
[INFO] [stdout]    |
[INFO] [stdout] 58 | pub enum PotionEffect {
[INFO] [stdout]    |          ------------ variants in this enum
[INFO] [stdout] 59 |     Absorption, ConduitPower, DolphinGrace, FireResistance, Haste, HealthBoost, HeroOfTheVillage,
[INFO] [stdout]    |     ^^^^^^^^^^  ^^^^^^^^^^^^  ^^^^^^^^^^^^  ^^^^^^^^^^^^^^  ^^^^^  ^^^^^^^^^^^  ^^^^^^^^^^^^^^^^
[INFO] [stdout] 60 |     InstantHealth, Invisibility, JumpBoost, Luck, NightVision, Regeneration, Resistance, Saturation,
[INFO] [stdout]    |     ^^^^^^^^^^^^^  ^^^^^^^^^^^^  ^^^^^^^^^  ^^^^  ^^^^^^^^^^^  ^^^^^^^^^^^^  ^^^^^^^^^^  ^^^^^^^^^^
[INFO] [stdout] 61 |     SlowFalling, Speed, Strength, WaterBreathing, BadLuck, BadOmen, Blindness, Darkness, Glowing,
[INFO] [stdout]    |     ^^^^^^^^^^^  ^^^^^  ^^^^^^^^  ^^^^^^^^^^^^^^  ^^^^^^^  ^^^^^^^  ^^^^^^^^^  ^^^^^^^^  ^^^^^^^
[INFO] [stdout] 62 |     Hunger, InstantDamage, Levitation, MiningFatigue, Nausea, Poison, Slowness, Weakness, Wither
[INFO] [stdout]    |     ^^^^^^  ^^^^^^^^^^^^^  ^^^^^^^^^^  ^^^^^^^^^^^^^  ^^^^^^  ^^^^^^  ^^^^^^^^  ^^^^^^^^  ^^^^^^
[INFO] [stdout] 
[INFO] [stdout] 
[INFO] [stdout] warning: variants `Local`, `Global`, and `Saved` are never constructed
[INFO] [stdout]    --> src/values.rs:109:5
[INFO] [stdout]     |
[INFO] [stdout] 108 | pub enum VariableScope {
[INFO] [stdout]     |          ------------- variants in this enum
[INFO] [stdout] 109 |     Local, Global, Saved
[INFO] [stdout]     |     ^^^^^  ^^^^^^  ^^^^^
[INFO] [stdout] 
[INFO] [stdout] 
[INFO] [stdout] warning: multiple variants are never constructed
[INFO] [stdout]    --> src/values.rs:127:5
[INFO] [stdout]     |
[INFO] [stdout] 126 | pub enum Selector {
[INFO] [stdout]     |          -------- variants in this enum
[INFO] [stdout] 127 |     Selection, Default, Killer, Damager, Victim, Shooter, Projectile, LastEntity, AllPlayers, AllEntities, AllMobs
[INFO] [stdout]     |     ^^^^^^^^^           ^^^^^^  ^^^^^^^  ^^^^^^  ^^^^^^^  ^^^^^^^^^^  ^^^^^^^^^^  ^^^^^^^^^^  ^^^^^^^^^^^  ^^^^^^^
[INFO] [stdout]     |
[INFO] [stdout]     = note: `Selector` has a derived impl for the trait `Clone`, but this is intentionally ignored during dead code analysis
[INFO] [stdout] 
[INFO] [stdout] 
[INFO] [stdout] warning: variants `AddModifier`, `MultiplyBase`, and `MultiplyModifier` are never constructed
[INFO] [stdout]    --> src/values.rs:179:5
[INFO] [stdout]     |
[INFO] [stdout] 178 | pub enum AttributeOperation {
[INFO] [stdout]     |          ------------------ variants in this enum
[INFO] [stdout] 179 |     AddModifier, MultiplyBase, MultiplyModifier
[INFO] [stdout]     |     ^^^^^^^^^^^  ^^^^^^^^^^^^  ^^^^^^^^^^^^^^^^
[INFO] [stdout] 
[INFO] [stdout] 
[INFO] [stdout] warning: multiple variants are never constructed
[INFO] [stdout]   --> src/statements.rs:4:5
[INFO] [stdout]    |
[INFO] [stdout] 3  | pub enum Statement {
[INFO] [stdout]    |          --------- variants in this enum
[INFO] [stdout] 4  |     PlayerEvent(PlayerEventType),
[INFO] [stdout]    |     ^^^^^^^^^^^
[INFO] [stdout] 5  |     EntityEvent(EntityEventType),
[INFO] [stdout]    |     ^^^^^^^^^^^
[INFO] [stdout] 6  |     Function{ name: String, parameters: ParameterList },
[INFO] [stdout]    |     ^^^^^^^^
[INFO] [stdout] 7  |     Process{ name: String, parameters: ParameterList },
[INFO] [stdout]    |     ^^^^^^^
[INFO] [stdout] 8  |     PlayerAction { action: String, parameters: ParameterList, selector: Selector },
[INFO] [stdout]    |     ^^^^^^^^^^^^
[INFO] [stdout] 9  |     EntityAction { action: String, parameters: ParameterList, selector: Selector },
[INFO] [stdout]    |     ^^^^^^^^^^^^
[INFO] [stdout] 10 |     SetVariable { action: String, parameters: ParameterList },
[INFO] [stdout]    |     ^^^^^^^^^^^
[INFO] [stdout] 11 |     GameAction { action: String, parameters: ParameterList },
[INFO] [stdout]    |     ^^^^^^^^^^
[INFO] [stdout] 12 |     Control { action: String, parameters: ParameterList },
[INFO] [stdout]    |     ^^^^^^^
[INFO] [stdout] 13 |     SelectObject { action: String, subaction: Option<String>, parameters: ParameterList, not: bool },
[INFO] [stdout]    |     ^^^^^^^^^^^^
[INFO] [stdout] 14 |     IfVariable { action: String, parameters: ParameterList, not: bool },
[INFO] [stdout]    |     ^^^^^^^^^^
[INFO] [stdout] 15 |     IfPlayer { action: String, parameters: ParameterList, selector: Selector, not: bool },
[INFO] [stdout]    |     ^^^^^^^^
[INFO] [stdout] 16 |     IfEntity { action: String, parameters: ParameterList, selector: Selector, not: bool },
[INFO] [stdout]    |     ^^^^^^^^
[INFO] [stdout] 17 |     IfGame { action: String, parameters: ParameterList, not: bool },
[INFO] [stdout]    |     ^^^^^^
[INFO] [stdout] 18 |     Else, Close, CloseRepeat,
[INFO] [stdout]    |     ^^^^  ^^^^^  ^^^^^^^^^^^
[INFO] [stdout] 19 |     Repeat { action: String, subaction: Option<String>, parameters: ParameterList, not: bool },
[INFO] [stdout]    |     ^^^^^^
[INFO] [stdout] 20 |     CallFunction { name: String, parameters: ParameterList },
[INFO] [stdout]    |     ^^^^^^^^^^^^
[INFO] [stdout] 21 |     CallProcess { name: String, parameters: ParameterList }
[INFO] [stdout]    |     ^^^^^^^^^^^
[INFO] [stdout] 
[INFO] [stdout] 
[INFO] [stdout] warning: method `name` is never used
[INFO] [stdout]    --> src/statements.rs:141:12
[INFO] [stdout]     |
[INFO] [stdout] 117 | impl Statement {
[INFO] [stdout]     | -------------- method in this implementation
[INFO] [stdout] ...
[INFO] [stdout] 141 |     pub fn name(&self) -> String{
[INFO] [stdout]     |            ^^^^
[INFO] [stdout] 
[INFO] [stdout] 
[INFO] [stdout] warning: associated items `new`, `new_from`, and `name` are never used
[INFO] [stdout]   --> src/code_line.rs:26:12
[INFO] [stdout]    |
[INFO] [stdout] 25 | impl CodeLine {
[INFO] [stdout]    | ------------- associated items in this implementation
[INFO] [stdout] 26 |     pub fn new() -> Self {
[INFO] [stdout]    |            ^^^
[INFO] [stdout] ...
[INFO] [stdout] 29 |     pub fn new_from(body: Vec<Statement> ) -> Self {
[INFO] [stdout]    |            ^^^^^^^^
[INFO] [stdout] ...
[INFO] [stdout] 32 |     pub fn name(&self) -> String {
[INFO] [stdout]    |            ^^^^
[INFO] [stdout] 
[INFO] [stdout] 
[INFO] [stdout] warning: struct `Program` is never constructed
[INFO] [stdout]   --> src/program.rs:10:12
[INFO] [stdout]    |
[INFO] [stdout] 10 | pub struct Program {
[INFO] [stdout]    |            ^^^^^^^
[INFO] [stdout] 
[INFO] [stdout] 
[INFO] [stdout] warning: associated items `compile_program`, `compile_program_ws`, `new`, and `new_from` are never used
[INFO] [stdout]   --> src/program.rs:15:12
[INFO] [stdout]    |
[INFO] [stdout] 14 | impl Program {
[INFO] [stdout]    | ------------ associated items in this implementation
[INFO] [stdout] 15 |     pub fn compile_program(self, target_size: u64) -> Vec<String> {
[INFO] [stdout]    |            ^^^^^^^^^^^^^^^
[INFO] [stdout] ...
[INFO] [stdout] 25 |     pub fn compile_program_ws(self, target_size: u64) {
[INFO] [stdout]    |            ^^^^^^^^^^^^^^^^^^
[INFO] [stdout] ...
[INFO] [stdout] 42 |     pub fn new() -> Self {
[INFO] [stdout]    |            ^^^
[INFO] [stdout] ...
[INFO] [stdout] 45 |     pub fn new_from(lines: Vec<CodeLine>) -> Self {
[INFO] [stdout]    |            ^^^^^^^^
[INFO] [stdout] 
[INFO] [stdout] 
[INFO] [stdout] warning: struct `ParamBuilder` is never constructed
[INFO] [stdout]  --> src/params.rs:3:12
[INFO] [stdout]   |
[INFO] [stdout] 3 | pub struct ParamBuilder {
[INFO] [stdout]   |            ^^^^^^^^^^^^
[INFO] [stdout] 
[INFO] [stdout] 
[INFO] [stdout] warning: associated items `new`, `param`, `tag`, `complete`, and `complete_unchecked` are never used
[INFO] [stdout]   --> src/params.rs:8:12
[INFO] [stdout]    |
[INFO] [stdout] 7  | impl ParamBuilder {
[INFO] [stdout]    | ----------------- associated items in this implementation
[INFO] [stdout] 8  |     pub fn new() -> Self {
[INFO] [stdout]    |            ^^^
[INFO] [stdout] ...
[INFO] [stdout] 14 |     pub fn param(mut self, v: Value) -> Self {
[INFO] [stdout]    |            ^^^^^
[INFO] [stdout] ...
[INFO] [stdout] 18 |     pub fn tag(mut self, v: Tag) -> Self {
[INFO] [stdout]    |            ^^^
[INFO] [stdout] ...
[INFO] [stdout] 22 |     pub fn complete(self) -> Option<ParameterList> {
[INFO] [stdout]    |            ^^^^^^^^
[INFO] [stdout] ...
[INFO] [stdout] 35 |     pub fn complete_unchecked(self) -> ParameterList {
[INFO] [stdout]    |            ^^^^^^^^^^^^^^^^^^
[INFO] [stdout] 
[INFO] [stdout] 
[INFO] [stdout] warning: 17 warnings emitted
[INFO] [stdout] 
[INFO] [stdout] 
[INFO] [stderr]     Finished dev [unoptimized + debuginfo] target(s) in 7.90s
[INFO] [stderr] warning: the following packages contain code that will be rejected by a future version of Rust: traitobject v0.1.0
[INFO] [stderr] note: to see what the problems were, use the option `--future-incompat-report`, or run `cargo report future-incompatibilities --id 1`
[INFO] running `Command { std: "docker" "inspect" "6a90b8795b4ab6e5b1a1313fae9d8aeb2e9cf87930e397e7fce86de781293924", kill_on_drop: false }`
[INFO] running `Command { std: "docker" "rm" "-f" "6a90b8795b4ab6e5b1a1313fae9d8aeb2e9cf87930e397e7fce86de781293924", kill_on_drop: false }`
[INFO] [stdout] 6a90b8795b4ab6e5b1a1313fae9d8aeb2e9cf87930e397e7fce86de781293924
[INFO] running `Command { std: "docker" "create" "-v" "/var/lib/crater-agent-workspace/builds/worker-5-tc2/target:/opt/rustwide/target:rw,Z" "-v" "/var/lib/crater-agent-workspace/builds/worker-5-tc2/source:/opt/rustwide/workdir:ro,Z" "-v" "/var/lib/crater-agent-workspace/cargo-home:/opt/rustwide/cargo-home:ro,Z" "-v" "/var/lib/crater-agent-workspace/rustup-home:/opt/rustwide/rustup-home:ro,Z" "-e" "SOURCE_DIR=/opt/rustwide/workdir" "-e" "CARGO_TARGET_DIR=/opt/rustwide/target" "-e" "CARGO_INCREMENTAL=0" "-e" "RUST_BACKTRACE=full" "-e" "RUSTFLAGS=--cap-lints=warn" "-e" "RUSTDOCFLAGS=--cap-lints=warn" "-e" "CARGO_HOME=/opt/rustwide/cargo-home" "-e" "RUSTUP_HOME=/opt/rustwide/rustup-home" "-w" "/opt/rustwide/workdir" "-m" "1610612736" "--user" "0:0" "--network" "none" "ghcr.io/rust-lang/crates-build-env/linux@sha256:2788e3201cd34a07e3172128adcd8b3090168a8e3bcc40d7c032b9dda1df7d1c" "/opt/rustwide/cargo-home/bin/cargo" "+beta-2023-12-22" "test" "--frozen" "--no-run" "--message-format=json", kill_on_drop: false }`
[INFO] [stdout] 3e1b60cdd4174e61951aa9bf8b7167d6fe5c4c7e6aeb2db0b5ea2c7cb6f6f4f6
[INFO] running `Command { std: "docker" "start" "-a" "3e1b60cdd4174e61951aa9bf8b7167d6fe5c4c7e6aeb2db0b5ea2c7cb6f6f4f6", kill_on_drop: false }`
[INFO] [stderr]    Compiling kindling v0.1.0 (/opt/rustwide/workdir)
[INFO] [stdout] warning: unused import: `std::fmt::Display`
[INFO] [stdout]  --> src/program.rs:2:5
[INFO] [stdout]   |
[INFO] [stdout] 2 | use std::fmt::Display;
[INFO] [stdout]   |     ^^^^^^^^^^^^^^^^^
[INFO] [stdout]   |
[INFO] [stdout]   = note: `#[warn(unused_imports)]` on by default
[INFO] [stdout] 
[INFO] [stdout] 
[INFO] [stdout] warning: unused import: `ParameterList`
[INFO] [stdout]  --> src/tests.rs:3:76
[INFO] [stdout]   |
[INFO] [stdout] 3 | use crate::{code_line::CodeLine, statements::Statement, values::{Selector, ParameterList, Text, Value}};
[INFO] [stdout]   |                                                                            ^^^^^^^^^^^^^
[INFO] [stdout] 
[INFO] [stdout] 
[INFO] [stdout] warning: unused import: `websocket::ws::Sender`
[INFO] [stdout]  --> src/program.rs:6:5
[INFO] [stdout]   |
[INFO] [stdout] 6 | use websocket::ws::Sender;
[INFO] [stdout]   |     ^^^^^^^^^^^^^^^^^^^^^
[INFO] [stdout] 
[INFO] [stdout] 
[INFO] [stdout] warning: unused variable: `target_size`
[INFO] [stdout]   --> src/program.rs:15:34
[INFO] [stdout]    |
[INFO] [stdout] 15 |     pub fn compile_program(self, target_size: u64) -> Vec<String> {
[INFO] [stdout]    |                                  ^^^^^^^^^^^ help: if this is intentional, prefix it with an underscore: `_target_size`
[INFO] [stdout]    |
[INFO] [stdout]    = note: `#[warn(unused_variables)]` on by default
[INFO] [stdout] 
[INFO] [stdout] 
[INFO] [stdout] warning: unused variable: `target_size`
[INFO] [stdout]   --> src/program.rs:25:37
[INFO] [stdout]    |
[INFO] [stdout] 25 |     pub fn compile_program_ws(self, target_size: u64) {
[INFO] [stdout]    |                                     ^^^^^^^^^^^ help: if this is intentional, prefix it with an underscore: `_target_size`
[INFO] [stdout] 
[INFO] [stdout] 
[INFO] [stdout] warning: multiple variants are never constructed
[INFO] [stdout]   --> src/values.rs:7:5
[INFO] [stdout]    |
[INFO] [stdout] 5  | pub enum Value {
[INFO] [stdout]    |          ----- variants in this enum
[INFO] [stdout] 6  |     Text(Text),
[INFO] [stdout] 7  |     Number(Number),
[INFO] [stdout]    |     ^^^^^^
[INFO] [stdout] 8  |     Location(Location),
[INFO] [stdout] 9  |     Vector(Vector),
[INFO] [stdout]    |     ^^^^^^
[INFO] [stdout] 10 |     Sound(Sound),
[INFO] [stdout]    |     ^^^^^
[INFO] [stdout] 11 |     Particle(Particle),
[INFO] [stdout]    |     ^^^^^^^^
[INFO] [stdout] 12 |     Potion(Potion),
[INFO] [stdout]    |     ^^^^^^
[INFO] [stdout] 13 |     Variable(Variable),
[INFO] [stdout]    |     ^^^^^^^^
[INFO] [stdout] 14 |     GameValue(GameValue),
[INFO] [stdout]    |     ^^^^^^^^^
[INFO] [stdout] 15 |     Item(Item),
[INFO] [stdout]    |     ^^^^
[INFO] [stdout]    |
[INFO] [stdout]    = note: `#[warn(dead_code)]` on by default
[INFO] [stdout] 
[INFO] [stdout] 
[INFO] [stdout] warning: multiple variants are never constructed
[INFO] [stdout]   --> src/values.rs:59:5
[INFO] [stdout]    |
[INFO] [stdout] 58 | pub enum PotionEffect {
[INFO] [stdout]    |          ------------ variants in this enum
[INFO] [stdout] 59 |     Absorption, ConduitPower, DolphinGrace, FireResistance, Haste, HealthBoost, HeroOfTheVillage,
[INFO] [stdout]    |     ^^^^^^^^^^  ^^^^^^^^^^^^  ^^^^^^^^^^^^  ^^^^^^^^^^^^^^  ^^^^^  ^^^^^^^^^^^  ^^^^^^^^^^^^^^^^
[INFO] [stdout] 60 |     InstantHealth, Invisibility, JumpBoost, Luck, NightVision, Regeneration, Resistance, Saturation,
[INFO] [stdout]    |     ^^^^^^^^^^^^^  ^^^^^^^^^^^^  ^^^^^^^^^  ^^^^  ^^^^^^^^^^^  ^^^^^^^^^^^^  ^^^^^^^^^^  ^^^^^^^^^^
[INFO] [stdout] 61 |     SlowFalling, Speed, Strength, WaterBreathing, BadLuck, BadOmen, Blindness, Darkness, Glowing,
[INFO] [stdout]    |     ^^^^^^^^^^^  ^^^^^  ^^^^^^^^  ^^^^^^^^^^^^^^  ^^^^^^^  ^^^^^^^  ^^^^^^^^^  ^^^^^^^^  ^^^^^^^
[INFO] [stdout] 62 |     Hunger, InstantDamage, Levitation, MiningFatigue, Nausea, Poison, Slowness, Weakness, Wither
[INFO] [stdout]    |     ^^^^^^  ^^^^^^^^^^^^^  ^^^^^^^^^^  ^^^^^^^^^^^^^  ^^^^^^  ^^^^^^  ^^^^^^^^  ^^^^^^^^  ^^^^^^
[INFO] [stdout] 
[INFO] [stdout] 
[INFO] [stdout] warning: variants `Global` and `Saved` are never constructed
[INFO] [stdout]    --> src/values.rs:109:12
[INFO] [stdout]     |
[INFO] [stdout] 108 | pub enum VariableScope {
[INFO] [stdout]     |          ------------- variants in this enum
[INFO] [stdout] 109 |     Local, Global, Saved
[INFO] [stdout]     |            ^^^^^^  ^^^^^
[INFO] [stdout] 
[INFO] [stdout] 
[INFO] [stdout] warning: multiple variants are never constructed
[INFO] [stdout]    --> src/values.rs:127:5
[INFO] [stdout]     |
[INFO] [stdout] 126 | pub enum Selector {
[INFO] [stdout]     |          -------- variants in this enum
[INFO] [stdout] 127 |     Selection, Default, Killer, Damager, Victim, Shooter, Projectile, LastEntity, AllPlayers, AllEntities, AllMobs
[INFO] [stdout]     |     ^^^^^^^^^           ^^^^^^  ^^^^^^^  ^^^^^^  ^^^^^^^  ^^^^^^^^^^  ^^^^^^^^^^              ^^^^^^^^^^^  ^^^^^^^
[INFO] [stdout]     |
[INFO] [stdout]     = note: `Selector` has a derived impl for the trait `Clone`, but this is intentionally ignored during dead code analysis
[INFO] [stdout] 
[INFO] [stdout] 
[INFO] [stdout] warning: variants `AddModifier`, `MultiplyBase`, and `MultiplyModifier` are never constructed
[INFO] [stdout]    --> src/values.rs:179:5
[INFO] [stdout]     |
[INFO] [stdout] 178 | pub enum AttributeOperation {
[INFO] [stdout]     |          ------------------ variants in this enum
[INFO] [stdout] 179 |     AddModifier, MultiplyBase, MultiplyModifier
[INFO] [stdout]     |     ^^^^^^^^^^^  ^^^^^^^^^^^^  ^^^^^^^^^^^^^^^^
[INFO] [stdout] 
[INFO] [stdout] 
[INFO] [stdout] warning: multiple variants are never constructed
[INFO] [stdout]   --> src/statements.rs:5:5
[INFO] [stdout]    |
[INFO] [stdout] 3  | pub enum Statement {
[INFO] [stdout]    |          --------- variants in this enum
[INFO] [stdout] 4  |     PlayerEvent(PlayerEventType),
[INFO] [stdout] 5  |     EntityEvent(EntityEventType),
[INFO] [stdout]    |     ^^^^^^^^^^^
[INFO] [stdout] 6  |     Function{ name: String, parameters: ParameterList },
[INFO] [stdout]    |     ^^^^^^^^
[INFO] [stdout] 7  |     Process{ name: String, parameters: ParameterList },
[INFO] [stdout]    |     ^^^^^^^
[INFO] [stdout] 8  |     PlayerAction { action: String, parameters: ParameterList, selector: Selector },
[INFO] [stdout] 9  |     EntityAction { action: String, parameters: ParameterList, selector: Selector },
[INFO] [stdout]    |     ^^^^^^^^^^^^
[INFO] [stdout] 10 |     SetVariable { action: String, parameters: ParameterList },
[INFO] [stdout]    |     ^^^^^^^^^^^
[INFO] [stdout] 11 |     GameAction { action: String, parameters: ParameterList },
[INFO] [stdout]    |     ^^^^^^^^^^
[INFO] [stdout] 12 |     Control { action: String, parameters: ParameterList },
[INFO] [stdout]    |     ^^^^^^^
[INFO] [stdout] 13 |     SelectObject { action: String, subaction: Option<String>, parameters: ParameterList, not: bool },
[INFO] [stdout]    |     ^^^^^^^^^^^^
[INFO] [stdout] 14 |     IfVariable { action: String, parameters: ParameterList, not: bool },
[INFO] [stdout]    |     ^^^^^^^^^^
[INFO] [stdout] 15 |     IfPlayer { action: String, parameters: ParameterList, selector: Selector, not: bool },
[INFO] [stdout] 16 |     IfEntity { action: String, parameters: ParameterList, selector: Selector, not: bool },
[INFO] [stdout]    |     ^^^^^^^^
[INFO] [stdout] 17 |     IfGame { action: String, parameters: ParameterList, not: bool },
[INFO] [stdout]    |     ^^^^^^
[INFO] [stdout] 18 |     Else, Close, CloseRepeat,
[INFO] [stdout]    |                  ^^^^^^^^^^^
[INFO] [stdout] 19 |     Repeat { action: String, subaction: Option<String>, parameters: ParameterList, not: bool },
[INFO] [stdout]    |     ^^^^^^
[INFO] [stdout] 20 |     CallFunction { name: String, parameters: ParameterList },
[INFO] [stdout]    |     ^^^^^^^^^^^^
[INFO] [stdout] 21 |     CallProcess { name: String, parameters: ParameterList }
[INFO] [stdout]    |     ^^^^^^^^^^^
[INFO] [stdout] 
[INFO] [stdout] 
[INFO] [stdout] warning: associated function `new` is never used
[INFO] [stdout]   --> src/code_line.rs:26:12
[INFO] [stdout]    |
[INFO] [stdout] 25 | impl CodeLine {
[INFO] [stdout]    | ------------- associated function in this implementation
[INFO] [stdout] 26 |     pub fn new() -> Self {
[INFO] [stdout]    |            ^^^
[INFO] [stdout] 
[INFO] [stdout] 
[INFO] [stdout] warning: associated function `new` is never used
[INFO] [stdout]   --> src/program.rs:42:12
[INFO] [stdout]    |
[INFO] [stdout] 14 | impl Program {
[INFO] [stdout]    | ------------ associated function in this implementation
[INFO] [stdout] ...
[INFO] [stdout] 42 |     pub fn new() -> Self {
[INFO] [stdout]    |            ^^^
[INFO] [stdout] 
[INFO] [stdout] 
[INFO] [stdout] warning: 13 warnings emitted
[INFO] [stdout] 
[INFO] [stdout] 
[INFO] [stderr]     Finished test [unoptimized + debuginfo] target(s) in 1.19s
[INFO] [stderr] warning: the following packages contain code that will be rejected by a future version of Rust: traitobject v0.1.0
[INFO] [stderr] note: to see what the problems were, use the option `--future-incompat-report`, or run `cargo report future-incompatibilities --id 1`
[INFO] running `Command { std: "docker" "inspect" "3e1b60cdd4174e61951aa9bf8b7167d6fe5c4c7e6aeb2db0b5ea2c7cb6f6f4f6", kill_on_drop: false }`
[INFO] running `Command { std: "docker" "rm" "-f" "3e1b60cdd4174e61951aa9bf8b7167d6fe5c4c7e6aeb2db0b5ea2c7cb6f6f4f6", kill_on_drop: false }`
[INFO] [stdout] 3e1b60cdd4174e61951aa9bf8b7167d6fe5c4c7e6aeb2db0b5ea2c7cb6f6f4f6
[INFO] running `Command { std: "docker" "create" "-v" "/var/lib/crater-agent-workspace/builds/worker-5-tc2/target:/opt/rustwide/target:rw,Z" "-v" "/var/lib/crater-agent-workspace/builds/worker-5-tc2/source:/opt/rustwide/workdir:ro,Z" "-v" "/var/lib/crater-agent-workspace/cargo-home:/opt/rustwide/cargo-home:ro,Z" "-v" "/var/lib/crater-agent-workspace/rustup-home:/opt/rustwide/rustup-home:ro,Z" "-e" "SOURCE_DIR=/opt/rustwide/workdir" "-e" "CARGO_TARGET_DIR=/opt/rustwide/target" "-e" "CARGO_INCREMENTAL=0" "-e" "RUST_BACKTRACE=full" "-e" "RUSTFLAGS=--cap-lints=warn" "-e" "RUSTDOCFLAGS=--cap-lints=warn" "-e" "CARGO_HOME=/opt/rustwide/cargo-home" "-e" "RUSTUP_HOME=/opt/rustwide/rustup-home" "-w" "/opt/rustwide/workdir" "-m" "1610612736" "--user" "0:0" "--network" "none" "ghcr.io/rust-lang/crates-build-env/linux@sha256:2788e3201cd34a07e3172128adcd8b3090168a8e3bcc40d7c032b9dda1df7d1c" "/opt/rustwide/cargo-home/bin/cargo" "+beta-2023-12-22" "test" "--frozen", kill_on_drop: false }`
[INFO] [stdout] 09e159e146c7a76781e69883f955b349716b17a8cee79a705a110f76b4ef176b
[INFO] running `Command { std: "docker" "start" "-a" "09e159e146c7a76781e69883f955b349716b17a8cee79a705a110f76b4ef176b", kill_on_drop: false }`
[INFO] [stderr] warning: unused import: `std::fmt::Display`
[INFO] [stderr]  --> src/program.rs:2:5
[INFO] [stderr]   |
[INFO] [stderr] 2 | use std::fmt::Display;
[INFO] [stderr]   |     ^^^^^^^^^^^^^^^^^
[INFO] [stderr]   |
[INFO] [stderr]   = note: `#[warn(unused_imports)]` on by default
[INFO] [stderr] 
[INFO] [stderr] warning: unused import: `ParameterList`
[INFO] [stderr]  --> src/tests.rs:3:76
[INFO] [stderr]   |
[INFO] [stderr] 3 | use crate::{code_line::CodeLine, statements::Statement, values::{Selector, ParameterList, Text, Value}};
[INFO] [stderr]   |                                                                            ^^^^^^^^^^^^^
[INFO] [stderr] 
[INFO] [stderr] warning: unused import: `websocket::ws::Sender`
[INFO] [stderr]  --> src/program.rs:6:5
[INFO] [stderr]   |
[INFO] [stderr] 6 | use websocket::ws::Sender;
[INFO] [stderr]   |     ^^^^^^^^^^^^^^^^^^^^^
[INFO] [stderr] 
[INFO] [stderr] warning: unused variable: `target_size`
[INFO] [stderr]   --> src/program.rs:15:34
[INFO] [stderr]    |
[INFO] [stderr] 15 |     pub fn compile_program(self, target_size: u64) -> Vec<String> {
[INFO] [stderr]    |                                  ^^^^^^^^^^^ help: if this is intentional, prefix it with an underscore: `_target_size`
[INFO] [stderr]    |
[INFO] [stderr]    = note: `#[warn(unused_variables)]` on by default
[INFO] [stderr] 
[INFO] [stderr] warning: unused variable: `target_size`
[INFO] [stderr]   --> src/program.rs:25:37
[INFO] [stderr]    |
[INFO] [stderr] 25 |     pub fn compile_program_ws(self, target_size: u64) {
[INFO] [stderr]    |                                     ^^^^^^^^^^^ help: if this is intentional, prefix it with an underscore: `_target_size`
[INFO] [stderr] 
[INFO] [stderr] warning: multiple variants are never constructed
[INFO] [stderr]   --> src/values.rs:7:5
[INFO] [stderr]    |
[INFO] [stderr] 5  | pub enum Value {
[INFO] [stderr]    |          ----- variants in this enum
[INFO] [stderr] 6  |     Text(Text),
[INFO] [stderr] 7  |     Number(Number),
[INFO] [stderr]    |     ^^^^^^
[INFO] [stderr] 8  |     Location(Location),
[INFO] [stderr] 9  |     Vector(Vector),
[INFO] [stderr]    |     ^^^^^^
[INFO] [stderr] 10 |     Sound(Sound),
[INFO] [stderr]    |     ^^^^^
[INFO] [stderr] 11 |     Particle(Particle),
[INFO] [stderr]    |     ^^^^^^^^
[INFO] [stderr] 12 |     Potion(Potion),
[INFO] [stderr]    |     ^^^^^^
[INFO] [stderr] 13 |     Variable(Variable),
[INFO] [stderr]    |     ^^^^^^^^
[INFO] [stderr] 14 |     GameValue(GameValue),
[INFO] [stderr]    |     ^^^^^^^^^
[INFO] [stderr] 15 |     Item(Item),
[INFO] [stderr]    |     ^^^^
[INFO] [stderr]    |
[INFO] [stderr]    = note: `#[warn(dead_code)]` on by default
[INFO] [stderr] 
[INFO] [stderr] warning: multiple variants are never constructed
[INFO] [stderr]   --> src/values.rs:59:5
[INFO] [stderr]    |
[INFO] [stderr] 58 | pub enum PotionEffect {
[INFO] [stderr]    |          ------------ variants in this enum
[INFO] [stderr] 59 |     Absorption, ConduitPower, DolphinGrace, FireResistance, Haste, HealthBoost, HeroOfTheVillage,
[INFO] [stderr]    |     ^^^^^^^^^^  ^^^^^^^^^^^^  ^^^^^^^^^^^^  ^^^^^^^^^^^^^^  ^^^^^  ^^^^^^^^^^^  ^^^^^^^^^^^^^^^^
[INFO] [stderr] 60 |     InstantHealth, Invisibility, JumpBoost, Luck, NightVision, Regeneration, Resistance, Saturation,
[INFO] [stderr]    |     ^^^^^^^^^^^^^  ^^^^^^^^^^^^  ^^^^^^^^^  ^^^^  ^^^^^^^^^^^  ^^^^^^^^^^^^  ^^^^^^^^^^  ^^^^^^^^^^
[INFO] [stderr] 61 |     SlowFalling, Speed, Strength, WaterBreathing, BadLuck, BadOmen, Blindness, Darkness, Glowing,
[INFO] [stderr]    |     ^^^^^^^^^^^  ^^^^^  ^^^^^^^^  ^^^^^^^^^^^^^^  ^^^^^^^  ^^^^^^^  ^^^^^^^^^  ^^^^^^^^  ^^^^^^^
[INFO] [stderr] 62 |     Hunger, InstantDamage, Levitation, MiningFatigue, Nausea, Poison, Slowness, Weakness, Wither
[INFO] [stderr]    |     ^^^^^^  ^^^^^^^^^^^^^  ^^^^^^^^^^  ^^^^^^^^^^^^^  ^^^^^^  ^^^^^^  ^^^^^^^^  ^^^^^^^^  ^^^^^^
[INFO] [stderr] 
[INFO] [stderr] warning: variants `Global` and `Saved` are never constructed
[INFO] [stderr]    --> src/values.rs:109:12
[INFO] [stderr]     |
[INFO] [stderr] 108 | pub enum VariableScope {
[INFO] [stderr]     |          ------------- variants in this enum
[INFO] [stderr] 109 |     Local, Global, Saved
[INFO] [stderr]     |            ^^^^^^  ^^^^^
[INFO] [stderr] 
[INFO] [stderr] warning: multiple variants are never constructed
[INFO] [stderr]    --> src/values.rs:127:5
[INFO] [stderr]     |
[INFO] [stderr] 126 | pub enum Selector {
[INFO] [stderr]     |          -------- variants in this enum
[INFO] [stderr] 127 |     Selection, Default, Killer, Damager, Victim, Shooter, Projectile, LastEntity, AllPlayers, AllEntities, AllMobs
[INFO] [stderr]     |     ^^^^^^^^^           ^^^^^^  ^^^^^^^  ^^^^^^  ^^^^^^^  ^^^^^^^^^^  ^^^^^^^^^^              ^^^^^^^^^^^  ^^^^^^^
[INFO] [stderr]     |
[INFO] [stderr]     = note: `Selector` has a derived impl for the trait `Clone`, but this is intentionally ignored during dead code analysis
[INFO] [stderr] 
[INFO] [stderr] warning: variants `AddModifier`, `MultiplyBase`, and `MultiplyModifier` are never constructed
[INFO] [stderr]    --> src/values.rs:179:5
[INFO] [stderr]     |
[INFO] [stderr] 178 | pub enum AttributeOperation {
[INFO] [stderr]     |          ------------------ variants in this enum
[INFO] [stderr] 179 |     AddModifier, MultiplyBase, MultiplyModifier
[INFO] [stderr]     |     ^^^^^^^^^^^  ^^^^^^^^^^^^  ^^^^^^^^^^^^^^^^
[INFO] [stderr] 
[INFO] [stderr] warning: multiple variants are never constructed
[INFO] [stderr]   --> src/statements.rs:5:5
[INFO] [stderr]    |
[INFO] [stderr] 3  | pub enum Statement {
[INFO] [stderr]    |          --------- variants in this enum
[INFO] [stderr] 4  |     PlayerEvent(PlayerEventType),
[INFO] [stderr] 5  |     EntityEvent(EntityEventType),
[INFO] [stderr]    |     ^^^^^^^^^^^
[INFO] [stderr] 6  |     Function{ name: String, parameters: ParameterList },
[INFO] [stderr]    |     ^^^^^^^^
[INFO] [stderr] 7  |     Process{ name: String, parameters: ParameterList },
[INFO] [stderr]    |     ^^^^^^^
[INFO] [stderr] 8  |     PlayerAction { action: String, parameters: ParameterList, selector: Selector },
[INFO] [stderr] 9  |     EntityAction { action: String, parameters: ParameterList, selector: Selector },
[INFO] [stderr]    |     ^^^^^^^^^^^^
[INFO] [stderr] 10 |     SetVariable { action: String, parameters: ParameterList },
[INFO] [stderr]    |     ^^^^^^^^^^^
[INFO] [stderr] 11 |     GameAction { action: String, parameters: ParameterList },
[INFO] [stderr]    |     ^^^^^^^^^^
[INFO] [stderr] 12 |     Control { action: String, parameters: ParameterList },
[INFO] [stderr]    |     ^^^^^^^
[INFO] [stderr] 13 |     SelectObject { action: String, subaction: Option<String>, parameters: ParameterList, not: bool },
[INFO] [stderr]    |     ^^^^^^^^^^^^
[INFO] [stderr] 14 |     IfVariable { action: String, parameters: ParameterList, not: bool },
[INFO] [stderr]    |     ^^^^^^^^^^
[INFO] [stderr] 15 |     IfPlayer { action: String, parameters: ParameterList, selector: Selector, not: bool },
[INFO] [stderr] 16 |     IfEntity { action: String, parameters: ParameterList, selector: Selector, not: bool },
[INFO] [stderr]    |     ^^^^^^^^
[INFO] [stderr] 17 |     IfGame { action: String, parameters: ParameterList, not: bool },
[INFO] [stderr]    |     ^^^^^^
[INFO] [stderr] 18 |     Else, Close, CloseRepeat,
[INFO] [stderr]    |                  ^^^^^^^^^^^
[INFO] [stderr] 19 |     Repeat { action: String, subaction: Option<String>, parameters: ParameterList, not: bool },
[INFO] [stderr]    |     ^^^^^^
[INFO] [stderr] 20 |     CallFunction { name: String, parameters: ParameterList },
[INFO] [stderr]    |     ^^^^^^^^^^^^
[INFO] [stderr] 21 |     CallProcess { name: String, parameters: ParameterList }
[INFO] [stderr]    |     ^^^^^^^^^^^
[INFO] [stderr] 
[INFO] [stderr] warning: associated function `new` is never used
[INFO] [stderr]   --> src/code_line.rs:26:12
[INFO] [stderr]    |
[INFO] [stderr] 25 | impl CodeLine {
[INFO] [stderr]    | ------------- associated function in this implementation
[INFO] [stderr] 26 |     pub fn new() -> Self {
[INFO] [stderr]    |            ^^^
[INFO] [stderr] 
[INFO] [stderr] warning: associated function `new` is never used
[INFO] [stderr]   --> src/program.rs:42:12
[INFO] [stderr]    |
[INFO] [stderr] 14 | impl Program {
[INFO] [stderr]    | ------------ associated function in this implementation
[INFO] [stderr] ...
[INFO] [stderr] 42 |     pub fn new() -> Self {
[INFO] [stderr]    |            ^^^
[INFO] [stderr] 
[INFO] [stderr] warning: `kindling` (bin "kindling" test) generated 13 warnings (run `cargo fix --bin "kindling" --tests` to apply 4 suggestions)
[INFO] [stderr]     Finished test [unoptimized + debuginfo] target(s) in 0.05s
[INFO] [stderr] warning: the following packages contain code that will be rejected by a future version of Rust: traitobject v0.1.0
[INFO] [stderr] note: to see what the problems were, use the option `--future-incompat-report`, or run `cargo report future-incompatibilities --id 1`
[INFO] [stderr]      Running unittests src/main.rs (/opt/rustwide/target/debug/deps/kindling-9cc1f71290c7c181)
[INFO] [stdout] 
[INFO] [stdout] running 7 tests
[INFO] [stdout] test tests::test_empty ... ok
[INFO] [stdout] test tests::test_simple ... ok
[INFO] [stdout] test tests::test_simple2 ... ok
[INFO] [stdout] test tests::test_recode3 ... FAILED
[INFO] [stdout] test tests::test_recode ... FAILED
[INFO] [stdout] test tests::test_recode4 ... FAILED
[INFO] [stdout] test tests::test_recode2 ... FAILED
[INFO] [stdout] 
[INFO] [stdout] failures:
[INFO] [stdout] 
[INFO] [stdout] ---- tests::test_recode3 stdout ----
[INFO] [stdout] thread 'tests::test_recode3' panicked at src/program.rs:28:14:
[INFO] [stdout] called `Result::unwrap()` on an `Err` value: IoError(Os { code: 99, kind: AddrNotAvailable, message: "Cannot assign requested address" })
[INFO] [stdout] stack backtrace:
[INFO] [stdout]    0:     0x560e643d50e6 - std::backtrace_rs::backtrace::libunwind::trace::h261606ad26a499c1
[INFO] [stdout]                                at /rustc/0e09125c6c3c2fd70d7de961bcf0e51575235fad/library/std/src/../../backtrace/src/backtrace/libunwind.rs:104:5
[INFO] [stdout]    1:     0x560e643d50e6 - std::backtrace_rs::backtrace::trace_unsynchronized::hd183f0625477fb28
[INFO] [stdout]                                at /rustc/0e09125c6c3c2fd70d7de961bcf0e51575235fad/library/std/src/../../backtrace/src/backtrace/mod.rs:66:5
[INFO] [stdout]    2:     0x560e643d50e6 - std::sys_common::backtrace::_print_fmt::hd7f8fef21b4eda67
[INFO] [stdout]                                at /rustc/0e09125c6c3c2fd70d7de961bcf0e51575235fad/library/std/src/sys_common/backtrace.rs:68:5
[INFO] [stdout]    3:     0x560e643d50e6 - <std::sys_common::backtrace::_print::DisplayBacktrace as core::fmt::Display>::fmt::h623d9b51f2f453f1
[INFO] [stdout]                                at /rustc/0e09125c6c3c2fd70d7de961bcf0e51575235fad/library/std/src/sys_common/backtrace.rs:44:22
[INFO] [stdout]    4:     0x560e64400030 - core::fmt::rt::Argument::fmt::h9f417ac76a86f368
[INFO] [stdout]                                at /rustc/0e09125c6c3c2fd70d7de961bcf0e51575235fad/library/core/src/fmt/rt.rs:142:9
[INFO] [stdout]    5:     0x560e64400030 - core::fmt::write::hc9b6faf4ac2aeff7
[INFO] [stdout]                                at /rustc/0e09125c6c3c2fd70d7de961bcf0e51575235fad/library/core/src/fmt/mod.rs:1120:17
[INFO] [stdout]    6:     0x560e643d259f - std::io::Write::write_fmt::he04625a3a989fec3
[INFO] [stdout]                                at /rustc/0e09125c6c3c2fd70d7de961bcf0e51575235fad/library/std/src/io/mod.rs:1810:15
[INFO] [stdout]    7:     0x560e643d4ec4 - std::sys_common::backtrace::_print::hd5d66399c7df88a2
[INFO] [stdout]                                at /rustc/0e09125c6c3c2fd70d7de961bcf0e51575235fad/library/std/src/sys_common/backtrace.rs:47:5
[INFO] [stdout]    8:     0x560e643d4ec4 - std::sys_common::backtrace::print::he81ed2da642d37e5
[INFO] [stdout]                                at /rustc/0e09125c6c3c2fd70d7de961bcf0e51575235fad/library/std/src/sys_common/backtrace.rs:34:9
[INFO] [stdout]    9:     0x560e643d6c37 - std::panicking::default_hook::{{closure}}::h85773f4fa117163d
[INFO] [stdout]   10:     0x560e643d691d - std::panicking::default_hook::h6a1694a91d09b278
[INFO] [stdout]                                at /rustc/0e09125c6c3c2fd70d7de961bcf0e51575235fad/library/std/src/panicking.rs:289:9
[INFO] [stdout]   11:     0x560e642ba057 - <alloc::boxed::Box<F,A> as core::ops::function::Fn<Args>>::call::h616ac37fa3cd6c8f
[INFO] [stdout]                                at /rustc/0e09125c6c3c2fd70d7de961bcf0e51575235fad/library/alloc/src/boxed.rs:2029:9
[INFO] [stdout]   12:     0x560e642ba057 - test::test_main::{{closure}}::h00d84697cefdcbb6
[INFO] [stdout]                                at /rustc/0e09125c6c3c2fd70d7de961bcf0e51575235fad/library/test/src/lib.rs:138:21
[INFO] [stdout]   13:     0x560e643d7256 - <alloc::boxed::Box<F,A> as core::ops::function::Fn<Args>>::call::hcb3fe3b9bb537ba8
[INFO] [stdout]                                at /rustc/0e09125c6c3c2fd70d7de961bcf0e51575235fad/library/alloc/src/boxed.rs:2029:9
[INFO] [stdout]   14:     0x560e643d7256 - std::panicking::rust_panic_with_hook::h0a7ad96e90f7145b
[INFO] [stdout]                                at /rustc/0e09125c6c3c2fd70d7de961bcf0e51575235fad/library/std/src/panicking.rs:783:13
[INFO] [stdout]   15:     0x560e643d6fa2 - std::panicking::begin_panic_handler::{{closure}}::h7919090525c6485e
[INFO] [stdout]                                at /rustc/0e09125c6c3c2fd70d7de961bcf0e51575235fad/library/std/src/panicking.rs:657:13
[INFO] [stdout]   16:     0x560e643d55e6 - std::sys_common::backtrace::__rust_end_short_backtrace::hf3289479464f7dfe
[INFO] [stdout]                                at /rustc/0e09125c6c3c2fd70d7de961bcf0e51575235fad/library/std/src/sys_common/backtrace.rs:171:18
[INFO] [stdout]   17:     0x560e643d6d00 - rust_begin_unwind
[INFO] [stdout]                                at /rustc/0e09125c6c3c2fd70d7de961bcf0e51575235fad/library/std/src/panicking.rs:645:5
[INFO] [stdout]   18:     0x560e6425f345 - core::panicking::panic_fmt::hcc9f77c5c132af55
[INFO] [stdout]                                at /rustc/0e09125c6c3c2fd70d7de961bcf0e51575235fad/library/core/src/panicking.rs:72:14
[INFO] [stdout]   19:     0x560e6425f8e3 - core::result::unwrap_failed::hbe14f498be1452f9
[INFO] [stdout]                                at /rustc/0e09125c6c3c2fd70d7de961bcf0e51575235fad/library/core/src/result.rs:1649:5
[INFO] [stdout]   20:     0x560e64262b0f - core::result::Result<T,E>::unwrap::h6ba25828ba35a164
[INFO] [stdout]                                at /rustc/0e09125c6c3c2fd70d7de961bcf0e51575235fad/library/core/src/result.rs:1073:23
[INFO] [stdout]   21:     0x560e64276f34 - kindling::program::Program::compile_program_ws::h05b4a570f8cdd3ad
[INFO] [stdout]                                at /opt/rustwide/workdir/src/program.rs:26:26
[INFO] [stdout]   22:     0x560e6427a538 - kindling::tests::test_recode3::h19a956c7f1b19df6
[INFO] [stdout]                                at /opt/rustwide/workdir/src/tests.rs:76:5
[INFO] [stdout]   23:     0x560e64279db7 - kindling::tests::test_recode3::{{closure}}::hfd7ff828a228bab3
[INFO] [stdout]                                at /opt/rustwide/workdir/src/tests.rs:67:18
[INFO] [stdout]   24:     0x560e64269af6 - core::ops::function::FnOnce::call_once::h6120a1f25c065dcd
[INFO] [stdout]                                at /rustc/0e09125c6c3c2fd70d7de961bcf0e51575235fad/library/core/src/ops/function.rs:250:5
[INFO] [stdout]   25:     0x560e642bf92f - core::ops::function::FnOnce::call_once::hd64d26f405258157
[INFO] [stdout]                                at /rustc/0e09125c6c3c2fd70d7de961bcf0e51575235fad/library/core/src/ops/function.rs:250:5
[INFO] [stdout]   26:     0x560e642bf92f - test::__rust_begin_short_backtrace::he21b0b7a6d731bf9
[INFO] [stdout]                                at /rustc/0e09125c6c3c2fd70d7de961bcf0e51575235fad/library/test/src/lib.rs:627:18
[INFO] [stdout]   27:     0x560e642be6b1 - test::run_test_in_process::{{closure}}::hf5c73986d7bdfde2
[INFO] [stdout]                                at /rustc/0e09125c6c3c2fd70d7de961bcf0e51575235fad/library/test/src/lib.rs:650:60
[INFO] [stdout]   28:     0x560e642be6b1 - <core::panic::unwind_safe::AssertUnwindSafe<F> as core::ops::function::FnOnce<()>>::call_once::h330011ad032aadc0
[INFO] [stdout]                                at /rustc/0e09125c6c3c2fd70d7de961bcf0e51575235fad/library/core/src/panic/unwind_safe.rs:272:9
[INFO] [stdout]   29:     0x560e642be6b1 - std::panicking::try::do_call::he61b0a958b795a41
[INFO] [stdout]                                at /rustc/0e09125c6c3c2fd70d7de961bcf0e51575235fad/library/std/src/panicking.rs:552:40
[INFO] [stdout]   30:     0x560e642be6b1 - std::panicking::try::h7309da130f906eb7
[INFO] [stdout]                                at /rustc/0e09125c6c3c2fd70d7de961bcf0e51575235fad/library/std/src/panicking.rs:516:19
[INFO] [stdout]   31:     0x560e642be6b1 - std::panic::catch_unwind::hc5c3a06fdaf0a92a
[INFO] [stdout]                                at /rustc/0e09125c6c3c2fd70d7de961bcf0e51575235fad/library/std/src/panic.rs:142:14
[INFO] [stdout]   32:     0x560e642be6b1 - test::run_test_in_process::h7e7b7c71c3324e0f
[INFO] [stdout]                                at /rustc/0e09125c6c3c2fd70d7de961bcf0e51575235fad/library/test/src/lib.rs:650:27
[INFO] [stdout]   33:     0x560e642be6b1 - test::run_test::{{closure}}::h1f509f28f5cf20b1
[INFO] [stdout]                                at /rustc/0e09125c6c3c2fd70d7de961bcf0e51575235fad/library/test/src/lib.rs:573:43
[INFO] [stdout]   34:     0x560e642859e6 - test::run_test::{{closure}}::h1754218abf443f6d
[INFO] [stdout]                                at /rustc/0e09125c6c3c2fd70d7de961bcf0e51575235fad/library/test/src/lib.rs:601:41
[INFO] [stdout]   35:     0x560e642859e6 - std::sys_common::backtrace::__rust_begin_short_backtrace::h2ee174b9d5954948
[INFO] [stdout]                                at /rustc/0e09125c6c3c2fd70d7de961bcf0e51575235fad/library/std/src/sys_common/backtrace.rs:155:18
[INFO] [stdout]   36:     0x560e6428aa47 - std::thread::Builder::spawn_unchecked_::{{closure}}::{{closure}}::hf60bee9c1a17ef09
[INFO] [stdout]                                at /rustc/0e09125c6c3c2fd70d7de961bcf0e51575235fad/library/std/src/thread/mod.rs:529:17
[INFO] [stdout]   37:     0x560e6428aa47 - <core::panic::unwind_safe::AssertUnwindSafe<F> as core::ops::function::FnOnce<()>>::call_once::h33d0dddec5216160
[INFO] [stdout]                                at /rustc/0e09125c6c3c2fd70d7de961bcf0e51575235fad/library/core/src/panic/unwind_safe.rs:272:9
[INFO] [stdout]   38:     0x560e6428aa47 - std::panicking::try::do_call::h144b3048b546f835
[INFO] [stdout]                                at /rustc/0e09125c6c3c2fd70d7de961bcf0e51575235fad/library/std/src/panicking.rs:552:40
[INFO] [stdout]   39:     0x560e6428aa47 - std::panicking::try::h978244d04646189f
[INFO] [stdout]                                at /rustc/0e09125c6c3c2fd70d7de961bcf0e51575235fad/library/std/src/panicking.rs:516:19
[INFO] [stdout]   40:     0x560e6428aa47 - std::panic::catch_unwind::hdf436369d188fe86
[INFO] [stdout]                                at /rustc/0e09125c6c3c2fd70d7de961bcf0e51575235fad/library/std/src/panic.rs:142:14
[INFO] [stdout]   41:     0x560e6428aa47 - std::thread::Builder::spawn_unchecked_::{{closure}}::h87329cbdd33c79ec
[INFO] [stdout]                                at /rustc/0e09125c6c3c2fd70d7de961bcf0e51575235fad/library/std/src/thread/mod.rs:528:30
[INFO] [stdout]   42:     0x560e6428aa47 - core::ops::function::FnOnce::call_once{{vtable.shim}}::h401abbe67897d450
[INFO] [stdout]                                at /rustc/0e09125c6c3c2fd70d7de961bcf0e51575235fad/library/core/src/ops/function.rs:250:5
[INFO] [stdout]   43:     0x560e643dbd15 - <alloc::boxed::Box<F,A> as core::ops::function::FnOnce<Args>>::call_once::h5d7c8f150ab9c84c
[INFO] [stdout]                                at /rustc/0e09125c6c3c2fd70d7de961bcf0e51575235fad/library/alloc/src/boxed.rs:2015:9
[INFO] [stdout]   44:     0x560e643dbd15 - <alloc::boxed::Box<F,A> as core::ops::function::FnOnce<Args>>::call_once::h570d5b005c242c15
[INFO] [stdout]                                at /rustc/0e09125c6c3c2fd70d7de961bcf0e51575235fad/library/alloc/src/boxed.rs:2015:9
[INFO] [stdout]   45:     0x560e643dbd15 - std::sys::unix::thread::Thread::new::thread_start::h36b0a20c0b2361ad
[INFO] [stdout]                                at /rustc/0e09125c6c3c2fd70d7de961bcf0e51575235fad/library/std/src/sys/unix/thread.rs:108:17
[INFO] [stdout]   46:     0x7fe347ae2ac3 - <unknown>
[INFO] [stdout]   47:     0x7fe347b73bf4 - __clone
[INFO] [stdout]   48:                0x0 - <unknown>
[INFO] [stdout] 
[INFO] [stdout] ---- tests::test_recode stdout ----
[INFO] [stdout] thread 'tests::test_recode' panicked at src/program.rs:28:14:
[INFO] [stdout] called `Result::unwrap()` on an `Err` value: IoError(Os { code: 99, kind: AddrNotAvailable, message: "Cannot assign requested address" })
[INFO] [stdout] stack backtrace:
[INFO] [stdout]    0:     0x560e643d50e6 - std::backtrace_rs::backtrace::libunwind::trace::h261606ad26a499c1
[INFO] [stdout]                                at /rustc/0e09125c6c3c2fd70d7de961bcf0e51575235fad/library/std/src/../../backtrace/src/backtrace/libunwind.rs:104:5
[INFO] [stdout]    1:     0x560e643d50e6 - std::backtrace_rs::backtrace::trace_unsynchronized::hd183f0625477fb28
[INFO] [stdout]                                at /rustc/0e09125c6c3c2fd70d7de961bcf0e51575235fad/library/std/src/../../backtrace/src/backtrace/mod.rs:66:5
[INFO] [stdout]    2:     0x560e643d50e6 - std::sys_common::backtrace::_print_fmt::hd7f8fef21b4eda67
[INFO] [stdout]                                at /rustc/0e09125c6c3c2fd70d7de961bcf0e51575235fad/library/std/src/sys_common/backtrace.rs:68:5
[INFO] [stdout]    3:     0x560e643d50e6 - <std::sys_common::backtrace::_print::DisplayBacktrace as core::fmt::Display>::fmt::h623d9b51f2f453f1
[INFO] [stdout]                                at /rustc/0e09125c6c3c2fd70d7de961bcf0e51575235fad/library/std/src/sys_common/backtrace.rs:44:22
[INFO] [stdout]    4:     0x560e64400030 - core::fmt::rt::Argument::fmt::h9f417ac76a86f368
[INFO] [stdout]                                at /rustc/0e09125c6c3c2fd70d7de961bcf0e51575235fad/library/core/src/fmt/rt.rs:142:9
[INFO] [stdout]    5:     0x560e64400030 - core::fmt::write::hc9b6faf4ac2aeff7
[INFO] [stdout]                                at /rustc/0e09125c6c3c2fd70d7de961bcf0e51575235fad/library/core/src/fmt/mod.rs:1120:17
[INFO] [stdout]    6:     0x560e643d259f - std::io::Write::write_fmt::he04625a3a989fec3
[INFO] [stdout]                                at /rustc/0e09125c6c3c2fd70d7de961bcf0e51575235fad/library/std/src/io/mod.rs:1810:15
[INFO] [stdout]    7:     0x560e643d4ec4 - std::sys_common::backtrace::_print::hd5d66399c7df88a2
[INFO] [stdout]                                at /rustc/0e09125c6c3c2fd70d7de961bcf0e51575235fad/library/std/src/sys_common/backtrace.rs:47:5
[INFO] [stdout]    8:     0x560e643d4ec4 - std::sys_common::backtrace::print::he81ed2da642d37e5
[INFO] [stdout]                                at /rustc/0e09125c6c3c2fd70d7de961bcf0e51575235fad/library/std/src/sys_common/backtrace.rs:34:9
[INFO] [stdout]    9:     0x560e643d6c37 - std::panicking::default_hook::{{closure}}::h85773f4fa117163d
[INFO] [stdout]   10:     0x560e643d691d - std::panicking::default_hook::h6a1694a91d09b278
[INFO] [stdout]                                at /rustc/0e09125c6c3c2fd70d7de961bcf0e51575235fad/library/std/src/panicking.rs:289:9
[INFO] [stdout]   11:     0x560e642ba057 - <alloc::boxed::Box<F,A> as core::ops::function::Fn<Args>>::call::h616ac37fa3cd6c8f
[INFO] [stdout]                                at /rustc/0e09125c6c3c2fd70d7de961bcf0e51575235fad/library/alloc/src/boxed.rs:2029:9
[INFO] [stdout]   12:     0x560e642ba057 - test::test_main::{{closure}}::h00d84697cefdcbb6
[INFO] [stdout]                                at /rustc/0e09125c6c3c2fd70d7de961bcf0e51575235fad/library/test/src/lib.rs:138:21
[INFO] [stdout]   13:     0x560e643d7256 - <alloc::boxed::Box<F,A> as core::ops::function::Fn<Args>>::call::hcb3fe3b9bb537ba8
[INFO] [stdout]                                at /rustc/0e09125c6c3c2fd70d7de961bcf0e51575235fad/library/alloc/src/boxed.rs:2029:9
[INFO] [stdout]   14:     0x560e643d7256 - std::panicking::rust_panic_with_hook::h0a7ad96e90f7145b
[INFO] [stdout]                                at /rustc/0e09125c6c3c2fd70d7de961bcf0e51575235fad/library/std/src/panicking.rs:783:13
[INFO] [stdout]   15:     0x560e643d6fa2 - std::panicking::begin_panic_handler::{{closure}}::h7919090525c6485e
[INFO] [stdout]                                at /rustc/0e09125c6c3c2fd70d7de961bcf0e51575235fad/library/std/src/panicking.rs:657:13
[INFO] [stdout]   16:     0x560e643d55e6 - std::sys_common::backtrace::__rust_end_short_backtrace::hf3289479464f7dfe
[INFO] [stdout]                                at /rustc/0e09125c6c3c2fd70d7de961bcf0e51575235fad/library/std/src/sys_common/backtrace.rs:171:18
[INFO] [stdout]   17:     0x560e643d6d00 - rust_begin_unwind
[INFO] [stdout]                                at /rustc/0e09125c6c3c2fd70d7de961bcf0e51575235fad/library/std/src/panicking.rs:645:5
[INFO] [stdout]   18:     0x560e6425f345 - core::panicking::panic_fmt::hcc9f77c5c132af55
[INFO] [stdout]                                at /rustc/0e09125c6c3c2fd70d7de961bcf0e51575235fad/library/core/src/panicking.rs:72:14
[INFO] [stdout]   19:     0x560e6425f8e3 - core::result::unwrap_failed::hbe14f498be1452f9
[INFO] [stdout]                                at /rustc/0e09125c6c3c2fd70d7de961bcf0e51575235fad/library/core/src/result.rs:1649:5
[INFO] [stdout]   20:     0x560e64262b0f - core::result::Result<T,E>::unwrap::h6ba25828ba35a164
[INFO] [stdout]                                at /rustc/0e09125c6c3c2fd70d7de961bcf0e51575235fad/library/core/src/result.rs:1073:23
[INFO] [stdout]   21:     0x560e64276f34 - kindling::program::Program::compile_program_ws::h05b4a570f8cdd3ad
[INFO] [stdout]                                at /opt/rustwide/workdir/src/program.rs:26:26
[INFO] [stdout]   22:     0x560e64279410 - kindling::tests::test_recode::h942e2ef068caf999
[INFO] [stdout]                                at /opt/rustwide/workdir/src/tests.rs:47:5
[INFO] [stdout]   23:     0x560e64278b77 - kindling::tests::test_recode::{{closure}}::h65a222f058bfc588
[INFO] [stdout]                                at /opt/rustwide/workdir/src/tests.rs:40:17
[INFO] [stdout]   24:     0x560e64269b36 - core::ops::function::FnOnce::call_once::h64cb175ce073c96a
[INFO] [stdout]                                at /rustc/0e09125c6c3c2fd70d7de961bcf0e51575235fad/library/core/src/ops/function.rs:250:5
[INFO] [stdout]   25:     0x560e642bf92f - core::ops::function::FnOnce::call_once::hd64d26f405258157
[INFO] [stdout]                                at /rustc/0e09125c6c3c2fd70d7de961bcf0e51575235fad/library/core/src/ops/function.rs:250:5
[INFO] [stdout]   26:     0x560e642bf92f - test::__rust_begin_short_backtrace::he21b0b7a6d731bf9
[INFO] [stdout]                                at /rustc/0e09125c6c3c2fd70d7de961bcf0e51575235fad/library/test/src/lib.rs:627:18
[INFO] [stdout]   27:     0x560e642be6b1 - test::run_test_in_process::{{closure}}::hf5c73986d7bdfde2
[INFO] [stdout]                                at /rustc/0e09125c6c3c2fd70d7de961bcf0e51575235fad/library/test/src/lib.rs:650:60
[INFO] [stdout]   28:     0x560e642be6b1 - <core::panic::unwind_safe::AssertUnwindSafe<F> as core::ops::function::FnOnce<()>>::call_once::h330011ad032aadc0
[INFO] [stdout]                                at /rustc/0e09125c6c3c2fd70d7de961bcf0e51575235fad/library/core/src/panic/unwind_safe.rs:272:9
[INFO] [stdout]   29:     0x560e642be6b1 - std::panicking::try::do_call::he61b0a958b795a41
[INFO] [stdout]                                at /rustc/0e09125c6c3c2fd70d7de961bcf0e51575235fad/library/std/src/panicking.rs:552:40
[INFO] [stdout]   30:     0x560e642be6b1 - std::panicking::try::h7309da130f906eb7
[INFO] [stdout]                                at /rustc/0e09125c6c3c2fd70d7de961bcf0e51575235fad/library/std/src/panicking.rs:516:19
[INFO] [stdout]   31:     0x560e642be6b1 - std::panic::catch_unwind::hc5c3a06fdaf0a92a
[INFO] [stdout]                                at /rustc/0e09125c6c3c2fd70d7de961bcf0e51575235fad/library/std/src/panic.rs:142:14
[INFO] [stdout]   32:     0x560e642be6b1 - test::run_test_in_process::h7e7b7c71c3324e0f
[INFO] [stdout]                                at /rustc/0e09125c6c3c2fd70d7de961bcf0e51575235fad/library/test/src/lib.rs:650:27
[INFO] [stdout]   33:     0x560e642be6b1 - test::run_test::{{closure}}::h1f509f28f5cf20b1
[INFO] [stdout]                                at /rustc/0e09125c6c3c2fd70d7de961bcf0e51575235fad/library/test/src/lib.rs:573:43
[INFO] [stdout]   34:     0x560e642859e6 - test::run_test::{{closure}}::h1754218abf443f6d
[INFO] [stdout]                                at /rustc/0e09125c6c3c2fd70d7de961bcf0e51575235fad/library/test/src/lib.rs:601:41
[INFO] [stdout]   35:     0x560e642859e6 - std::sys_common::backtrace::__rust_begin_short_backtrace::h2ee174b9d5954948
[INFO] [stdout]                                at /rustc/0e09125c6c3c2fd70d7de961bcf0e51575235fad/library/std/src/sys_common/backtrace.rs:155:18
[INFO] [stdout]   36:     0x560e6428aa47 - std::thread::Builder::spawn_unchecked_::{{closure}}::{{closure}}::hf60bee9c1a17ef09
[INFO] [stdout]                                at /rustc/0e09125c6c3c2fd70d7de961bcf0e51575235fad/library/std/src/thread/mod.rs:529:17
[INFO] [stdout]   37:     0x560e6428aa47 - <core::panic::unwind_safe::AssertUnwindSafe<F> as core::ops::function::FnOnce<()>>::call_once::h33d0dddec5216160
[INFO] [stdout]                                at /rustc/0e09125c6c3c2fd70d7de961bcf0e51575235fad/library/core/src/panic/unwind_safe.rs:272:9
[INFO] [stdout]   38:     0x560e6428aa47 - std::panicking::try::do_call::h144b3048b546f835
[INFO] [stdout]                                at /rustc/0e09125c6c3c2fd70d7de961bcf0e51575235fad/library/std/src/panicking.rs:552:40
[INFO] [stdout]   39:     0x560e6428aa47 - std::panicking::try::h978244d04646189f
[INFO] [stdout]                                at /rustc/0e09125c6c3c2fd70d7de961bcf0e51575235fad/library/std/src/panicking.rs:516:19
[INFO] [stdout]   40:     0x560e6428aa47 - std::panic::catch_unwind::hdf436369d188fe86
[INFO] [stdout]                                at /rustc/0e09125c6c3c2fd70d7de961bcf0e51575235fad/library/std/src/panic.rs:142:14
[INFO] [stdout]   41:     0x560e6428aa47 - std::thread::Builder::spawn_unchecked_::{{closure}}::h87329cbdd33c79ec
[INFO] [stdout]                                at /rustc/0e09125c6c3c2fd70d7de961bcf0e51575235fad/library/std/src/thread/mod.rs:528:30
[INFO] [stdout]   42:     0x560e6428aa47 - core::ops::function::FnOnce::call_once{{vtable.shim}}::h401abbe67897d450
[INFO] [stdout]                                at /rustc/0e09125c6c3c2fd70d7de961bcf0e51575235fad/library/core/src/ops/function.rs:250:5
[INFO] [stdout]   43:     0x560e643dbd15 - <alloc::boxed::Box<F,A> as core::ops::function::FnOnce<Args>>::call_once::h5d7c8f150ab9c84c
[INFO] [stdout]                                at /rustc/0e09125c6c3c2fd70d7de961bcf0e51575235fad/library/alloc/src/boxed.rs:2015:9
[INFO] [stdout]   44:     0x560e643dbd15 - <alloc::boxed::Box<F,A> as core::ops::function::FnOnce<Args>>::call_once::h570d5b005c242c15
[INFO] [stdout]                                at /rustc/0e09125c6c3c2fd70d7de961bcf0e51575235fad/library/alloc/src/boxed.rs:2015:9
[INFO] [stdout]   45:     0x560e643dbd15 - std::sys::unix::thread::Thread::new::thread_start::h36b0a20c0b2361ad
[INFO] [stdout]                                at /rustc/0e09125c6c3c2fd70d7de961bcf0e51575235fad/library/std/src/sys/unix/thread.rs:108:17
[INFO] [stdout]   46:     0x7fe347ae2ac3 - <unknown>
[INFO] [stdout]   47:     0x7fe347b73bf4 - __clone
[INFO] [stdout]   48:                0x0 - <unknown>
[INFO] [stdout] 
[INFO] [stdout] ---- tests::test_recode4 stdout ----
[INFO] [stdout] thread 'tests::test_recode4' panicked at src/program.rs:28:14:
[INFO] [stdout] called `Result::unwrap()` on an `Err` value: IoError(Os { code: 99, kind: AddrNotAvailable, message: "Cannot assign requested address" })
[INFO] [stdout] stack backtrace:
[INFO] [stdout]    0:     0x560e643d50e6 - std::backtrace_rs::backtrace::libunwind::trace::h261606ad26a499c1
[INFO] [stdout]                                at /rustc/0e09125c6c3c2fd70d7de961bcf0e51575235fad/library/std/src/../../backtrace/src/backtrace/libunwind.rs:104:5
[INFO] [stdout]    1:     0x560e643d50e6 - std::backtrace_rs::backtrace::trace_unsynchronized::hd183f0625477fb28
[INFO] [stdout]                                at /rustc/0e09125c6c3c2fd70d7de961bcf0e51575235fad/library/std/src/../../backtrace/src/backtrace/mod.rs:66:5
[INFO] [stdout]    2:     0x560e643d50e6 - std::sys_common::backtrace::_print_fmt::hd7f8fef21b4eda67
[INFO] [stdout]                                at /rustc/0e09125c6c3c2fd70d7de961bcf0e51575235fad/library/std/src/sys_common/backtrace.rs:68:5
[INFO] [stdout]    3:     0x560e643d50e6 - <std::sys_common::backtrace::_print::DisplayBacktrace as core::fmt::Display>::fmt::h623d9b51f2f453f1
[INFO] [stdout]                                at /rustc/0e09125c6c3c2fd70d7de961bcf0e51575235fad/library/std/src/sys_common/backtrace.rs:44:22
[INFO] [stdout]    4:     0x560e64400030 - core::fmt::rt::Argument::fmt::h9f417ac76a86f368
[INFO] [stdout]                                at /rustc/0e09125c6c3c2fd70d7de961bcf0e51575235fad/library/core/src/fmt/rt.rs:142:9
[INFO] [stdout]    5:     0x560e64400030 - core::fmt::write::hc9b6faf4ac2aeff7
[INFO] [stdout]                                at /rustc/0e09125c6c3c2fd70d7de961bcf0e51575235fad/library/core/src/fmt/mod.rs:1120:17
[INFO] [stdout]    6:     0x560e643d259f - std::io::Write::write_fmt::he04625a3a989fec3
[INFO] [stdout]                                at /rustc/0e09125c6c3c2fd70d7de961bcf0e51575235fad/library/std/src/io/mod.rs:1810:15
[INFO] [stdout]    7:     0x560e643d4ec4 - std::sys_common::backtrace::_print::hd5d66399c7df88a2
[INFO] [stdout]                                at /rustc/0e09125c6c3c2fd70d7de961bcf0e51575235fad/library/std/src/sys_common/backtrace.rs:47:5
[INFO] [stdout]    8:     0x560e643d4ec4 - std::sys_common::backtrace::print::he81ed2da642d37e5
[INFO] [stdout]                                at /rustc/0e09125c6c3c2fd70d7de961bcf0e51575235fad/library/std/src/sys_common/backtrace.rs:34:9
[INFO] [stdout]    9:     0x560e643d6c37 - std::panicking::default_hook::{{closure}}::h85773f4fa117163d
[INFO] [stdout]   10:     0x560e643d691d - std::panicking::default_hook::h6a1694a91d09b278
[INFO] [stdout]                                at /rustc/0e09125c6c3c2fd70d7de961bcf0e51575235fad/library/std/src/panicking.rs:289:9
[INFO] [stdout]   11:     0x560e642ba057 - <alloc::boxed::Box<F,A> as core::ops::function::Fn<Args>>::call::h616ac37fa3cd6c8f
[INFO] [stdout]                                at /rustc/0e09125c6c3c2fd70d7de961bcf0e51575235fad/library/alloc/src/boxed.rs:2029:9
[INFO] [stdout]   12:     0x560e642ba057 - test::test_main::{{closure}}::h00d84697cefdcbb6
[INFO] [stdout]                                at /rustc/0e09125c6c3c2fd70d7de961bcf0e51575235fad/library/test/src/lib.rs:138:21
[INFO] [stdout]   13:     0x560e643d7256 - <alloc::boxed::Box<F,A> as core::ops::function::Fn<Args>>::call::hcb3fe3b9bb537ba8
[INFO] [stdout]                                at /rustc/0e09125c6c3c2fd70d7de961bcf0e51575235fad/library/alloc/src/boxed.rs:2029:9
[INFO] [stdout]   14:     0x560e643d7256 - std::panicking::rust_panic_with_hook::h0a7ad96e90f7145b
[INFO] [stdout]                                at /rustc/0e09125c6c3c2fd70d7de961bcf0e51575235fad/library/std/src/panicking.rs:783:13
[INFO] [stdout]   15:     0x560e643d6fa2 - std::panicking::begin_panic_handler::{{closure}}::h7919090525c6485e
[INFO] [stdout]                                at /rustc/0e09125c6c3c2fd70d7de961bcf0e51575235fad/library/std/src/panicking.rs:657:13
[INFO] [stdout]   16:     0x560e643d55e6 - std::sys_common::backtrace::__rust_end_short_backtrace::hf3289479464f7dfe
[INFO] [stdout]                                at /rustc/0e09125c6c3c2fd70d7de961bcf0e51575235fad/library/std/src/sys_common/backtrace.rs:171:18
[INFO] [stdout]   17:     0x560e643d6d00 - rust_begin_unwind
[INFO] [stdout]                                at /rustc/0e09125c6c3c2fd70d7de961bcf0e51575235fad/library/std/src/panicking.rs:645:5
[INFO] [stdout]   18:     0x560e6425f345 - core::panicking::panic_fmt::hcc9f77c5c132af55
[INFO] [stdout]                                at /rustc/0e09125c6c3c2fd70d7de961bcf0e51575235fad/library/core/src/panicking.rs:72:14
[INFO] [stdout]   19:     0x560e6425f8e3 - core::result::unwrap_failed::hbe14f498be1452f9
[INFO] [stdout]                                at /rustc/0e09125c6c3c2fd70d7de961bcf0e51575235fad/library/core/src/result.rs:1649:5
[INFO] [stdout]   20:     0x560e64262b0f - core::result::Result<T,E>::unwrap::h6ba25828ba35a164
[INFO] [stdout]                                at /rustc/0e09125c6c3c2fd70d7de961bcf0e51575235fad/library/core/src/result.rs:1073:23
[INFO] [stdout]   21:     0x560e64276f34 - kindling::program::Program::compile_program_ws::h05b4a570f8cdd3ad
[INFO] [stdout]                                at /opt/rustwide/workdir/src/program.rs:26:26
[INFO] [stdout]   22:     0x560e6427b4ab - kindling::tests::test_recode4::hd5dc72adf6349b75
[INFO] [stdout]                                at /opt/rustwide/workdir/src/tests.rs:99:5
[INFO] [stdout]   23:     0x560e6427a5b7 - kindling::tests::test_recode4::{{closure}}::h00098afe091920df
[INFO] [stdout]                                at /opt/rustwide/workdir/src/tests.rs:81:18
[INFO] [stdout]   24:     0x560e64269bb6 - core::ops::function::FnOnce::call_once::h7166e930aaa4efc5
[INFO] [stdout]                                at /rustc/0e09125c6c3c2fd70d7de961bcf0e51575235fad/library/core/src/ops/function.rs:250:5
[INFO] [stdout]   25:     0x560e642bf92f - core::ops::function::FnOnce::call_once::hd64d26f405258157
[INFO] [stdout]                                at /rustc/0e09125c6c3c2fd70d7de961bcf0e51575235fad/library/core/src/ops/function.rs:250:5
[INFO] [stdout]   26:     0x560e642bf92f - test::__rust_begin_short_backtrace::he21b0b7a6d731bf9
[INFO] [stdout]                                at /rustc/0e09125c6c3c2fd70d7de961bcf0e51575235fad/library/test/src/lib.rs:627:18
[INFO] [stdout]   27:     0x560e642be6b1 - test::run_test_in_process::{{closure}}::hf5c73986d7bdfde2
[INFO] [stdout]                                at /rustc/0e09125c6c3c2fd70d7de961bcf0e51575235fad/library/test/src/lib.rs:650:60
[INFO] [stdout]   28:     0x560e642be6b1 - <core::panic::unwind_safe::AssertUnwindSafe<F> as core::ops::function::FnOnce<()>>::call_once::h330011ad032aadc0
[INFO] [stdout]                                at /rustc/0e09125c6c3c2fd70d7de961bcf0e51575235fad/library/core/src/panic/unwind_safe.rs:272:9
[INFO] [stdout]   29:     0x560e642be6b1 - std::panicking::try::do_call::he61b0a958b795a41
[INFO] [stdout]                                at /rustc/0e09125c6c3c2fd70d7de961bcf0e51575235fad/library/std/src/panicking.rs:552:40
[INFO] [stdout]   30:     0x560e642be6b1 - std::panicking::try::h7309da130f906eb7
[INFO] [stdout]                                at /rustc/0e09125c6c3c2fd70d7de961bcf0e51575235fad/library/std/src/panicking.rs:516:19
[INFO] [stdout]   31:     0x560e642be6b1 - std::panic::catch_unwind::hc5c3a06fdaf0a92a
[INFO] [stdout]                                at /rustc/0e09125c6c3c2fd70d7de961bcf0e51575235fad/library/std/src/panic.rs:142:14
[INFO] [stdout]   32:     0x560e642be6b1 - test::run_test_in_process::h7e7b7c71c3324e0f
[INFO] [stdout]                                at /rustc/0e09125c6c3c2fd70d7de961bcf0e51575235fad/library/test/src/lib.rs:650:27
[INFO] [stdout]   33:     0x560e642be6b1 - test::run_test::{{closure}}::h1f509f28f5cf20b1
[INFO] [stdout]                                at /rustc/0e09125c6c3c2fd70d7de961bcf0e51575235fad/library/test/src/lib.rs:573:43
[INFO] [stdout]   34:     0x560e642859e6 - test::run_test::{{closure}}::h1754218abf443f6d
[INFO] [stdout]                                at /rustc/0e09125c6c3c2fd70d7de961bcf0e51575235fad/library/test/src/lib.rs:601:41
[INFO] [stdout]   35:     0x560e642859e6 - std::sys_common::backtrace::__rust_begin_short_backtrace::h2ee174b9d5954948
[INFO] [stdout]                                at /rustc/0e09125c6c3c2fd70d7de961bcf0e51575235fad/library/std/src/sys_common/backtrace.rs:155:18
[INFO] [stdout]   36:     0x560e6428aa47 - std::thread::Builder::spawn_unchecked_::{{closure}}::{{closure}}::hf60bee9c1a17ef09
[INFO] [stdout]                                at /rustc/0e09125c6c3c2fd70d7de961bcf0e51575235fad/library/std/src/thread/mod.rs:529:17
[INFO] [stdout]   37:     0x560e6428aa47 - <core::panic::unwind_safe::AssertUnwindSafe<F> as core::ops::function::FnOnce<()>>::call_once::h33d0dddec5216160
[INFO] [stdout]                                at /rustc/0e09125c6c3c2fd70d7de961bcf0e51575235fad/library/core/src/panic/unwind_safe.rs:272:9
[INFO] [stdout]   38:     0x560e6428aa47 - std::panicking::try::do_call::h144b3048b546f835
[INFO] [stdout]                                at /rustc/0e09125c6c3c2fd70d7de961bcf0e51575235fad/library/std/src/panicking.rs:552:40
[INFO] [stdout]   39:     0x560e6428aa47 - std::panicking::try::h978244d04646189f
[INFO] [stdout]                                at /rustc/0e09125c6c3c2fd70d7de961bcf0e51575235fad/library/std/src/panicking.rs:516:19
[INFO] [stdout]   40:     0x560e6428aa47 - std::panic::catch_unwind::hdf436369d188fe86
[INFO] [stdout]                                at /rustc/0e09125c6c3c2fd70d7de961bcf0e51575235fad/library/std/src/panic.rs:142:14
[INFO] [stdout]   41:     0x560e6428aa47 - std::thread::Builder::spawn_unchecked_::{{closure}}::h87329cbdd33c79ec
[INFO] [stdout]                                at /rustc/0e09125c6c3c2fd70d7de961bcf0e51575235fad/library/std/src/thread/mod.rs:528:30
[INFO] [stdout]   42:     0x560e6428aa47 - core::ops::function::FnOnce::call_once{{vtable.shim}}::h401abbe67897d450
[INFO] [stdout]                                at /rustc/0e09125c6c3c2fd70d7de961bcf0e51575235fad/library/core/src/ops/function.rs:250:5
[INFO] [stdout]   43:     0x560e643dbd15 - <alloc::boxed::Box<F,A> as core::ops::function::FnOnce<Args>>::call_once::h5d7c8f150ab9c84c
[INFO] [stdout]                                at /rustc/0e09125c6c3c2fd70d7de961bcf0e51575235fad/library/alloc/src/boxed.rs:2015:9
[INFO] [stdout]   44:     0x560e643dbd15 - <alloc::boxed::Box<F,A> as core::ops::function::FnOnce<Args>>::call_once::h570d5b005c242c15
[INFO] [stdout]                                at /rustc/0e09125c6c3c2fd70d7de961bcf0e51575235fad/library/alloc/src/boxed.rs:2015:9
[INFO] [stdout]   45:     0x560e643dbd15 - std::sys::unix::thread::Thread::new::thread_start::h36b0a20c0b2361ad
[INFO] [stdout]                                at /rustc/0e09125c6c3c2fd70d7de961bcf0e51575235fad/library/std/src/sys/unix/thread.rs:108:17
[INFO] [stdout]   46:     0x7fe347ae2ac3 - <unknown>
[INFO] [stdout]   47:     0x7fe347b73bf4 - __clone
[INFO] [stdout]   48:                0x0 - <unknown>
[INFO] [stdout] 
[INFO] [stdout] ---- tests::test_recode2 stdout ----
[INFO] [stdout] thread 'tests::test_recode2' panicked at src/program.rs:28:14:
[INFO] [stdout] called `Result::unwrap()` on an `Err` value: IoError(Os { code: 99, kind: AddrNotAvailable, message: "Cannot assign requested address" })
[INFO] [stdout] stack backtrace:
[INFO] [stdout]    0:     0x560e643d50e6 - std::backtrace_rs::backtrace::libunwind::trace::h261606ad26a499c1
[INFO] [stdout]                                at /rustc/0e09125c6c3c2fd70d7de961bcf0e51575235fad/library/std/src/../../backtrace/src/backtrace/libunwind.rs:104:5
[INFO] [stdout]    1:     0x560e643d50e6 - std::backtrace_rs::backtrace::trace_unsynchronized::hd183f0625477fb28
[INFO] [stdout]                                at /rustc/0e09125c6c3c2fd70d7de961bcf0e51575235fad/library/std/src/../../backtrace/src/backtrace/mod.rs:66:5
[INFO] [stdout]    2:     0x560e643d50e6 - std::sys_common::backtrace::_print_fmt::hd7f8fef21b4eda67
[INFO] [stdout]                                at /rustc/0e09125c6c3c2fd70d7de961bcf0e51575235fad/library/std/src/sys_common/backtrace.rs:68:5
[INFO] [stdout]    3:     0x560e643d50e6 - <std::sys_common::backtrace::_print::DisplayBacktrace as core::fmt::Display>::fmt::h623d9b51f2f453f1
[INFO] [stdout]                                at /rustc/0e09125c6c3c2fd70d7de961bcf0e51575235fad/library/std/src/sys_common/backtrace.rs:44:22
[INFO] [stdout]    4:     0x560e64400030 - core::fmt::rt::Argument::fmt::h9f417ac76a86f368
[INFO] [stdout]                                at /rustc/0e09125c6c3c2fd70d7de961bcf0e51575235fad/library/core/src/fmt/rt.rs:142:9
[INFO] [stdout]    5:     0x560e64400030 - core::fmt::write::hc9b6faf4ac2aeff7
[INFO] [stdout]                                at /rustc/0e09125c6c3c2fd70d7de961bcf0e51575235fad/library/core/src/fmt/mod.rs:1120:17
[INFO] [stdout]    6:     0x560e643d259f - std::io::Write::write_fmt::he04625a3a989fec3
[INFO] [stdout]                                at /rustc/0e09125c6c3c2fd70d7de961bcf0e51575235fad/library/std/src/io/mod.rs:1810:15
[INFO] [stdout]    7:     0x560e643d4ec4 - std::sys_common::backtrace::_print::hd5d66399c7df88a2
[INFO] [stdout]                                at /rustc/0e09125c6c3c2fd70d7de961bcf0e51575235fad/library/std/src/sys_common/backtrace.rs:47:5
[INFO] [stdout]    8:     0x560e643d4ec4 - std::sys_common::backtrace::print::he81ed2da642d37e5
[INFO] [stdout]                                at /rustc/0e09125c6c3c2fd70d7de961bcf0e51575235fad/library/std/src/sys_common/backtrace.rs:34:9
[INFO] [stdout]    9:     0x560e643d6c37 - std::panicking::default_hook::{{closure}}::h85773f4fa117163d
[INFO] [stdout]   10:     0x560e643d691d - std::panicking::default_hook::h6a1694a91d09b278
[INFO] [stdout]                                at /rustc/0e09125c6c3c2fd70d7de961bcf0e51575235fad/library/std/src/panicking.rs:289:9
[INFO] [stdout]   11:     0x560e642ba057 - <alloc::boxed::Box<F,A> as core::ops::function::Fn<Args>>::call::h616ac37fa3cd6c8f
[INFO] [stdout]                                at /rustc/0e09125c6c3c2fd70d7de961bcf0e51575235fad/library/alloc/src/boxed.rs:2029:9
[INFO] [stdout]   12:     0x560e642ba057 - test::test_main::{{closure}}::h00d84697cefdcbb6
[INFO] [stdout]                                at /rustc/0e09125c6c3c2fd70d7de961bcf0e51575235fad/library/test/src/lib.rs:138:21
[INFO] [stdout]   13:     0x560e643d7256 - <alloc::boxed::Box<F,A> as core::ops::function::Fn<Args>>::call::hcb3fe3b9bb537ba8
[INFO] [stdout]                                at /rustc/0e09125c6c3c2fd70d7de961bcf0e51575235fad/library/alloc/src/boxed.rs:2029:9
[INFO] [stdout]   14:     0x560e643d7256 - std::panicking::rust_panic_with_hook::h0a7ad96e90f7145b
[INFO] [stdout]                                at /rustc/0e09125c6c3c2fd70d7de961bcf0e51575235fad/library/std/src/panicking.rs:783:13
[INFO] [stdout]   15:     0x560e643d6fa2 - std::panicking::begin_panic_handler::{{closure}}::h7919090525c6485e
[INFO] [stdout]                                at /rustc/0e09125c6c3c2fd70d7de961bcf0e51575235fad/library/std/src/panicking.rs:657:13
[INFO] [stdout]   16:     0x560e643d55e6 - std::sys_common::backtrace::__rust_end_short_backtrace::hf3289479464f7dfe
[INFO] [stdout]                                at /rustc/0e09125c6c3c2fd70d7de961bcf0e51575235fad/library/std/src/sys_common/backtrace.rs:171:18
[INFO] [stdout]   17:     0x560e643d6d00 - rust_begin_unwind
[INFO] [stdout]                                at /rustc/0e09125c6c3c2fd70d7de961bcf0e51575235fad/library/std/src/panicking.rs:645:5
[INFO] [stdout]   18:     0x560e6425f345 - core::panicking::panic_fmt::hcc9f77c5c132af55
[INFO] [stdout]                                at /rustc/0e09125c6c3c2fd70d7de961bcf0e51575235fad/library/core/src/panicking.rs:72:14
[INFO] [stdout]   19:     0x560e6425f8e3 - core::result::unwrap_failed::hbe14f498be1452f9
[INFO] [stdout]                                at /rustc/0e09125c6c3c2fd70d7de961bcf0e51575235fad/library/core/src/result.rs:1649:5
[INFO] [stdout]   20:     0x560e64262b0f - core::result::Result<T,E>::unwrap::h6ba25828ba35a164
[INFO] [stdout]                                at /rustc/0e09125c6c3c2fd70d7de961bcf0e51575235fad/library/core/src/result.rs:1073:23
[INFO] [stdout]   21:     0x560e64276f34 - kindling::program::Program::compile_program_ws::h05b4a570f8cdd3ad
[INFO] [stdout]                                at /opt/rustwide/workdir/src/program.rs:26:26
[INFO] [stdout]   22:     0x560e64279d0a - kindling::tests::test_recode2::hbee0c8250d454265
[INFO] [stdout]                                at /opt/rustwide/workdir/src/tests.rs:63:5
[INFO] [stdout]   23:     0x560e64279467 - kindling::tests::test_recode2::{{closure}}::h0ff0a2466b43a8f9
[INFO] [stdout]                                at /opt/rustwide/workdir/src/tests.rs:51:18
[INFO] [stdout]   24:     0x560e64269c16 - core::ops::function::FnOnce::call_once::he28811b0a67db2fd
[INFO] [stdout]                                at /rustc/0e09125c6c3c2fd70d7de961bcf0e51575235fad/library/core/src/ops/function.rs:250:5
[INFO] [stdout]   25:     0x560e642bf92f - core::ops::function::FnOnce::call_once::hd64d26f405258157
[INFO] [stdout]                                at /rustc/0e09125c6c3c2fd70d7de961bcf0e51575235fad/library/core/src/ops/function.rs:250:5
[INFO] [stdout]   26:     0x560e642bf92f - test::__rust_begin_short_backtrace::he21b0b7a6d731bf9
[INFO] [stdout]                                at /rustc/0e09125c6c3c2fd70d7de961bcf0e51575235fad/library/test/src/lib.rs:627:18
[INFO] [stdout]   27:     0x560e642be6b1 - test::run_test_in_process::{{closure}}::hf5c73986d7bdfde2
[INFO] [stdout]                                at /rustc/0e09125c6c3c2fd70d7de961bcf0e51575235fad/library/test/src/lib.rs:650:60
[INFO] [stdout]   28:     0x560e642be6b1 - <core::panic::unwind_safe::AssertUnwindSafe<F> as core::ops::function::FnOnce<()>>::call_once::h330011ad032aadc0
[INFO] [stdout]                                at /rustc/0e09125c6c3c2fd70d7de961bcf0e51575235fad/library/core/src/panic/unwind_safe.rs:272:9
[INFO] [stdout]   29:     0x560e642be6b1 - std::panicking::try::do_call::he61b0a958b795a41
[INFO] [stdout]                                at /rustc/0e09125c6c3c2fd70d7de961bcf0e51575235fad/library/std/src/panicking.rs:552:40
[INFO] [stdout]   30:     0x560e642be6b1 - std::panicking::try::h7309da130f906eb7
[INFO] [stdout]                                at /rustc/0e09125c6c3c2fd70d7de961bcf0e51575235fad/library/std/src/panicking.rs:516:19
[INFO] [stdout]   31:     0x560e642be6b1 - std::panic::catch_unwind::hc5c3a06fdaf0a92a
[INFO] [stdout]                                at /rustc/0e09125c6c3c2fd70d7de961bcf0e51575235fad/library/std/src/panic.rs:142:14
[INFO] [stdout]   32:     0x560e642be6b1 - test::run_test_in_process::h7e7b7c71c3324e0f
[INFO] [stdout]                                at /rustc/0e09125c6c3c2fd70d7de961bcf0e51575235fad/library/test/src/lib.rs:650:27
[INFO] [stdout]   33:     0x560e642be6b1 - test::run_test::{{closure}}::h1f509f28f5cf20b1
[INFO] [stdout]                                at /rustc/0e09125c6c3c2fd70d7de961bcf0e51575235fad/library/test/src/lib.rs:573:43
[INFO] [stdout]   34:     0x560e642859e6 - test::run_test::{{closure}}::h1754218abf443f6d
[INFO] [stdout]                                at /rustc/0e09125c6c3c2fd70d7de961bcf0e51575235fad/library/test/src/lib.rs:601:41
[INFO] [stdout]   35:     0x560e642859e6 - std::sys_common::backtrace::__rust_begin_short_backtrace::h2ee174b9d5954948
[INFO] [stdout]                                at /rustc/0e09125c6c3c2fd70d7de961bcf0e51575235fad/library/std/src/sys_common/backtrace.rs:155:18
[INFO] [stdout]   36:     0x560e6428aa47 - std::thread::Builder::spawn_unchecked_::{{closure}}::{{closure}}::hf60bee9c1a17ef09
[INFO] [stdout]                                at /rustc/0e09125c6c3c2fd70d7de961bcf0e51575235fad/library/std/src/thread/mod.rs:529:17
[INFO] [stdout]   37:     0x560e6428aa47 - <core::panic::unwind_safe::AssertUnwindSafe<F> as core::ops::function::FnOnce<()>>::call_once::h33d0dddec5216160
[INFO] [stdout]                                at /rustc/0e09125c6c3c2fd70d7de961bcf0e51575235fad/library/core/src/panic/unwind_safe.rs:272:9
[INFO] [stdout]   38:     0x560e6428aa47 - std::panicking::try::do_call::h144b3048b546f835
[INFO] [stdout]                                at /rustc/0e09125c6c3c2fd70d7de961bcf0e51575235fad/library/std/src/panicking.rs:552:40
[INFO] [stdout]   39:     0x560e6428aa47 - std::panicking::try::h978244d04646189f
[INFO] [stdout]                                at /rustc/0e09125c6c3c2fd70d7de961bcf0e51575235fad/library/std/src/panicking.rs:516:19
[INFO] [stdout]   40:     0x560e6428aa47 - std::panic::catch_unwind::hdf436369d188fe86
[INFO] [stdout]                                at /rustc/0e09125c6c3c2fd70d7de961bcf0e51575235fad/library/std/src/panic.rs:142:14
[INFO] [stdout]   41:     0x560e6428aa47 - std::thread::Builder::spawn_unchecked_::{{closure}}::h87329cbdd33c79ec
[INFO] [stdout]                                at /rustc/0e09125c6c3c2fd70d7de961bcf0e51575235fad/library/std/src/thread/mod.rs:528:30
[INFO] [stdout]   42:     0x560e6428aa47 - core::ops::function::FnOnce::call_once{{vtable.shim}}::h401abbe67897d450
[INFO] [stdout]                                at /rustc/0e09125c6c3c2fd70d7de961bcf0e51575235fad/library/core/src/ops/function.rs:250:5
[INFO] [stdout]   43:     0x560e643dbd15 - <alloc::boxed::Box<F,A> as core::ops::function::FnOnce<Args>>::call_once::h5d7c8f150ab9c84c
[INFO] [stdout]                                at /rustc/0e09125c6c3c2fd70d7de961bcf0e51575235fad/library/alloc/src/boxed.rs:2015:9
[INFO] [stdout]   44:     0x560e643dbd15 - <alloc::boxed::Box<F,A> as core::ops::function::FnOnce<Args>>::call_once::h570d5b005c242c15
[INFO] [stdout]                                at /rustc/0e09125c6c3c2fd70d7de961bcf0e51575235fad/library/alloc/src/boxed.rs:2015:9
[INFO] [stdout]   45:     0x560e643dbd15 - std::sys::unix::thread::Thread::new::thread_start::h36b0a20c0b2361ad
[INFO] [stdout]                                at /rustc/0e09125c6c3c2fd70d7de961bcf0e51575235fad/library/std/src/sys/unix/thread.rs:108:17
[INFO] [stdout]   46:     0x7fe347ae2ac3 - <unknown>
[INFO] [stdout]   47:     0x7fe347b73bf4 - __clone
[INFO] [stdout]   48:                0x0 - <unknown>
[INFO] [stdout] 
[INFO] [stdout] 
[INFO] [stdout] failures:
[INFO] [stdout]     tests::test_recode
[INFO] [stdout]     tests::test_recode2
[INFO] [stdout]     tests::test_recode3
[INFO] [stdout]     tests::test_recode4
[INFO] [stdout] 
[INFO] [stdout] test result: FAILED. 3 passed; 4 failed; 0 ignored; 0 measured; 0 filtered out; finished in 0.02s
[INFO] [stdout] 
[INFO] [stderr] error: test failed, to rerun pass `--bin kindling`
[INFO] running `Command { std: "docker" "inspect" "09e159e146c7a76781e69883f955b349716b17a8cee79a705a110f76b4ef176b", kill_on_drop: false }`
[INFO] running `Command { std: "docker" "rm" "-f" "09e159e146c7a76781e69883f955b349716b17a8cee79a705a110f76b4ef176b", kill_on_drop: false }`
[INFO] [stdout] 09e159e146c7a76781e69883f955b349716b17a8cee79a705a110f76b4ef176b
