[INFO] cloning repository https://github.com/arunma/rust_scratch
[INFO] running `Command { std: "git" "-c" "credential.helper=" "-c" "credential.helper=/workspace/cargo-home/bin/git-credential-null" "clone" "--bare" "https://github.com/arunma/rust_scratch" "/workspace/cache/git-repos/https%3A%2F%2Fgithub.com%2Farunma%2Frust_scratch", kill_on_drop: false }`
[INFO] [stderr] Cloning into bare repository '/workspace/cache/git-repos/https%3A%2F%2Fgithub.com%2Farunma%2Frust_scratch'...
[INFO] running `Command { std: "git" "rev-parse" "HEAD", kill_on_drop: false }`
[INFO] [stdout] 810b734d28ae0e63abb6afb6a22b0bfab9fa6313
[INFO] testing arunma/rust_scratch against 1.75.0 for beta-1.76-1
[INFO] running `Command { std: "git" "clone" "/workspace/cache/git-repos/https%3A%2F%2Fgithub.com%2Farunma%2Frust_scratch" "/workspace/builds/worker-3-tc1/source", kill_on_drop: false }`
[INFO] [stderr] Cloning into '/workspace/builds/worker-3-tc1/source'...
[INFO] [stderr] done.
[INFO] validating manifest of git repo https://github.com/arunma/rust_scratch on toolchain 1.75.0
[INFO] running `Command { std: CARGO_HOME="/workspace/cargo-home" RUSTUP_HOME="/workspace/rustup-home" "/workspace/cargo-home/bin/cargo" "+1.75.0" "metadata" "--manifest-path" "Cargo.toml" "--no-deps", kill_on_drop: false }`
[INFO] removed /workspace/builds/worker-3-tc1/source/.cargo/config.toml
[INFO] started tweaking git repo https://github.com/arunma/rust_scratch
[INFO] finished tweaking git repo https://github.com/arunma/rust_scratch
[INFO] tweaked toml for git repo https://github.com/arunma/rust_scratch written to /workspace/builds/worker-3-tc1/source/Cargo.toml
[INFO] crate git repo https://github.com/arunma/rust_scratch already has a lockfile, it will not be regenerated
[INFO] running `Command { std: CARGO_HOME="/workspace/cargo-home" RUSTUP_HOME="/workspace/rustup-home" "/workspace/cargo-home/bin/cargo" "+1.75.0" "fetch" "--manifest-path" "Cargo.toml", kill_on_drop: false }`
[INFO] [stderr]     Updating crates.io index
[INFO] [stderr]  Downloading crates ...
[INFO] [stderr]   Downloaded zstd-safe v6.0.2+zstd.1.5.2
[INFO] [stderr]   Downloaded claim v0.5.0
[INFO] [stderr]   Downloaded fake v2.3.0
[INFO] [stderr]   Downloaded zstd v0.12.2+zstd.1.5.2
[INFO] [stderr]   Downloaded wiremock v0.5.17
[INFO] [stderr]   Downloaded tracing-actix-web v0.7.2
[INFO] [stderr]   Downloaded tracing-bunyan-formatter v0.3.6
[INFO] running `Command { std: "docker" "create" "-v" "/var/lib/crater-agent-workspace/builds/worker-3-tc1/target:/opt/rustwide/target:rw,Z" "-v" "/var/lib/crater-agent-workspace/builds/worker-3-tc1/source:/opt/rustwide/workdir:ro,Z" "-v" "/var/lib/crater-agent-workspace/cargo-home:/opt/rustwide/cargo-home:ro,Z" "-v" "/var/lib/crater-agent-workspace/rustup-home:/opt/rustwide/rustup-home:ro,Z" "-e" "SOURCE_DIR=/opt/rustwide/workdir" "-e" "CARGO_TARGET_DIR=/opt/rustwide/target" "-e" "CARGO_HOME=/opt/rustwide/cargo-home" "-e" "RUSTUP_HOME=/opt/rustwide/rustup-home" "-w" "/opt/rustwide/workdir" "-m" "1610612736" "--user" "0:0" "--network" "none" "ghcr.io/rust-lang/crates-build-env/linux@sha256:2788e3201cd34a07e3172128adcd8b3090168a8e3bcc40d7c032b9dda1df7d1c" "/opt/rustwide/cargo-home/bin/cargo" "+1.75.0" "metadata" "--no-deps" "--format-version=1", kill_on_drop: false }`
[INFO] [stdout] 4928d5632bdf610a87333b9b21440d07278874b885925a6de33fe597bfa7a129
[INFO] running `Command { std: "docker" "start" "-a" "4928d5632bdf610a87333b9b21440d07278874b885925a6de33fe597bfa7a129", kill_on_drop: false }`
[INFO] running `Command { std: "docker" "inspect" "4928d5632bdf610a87333b9b21440d07278874b885925a6de33fe597bfa7a129", kill_on_drop: false }`
[INFO] running `Command { std: "docker" "rm" "-f" "4928d5632bdf610a87333b9b21440d07278874b885925a6de33fe597bfa7a129", kill_on_drop: false }`
[INFO] [stdout] 4928d5632bdf610a87333b9b21440d07278874b885925a6de33fe597bfa7a129
[INFO] running `Command { std: "docker" "create" "-v" "/var/lib/crater-agent-workspace/builds/worker-3-tc1/target:/opt/rustwide/target:rw,Z" "-v" "/var/lib/crater-agent-workspace/builds/worker-3-tc1/source:/opt/rustwide/workdir:ro,Z" "-v" "/var/lib/crater-agent-workspace/cargo-home:/opt/rustwide/cargo-home:ro,Z" "-v" "/var/lib/crater-agent-workspace/rustup-home:/opt/rustwide/rustup-home:ro,Z" "-e" "SOURCE_DIR=/opt/rustwide/workdir" "-e" "CARGO_TARGET_DIR=/opt/rustwide/target" "-e" "CARGO_INCREMENTAL=0" "-e" "RUST_BACKTRACE=full" "-e" "RUSTFLAGS=--cap-lints=warn" "-e" "RUSTDOCFLAGS=--cap-lints=warn" "-e" "CARGO_HOME=/opt/rustwide/cargo-home" "-e" "RUSTUP_HOME=/opt/rustwide/rustup-home" "-w" "/opt/rustwide/workdir" "-m" "1610612736" "--user" "0:0" "--network" "none" "ghcr.io/rust-lang/crates-build-env/linux@sha256:2788e3201cd34a07e3172128adcd8b3090168a8e3bcc40d7c032b9dda1df7d1c" "/opt/rustwide/cargo-home/bin/cargo" "+1.75.0" "build" "--frozen" "--message-format=json", kill_on_drop: false }`
[INFO] [stdout] 1417322a94f8985f4396bc8229fc5db7abd89a242e11f6c2e104962a6aba225a
[INFO] running `Command { std: "docker" "start" "-a" "1417322a94f8985f4396bc8229fc5db7abd89a242e11f6c2e104962a6aba225a", kill_on_drop: false }`
[INFO] [stderr]    Compiling proc-macro2 v1.0.47
[INFO] [stderr]    Compiling quote v1.0.21
[INFO] [stderr]    Compiling syn v1.0.103
[INFO] [stderr]    Compiling once_cell v1.17.0
[INFO] [stderr]    Compiling log v0.4.17
[INFO] [stderr]    Compiling autocfg v1.0.1
[INFO] [stderr]    Compiling serde_derive v1.0.147
[INFO] [stderr]    Compiling serde v1.0.147
[INFO] [stderr]    Compiling ahash v0.7.6
[INFO] [stderr]    Compiling jobserver v0.1.25
[INFO] [stderr]    Compiling lock_api v0.4.6
[INFO] [stderr]    Compiling parking_lot_core v0.9.6
[INFO] [stderr]    Compiling signal-hook-registry v1.4.0
[INFO] [stderr]    Compiling futures-task v0.3.25
[INFO] [stderr]    Compiling futures-util v0.3.25
[INFO] [stderr]    Compiling tracing-core v0.1.30
[INFO] [stderr]    Compiling cc v1.0.79
[INFO] [stderr]    Compiling subtle v2.4.1
[INFO] [stderr]    Compiling rustls v0.20.8
[INFO] [stderr]    Compiling regex-syntax v0.6.28
[INFO] [stderr]    Compiling unicode-bidi v0.3.10
[INFO] [stderr]    Compiling thiserror v1.0.37
[INFO] [stderr]    Compiling digest v0.10.6
[INFO] [stderr]    Compiling serde_json v1.0.91
[INFO] [stderr]    Compiling mio v0.8.5
[INFO] [stderr]    Compiling parking_lot v0.12.1
[INFO] [stderr]    Compiling hashbrown v0.12.3
[INFO] [stderr]    Compiling indexmap v1.9.2
[INFO] [stderr]    Compiling aho-corasick v0.7.20
[INFO] [stderr]    Compiling paste v1.0.11
[INFO] [stderr]    Compiling idna v0.3.0
[INFO] [stderr]    Compiling num-traits v0.2.15
[INFO] [stderr]    Compiling slab v0.4.7
[INFO] [stderr]    Compiling base64 v0.21.0
[INFO] [stderr]    Compiling pkg-config v0.3.26
[INFO] [stderr]    Compiling parking_lot_core v0.8.6
[INFO] [stderr]    Compiling num-integer v0.1.45
[INFO] [stderr]    Compiling instant v0.1.12
[INFO] [stderr]    Compiling minimal-lexical v0.2.1
[INFO] [stderr]    Compiling crossbeam-utils v0.8.14
[INFO] [stderr]    Compiling url v2.3.1
[INFO] [stderr]    Compiling rand v0.8.5
[INFO] [stderr]    Compiling ring v0.16.20
[INFO] [stderr]    Compiling zstd-sys v2.0.5+zstd.1.5.2
[INFO] [stderr]    Compiling tokio v1.19.2
[INFO] [stderr]    Compiling nom v7.1.3
[INFO] [stderr]    Compiling bytestring v1.2.0
[INFO] [stderr]    Compiling zstd-safe v6.0.2+zstd.1.5.2
[INFO] [stderr]    Compiling alloc-no-stdlib v2.0.4
[INFO] [stderr]    Compiling ucd-trie v0.1.5
[INFO] [stderr]    Compiling crossbeam-queue v0.3.8
[INFO] [stderr]    Compiling local-waker v0.1.3
[INFO] [stderr]    Compiling lazy_static v1.4.0
[INFO] [stderr]    Compiling time-macros v0.2.6
[INFO] [stderr]    Compiling alloc-stdlib v0.2.2
[INFO] [stderr]    Compiling parking_lot v0.11.2
[INFO] [stderr]    Compiling rustls-pemfile v1.0.2
[INFO] [stderr]    Compiling hmac v0.12.1
[INFO] [stderr]    Compiling regex v1.7.1
[INFO] [stderr]    Compiling sha1 v0.10.5
[INFO] [stderr]    Compiling dirs-sys v0.3.7
[INFO] [stderr]    Compiling unicode-segmentation v1.10.0
[INFO] [stderr]    Compiling futures-channel v0.3.25
[INFO] [stderr]    Compiling futures-sink v0.3.25
[INFO] [stderr]    Compiling unicode_categories v0.1.1
[INFO] [stderr]    Compiling crc-catalog v2.2.0
[INFO] [stderr]    Compiling chrono v0.4.23
[INFO] [stderr]    Compiling crc v3.0.1
[INFO] [stderr]    Compiling dirs v4.0.0
[INFO] [stderr]    Compiling heck v0.4.0
[INFO] [stderr]    Compiling atoi v1.0.0
[INFO] [stderr]    Compiling futures-intrusive v0.4.2
[INFO] [stderr]    Compiling hkdf v0.12.3
[INFO] [stderr]    Compiling brotli-decompressor v2.3.4
[INFO] [stderr]    Compiling tracing v0.1.37
[INFO] [stderr]    Compiling actix-utils v3.0.1
[INFO] [stderr]    Compiling actix-service v2.0.2
[INFO] [stderr]    Compiling md-5 v0.10.5
[INFO] [stderr]    Compiling stringprep v0.1.2
[INFO] [stderr]    Compiling cookie v0.16.2
[INFO] [stderr]    Compiling dotenvy v0.15.6
[INFO] [stderr]    Compiling byteorder v1.4.3
[INFO] [stderr]    Compiling event-listener v2.5.3
[INFO] [stderr]    Compiling time v0.3.17
[INFO] [stderr]    Compiling whoami v1.3.0
[INFO] [stderr]    Compiling try-lock v0.2.4
[INFO] [stderr]    Compiling convert_case v0.4.0
[INFO] [stderr]    Compiling want v0.3.0
[INFO] [stderr]    Compiling proc-macro-error-attr v1.0.4
[INFO] [stderr]    Compiling local-channel v0.1.3
[INFO] [stderr]    Compiling hashlink v0.8.1
[INFO] [stderr]    Compiling regex-automata v0.1.10
[INFO] [stderr]    Compiling sha2 v0.10.6
[INFO] [stderr]    Compiling uuid v1.2.2
[INFO] [stderr]    Compiling brotli v3.3.4
[INFO] [stderr]    Compiling ahash v0.8.3
[INFO] [stderr]    Compiling dlv-list v0.3.0
[INFO] [stderr]    Compiling base64 v0.13.1
[INFO] [stderr]    Compiling bitflags v1.3.2
[INFO] [stderr]    Compiling language-tags v0.3.2
[INFO] [stderr]    Compiling async-trait v0.1.63
[INFO] [stderr]    Compiling overload v0.1.1
[INFO] [stderr]    Compiling matchers v0.1.0
[INFO] [stderr]    Compiling ordered-multimap v0.4.3
[INFO] [stderr]    Compiling nu-ansi-term v0.46.0
[INFO] [stderr]    Compiling tracing-log v0.1.3
[INFO] [stderr]    Compiling proc-macro-error v1.0.4
[INFO] [stderr]    Compiling sharded-slab v0.1.4
[INFO] [stderr]    Compiling thread_local v1.1.4
[INFO] [stderr]    Compiling tokio-stream v0.1.11
[INFO] [stderr]    Compiling matches v0.1.10
[INFO] [stderr]    Compiling linked-hash-map v0.5.6
[INFO] [stderr]    Compiling anyhow v1.0.66
[INFO] [stderr]    Compiling unicode-width v0.1.10
[INFO] [stderr]    Compiling bytecount v0.6.3
[INFO] [stderr]    Compiling yaml-rust v0.4.5
[INFO] [stderr]    Compiling idna v0.2.3
[INFO] [stderr]    Compiling papergrid v0.7.1
[INFO] [stderr]    Compiling rust-ini v0.18.0
[INFO] [stderr]    Compiling env_logger v0.8.4
[INFO] [stderr]    Compiling gethostname v0.2.3
[INFO] [stderr]    Compiling zeroize v1.5.7
[INFO] [stderr]    Compiling webpki v0.22.0
[INFO] [stderr]    Compiling sct v0.7.0
[INFO] [stderr]    Compiling ipnet v2.7.1
[INFO] [stderr]    Compiling pathdiff v0.2.1
[INFO] [stderr]    Compiling quickcheck v1.0.3
[INFO] [stderr]    Compiling webpki-roots v0.22.6
[INFO] [stderr]    Compiling tokio-macros v1.8.2
[INFO] [stderr]    Compiling tracing-attributes v0.1.23
[INFO] [stderr]    Compiling thiserror-impl v1.0.37
[INFO] [stderr]    Compiling derive_more v0.99.17
[INFO] [stderr]    Compiling pin-project-internal v1.0.12
[INFO] [stderr]    Compiling actix-macros v0.2.3
[INFO] [stderr]    Compiling tokio-rustls v0.23.4
[INFO] [stderr]    Compiling tabled_derive v0.5.0
[INFO] [stderr]    Compiling sqlx-rt v0.6.2
[INFO] [stderr]    Compiling quickcheck_macros v1.0.0
[INFO] [stderr]    Compiling tracing-subscriber v0.3.16
[INFO] [stderr]    Compiling pin-project v1.0.12
[INFO] [stderr]    Compiling pest v2.5.4
[INFO] [stderr]    Compiling tabled v0.10.0
[INFO] [stderr]    Compiling pest_meta v2.5.4
[INFO] [stderr]    Compiling zstd v0.12.2+zstd.1.5.2
[INFO] [stderr]    Compiling pest_generator v2.5.4
[INFO] [stderr]    Compiling pest_derive v2.5.4
[INFO] [stderr]    Compiling tokio-util v0.7.3
[INFO] [stderr]    Compiling actix-rt v2.8.0
[INFO] [stderr]    Compiling actix-server v2.2.0
[INFO] [stderr]    Compiling h2 v0.3.15
[INFO] [stderr]    Compiling actix-codec v0.5.0
[INFO] [stderr]    Compiling either v1.8.1
[INFO] [stderr]    Compiling actix-router v0.5.1
[INFO] [stderr]    Compiling serde_urlencoded v0.7.1
[INFO] [stderr]    Compiling ron v0.7.1
[INFO] [stderr]    Compiling json5 v0.4.1
[INFO] [stderr]    Compiling toml v0.5.11
[INFO] [stderr]    Compiling secrecy v0.8.0
[INFO] [stderr]    Compiling itertools v0.10.5
[INFO] [stderr]    Compiling actix-web-codegen v4.1.0
[INFO] [stderr]    Compiling validator v0.16.0
[INFO] [stderr]    Compiling tracing-bunyan-formatter v0.3.6
[INFO] [stderr]    Compiling config v0.13.3
[INFO] [stderr]    Compiling sqlformat v0.2.1
[INFO] [stderr]    Compiling hyper v0.14.23
[INFO] [stderr]    Compiling actix-http v3.3.0
[INFO] [stderr]    Compiling sqlx-core v0.6.2
[INFO] [stderr]    Compiling actix-web v4.3.0
[INFO] [stderr]    Compiling hyper-rustls v0.23.2
[INFO] [stderr]    Compiling reqwest v0.11.14
[INFO] [stderr]    Compiling tracing-actix-web v0.7.2
[INFO] [stderr]    Compiling sqlx-macros v0.6.2
[INFO] [stderr]    Compiling sqlx v0.6.2
[INFO] [stderr]    Compiling rust_scratch v0.1.0 (/opt/rustwide/workdir)
[INFO] [stdout] warning: unused imports: `Display`, `Formatter`
[INFO] [stdout]  --> src/bin/error2.rs:1:16
[INFO] [stdout]   |
[INFO] [stdout] 1 | use std::fmt::{Display, Formatter};
[INFO] [stdout]   |                ^^^^^^^  ^^^^^^^^^
[INFO] [stdout]   |
[INFO] [stdout]   = note: `#[warn(unused_imports)]` on by default
[INFO] [stdout] 
[INFO] [stdout] 
[INFO] [stdout] warning: unreachable pattern
[INFO] [stdout]   --> src/bin/scratch.rs:22:9
[INFO] [stdout]    |
[INFO] [stdout] 22 |         _ => panic!("expected borrowed value"),
[INFO] [stdout]    |         ^
[INFO] [stdout]    |
[INFO] [stdout]    = note: `#[warn(unreachable_patterns)]` on by default
[INFO] [stdout] 
[INFO] [stdout] 
[INFO] [stdout] warning: function `error_function_a` is never used
[INFO] [stdout]   --> src/bin/error2.rs:20:4
[INFO] [stdout]    |
[INFO] [stdout] 20 | fn error_function_a() -> Result<(), CustomErrorA> {
[INFO] [stdout]    |    ^^^^^^^^^^^^^^^^
[INFO] [stdout]    |
[INFO] [stdout]    = note: `#[warn(dead_code)]` on by default
[INFO] [stdout] 
[INFO] [stdout] 
[INFO] [stdout] warning: field `part` is never read
[INFO] [stdout]  --> src/bin/lifetime_struct.rs:3:5
[INFO] [stdout]   |
[INFO] [stdout] 2 | struct ImportantExcerpt<'a> {
[INFO] [stdout]   |        ---------------- field in this struct
[INFO] [stdout] 3 |     part: &'a str,
[INFO] [stdout]   |     ^^^^
[INFO] [stdout]   |
[INFO] [stdout]   = note: `ImportantExcerpt` has a derived impl for the trait `Debug`, but this is intentionally ignored during dead code analysis
[INFO] [stdout]   = note: `#[warn(dead_code)]` on by default
[INFO] [stdout] 
[INFO] [stdout] 
[INFO] [stdout] warning: unreachable pattern
[INFO] [stdout]   --> src/bin/try_from_into.rs:48:13
[INFO] [stdout]    |
[INFO] [stdout] 47 |             (_, _, _) => Err(IntoColorError::IntConversion),
[INFO] [stdout]    |             --------- matches any value
[INFO] [stdout] 48 |             _ => Err(IntoColorError::BadLen),
[INFO] [stdout]    |             ^ unreachable pattern
[INFO] [stdout]    |
[INFO] [stdout]    = note: `#[warn(unreachable_patterns)]` on by default
[INFO] [stdout] 
[INFO] [stdout] 
[INFO] [stdout] warning: 1 warning emitted
[INFO] [stdout] 
[INFO] [stdout] 
[INFO] [stdout] warning: 2 warnings emitted
[INFO] [stdout] 
[INFO] [stdout] 
[INFO] [stdout] warning: unused import: `convert::Infallible`
[INFO] [stdout]  --> src/bin/actixweb.rs:1:11
[INFO] [stdout]   |
[INFO] [stdout] 1 | use std::{convert::Infallible, io};
[INFO] [stdout]   |           ^^^^^^^^^^^^^^^^^^^
[INFO] [stdout]   |
[INFO] [stdout]   = note: `#[warn(unused_imports)]` on by default
[INFO] [stdout] 
[INFO] [stdout] 
[INFO] [stdout] warning: unused variable: `server3`
[INFO] [stdout]   --> src/bin/actixweb.rs:54:9
[INFO] [stdout]    |
[INFO] [stdout] 54 |     let server3 = HttpServer::new(closure)
[INFO] [stdout]    |         ^^^^^^^ help: if this is intentional, prefix it with an underscore: `_server3`
[INFO] [stdout]    |
[INFO] [stdout]    = note: `#[warn(unused_variables)]` on by default
[INFO] [stdout] 
[INFO] [stdout] 
[INFO] [stdout] warning: 1 warning emitted
[INFO] [stdout] 
[INFO] [stdout] 
[INFO] [stdout] warning: unused variable: `y`
[INFO] [stdout]  --> src/bin/lifetime_stack_overflow.rs:1:25
[INFO] [stdout]   |
[INFO] [stdout] 1 | fn foo1<'a>(x: &'a u32, y: &'a u32) -> &'a u32 {
[INFO] [stdout]   |                         ^ help: if this is intentional, prefix it with an underscore: `_y`
[INFO] [stdout]   |
[INFO] [stdout]   = note: `#[warn(unused_variables)]` on by default
[INFO] [stdout] 
[INFO] [stdout] 
[INFO] [stdout] warning: unused variable: `y`
[INFO] [stdout]  --> src/bin/lifetime_stack_overflow.rs:5:29
[INFO] [stdout]   |
[INFO] [stdout] 5 | fn foo2<'a, 'b>(x: &'a u32, y: &'b u32) -> &'a u32 {
[INFO] [stdout]   |                             ^ help: if this is intentional, prefix it with an underscore: `_y`
[INFO] [stdout] 
[INFO] [stdout] 
[INFO] [stdout] warning: unused variable: `y`
[INFO] [stdout]   --> src/bin/lifetime_stack_overflow.rs:14:26
[INFO] [stdout]    |
[INFO] [stdout] 14 | fn rule1<'a>(x: &'a u32, y: &'a u32) -> &'a u32 {
[INFO] [stdout]    |                          ^ help: if this is intentional, prefix it with an underscore: `_y`
[INFO] [stdout] 
[INFO] [stdout] 
[INFO] [stdout] warning: unused variable: `x`
[INFO] [stdout]   --> src/bin/lifetime_stack_overflow.rs:41:29
[INFO] [stdout]    |
[INFO] [stdout] 41 |     fn rule3<'a, 'b>(&self, x: &'a u32, _y: &'b u32) -> &u32 {
[INFO] [stdout]    |                             ^ help: if this is intentional, prefix it with an underscore: `_x`
[INFO] [stdout] 
[INFO] [stdout] 
[INFO] [stdout] warning: function `rule1` is never used
[INFO] [stdout]   --> src/bin/lifetime_stack_overflow.rs:14:4
[INFO] [stdout]    |
[INFO] [stdout] 14 | fn rule1<'a>(x: &'a u32, y: &'a u32) -> &'a u32 {
[INFO] [stdout]    |    ^^^^^
[INFO] [stdout]    |
[INFO] [stdout]    = note: `#[warn(dead_code)]` on by default
[INFO] [stdout] 
[INFO] [stdout] 
[INFO] [stdout] warning: function `rule11` is never used
[INFO] [stdout]   --> src/bin/lifetime_stack_overflow.rs:18:4
[INFO] [stdout]    |
[INFO] [stdout] 18 | fn rule11<'a>(x: &'a u32, y: &'a u32) -> &'a u32 {
[INFO] [stdout]    |    ^^^^^^
[INFO] [stdout] 
[INFO] [stdout] 
[INFO] [stdout] warning: function `rule12` is never used
[INFO] [stdout]   --> src/bin/lifetime_stack_overflow.rs:27:4
[INFO] [stdout]    |
[INFO] [stdout] 27 | fn rule12<'a>(x: &'a u32, y: &'a u32) -> u32 {
[INFO] [stdout]    |    ^^^^^^
[INFO] [stdout] 
[INFO] [stdout] 
[INFO] [stdout] warning: function `rule2` is never used
[INFO] [stdout]   --> src/bin/lifetime_stack_overflow.rs:32:4
[INFO] [stdout]    |
[INFO] [stdout] 32 | fn rule2(x: &u32) -> &u32 {
[INFO] [stdout]    |    ^^^^^
[INFO] [stdout] 
[INFO] [stdout] 
[INFO] [stdout] warning: struct `Hello` is never constructed
[INFO] [stdout]   --> src/bin/lifetime_stack_overflow.rs:36:8
[INFO] [stdout]    |
[INFO] [stdout] 36 | struct Hello {}
[INFO] [stdout]    |        ^^^^^
[INFO] [stdout] 
[INFO] [stdout] 
[INFO] [stdout] warning: method `rule3` is never used
[INFO] [stdout]   --> src/bin/lifetime_stack_overflow.rs:41:8
[INFO] [stdout]    |
[INFO] [stdout] 38 | impl Hello {
[INFO] [stdout]    | ---------- method in this implementation
[INFO] [stdout] ...
[INFO] [stdout] 41 |     fn rule3<'a, 'b>(&self, x: &'a u32, _y: &'b u32) -> &u32 {
[INFO] [stdout]    |        ^^^^^
[INFO] [stdout] 
[INFO] [stdout] 
[INFO] [stdout] warning: unused import: `std::collections::HashMap`
[INFO] [stdout]  --> src/bin/commit_index.rs:1:5
[INFO] [stdout]   |
[INFO] [stdout] 1 | use std::collections::HashMap;
[INFO] [stdout]   |     ^^^^^^^^^^^^^^^^^^^^^^^^^
[INFO] [stdout]   |
[INFO] [stdout]   = note: `#[warn(unused_imports)]` on by default
[INFO] [stdout] 
[INFO] [stdout] 
[INFO] [stdout] warning: function `index` is never used
[INFO] [stdout]  --> src/bin/actixweb.rs:5:10
[INFO] [stdout]   |
[INFO] [stdout] 5 | async fn index() -> impl Responder {
[INFO] [stdout]   |          ^^^^^
[INFO] [stdout]   |
[INFO] [stdout]   = note: `#[warn(dead_code)]` on by default
[INFO] [stdout] 
[INFO] [stdout] 
[INFO] [stdout] warning: function `hello` is never used
[INFO] [stdout]   --> src/bin/actixweb.rs:31:10
[INFO] [stdout]    |
[INFO] [stdout] 31 | async fn hello() -> io::Result<()> {
[INFO] [stdout]    |          ^^^^^
[INFO] [stdout] 
[INFO] [stdout] 
[INFO] [stdout] warning: struct `Hello` is never constructed
[INFO] [stdout]  --> src/bin/impl_traits.rs:5:8
[INFO] [stdout]   |
[INFO] [stdout] 5 | struct Hello {}
[INFO] [stdout]   |        ^^^^^
[INFO] [stdout]   |
[INFO] [stdout]   = note: `#[warn(dead_code)]` on by default
[INFO] [stdout] 
[INFO] [stdout] 
[INFO] [stdout] warning: unused variable: `x`
[INFO] [stdout]  --> src/bin/lifetime_longest_func_ref.rs:1:16
[INFO] [stdout]   |
[INFO] [stdout] 1 | fn longest<'a>(x: &'a str, y: &'a str) -> &'a str {
[INFO] [stdout]   |                ^ help: if this is intentional, prefix it with an underscore: `_x`
[INFO] [stdout]   |
[INFO] [stdout]   = note: `#[warn(unused_variables)]` on by default
[INFO] [stdout] 
[INFO] [stdout] 
[INFO] [stdout] warning: unused variable: `y`
[INFO] [stdout]  --> src/bin/lifetime_longest_func_ref.rs:1:28
[INFO] [stdout]   |
[INFO] [stdout] 1 | fn longest<'a>(x: &'a str, y: &'a str) -> &'a str {
[INFO] [stdout]   |                            ^ help: if this is intentional, prefix it with an underscore: `_y`
[INFO] [stdout] 
[INFO] [stdout] 
[INFO] [stdout] warning: unused variable: `f`
[INFO] [stdout]   --> src/bin/error1.rs:13:19
[INFO] [stdout]    |
[INFO] [stdout] 13 |     fn fmt(&self, f: &mut Formatter<'_>) -> std::fmt::Result {
[INFO] [stdout]    |                   ^ help: if this is intentional, prefix it with an underscore: `_f`
[INFO] [stdout]    |
[INFO] [stdout]    = note: `#[warn(unused_variables)]` on by default
[INFO] [stdout] 
[INFO] [stdout] 
[INFO] [stdout] warning: unused variable: `f`
[INFO] [stdout]   --> src/bin/error1.rs:23:19
[INFO] [stdout]    |
[INFO] [stdout] 23 |     fn fmt(&self, f: &mut Formatter<'_>) -> std::fmt::Result {
[INFO] [stdout]    |                   ^ help: if this is intentional, prefix it with an underscore: `_f`
[INFO] [stdout] 
[INFO] [stdout] 
[INFO] [stdout] warning: function `error_function_b` is never used
[INFO] [stdout]   --> src/bin/error1.rs:37:4
[INFO] [stdout]    |
[INFO] [stdout] 37 | fn error_function_b() -> Result<(), Box<dyn Error>> {
[INFO] [stdout]    |    ^^^^^^^^^^^^^^^^
[INFO] [stdout]    |
[INFO] [stdout]    = note: `#[warn(dead_code)]` on by default
[INFO] [stdout] 
[INFO] [stdout] 
[INFO] [stdout] warning: 1 warning emitted
[INFO] [stdout] 
[INFO] [stdout] 
[INFO] [stdout] warning: unused imports: `Display`, `Formatter`
[INFO] [stdout]  --> src/bin/error3.rs:1:16
[INFO] [stdout]   |
[INFO] [stdout] 1 | use std::fmt::{Display, Formatter};
[INFO] [stdout]   |                ^^^^^^^  ^^^^^^^^^
[INFO] [stdout]   |
[INFO] [stdout]   = note: `#[warn(unused_imports)]` on by default
[INFO] [stdout] 
[INFO] [stdout] 
[INFO] [stdout] warning: variant `CustomErrorA` is never constructed
[INFO] [stdout]  --> src/bin/error3.rs:9:5
[INFO] [stdout]   |
[INFO] [stdout] 7 | enum AppError {
[INFO] [stdout]   |      -------- variant in this enum
[INFO] [stdout] 8 |     #[error("CustomErrorA with message {message:?}")]
[INFO] [stdout] 9 |     CustomErrorA { message: String },
[INFO] [stdout]   |     ^^^^^^^^^^^^
[INFO] [stdout]   |
[INFO] [stdout]   = note: `AppError` has a derived impl for the trait `Debug`, but this is intentionally ignored during dead code analysis
[INFO] [stdout]   = note: `#[warn(dead_code)]` on by default
[INFO] [stdout] 
[INFO] [stdout] 
[INFO] [stdout] warning: function `error_function_a` is never used
[INFO] [stdout]   --> src/bin/error3.rs:15:4
[INFO] [stdout]    |
[INFO] [stdout] 15 | fn error_function_a() -> Result<()> {
[INFO] [stdout]    |    ^^^^^^^^^^^^^^^^
[INFO] [stdout] 
[INFO] [stdout] 
[INFO] [stdout] warning: function `error_function_c` is never used
[INFO] [stdout]   --> src/bin/error3.rs:23:4
[INFO] [stdout]    |
[INFO] [stdout] 23 | fn error_function_c() -> Result<()> {
[INFO] [stdout]    |    ^^^^^^^^^^^^^^^^
[INFO] [stdout] 
[INFO] [stdout] 
[INFO] [stdout] warning: 1 warning emitted
[INFO] [stdout] 
[INFO] [stdout] 
[INFO] [stdout] warning: unused import: `std::fmt::Display`
[INFO] [stdout]  --> src/bin/dyn_dispatch_type_params.rs:1:5
[INFO] [stdout]   |
[INFO] [stdout] 1 | use std::fmt::Display;
[INFO] [stdout]   |     ^^^^^^^^^^^^^^^^^
[INFO] [stdout]   |
[INFO] [stdout]   = note: `#[warn(unused_imports)]` on by default
[INFO] [stdout] 
[INFO] [stdout] 
[INFO] [stdout] warning: 10 warnings emitted
[INFO] [stdout] 
[INFO] [stdout] 
[INFO] [stdout] warning: 3 warnings emitted
[INFO] [stdout] 
[INFO] [stdout] 
[INFO] [stdout] warning: 1 warning emitted
[INFO] [stdout] 
[INFO] [stdout] 
[INFO] [stdout] warning: 2 warnings emitted
[INFO] [stdout] 
[INFO] [stdout] 
[INFO] [stdout] warning: 4 warnings emitted
[INFO] [stdout] 
[INFO] [stdout] 
[INFO] [stdout] warning: 1 warning emitted
[INFO] [stdout] 
[INFO] [stdout] 
[INFO] [stdout] warning: 4 warnings emitted
[INFO] [stdout] 
[INFO] [stdout] 
[INFO] [stderr]     Finished dev [unoptimized + debuginfo] target(s) in 37.65s
[INFO] running `Command { std: "docker" "inspect" "1417322a94f8985f4396bc8229fc5db7abd89a242e11f6c2e104962a6aba225a", kill_on_drop: false }`
[INFO] running `Command { std: "docker" "rm" "-f" "1417322a94f8985f4396bc8229fc5db7abd89a242e11f6c2e104962a6aba225a", kill_on_drop: false }`
[INFO] [stdout] 1417322a94f8985f4396bc8229fc5db7abd89a242e11f6c2e104962a6aba225a
[INFO] running `Command { std: "docker" "create" "-v" "/var/lib/crater-agent-workspace/builds/worker-3-tc1/target:/opt/rustwide/target:rw,Z" "-v" "/var/lib/crater-agent-workspace/builds/worker-3-tc1/source:/opt/rustwide/workdir:ro,Z" "-v" "/var/lib/crater-agent-workspace/cargo-home:/opt/rustwide/cargo-home:ro,Z" "-v" "/var/lib/crater-agent-workspace/rustup-home:/opt/rustwide/rustup-home:ro,Z" "-e" "SOURCE_DIR=/opt/rustwide/workdir" "-e" "CARGO_TARGET_DIR=/opt/rustwide/target" "-e" "CARGO_INCREMENTAL=0" "-e" "RUST_BACKTRACE=full" "-e" "RUSTFLAGS=--cap-lints=warn" "-e" "RUSTDOCFLAGS=--cap-lints=warn" "-e" "CARGO_HOME=/opt/rustwide/cargo-home" "-e" "RUSTUP_HOME=/opt/rustwide/rustup-home" "-w" "/opt/rustwide/workdir" "-m" "1610612736" "--user" "0:0" "--network" "none" "ghcr.io/rust-lang/crates-build-env/linux@sha256:2788e3201cd34a07e3172128adcd8b3090168a8e3bcc40d7c032b9dda1df7d1c" "/opt/rustwide/cargo-home/bin/cargo" "+1.75.0" "test" "--frozen" "--no-run" "--message-format=json", kill_on_drop: false }`
[INFO] [stdout] 6d4badc7fa972e593c9c5325a4111b5d5318f21fdba7f36f86f85e1856e0db46
[INFO] running `Command { std: "docker" "start" "-a" "6d4badc7fa972e593c9c5325a4111b5d5318f21fdba7f36f86f85e1856e0db46", kill_on_drop: false }`
[INFO] [stderr]    Compiling futures-io v0.3.25
[INFO] [stderr]    Compiling futures-util v0.3.25
[INFO] [stderr]    Compiling futures-macro v0.3.25
[INFO] [stderr]    Compiling url v2.3.1
[INFO] [stderr]    Compiling futures-task v0.3.25
[INFO] [stderr]    Compiling getrandom v0.1.16
[INFO] [stderr]    Compiling concurrent-queue v2.1.0
[INFO] [stderr]    Compiling parking v2.0.0
[INFO] [stderr]    Compiling fastrand v1.8.0
[INFO] [stderr]    Compiling http-types v2.12.0
[INFO] [stderr]    Compiling waker-fn v1.1.0
[INFO] [stderr]    Compiling serde_qs v0.8.5
[INFO] [stderr]    Compiling claim v0.5.0
[INFO] [stderr]    Compiling infer v0.2.3
[INFO] [stderr]    Compiling deadpool-runtime v0.1.2
[INFO] [stderr]    Compiling retain_mut v0.1.9
[INFO] [stderr]    Compiling assert-json-diff v2.0.2
[INFO] [stderr]    Compiling deadpool v0.9.5
[INFO] [stderr]    Compiling futures-timer v3.0.2
[INFO] [stderr]    Compiling async-channel v1.8.0
[INFO] [stderr]    Compiling futures-lite v1.12.0
[INFO] [stderr]    Compiling linkify v0.9.0
[INFO] [stderr]    Compiling rand_core v0.5.1
[INFO] [stderr]    Compiling validator v0.16.0
[INFO] [stderr]    Compiling rand_chacha v0.2.2
[INFO] [stderr]    Compiling rand v0.7.3
[INFO] [stderr]    Compiling fake v2.3.0
[INFO] [stderr]    Compiling sqlx-core v0.6.2
[INFO] [stderr]    Compiling h2 v0.3.15
[INFO] [stderr]    Compiling local-channel v0.1.3
[INFO] [stderr]    Compiling actix-server v2.2.0
[INFO] [stderr]    Compiling futures-executor v0.3.25
[INFO] [stderr]    Compiling futures v0.3.25
[INFO] [stderr]    Compiling hyper v0.14.23
[INFO] [stderr]    Compiling actix-http v3.3.0
[INFO] [stderr]    Compiling sqlx-macros v0.6.2
[INFO] [stderr]    Compiling actix-web v4.3.0
[INFO] [stderr]    Compiling hyper-rustls v0.23.2
[INFO] [stderr]    Compiling wiremock v0.5.17
[INFO] [stderr]    Compiling reqwest v0.11.14
[INFO] [stderr]    Compiling sqlx v0.6.2
[INFO] [stderr]    Compiling tracing-actix-web v0.7.2
[INFO] [stderr]    Compiling rust_scratch v0.1.0 (/opt/rustwide/workdir)
[INFO] [stdout] warning: unused imports: `Display`, `Formatter`
[INFO] [stdout]  --> src/bin/error2.rs:1:16
[INFO] [stdout]   |
[INFO] [stdout] 1 | use std::fmt::{Display, Formatter};
[INFO] [stdout]   |                ^^^^^^^  ^^^^^^^^^
[INFO] [stdout]   |
[INFO] [stdout]   = note: `#[warn(unused_imports)]` on by default
[INFO] [stdout] 
[INFO] [stdout] 
[INFO] [stdout] warning: function `error_function_a` is never used
[INFO] [stdout]   --> src/bin/error2.rs:20:4
[INFO] [stdout]    |
[INFO] [stdout] 20 | fn error_function_a() -> Result<(), CustomErrorA> {
[INFO] [stdout]    |    ^^^^^^^^^^^^^^^^
[INFO] [stdout]    |
[INFO] [stdout]    = note: `#[warn(dead_code)]` on by default
[INFO] [stdout] 
[INFO] [stdout] 
[INFO] [stdout] warning: unused variable: `f`
[INFO] [stdout]   --> src/bin/error1.rs:13:19
[INFO] [stdout]    |
[INFO] [stdout] 13 |     fn fmt(&self, f: &mut Formatter<'_>) -> std::fmt::Result {
[INFO] [stdout]    |                   ^ help: if this is intentional, prefix it with an underscore: `_f`
[INFO] [stdout]    |
[INFO] [stdout]    = note: `#[warn(unused_variables)]` on by default
[INFO] [stdout] 
[INFO] [stdout] 
[INFO] [stdout] warning: unused variable: `f`
[INFO] [stdout]   --> src/bin/error1.rs:23:19
[INFO] [stdout]    |
[INFO] [stdout] 23 |     fn fmt(&self, f: &mut Formatter<'_>) -> std::fmt::Result {
[INFO] [stdout]    |                   ^ help: if this is intentional, prefix it with an underscore: `_f`
[INFO] [stdout] 
[INFO] [stdout] 
[INFO] [stdout] warning: function `error_function_b` is never used
[INFO] [stdout]   --> src/bin/error1.rs:37:4
[INFO] [stdout]    |
[INFO] [stdout] 37 | fn error_function_b() -> Result<(), Box<dyn Error>> {
[INFO] [stdout]    |    ^^^^^^^^^^^^^^^^
[INFO] [stdout]    |
[INFO] [stdout]    = note: `#[warn(dead_code)]` on by default
[INFO] [stdout] 
[INFO] [stdout] 
[INFO] [stdout] warning: unused variable: `x`
[INFO] [stdout]  --> src/bin/lifetime_longest_func_ref.rs:1:16
[INFO] [stdout]   |
[INFO] [stdout] 1 | fn longest<'a>(x: &'a str, y: &'a str) -> &'a str {
[INFO] [stdout]   |                ^ help: if this is intentional, prefix it with an underscore: `_x`
[INFO] [stdout]   |
[INFO] [stdout]   = note: `#[warn(unused_variables)]` on by default
[INFO] [stdout] 
[INFO] [stdout] 
[INFO] [stdout] warning: unused variable: `y`
[INFO] [stdout]  --> src/bin/lifetime_longest_func_ref.rs:1:28
[INFO] [stdout]   |
[INFO] [stdout] 1 | fn longest<'a>(x: &'a str, y: &'a str) -> &'a str {
[INFO] [stdout]   |                            ^ help: if this is intentional, prefix it with an underscore: `_y`
[INFO] [stdout] 
[INFO] [stdout] 
[INFO] [stdout] warning: function `helper2` is never used
[INFO] [stdout]  --> tests/helpers/mod.rs:5:8
[INFO] [stdout]   |
[INFO] [stdout] 5 | pub fn helper2() {
[INFO] [stdout]   |        ^^^^^^^
[INFO] [stdout]   |
[INFO] [stdout]   = note: `#[warn(dead_code)]` on by default
[INFO] [stdout] 
[INFO] [stdout] 
[INFO] [stdout] warning: 3 warnings emitted
[INFO] [stdout] 
[INFO] [stdout] 
[INFO] [stdout] warning: unused import: `File`
[INFO] [stdout]  --> tests/arbitrary3.rs:5:14
[INFO] [stdout]   |
[INFO] [stdout] 5 |         fs::{File, OpenOptions},
[INFO] [stdout]   |              ^^^^
[INFO] [stdout]   |
[INFO] [stdout]   = note: `#[warn(unused_imports)]` on by default
[INFO] [stdout] 
[INFO] [stdout] 
[INFO] [stdout] warning: unused import: `sqlx::testing::TestFixture`
[INFO] [stdout]   --> tests/arbitrary3.rs:10:9
[INFO] [stdout]    |
[INFO] [stdout] 10 |     use sqlx::testing::TestFixture;
[INFO] [stdout]    |         ^^^^^^^^^^^^^^^^^^^^^^^^^^
[INFO] [stdout] 
[INFO] [stdout] 
[INFO] [stdout] warning: unused import: `style::VerticalLine`
[INFO] [stdout]   --> tests/arbitrary3.rs:11:50
[INFO] [stdout]    |
[INFO] [stdout] 11 |     use tabled::{builder::Builder, object::Cell, style::VerticalLine, Modify, Span, Style};
[INFO] [stdout]    |                                                  ^^^^^^^^^^^^^^^^^^^
[INFO] [stdout] 
[INFO] [stdout] 
[INFO] [stdout] warning: unused import: `super::*`
[INFO] [stdout]   --> tests/arbitrary3.rs:13:9
[INFO] [stdout]    |
[INFO] [stdout] 13 |     use super::*;
[INFO] [stdout]    |         ^^^^^^^^
[INFO] [stdout] 
[INFO] [stdout] 
[INFO] [stdout] warning: unused imports: `File`, `OpenOptions`, `io::Write`
[INFO] [stdout]  --> tests/arbitrary2.rs:5:14
[INFO] [stdout]   |
[INFO] [stdout] 5 |         fs::{File, OpenOptions},
[INFO] [stdout]   |              ^^^^  ^^^^^^^^^^^
[INFO] [stdout] 6 |         io::Write,
[INFO] [stdout]   |         ^^^^^^^^^
[INFO] [stdout]   |
[INFO] [stdout]   = note: `#[warn(unused_imports)]` on by default
[INFO] [stdout] 
[INFO] [stdout] 
[INFO] [stdout] warning: 2 warnings emitted
[INFO] [stdout] 
[INFO] [stdout] 
[INFO] [stdout] warning: 2 warnings emitted
[INFO] [stdout] 
[INFO] [stdout] 
[INFO] [stdout] warning: 1 warning emitted
[INFO] [stdout] 
[INFO] [stdout] 
[INFO] [stdout] warning: struct `Hello` is never constructed
[INFO] [stdout]  --> src/bin/impl_traits.rs:5:8
[INFO] [stdout]   |
[INFO] [stdout] 5 | struct Hello {}
[INFO] [stdout]   |        ^^^^^
[INFO] [stdout]   |
[INFO] [stdout]   = note: `#[warn(dead_code)]` on by default
[INFO] [stdout] 
[INFO] [stdout] 
[INFO] [stdout] warning: unreachable pattern
[INFO] [stdout]   --> src/bin/scratch.rs:22:9
[INFO] [stdout]    |
[INFO] [stdout] 22 |         _ => panic!("expected borrowed value"),
[INFO] [stdout]    |         ^
[INFO] [stdout]    |
[INFO] [stdout]    = note: `#[warn(unreachable_patterns)]` on by default
[INFO] [stdout] 
[INFO] [stdout] 
[INFO] [stdout] warning: unused imports: `Display`, `Formatter`
[INFO] [stdout]  --> src/bin/error2.rs:1:16
[INFO] [stdout]   |
[INFO] [stdout] 1 | use std::fmt::{Display, Formatter};
[INFO] [stdout]   |                ^^^^^^^  ^^^^^^^^^
[INFO] [stdout]   |
[INFO] [stdout]   = note: `#[warn(unused_imports)]` on by default
[INFO] [stdout] 
[INFO] [stdout] 
[INFO] [stdout] warning: unused variable: `file`
[INFO] [stdout]    --> tests/arbitrary3.rs:178:17
[INFO] [stdout]     |
[INFO] [stdout] 178 |         let mut file = OpenOptions::new()
[INFO] [stdout]     |                 ^^^^ help: if this is intentional, prefix it with an underscore: `_file`
[INFO] [stdout]     |
[INFO] [stdout]     = note: `#[warn(unused_variables)]` on by default
[INFO] [stdout] 
[INFO] [stdout] 
[INFO] [stdout] warning: unused variable: `data1`
[INFO] [stdout]    --> tests/arbitrary3.rs:186:13
[INFO] [stdout]     |
[INFO] [stdout] 186 |         let data1: Vec<Vec<u32>> = vec![
[INFO] [stdout]     |             ^^^^^ help: if this is intentional, prefix it with an underscore: `_data1`
[INFO] [stdout] 
[INFO] [stdout] 
[INFO] [stdout] warning: unused variable: `col_count`
[INFO] [stdout]    --> tests/arbitrary3.rs:254:17
[INFO] [stdout]     |
[INFO] [stdout] 254 |             let col_count = r.len();
[INFO] [stdout]     |                 ^^^^^^^^^ help: if this is intentional, prefix it with an underscore: `_col_count`
[INFO] [stdout] 
[INFO] [stdout] 
[INFO] [stdout] warning: function `error_function_a` is never used
[INFO] [stdout]   --> src/bin/error2.rs:20:4
[INFO] [stdout]    |
[INFO] [stdout] 20 | fn error_function_a() -> Result<(), CustomErrorA> {
[INFO] [stdout]    |    ^^^^^^^^^^^^^^^^
[INFO] [stdout]    |
[INFO] [stdout]    = note: `#[warn(dead_code)]` on by default
[INFO] [stdout] 
[INFO] [stdout] 
[INFO] [stdout] warning: variable does not need to be mutable
[INFO] [stdout]    --> tests/arbitrary3.rs:178:13
[INFO] [stdout]     |
[INFO] [stdout] 178 |         let mut file = OpenOptions::new()
[INFO] [stdout]     |             ----^^^^
[INFO] [stdout]     |             |
[INFO] [stdout]     |             help: remove this `mut`
[INFO] [stdout]     |
[INFO] [stdout]     = note: `#[warn(unused_mut)]` on by default
[INFO] [stdout] 
[INFO] [stdout] 
[INFO] [stdout] warning: unused `Result` that must be used
[INFO] [stdout]    --> tests/arbitrary3.rs:402:9
[INFO] [stdout]     |
[INFO] [stdout] 402 | ...   writeln!(file, "                                                                                                                             ...
[INFO] [stdout]     |       ^^^^^^^^^^^^^^^^^^^^^^^^^^^^^^^^^^^^^^^^^^^^^^^^^^^^^^^^^^^^^^^^^^^^^^^^^^^^^^^^^^^^^^^^^^^^^^^^^^^^^^^^^^^^^^^^^^^^^^^^^^^^^^^^^^^^^^^^^^^^^^^
[INFO] [stdout]     |
[INFO] [stdout]     = note: this `Result` may be an `Err` variant, which should be handled
[INFO] [stdout]     = note: `#[warn(unused_must_use)]` on by default
[INFO] [stdout]     = note: this warning originates in the macro `writeln` (in Nightly builds, run with -Z macro-backtrace for more info)
[INFO] [stdout] 
[INFO] [stdout] 
[INFO] [stdout] warning: unused `Result` that must be used
[INFO] [stdout]    --> tests/arbitrary3.rs:403:9
[INFO] [stdout]     |
[INFO] [stdout] 403 | ...   writeln!(file, "                                                                                                                             ...
[INFO] [stdout]     |       ^^^^^^^^^^^^^^^^^^^^^^^^^^^^^^^^^^^^^^^^^^^^^^^^^^^^^^^^^^^^^^^^^^^^^^^^^^^^^^^^^^^^^^^^^^^^^^^^^^^^^^^^^^^^^^^^^^^^^^^^^^^^^^^^^^^^^^^^^^^^^^^
[INFO] [stdout]     |
[INFO] [stdout]     = note: this `Result` may be an `Err` variant, which should be handled
[INFO] [stdout]     = note: this warning originates in the macro `writeln` (in Nightly builds, run with -Z macro-backtrace for more info)
[INFO] [stdout] 
[INFO] [stdout] 
[INFO] [stdout] warning: unused `Result` that must be used
[INFO] [stdout]    --> tests/arbitrary3.rs:408:9
[INFO] [stdout]     |
[INFO] [stdout] 408 | ...   writeln!(file, "                                                                                                                             ...
[INFO] [stdout]     |       ^^^^^^^^^^^^^^^^^^^^^^^^^^^^^^^^^^^^^^^^^^^^^^^^^^^^^^^^^^^^^^^^^^^^^^^^^^^^^^^^^^^^^^^^^^^^^^^^^^^^^^^^^^^^^^^^^^^^^^^^^^^^^^^^^^^^^^^^^^^^^^^
[INFO] [stdout]     |
[INFO] [stdout]     = note: this `Result` may be an `Err` variant, which should be handled
[INFO] [stdout]     = note: this warning originates in the macro `writeln` (in Nightly builds, run with -Z macro-backtrace for more info)
[INFO] [stdout] 
[INFO] [stdout] 
[INFO] [stdout] warning: unused `Result` that must be used
[INFO] [stdout]    --> tests/arbitrary3.rs:848:9
[INFO] [stdout]     |
[INFO] [stdout] 848 | ...   writeln!(file, "                                                                                                                             ...
[INFO] [stdout]     |       ^^^^^^^^^^^^^^^^^^^^^^^^^^^^^^^^^^^^^^^^^^^^^^^^^^^^^^^^^^^^^^^^^^^^^^^^^^^^^^^^^^^^^^^^^^^^^^^^^^^^^^^^^^^^^^^^^^^^^^^^^^^^^^^^^^^^^^^^^^^^^^^
[INFO] [stdout]     |
[INFO] [stdout]     = note: this `Result` may be an `Err` variant, which should be handled
[INFO] [stdout]     = note: this warning originates in the macro `writeln` (in Nightly builds, run with -Z macro-backtrace for more info)
[INFO] [stdout] 
[INFO] [stdout] 
[INFO] [stdout] warning: unused `Result` that must be used
[INFO] [stdout]    --> tests/arbitrary3.rs:849:9
[INFO] [stdout]     |
[INFO] [stdout] 849 | ...   writeln!(file, "                                                                                                                             ...
[INFO] [stdout]     |       ^^^^^^^^^^^^^^^^^^^^^^^^^^^^^^^^^^^^^^^^^^^^^^^^^^^^^^^^^^^^^^^^^^^^^^^^^^^^^^^^^^^^^^^^^^^^^^^^^^^^^^^^^^^^^^^^^^^^^^^^^^^^^^^^^^^^^^^^^^^^^^^
[INFO] [stdout]     |
[INFO] [stdout]     = note: this `Result` may be an `Err` variant, which should be handled
[INFO] [stdout]     = note: this warning originates in the macro `writeln` (in Nightly builds, run with -Z macro-backtrace for more info)
[INFO] [stdout] 
[INFO] [stdout] 
[INFO] [stdout] warning: unused `Result` that must be used
[INFO] [stdout]    --> tests/arbitrary3.rs:854:9
[INFO] [stdout]     |
[INFO] [stdout] 854 | ...   writeln!(file, "                                                                                                                             ...
[INFO] [stdout]     |       ^^^^^^^^^^^^^^^^^^^^^^^^^^^^^^^^^^^^^^^^^^^^^^^^^^^^^^^^^^^^^^^^^^^^^^^^^^^^^^^^^^^^^^^^^^^^^^^^^^^^^^^^^^^^^^^^^^^^^^^^^^^^^^^^^^^^^^^^^^^^^^^
[INFO] [stdout]     |
[INFO] [stdout]     = note: this `Result` may be an `Err` variant, which should be handled
[INFO] [stdout]     = note: this warning originates in the macro `writeln` (in Nightly builds, run with -Z macro-backtrace for more info)
[INFO] [stdout] 
[INFO] [stdout] 
[INFO] [stdout] warning: unused `Result` that must be used
[INFO] [stdout]    --> tests/arbitrary3.rs:972:9
[INFO] [stdout]     |
[INFO] [stdout] 972 | ...   writeln!(file, "                                                                                                                             ...
[INFO] [stdout]     |       ^^^^^^^^^^^^^^^^^^^^^^^^^^^^^^^^^^^^^^^^^^^^^^^^^^^^^^^^^^^^^^^^^^^^^^^^^^^^^^^^^^^^^^^^^^^^^^^^^^^^^^^^^^^^^^^^^^^^^^^^^^^^^^^^^^^^^^^^^^^^^^^
[INFO] [stdout]     |
[INFO] [stdout]     = note: this `Result` may be an `Err` variant, which should be handled
[INFO] [stdout]     = note: this warning originates in the macro `writeln` (in Nightly builds, run with -Z macro-backtrace for more info)
[INFO] [stdout] 
[INFO] [stdout] 
[INFO] [stdout] warning: unused `Result` that must be used
[INFO] [stdout]    --> tests/arbitrary3.rs:973:9
[INFO] [stdout]     |
[INFO] [stdout] 973 | ...   writeln!(file, "                                                                                                                             ...
[INFO] [stdout]     |       ^^^^^^^^^^^^^^^^^^^^^^^^^^^^^^^^^^^^^^^^^^^^^^^^^^^^^^^^^^^^^^^^^^^^^^^^^^^^^^^^^^^^^^^^^^^^^^^^^^^^^^^^^^^^^^^^^^^^^^^^^^^^^^^^^^^^^^^^^^^^^^^
[INFO] [stdout]     |
[INFO] [stdout]     = note: this `Result` may be an `Err` variant, which should be handled
[INFO] [stdout]     = note: this warning originates in the macro `writeln` (in Nightly builds, run with -Z macro-backtrace for more info)
[INFO] [stdout] 
[INFO] [stdout] 
[INFO] [stdout] warning: unused `Result` that must be used
[INFO] [stdout]    --> tests/arbitrary3.rs:978:9
[INFO] [stdout]     |
[INFO] [stdout] 978 | ...   writeln!(file, "                                                                                                                             ...
[INFO] [stdout]     |       ^^^^^^^^^^^^^^^^^^^^^^^^^^^^^^^^^^^^^^^^^^^^^^^^^^^^^^^^^^^^^^^^^^^^^^^^^^^^^^^^^^^^^^^^^^^^^^^^^^^^^^^^^^^^^^^^^^^^^^^^^^^^^^^^^^^^^^^^^^^^^^^
[INFO] [stdout]     |
[INFO] [stdout]     = note: this `Result` may be an `Err` variant, which should be handled
[INFO] [stdout]     = note: this warning originates in the macro `writeln` (in Nightly builds, run with -Z macro-backtrace for more info)
[INFO] [stdout] 
[INFO] [stdout] 
[INFO] [stdout] warning: unreachable pattern
[INFO] [stdout]   --> src/bin/try_from_into.rs:48:13
[INFO] [stdout]    |
[INFO] [stdout] 47 |             (_, _, _) => Err(IntoColorError::IntConversion),
[INFO] [stdout]    |             --------- matches any value
[INFO] [stdout] 48 |             _ => Err(IntoColorError::BadLen),
[INFO] [stdout]    |             ^ unreachable pattern
[INFO] [stdout]    |
[INFO] [stdout]    = note: `#[warn(unreachable_patterns)]` on by default
[INFO] [stdout] 
[INFO] [stdout] 
[INFO] [stdout] warning: unused imports: `Display`, `Formatter`
[INFO] [stdout]  --> src/bin/error3.rs:1:16
[INFO] [stdout]   |
[INFO] [stdout] 1 | use std::fmt::{Display, Formatter};
[INFO] [stdout]   |                ^^^^^^^  ^^^^^^^^^
[INFO] [stdout]   |
[INFO] [stdout]   = note: `#[warn(unused_imports)]` on by default
[INFO] [stdout] 
[INFO] [stdout] 
[INFO] [stdout] warning: variant `CustomErrorA` is never constructed
[INFO] [stdout]  --> src/bin/error3.rs:9:5
[INFO] [stdout]   |
[INFO] [stdout] 7 | enum AppError {
[INFO] [stdout]   |      -------- variant in this enum
[INFO] [stdout] 8 |     #[error("CustomErrorA with message {message:?}")]
[INFO] [stdout] 9 |     CustomErrorA { message: String },
[INFO] [stdout]   |     ^^^^^^^^^^^^
[INFO] [stdout]   |
[INFO] [stdout]   = note: `AppError` has a derived impl for the trait `Debug`, but this is intentionally ignored during dead code analysis
[INFO] [stdout]   = note: `#[warn(dead_code)]` on by default
[INFO] [stdout] 
[INFO] [stdout] 
[INFO] [stdout] warning: function `error_function_a` is never used
[INFO] [stdout]   --> src/bin/error3.rs:15:4
[INFO] [stdout]    |
[INFO] [stdout] 15 | fn error_function_a() -> Result<()> {
[INFO] [stdout]    |    ^^^^^^^^^^^^^^^^
[INFO] [stdout] 
[INFO] [stdout] 
[INFO] [stdout] warning: function `error_function_c` is never used
[INFO] [stdout]   --> src/bin/error3.rs:23:4
[INFO] [stdout]    |
[INFO] [stdout] 23 | fn error_function_c() -> Result<()> {
[INFO] [stdout]    |    ^^^^^^^^^^^^^^^^
[INFO] [stdout] 
[INFO] [stdout] 
[INFO] [stdout] warning: unused import: `super::*`
[INFO] [stdout]  --> tests/world.rs:3:9
[INFO] [stdout]   |
[INFO] [stdout] 3 |     use super::*;
[INFO] [stdout]   |         ^^^^^^^^
[INFO] [stdout]   |
[INFO] [stdout]   = note: `#[warn(unused_imports)]` on by default
[INFO] [stdout] 
[INFO] [stdout] 
[INFO] [stdout] warning: 2 warnings emitted
[INFO] [stdout] 
[INFO] [stdout] 
[INFO] [stdout] warning: struct `Hello` is never constructed
[INFO] [stdout]  --> src/bin/impl_traits.rs:5:8
[INFO] [stdout]   |
[INFO] [stdout] 5 | struct Hello {}
[INFO] [stdout]   |        ^^^^^
[INFO] [stdout]   |
[INFO] [stdout]   = note: `#[warn(dead_code)]` on by default
[INFO] [stdout] 
[INFO] [stdout] 
[INFO] [stdout] warning: 1 warning emitted
[INFO] [stdout] 
[INFO] [stdout] 
[INFO] [stdout] warning: 1 warning emitted
[INFO] [stdout] 
[INFO] [stdout] 
[INFO] [stdout] warning: unused import: `convert::Infallible`
[INFO] [stdout]  --> src/bin/actixweb.rs:1:11
[INFO] [stdout]   |
[INFO] [stdout] 1 | use std::{convert::Infallible, io};
[INFO] [stdout]   |           ^^^^^^^^^^^^^^^^^^^
[INFO] [stdout]   |
[INFO] [stdout]   = note: `#[warn(unused_imports)]` on by default
[INFO] [stdout] 
[INFO] [stdout] 
[INFO] [stdout] warning: unused variable: `server3`
[INFO] [stdout]   --> src/bin/actixweb.rs:54:9
[INFO] [stdout]    |
[INFO] [stdout] 54 |     let server3 = HttpServer::new(closure)
[INFO] [stdout]    |         ^^^^^^^ help: if this is intentional, prefix it with an underscore: `_server3`
[INFO] [stdout]    |
[INFO] [stdout]    = note: `#[warn(unused_variables)]` on by default
[INFO] [stdout] 
[INFO] [stdout] 
[INFO] [stdout] warning: field `part` is never read
[INFO] [stdout]  --> src/bin/lifetime_struct.rs:3:5
[INFO] [stdout]   |
[INFO] [stdout] 2 | struct ImportantExcerpt<'a> {
[INFO] [stdout]   |        ---------------- field in this struct
[INFO] [stdout] 3 |     part: &'a str,
[INFO] [stdout]   |     ^^^^
[INFO] [stdout]   |
[INFO] [stdout]   = note: `ImportantExcerpt` has a derived impl for the trait `Debug`, but this is intentionally ignored during dead code analysis
[INFO] [stdout]   = note: `#[warn(dead_code)]` on by default
[INFO] [stdout] 
[INFO] [stdout] 
[INFO] [stdout] warning: function `index` is never used
[INFO] [stdout]  --> src/bin/actixweb.rs:5:10
[INFO] [stdout]   |
[INFO] [stdout] 5 | async fn index() -> impl Responder {
[INFO] [stdout]   |          ^^^^^
[INFO] [stdout]   |
[INFO] [stdout]   = note: `#[warn(dead_code)]` on by default
[INFO] [stdout] 
[INFO] [stdout] 
[INFO] [stdout] warning: function `hello` is never used
[INFO] [stdout]   --> src/bin/actixweb.rs:31:10
[INFO] [stdout]    |
[INFO] [stdout] 31 | async fn hello() -> io::Result<()> {
[INFO] [stdout]    |          ^^^^^
[INFO] [stdout] 
[INFO] [stdout] 
[INFO] [stdout] warning: unused variable: `x`
[INFO] [stdout]  --> src/bin/lifetime_longest_func_ref.rs:1:16
[INFO] [stdout]   |
[INFO] [stdout] 1 | fn longest<'a>(x: &'a str, y: &'a str) -> &'a str {
[INFO] [stdout]   |                ^ help: if this is intentional, prefix it with an underscore: `_x`
[INFO] [stdout]   |
[INFO] [stdout]   = note: `#[warn(unused_variables)]` on by default
[INFO] [stdout] 
[INFO] [stdout] 
[INFO] [stdout] warning: unused variable: `y`
[INFO] [stdout]  --> src/bin/lifetime_longest_func_ref.rs:1:28
[INFO] [stdout]   |
[INFO] [stdout] 1 | fn longest<'a>(x: &'a str, y: &'a str) -> &'a str {
[INFO] [stdout]   |                            ^ help: if this is intentional, prefix it with an underscore: `_y`
[INFO] [stdout] 
[INFO] [stdout] 
[INFO] [stdout] warning: unused variable: `f`
[INFO] [stdout]   --> src/bin/error1.rs:13:19
[INFO] [stdout]    |
[INFO] [stdout] 13 |     fn fmt(&self, f: &mut Formatter<'_>) -> std::fmt::Result {
[INFO] [stdout]    |                   ^ help: if this is intentional, prefix it with an underscore: `_f`
[INFO] [stdout]    |
[INFO] [stdout]    = note: `#[warn(unused_variables)]` on by default
[INFO] [stdout] 
[INFO] [stdout] 
[INFO] [stdout] warning: unused variable: `f`
[INFO] [stdout]   --> src/bin/error1.rs:23:19
[INFO] [stdout]    |
[INFO] [stdout] 23 |     fn fmt(&self, f: &mut Formatter<'_>) -> std::fmt::Result {
[INFO] [stdout]    |                   ^ help: if this is intentional, prefix it with an underscore: `_f`
[INFO] [stdout] 
[INFO] [stdout] 
[INFO] [stdout] warning: function `error_function_b` is never used
[INFO] [stdout]   --> src/bin/error1.rs:37:4
[INFO] [stdout]    |
[INFO] [stdout] 37 | fn error_function_b() -> Result<(), Box<dyn Error>> {
[INFO] [stdout]    |    ^^^^^^^^^^^^^^^^
[INFO] [stdout]    |
[INFO] [stdout]    = note: `#[warn(dead_code)]` on by default
[INFO] [stdout] 
[INFO] [stdout] 
[INFO] [stdout] warning: 4 warnings emitted
[INFO] [stdout] 
[INFO] [stdout] 
[INFO] [stdout] warning: 1 warning emitted
[INFO] [stdout] 
[INFO] [stdout] 
[INFO] [stdout] warning: field `part` is never read
[INFO] [stdout]  --> src/bin/lifetime_struct.rs:3:5
[INFO] [stdout]   |
[INFO] [stdout] 2 | struct ImportantExcerpt<'a> {
[INFO] [stdout]   |        ---------------- field in this struct
[INFO] [stdout] 3 |     part: &'a str,
[INFO] [stdout]   |     ^^^^
[INFO] [stdout]   |
[INFO] [stdout]   = note: `ImportantExcerpt` has a derived impl for the trait `Debug`, but this is intentionally ignored during dead code analysis
[INFO] [stdout]   = note: `#[warn(dead_code)]` on by default
[INFO] [stdout] 
[INFO] [stdout] 
[INFO] [stdout] warning: 1 warning emitted
[INFO] [stdout] 
[INFO] [stdout] 
[INFO] [stdout] warning: 1 warning emitted
[INFO] [stdout] 
[INFO] [stdout] 
[INFO] [stdout] warning: 2 warnings emitted
[INFO] [stdout] 
[INFO] [stdout] 
[INFO] [stdout] warning: unreachable pattern
[INFO] [stdout]   --> src/bin/scratch.rs:22:9
[INFO] [stdout]    |
[INFO] [stdout] 22 |         _ => panic!("expected borrowed value"),
[INFO] [stdout]    |         ^
[INFO] [stdout]    |
[INFO] [stdout]    = note: `#[warn(unreachable_patterns)]` on by default
[INFO] [stdout] 
[INFO] [stdout] 
[INFO] [stdout] warning: 3 warnings emitted
[INFO] [stdout] 
[INFO] [stdout] 
[INFO] [stdout] warning: unused variable: `y`
[INFO] [stdout]  --> src/bin/lifetime_stack_overflow.rs:1:25
[INFO] [stdout]   |
[INFO] [stdout] 1 | fn foo1<'a>(x: &'a u32, y: &'a u32) -> &'a u32 {
[INFO] [stdout]   |                         ^ help: if this is intentional, prefix it with an underscore: `_y`
[INFO] [stdout]   |
[INFO] [stdout]   = note: `#[warn(unused_variables)]` on by default
[INFO] [stdout] 
[INFO] [stdout] 
[INFO] [stdout] warning: unused variable: `y`
[INFO] [stdout]  --> src/bin/lifetime_stack_overflow.rs:5:29
[INFO] [stdout]   |
[INFO] [stdout] 5 | fn foo2<'a, 'b>(x: &'a u32, y: &'b u32) -> &'a u32 {
[INFO] [stdout]   |                             ^ help: if this is intentional, prefix it with an underscore: `_y`
[INFO] [stdout] 
[INFO] [stdout] 
[INFO] [stdout] warning: unused variable: `y`
[INFO] [stdout]   --> src/bin/lifetime_stack_overflow.rs:14:26
[INFO] [stdout]    |
[INFO] [stdout] 14 | fn rule1<'a>(x: &'a u32, y: &'a u32) -> &'a u32 {
[INFO] [stdout]    |                          ^ help: if this is intentional, prefix it with an underscore: `_y`
[INFO] [stdout] 
[INFO] [stdout] 
[INFO] [stdout] warning: unused variable: `x`
[INFO] [stdout]   --> src/bin/lifetime_stack_overflow.rs:41:29
[INFO] [stdout]    |
[INFO] [stdout] 41 |     fn rule3<'a, 'b>(&self, x: &'a u32, _y: &'b u32) -> &u32 {
[INFO] [stdout]    |                             ^ help: if this is intentional, prefix it with an underscore: `_x`
[INFO] [stdout] 
[INFO] [stdout] 
[INFO] [stdout] warning: function `rule1` is never used
[INFO] [stdout]   --> src/bin/lifetime_stack_overflow.rs:14:4
[INFO] [stdout]    |
[INFO] [stdout] 14 | fn rule1<'a>(x: &'a u32, y: &'a u32) -> &'a u32 {
[INFO] [stdout]    |    ^^^^^
[INFO] [stdout]    |
[INFO] [stdout]    = note: `#[warn(dead_code)]` on by default
[INFO] [stdout] 
[INFO] [stdout] 
[INFO] [stdout] warning: function `rule11` is never used
[INFO] [stdout]   --> src/bin/lifetime_stack_overflow.rs:18:4
[INFO] [stdout]    |
[INFO] [stdout] 18 | fn rule11<'a>(x: &'a u32, y: &'a u32) -> &'a u32 {
[INFO] [stdout]    |    ^^^^^^
[INFO] [stdout] 
[INFO] [stdout] 
[INFO] [stdout] warning: function `rule12` is never used
[INFO] [stdout]   --> src/bin/lifetime_stack_overflow.rs:27:4
[INFO] [stdout]    |
[INFO] [stdout] 27 | fn rule12<'a>(x: &'a u32, y: &'a u32) -> u32 {
[INFO] [stdout]    |    ^^^^^^
[INFO] [stdout] 
[INFO] [stdout] 
[INFO] [stdout] warning: function `rule2` is never used
[INFO] [stdout]   --> src/bin/lifetime_stack_overflow.rs:32:4
[INFO] [stdout]    |
[INFO] [stdout] 32 | fn rule2(x: &u32) -> &u32 {
[INFO] [stdout]    |    ^^^^^
[INFO] [stdout] 
[INFO] [stdout] 
[INFO] [stdout] warning: struct `Hello` is never constructed
[INFO] [stdout]   --> src/bin/lifetime_stack_overflow.rs:36:8
[INFO] [stdout]    |
[INFO] [stdout] 36 | struct Hello {}
[INFO] [stdout]    |        ^^^^^
[INFO] [stdout] 
[INFO] [stdout] 
[INFO] [stdout] warning: method `rule3` is never used
[INFO] [stdout]   --> src/bin/lifetime_stack_overflow.rs:41:8
[INFO] [stdout]    |
[INFO] [stdout] 38 | impl Hello {
[INFO] [stdout]    | ---------- method in this implementation
[INFO] [stdout] ...
[INFO] [stdout] 41 |     fn rule3<'a, 'b>(&self, x: &'a u32, _y: &'b u32) -> &u32 {
[INFO] [stdout]    |        ^^^^^
[INFO] [stdout] 
[INFO] [stdout] 
[INFO] [stdout] warning: 1 warning emitted
[INFO] [stdout] 
[INFO] [stdout] 
[INFO] [stdout] warning: unused import: `std::fmt::Display`
[INFO] [stdout]  --> src/bin/dyn_dispatch_type_params.rs:1:5
[INFO] [stdout]   |
[INFO] [stdout] 1 | use std::fmt::Display;
[INFO] [stdout]   |     ^^^^^^^^^^^^^^^^^
[INFO] [stdout]   |
[INFO] [stdout]   = note: `#[warn(unused_imports)]` on by default
[INFO] [stdout] 
[INFO] [stdout] 
[INFO] [stdout] warning: 1 warning emitted
[INFO] [stdout] 
[INFO] [stdout] 
[INFO] [stdout] warning: unused import: `std::fmt::Display`
[INFO] [stdout]  --> src/bin/dyn_dispatch_type_params.rs:1:5
[INFO] [stdout]   |
[INFO] [stdout] 1 | use std::fmt::Display;
[INFO] [stdout]   |     ^^^^^^^^^^^^^^^^^
[INFO] [stdout]   |
[INFO] [stdout]   = note: `#[warn(unused_imports)]` on by default
[INFO] [stdout] 
[INFO] [stdout] 
[INFO] [stdout] warning: 1 warning emitted
[INFO] [stdout] 
[INFO] [stdout] 
[INFO] [stdout] warning: unused variable: `y`
[INFO] [stdout]  --> src/bin/lifetime_stack_overflow.rs:1:25
[INFO] [stdout]   |
[INFO] [stdout] 1 | fn foo1<'a>(x: &'a u32, y: &'a u32) -> &'a u32 {
[INFO] [stdout]   |                         ^ help: if this is intentional, prefix it with an underscore: `_y`
[INFO] [stdout]   |
[INFO] [stdout]   = note: `#[warn(unused_variables)]` on by default
[INFO] [stdout] 
[INFO] [stdout] 
[INFO] [stdout] warning: unused variable: `y`
[INFO] [stdout]  --> src/bin/lifetime_stack_overflow.rs:5:29
[INFO] [stdout]   |
[INFO] [stdout] 5 | fn foo2<'a, 'b>(x: &'a u32, y: &'b u32) -> &'a u32 {
[INFO] [stdout]   |                             ^ help: if this is intentional, prefix it with an underscore: `_y`
[INFO] [stdout] 
[INFO] [stdout] 
[INFO] [stdout] warning: unused variable: `y`
[INFO] [stdout]   --> src/bin/lifetime_stack_overflow.rs:14:26
[INFO] [stdout]    |
[INFO] [stdout] 14 | fn rule1<'a>(x: &'a u32, y: &'a u32) -> &'a u32 {
[INFO] [stdout]    |                          ^ help: if this is intentional, prefix it with an underscore: `_y`
[INFO] [stdout] 
[INFO] [stdout] 
[INFO] [stdout] warning: unused variable: `x`
[INFO] [stdout]   --> src/bin/lifetime_stack_overflow.rs:41:29
[INFO] [stdout]    |
[INFO] [stdout] 41 |     fn rule3<'a, 'b>(&self, x: &'a u32, _y: &'b u32) -> &u32 {
[INFO] [stdout]    |                             ^ help: if this is intentional, prefix it with an underscore: `_x`
[INFO] [stdout] 
[INFO] [stdout] 
[INFO] [stdout] warning: function `rule1` is never used
[INFO] [stdout]   --> src/bin/lifetime_stack_overflow.rs:14:4
[INFO] [stdout]    |
[INFO] [stdout] 14 | fn rule1<'a>(x: &'a u32, y: &'a u32) -> &'a u32 {
[INFO] [stdout]    |    ^^^^^
[INFO] [stdout]    |
[INFO] [stdout]    = note: `#[warn(dead_code)]` on by default
[INFO] [stdout] 
[INFO] [stdout] 
[INFO] [stdout] warning: function `rule11` is never used
[INFO] [stdout]   --> src/bin/lifetime_stack_overflow.rs:18:4
[INFO] [stdout]    |
[INFO] [stdout] 18 | fn rule11<'a>(x: &'a u32, y: &'a u32) -> &'a u32 {
[INFO] [stdout]    |    ^^^^^^
[INFO] [stdout] 
[INFO] [stdout] 
[INFO] [stdout] warning: function `rule12` is never used
[INFO] [stdout]   --> src/bin/lifetime_stack_overflow.rs:27:4
[INFO] [stdout]    |
[INFO] [stdout] 27 | fn rule12<'a>(x: &'a u32, y: &'a u32) -> u32 {
[INFO] [stdout]    |    ^^^^^^
[INFO] [stdout] 
[INFO] [stdout] 
[INFO] [stdout] warning: function `rule2` is never used
[INFO] [stdout]   --> src/bin/lifetime_stack_overflow.rs:32:4
[INFO] [stdout]    |
[INFO] [stdout] 32 | fn rule2(x: &u32) -> &u32 {
[INFO] [stdout]    |    ^^^^^
[INFO] [stdout] 
[INFO] [stdout] 
[INFO] [stdout] warning: struct `Hello` is never constructed
[INFO] [stdout]   --> src/bin/lifetime_stack_overflow.rs:36:8
[INFO] [stdout]    |
[INFO] [stdout] 36 | struct Hello {}
[INFO] [stdout]    |        ^^^^^
[INFO] [stdout] 
[INFO] [stdout] 
[INFO] [stdout] warning: method `rule3` is never used
[INFO] [stdout]   --> src/bin/lifetime_stack_overflow.rs:41:8
[INFO] [stdout]    |
[INFO] [stdout] 38 | impl Hello {
[INFO] [stdout]    | ---------- method in this implementation
[INFO] [stdout] ...
[INFO] [stdout] 41 |     fn rule3<'a, 'b>(&self, x: &'a u32, _y: &'b u32) -> &u32 {
[INFO] [stdout]    |        ^^^^^
[INFO] [stdout] 
[INFO] [stdout] 
[INFO] [stdout] warning: unreachable pattern
[INFO] [stdout]   --> src/bin/try_from_into.rs:48:13
[INFO] [stdout]    |
[INFO] [stdout] 47 |             (_, _, _) => Err(IntoColorError::IntConversion),
[INFO] [stdout]    |             --------- matches any value
[INFO] [stdout] 48 |             _ => Err(IntoColorError::BadLen),
[INFO] [stdout]    |             ^ unreachable pattern
[INFO] [stdout]    |
[INFO] [stdout]    = note: `#[warn(unreachable_patterns)]` on by default
[INFO] [stdout] 
[INFO] [stdout] 
[INFO] [stdout] warning: unused import: `convert::Infallible`
[INFO] [stdout]  --> src/bin/actixweb.rs:1:11
[INFO] [stdout]   |
[INFO] [stdout] 1 | use std::{convert::Infallible, io};
[INFO] [stdout]   |           ^^^^^^^^^^^^^^^^^^^
[INFO] [stdout]   |
[INFO] [stdout]   = note: `#[warn(unused_imports)]` on by default
[INFO] [stdout] 
[INFO] [stdout] 
[INFO] [stdout] warning: unused variable: `server3`
[INFO] [stdout]   --> src/bin/actixweb.rs:54:9
[INFO] [stdout]    |
[INFO] [stdout] 54 |     let server3 = HttpServer::new(closure)
[INFO] [stdout]    |         ^^^^^^^ help: if this is intentional, prefix it with an underscore: `_server3`
[INFO] [stdout]    |
[INFO] [stdout]    = note: `#[warn(unused_variables)]` on by default
[INFO] [stdout] 
[INFO] [stdout] 
[INFO] [stdout] warning: 1 warning emitted
[INFO] [stdout] 
[INFO] [stdout] 
[INFO] [stdout] warning: function `index` is never used
[INFO] [stdout]  --> src/bin/actixweb.rs:5:10
[INFO] [stdout]   |
[INFO] [stdout] 5 | async fn index() -> impl Responder {
[INFO] [stdout]   |          ^^^^^
[INFO] [stdout]   |
[INFO] [stdout]   = note: `#[warn(dead_code)]` on by default
[INFO] [stdout] 
[INFO] [stdout] 
[INFO] [stdout] warning: function `hello` is never used
[INFO] [stdout]   --> src/bin/actixweb.rs:31:10
[INFO] [stdout]    |
[INFO] [stdout] 31 | async fn hello() -> io::Result<()> {
[INFO] [stdout]    |          ^^^^^
[INFO] [stdout] 
[INFO] [stdout] 
[INFO] [stdout] warning: 10 warnings emitted
[INFO] [stdout] 
[INFO] [stdout] 
[INFO] [stdout] warning: unused imports: `Display`, `Formatter`
[INFO] [stdout]  --> src/bin/error3.rs:1:16
[INFO] [stdout]   |
[INFO] [stdout] 1 | use std::fmt::{Display, Formatter};
[INFO] [stdout]   |                ^^^^^^^  ^^^^^^^^^
[INFO] [stdout]   |
[INFO] [stdout]   = note: `#[warn(unused_imports)]` on by default
[INFO] [stdout] 
[INFO] [stdout] 
[INFO] [stdout] warning: variant `CustomErrorA` is never constructed
[INFO] [stdout]  --> src/bin/error3.rs:9:5
[INFO] [stdout]   |
[INFO] [stdout] 7 | enum AppError {
[INFO] [stdout]   |      -------- variant in this enum
[INFO] [stdout] 8 |     #[error("CustomErrorA with message {message:?}")]
[INFO] [stdout] 9 |     CustomErrorA { message: String },
[INFO] [stdout]   |     ^^^^^^^^^^^^
[INFO] [stdout]   |
[INFO] [stdout]   = note: `AppError` has a derived impl for the trait `Debug`, but this is intentionally ignored during dead code analysis
[INFO] [stdout]   = note: `#[warn(dead_code)]` on by default
[INFO] [stdout] 
[INFO] [stdout] 
[INFO] [stdout] warning: function `error_function_a` is never used
[INFO] [stdout]   --> src/bin/error3.rs:15:4
[INFO] [stdout]    |
[INFO] [stdout] 15 | fn error_function_a() -> Result<()> {
[INFO] [stdout]    |    ^^^^^^^^^^^^^^^^
[INFO] [stdout] 
[INFO] [stdout] 
[INFO] [stdout] warning: function `error_function_c` is never used
[INFO] [stdout]   --> src/bin/error3.rs:23:4
[INFO] [stdout]    |
[INFO] [stdout] 23 | fn error_function_c() -> Result<()> {
[INFO] [stdout]    |    ^^^^^^^^^^^^^^^^
[INFO] [stdout] 
[INFO] [stdout] 
[INFO] [stdout] warning: 1 warning emitted
[INFO] [stdout] 
[INFO] [stdout] 
[INFO] [stdout] warning: 1 warning emitted
[INFO] [stdout] 
[INFO] [stdout] 
[INFO] [stdout] warning: 10 warnings emitted
[INFO] [stdout] 
[INFO] [stdout] 
[INFO] [stdout] warning: unused import: `std::collections::HashMap`
[INFO] [stdout]  --> src/bin/commit_index.rs:1:5
[INFO] [stdout]   |
[INFO] [stdout] 1 | use std::collections::HashMap;
[INFO] [stdout]   |     ^^^^^^^^^^^^^^^^^^^^^^^^^
[INFO] [stdout]   |
[INFO] [stdout]   = note: `#[warn(unused_imports)]` on by default
[INFO] [stdout] 
[INFO] [stdout] 
[INFO] [stdout] warning: unused import: `std::collections::HashMap`
[INFO] [stdout]  --> src/bin/commit_index.rs:1:5
[INFO] [stdout]   |
[INFO] [stdout] 1 | use std::collections::HashMap;
[INFO] [stdout]   |     ^^^^^^^^^^^^^^^^^^^^^^^^^
[INFO] [stdout]   |
[INFO] [stdout]   = note: `#[warn(unused_imports)]` on by default
[INFO] [stdout] 
[INFO] [stdout] 
[INFO] [stdout] warning: 4 warnings emitted
[INFO] [stdout] 
[INFO] [stdout] 
[INFO] [stdout] warning: unused import: `Rng`
[INFO] [stdout]  --> tests/arbitrary.rs:7:9
[INFO] [stdout]   |
[INFO] [stdout] 7 |         Rng, SeedableRng,
[INFO] [stdout]   |         ^^^
[INFO] [stdout]   |
[INFO] [stdout]   = note: `#[warn(unused_imports)]` on by default
[INFO] [stdout] 
[INFO] [stdout] 
[INFO] [stdout] warning: unused import: `super::*`
[INFO] [stdout]   --> tests/arbitrary.rs:14:9
[INFO] [stdout]    |
[INFO] [stdout] 14 |     use super::*;
[INFO] [stdout]    |         ^^^^^^^^
[INFO] [stdout] 
[INFO] [stdout] 
[INFO] [stdout] warning: variable does not need to be mutable
[INFO] [stdout]    --> tests/arbitrary.rs:147:13
[INFO] [stdout]     |
[INFO] [stdout] 147 |         let mut data = vec![
[INFO] [stdout]     |             ----^^^^
[INFO] [stdout]     |             |
[INFO] [stdout]     |             help: remove this `mut`
[INFO] [stdout]     |
[INFO] [stdout]     = note: `#[warn(unused_mut)]` on by default
[INFO] [stdout] 
[INFO] [stdout] 
[INFO] [stdout] warning: 4 warnings emitted
[INFO] [stdout] 
[INFO] [stdout] 
[INFO] [stdout] warning: 1 warning emitted
[INFO] [stdout] 
[INFO] [stdout] 
[INFO] [stdout] warning: 1 warning emitted
[INFO] [stdout] 
[INFO] [stdout] 
[INFO] [stdout] warning: 1 warning emitted
[INFO] [stdout] 
[INFO] [stdout] 
[INFO] [stdout] warning: 4 warnings emitted
[INFO] [stdout] 
[INFO] [stdout] 
[INFO] [stdout] warning: 3 warnings emitted
[INFO] [stdout] 
[INFO] [stdout] 
[INFO] [stdout] warning: 17 warnings emitted
[INFO] [stdout] 
[INFO] [stdout] 
[INFO] [stderr]     Finished test [unoptimized + debuginfo] target(s) in 25.94s
[INFO] running `Command { std: "docker" "inspect" "6d4badc7fa972e593c9c5325a4111b5d5318f21fdba7f36f86f85e1856e0db46", kill_on_drop: false }`
[INFO] running `Command { std: "docker" "rm" "-f" "6d4badc7fa972e593c9c5325a4111b5d5318f21fdba7f36f86f85e1856e0db46", kill_on_drop: false }`
[INFO] [stdout] 6d4badc7fa972e593c9c5325a4111b5d5318f21fdba7f36f86f85e1856e0db46
[INFO] running `Command { std: "docker" "create" "-v" "/var/lib/crater-agent-workspace/builds/worker-3-tc1/target:/opt/rustwide/target:rw,Z" "-v" "/var/lib/crater-agent-workspace/builds/worker-3-tc1/source:/opt/rustwide/workdir:ro,Z" "-v" "/var/lib/crater-agent-workspace/cargo-home:/opt/rustwide/cargo-home:ro,Z" "-v" "/var/lib/crater-agent-workspace/rustup-home:/opt/rustwide/rustup-home:ro,Z" "-e" "SOURCE_DIR=/opt/rustwide/workdir" "-e" "CARGO_TARGET_DIR=/opt/rustwide/target" "-e" "CARGO_INCREMENTAL=0" "-e" "RUST_BACKTRACE=full" "-e" "RUSTFLAGS=--cap-lints=warn" "-e" "RUSTDOCFLAGS=--cap-lints=warn" "-e" "CARGO_HOME=/opt/rustwide/cargo-home" "-e" "RUSTUP_HOME=/opt/rustwide/rustup-home" "-w" "/opt/rustwide/workdir" "-m" "1610612736" "--user" "0:0" "--network" "none" "ghcr.io/rust-lang/crates-build-env/linux@sha256:2788e3201cd34a07e3172128adcd8b3090168a8e3bcc40d7c032b9dda1df7d1c" "/opt/rustwide/cargo-home/bin/cargo" "+1.75.0" "test" "--frozen", kill_on_drop: false }`
[INFO] [stdout] 01f90ad7ca05501dcf83bc8b008a4cb8d6b07aab3a05703f7929f81f8680e64f
[INFO] running `Command { std: "docker" "start" "-a" "01f90ad7ca05501dcf83bc8b008a4cb8d6b07aab3a05703f7929f81f8680e64f", kill_on_drop: false }`
[INFO] [stderr] warning: unused imports: `Display`, `Formatter`
[INFO] [stderr]  --> src/bin/error3.rs:1:16
[INFO] [stderr]   |
[INFO] [stderr] 1 | use std::fmt::{Display, Formatter};
[INFO] [stderr]   |                ^^^^^^^  ^^^^^^^^^
[INFO] [stderr]   |
[INFO] [stderr]   = note: `#[warn(unused_imports)]` on by default
[INFO] [stderr] 
[INFO] [stderr] warning: variant `CustomErrorA` is never constructed
[INFO] [stderr]  --> src/bin/error3.rs:9:5
[INFO] [stderr]   |
[INFO] [stderr] 7 | enum AppError {
[INFO] [stderr]   |      -------- variant in this enum
[INFO] [stderr] 8 |     #[error("CustomErrorA with message {message:?}")]
[INFO] [stderr] 9 |     CustomErrorA { message: String },
[INFO] [stderr]   |     ^^^^^^^^^^^^
[INFO] [stderr]   |
[INFO] [stderr]   = note: `AppError` has a derived impl for the trait `Debug`, but this is intentionally ignored during dead code analysis
[INFO] [stderr]   = note: `#[warn(dead_code)]` on by default
[INFO] [stderr] 
[INFO] [stderr] warning: function `error_function_a` is never used
[INFO] [stderr]   --> src/bin/error3.rs:15:4
[INFO] [stderr]    |
[INFO] [stderr] 15 | fn error_function_a() -> Result<()> {
[INFO] [stderr]    |    ^^^^^^^^^^^^^^^^
[INFO] [stderr] 
[INFO] [stderr] warning: function `error_function_c` is never used
[INFO] [stderr]   --> src/bin/error3.rs:23:4
[INFO] [stderr]    |
[INFO] [stderr] 23 | fn error_function_c() -> Result<()> {
[INFO] [stderr]    |    ^^^^^^^^^^^^^^^^
[INFO] [stderr] 
[INFO] [stderr] warning: unused variable: `f`
[INFO] [stderr]   --> src/bin/error1.rs:13:19
[INFO] [stderr]    |
[INFO] [stderr] 13 |     fn fmt(&self, f: &mut Formatter<'_>) -> std::fmt::Result {
[INFO] [stderr]    |                   ^ help: if this is intentional, prefix it with an underscore: `_f`
[INFO] [stderr]    |
[INFO] [stderr]    = note: `#[warn(unused_variables)]` on by default
[INFO] [stderr] 
[INFO] [stderr] warning: unused variable: `f`
[INFO] [stderr]   --> src/bin/error1.rs:23:19
[INFO] [stderr]    |
[INFO] [stderr] 23 |     fn fmt(&self, f: &mut Formatter<'_>) -> std::fmt::Result {
[INFO] [stderr]    |                   ^ help: if this is intentional, prefix it with an underscore: `_f`
[INFO] [stderr] 
[INFO] [stderr] warning: function `error_function_b` is never used
[INFO] [stderr]   --> src/bin/error1.rs:37:4
[INFO] [stderr]    |
[INFO] [stderr] 37 | fn error_function_b() -> Result<(), Box<dyn Error>> {
[INFO] [stderr]    |    ^^^^^^^^^^^^^^^^
[INFO] [stderr]    |
[INFO] [stderr]    = note: `#[warn(dead_code)]` on by default
[INFO] [stderr] 
[INFO] [stderr] warning: unused import: `convert::Infallible`
[INFO] [stderr]  --> src/bin/actixweb.rs:1:11
[INFO] [stderr]   |
[INFO] [stderr] 1 | use std::{convert::Infallible, io};
[INFO] [stderr]   |           ^^^^^^^^^^^^^^^^^^^
[INFO] [stderr]   |
[INFO] [stderr]   = note: `#[warn(unused_imports)]` on by default
[INFO] [stderr] 
[INFO] [stderr] warning: unused variable: `server3`
[INFO] [stderr]   --> src/bin/actixweb.rs:54:9
[INFO] [stderr]    |
[INFO] [stderr] 54 |     let server3 = HttpServer::new(closure)
[INFO] [stderr]    |         ^^^^^^^ help: if this is intentional, prefix it with an underscore: `_server3`
[INFO] [stderr]    |
[INFO] [stderr]    = note: `#[warn(unused_variables)]` on by default
[INFO] [stderr] 
[INFO] [stderr] warning: function `index` is never used
[INFO] [stderr]  --> src/bin/actixweb.rs:5:10
[INFO] [stderr]   |
[INFO] [stderr] 5 | async fn index() -> impl Responder {
[INFO] [stderr]   |          ^^^^^
[INFO] [stderr]   |
[INFO] [stderr]   = note: `#[warn(dead_code)]` on by default
[INFO] [stderr] 
[INFO] [stderr] warning: function `hello` is never used
[INFO] [stderr]   --> src/bin/actixweb.rs:31:10
[INFO] [stderr]    |
[INFO] [stderr] 31 | async fn hello() -> io::Result<()> {
[INFO] [stderr]    |          ^^^^^
[INFO] [stderr] 
[INFO] [stderr] warning: unused imports: `Display`, `Formatter`
[INFO] [stderr]  --> src/bin/error2.rs:1:16
[INFO] [stderr]   |
[INFO] [stderr] 1 | use std::fmt::{Display, Formatter};
[INFO] [stderr]   |                ^^^^^^^  ^^^^^^^^^
[INFO] [stderr]   |
[INFO] [stderr]   = note: `#[warn(unused_imports)]` on by default
[INFO] [stderr] 
[INFO] [stderr] warning: function `error_function_a` is never used
[INFO] [stderr]   --> src/bin/error2.rs:20:4
[INFO] [stderr]    |
[INFO] [stderr] 20 | fn error_function_a() -> Result<(), CustomErrorA> {
[INFO] [stderr]    |    ^^^^^^^^^^^^^^^^
[INFO] [stderr]    |
[INFO] [stderr]    = note: `#[warn(dead_code)]` on by default
[INFO] [stderr] 
[INFO] [stderr] warning: field `part` is never read
[INFO] [stderr]  --> src/bin/lifetime_struct.rs:3:5
[INFO] [stderr]   |
[INFO] [stderr] 2 | struct ImportantExcerpt<'a> {
[INFO] [stderr]   |        ---------------- field in this struct
[INFO] [stderr] 3 |     part: &'a str,
[INFO] [stderr]   |     ^^^^
[INFO] [stderr]   |
[INFO] [stderr]   = note: `ImportantExcerpt` has a derived impl for the trait `Debug`, but this is intentionally ignored during dead code analysis
[INFO] [stderr]   = note: `#[warn(dead_code)]` on by default
[INFO] [stderr] 
[INFO] [stderr] warning: `rust_scratch` (bin "error3") generated 4 warnings (run `cargo fix --bin "error3"` to apply 1 suggestion)
[INFO] [stderr] warning: `rust_scratch` (bin "error1") generated 3 warnings (run `cargo fix --bin "error1"` to apply 2 suggestions)
[INFO] [stderr] warning: `rust_scratch` (bin "actixweb") generated 4 warnings (run `cargo fix --bin "actixweb"` to apply 2 suggestions)
[INFO] [stderr] warning: `rust_scratch` (bin "error2") generated 2 warnings (run `cargo fix --bin "error2"` to apply 1 suggestion)
[INFO] [stderr] warning: `rust_scratch` (bin "lifetime_struct") generated 1 warning
[INFO] [stderr] warning: unused variable: `y`
[INFO] [stderr]  --> src/bin/lifetime_stack_overflow.rs:1:25
[INFO] [stderr]   |
[INFO] [stderr] 1 | fn foo1<'a>(x: &'a u32, y: &'a u32) -> &'a u32 {
[INFO] [stderr]   |                         ^ help: if this is intentional, prefix it with an underscore: `_y`
[INFO] [stderr]   |
[INFO] [stderr]   = note: `#[warn(unused_variables)]` on by default
[INFO] [stderr] 
[INFO] [stderr] warning: unused variable: `y`
[INFO] [stderr]  --> src/bin/lifetime_stack_overflow.rs:5:29
[INFO] [stderr]   |
[INFO] [stderr] 5 | fn foo2<'a, 'b>(x: &'a u32, y: &'b u32) -> &'a u32 {
[INFO] [stderr]   |                             ^ help: if this is intentional, prefix it with an underscore: `_y`
[INFO] [stderr] 
[INFO] [stderr] warning: unused variable: `y`
[INFO] [stderr]   --> src/bin/lifetime_stack_overflow.rs:14:26
[INFO] [stderr]    |
[INFO] [stderr] 14 | fn rule1<'a>(x: &'a u32, y: &'a u32) -> &'a u32 {
[INFO] [stderr]    |                          ^ help: if this is intentional, prefix it with an underscore: `_y`
[INFO] [stderr] 
[INFO] [stderr] warning: unused variable: `x`
[INFO] [stderr]   --> src/bin/lifetime_stack_overflow.rs:41:29
[INFO] [stderr]    |
[INFO] [stderr] 41 |     fn rule3<'a, 'b>(&self, x: &'a u32, _y: &'b u32) -> &u32 {
[INFO] [stderr]    |                             ^ help: if this is intentional, prefix it with an underscore: `_x`
[INFO] [stderr] 
[INFO] [stderr] warning: function `rule1` is never used
[INFO] [stderr]   --> src/bin/lifetime_stack_overflow.rs:14:4
[INFO] [stderr]    |
[INFO] [stderr] 14 | fn rule1<'a>(x: &'a u32, y: &'a u32) -> &'a u32 {
[INFO] [stderr]    |    ^^^^^
[INFO] [stderr]    |
[INFO] [stderr]    = note: `#[warn(dead_code)]` on by default
[INFO] [stderr] 
[INFO] [stderr] warning: function `rule11` is never used
[INFO] [stderr]   --> src/bin/lifetime_stack_overflow.rs:18:4
[INFO] [stderr]    |
[INFO] [stderr] 18 | fn rule11<'a>(x: &'a u32, y: &'a u32) -> &'a u32 {
[INFO] [stderr]    |    ^^^^^^
[INFO] [stderr] 
[INFO] [stderr] warning: function `rule12` is never used
[INFO] [stderr]   --> src/bin/lifetime_stack_overflow.rs:27:4
[INFO] [stderr]    |
[INFO] [stderr] 27 | fn rule12<'a>(x: &'a u32, y: &'a u32) -> u32 {
[INFO] [stderr]    |    ^^^^^^
[INFO] [stderr] 
[INFO] [stderr] warning: function `rule2` is never used
[INFO] [stderr]   --> src/bin/lifetime_stack_overflow.rs:32:4
[INFO] [stderr]    |
[INFO] [stderr] 32 | fn rule2(x: &u32) -> &u32 {
[INFO] [stderr]    |    ^^^^^
[INFO] [stderr] 
[INFO] [stderr] warning: struct `Hello` is never constructed
[INFO] [stderr]   --> src/bin/lifetime_stack_overflow.rs:36:8
[INFO] [stderr]    |
[INFO] [stderr] 36 | struct Hello {}
[INFO] [stderr]    |        ^^^^^
[INFO] [stderr] 
[INFO] [stderr] warning: method `rule3` is never used
[INFO] [stderr]   --> src/bin/lifetime_stack_overflow.rs:41:8
[INFO] [stderr]    |
[INFO] [stderr] 38 | impl Hello {
[INFO] [stderr]    | ---------- method in this implementation
[INFO] [stderr] ...
[INFO] [stderr] 41 |     fn rule3<'a, 'b>(&self, x: &'a u32, _y: &'b u32) -> &u32 {
[INFO] [stderr]    |        ^^^^^
[INFO] [stderr] 
[INFO] [stderr] warning: struct `Hello` is never constructed
[INFO] [stderr]  --> src/bin/impl_traits.rs:5:8
[INFO] [stderr]   |
[INFO] [stderr] 5 | struct Hello {}
[INFO] [stderr]   |        ^^^^^
[INFO] [stderr]   |
[INFO] [stderr]   = note: `#[warn(dead_code)]` on by default
[INFO] [stderr] 
[INFO] [stderr] warning: unused variable: `x`
[INFO] [stderr]  --> src/bin/lifetime_longest_func_ref.rs:1:16
[INFO] [stderr]   |
[INFO] [stderr] 1 | fn longest<'a>(x: &'a str, y: &'a str) -> &'a str {
[INFO] [stderr]   |                ^ help: if this is intentional, prefix it with an underscore: `_x`
[INFO] [stderr]   |
[INFO] [stderr]   = note: `#[warn(unused_variables)]` on by default
[INFO] [stderr] 
[INFO] [stderr] warning: unused variable: `y`
[INFO] [stderr]  --> src/bin/lifetime_longest_func_ref.rs:1:28
[INFO] [stderr]   |
[INFO] [stderr] 1 | fn longest<'a>(x: &'a str, y: &'a str) -> &'a str {
[INFO] [stderr]   |                            ^ help: if this is intentional, prefix it with an underscore: `_y`
[INFO] [stderr] 
[INFO] [stderr] warning: `rust_scratch` (bin "lifetime_stack_overflow") generated 10 warnings (run `cargo fix --bin "lifetime_stack_overflow"` to apply 4 suggestions)
[INFO] [stderr] warning: `rust_scratch` (bin "impl_traits") generated 1 warning
[INFO] [stderr] warning: `rust_scratch` (bin "lifetime_longest_func_ref") generated 2 warnings (run `cargo fix --bin "lifetime_longest_func_ref"` to apply 2 suggestions)
[INFO] [stderr] warning: unreachable pattern
[INFO] [stderr]   --> src/bin/scratch.rs:22:9
[INFO] [stderr]    |
[INFO] [stderr] 22 |         _ => panic!("expected borrowed value"),
[INFO] [stderr]    |         ^
[INFO] [stderr]    |
[INFO] [stderr]    = note: `#[warn(unreachable_patterns)]` on by default
[INFO] [stderr] 
[INFO] [stderr] warning: unused import: `std::fmt::Display`
[INFO] [stderr]  --> src/bin/dyn_dispatch_type_params.rs:1:5
[INFO] [stderr]   |
[INFO] [stderr] 1 | use std::fmt::Display;
[INFO] [stderr]   |     ^^^^^^^^^^^^^^^^^
[INFO] [stderr]   |
[INFO] [stderr]   = note: `#[warn(unused_imports)]` on by default
[INFO] [stderr] 
[INFO] [stderr] warning: unreachable pattern
[INFO] [stderr]   --> src/bin/try_from_into.rs:48:13
[INFO] [stderr]    |
[INFO] [stderr] 47 |             (_, _, _) => Err(IntoColorError::IntConversion),
[INFO] [stderr]    |             --------- matches any value
[INFO] [stderr] 48 |             _ => Err(IntoColorError::BadLen),
[INFO] [stderr]    |             ^ unreachable pattern
[INFO] [stderr]    |
[INFO] [stderr]    = note: `#[warn(unreachable_patterns)]` on by default
[INFO] [stderr] 
[INFO] [stderr] warning: unused import: `std::collections::HashMap`
[INFO] [stderr]  --> src/bin/commit_index.rs:1:5
[INFO] [stderr]   |
[INFO] [stderr] 1 | use std::collections::HashMap;
[INFO] [stderr]   |     ^^^^^^^^^^^^^^^^^^^^^^^^^
[INFO] [stderr]   |
[INFO] [stderr]   = note: `#[warn(unused_imports)]` on by default
[INFO] [stderr] 
[INFO] [stderr] warning: `rust_scratch` (bin "scratch") generated 1 warning
[INFO] [stderr] warning: `rust_scratch` (bin "dyn_dispatch_type_params") generated 1 warning (run `cargo fix --bin "dyn_dispatch_type_params"` to apply 1 suggestion)
[INFO] [stderr] warning: `rust_scratch` (bin "try_from_into") generated 1 warning
[INFO] [stderr] warning: `rust_scratch` (bin "commit_index") generated 1 warning (run `cargo fix --bin "commit_index"` to apply 1 suggestion)
[INFO] [stderr] warning: unused imports: `File`, `OpenOptions`, `io::Write`
[INFO] [stderr]  --> tests/arbitrary2.rs:5:14
[INFO] [stderr]   |
[INFO] [stderr] 5 |         fs::{File, OpenOptions},
[INFO] [stderr]   |              ^^^^  ^^^^^^^^^^^
[INFO] [stderr] 6 |         io::Write,
[INFO] [stderr]   |         ^^^^^^^^^
[INFO] [stderr]   |
[INFO] [stderr]   = note: `#[warn(unused_imports)]` on by default
[INFO] [stderr] 
[INFO] [stderr] warning: unused import: `File`
[INFO] [stderr]  --> tests/arbitrary3.rs:5:14
[INFO] [stderr]   |
[INFO] [stderr] 5 |         fs::{File, OpenOptions},
[INFO] [stderr]   |              ^^^^
[INFO] [stderr]   |
[INFO] [stderr]   = note: `#[warn(unused_imports)]` on by default
[INFO] [stderr] 
[INFO] [stderr] warning: unused import: `sqlx::testing::TestFixture`
[INFO] [stderr]   --> tests/arbitrary3.rs:10:9
[INFO] [stderr]    |
[INFO] [stderr] 10 |     use sqlx::testing::TestFixture;
[INFO] [stderr]    |         ^^^^^^^^^^^^^^^^^^^^^^^^^^
[INFO] [stderr] 
[INFO] [stderr] warning: unused import: `style::VerticalLine`
[INFO] [stderr]   --> tests/arbitrary3.rs:11:50
[INFO] [stderr]    |
[INFO] [stderr] 11 |     use tabled::{builder::Builder, object::Cell, style::VerticalLine, Modify, Span, Style};
[INFO] [stderr]    |                                                  ^^^^^^^^^^^^^^^^^^^
[INFO] [stderr] 
[INFO] [stderr] warning: unused import: `super::*`
[INFO] [stderr]   --> tests/arbitrary3.rs:13:9
[INFO] [stderr]    |
[INFO] [stderr] 13 |     use super::*;
[INFO] [stderr]    |         ^^^^^^^^
[INFO] [stderr] 
[INFO] [stderr] warning: unused variable: `file`
[INFO] [stderr]    --> tests/arbitrary3.rs:178:17
[INFO] [stderr]     |
[INFO] [stderr] 178 |         let mut file = OpenOptions::new()
[INFO] [stderr]     |                 ^^^^ help: if this is intentional, prefix it with an underscore: `_file`
[INFO] [stderr]     |
[INFO] [stderr]     = note: `#[warn(unused_variables)]` on by default
[INFO] [stderr] 
[INFO] [stderr] warning: unused variable: `data1`
[INFO] [stderr]    --> tests/arbitrary3.rs:186:13
[INFO] [stderr]     |
[INFO] [stderr] 186 |         let data1: Vec<Vec<u32>> = vec![
[INFO] [stderr]     |             ^^^^^ help: if this is intentional, prefix it with an underscore: `_data1`
[INFO] [stderr] 
[INFO] [stderr] warning: unused variable: `col_count`
[INFO] [stderr]    --> tests/arbitrary3.rs:254:17
[INFO] [stderr]     |
[INFO] [stderr] 254 |             let col_count = r.len();
[INFO] [stderr]     |                 ^^^^^^^^^ help: if this is intentional, prefix it with an underscore: `_col_count`
[INFO] [stderr] 
[INFO] [stderr] warning: variable does not need to be mutable
[INFO] [stderr]    --> tests/arbitrary3.rs:178:13
[INFO] [stderr]     |
[INFO] [stderr] 178 |         let mut file = OpenOptions::new()
[INFO] [stderr]     |             ----^^^^
[INFO] [stderr]     |             |
[INFO] [stderr]     |             help: remove this `mut`
[INFO] [stderr]     |
[INFO] [stderr]     = note: `#[warn(unused_mut)]` on by default
[INFO] [stderr] 
[INFO] [stderr] warning: unused `Result` that must be used
[INFO] [stderr]    --> tests/arbitrary3.rs:402:9
[INFO] [stderr]     |
[INFO] [stderr] 402 | ...   writeln!(file, "                                                                                                                             ...
[INFO] [stderr]     |       ^^^^^^^^^^^^^^^^^^^^^^^^^^^^^^^^^^^^^^^^^^^^^^^^^^^^^^^^^^^^^^^^^^^^^^^^^^^^^^^^^^^^^^^^^^^^^^^^^^^^^^^^^^^^^^^^^^^^^^^^^^^^^^^^^^^^^^^^^^^^^^^
[INFO] [stderr]     |
[INFO] [stderr]     = note: this `Result` may be an `Err` variant, which should be handled
[INFO] [stderr]     = note: `#[warn(unused_must_use)]` on by default
[INFO] [stderr]     = note: this warning originates in the macro `writeln` (in Nightly builds, run with -Z macro-backtrace for more info)
[INFO] [stderr] 
[INFO] [stderr] warning: unused `Result` that must be used
[INFO] [stderr]    --> tests/arbitrary3.rs:403:9
[INFO] [stderr]     |
[INFO] [stderr] 403 | ...   writeln!(file, "                                                                                                                             ...
[INFO] [stderr]     |       ^^^^^^^^^^^^^^^^^^^^^^^^^^^^^^^^^^^^^^^^^^^^^^^^^^^^^^^^^^^^^^^^^^^^^^^^^^^^^^^^^^^^^^^^^^^^^^^^^^^^^^^^^^^^^^^^^^^^^^^^^^^^^^^^^^^^^^^^^^^^^^^
[INFO] [stderr]     |
[INFO] [stderr]     = note: this `Result` may be an `Err` variant, which should be handled
[INFO] [stderr]     = note: this warning originates in the macro `writeln` (in Nightly builds, run with -Z macro-backtrace for more info)
[INFO] [stderr] 
[INFO] [stderr] warning: unused `Result` that must be used
[INFO] [stderr]    --> tests/arbitrary3.rs:408:9
[INFO] [stderr]     |
[INFO] [stderr] 408 | ...   writeln!(file, "                                                                                                                             ...
[INFO] [stderr]     |       ^^^^^^^^^^^^^^^^^^^^^^^^^^^^^^^^^^^^^^^^^^^^^^^^^^^^^^^^^^^^^^^^^^^^^^^^^^^^^^^^^^^^^^^^^^^^^^^^^^^^^^^^^^^^^^^^^^^^^^^^^^^^^^^^^^^^^^^^^^^^^^^
[INFO] [stderr]     |
[INFO] [stderr]     = note: this `Result` may be an `Err` variant, which should be handled
[INFO] [stderr]     = note: this warning originates in the macro `writeln` (in Nightly builds, run with -Z macro-backtrace for more info)
[INFO] [stderr] 
[INFO] [stderr] warning: unused `Result` that must be used
[INFO] [stderr]    --> tests/arbitrary3.rs:848:9
[INFO] [stderr]     |
[INFO] [stderr] 848 | ...   writeln!(file, "                                                                                                                             ...
[INFO] [stderr]     |       ^^^^^^^^^^^^^^^^^^^^^^^^^^^^^^^^^^^^^^^^^^^^^^^^^^^^^^^^^^^^^^^^^^^^^^^^^^^^^^^^^^^^^^^^^^^^^^^^^^^^^^^^^^^^^^^^^^^^^^^^^^^^^^^^^^^^^^^^^^^^^^^
[INFO] [stderr]     |
[INFO] [stderr]     = note: this `Result` may be an `Err` variant, which should be handled
[INFO] [stderr]     = note: this warning originates in the macro `writeln` (in Nightly builds, run with -Z macro-backtrace for more info)
[INFO] [stderr] 
[INFO] [stderr] warning: unused `Result` that must be used
[INFO] [stderr]    --> tests/arbitrary3.rs:849:9
[INFO] [stderr]     |
[INFO] [stderr] 849 | ...   writeln!(file, "                                                                                                                             ...
[INFO] [stderr]     |       ^^^^^^^^^^^^^^^^^^^^^^^^^^^^^^^^^^^^^^^^^^^^^^^^^^^^^^^^^^^^^^^^^^^^^^^^^^^^^^^^^^^^^^^^^^^^^^^^^^^^^^^^^^^^^^^^^^^^^^^^^^^^^^^^^^^^^^^^^^^^^^^
[INFO] [stderr]     |
[INFO] [stderr]     = note: this `Result` may be an `Err` variant, which should be handled
[INFO] [stderr]     = note: this warning originates in the macro `writeln` (in Nightly builds, run with -Z macro-backtrace for more info)
[INFO] [stderr] 
[INFO] [stderr] warning: unused `Result` that must be used
[INFO] [stderr]    --> tests/arbitrary3.rs:854:9
[INFO] [stderr]     |
[INFO] [stderr] 854 | ...   writeln!(file, "                                                                                                                             ...
[INFO] [stderr]     |       ^^^^^^^^^^^^^^^^^^^^^^^^^^^^^^^^^^^^^^^^^^^^^^^^^^^^^^^^^^^^^^^^^^^^^^^^^^^^^^^^^^^^^^^^^^^^^^^^^^^^^^^^^^^^^^^^^^^^^^^^^^^^^^^^^^^^^^^^^^^^^^^
[INFO] [stderr]     |
[INFO] [stderr]     = note: this `Result` may be an `Err` variant, which should be handled
[INFO] [stderr]     = note: this warning originates in the macro `writeln` (in Nightly builds, run with -Z macro-backtrace for more info)
[INFO] [stderr] 
[INFO] [stderr] warning: unused `Result` that must be used
[INFO] [stderr]    --> tests/arbitrary3.rs:972:9
[INFO] [stderr]     |
[INFO] [stderr] 972 | ...   writeln!(file, "                                                                                                                             ...
[INFO] [stderr]     |       ^^^^^^^^^^^^^^^^^^^^^^^^^^^^^^^^^^^^^^^^^^^^^^^^^^^^^^^^^^^^^^^^^^^^^^^^^^^^^^^^^^^^^^^^^^^^^^^^^^^^^^^^^^^^^^^^^^^^^^^^^^^^^^^^^^^^^^^^^^^^^^^
[INFO] [stderr]     |
[INFO] [stderr]     = note: this `Result` may be an `Err` variant, which should be handled
[INFO] [stderr]     = note: this warning originates in the macro `writeln` (in Nightly builds, run with -Z macro-backtrace for more info)
[INFO] [stderr] 
[INFO] [stderr] warning: unused `Result` that must be used
[INFO] [stderr]    --> tests/arbitrary3.rs:973:9
[INFO] [stderr]     |
[INFO] [stderr] 973 | ...   writeln!(file, "                                                                                                                             ...
[INFO] [stderr]     |       ^^^^^^^^^^^^^^^^^^^^^^^^^^^^^^^^^^^^^^^^^^^^^^^^^^^^^^^^^^^^^^^^^^^^^^^^^^^^^^^^^^^^^^^^^^^^^^^^^^^^^^^^^^^^^^^^^^^^^^^^^^^^^^^^^^^^^^^^^^^^^^^
[INFO] [stderr]     |
[INFO] [stderr]     = note: this `Result` may be an `Err` variant, which should be handled
[INFO] [stderr]     = note: this warning originates in the macro `writeln` (in Nightly builds, run with -Z macro-backtrace for more info)
[INFO] [stderr] 
[INFO] [stderr] warning: unused `Result` that must be used
[INFO] [stderr]    --> tests/arbitrary3.rs:978:9
[INFO] [stderr]     |
[INFO] [stderr] 978 | ...   writeln!(file, "                                                                                                                             ...
[INFO] [stderr]     |       ^^^^^^^^^^^^^^^^^^^^^^^^^^^^^^^^^^^^^^^^^^^^^^^^^^^^^^^^^^^^^^^^^^^^^^^^^^^^^^^^^^^^^^^^^^^^^^^^^^^^^^^^^^^^^^^^^^^^^^^^^^^^^^^^^^^^^^^^^^^^^^^
[INFO] [stderr]     |
[INFO] [stderr]     = note: this `Result` may be an `Err` variant, which should be handled
[INFO] [stderr]     = note: this warning originates in the macro `writeln` (in Nightly builds, run with -Z macro-backtrace for more info)
[INFO] [stderr] 
[INFO] [stderr] warning: unused import: `Rng`
[INFO] [stderr]  --> tests/arbitrary.rs:7:9
[INFO] [stderr]   |
[INFO] [stderr] 7 |         Rng, SeedableRng,
[INFO] [stderr]   |         ^^^
[INFO] [stderr]   |
[INFO] [stderr]   = note: `#[warn(unused_imports)]` on by default
[INFO] [stderr] 
[INFO] [stderr] warning: unused import: `super::*`
[INFO] [stderr]   --> tests/arbitrary.rs:14:9
[INFO] [stderr]    |
[INFO] [stderr] 14 |     use super::*;
[INFO] [stderr]    |         ^^^^^^^^
[INFO] [stderr] 
[INFO] [stderr] warning: variable does not need to be mutable
[INFO] [stderr]    --> tests/arbitrary.rs:147:13
[INFO] [stderr]     |
[INFO] [stderr] 147 |         let mut data = vec![
[INFO] [stderr]     |             ----^^^^
[INFO] [stderr]     |             |
[INFO] [stderr]     |             help: remove this `mut`
[INFO] [stderr]     |
[INFO] [stderr]     = note: `#[warn(unused_mut)]` on by default
[INFO] [stderr] 
[INFO] [stderr] warning: function `helper2` is never used
[INFO] [stderr]  --> tests/helpers/mod.rs:5:8
[INFO] [stderr]   |
[INFO] [stderr] 5 | pub fn helper2() {
[INFO] [stderr]   |        ^^^^^^^
[INFO] [stderr]   |
[INFO] [stderr]   = note: `#[warn(dead_code)]` on by default
[INFO] [stderr] 
[INFO] [stderr] warning: unused import: `super::*`
[INFO] [stderr]  --> tests/world.rs:3:9
[INFO] [stderr]   |
[INFO] [stderr] 3 |     use super::*;
[INFO] [stderr]   |         ^^^^^^^^
[INFO] [stderr]   |
[INFO] [stderr]   = note: `#[warn(unused_imports)]` on by default
[INFO] [stderr] 
[INFO] [stderr] warning: `rust_scratch` (bin "lifetime_stack_overflow" test) generated 10 warnings (10 duplicates)
[INFO] [stderr] warning: `rust_scratch` (test "arbitrary2") generated 1 warning (run `cargo fix --test "arbitrary2"` to apply 1 suggestion)
[INFO] [stderr] warning: `rust_scratch` (test "arbitrary3") generated 17 warnings (run `cargo fix --test "arbitrary3"` to apply 8 suggestions)
[INFO] [stderr] warning: `rust_scratch` (test "arbitrary") generated 3 warnings (run `cargo fix --test "arbitrary"` to apply 3 suggestions)
[INFO] [stderr] warning: `rust_scratch` (bin "commit_index" test) generated 1 warning (1 duplicate)
[INFO] [stderr] warning: `rust_scratch` (test "hello") generated 1 warning
[INFO] [stderr] warning: `rust_scratch` (bin "error3" test) generated 4 warnings (4 duplicates)
[INFO] [stderr] warning: `rust_scratch` (test "world") generated 1 warning (run `cargo fix --test "world"` to apply 1 suggestion)
[INFO] [stderr] warning: `rust_scratch` (bin "dyn_dispatch_type_params" test) generated 1 warning (1 duplicate)
[INFO] [stderr] warning: `rust_scratch` (bin "error2" test) generated 2 warnings (2 duplicates)
[INFO] [stderr] warning: `rust_scratch` (bin "lifetime_struct" test) generated 1 warning (1 duplicate)
[INFO] [stderr] warning: `rust_scratch` (bin "lifetime_longest_func_ref" test) generated 2 warnings (2 duplicates)
[INFO] [stderr] warning: `rust_scratch` (bin "scratch" test) generated 1 warning (1 duplicate)
[INFO] [stderr] warning: `rust_scratch` (bin "actixweb" test) generated 4 warnings (4 duplicates)
[INFO] [stderr] warning: `rust_scratch` (bin "error1" test) generated 3 warnings (3 duplicates)
[INFO] [stderr] warning: `rust_scratch` (bin "try_from_into" test) generated 1 warning (1 duplicate)
[INFO] [stderr] warning: `rust_scratch` (bin "impl_traits" test) generated 1 warning (1 duplicate)
[INFO] [stderr]     Finished test [unoptimized + debuginfo] target(s) in 0.51s
[INFO] [stderr]      Running unittests src/bin/actixweb.rs (/opt/rustwide/target/debug/deps/actixweb-e7edf44ec2adf334)
[INFO] [stdout] 
[INFO] [stdout] running 0 tests
[INFO] [stdout] 
[INFO] [stdout] test result: ok. 0 passed; 0 failed; 0 ignored; 0 measured; 0 filtered out; finished in 0.00s
[INFO] [stdout] 
[INFO] [stderr]      Running unittests src/bin/binmain.rs (/opt/rustwide/target/debug/deps/binmain-c9122e7e8785b5fc)
[INFO] [stdout] 
[INFO] [stdout] running 0 tests
[INFO] [stdout] 
[INFO] [stdout] test result: ok. 0 passed; 0 failed; 0 ignored; 0 measured; 0 filtered out; finished in 0.00s
[INFO] [stdout] 
[INFO] [stderr]      Running unittests src/bin/builder.rs (/opt/rustwide/target/debug/deps/builder-03b28b95bcae5f4c)
[INFO] [stdout] 
[INFO] [stdout] running 0 tests
[INFO] [stdout] 
[INFO] [stdout] test result: ok. 0 passed; 0 failed; 0 ignored; 0 measured; 0 filtered out; finished in 0.00s
[INFO] [stdout] 
[INFO] [stderr]      Running unittests src/bin/commit_index.rs (/opt/rustwide/target/debug/deps/commit_index-0056e50b7b3f529b)
[INFO] [stdout] 
[INFO] [stdout] running 0 tests
[INFO] [stdout] 
[INFO] [stdout] test result: ok. 0 passed; 0 failed; 0 ignored; 0 measured; 0 filtered out; finished in 0.00s
[INFO] [stdout] 
[INFO] [stderr]      Running unittests src/bin/deref.rs (/opt/rustwide/target/debug/deps/deref-ceab7c110e418154)
[INFO] [stdout] 
[INFO] [stdout] running 0 tests
[INFO] [stdout] 
[INFO] [stdout] test result: ok. 0 passed; 0 failed; 0 ignored; 0 measured; 0 filtered out; finished in 0.00s
[INFO] [stdout] 
[INFO] [stderr]      Running unittests src/bin/dyn_dispatch_type_params.rs (/opt/rustwide/target/debug/deps/dyn_dispatch_type_params-ab4fcd446aa2c599)
[INFO] [stdout] 
[INFO] [stdout] running 0 tests
[INFO] [stdout] 
[INFO] [stdout] test result: ok. 0 passed; 0 failed; 0 ignored; 0 measured; 0 filtered out; finished in 0.00s
[INFO] [stdout] 
[INFO] [stderr]      Running unittests src/bin/error1.rs (/opt/rustwide/target/debug/deps/error1-8f6f0c20a8a2b45f)
[INFO] [stdout] 
[INFO] [stdout] running 0 tests
[INFO] [stdout] 
[INFO] [stdout] test result: ok. 0 passed; 0 failed; 0 ignored; 0 measured; 0 filtered out; finished in 0.00s
[INFO] [stdout] 
[INFO] [stderr]      Running unittests src/bin/error2.rs (/opt/rustwide/target/debug/deps/error2-39fdd1e75e9a4384)
[INFO] [stdout] 
[INFO] [stdout] running 0 tests
[INFO] [stdout] 
[INFO] [stdout] test result: ok. 0 passed; 0 failed; 0 ignored; 0 measured; 0 filtered out; finished in 0.00s
[INFO] [stdout] 
[INFO] [stderr]      Running unittests src/bin/error3.rs (/opt/rustwide/target/debug/deps/error3-408ec531f5b7215d)
[INFO] [stdout] 
[INFO] [stdout] running 0 tests
[INFO] [stdout] 
[INFO] [stdout] test result: ok. 0 passed; 0 failed; 0 ignored; 0 measured; 0 filtered out; finished in 0.00s
[INFO] [stdout] 
[INFO] [stderr]      Running unittests src/bin/from_str.rs (/opt/rustwide/target/debug/deps/from_str-68f68f172b26bceb)
[INFO] [stdout] 
[INFO] [stdout] running 10 tests
[INFO] [stdout] test tests::empty_input ... ok
[INFO] [stdout] test tests::invalid_age ... ok
[INFO] [stdout] test tests::good_input ... ok
[INFO] [stdout] test tests::missing_age ... ok
[INFO] [stdout] test tests::missing_comma_and_age ... ok
[INFO] [stdout] test tests::missing_name_and_age ... ok
[INFO] [stdout] test tests::missing_name ... ok
[INFO] [stdout] test tests::missing_name_and_invalid_age ... ok
[INFO] [stdout] test tests::trailing_comma ... ok
[INFO] [stdout] test tests::trailing_comma_and_some_string ... ok
[INFO] [stdout] 
[INFO] [stdout] test result: ok. 10 passed; 0 failed; 0 ignored; 0 measured; 0 filtered out; finished in 0.00s
[INFO] [stdout] 
[INFO] [stderr]      Running unittests src/bin/generic_impl.rs (/opt/rustwide/target/debug/deps/generic_impl-6c9bc95b6d956188)
[INFO] [stdout] 
[INFO] [stdout] running 0 tests
[INFO] [stdout] 
[INFO] [stdout] test result: ok. 0 passed; 0 failed; 0 ignored; 0 measured; 0 filtered out; finished in 0.00s
[INFO] [stdout] 
[INFO] [stderr]      Running unittests src/bin/impl_traits.rs (/opt/rustwide/target/debug/deps/impl_traits-771c7e890e04d557)
[INFO] [stdout] 
[INFO] [stdout] running 0 tests
[INFO] [stdout] 
[INFO] [stdout] test result: ok. 0 passed; 0 failed; 0 ignored; 0 measured; 0 filtered out; finished in 0.00s
[INFO] [stdout] 
[INFO] [stderr]      Running unittests src/bin/impl_traits_return_type.rs (/opt/rustwide/target/debug/deps/impl_traits_return_type-83494de2c92db95e)
[INFO] [stdout] 
[INFO] [stdout] running 0 tests
[INFO] [stdout] 
[INFO] [stdout] test result: ok. 0 passed; 0 failed; 0 ignored; 0 measured; 0 filtered out; finished in 0.00s
[INFO] [stdout] 
[INFO] [stderr]      Running unittests src/bin/lifetime_longest.rs (/opt/rustwide/target/debug/deps/lifetime_longest-0b92e71b01b419eb)
[INFO] [stdout] 
[INFO] [stdout] running 0 tests
[INFO] [stdout] 
[INFO] [stdout] test result: ok. 0 passed; 0 failed; 0 ignored; 0 measured; 0 filtered out; finished in 0.00s
[INFO] [stdout] 
[INFO] [stderr]      Running unittests src/bin/lifetime_longest_func_ref.rs (/opt/rustwide/target/debug/deps/lifetime_longest_func_ref-bbc13cd72cd36721)
[INFO] [stdout] 
[INFO] [stdout] running 0 tests
[INFO] [stdout] 
[INFO] [stdout] test result: ok. 0 passed; 0 failed; 0 ignored; 0 measured; 0 filtered out; finished in 0.00s
[INFO] [stdout] 
[INFO] [stderr]      Running unittests src/bin/lifetime_rules.rs (/opt/rustwide/target/debug/deps/lifetime_rules-e612152d2f94a402)
[INFO] [stdout] 
[INFO] [stdout] running 0 tests
[INFO] [stdout] 
[INFO] [stdout] test result: ok. 0 passed; 0 failed; 0 ignored; 0 measured; 0 filtered out; finished in 0.00s
[INFO] [stdout] 
[INFO] [stderr]      Running unittests src/bin/lifetime_stack_overflow.rs (/opt/rustwide/target/debug/deps/lifetime_stack_overflow-c9e26df49c552511)
[INFO] [stdout] 
[INFO] [stdout] running 0 tests
[INFO] [stdout] 
[INFO] [stdout] test result: ok. 0 passed; 0 failed; 0 ignored; 0 measured; 0 filtered out; finished in 0.00s
[INFO] [stdout] 
[INFO] [stderr]      Running unittests src/bin/lifetime_struct.rs (/opt/rustwide/target/debug/deps/lifetime_struct-0c33fbb3fcf68298)
[INFO] [stdout] 
[INFO] [stdout] running 0 tests
[INFO] [stdout] 
[INFO] [stdout] test result: ok. 0 passed; 0 failed; 0 ignored; 0 measured; 0 filtered out; finished in 0.00s
[INFO] [stdout] 
[INFO] [stderr]      Running unittests src/bin/lifetimes1.rs (/opt/rustwide/target/debug/deps/lifetimes1-171962d9f2e47cde)
[INFO] [stdout] 
[INFO] [stdout] running 0 tests
[INFO] [stdout] 
[INFO] [stdout] test result: ok. 0 passed; 0 failed; 0 ignored; 0 measured; 0 filtered out; finished in 0.00s
[INFO] [stdout] 
[INFO] [stderr]      Running unittests src/bin/lifetimes2.rs (/opt/rustwide/target/debug/deps/lifetimes2-215b40ebedb3d97c)
[INFO] [stdout] 
[INFO] [stdout] running 0 tests
[INFO] [stdout] 
[INFO] [stdout] test result: ok. 0 passed; 0 failed; 0 ignored; 0 measured; 0 filtered out; finished in 0.00s
[INFO] [stdout] 
[INFO] [stderr]      Running unittests src/bin/rc.rs (/opt/rustwide/target/debug/deps/rc-80c1c94b9056fc90)
[INFO] [stdout] 
[INFO] [stdout] running 0 tests
[INFO] [stdout] 
[INFO] [stdout] test result: ok. 0 passed; 0 failed; 0 ignored; 0 measured; 0 filtered out; finished in 0.00s
[INFO] [stdout] 
[INFO] [stderr]      Running unittests src/bin/rc_refcell.rs (/opt/rustwide/target/debug/deps/rc_refcell-7c404524aa0c5787)
[INFO] [stdout] 
[INFO] [stdout] running 0 tests
[INFO] [stdout] 
[INFO] [stdout] test result: ok. 0 passed; 0 failed; 0 ignored; 0 measured; 0 filtered out; finished in 0.00s
[INFO] [stdout] 
[INFO] [stderr]      Running unittests src/bin/rc_sampl.rs (/opt/rustwide/target/debug/deps/rc_sampl-010102a82d35e3a6)
[INFO] [stdout] 
[INFO] [stdout] running 0 tests
[INFO] [stdout] 
[INFO] [stdout] test result: ok. 0 passed; 0 failed; 0 ignored; 0 measured; 0 filtered out; finished in 0.00s
[INFO] [stdout] 
[INFO] [stderr]      Running unittests src/bin/refcell.rs (/opt/rustwide/target/debug/deps/refcell-e1eb1db6248de975)
[INFO] [stdout] 
[INFO] [stdout] running 1 test
[INFO] [stdout] test tests::it_sends_an_over_75_percent_warning_message ... ok
[INFO] [stdout] 
[INFO] [stdout] test result: ok. 1 passed; 0 failed; 0 ignored; 0 measured; 0 filtered out; finished in 0.00s
[INFO] [stdout] 
[INFO] [stderr]      Running unittests src/main.rs (/opt/rustwide/target/debug/deps/rust_scratch-969060401ac50f27)
[INFO] [stdout] 
[INFO] [stdout] running 0 tests
[INFO] [stdout] 
[INFO] [stdout] test result: ok. 0 passed; 0 failed; 0 ignored; 0 measured; 0 filtered out; finished in 0.00s
[INFO] [stdout] 
[INFO] [stderr]      Running unittests src/bin/scratch.rs (/opt/rustwide/target/debug/deps/scratch-93cc74090a1af91a)
[INFO] [stdout] 
[INFO] [stdout] running 0 tests
[INFO] [stdout] 
[INFO] [stdout] test result: ok. 0 passed; 0 failed; 0 ignored; 0 measured; 0 filtered out; finished in 0.00s
[INFO] [stdout] 
[INFO] [stderr]      Running unittests src/bin/simple_check_lifetime.rs (/opt/rustwide/target/debug/deps/simple_check_lifetime-fe62910dd1e55dbb)
[INFO] [stdout] 
[INFO] [stdout] running 0 tests
[INFO] [stdout] 
[INFO] [stdout] test result: ok. 0 passed; 0 failed; 0 ignored; 0 measured; 0 filtered out; finished in 0.00s
[INFO] [stdout] 
[INFO] [stderr]      Running unittests src/bin/threads1.rs (/opt/rustwide/target/debug/deps/threads1-a45b17fe35bdf8ab)
[INFO] [stdout] 
[INFO] [stdout] running 0 tests
[INFO] [stdout] 
[INFO] [stdout] test result: ok. 0 passed; 0 failed; 0 ignored; 0 measured; 0 filtered out; finished in 0.00s
[INFO] [stdout] 
[INFO] [stderr]      Running unittests src/bin/threads2.rs (/opt/rustwide/target/debug/deps/threads2-5ac1894f6c76a823)
[INFO] [stdout] 
[INFO] [stdout] running 0 tests
[INFO] [stdout] 
[INFO] [stdout] test result: ok. 0 passed; 0 failed; 0 ignored; 0 measured; 0 filtered out; finished in 0.00s
[INFO] [stdout] 
[INFO] [stderr]      Running unittests src/bin/traits_largest.rs (/opt/rustwide/target/debug/deps/traits_largest-bb8e56eab941eaa2)
[INFO] [stdout] 
[INFO] [stdout] running 0 tests
[INFO] [stdout] 
[INFO] [stdout] test result: ok. 0 passed; 0 failed; 0 ignored; 0 measured; 0 filtered out; finished in 0.00s
[INFO] [stdout] 
[INFO] [stderr]      Running unittests src/bin/try_from_into.rs (/opt/rustwide/target/debug/deps/try_from_into-783a2cfc5f3b02d5)
[INFO] [stdout] 
[INFO] [stdout] running 14 tests
[INFO] [stdout] test tests::test_array_out_of_range_negative ... ok
[INFO] [stdout] test tests::test_array_correct ... ok
[INFO] [stdout] test tests::test_slice_correct ... ok
[INFO] [stdout] test tests::test_array_sum ... ok
[INFO] [stdout] test tests::test_array_out_of_range_positive ... ok
[INFO] [stdout] test tests::test_slice_excess_length ... ok
[INFO] [stdout] test tests::test_slice_insufficient_length ... ok
[INFO] [stdout] test tests::test_slice_out_of_range_positive ... ok
[INFO] [stdout] test tests::test_slice_out_of_range_negative ... ok
[INFO] [stdout] test tests::test_slice_sum ... ok
[INFO] [stdout] test tests::test_tuple_correct ... ok
[INFO] [stdout] test tests::test_tuple_out_of_range_negative ... ok
[INFO] [stdout] test tests::test_tuple_out_of_range_positive ... ok
[INFO] [stdout] test tests::test_tuple_sum ... ok
[INFO] [stdout] 
[INFO] [stdout] test result: ok. 14 passed; 0 failed; 0 ignored; 0 measured; 0 filtered out; finished in 0.00s
[INFO] [stdout] 
[INFO] [stderr]      Running unittests src/bin/unicode.rs (/opt/rustwide/target/debug/deps/unicode-b0b97256c151be8e)
[INFO] [stdout] 
[INFO] [stdout] running 0 tests
[INFO] [stdout] 
[INFO] [stdout] test result: ok. 0 passed; 0 failed; 0 ignored; 0 measured; 0 filtered out; finished in 0.00s
[INFO] [stdout] 
[INFO] [stderr]      Running unittests src/bin/write_file.rs (/opt/rustwide/target/debug/deps/write_file-07452ea708be05da)
[INFO] [stdout] 
[INFO] [stdout] running 0 tests
[INFO] [stdout] 
[INFO] [stdout] test result: ok. 0 passed; 0 failed; 0 ignored; 0 measured; 0 filtered out; finished in 0.00s
[INFO] [stdout] 
[INFO] [stderr]      Running tests/arbitrary.rs (/opt/rustwide/target/debug/deps/arbitrary-eb439d435c91bb7d)
[INFO] [stdout] 
[INFO] [stdout] running 2 tests
[INFO] [stdout] test tests::test_data_example ... ok
[INFO] [stdout] test tests::test_data ... ok
[INFO] [stdout] 
[INFO] [stdout] test result: ok. 2 passed; 0 failed; 0 ignored; 0 measured; 0 filtered out; finished in 0.59s
[INFO] [stdout] 
[INFO] [stderr]      Running tests/arbitrary1.rs (/opt/rustwide/target/debug/deps/arbitrary1-2b39b29088930dca)
[INFO] [stdout] 
[INFO] [stdout] running 1 test
[INFO] [stderr]      Running tests/arbitrary2.rs (/opt/rustwide/target/debug/deps/arbitrary2-5516b52753f075d7)
[INFO] [stdout] test tests::qc_test_data_refined ... ok
[INFO] [stdout] 
[INFO] [stdout] test result: ok. 1 passed; 0 failed; 0 ignored; 0 measured; 0 filtered out; finished in 1.45s
[INFO] [stdout] 
[INFO] [stdout] 
[INFO] [stdout] running 2 tests
[INFO] [stdout] test tests::qc_table_is_consistent_with_spans ... ignored, Test fails
[INFO] [stdout] test tests::test_data_span_test ... ignored, Test fails
[INFO] [stdout] 
[INFO] [stdout] test result: ok. 0 passed; 0 failed; 2 ignored; 0 measured; 0 filtered out; finished in 0.00s
[INFO] [stdout] 
[INFO] [stderr]      Running tests/arbitrary3.rs (/opt/rustwide/target/debug/deps/arbitrary3-847ff5a7fbc8b495)
[INFO] [stdout] 
[INFO] [stdout] running 5 tests
[INFO] [stdout] test tests::test_data_example ... FAILED
[INFO] [stdout] test tests::qc_test_data_string ... FAILED
[INFO] [stdout] test tests::qc_test_data_span_test ... FAILED
[INFO] [stdout] test tests::test_data_span_test ... FAILED
[INFO] [stdout] test tests::qc_test_data_refined ... ok
[INFO] [stdout] 
[INFO] [stdout] failures:
[INFO] [stdout] 
[INFO] [stdout] ---- tests::test_data_example stdout ----
[INFO] [stdout] thread 'tests::test_data_example' panicked at tests/arbitrary3.rs:184:14:
[INFO] [stdout] called `Result::unwrap()` on an `Err` value: Os { code: 30, kind: ReadOnlyFilesystem, message: "Read-only file system" }
[INFO] [stdout] stack backtrace:
[INFO] [stdout]    0:     0x559a0298ff5c - std::backtrace_rs::backtrace::libunwind::trace::ha637c64ce894333a
[INFO] [stdout]                                at /rustc/82e1608dfa6e0b5569232559e3d385fea5a93112/library/std/src/../../backtrace/src/backtrace/libunwind.rs:104:5
[INFO] [stdout]    1:     0x559a0298ff5c - std::backtrace_rs::backtrace::trace_unsynchronized::h47f62dea28e0c88d
[INFO] [stdout]                                at /rustc/82e1608dfa6e0b5569232559e3d385fea5a93112/library/std/src/../../backtrace/src/backtrace/mod.rs:66:5
[INFO] [stdout]    2:     0x559a0298ff5c - std::sys_common::backtrace::_print_fmt::h9eef0abe20ede486
[INFO] [stdout]                                at /rustc/82e1608dfa6e0b5569232559e3d385fea5a93112/library/std/src/sys_common/backtrace.rs:67:5
[INFO] [stdout]    3:     0x559a0298ff5c - <std::sys_common::backtrace::_print::DisplayBacktrace as core::fmt::Display>::fmt::hed7f999df88cc644
[INFO] [stdout]                                at /rustc/82e1608dfa6e0b5569232559e3d385fea5a93112/library/std/src/sys_common/backtrace.rs:44:22
[INFO] [stdout]    4:     0x559a029b9ad0 - core::fmt::rt::Argument::fmt::h1539a9308b8d058d
[INFO] [stdout]                                at /rustc/82e1608dfa6e0b5569232559e3d385fea5a93112/library/core/src/fmt/rt.rs:142:9
[INFO] [stdout]    5:     0x559a029b9ad0 - core::fmt::write::h3a39390d8560d9c9
[INFO] [stdout]                                at /rustc/82e1608dfa6e0b5569232559e3d385fea5a93112/library/core/src/fmt/mod.rs:1120:17
[INFO] [stdout]    6:     0x559a0298d90f - std::io::Write::write_fmt::h040b369f3a0f9cbc
[INFO] [stdout]                                at /rustc/82e1608dfa6e0b5569232559e3d385fea5a93112/library/std/src/io/mod.rs:1762:15
[INFO] [stdout]    7:     0x559a0298fd44 - std::sys_common::backtrace::_print::h894006fb5c6f3d45
[INFO] [stdout]                                at /rustc/82e1608dfa6e0b5569232559e3d385fea5a93112/library/std/src/sys_common/backtrace.rs:47:5
[INFO] [stdout]    8:     0x559a0298fd44 - std::sys_common::backtrace::print::h23a2d212c6fff936
[INFO] [stdout]                                at /rustc/82e1608dfa6e0b5569232559e3d385fea5a93112/library/std/src/sys_common/backtrace.rs:34:9
[INFO] [stdout]    9:     0x559a02991a07 - std::panicking::default_hook::{{closure}}::h8a1d2ee00185001a
[INFO] [stdout]   10:     0x559a029916f3 - std::panicking::default_hook::h6038f2eba384e475
[INFO] [stdout]                                at /rustc/82e1608dfa6e0b5569232559e3d385fea5a93112/library/std/src/panicking.rs:289:9
[INFO] [stdout]   11:     0x559a0279c777 - <alloc::boxed::Box<F,A> as core::ops::function::Fn<Args>>::call::h0ad024c9bdc6d768
[INFO] [stdout]                                at /rustc/82e1608dfa6e0b5569232559e3d385fea5a93112/library/alloc/src/boxed.rs:2021:9
[INFO] [stdout]   12:     0x559a0279c777 - test::test_main::{{closure}}::h7500b54257359db6
[INFO] [stdout]                                at /rustc/82e1608dfa6e0b5569232559e3d385fea5a93112/library/test/src/lib.rs:138:21
[INFO] [stdout]   13:     0x559a02992018 - <alloc::boxed::Box<F,A> as core::ops::function::Fn<Args>>::call::h1f8f335eaa9cfaee
[INFO] [stdout]                                at /rustc/82e1608dfa6e0b5569232559e3d385fea5a93112/library/alloc/src/boxed.rs:2021:9
[INFO] [stdout]   14:     0x559a02992018 - std::panicking::rust_panic_with_hook::h2b5517d590cab22e
[INFO] [stdout]                                at /rustc/82e1608dfa6e0b5569232559e3d385fea5a93112/library/std/src/panicking.rs:783:13
[INFO] [stdout]   15:     0x559a02991d6e - std::panicking::begin_panic_handler::{{closure}}::h233112c06e0ef43e
[INFO] [stdout]                                at /rustc/82e1608dfa6e0b5569232559e3d385fea5a93112/library/std/src/panicking.rs:657:13
[INFO] [stdout]   16:     0x559a02990426 - std::sys_common::backtrace::__rust_end_short_backtrace::h6e893f24d7ebbff8
[INFO] [stdout]                                at /rustc/82e1608dfa6e0b5569232559e3d385fea5a93112/library/std/src/sys_common/backtrace.rs:170:18
[INFO] [stdout]   17:     0x559a02991ad2 - rust_begin_unwind
[INFO] [stdout]                                at /rustc/82e1608dfa6e0b5569232559e3d385fea5a93112/library/std/src/panicking.rs:645:5
[INFO] [stdout]   18:     0x559a0272f225 - core::panicking::panic_fmt::hbf0e066aabfa482c
[INFO] [stdout]                                at /rustc/82e1608dfa6e0b5569232559e3d385fea5a93112/library/core/src/panicking.rs:72:14
[INFO] [stdout]   19:     0x559a0272f7f3 - core::result::unwrap_failed::hddb4fea594200c52
[INFO] [stdout]                                at /rustc/82e1608dfa6e0b5569232559e3d385fea5a93112/library/core/src/result.rs:1653:5
[INFO] [stdout]   20:     0x559a0275e6bb - core::result::Result<T,E>::unwrap::ha967f37ed008bbbc
[INFO] [stdout]                                at /rustc/82e1608dfa6e0b5569232559e3d385fea5a93112/library/core/src/result.rs:1077:23
[INFO] [stdout]   21:     0x559a0274a771 - arbitrary3::tests::test_data_example::h148ce266529bafcb
[INFO] [stdout]                                at /opt/rustwide/workdir/tests/arbitrary3.rs:178:24
[INFO] [stdout]   22:     0x559a0274a6a7 - arbitrary3::tests::test_data_example::{{closure}}::h37be0a9287d3c326
[INFO] [stdout]                                at /opt/rustwide/workdir/tests/arbitrary3.rs:176:27
[INFO] [stdout]   23:     0x559a02767036 - core::ops::function::FnOnce::call_once::h857fed8528f45513
[INFO] [stdout]                                at /rustc/82e1608dfa6e0b5569232559e3d385fea5a93112/library/core/src/ops/function.rs:250:5
[INFO] [stdout]   24:     0x559a027a1dcf - core::ops::function::FnOnce::call_once::h2b5d431d5046312d
[INFO] [stdout]                                at /rustc/82e1608dfa6e0b5569232559e3d385fea5a93112/library/core/src/ops/function.rs:250:5
[INFO] [stdout]   25:     0x559a027a1dcf - test::__rust_begin_short_backtrace::h7714669af176e207
[INFO] [stdout]                                at /rustc/82e1608dfa6e0b5569232559e3d385fea5a93112/library/test/src/lib.rs:628:18
[INFO] [stdout]   26:     0x559a027a0de5 - test::run_test_in_process::{{closure}}::h85218797dcbcec12
[INFO] [stdout]                                at /rustc/82e1608dfa6e0b5569232559e3d385fea5a93112/library/test/src/lib.rs:651:60
[INFO] [stdout]   27:     0x559a027a0de5 - <core::panic::unwind_safe::AssertUnwindSafe<F> as core::ops::function::FnOnce<()>>::call_once::h76c106ea31c14d7b
[INFO] [stdout]                                at /rustc/82e1608dfa6e0b5569232559e3d385fea5a93112/library/core/src/panic/unwind_safe.rs:272:9
[INFO] [stdout]   28:     0x559a027a0de5 - std::panicking::try::do_call::h3bd5d0f6620ee946
[INFO] [stdout]                                at /rustc/82e1608dfa6e0b5569232559e3d385fea5a93112/library/std/src/panicking.rs:552:40
[INFO] [stdout]   29:     0x559a027a0de5 - std::panicking::try::h232e535e4744fe31
[INFO] [stdout]                                at /rustc/82e1608dfa6e0b5569232559e3d385fea5a93112/library/std/src/panicking.rs:516:19
[INFO] [stdout]   30:     0x559a027a0de5 - std::panic::catch_unwind::h3ce3bd6ca8dbac68
[INFO] [stdout]                                at /rustc/82e1608dfa6e0b5569232559e3d385fea5a93112/library/std/src/panic.rs:142:14
[INFO] [stdout]   31:     0x559a027a0de5 - test::run_test_in_process::hc97b257c9621286a
[INFO] [stdout]                                at /rustc/82e1608dfa6e0b5569232559e3d385fea5a93112/library/test/src/lib.rs:651:27
[INFO] [stdout]   32:     0x559a027a0de5 - test::run_test::{{closure}}::h2aa798823a438d38
[INFO] [stdout]                                at /rustc/82e1608dfa6e0b5569232559e3d385fea5a93112/library/test/src/lib.rs:574:43
[INFO] [stdout]   33:     0x559a027690a6 - test::run_test::{{closure}}::h87d231c78fb59832
[INFO] [stdout]                                at /rustc/82e1608dfa6e0b5569232559e3d385fea5a93112/library/test/src/lib.rs:602:41
[INFO] [stdout]   34:     0x559a027690a6 - std::sys_common::backtrace::__rust_begin_short_backtrace::he6df152596625789
[INFO] [stdout]                                at /rustc/82e1608dfa6e0b5569232559e3d385fea5a93112/library/std/src/sys_common/backtrace.rs:154:18
[INFO] [stdout]   35:     0x559a0276e157 - std::thread::Builder::spawn_unchecked_::{{closure}}::{{closure}}::ha94be15d1e0acf36
[INFO] [stdout]                                at /rustc/82e1608dfa6e0b5569232559e3d385fea5a93112/library/std/src/thread/mod.rs:529:17
[INFO] [stdout]   36:     0x559a0276e157 - <core::panic::unwind_safe::AssertUnwindSafe<F> as core::ops::function::FnOnce<()>>::call_once::h9dc6bd6372f16606
[INFO] [stdout]                                at /rustc/82e1608dfa6e0b5569232559e3d385fea5a93112/library/core/src/panic/unwind_safe.rs:272:9
[INFO] [stdout]   37:     0x559a0276e157 - std::panicking::try::do_call::h9057517f80303cd4
[INFO] [stdout]                                at /rustc/82e1608dfa6e0b5569232559e3d385fea5a93112/library/std/src/panicking.rs:552:40
[INFO] [stdout]   38:     0x559a0276e157 - std::panicking::try::he3a30b11ee45340c
[INFO] [stdout]                                at /rustc/82e1608dfa6e0b5569232559e3d385fea5a93112/library/std/src/panicking.rs:516:19
[INFO] [stdout]   39:     0x559a0276e157 - std::panic::catch_unwind::h410458cfd3528b8b
[INFO] [stdout]                                at /rustc/82e1608dfa6e0b5569232559e3d385fea5a93112/library/std/src/panic.rs:142:14
[INFO] [stdout]   40:     0x559a0276e157 - std::thread::Builder::spawn_unchecked_::{{closure}}::h72ac3bdb567b737b
[INFO] [stdout]                                at /rustc/82e1608dfa6e0b5569232559e3d385fea5a93112/library/std/src/thread/mod.rs:528:30
[INFO] [stdout]   41:     0x559a0276e157 - core::ops::function::FnOnce::call_once{{vtable.shim}}::h38f34da3654a8344
[INFO] [stdout]                                at /rustc/82e1608dfa6e0b5569232559e3d385fea5a93112/library/core/src/ops/function.rs:250:5
[INFO] [stdout]   42:     0x559a02996aa5 - <alloc::boxed::Box<F,A> as core::ops::function::FnOnce<Args>>::call_once::hc7eafaff61e32df9
[INFO] [stdout]                                at /rustc/82e1608dfa6e0b5569232559e3d385fea5a93112/library/alloc/src/boxed.rs:2007:9
[INFO] [stdout]   43:     0x559a02996aa5 - <alloc::boxed::Box<F,A> as core::ops::function::FnOnce<Args>>::call_once::h6ba4a5de48dd2304
[INFO] [stdout]                                at /rustc/82e1608dfa6e0b5569232559e3d385fea5a93112/library/alloc/src/boxed.rs:2007:9
[INFO] [stdout]   44:     0x559a02996aa5 - std::sys::unix::thread::Thread::new::thread_start::he469335aef763e45
[INFO] [stdout]                                at /rustc/82e1608dfa6e0b5569232559e3d385fea5a93112/library/std/src/sys/unix/thread.rs:108:17
[INFO] [stdout]   45:     0x7f882c02aac3 - <unknown>
[INFO] [stdout]   46:     0x7f882c0bbbf4 - __clone
[INFO] [stdout]   47:                0x0 - <unknown>
[INFO] [stdout] 
[INFO] [stdout] ---- tests::qc_test_data_string stdout ----
[INFO] [stdout] thread 'tests::qc_test_data_string' panicked at tests/arbitrary3.rs:337:14:
[INFO] [stdout] called `Result::unwrap()` on an `Err` value: Os { code: 30, kind: ReadOnlyFilesystem, message: "Read-only file system" }
[INFO] [stdout] stack backtrace:
[INFO] [stdout]    0:     0x559a0298ff5c - std::backtrace_rs::backtrace::libunwind::trace::ha637c64ce894333a
[INFO] [stdout]                                at /rustc/82e1608dfa6e0b5569232559e3d385fea5a93112/library/std/src/../../backtrace/src/backtrace/libunwind.rs:104:5
[INFO] [stdout]    1:     0x559a0298ff5c - std::backtrace_rs::backtrace::trace_unsynchronized::h47f62dea28e0c88d
[INFO] [stdout]                                at /rustc/82e1608dfa6e0b5569232559e3d385fea5a93112/library/std/src/../../backtrace/src/backtrace/mod.rs:66:5
[INFO] [stdout]    2:     0x559a0298ff5c - std::sys_common::backtrace::_print_fmt::h9eef0abe20ede486
[INFO] [stdout]                                at /rustc/82e1608dfa6e0b5569232559e3d385fea5a93112/library/std/src/sys_common/backtrace.rs:67:5
[INFO] [stdout]    3:     0x559a0298ff5c - <std::sys_common::backtrace::_print::DisplayBacktrace as core::fmt::Display>::fmt::hed7f999df88cc644
[INFO] [stdout]                                at /rustc/82e1608dfa6e0b5569232559e3d385fea5a93112/library/std/src/sys_common/backtrace.rs:44:22
[INFO] [stdout]    4:     0x559a029b9ad0 - core::fmt::rt::Argument::fmt::h1539a9308b8d058d
[INFO] [stdout]                                at /rustc/82e1608dfa6e0b5569232559e3d385fea5a93112/library/core/src/fmt/rt.rs:142:9
[INFO] [stdout]    5:     0x559a029b9ad0 - core::fmt::write::h3a39390d8560d9c9
[INFO] [stdout]                                at /rustc/82e1608dfa6e0b5569232559e3d385fea5a93112/library/core/src/fmt/mod.rs:1120:17
[INFO] [stdout]    6:     0x559a0298d90f - std::io::Write::write_fmt::h040b369f3a0f9cbc
[INFO] [stdout]                                at /rustc/82e1608dfa6e0b5569232559e3d385fea5a93112/library/std/src/io/mod.rs:1762:15
[INFO] [stdout]    7:     0x559a0298fd44 - std::sys_common::backtrace::_print::h894006fb5c6f3d45
[INFO] [stdout]                                at /rustc/82e1608dfa6e0b5569232559e3d385fea5a93112/library/std/src/sys_common/backtrace.rs:47:5
[INFO] [stdout]    8:     0x559a0298fd44 - std::sys_common::backtrace::print::h23a2d212c6fff936
[INFO] [stdout]                                at /rustc/82e1608dfa6e0b5569232559e3d385fea5a93112/library/std/src/sys_common/backtrace.rs:34:9
[INFO] [stdout]    9:     0x559a02991a07 - std::panicking::default_hook::{{closure}}::h8a1d2ee00185001a
[INFO] [stdout]   10:     0x559a029916f3 - std::panicking::default_hook::h6038f2eba384e475
[INFO] [stdout]                                at /rustc/82e1608dfa6e0b5569232559e3d385fea5a93112/library/std/src/panicking.rs:289:9
[INFO] [stdout]   11:     0x559a0279c777 - <alloc::boxed::Box<F,A> as core::ops::function::Fn<Args>>::call::h0ad024c9bdc6d768
[INFO] [stdout]                                at /rustc/82e1608dfa6e0b5569232559e3d385fea5a93112/library/alloc/src/boxed.rs:2021:9
[INFO] [stdout]   12:     0x559a0279c777 - test::test_main::{{closure}}::h7500b54257359db6
[INFO] [stdout]                                at /rustc/82e1608dfa6e0b5569232559e3d385fea5a93112/library/test/src/lib.rs:138:21
[INFO] [stdout]   13:     0x559a02992018 - <alloc::boxed::Box<F,A> as core::ops::function::Fn<Args>>::call::h1f8f335eaa9cfaee
[INFO] [stdout]                                at /rustc/82e1608dfa6e0b5569232559e3d385fea5a93112/library/alloc/src/boxed.rs:2021:9
[INFO] [stdout]   14:     0x559a02992018 - std::panicking::rust_panic_with_hook::h2b5517d590cab22e
[INFO] [stdout]                                at /rustc/82e1608dfa6e0b5569232559e3d385fea5a93112/library/std/src/panicking.rs:783:13
[INFO] [stdout]   15:     0x559a02991d6e - std::panicking::begin_panic_handler::{{closure}}::h233112c06e0ef43e
[INFO] [stdout]                                at /rustc/82e1608dfa6e0b5569232559e3d385fea5a93112/library/std/src/panicking.rs:657:13
[INFO] [stdout]   16:     0x559a02990426 - std::sys_common::backtrace::__rust_end_short_backtrace::h6e893f24d7ebbff8
[INFO] [stdout]                                at /rustc/82e1608dfa6e0b5569232559e3d385fea5a93112/library/std/src/sys_common/backtrace.rs:170:18
[INFO] [stdout]   17:     0x559a02991ad2 - rust_begin_unwind
[INFO] [stdout]                                at /rustc/82e1608dfa6e0b5569232559e3d385fea5a93112/library/std/src/panicking.rs:645:5
[INFO] [stdout]   18:     0x559a0272f225 - core::panicking::panic_fmt::hbf0e066aabfa482c
[INFO] [stdout]                                at /rustc/82e1608dfa6e0b5569232559e3d385fea5a93112/library/core/src/panicking.rs:72:14
[INFO] [stdout]   19:     0x559a0272f7f3 - core::result::unwrap_failed::hddb4fea594200c52
[INFO] [stdout]                                at /rustc/82e1608dfa6e0b5569232559e3d385fea5a93112/library/core/src/result.rs:1653:5
[INFO] [stdout]   20:     0x559a0275e6bb - core::result::Result<T,E>::unwrap::ha967f37ed008bbbc
[INFO] [stdout]                                at /rustc/82e1608dfa6e0b5569232559e3d385fea5a93112/library/core/src/result.rs:1077:23
[INFO] [stdout]   21:     0x559a0274c1b4 - arbitrary3::tests::qc_test_data_string::qc_test_data_string::h260d7f87efca0ef9
[INFO] [stdout]                                at /opt/rustwide/workdir/tests/arbitrary3.rs:331:24
[INFO] [stdout]   22:     0x559a027602fc - <fn(A) .> T as quickcheck::tester::Testable>::result::{{closure}}::ha33b5d06da87de5c
[INFO] [stdout]                                at /opt/rustwide/cargo-home/registry/src/index.crates.io-6f17d22bba15001f/quickcheck-1.0.3/src/tester.rs:371:35
[INFO] [stdout]   23:     0x559a02754e30 - <core::panic::unwind_safe::AssertUnwindSafe<F> as core::ops::function::FnOnce<()>>::call_once::hf0c545966cb9a5f4
[INFO] [stdout]                                at /rustc/82e1608dfa6e0b5569232559e3d385fea5a93112/library/core/src/panic/unwind_safe.rs:272:9
[INFO] [stdout]   24:     0x559a0275d91a - std::panicking::try::do_call::hcb1af130ac7d58f7
[INFO] [stdout]                                at /rustc/82e1608dfa6e0b5569232559e3d385fea5a93112/library/std/src/panicking.rs:552:40
[INFO] [stdout]   25:     0x559a0276136b - __rust_try
[INFO] [stdout]   26:     0x559a0275d782 - std::panicking::try::h70e999827588d769
[INFO] [stdout]                                at /rustc/82e1608dfa6e0b5569232559e3d385fea5a93112/library/std/src/panicking.rs:516:19
[INFO] [stdout]   27:     0x559a027620e6 - std::panic::catch_unwind::hbc7a0760432a185f
[INFO] [stdout]                                at /rustc/82e1608dfa6e0b5569232559e3d385fea5a93112/library/std/src/panic.rs:142:14
[INFO] [stdout]   28:     0x559a0275c166 - quickcheck::tester::safe::h5bfeb36798eaa1b9
[INFO] [stdout]                                at /opt/rustwide/cargo-home/registry/src/index.crates.io-6f17d22bba15001f/quickcheck-1.0.3/src/tester.rs:402:5
[INFO] [stdout]   29:     0x559a0275ff64 - <fn(A) .> T as quickcheck::tester::Testable>::result::hdb00311bb5793c78
[INFO] [stdout]                                at /opt/rustwide/cargo-home/registry/src/index.crates.io-6f17d22bba15001f/quickcheck-1.0.3/src/tester.rs:371:21
[INFO] [stdout]   30:     0x559a0275be45 - quickcheck::tester::QuickCheck::quicktest::h3d6750d3ee1a4de0
[INFO] [stdout]                                at /opt/rustwide/cargo-home/registry/src/index.crates.io-6f17d22bba15001f/quickcheck-1.0.3/src/tester.rs:121:19
[INFO] [stdout]   31:     0x559a0275ba31 - quickcheck::tester::QuickCheck::quickcheck::h9f51c9611f2da7b0
[INFO] [stdout]                                at /opt/rustwide/cargo-home/registry/src/index.crates.io-6f17d22bba15001f/quickcheck-1.0.3/src/tester.rs:163:36
[INFO] [stdout]   32:     0x559a0275c123 - quickcheck::tester::quickcheck::h73727fe57e0ef233
[INFO] [stdout]                                at /opt/rustwide/cargo-home/registry/src/index.crates.io-6f17d22bba15001f/quickcheck-1.0.3/src/tester.rs:183:5
[INFO] [stdout]   33:     0x559a0274c0ad - arbitrary3::tests::qc_test_data_string::h1e4d1133174e0fed
[INFO] [stdout]                                at /opt/rustwide/workdir/tests/arbitrary3.rs:329:5
[INFO] [stdout]   34:     0x559a0274c087 - arbitrary3::tests::qc_test_data_string::{{closure}}::h66a9748895502f18
[INFO] [stdout]                                at /opt/rustwide/workdir/tests/arbitrary3.rs:329:37
[INFO] [stdout]   35:     0x559a02766ff6 - core::ops::function::FnOnce::call_once::h49e9871109b8ccb4
[INFO] [stdout]                                at /rustc/82e1608dfa6e0b5569232559e3d385fea5a93112/library/core/src/ops/function.rs:250:5
[INFO] [stdout]   36:     0x559a027a1dcf - core::ops::function::FnOnce::call_once::h2b5d431d5046312d
[INFO] [stdout]                                at /rustc/82e1608dfa6e0b5569232559e3d385fea5a93112/library/core/src/ops/function.rs:250:5
[INFO] [stdout]   37:     0x559a027a1dcf - test::__rust_begin_short_backtrace::h7714669af176e207
[INFO] [stdout]                                at /rustc/82e1608dfa6e0b5569232559e3d385fea5a93112/library/test/src/lib.rs:628:18
[INFO] [stdout]   38:     0x559a027a0de5 - test::run_test_in_process::{{closure}}::h85218797dcbcec12
[INFO] [stdout]                                at /rustc/82e1608dfa6e0b5569232559e3d385fea5a93112/library/test/src/lib.rs:651:60
[INFO] [stdout]   39:     0x559a027a0de5 - <core::panic::unwind_safe::AssertUnwindSafe<F> as core::ops::function::FnOnce<()>>::call_once::h76c106ea31c14d7b
[INFO] [stdout]                                at /rustc/82e1608dfa6e0b5569232559e3d385fea5a93112/library/core/src/panic/unwind_safe.rs:272:9
[INFO] [stdout]   40:     0x559a027a0de5 - std::panicking::try::do_call::h3bd5d0f6620ee946
[INFO] [stdout]                                at /rustc/82e1608dfa6e0b5569232559e3d385fea5a93112/library/std/src/panicking.rs:552:40
[INFO] [stdout]   41:     0x559a027a0de5 - std::panicking::try::h232e535e4744fe31
[INFO] [stdout]                                at /rustc/82e1608dfa6e0b5569232559e3d385fea5a93112/library/std/src/panicking.rs:516:19
[INFO] [stdout]   42:     0x559a027a0de5 - std::panic::catch_unwind::h3ce3bd6ca8dbac68
[INFO] [stdout]                                at /rustc/82e1608dfa6e0b5569232559e3d385fea5a93112/library/std/src/panic.rs:142:14
[INFO] [stdout]   43:     0x559a027a0de5 - test::run_test_in_process::hc97b257c9621286a
[INFO] [stdout]                                at /rustc/82e1608dfa6e0b5569232559e3d385fea5a93112/library/test/src/lib.rs:651:27
[INFO] [stdout]   44:     0x559a027a0de5 - test::run_test::{{closure}}::h2aa798823a438d38
[INFO] [stdout]                                at /rustc/82e1608dfa6e0b5569232559e3d385fea5a93112/library/test/src/lib.rs:574:43
[INFO] [stdout]   45:     0x559a027690a6 - test::run_test::{{closure}}::h87d231c78fb59832
[INFO] [stdout]                                at /rustc/82e1608dfa6e0b5569232559e3d385fea5a93112/library/test/src/lib.rs:602:41
[INFO] [stdout]   46:     0x559a027690a6 - std::sys_common::backtrace::__rust_begin_short_backtrace::he6df152596625789
[INFO] [stdout]                                at /rustc/82e1608dfa6e0b5569232559e3d385fea5a93112/library/std/src/sys_common/backtrace.rs:154:18
[INFO] [stdout]   47:     0x559a0276e157 - std::thread::Builder::spawn_unchecked_::{{closure}}::{{closure}}::ha94be15d1e0acf36
[INFO] [stdout]                                at /rustc/82e1608dfa6e0b5569232559e3d385fea5a93112/library/std/src/thread/mod.rs:529:17
[INFO] [stdout]   48:     0x559a0276e157 - <core::panic::unwind_safe::AssertUnwindSafe<F> as core::ops::function::FnOnce<()>>::call_once::h9dc6bd6372f16606
[INFO] [stdout]                                at /rustc/82e1608dfa6e0b5569232559e3d385fea5a93112/library/core/src/panic/unwind_safe.rs:272:9
[INFO] [stdout]   49:     0x559a0276e157 - std::panicking::try::do_call::h9057517f80303cd4
[INFO] [stdout]                                at /rustc/82e1608dfa6e0b5569232559e3d385fea5a93112/library/std/src/panicking.rs:552:40
[INFO] [stdout]   50:     0x559a0276e157 - std::panicking::try::he3a30b11ee45340c
[INFO] [stdout]                                at /rustc/82e1608dfa6e0b5569232559e3d385fea5a93112/library/std/src/panicking.rs:516:19
[INFO] [stdout]   51:     0x559a0276e157 - std::panic::catch_unwind::h410458cfd3528b8b
[INFO] [stdout]                                at /rustc/82e1608dfa6e0b5569232559e3d385fea5a93112/library/std/src/panic.rs:142:14
[INFO] [stdout]   52:     0x559a0276e157 - std::thread::Builder::spawn_unchecked_::{{closure}}::h72ac3bdb567b737b
[INFO] [stdout]                                at /rustc/82e1608dfa6e0b5569232559e3d385fea5a93112/library/std/src/thread/mod.rs:528:30
[INFO] [stdout]   53:     0x559a0276e157 - core::ops::function::FnOnce::call_once{{vtable.shim}}::h38f34da3654a8344
[INFO] [stdout]                                at /rustc/82e1608dfa6e0b5569232559e3d385fea5a93112/library/core/src/ops/function.rs:250:5
[INFO] [stdout]   54:     0x559a02996aa5 - <alloc::boxed::Box<F,A> as core::ops::function::FnOnce<Args>>::call_once::hc7eafaff61e32df9
[INFO] [stdout]                                at /rustc/82e1608dfa6e0b5569232559e3d385fea5a93112/library/alloc/src/boxed.rs:2007:9
[INFO] [stdout]   55:     0x559a02996aa5 - <alloc::boxed::Box<F,A> as core::ops::function::FnOnce<Args>>::call_once::h6ba4a5de48dd2304
[INFO] [stdout]                                at /rustc/82e1608dfa6e0b5569232559e3d385fea5a93112/library/alloc/src/boxed.rs:2007:9
[INFO] [stdout]   56:     0x559a02996aa5 - std::sys::unix::thread::Thread::new::thread_start::he469335aef763e45
[INFO] [stdout]                                at /rustc/82e1608dfa6e0b5569232559e3d385fea5a93112/library/std/src/sys/unix/thread.rs:108:17
[INFO] [stdout]   57:     0x7f882c02aac3 - <unknown>
[INFO] [stdout]   58:     0x7f882c0bbbf4 - __clone
[INFO] [stdout]   59:                0x0 - <unknown>
[INFO] [stdout] thread 'tests::qc_test_data_string' panicked at /opt/rustwide/cargo-home/registry/src/index.crates.io-6f17d22bba15001f/quickcheck-1.0.3/src/tester.rs:165:28:
[INFO] [stdout] [quickcheck] TEST FAILED (runtime error). Arguments: (TableStructure { rows: [[4294967295, 175090525, 4111971868, 2409801044, 3888189608, 1821182736, 585888444, 4010371117, 2745683162, 1618243662, 3424186286, 1878643889, 2565076968, 600782013, 3776843284, 1323716623, 3764145013, 2759404293, 1673402111, 1514573472, 2241164932, 2055807560, 134291110, 2653449164, 4153771827, 2043930113, 562031661, 2535767786, 2147844134, 3537657284, 191216401, 0, 262142774, 2662453171, 1377179539, 3738130809, 3044394504, 140647636, 2605384577, 1644179222, 0, 4294967295, 4089609418, 4083029169, 2654826808, 2914747209, 3128971901, 3123918531, 482017023, 388571295, 1837450, 0, 2254854291, 223960796, 3051332869, 3878845430, 489275315, 1, 1167137095, 1661510586, 1071043863, 3599581521, 4270263956, 1352117749, 3236753216, 2269523451, 3782421683, 3687144876, 0, 1246087523, 4068653085, 43638687, 4233430969, 3448970151]], theme: Extended, row_span: [212, 230, 86, 10, 213, 0, 135, 39, 0, 103, 35, 255, 156, 39, 156, 36, 211, 226, 232, 18, 217, 138, 161, 249, 255, 79, 73, 173, 255, 131, 49, 2, 81, 220, 110, 220, 255, 195, 14, 166, 1, 255, 103, 122, 24, 246, 57, 104], col_span: [254, 49, 1, 220, 103, 16, 75, 11, 110, 194, 57, 163, 145] })
[INFO] [stdout] Error: "called `Result::unwrap()` on an `Err` value: Os { code: 30, kind: ReadOnlyFilesystem, message: \"Read-only file system\" }"
[INFO] [stdout] stack backtrace:
[INFO] [stdout]    0:     0x559a0298ff5c - std::backtrace_rs::backtrace::libunwind::trace::ha637c64ce894333a
[INFO] [stdout]                                at /rustc/82e1608dfa6e0b5569232559e3d385fea5a93112/library/std/src/../../backtrace/src/backtrace/libunwind.rs:104:5
[INFO] [stdout]    1:     0x559a0298ff5c - std::backtrace_rs::backtrace::trace_unsynchronized::h47f62dea28e0c88d
[INFO] [stdout]                                at /rustc/82e1608dfa6e0b5569232559e3d385fea5a93112/library/std/src/../../backtrace/src/backtrace/mod.rs:66:5
[INFO] [stdout]    2:     0x559a0298ff5c - std::sys_common::backtrace::_print_fmt::h9eef0abe20ede486
[INFO] [stdout]                                at /rustc/82e1608dfa6e0b5569232559e3d385fea5a93112/library/std/src/sys_common/backtrace.rs:67:5
[INFO] [stdout]    3:     0x559a0298ff5c - <std::sys_common::backtrace::_print::DisplayBacktrace as core::fmt::Display>::fmt::hed7f999df88cc644
[INFO] [stdout]                                at /rustc/82e1608dfa6e0b5569232559e3d385fea5a93112/library/std/src/sys_common/backtrace.rs:44:22
[INFO] [stdout]    4:     0x559a029b9ad0 - core::fmt::rt::Argument::fmt::h1539a9308b8d058d
[INFO] [stdout]                                at /rustc/82e1608dfa6e0b5569232559e3d385fea5a93112/library/core/src/fmt/rt.rs:142:9
[INFO] [stdout]    5:     0x559a029b9ad0 - core::fmt::write::h3a39390d8560d9c9
[INFO] [stdout]                                at /rustc/82e1608dfa6e0b5569232559e3d385fea5a93112/library/core/src/fmt/mod.rs:1120:17
[INFO] [stdout]    6:     0x559a0298d90f - std::io::Write::write_fmt::h040b369f3a0f9cbc
[INFO] [stdout]                                at /rustc/82e1608dfa6e0b5569232559e3d385fea5a93112/library/std/src/io/mod.rs:1762:15
[INFO] [stdout]    7:     0x559a0298fd44 - std::sys_common::backtrace::_print::h894006fb5c6f3d45
[INFO] [stdout]                                at /rustc/82e1608dfa6e0b5569232559e3d385fea5a93112/library/std/src/sys_common/backtrace.rs:47:5
[INFO] [stdout]    8:     0x559a0298fd44 - std::sys_common::backtrace::print::h23a2d212c6fff936
[INFO] [stdout]                                at /rustc/82e1608dfa6e0b5569232559e3d385fea5a93112/library/std/src/sys_common/backtrace.rs:34:9
[INFO] [stdout]    9:     0x559a02991a07 - std::panicking::default_hook::{{closure}}::h8a1d2ee00185001a
[INFO] [stdout]   10:     0x559a029916f3 - std::panicking::default_hook::h6038f2eba384e475
[INFO] [stdout]                                at /rustc/82e1608dfa6e0b5569232559e3d385fea5a93112/library/std/src/panicking.rs:289:9
[INFO] [stdout]   11:     0x559a0279c777 - <alloc::boxed::Box<F,A> as core::ops::function::Fn<Args>>::call::h0ad024c9bdc6d768
[INFO] [stdout]                                at /rustc/82e1608dfa6e0b5569232559e3d385fea5a93112/library/alloc/src/boxed.rs:2021:9
[INFO] [stdout]   12:     0x559a0279c777 - test::test_main::{{closure}}::h7500b54257359db6
[INFO] [stdout]                                at /rustc/82e1608dfa6e0b5569232559e3d385fea5a93112/library/test/src/lib.rs:138:21
[INFO] [stdout]   13:     0x559a02992018 - <alloc::boxed::Box<F,A> as core::ops::function::Fn<Args>>::call::h1f8f335eaa9cfaee
[INFO] [stdout]                                at /rustc/82e1608dfa6e0b5569232559e3d385fea5a93112/library/alloc/src/boxed.rs:2021:9
[INFO] [stdout]   14:     0x559a02992018 - std::panicking::rust_panic_with_hook::h2b5517d590cab22e
[INFO] [stdout]                                at /rustc/82e1608dfa6e0b5569232559e3d385fea5a93112/library/std/src/panicking.rs:783:13
[INFO] [stdout]   15:     0x559a0275d6ef - std::panicking::begin_panic::{{closure}}::h0098e86af3784060
[INFO] [stdout]                                at /rustc/82e1608dfa6e0b5569232559e3d385fea5a93112/library/std/src/panicking.rs:687:9
[INFO] [stdout]   16:     0x559a02761ac6 - std::sys_common::backtrace::__rust_end_short_backtrace::h0e0d1baa73512d26
[INFO] [stdout]                                at /rustc/82e1608dfa6e0b5569232559e3d385fea5a93112/library/std/src/sys_common/backtrace.rs:170:18
[INFO] [stdout]   17:     0x559a0275d648 - std::panicking::begin_panic::h48f3b8f36542f509
[INFO] [stdout]                                at /rustc/82e1608dfa6e0b5569232559e3d385fea5a93112/library/std/src/panicking.rs:686:12
[INFO] [stdout]   18:     0x559a0275bd07 - quickcheck::tester::QuickCheck::quickcheck::h9f51c9611f2da7b0
[INFO] [stdout]                                at /opt/rustwide/cargo-home/registry/src/index.crates.io-6f17d22bba15001f/quickcheck-1.0.3/src/tester.rs:165:28
[INFO] [stdout]   19:     0x559a0275c123 - quickcheck::tester::quickcheck::h73727fe57e0ef233
[INFO] [stdout]                                at /opt/rustwide/cargo-home/registry/src/index.crates.io-6f17d22bba15001f/quickcheck-1.0.3/src/tester.rs:183:5
[INFO] [stdout]   20:     0x559a0274c0ad - arbitrary3::tests::qc_test_data_string::h1e4d1133174e0fed
[INFO] [stdout]                                at /opt/rustwide/workdir/tests/arbitrary3.rs:329:5
[INFO] [stdout]   21:     0x559a0274c087 - arbitrary3::tests::qc_test_data_string::{{closure}}::h66a9748895502f18
[INFO] [stdout]                                at /opt/rustwide/workdir/tests/arbitrary3.rs:329:37
[INFO] [stdout]   22:     0x559a02766ff6 - core::ops::function::FnOnce::call_once::h49e9871109b8ccb4
[INFO] [stdout]                                at /rustc/82e1608dfa6e0b5569232559e3d385fea5a93112/library/core/src/ops/function.rs:250:5
[INFO] [stdout]   23:     0x559a027a1dcf - core::ops::function::FnOnce::call_once::h2b5d431d5046312d
[INFO] [stdout]                                at /rustc/82e1608dfa6e0b5569232559e3d385fea5a93112/library/core/src/ops/function.rs:250:5
[INFO] [stdout]   24:     0x559a027a1dcf - test::__rust_begin_short_backtrace::h7714669af176e207
[INFO] [stdout]                                at /rustc/82e1608dfa6e0b5569232559e3d385fea5a93112/library/test/src/lib.rs:628:18
[INFO] [stdout]   25:     0x559a027a0de5 - test::run_test_in_process::{{closure}}::h85218797dcbcec12
[INFO] [stdout]                                at /rustc/82e1608dfa6e0b5569232559e3d385fea5a93112/library/test/src/lib.rs:651:60
[INFO] [stdout]   26:     0x559a027a0de5 - <core::panic::unwind_safe::AssertUnwindSafe<F> as core::ops::function::FnOnce<()>>::call_once::h76c106ea31c14d7b
[INFO] [stdout]                                at /rustc/82e1608dfa6e0b5569232559e3d385fea5a93112/library/core/src/panic/unwind_safe.rs:272:9
[INFO] [stdout]   27:     0x559a027a0de5 - std::panicking::try::do_call::h3bd5d0f6620ee946
[INFO] [stdout]                                at /rustc/82e1608dfa6e0b5569232559e3d385fea5a93112/library/std/src/panicking.rs:552:40
[INFO] [stdout]   28:     0x559a027a0de5 - std::panicking::try::h232e535e4744fe31
[INFO] [stdout]                                at /rustc/82e1608dfa6e0b5569232559e3d385fea5a93112/library/std/src/panicking.rs:516:19
[INFO] [stdout]   29:     0x559a027a0de5 - std::panic::catch_unwind::h3ce3bd6ca8dbac68
[INFO] [stdout]                                at /rustc/82e1608dfa6e0b5569232559e3d385fea5a93112/library/std/src/panic.rs:142:14
[INFO] [stdout]   30:     0x559a027a0de5 - test::run_test_in_process::hc97b257c9621286a
[INFO] [stdout]                                at /rustc/82e1608dfa6e0b5569232559e3d385fea5a93112/library/test/src/lib.rs:651:27
[INFO] [stdout]   31:     0x559a027a0de5 - test::run_test::{{closure}}::h2aa798823a438d38
[INFO] [stdout]                                at /rustc/82e1608dfa6e0b5569232559e3d385fea5a93112/library/test/src/lib.rs:574:43
[INFO] [stdout]   32:     0x559a027690a6 - test::run_test::{{closure}}::h87d231c78fb59832
[INFO] [stdout]                                at /rustc/82e1608dfa6e0b5569232559e3d385fea5a93112/library/test/src/lib.rs:602:41
[INFO] [stdout]   33:     0x559a027690a6 - std::sys_common::backtrace::__rust_begin_short_backtrace::he6df152596625789
[INFO] [stdout]                                at /rustc/82e1608dfa6e0b5569232559e3d385fea5a93112/library/std/src/sys_common/backtrace.rs:154:18
[INFO] [stdout]   34:     0x559a0276e157 - std::thread::Builder::spawn_unchecked_::{{closure}}::{{closure}}::ha94be15d1e0acf36
[INFO] [stdout]                                at /rustc/82e1608dfa6e0b5569232559e3d385fea5a93112/library/std/src/thread/mod.rs:529:17
[INFO] [stdout]   35:     0x559a0276e157 - <core::panic::unwind_safe::AssertUnwindSafe<F> as core::ops::function::FnOnce<()>>::call_once::h9dc6bd6372f16606
[INFO] [stdout]                                at /rustc/82e1608dfa6e0b5569232559e3d385fea5a93112/library/core/src/panic/unwind_safe.rs:272:9
[INFO] [stdout]   36:     0x559a0276e157 - std::panicking::try::do_call::h9057517f80303cd4
[INFO] [stdout]                                at /rustc/82e1608dfa6e0b5569232559e3d385fea5a93112/library/std/src/panicking.rs:552:40
[INFO] [stdout]   37:     0x559a0276e157 - std::panicking::try::he3a30b11ee45340c
[INFO] [stdout]                                at /rustc/82e1608dfa6e0b5569232559e3d385fea5a93112/library/std/src/panicking.rs:516:19
[INFO] [stdout]   38:     0x559a0276e157 - std::panic::catch_unwind::h410458cfd3528b8b
[INFO] [stdout]                                at /rustc/82e1608dfa6e0b5569232559e3d385fea5a93112/library/std/src/panic.rs:142:14
[INFO] [stdout]   39:     0x559a0276e157 - std::thread::Builder::spawn_unchecked_::{{closure}}::h72ac3bdb567b737b
[INFO] [stdout]                                at /rustc/82e1608dfa6e0b5569232559e3d385fea5a93112/library/std/src/thread/mod.rs:528:30
[INFO] [stdout]   40:     0x559a0276e157 - core::ops::function::FnOnce::call_once{{vtable.shim}}::h38f34da3654a8344
[INFO] [stdout]                                at /rustc/82e1608dfa6e0b5569232559e3d385fea5a93112/library/core/src/ops/function.rs:250:5
[INFO] [stdout]   41:     0x559a02996aa5 - <alloc::boxed::Box<F,A> as core::ops::function::FnOnce<Args>>::call_once::hc7eafaff61e32df9
[INFO] [stdout]                                at /rustc/82e1608dfa6e0b5569232559e3d385fea5a93112/library/alloc/src/boxed.rs:2007:9
[INFO] [stdout]   42:     0x559a02996aa5 - <alloc::boxed::Box<F,A> as core::ops::function::FnOnce<Args>>::call_once::h6ba4a5de48dd2304
[INFO] [stdout]                                at /rustc/82e1608dfa6e0b5569232559e3d385fea5a93112/library/alloc/src/boxed.rs:2007:9
[INFO] [stdout]   43:     0x559a02996aa5 - std::sys::unix::thread::Thread::new::thread_start::he469335aef763e45
[INFO] [stdout]                                at /rustc/82e1608dfa6e0b5569232559e3d385fea5a93112/library/std/src/sys/unix/thread.rs:108:17
[INFO] [stdout]   44:     0x7f882c02aac3 - <unknown>
[INFO] [stdout]   45:     0x7f882c0bbbf4 - __clone
[INFO] [stdout]   46:                0x0 - <unknown>
[INFO] [stdout] 
[INFO] [stdout] ---- tests::qc_test_data_span_test stdout ----
[INFO] [stdout] thread 'tests::qc_test_data_span_test' panicked at tests/arbitrary3.rs:882:14:
[INFO] [stdout] called `Result::unwrap()` on an `Err` value: Os { code: 30, kind: ReadOnlyFilesystem, message: "Read-only file system" }
[INFO] [stdout] stack backtrace:
[INFO] [stdout]    0:     0x559a0298ff5c - std::backtrace_rs::backtrace::libunwind::trace::ha637c64ce894333a
[INFO] [stdout]                                at /rustc/82e1608dfa6e0b5569232559e3d385fea5a93112/library/std/src/../../backtrace/src/backtrace/libunwind.rs:104:5
[INFO] [stdout]    1:     0x559a0298ff5c - std::backtrace_rs::backtrace::trace_unsynchronized::h47f62dea28e0c88d
[INFO] [stdout]                                at /rustc/82e1608dfa6e0b5569232559e3d385fea5a93112/library/std/src/../../backtrace/src/backtrace/mod.rs:66:5
[INFO] [stdout]    2:     0x559a0298ff5c - std::sys_common::backtrace::_print_fmt::h9eef0abe20ede486
[INFO] [stdout]                                at /rustc/82e1608dfa6e0b5569232559e3d385fea5a93112/library/std/src/sys_common/backtrace.rs:67:5
[INFO] [stdout]    3:     0x559a0298ff5c - <std::sys_common::backtrace::_print::DisplayBacktrace as core::fmt::Display>::fmt::hed7f999df88cc644
[INFO] [stdout]                                at /rustc/82e1608dfa6e0b5569232559e3d385fea5a93112/library/std/src/sys_common/backtrace.rs:44:22
[INFO] [stdout]    4:     0x559a029b9ad0 - core::fmt::rt::Argument::fmt::h1539a9308b8d058d
[INFO] [stdout]                                at /rustc/82e1608dfa6e0b5569232559e3d385fea5a93112/library/core/src/fmt/rt.rs:142:9
[INFO] [stdout]    5:     0x559a029b9ad0 - core::fmt::write::h3a39390d8560d9c9
[INFO] [stdout]                                at /rustc/82e1608dfa6e0b5569232559e3d385fea5a93112/library/core/src/fmt/mod.rs:1120:17
[INFO] [stdout]    6:     0x559a0298d90f - std::io::Write::write_fmt::h040b369f3a0f9cbc
[INFO] [stdout]                                at /rustc/82e1608dfa6e0b5569232559e3d385fea5a93112/library/std/src/io/mod.rs:1762:15
[INFO] [stdout]    7:     0x559a0298fd44 - std::sys_common::backtrace::_print::h894006fb5c6f3d45
[INFO] [stdout]                                at /rustc/82e1608dfa6e0b5569232559e3d385fea5a93112/library/std/src/sys_common/backtrace.rs:47:5
[INFO] [stdout]    8:     0x559a0298fd44 - std::sys_common::backtrace::print::h23a2d212c6fff936
[INFO] [stdout]                                at /rustc/82e1608dfa6e0b5569232559e3d385fea5a93112/library/std/src/sys_common/backtrace.rs:34:9
[INFO] [stdout]    9:     0x559a02991a07 - std::panicking::default_hook::{{closure}}::h8a1d2ee00185001a
[INFO] [stdout]   10:     0x559a029916f3 - std::panicking::default_hook::h6038f2eba384e475
[INFO] [stdout]                                at /rustc/82e1608dfa6e0b5569232559e3d385fea5a93112/library/std/src/panicking.rs:289:9
[INFO] [stdout]   11:     0x559a0279c777 - <alloc::boxed::Box<F,A> as core::ops::function::Fn<Args>>::call::h0ad024c9bdc6d768
[INFO] [stdout]                                at /rustc/82e1608dfa6e0b5569232559e3d385fea5a93112/library/alloc/src/boxed.rs:2021:9
[INFO] [stdout]   12:     0x559a0279c777 - test::test_main::{{closure}}::h7500b54257359db6
[INFO] [stdout]                                at /rustc/82e1608dfa6e0b5569232559e3d385fea5a93112/library/test/src/lib.rs:138:21
[INFO] [stdout]   13:     0x559a02992018 - <alloc::boxed::Box<F,A> as core::ops::function::Fn<Args>>::call::h1f8f335eaa9cfaee
[INFO] [stdout]                                at /rustc/82e1608dfa6e0b5569232559e3d385fea5a93112/library/alloc/src/boxed.rs:2021:9
[INFO] [stdout]   14:     0x559a02992018 - std::panicking::rust_panic_with_hook::h2b5517d590cab22e
[INFO] [stdout]                                at /rustc/82e1608dfa6e0b5569232559e3d385fea5a93112/library/std/src/panicking.rs:783:13
[INFO] [stdout]   15:     0x559a02991d6e - std::panicking::begin_panic_handler::{{closure}}::h233112c06e0ef43e
[INFO] [stdout]                                at /rustc/82e1608dfa6e0b5569232559e3d385fea5a93112/library/std/src/panicking.rs:657:13
[INFO] [stdout]   16:     0x559a02990426 - std::sys_common::backtrace::__rust_end_short_backtrace::h6e893f24d7ebbff8
[INFO] [stdout]                                at /rustc/82e1608dfa6e0b5569232559e3d385fea5a93112/library/std/src/sys_common/backtrace.rs:170:18
[INFO] [stdout]   17:     0x559a02991ad2 - rust_begin_unwind
[INFO] [stdout]                                at /rustc/82e1608dfa6e0b5569232559e3d385fea5a93112/library/std/src/panicking.rs:645:5
[INFO] [stdout]   18:     0x559a0272f225 - core::panicking::panic_fmt::hbf0e066aabfa482c
[INFO] [stdout]                                at /rustc/82e1608dfa6e0b5569232559e3d385fea5a93112/library/core/src/panicking.rs:72:14
[INFO] [stdout]   19:     0x559a0272f7f3 - core::result::unwrap_failed::hddb4fea594200c52
[INFO] [stdout]                                at /rustc/82e1608dfa6e0b5569232559e3d385fea5a93112/library/core/src/result.rs:1653:5
[INFO] [stdout]   20:     0x559a0275e6bb - core::result::Result<T,E>::unwrap::ha967f37ed008bbbc
[INFO] [stdout]                                at /rustc/82e1608dfa6e0b5569232559e3d385fea5a93112/library/core/src/result.rs:1077:23
[INFO] [stdout]   21:     0x559a02752e64 - arbitrary3::tests::qc_test_data_span_test::qc_test_data_span_test::h48cc9e4de2b15a0d
[INFO] [stdout]                                at /opt/rustwide/workdir/tests/arbitrary3.rs:876:24
[INFO] [stdout]   22:     0x559a027602fc - <fn(A) .> T as quickcheck::tester::Testable>::result::{{closure}}::ha33b5d06da87de5c
[INFO] [stdout]                                at /opt/rustwide/cargo-home/registry/src/index.crates.io-6f17d22bba15001f/quickcheck-1.0.3/src/tester.rs:371:35
[INFO] [stdout]   23:     0x559a02754e30 - <core::panic::unwind_safe::AssertUnwindSafe<F> as core::ops::function::FnOnce<()>>::call_once::hf0c545966cb9a5f4
[INFO] [stdout]                                at /rustc/82e1608dfa6e0b5569232559e3d385fea5a93112/library/core/src/panic/unwind_safe.rs:272:9
[INFO] [stdout]   24:     0x559a0275d91a - std::panicking::try::do_call::hcb1af130ac7d58f7
[INFO] [stdout]                                at /rustc/82e1608dfa6e0b5569232559e3d385fea5a93112/library/std/src/panicking.rs:552:40
[INFO] [stdout]   25:     0x559a0276136b - __rust_try
[INFO] [stdout]   26:     0x559a0275d782 - std::panicking::try::h70e999827588d769
[INFO] [stdout]                                at /rustc/82e1608dfa6e0b5569232559e3d385fea5a93112/library/std/src/panicking.rs:516:19
[INFO] [stdout]   27:     0x559a027620e6 - std::panic::catch_unwind::hbc7a0760432a185f
[INFO] [stdout]                                at /rustc/82e1608dfa6e0b5569232559e3d385fea5a93112/library/std/src/panic.rs:142:14
[INFO] [stdout]   28:     0x559a0275c166 - quickcheck::tester::safe::h5bfeb36798eaa1b9
[INFO] [stdout]                                at /opt/rustwide/cargo-home/registry/src/index.crates.io-6f17d22bba15001f/quickcheck-1.0.3/src/tester.rs:402:5
[INFO] [stdout]   29:     0x559a0275ff64 - <fn(A) .> T as quickcheck::tester::Testable>::result::hdb00311bb5793c78
[INFO] [stdout]                                at /opt/rustwide/cargo-home/registry/src/index.crates.io-6f17d22bba15001f/quickcheck-1.0.3/src/tester.rs:371:21
[INFO] [stdout]   30:     0x559a0275be45 - quickcheck::tester::QuickCheck::quicktest::h3d6750d3ee1a4de0
[INFO] [stdout]                                at /opt/rustwide/cargo-home/registry/src/index.crates.io-6f17d22bba15001f/quickcheck-1.0.3/src/tester.rs:121:19
[INFO] [stdout]   31:     0x559a0275ba31 - quickcheck::tester::QuickCheck::quickcheck::h9f51c9611f2da7b0
[INFO] [stdout]                                at /opt/rustwide/cargo-home/registry/src/index.crates.io-6f17d22bba15001f/quickcheck-1.0.3/src/tester.rs:163:36
[INFO] [stdout]   32:     0x559a0275c123 - quickcheck::tester::quickcheck::h73727fe57e0ef233
[INFO] [stdout]                                at /opt/rustwide/cargo-home/registry/src/index.crates.io-6f17d22bba15001f/quickcheck-1.0.3/src/tester.rs:183:5
[INFO] [stdout]   33:     0x559a02752d3d - arbitrary3::tests::qc_test_data_span_test::ha9312cb3d7aa626c
[INFO] [stdout]                                at /opt/rustwide/workdir/tests/arbitrary3.rs:874:5
[INFO] [stdout]   34:     0x559a02752d17 - arbitrary3::tests::qc_test_data_span_test::{{closure}}::h0cd11222900ccb90
[INFO] [stdout]                                at /opt/rustwide/workdir/tests/arbitrary3.rs:874:37
[INFO] [stdout]   35:     0x559a02767076 - core::ops::function::FnOnce::call_once::ha0ed712abe235013
[INFO] [stdout]                                at /rustc/82e1608dfa6e0b5569232559e3d385fea5a93112/library/core/src/ops/function.rs:250:5
[INFO] [stdout]   36:     0x559a027a1dcf - core::ops::function::FnOnce::call_once::h2b5d431d5046312d
[INFO] [stdout]                                at /rustc/82e1608dfa6e0b5569232559e3d385fea5a93112/library/core/src/ops/function.rs:250:5
[INFO] [stdout]   37:     0x559a027a1dcf - test::__rust_begin_short_backtrace::h7714669af176e207
[INFO] [stdout]                                at /rustc/82e1608dfa6e0b5569232559e3d385fea5a93112/library/test/src/lib.rs:628:18
[INFO] [stdout]   38:     0x559a027a0de5 - test::run_test_in_process::{{closure}}::h85218797dcbcec12
[INFO] [stdout]                                at /rustc/82e1608dfa6e0b5569232559e3d385fea5a93112/library/test/src/lib.rs:651:60
[INFO] [stdout]   39:     0x559a027a0de5 - <core::panic::unwind_safe::AssertUnwindSafe<F> as core::ops::function::FnOnce<()>>::call_once::h76c106ea31c14d7b
[INFO] [stdout]                                at /rustc/82e1608dfa6e0b5569232559e3d385fea5a93112/library/core/src/panic/unwind_safe.rs:272:9
[INFO] [stdout]   40:     0x559a027a0de5 - std::panicking::try::do_call::h3bd5d0f6620ee946
[INFO] [stdout]                                at /rustc/82e1608dfa6e0b5569232559e3d385fea5a93112/library/std/src/panicking.rs:552:40
[INFO] [stdout]   41:     0x559a027a0de5 - std::panicking::try::h232e535e4744fe31
[INFO] [stdout]                                at /rustc/82e1608dfa6e0b5569232559e3d385fea5a93112/library/std/src/panicking.rs:516:19
[INFO] [stdout]   42:     0x559a027a0de5 - std::panic::catch_unwind::h3ce3bd6ca8dbac68
[INFO] [stdout]                                at /rustc/82e1608dfa6e0b5569232559e3d385fea5a93112/library/std/src/panic.rs:142:14
[INFO] [stdout]   43:     0x559a027a0de5 - test::run_test_in_process::hc97b257c9621286a
[INFO] [stdout]                                at /rustc/82e1608dfa6e0b5569232559e3d385fea5a93112/library/test/src/lib.rs:651:27
[INFO] [stdout]   44:     0x559a027a0de5 - test::run_test::{{closure}}::h2aa798823a438d38
[INFO] [stdout]                                at /rustc/82e1608dfa6e0b5569232559e3d385fea5a93112/library/test/src/lib.rs:574:43
[INFO] [stdout]   45:     0x559a027690a6 - test::run_test::{{closure}}::h87d231c78fb59832
[INFO] [stdout]                                at /rustc/82e1608dfa6e0b5569232559e3d385fea5a93112/library/test/src/lib.rs:602:41
[INFO] [stdout]   46:     0x559a027690a6 - std::sys_common::backtrace::__rust_begin_short_backtrace::he6df152596625789
[INFO] [stdout]                                at /rustc/82e1608dfa6e0b5569232559e3d385fea5a93112/library/std/src/sys_common/backtrace.rs:154:18
[INFO] [stdout]   47:     0x559a0276e157 - std::thread::Builder::spawn_unchecked_::{{closure}}::{{closure}}::ha94be15d1e0acf36
[INFO] [stdout]                                at /rustc/82e1608dfa6e0b5569232559e3d385fea5a93112/library/std/src/thread/mod.rs:529:17
[INFO] [stdout]   48:     0x559a0276e157 - <core::panic::unwind_safe::AssertUnwindSafe<F> as core::ops::function::FnOnce<()>>::call_once::h9dc6bd6372f16606
[INFO] [stdout]                                at /rustc/82e1608dfa6e0b5569232559e3d385fea5a93112/library/core/src/panic/unwind_safe.rs:272:9
[INFO] [stdout]   49:     0x559a0276e157 - std::panicking::try::do_call::h9057517f80303cd4
[INFO] [stdout]                                at /rustc/82e1608dfa6e0b5569232559e3d385fea5a93112/library/std/src/panicking.rs:552:40
[INFO] [stdout]   50:     0x559a0276e157 - std::panicking::try::he3a30b11ee45340c
[INFO] [stdout]                                at /rustc/82e1608dfa6e0b5569232559e3d385fea5a93112/library/std/src/panicking.rs:516:19
[INFO] [stdout]   51:     0x559a0276e157 - std::panic::catch_unwind::h410458cfd3528b8b
[INFO] [stdout]                                at /rustc/82e1608dfa6e0b5569232559e3d385fea5a93112/library/std/src/panic.rs:142:14
[INFO] [stdout]   52:     0x559a0276e157 - std::thread::Builder::spawn_unchecked_::{{closure}}::h72ac3bdb567b737b
[INFO] [stdout]                                at /rustc/82e1608dfa6e0b5569232559e3d385fea5a93112/library/std/src/thread/mod.rs:528:30
[INFO] [stdout]   53:     0x559a0276e157 - core::ops::function::FnOnce::call_once{{vtable.shim}}::h38f34da3654a8344
[INFO] [stdout]                                at /rustc/82e1608dfa6e0b5569232559e3d385fea5a93112/library/core/src/ops/function.rs:250:5
[INFO] [stdout]   54:     0x559a02996aa5 - <alloc::boxed::Box<F,A> as core::ops::function::FnOnce<Args>>::call_once::hc7eafaff61e32df9
[INFO] [stdout]                                at /rustc/82e1608dfa6e0b5569232559e3d385fea5a93112/library/alloc/src/boxed.rs:2007:9
[INFO] [stdout]   55:     0x559a02996aa5 - <alloc::boxed::Box<F,A> as core::ops::function::FnOnce<Args>>::call_once::h6ba4a5de48dd2304
[INFO] [stdout]                                at /rustc/82e1608dfa6e0b5569232559e3d385fea5a93112/library/alloc/src/boxed.rs:2007:9
[INFO] [stdout]   56:     0x559a02996aa5 - std::sys::unix::thread::Thread::new::thread_start::he469335aef763e45
[INFO] [stdout]                                at /rustc/82e1608dfa6e0b5569232559e3d385fea5a93112/library/std/src/sys/unix/thread.rs:108:17
[INFO] [stdout]   57:     0x7f882c02aac3 - <unknown>
[INFO] [stdout]   58:     0x7f882c0bbbf4 - __clone
[INFO] [stdout]   59:                0x0 - <unknown>
[INFO] [stdout] thread 'tests::qc_test_data_span_test' panicked at /opt/rustwide/cargo-home/registry/src/index.crates.io-6f17d22bba15001f/quickcheck-1.0.3/src/tester.rs:165:28:
[INFO] [stdout] [quickcheck] TEST FAILED (runtime error). Arguments: (TableStructure { rows: [[1706558114, 1516386179, 1, 4284364605, 946587218, 279856508, 3325872060, 1407511070, 810084294, 4169159430, 712229948, 221165356, 1462465142, 2668472484, 0, 2240676878, 1413833993, 2162762975, 1500375423, 2433258638, 4294967295, 1678091246, 1693814765, 654756299, 774787030, 3751014850, 15077952, 1, 1, 3385509417, 3929022692, 1291825007, 4294967295, 4008476655, 2606099261, 3005931233, 3261438455, 1, 806114075, 1436476872, 3389480323, 2577519839, 1972504994, 3991621699], [4074988333, 1274349386, 2224479709, 3000339129, 3989637782, 4020653207, 1122854834, 4168144193, 3927286711, 1413002868, 414518352, 448906996, 2843353221, 3670470320, 660868131, 666601556, 179141552, 3642979369, 2952266412, 4294967295, 3227621354, 181319448, 2947735737, 1772812515, 146022365, 1, 3135401833, 3420501586, 1865414302, 1859281934, 166381782, 891353203, 1483950244, 60195679, 95362595, 667949653, 3931585172, 3748568892, 1467986668, 2020781905, 1, 2653092331, 2819083520, 85789715, 3911788209, 2229052242, 3867817062, 1956662432, 1720127427, 3728247035, 74957918, 1459359854, 2342251386, 1413558394, 982400934, 3779845941, 703558456, 2963806280, 3104010274], [2476804890, 3783065148, 3926388910, 443203965, 315151840, 1836664257, 3377845572, 2710889928, 3838334172, 3184271768, 2720657364, 1946080426, 179024122, 2332478356, 113435704, 2722644281, 1, 3378373762, 1, 3996292570, 3337631930, 4264940927, 3355280139, 3829946961, 1151857475, 4073425901, 2101675980, 3621475573, 2721504496, 3855375324, 1842623595, 3911799840, 2153315653, 3436020513, 2384004726, 2874934578, 3991185201, 4105483274, 1321060139, 242442765, 600929288, 2360643679, 2297966519, 3254728463, 2534123582, 659980602, 412907234, 2287080792, 2441025400, 2750849300, 198055642, 1, 197192965, 0, 1547493995, 3875905286, 3151269869, 4294967295, 1650106137, 1773847599, 631085807, 2738091344, 3759736623, 3772565417, 2842385113, 4294967295, 3230583375, 3746895595, 2865479585, 4294967295, 1, 177380231, 3326638708, 3245552820, 2974148959, 3106868239, 4294967295, 1886983813, 2516888915, 75505471, 1017532824, 4041347531], [706213598, 3756067022, 92904086, 2919447336, 629818889, 1, 1714332009, 2318323033, 3986461492, 2952890198, 287574793, 2154704550, 1696620339, 4294967295, 0, 922158647, 1520852411, 1243521548, 2678433603, 3193248988, 1845852083, 2648844105, 106793494, 607841534, 1609141228, 2898513343, 1359228675, 829847173, 1876111891, 199197734, 0, 2981866874], [3149689928, 3147027555, 2691458319, 2834723649, 3958855791, 1880905811, 4041362147, 2010703393, 3626641510, 1605895173, 134953599, 3146252069, 2075288849, 1979018467, 2814889638, 2936316206, 1, 2765198057, 1392805425], [3494547617, 4294967295, 3033923803, 1915408615, 2224818245, 3403615184, 2909571128, 1781861337, 4294967295, 4083211058, 1797525454, 1917526083, 3486122413, 242889676, 2189967854, 3803587920, 360181149, 3341433438, 1242987205, 4190776714, 467231668, 1715852193, 0, 229752873, 3425336608, 827699429, 3116249803, 3425846923, 0, 2595511907, 2926675709, 2054803316, 1842946021, 2802973467, 553632056, 27629377, 3201132632, 3966095860, 415981789, 3251963823, 3460807586, 479901943, 219157249, 1991925968, 0, 3926310827, 1682571928, 3698238160, 1, 1399304328, 2633438537, 1034246449, 2015124529, 990763077, 2032522100, 1829619521, 1, 3494164971, 2264983798, 1188737298, 2948240551, 4157315920, 0, 2910272390, 587874758, 4232428338, 2857997435, 2915947930, 3389480002, 3494842396, 1633286421, 3050404728, 3560242431, 3342641282, 2652943637, 4294967295, 4068205401, 2255778254, 961319123, 2268839319, 3433615631, 4251347031, 17480149, 0, 1764883450, 2810088728, 110757932, 3425494096], [4294967295, 2172322730, 244223915, 4197995354, 3355407129, 932496835, 2888222182, 2068624398, 2370109515, 1128179684, 1363423548, 376286747, 3313436648, 1929346352, 3628134713, 2255029480, 2145169310, 2289245264, 477806360, 874079235, 2718124887, 1529757875, 1901492485, 0, 2602644003, 1603580574, 3232155550, 1935706352, 4294967295, 1269318182, 3009677589, 4294967295, 936864996, 1243546114, 2896349832, 1436835209, 1578797730, 1946324343, 602237855, 4294967295, 3028985229, 3440938369, 4108298285, 2538779440, 3472625167, 3941942808, 1816314245, 2977525266, 2808670192, 74087846, 678373893, 201713159, 4083855498, 2177786172, 4274723137, 821454837, 1553840324, 3970898429, 4156412265, 2327217101, 0, 1876925836, 1, 1384781288, 0, 2038632454, 647092855, 2438506178, 3552548798, 4294967295, 815235234, 2003374761, 4294967295, 232723437, 3796019655, 3534748244, 1570258600, 3361589835, 3465680289, 179783598, 981627709, 1142590717, 3705003959, 1435353071, 1819784333, 1835915132, 3750440158, 1038964220, 2335735240, 850011325, 2076256458, 3717879063, 3688545633, 3590916398, 3318792974, 3512437317], [804383468, 1, 1170033520, 0, 3964824725, 635513232, 3472524257, 3680402740, 748305896, 3014361354, 1169639520, 3366318547, 1084163065, 2734143499, 4232029872, 4260800269, 1, 1956676899, 1558188557, 0, 4254549700, 2364511511, 4077557446, 2628887479, 2373327280, 819936238, 2988697868, 2944726530, 1957524530, 279166583, 2710840222, 1, 1255715566, 4198324234, 3486781532], [2004978482, 4228242561, 4294967295, 3523676346, 1357904597, 1383088207, 2053626199, 2352107223, 386071720, 3562600879, 4294967295, 0], [2115983059, 1283781499, 1665636227, 4142945082, 515835380, 867708593, 4027295685, 73104408, 3995817526, 1874200031, 1737902865, 1758988252, 1208103220, 3877056038, 3729729025, 4294967295, 0, 4294967295, 932471202, 3785057904, 3881950606, 4294967295, 1212589680, 3813655062, 1882494534, 556577122, 2198653810, 4237417835, 2901363149, 1, 1946141749, 836552787, 743480934, 955310967, 3087649801, 920290939], [1486626475, 4127675816, 2809732342, 898041030, 326449069, 1640932236, 3852571263, 692043201, 587838260, 3279172870, 3286350826, 4050580162, 3751387336, 3644428899, 772972596, 174779253, 2000422507, 4294967295, 185640269, 3642064420, 2191942953, 3376178377, 0, 620943140, 2908129319, 1, 4087625925, 2696536161, 1210379976, 564145013, 653650738, 399173495, 858553639, 2020935909, 1116545041, 3314585958, 3650769179, 158770926, 2283606136, 331417044, 393007312, 3135084709, 4016371851, 3476028128, 803041550, 3453335340, 3813614416, 2234898231, 1663510900, 3916053102, 1171991680, 3405654851, 1224574821, 3302361120, 3889485539, 1671790857, 976514852, 3620799715, 19098191, 320405196, 77065509, 3695231242, 2854366232, 1738248352, 1246615141, 2644046474, 3649864494, 3239882557, 1987246155, 4294967295, 3420689045, 4098059059, 1279017399, 1, 1072303933, 3708897751, 3403666312, 0, 2813177682, 892455741, 1619121705, 4014104849, 2018806090, 1416020915, 2482624716, 3722131095, 0, 3280229691, 906542627, 4294967295], [1807578921, 4294967295, 1481539999, 1676419509, 1240723337, 3329302279, 762560330, 1335063831, 3549971195, 1, 3685380427, 3595996877, 3140266629, 4223444084, 1, 3675739563, 62057205, 3135160540, 1986197848, 4190868834, 4254467783, 0, 2380015827, 18811035, 3341030647, 4233163924, 2354147665, 1889228220, 2902388533, 1274515602, 1902018479, 273234646, 1265385988, 3777442927, 424589426, 1691582786, 3064277316, 2842547612, 4294967295, 3410880598, 2407488017, 2198435762, 4294967295, 2140119019, 3428113768, 1, 288646539, 1241521305, 3877433775], [3397229097, 820053256, 852236636, 733571175, 4294967295, 1683809304, 3642366992, 1773781219, 1638653250, 0, 2075441624, 3468873639, 4162630441, 2292216567, 2870337937, 1087713718, 592679253, 4216279737, 825905897, 854985458, 3012876588, 174762990, 255755703, 3795561085, 4187459463, 873803274, 93394781, 2257105201, 1900473143, 3863437981, 3000507768, 3394475081], [4178289213, 3196239564, 2026809395, 2580119506, 1548763857, 3551219946, 1746162899, 2004545873, 2311502502, 779695615, 2370452143, 2076156257, 3598538722, 3534450060, 2538631379, 2910038413, 1624110635, 1501400729, 3192604147, 1262894712, 3979532620, 104231827, 3359856819, 0, 609973910, 4294967295, 0, 1815131936, 2074066245, 2399111377, 3045868229, 3211846084, 162883915, 2256762411, 2997251727, 1223844398, 3346309569, 233747438, 1306259200, 4294967295, 0, 1030711530, 2906898699, 1897704869, 3326166952, 4023745120, 4186846128, 1803409296, 4200622707, 3931131966, 3156490273, 3952722645, 1928843739, 4294967295, 1248542594, 3664414011, 481467523, 3870064189, 3371291308, 1, 1637048485, 749194420, 3732595479, 1110965503, 574299388, 950105668, 1095232371, 1722726264, 2490975265, 2940024677, 2328144295, 887832660, 2737881910, 309614572, 2318309316, 2885155143], [741442298, 1, 3586864851, 365816505, 640884865, 0, 2800607601, 3680349322, 2942767451, 2132429793, 1260863922, 3922865409, 3448744948, 2473296960, 2624762573, 4294967295, 3438504573, 1908739971, 3403771807, 545546780, 1737227883, 3512481494, 3267958897, 2086286107, 3610508929, 1928841903, 503961642, 3459608432, 28133758, 2129370425, 4035473095, 1302134667, 1932856861, 430939115, 1322950494, 50143174, 928373222, 1874564267, 1033801023, 3948053283, 2391007134, 288763799, 3816269367, 2000624378, 2697896499, 2922413329, 7707165, 2791640165, 622306144, 293553736, 3888496441, 3567171815, 1683427121, 742918991, 286129448, 4106277183, 3216190654, 1707883906, 2642263604, 1789940003, 933853975, 2598522319, 0, 4294967295, 641161917, 3201448262, 0, 0, 2423120262, 2919105627, 2508427507], [3459273629, 2622651977, 289945020, 1230438171, 3501197502, 3157650528, 3801724962, 1524056864, 608504444, 297700543, 1973472589, 1361908033, 2742237748, 1699511832, 1851951513, 887937690, 2673503532, 1774868479, 263299900, 2933081784, 1070999821, 4140453624, 0, 3923690993, 2828022809, 3317623922, 1590726854, 1656100520, 1947643454, 1366701464, 3839049419, 662736070, 1165032361, 1800316510, 2761679129, 4042610049, 381115627, 2276062473, 2525110224, 1855025152, 570461236, 1320531586, 1311066203, 3980584673, 4135434655, 2996237680], [3931520607, 1773079629, 0, 844214123, 3281563720, 2004549252, 3845782295, 405061636, 2953843293, 1864020201, 3089482392, 2179728727, 3409816244, 4294967295, 3923090854, 1010240413, 679720605, 547625778, 1865088391, 4183699466, 2722907429, 596286449, 3794996316, 4294967295, 0, 3324223362, 3541168622, 3141371124, 1062057646, 1983390429, 1, 389413043, 3102323013, 597514499, 2402883945, 3752882961, 1843072594, 762215351, 3346651047, 1735692575, 1799115013, 1599783835, 3090302731, 0, 0], [3813058254, 1224293363, 3141488401, 2629060624, 1, 3368660813, 4222034550, 466489333, 3593639690, 1, 1658845583, 3807561528, 2292386063, 2225549315, 724647637, 4294967295, 2379084556, 3351267746, 3548541107, 1161768289, 2884364921, 663602937, 931591315, 2662610830, 477011601, 3477762342, 2739149871, 1145575538, 1306665458, 3177380480, 3763289493, 3104817591, 990507163, 3795398267, 3460852142, 163523538, 1444706550, 0, 3459633845, 1165617544, 1, 2687610594, 53420807, 4179637033, 3607161052, 4105081028, 4272899635, 752336227, 1388546359, 0, 90469595, 2665864056, 2802930679, 1946837636, 3584132862, 318655256, 1689253269, 1603952992, 3463896657, 2515632511, 2825994389, 1998896606, 3178594875, 1650138553, 4025672567, 2172863206, 1417405423, 3238110490, 24081211, 4181568989, 3455464451, 686900432, 4278736254, 386140369, 2910893434, 1682175278, 162177024, 2633976985, 2752516769, 1, 1465789783, 208062751, 2356106537, 308465236, 990437294, 251359682, 1602958012], [1646162138, 1834917688, 3868426064, 682903461, 2007175057, 1, 0, 606752127, 648835584, 3135786174, 1117301172, 2872341232, 1726205988, 515232260, 1482227317, 1997397765, 1307769889, 2669808933, 4264551254, 3185328589, 1950009223, 3788428909, 4035087596, 2439108514, 960175527, 4124226675, 0, 856675693, 38652232, 2023335083, 2225984596, 1809075805, 3836552444, 150333106, 326953678, 4294967295], [2060656787, 208266259, 3717128856, 724466404, 536312592, 718961178, 2178746708, 2503807002, 3859045700, 1594965129, 1482522919, 3389574191, 2637652524, 2673666478, 177058382, 3450561486, 4199786889, 247326572, 1734450894, 1107788232, 1362177500, 3588141688, 736124927, 1665838338, 3416856803, 2494570621, 1981511149, 606951181, 881943937, 2021236480, 2341345422, 2379573150, 3265481512, 2210609656, 2318713773, 2825160010, 0], [279434274, 3538358095, 2416619240, 2596565369, 3541319757, 975261182, 4244358667, 2495197589, 2789571754, 1593136880, 2766504214, 688302452, 1880405139, 4294967295, 3540103190, 678455061, 1, 3371311529, 1, 914017909, 2573092128, 2305884590, 2630061130, 2409774195, 2120493149, 3191260431, 1, 2837394043, 2075908263, 4067507157, 1724314739, 4294967295, 3396079504, 2164183333, 2921738955, 3316226016, 1881387869, 1668616607, 318006214, 2076950719, 2104181464, 4216033178, 696422076, 2175997526, 1227523007, 3506898301, 546344782, 931174348, 2192800813, 3258907337, 3299150236, 1, 125884506, 1354601537, 4168247545, 1980836081, 315591764, 3278130991, 3110874074, 0, 2052583757, 2295030856, 354573403, 1485138115, 1460799916, 3736141413, 0, 2904802056, 1785842762, 4009807155, 1026905335, 3620440260, 3032008253, 2229585341, 1809548369, 650011820, 2894921351, 267764418, 2972463743, 2910535416, 1554285353, 1836885473, 4294967295, 3909134417, 2385808174, 3655238583, 97915241, 2973622386, 1, 512107897, 940160278], [98791847, 2816780020, 2801426845, 4277460711, 1067138652, 3161117297, 4122592649, 2950747482, 3890195444, 1076580131, 1566247431, 3600180421, 4140705020, 2447350854, 3478033262, 2805421359, 3090280153, 887463443, 4294967295, 929940771, 1681849668, 1880099534, 0, 735841912, 3051584509, 4151819520], [2988037678, 971539422, 2965052526, 589891094, 3894506877, 4294967295, 2034815259, 3833450562, 1206008135, 1617065034, 1114375690, 3587988173, 3696477426, 3459312408, 1149125221, 3676651259, 2908575783, 1063093804, 1554216105, 581047744, 4294967295, 620454220, 3914181563, 4140997379, 549328537, 360122664, 3801081110, 3222904246, 2162559588, 271258881, 431381541, 2075106062, 3750513959, 4294967295, 3236224539, 3126152929, 2260208025, 3449558680, 3228774332, 3327688731, 1938739838, 3597450388, 60112077, 1239414491, 1156304525, 2052872700, 623739054, 534775905, 1060503042, 3047699979, 2684534866, 3255620123, 504615046, 1386856996, 2067765594, 2596364353, 3020141789, 710776784, 2281251297, 1726503222, 3938567761, 1025657029, 2808538794, 660552047, 1, 0, 1599017496, 3181836214, 4294967295, 427946102], [2902032493, 3312547061, 3882261255, 4159231084, 3646555954, 3836472575, 2966484857, 3204466157, 1267276167], [0, 1650069312, 3644577052, 4269588191, 1, 2188322392, 2961359510, 3388831802, 3232987531, 3869761507, 3671449723, 1876681747, 3985096768, 868434349, 1347081472, 3182796888, 42476676, 4090318065, 1845684335, 1554333250, 40582745, 1090951319, 2399593167, 1098298408, 3817047339, 1335245047, 2543028253, 2860680622, 3302752866, 2913098579, 3060948431, 3021185686, 2386044087, 4294967295, 2362025863, 1246519893, 1054692558, 2591943349, 4173198819, 0, 3616352639, 484656782, 2277167991, 2490854634, 676032858, 1158247766, 4294967295, 1767205229, 1773982315, 495185208, 4282965421, 771453948, 1623048004, 2092395238, 2874746127, 2377197738, 4187118670, 3609565228, 4090664832, 3112226646, 2121784747, 1884045191, 0, 0, 2661066454, 88416154, 99361087, 3711960071, 2444698177, 2531429385, 641157704, 4294967295, 1, 1735423046, 1013890198, 1987518053, 4294967295, 1346637045, 2394740367, 4212770904, 3571124578, 5917644, 2253666194, 0, 1134888326, 3685014177, 179015827, 1389479053, 1, 2518062900, 2851373347, 2085674858, 3969399292, 1276063923], [465769182, 2476957000, 1243631184, 1, 2199865345, 2664042881, 1847105557, 415448359, 3283202264, 3728840090, 2980071867, 284510985, 1912034652, 1895002878, 231125503, 2658935651, 3306101640, 3649822460, 4093659841, 3438437394, 492028641, 1564825657, 2062560526, 2391123968, 1529700419, 1970119385, 3685806678, 1963572954, 1423465777, 3524211643, 2114540134, 3164529860, 2932034881, 1454130436, 3227984843, 1, 910181531, 2735279689, 1030687318, 2879957921, 3007164162, 796442663, 4197114020, 2446913126, 51195950, 2685128857, 2484596196, 2407324241, 4278113011, 3161166826, 280987157, 3130902576, 4156125476, 2294153197, 4232562350, 3203375508, 700696005, 4294967295, 2324017689, 1482040257, 217481993, 3139474744, 2004777387, 941617880, 3113659200, 3879105661, 3733731933, 1004626995, 3453318233, 224418298, 139485670, 494908076, 105517030, 3775372520, 4294967295, 61067075], [1811364237, 628377199, 3310176272, 802306296, 3014285468, 3415467936, 2901837847, 4294967295, 1642764998, 4161496949, 2260723399, 2227121941, 3104191704, 1852937686, 1, 1487010876, 3197221300, 1443182731, 3901676620, 3186912774, 3746703317, 1292749825, 1484479197, 1119733945, 0, 2270998022, 3016672415, 3358148242, 2248028090, 3223987654, 411388346, 1591262484, 2434814310, 2858275157, 600209432, 3353071292, 1004843850, 1431954314, 4294967295, 2834738326, 686629403, 3652565126, 4294967295, 4076677854, 200619226, 3070729000, 1096539813, 4232676529, 3131003693, 395261447, 499322902, 0, 596016955, 4294967295, 2257792579, 3011728138, 564606084, 1, 1797078525, 2240697028, 2005283130, 3332388091, 2553819961, 3128094135, 3939049815, 722810680, 1779624357, 2474912185, 1137476568, 3058440932, 553411378], [3672740907, 3663792825, 4164902865, 153262412, 2347181992, 1140723018, 1951485058, 1790447833, 0, 2507122748, 2221453003, 3805931673, 2036963657, 3737054992, 3134659133, 2343399599, 1805315480, 3421340297, 3283185191, 3103119085, 2850562850, 2273526886, 3691684569, 4294967295, 841129932, 1623191676, 4294967295, 756080557, 3804460134, 4294967295, 237145024, 2965980070, 2747212257, 3274853538, 1667162062, 366563757, 703945707, 3019084035, 1642162002, 1031068150, 4001559139, 0, 2069993802, 1611302988, 2632175950, 4222874653, 4194766069, 3707382055], [2105401130, 624256108, 844023510, 3047460586, 1475215374, 1310277075, 1479710167, 3562617136, 4294967295, 3576472056, 30850115, 2046372841, 2963617764, 1087819131], [2192338406, 2269608188, 2815220424, 1, 472528684, 2617058215, 2358690056, 1016367191, 2882768589, 1, 2090541610, 269590753, 2300651795, 1278563145, 3389182353, 2046792527, 2572674505, 4121581788, 3982202757, 3962313170, 3999299921, 3490098768, 3837990873, 1, 1368196459, 4294967295, 1401174038, 1822474972, 1, 1558733459, 1152339960, 567814210, 372887072, 527271263, 1354981300, 4171802731, 2870156694, 222799953, 433304496, 978388349, 2834543220, 3450589083, 2881634806, 0, 1135058530, 216048031, 940203750, 1664217236, 1994778315, 0, 610259337, 3731523800, 4202485589, 3253771992, 654784019, 129074779, 3565445523, 4097247351, 1721764784, 3359825147], [3326044189, 0, 4294967295, 3972219604, 3239039217, 4294967295, 732531818, 465004308, 2024869036, 1838079527, 2432052386, 2900027479, 2866684903, 327387456, 2331371789, 3412164290, 621147107, 3784479485, 0, 1190464941, 0, 2906170225, 2415125879, 3245619439, 1652684704, 1951807236, 573134807, 549855439, 1, 2503487048, 2562360687, 3888327829, 330803650, 0, 4294967295, 1, 3179472740, 2722302642, 1840465511, 666351121, 2150666094, 3538212921, 714850251, 1498782469, 1444554424, 3825248538, 1221958698, 1, 1, 196257459, 1041793150, 1589915308], [1086645949, 3665277543, 1837867538, 3434857458, 4271011661, 1238783321, 1133620357, 1532095312, 443771369, 2414326078, 3008666634, 213439062, 1453226249, 4289221608, 3340226453, 1061532489, 3971608325, 3695294744, 3057010166, 3043245989, 2828394825, 3196656360, 2696970881, 1368088643, 814122228, 3345003361, 257170502, 2704074924, 4192385146, 1044651705, 1588499689, 2918178946, 2999483286, 4294967295, 1700081495, 564944368, 1091398318, 4198444753, 0, 3385938143, 812554502, 20354923, 1677507518, 3033094950, 2527989994, 1363529278, 0, 2504900383, 1040209084, 2886572836, 3152021244, 2168664251, 1859661253, 4183176423, 1380408654, 1627417963, 3752126157, 3832481537, 1489714095], [3401661222], [1484241020, 1474123747, 4205733099, 44599098, 3665989930, 2682280871, 1, 2880181487, 3578938868, 485219889, 1890043960, 949783563, 2913717775, 1432632639, 3418506297, 0, 1851749234, 1863568071, 2713419983, 3353598165, 2655559451, 3309335118, 550753834, 84414008, 3507805679, 3360506494, 4090638202, 3845036405, 3652765823, 451882965, 2470920774, 607135485, 4196928641, 146527489, 1453690450, 79306920, 1, 3078574712, 430520479, 2696283549, 159782175, 3609249037, 468440176, 500665156, 1628048090, 1102883749, 3706116475, 1320065910, 4294967295, 2091294388, 4136290307, 2694197318, 2906754505, 3700139519, 613616939, 3250430579, 559446944, 0, 451394592, 3757742957, 869322356], [1440146728, 2013071880, 181026986, 811597505, 3094566597, 4155287824, 959333786, 2907430413, 593418732, 588581962, 3316156612, 2335882745, 2158253198, 2548347427, 2544662209, 4106316200, 2307013504, 3121859164, 1367592522, 3797015257, 2876531382, 85538355, 2411732368, 3438474604, 4234765239, 1, 2366787672, 2419093993, 2484837199, 0, 570164111, 2521907128, 2788471795, 1, 772628777, 1024621145, 1934816354, 545253910, 2670472961, 185566258, 1687966823, 949354687, 3564022307, 693400398, 1253118515, 1110713787, 468758662, 2311252451, 3629303623, 3521419604, 4233948439, 3186264217, 4131452073, 1720773737, 3304082122, 1644513611], [1491269159, 1996165602, 1666792534, 2110759640, 2688461342, 1318609274, 2817155403, 1140608949, 1442352385, 2781278874, 1261393150, 1838684138, 0, 3692118549, 32653058, 2189044134, 3215139526, 4203661836, 3776021597, 2030089761, 3297622150, 681202975, 1230581328, 164285232, 2827621226, 1033282590, 2476939308, 3712728421, 1757789722, 3578493480, 415317654, 3500796407, 402267087, 566940072, 761773169, 18113627, 567211903, 2853821505, 3441929634, 3178258355, 4294967295, 762509534, 1876036491, 3821227630, 3833039464, 4130356406, 1467023946, 2328251957, 1817215494, 27522994, 2696442356, 1567836686, 4133974841, 1365157689, 2282131808, 1110354780, 2710920879, 296193872, 3607712385, 829928920, 1279173461, 273775409, 1869377924, 1703755935, 0, 2717887684, 3403582065, 2924272467, 36287460, 1973885316, 0, 2303260916, 1636352847, 2616403549], [3115095319, 19667947, 2712514746, 1382403125, 1650394475, 3456948442, 0, 1829915400, 2572183125, 629534599, 171818660, 1017291536, 1721766218, 2152056425, 1162255336, 3412292505, 2701976758, 1052394947, 1, 2167883129, 1718560383, 782369334, 1804947239, 730159924, 2703912622, 3767563204, 3698297664, 762644655, 1193089473, 453002684, 3253359995, 1212120891, 3566764404, 533952479, 151850429, 3849575210, 3711930103, 1, 2562984761, 1602643063, 1899152349, 3870914221, 156992203, 4199341184, 4294967295, 1, 4183175095, 3470754660, 2231301506, 1121540514, 2590941719, 3824376235, 1659102762, 0, 966762652, 535552043, 348315660, 1, 3854475452, 1150364841, 2008697251, 3713238446, 2163928192, 684944102, 3336602668, 591053206, 877165805, 1705606822, 3290559997, 2048068372, 140257311, 1868909407, 661089130, 1307295038, 594431034, 795524152, 1367774142, 172271555], [3951610844, 3713605896, 2649254641, 3384614361, 3596047903, 617775039, 1870411038, 892578563, 156467727, 1401315978, 560039985, 1606826868, 9074268, 3753347009, 2662481176, 4294967295, 1879398368, 1292482056, 1199174464, 302669540, 4209068782], [3069261478, 4294967295, 4137292180, 4294967295, 1946914532, 1345693228, 3130554375, 1, 206018976, 3113440848, 3027223532, 915925949, 1886633926, 1451232461, 2724223294, 2854318030, 2711374642, 3269177928, 4074200495, 2362551043, 2984106150, 4039617440, 3697523047, 3506342272, 797370907, 914224685, 2683722123, 1260031317, 4028720023, 2148870348, 1772308262, 1349897244, 3630782676, 1050281001, 1769960507, 3458906521, 3115157964, 3388466553, 3545304867, 1, 2795748585, 2697698228, 2825416969, 2514458050, 1204784908, 3282928032, 4220116213, 3526848177, 3590251703, 2371974451], [3122025390, 2900776271, 3473049304, 534066611, 1067140113, 1410884345, 2411054131, 4294967295, 3137269265], [747957368], [372609741, 1296408359, 1929578224, 2677847132, 470666943, 3324461597, 3372473334, 324494260], [4090989934, 549185962, 536292679, 2361721544, 1, 771545124, 1655332170, 1095376927, 3183313942, 1304659652, 1903080443, 2964564808, 4263980285, 133046946, 1609039636, 2811525430, 842358093, 3327611016, 4279748797, 3736355616, 1947051710, 4165403591, 1276936215, 1612658892, 1000029356, 1289715787, 2506261284, 4036303057, 1890204231, 3918579608, 2507122991, 2046345998, 4294967295, 2763549109, 2078990090, 2545406147, 2775810609, 2658628638, 4028886771, 3093102478, 4135955195, 0, 3717773637, 778740016, 59263380, 1, 1, 1579791786, 3827645855, 1, 1712971749, 3140707524, 3578719505, 1178376415, 0, 1871122592, 4294967295, 4193543101, 672741786, 4079114736, 1170566431, 442803405, 0, 4294967295, 3430096586, 1132465527, 177278981, 1596911471, 4253807788, 495817240, 2079891892, 704859693, 540715212, 2046097969, 2861016303, 1573634390, 648082347, 3530133704, 0, 2117891531, 137608117, 1400963286, 2762266501, 3322133682, 2269156405, 3748579876], [2993926333, 3958384017, 3784649265, 2580101855, 966978475, 2875115098, 2145651299, 338318394, 3231582564, 3864240530, 2352728825, 3319234928, 959205225, 984982569, 3917576510, 3700332544, 2509817464, 2578547520, 1473169733, 3161992330, 2839712982, 4082292281, 520040554, 372625333, 3901236028, 592611150, 2090563520, 4045840071, 1344017360, 1234954487, 2561218178, 2826011999, 3731994354, 263349971, 1678237172, 3287138218, 3726982993, 105240420, 1151873297, 1], [2199436945, 2151908971, 3422077480, 3210112157, 1, 1363022268, 3655423722, 1287239494, 589420398, 2088256850, 3181922493, 1555843007, 1921627575, 359642060, 87079050, 3327221065, 3349346411, 743960642, 462072079, 2027189418, 3825003813, 216130945, 3538963943, 0, 4125335283, 2897115367, 3034146872, 1010462139, 2278816481, 1301842330, 3738959896, 3877353037, 914994849, 1, 1196079871, 2655878763, 3479218811, 2769703422, 3194648316, 2135313900, 573044463, 1078066645, 2884018497, 229422318, 3002006758, 424113892, 8319247, 2107860028, 545189996, 2491362628, 376807752, 4281470414, 534534698, 2191141031, 1578576078, 917500881, 925048314, 3496438273, 2771366994, 3660171497, 4265010083, 0, 4151899720, 1726952949, 1489885236, 3295186721, 319197060, 1403670687, 2482588905, 2722743823, 766971993, 1428289786, 4265568464], [3492638990, 3162428387, 3034109815, 3396926156, 1996010428, 3590175808, 1509001207, 580231071, 1199955838, 3058729474, 4114538579, 1880039111, 250787385, 734604636, 1044612783, 1965137547, 397728949, 2368706944, 2415367525, 3252577815, 1033502487, 1, 1326603375, 0, 4294967295, 3951733307, 626416184, 1, 598633960, 1229907338, 1809755256, 3601109106], [3568656982, 2691552474, 3791227605, 2653579504, 1159872115, 589925012, 1737720161, 1891619987, 3542310395, 1127581663, 1422896612, 255790783, 3108115355, 1049717850, 4252703100, 4112063521, 78942263, 2213894606, 2830424837, 2585721543, 0, 2214191365, 2628061353, 1832990757, 4294967295, 1, 2156364564, 1013306030, 2048343822, 0, 4294967295, 3988480635, 901535436, 3103652332, 2850199796, 2753224664, 21400303, 373082024, 1675133171, 1447783695, 80134543, 3208635910, 4294967295, 3522122430, 1343310666, 3358923961, 3120505982, 3259187059, 1483917131, 3161271742, 3242834826, 3247442556, 4294967295, 150568746, 3014824991, 1, 0, 1392097964, 3415626605, 1, 477450621, 919295888, 3166267798, 441193431, 1010681209], [1460658195, 516881736, 3742877289, 279385682, 118363789, 242678303, 2292279797, 1618905998, 3069500614, 3309720787, 2345262371, 2031695734, 2169837701, 2513739959, 263427108, 782851716, 1417878648, 3323359498, 4228153555, 2926248665, 1301684748, 4160916443, 3333647273, 1398152660, 4013992909, 0, 1293397872, 1612862995, 1507453956, 3137840430, 2964947772, 2722121248, 3228630685, 949753707, 394020281, 2381462206, 2854994513, 229079339, 0, 345954099, 1, 1414346842, 2682016469, 4294967295, 1803606192, 3741612001, 2444499473, 2923017689, 2270417785, 0, 4005575645, 2881017937, 4273719675, 1091849760, 4051824901, 3358866957, 0, 448096875, 1785302762, 2438707597, 1023030928], [320742571, 1, 3860828354, 3166499911, 767838533, 526911253, 4294967295, 185493425, 3221978614, 541477363, 2196642541, 3656617103, 741704171, 2182286025, 1561445238, 3819998140, 3515024766, 1346250699, 4141071100, 1, 772078741, 2130722008, 1797244272, 3156395417, 281267766, 3225266273, 1078861074, 28955891, 3681296804, 2061310883, 3874795325, 3143918657, 940305584, 2734010728, 596080619, 1524336617, 1424625380, 2040914357, 3164144054, 4186310587, 3863316063, 2352551100, 749172428, 691368751, 1427131487, 2199036150, 450587981, 1, 3883922256, 1372164964, 1, 3237090349, 2054008094, 1950458502, 1, 2480456244, 2900720895, 1564229152, 1798663576, 672288505], [1892630150, 4150273289, 40983630, 2939337106, 2516538393, 1442939480, 2130345772, 3226734403, 104108117, 1727703452, 2782984608, 2961236457, 3147951481, 1402437787, 3423192027, 3309990285, 3117009436, 4087296146, 0, 1486312198, 887112647, 1802028912, 2612279496, 4294967295, 1, 1684777638, 3926275777, 2633487296, 1703800879, 576647971, 2786202154, 2535599779, 4260084667, 1570535532, 4070588383, 4286294357, 2147557438, 3493885218, 2157181307, 1831705833, 854310485, 2954163098, 4268489725, 4266026747, 195255941, 2987110702, 0, 441284791, 1, 2269308059, 12921079, 1823161970, 1825806107, 3060224282, 2729948667, 3508282648, 3960460478, 2166534684, 622157333, 1796959183, 686949094, 1572819488, 252740615, 75751385, 1540521364, 4294967295], [4120138300, 1519317573, 47639483, 149173954, 3594740183, 2953944218, 3115197682, 1706546224, 3981945829, 460943027, 3875309319, 4258611707, 1828561917, 2277251465, 1579898390, 484058697, 4292370743, 2982646211, 4294967295, 1636343000, 2430936416, 2910751838, 626201002, 1, 3645016238, 1, 875260192, 1528418656, 706145658, 1002562505, 1829063287, 3586829377, 200279756, 1, 2254473528, 3795305532, 0, 2122137718, 1653061457, 2594911348, 1845955960, 4041104093, 118324128, 3216538722, 84744206, 2141001362, 3573278723, 3573754364, 1756253607, 3389190608, 3093042708, 3384240598, 466974290, 490812890, 983093112, 3720314751, 2298714835, 2642770626], [1714524487, 2861034017, 2189202515, 2204277883, 3096324310, 4294967295, 3647263717, 3590606124, 2733289951, 3558701696, 2689291328, 823576279, 183003478, 2179551342, 490752432, 1, 2698723213, 4265805997, 579141006, 514585945, 4294967295, 3807279013, 2480038810, 3999476640, 1006237143, 2798721969, 4002213531, 4108657869, 994423574, 4260429358, 1344347548, 4280096856, 0, 4294967295, 3505605042, 2502829616, 1820862725, 1427874818, 4282544965, 197170902, 521213039, 2440842200, 2423881357], [3524797396, 2168216815, 494367242, 2560088777, 1952468959, 3425530440, 3755982140, 3259211303, 4052253244, 1533248338, 3188442439, 2374936687, 115470408, 3945900384, 900733611, 1113039857, 4294967295, 1910344507, 2959048692, 3391691864, 656620493, 1, 712583448, 1124576081, 3011273281, 2837542233, 1309714309, 3517573548, 3817173986], [], [3635131563, 382145872, 2382411851, 1, 0, 1162763470, 3457842608, 1, 3718225747, 2924224795, 3167543950, 3258693855, 1678518305, 47423933, 1857802011, 2679590026, 2106978519, 1617140438, 3940109421, 1916572041, 2370289969, 997213741, 4057192181, 444756199, 2744169912, 3013028975, 1666068567, 2561819127, 2116278715, 2821398380, 93688885, 305745661, 2278118374, 1502252094, 4111410311, 621461812, 3955403039, 3366405340, 3979810562, 167600320, 1, 2200833168, 261213813, 26038887, 4115914739, 3670192801, 2934356533, 2396601309, 1785008622, 1, 4189681535, 2276506832, 4294967295, 1579320618, 658561351, 2040475939, 3596792463, 1113219939, 3986666817, 2080545171, 2923235093, 164059581, 3130457195, 403804015, 2973898975, 2428188514, 2985978756, 69691394, 498749736, 200852597, 0, 2748764815, 1, 4108711810, 979656422, 16481090, 4137530812, 1789853442, 618859425, 1884700436, 293971767, 1212372341, 4294967295, 3470953523, 1567728028, 267638140], [3796423771, 534333461, 1546414766, 2594506564, 2894885670, 2868155439, 4048269540, 4160003097, 1217437875, 3492128163, 1250150815, 1108706947, 2008150912, 1741061511, 3279157202, 2017193758, 2403094178, 2495400530, 818972335, 93094458, 2749720278, 2953679528, 1774043898, 1, 1804641613, 2317974542, 220889064, 1240126926, 2220868915, 1899775118, 2583681394, 797442374, 1, 1340905766, 958537460, 4294967295, 248761661, 2049945304, 1261370758, 1438979578, 4118110232, 2369333145, 481829693, 3734493237, 3051742871, 1668223203, 1118612294, 4294967295, 4198589748, 1158569348, 358849484, 2250810069, 1160145134, 1599220421, 3911866329, 3510661252, 3876130162, 1831623189, 1465756109, 2502271848, 102523847, 425251089, 3001586618, 526450505, 229617986, 673779682, 3185814650, 3493942412, 548490655, 4125155731, 112640468, 1292901253, 2860515473, 1905273078, 1083200111, 1901671473, 2333239888, 0, 3574500371, 1663843114, 1, 3256072948, 2802306875, 614041965, 599457170, 1388852320, 3583440055, 981608829, 3571600065, 0, 1369497011, 375770577, 4216031296, 0, 2840596776, 950743569], [1386962264, 1466466589, 129429522, 4294967295, 2333627712, 4261779531, 200782743, 2193929006, 4149762544, 1362885674, 1876383759, 4294967295, 1651662893, 4192749498, 508366130, 2510566678, 341915832, 4235677519, 3871384990, 2369260623, 4177925267, 2450164324, 4294967295, 1927753110, 2541261379, 1579619809, 529300102, 1610128685, 2074160810, 4521694, 2258235238, 4083209469, 0, 3532938866, 0, 4252943522, 1263992305, 4186630361, 1543910148, 0, 794696390, 755719666, 1898572309, 2638377931, 3276373809], [3264976912, 2869582952, 2951797944, 182612831, 3093172499, 2466295608, 1432946475, 2429300266, 3145426272, 1350375733, 2257247693, 1, 0, 2650976846, 1727257049, 1542346991, 3047329178], [3967196164, 3353719035, 1291100392, 2169552384, 3218957439, 2250221360, 551985205, 1513717623, 1324562267, 3219255590, 45976259, 604802164, 84232612, 2949476267, 3137054329, 2944017838, 2305958326, 1142539298, 988857176, 4230602322, 3773656667, 2996421779, 4016853125, 495661120, 3210507631, 0, 1154637134, 1414354551, 3079852704, 1370728047, 3427296956, 953857758, 877690340, 458781692, 461563636, 3171812634, 828823615, 2001089642, 379817849, 632149143, 173736914, 1635583063, 4019053454, 4252001647, 312032290, 2856977003, 3726773539, 4294967295, 2171959328, 4154626632], [193175089, 1813820463, 2029295315, 2919696516, 4281722013, 1486304558, 2004326969, 2654318753, 3398957558, 3688435804, 4294967295, 706365979, 3797050756, 4294967295, 4032803454, 1327842772, 3310690468, 1864371914, 1258335602, 1797457812, 0, 3812908941, 3675144017, 3168246193, 2966480884, 0, 3435746759, 2081805572, 1090404486, 4024033795, 1112017575, 4248903330, 3837569594, 4235385679, 284079280, 1486938667, 0, 1150741696, 2997994966, 1781257326, 4294967295, 1908357617, 3681617647, 2186676534, 3152052805, 1364368083, 2255336758, 3399100910, 3929006934], [3469343626, 1874530269, 508173217, 3906124134, 375023646, 2623291507, 2362509452, 1405468044, 3217332887, 3612462941, 4076538418, 0, 2468128909, 467705609, 546014521, 3985265959, 0, 2135321335, 3865227321, 0, 3719816171, 3101955920, 2880692781, 1319300770, 2418997365, 2546337821, 624095583, 3343142304, 3240697308, 713988371, 2596998584, 3527933228, 3329607621, 1544311027, 2851489909, 4116723418, 2228161869, 3843384826, 1998559820, 2635435056, 1335969737, 3634649549, 3728298609, 3911088488, 2335006859, 0, 4294967295, 3390166648, 1327550915, 2678492096, 3987143427, 2206348047, 2619195801, 346732799, 2951483991, 2415541829, 1957048091, 2823402263, 2355926218, 4097084493, 2118020613, 0, 2412399139, 91179581, 1969946129, 2827648757, 3100276691, 744808146, 1, 1048308179, 233263086, 1593199810, 1411689761, 2016072340, 1339058458, 918653644, 1897469696, 0, 3331250667, 304168591, 4294967295], [3638765762, 3268917062, 4294967295, 1812166477, 1452155068, 4294967295, 1013136421, 3433501389, 4053926331, 2897083270, 3006937368, 2452198891, 223067313, 1111628170, 2705010607, 1319682518, 973087148, 3420448387, 2868905134, 3179527213, 3539180881, 2839267263, 2504012203, 2019314130, 3463524769, 4294967295, 46449617, 2015355706, 2853851167, 1760787415, 1755863332, 3901816696, 1, 1846738934, 4128623097, 1328857613, 1826195206, 2454570162, 586572926, 1373229902, 2150523283, 3417340003, 1717939559, 2888563742, 1055736685, 3204438028, 3554023806, 2470886358, 2010793728, 3999375303, 3737496767, 3046766026, 2959251956, 925453299, 972704095, 2469172311, 1179447684, 246607471, 2110197990, 3689146315, 4059049088, 4244744110, 2710333399, 1681763552, 204719272, 844865020, 3364650028, 4158901102, 2726343991, 2527196073, 3320392160, 4294967295, 0, 4294967295, 4155529571, 3345713913, 2588880512, 1634586622, 1754786462, 1653415811, 243231179, 2509159417, 1060752941, 1164037799, 989846099, 3512298199, 79299183, 4174138613, 985511398, 2853730450, 401897131, 2988668255, 0, 2687370151], [974910574], [1478357010, 2530319279, 658606872, 3214122521, 3444697440, 1, 1, 3730132132, 3605359939, 2259621299, 3892002847, 3888707892, 2398687391, 2661497308, 2431065113, 209906913, 0, 0, 660364200, 83184511, 3408835824, 277229075, 787463141, 466784710, 4294967295, 152164002, 2574760987, 2250543537, 1479437385, 3570787383, 410718355, 1510442219, 1909752663, 2166418018, 4001707440, 2961037715, 3688344120, 2544295581, 2786593650, 1314549291, 1663751990, 3122537381, 4222379819, 348307635, 3170942363, 0, 3865862569, 1144177697, 995845717, 4238071749, 1198886497, 3886575560, 1196846543, 3052481645, 4027850993, 1, 4259017040, 2779886194, 27012841, 2297531177, 3726856487, 3987341705, 4285901934, 3149824891, 877705152, 3825262455, 3096686669, 4045654079, 1864906411, 3477610359, 1979174512, 2131855159, 3028254008, 126617936, 842219265, 3106178153, 3021691347, 2740243151, 1533024978, 226925877, 3670255604, 4228418747], [1797651799, 3755881934, 3794125556, 1151965249, 1499274524, 0, 1825190862, 1395070428, 2988404951, 3833488948, 846047730, 3537329655, 2499369546, 2552854301, 732746017, 2266280803, 3778448900, 1033508417, 4294967295, 3175283224, 3934707708, 2397758423, 17515175, 2469696079, 3189900268, 2247899283, 2300025404, 2389368215, 2021491806, 2252916600, 1862858130, 3408676605, 0, 720063795, 1531098043, 1, 3914895577, 1406335113, 0, 2155608168, 4200892759, 2222018821, 2086478063, 3724490258, 528575675, 3459368129, 1621286801, 477701979, 3243192420, 79311184, 3910420652, 2836524913, 2993031132, 2578476177, 2526116868, 4016530157, 827074633, 2472608996, 457490319, 3283239516, 2298671278, 3359171177, 2817112457, 3212066351], [4178176323, 3747730116, 314432315, 3393520322, 4294967295, 3746886637, 202924927, 4065943219, 2233265935, 1136296073, 1986491063, 685106464, 854921967, 3448936995, 3485102975, 4294967295, 3866298849, 1286542470, 0, 3200553373, 1406310586, 2228042941, 772649415, 43597964, 567294381, 1740361996, 1476984265, 0, 1739842657, 1552505422, 4253226374, 3568854522, 298134366, 2989650005, 324923612, 1860074202, 3217284941, 0, 881644005, 4294967295, 354519974, 38892081, 914571721, 1058504030, 2103939250, 1, 4033501574], [2449116831, 2096077778, 1618725344, 2359368604, 2145622943, 4169966013, 55815282, 1968248677, 3417812390, 1631459933, 3904769485, 0, 3286367655, 2193271163, 2431004466, 4209547355, 2451223375, 4170468062, 724430373, 3907192365, 2695623464, 4212454071, 977303544, 3138235812, 1952828117, 3840238248, 3551703733, 3868449692, 2935769623, 1813068259, 2424961596, 3474680294, 0, 3417741874, 1525049028, 2806329846, 1509220257, 1216250199, 10746622, 1480230124, 3721653080, 1649042923, 2098512762, 3892587272, 3034463837, 4113039214, 593217014, 4273680809, 1419197632, 1467584171, 2599766591, 1822449319, 1028981799, 1037716037, 1757901268, 3186664276, 1168546824, 571540299, 2422680504, 1830533288, 3269476067, 3962552659, 0, 2483477464, 1514193631, 4197906756, 2769159911, 3038837759, 1695386267, 2456845118, 4202505441, 645180771, 3807574900, 4253262626, 3084635332, 0, 2470356421, 1073329640, 3774954176, 1, 1, 1215171340, 1506441801, 1704342655, 3042627296, 887912750, 3239694026, 4157627375, 663582261, 3377531407, 3296622784], [3471431069, 1321647542, 1262434951, 863702884, 1979121606, 2196782238, 349688636, 4067416755, 1743458507, 1054657659, 1336101927, 2881536974, 0, 2117896467, 3094988880, 3120743385, 1836058236, 3715283059, 4294967295, 1295858966, 2147597713, 3389170595, 3599335375, 2845151820, 3631748709, 4294967295, 1556645386, 877502905, 3201416772, 2194232456, 2176152525, 2695170881, 2007104286, 4294967295, 3982693796, 4218551444, 4182191040, 1657385636, 2022187097, 993580675, 3921628426, 3883118472, 3807209306, 4001587533, 4294967295, 971306913, 3505589659, 3995551551, 906277066, 3084730752, 2160016610, 0, 3912640526, 4294967295], [], [2094864798, 1991103710, 1600607704, 2926598976, 3831752824, 32653209, 1877397160, 2377874469, 4045173655, 2409628016, 2841719793, 1882120874, 409973616, 2481168827, 3656057906, 3953403599, 220863535, 1372580601, 457960707, 1505663712, 2222310485, 2273956823, 3508522385, 1161431366, 3056473853, 4294967295, 419501698, 1427246570, 1389251882, 2090175287, 3397368844, 707476703, 2736069324, 35081797, 3698993771, 4076357515, 99308906, 1484670113, 2566262458, 715547018, 2062819029, 3321700386, 1302059033, 1648862847, 3589610575, 4075426568, 1824026057, 3736091993, 4252400200, 2038253939, 3931048758, 242155748, 3005954017, 2010129286, 2703783458, 3248240709, 2426271753, 1605057050, 275841789, 2060940197, 3399121311, 1029846157, 3179387158, 935869777, 936965167, 3265207137, 2674350940, 2783818353, 1, 1427654957, 495433487, 2638249306, 3670926843, 2436109951, 1922416896, 2076022873, 4183421462, 1638147979, 2734115788, 1635510791, 208488964, 2991346052, 3521989036, 76901495, 2437458976], [2257618920, 850881698, 4126408969, 3801606807, 3187205349, 3329407145, 52529576, 1293060890, 3918040095, 1937994628, 2246835513, 1477733678, 3107593002, 3684605381, 1012811948, 0, 386409559, 4259899, 549336702, 1175128856, 3374500998, 486889224, 409401341, 2994807388, 3853541190, 33974794, 3388113536, 4113297537, 1074063811, 4294967295, 2052804301, 4161539485, 0], [1455298692, 323681071, 9445145, 204145816, 3957182203, 2391131753, 4294967295, 0, 2217886559, 1634869034, 3730561452, 0, 2130750050, 2703595049, 1, 0, 808359274, 4103284242, 4077889365, 3122125386, 4294967295, 2404180522, 1228602806, 3807076293, 2819509294, 2496606063, 2395412100, 2025905443, 2442365801, 3164216056, 1211226009, 1238797197, 478918809, 1693330585, 3129352014, 4270831832, 369657895, 4119918234, 459394711, 3007385913, 3984971929, 357189061, 1611116703, 1593343599, 851404339, 2114152037, 0, 503727743, 2479660403, 3780259344, 510542442, 3567275613, 4073499317, 343348189, 4001180192, 3372510165, 2082455428, 4294967295, 2309599325, 2858303552, 1935733788, 4294967295, 3365865669, 1972852705, 1587108193, 2788534128, 1, 2962092596, 2663223329, 2521011986], [3343664774, 2127357144, 610221809, 1788205474, 0, 764065706, 2746248591, 375484106, 1837668564, 0, 0, 3734108103, 3344318160, 1659214214, 3129887895, 2997152081, 3586053673, 2179681201, 0, 693549603, 2191563397], [512147531, 1477113965, 1276465637, 805660322, 823029971, 3351647322, 4130069623, 513928011, 1399415622, 4294967295, 0, 625988009, 1719701868, 292743611, 2955546744, 0, 3828622401, 2417385145, 4260973102, 2601352909, 611722331], [2733566967, 681841370, 1], [2470439016, 1175108614, 3148558019, 2744580243, 2228290582, 1671822957, 3700587313, 2139493364, 3286040364, 3514288449, 206742799, 2667670367, 2333382089, 1120851539, 1746326018, 560168802, 1044489363, 1, 4171621448, 3984857977, 4276220121, 1087454604, 3577958299, 2169748763, 4294967295, 2550102535, 3946233097, 1838159420, 1159227611, 3723004665, 2387980814, 165871419, 2766530350, 1671225612, 3532818340, 3452954074, 2493302536, 2374268809, 1646663136, 1, 3544355336, 1454842742, 2526312900, 3506587606, 485832907, 2480184209, 3761854517, 3746399153, 155351430, 724264217, 546188850, 4294967295, 52165302, 3571359954, 3066375922, 441749108, 2572864871, 3645174680, 1179439894, 3175003693], [3935217140, 3544409530, 200410336, 994581015, 2781046107, 368173819, 2608951397, 833523980, 0, 2917898819, 4123386906, 4294967295, 3690221276, 4181605937, 1, 637035657, 1135294488, 1372573310, 300892711, 894939936, 1977308340, 3319814647, 2193547695, 2825971100, 1, 1867207651, 379062155, 3410418111, 3498909121, 1824625674, 0, 4117937568, 3651465502, 77346350, 1550210545, 1491240320, 1290149836, 409910840, 3119550011, 433493913, 0, 1, 596962396, 2281480386, 4294967295, 3338927863, 1178937551, 766635599]], theme: Extended, row_span: [81, 0, 145, 34, 0, 255], col_span: [108, 180, 83, 234, 131, 183, 83, 172, 200, 129, 34, 151, 134, 171, 239, 133, 142, 213, 106, 132, 17, 31, 24, 171, 252, 255, 243, 53, 62, 222, 127, 230, 80, 216, 175, 84, 56, 75, 203, 139, 8, 1, 234, 181, 55, 87, 255, 25, 255, 72, 22, 216, 185, 30, 116, 212, 154, 91, 228, 255, 90, 123, 70, 121, 177, 98, 69, 138, 46, 116, 201] })
[INFO] [stdout] Error: "called `Result::unwrap()` on an `Err` value: Os { code: 30, kind: ReadOnlyFilesystem, message: \"Read-only file system\" }"
[INFO] [stdout] stack backtrace:
[INFO] [stdout]    0:     0x559a0298ff5c - std::backtrace_rs::backtrace::libunwind::trace::ha637c64ce894333a
[INFO] [stdout]                                at /rustc/82e1608dfa6e0b5569232559e3d385fea5a93112/library/std/src/../../backtrace/src/backtrace/libunwind.rs:104:5
[INFO] [stdout]    1:     0x559a0298ff5c - std::backtrace_rs::backtrace::trace_unsynchronized::h47f62dea28e0c88d
[INFO] [stdout]                                at /rustc/82e1608dfa6e0b5569232559e3d385fea5a93112/library/std/src/../../backtrace/src/backtrace/mod.rs:66:5
[INFO] [stdout]    2:     0x559a0298ff5c - std::sys_common::backtrace::_print_fmt::h9eef0abe20ede486
[INFO] [stdout]                                at /rustc/82e1608dfa6e0b5569232559e3d385fea5a93112/library/std/src/sys_common/backtrace.rs:67:5
[INFO] [stdout]    3:     0x559a0298ff5c - <std::sys_common::backtrace::_print::DisplayBacktrace as core::fmt::Display>::fmt::hed7f999df88cc644
[INFO] [stdout]                                at /rustc/82e1608dfa6e0b5569232559e3d385fea5a93112/library/std/src/sys_common/backtrace.rs:44:22
[INFO] [stdout]    4:     0x559a029b9ad0 - core::fmt::rt::Argument::fmt::h1539a9308b8d058d
[INFO] [stdout]                                at /rustc/82e1608dfa6e0b5569232559e3d385fea5a93112/library/core/src/fmt/rt.rs:142:9
[INFO] [stdout]    5:     0x559a029b9ad0 - core::fmt::write::h3a39390d8560d9c9
[INFO] [stdout]                                at /rustc/82e1608dfa6e0b5569232559e3d385fea5a93112/library/core/src/fmt/mod.rs:1120:17
[INFO] [stdout]    6:     0x559a0298d90f - std::io::Write::write_fmt::h040b369f3a0f9cbc
[INFO] [stdout]                                at /rustc/82e1608dfa6e0b5569232559e3d385fea5a93112/library/std/src/io/mod.rs:1762:15
[INFO] [stdout]    7:     0x559a0298fd44 - std::sys_common::backtrace::_print::h894006fb5c6f3d45
[INFO] [stdout]                                at /rustc/82e1608dfa6e0b5569232559e3d385fea5a93112/library/std/src/sys_common/backtrace.rs:47:5
[INFO] [stdout]    8:     0x559a0298fd44 - std::sys_common::backtrace::print::h23a2d212c6fff936
[INFO] [stdout]                                at /rustc/82e1608dfa6e0b5569232559e3d385fea5a93112/library/std/src/sys_common/backtrace.rs:34:9
[INFO] [stdout]    9:     0x559a02991a07 - std::panicking::default_hook::{{closure}}::h8a1d2ee00185001a
[INFO] [stdout]   10:     0x559a029916f3 - std::panicking::default_hook::h6038f2eba384e475
[INFO] [stdout]                                at /rustc/82e1608dfa6e0b5569232559e3d385fea5a93112/library/std/src/panicking.rs:289:9
[INFO] [stdout]   11:     0x559a0279c777 - <alloc::boxed::Box<F,A> as core::ops::function::Fn<Args>>::call::h0ad024c9bdc6d768
[INFO] [stdout]                                at /rustc/82e1608dfa6e0b5569232559e3d385fea5a93112/library/alloc/src/boxed.rs:2021:9
[INFO] [stdout]   12:     0x559a0279c777 - test::test_main::{{closure}}::h7500b54257359db6
[INFO] [stdout]                                at /rustc/82e1608dfa6e0b5569232559e3d385fea5a93112/library/test/src/lib.rs:138:21
[INFO] [stdout]   13:     0x559a02992018 - <alloc::boxed::Box<F,A> as core::ops::function::Fn<Args>>::call::h1f8f335eaa9cfaee
[INFO] [stdout]                                at /rustc/82e1608dfa6e0b5569232559e3d385fea5a93112/library/alloc/src/boxed.rs:2021:9
[INFO] [stdout]   14:     0x559a02992018 - std::panicking::rust_panic_with_hook::h2b5517d590cab22e
[INFO] [stdout]                                at /rustc/82e1608dfa6e0b5569232559e3d385fea5a93112/library/std/src/panicking.rs:783:13
[INFO] [stdout]   15:     0x559a0275d6ef - std::panicking::begin_panic::{{closure}}::h0098e86af3784060
[INFO] [stdout]                                at /rustc/82e1608dfa6e0b5569232559e3d385fea5a93112/library/std/src/panicking.rs:687:9
[INFO] [stdout]   16:     0x559a02761ac6 - std::sys_common::backtrace::__rust_end_short_backtrace::h0e0d1baa73512d26
[INFO] [stdout]                                at /rustc/82e1608dfa6e0b5569232559e3d385fea5a93112/library/std/src/sys_common/backtrace.rs:170:18
[INFO] [stdout]   17:     0x559a0275d648 - std::panicking::begin_panic::h48f3b8f36542f509
[INFO] [stdout]                                at /rustc/82e1608dfa6e0b5569232559e3d385fea5a93112/library/std/src/panicking.rs:686:12
[INFO] [stdout]   18:     0x559a0275bd07 - quickcheck::tester::QuickCheck::quickcheck::h9f51c9611f2da7b0
[INFO] [stdout]                                at /opt/rustwide/cargo-home/registry/src/index.crates.io-6f17d22bba15001f/quickcheck-1.0.3/src/tester.rs:165:28
[INFO] [stdout]   19:     0x559a0275c123 - quickcheck::tester::quickcheck::h73727fe57e0ef233
[INFO] [stdout]                                at /opt/rustwide/cargo-home/registry/src/index.crates.io-6f17d22bba15001f/quickcheck-1.0.3/src/tester.rs:183:5
[INFO] [stdout]   20:     0x559a02752d3d - arbitrary3::tests::qc_test_data_span_test::ha9312cb3d7aa626c
[INFO] [stdout]                                at /opt/rustwide/workdir/tests/arbitrary3.rs:874:5
[INFO] [stdout]   21:     0x559a02752d17 - arbitrary3::tests::qc_test_data_span_test::{{closure}}::h0cd11222900ccb90
[INFO] [stdout]                                at /opt/rustwide/workdir/tests/arbitrary3.rs:874:37
[INFO] [stdout]   22:     0x559a02767076 - core::ops::function::FnOnce::call_once::ha0ed712abe235013
[INFO] [stdout]                                at /rustc/82e1608dfa6e0b5569232559e3d385fea5a93112/library/core/src/ops/function.rs:250:5
[INFO] [stdout]   23:     0x559a027a1dcf - core::ops::function::FnOnce::call_once::h2b5d431d5046312d
[INFO] [stdout]                                at /rustc/82e1608dfa6e0b5569232559e3d385fea5a93112/library/core/src/ops/function.rs:250:5
[INFO] [stdout]   24:     0x559a027a1dcf - test::__rust_begin_short_backtrace::h7714669af176e207
[INFO] [stdout]                                at /rustc/82e1608dfa6e0b5569232559e3d385fea5a93112/library/test/src/lib.rs:628:18
[INFO] [stdout]   25:     0x559a027a0de5 - test::run_test_in_process::{{closure}}::h85218797dcbcec12
[INFO] [stdout]                                at /rustc/82e1608dfa6e0b5569232559e3d385fea5a93112/library/test/src/lib.rs:651:60
[INFO] [stdout]   26:     0x559a027a0de5 - <core::panic::unwind_safe::AssertUnwindSafe<F> as core::ops::function::FnOnce<()>>::call_once::h76c106ea31c14d7b
[INFO] [stdout]                                at /rustc/82e1608dfa6e0b5569232559e3d385fea5a93112/library/core/src/panic/unwind_safe.rs:272:9
[INFO] [stdout]   27:     0x559a027a0de5 - std::panicking::try::do_call::h3bd5d0f6620ee946
[INFO] [stdout]                                at /rustc/82e1608dfa6e0b5569232559e3d385fea5a93112/library/std/src/panicking.rs:552:40
[INFO] [stdout]   28:     0x559a027a0de5 - std::panicking::try::h232e535e4744fe31
[INFO] [stdout]                                at /rustc/82e1608dfa6e0b5569232559e3d385fea5a93112/library/std/src/panicking.rs:516:19
[INFO] [stdout]   29:     0x559a027a0de5 - std::panic::catch_unwind::h3ce3bd6ca8dbac68
[INFO] [stdout]                                at /rustc/82e1608dfa6e0b5569232559e3d385fea5a93112/library/std/src/panic.rs:142:14
[INFO] [stdout]   30:     0x559a027a0de5 - test::run_test_in_process::hc97b257c9621286a
[INFO] [stdout]                                at /rustc/82e1608dfa6e0b5569232559e3d385fea5a93112/library/test/src/lib.rs:651:27
[INFO] [stdout]   31:     0x559a027a0de5 - test::run_test::{{closure}}::h2aa798823a438d38
[INFO] [stdout]                                at /rustc/82e1608dfa6e0b5569232559e3d385fea5a93112/library/test/src/lib.rs:574:43
[INFO] [stdout]   32:     0x559a027690a6 - test::run_test::{{closure}}::h87d231c78fb59832
[INFO] [stdout]                                at /rustc/82e1608dfa6e0b5569232559e3d385fea5a93112/library/test/src/lib.rs:602:41
[INFO] [stdout]   33:     0x559a027690a6 - std::sys_common::backtrace::__rust_begin_short_backtrace::he6df152596625789
[INFO] [stdout]                                at /rustc/82e1608dfa6e0b5569232559e3d385fea5a93112/library/std/src/sys_common/backtrace.rs:154:18
[INFO] [stdout]   34:     0x559a0276e157 - std::thread::Builder::spawn_unchecked_::{{closure}}::{{closure}}::ha94be15d1e0acf36
[INFO] [stdout]                                at /rustc/82e1608dfa6e0b5569232559e3d385fea5a93112/library/std/src/thread/mod.rs:529:17
[INFO] [stdout]   35:     0x559a0276e157 - <core::panic::unwind_safe::AssertUnwindSafe<F> as core::ops::function::FnOnce<()>>::call_once::h9dc6bd6372f16606
[INFO] [stdout]                                at /rustc/82e1608dfa6e0b5569232559e3d385fea5a93112/library/core/src/panic/unwind_safe.rs:272:9
[INFO] [stdout]   36:     0x559a0276e157 - std::panicking::try::do_call::h9057517f80303cd4
[INFO] [stdout]                                at /rustc/82e1608dfa6e0b5569232559e3d385fea5a93112/library/std/src/panicking.rs:552:40
[INFO] [stdout]   37:     0x559a0276e157 - std::panicking::try::he3a30b11ee45340c
[INFO] [stdout]                                at /rustc/82e1608dfa6e0b5569232559e3d385fea5a93112/library/std/src/panicking.rs:516:19
[INFO] [stdout]   38:     0x559a0276e157 - std::panic::catch_unwind::h410458cfd3528b8b
[INFO] [stdout]                                at /rustc/82e1608dfa6e0b5569232559e3d385fea5a93112/library/std/src/panic.rs:142:14
[INFO] [stdout]   39:     0x559a0276e157 - std::thread::Builder::spawn_unchecked_::{{closure}}::h72ac3bdb567b737b
[INFO] [stdout]                                at /rustc/82e1608dfa6e0b5569232559e3d385fea5a93112/library/std/src/thread/mod.rs:528:30
[INFO] [stdout]   40:     0x559a0276e157 - core::ops::function::FnOnce::call_once{{vtable.shim}}::h38f34da3654a8344
[INFO] [stdout]                                at /rustc/82e1608dfa6e0b5569232559e3d385fea5a93112/library/core/src/ops/function.rs:250:5
[INFO] [stdout]   41:     0x559a02996aa5 - <alloc::boxed::Box<F,A> as core::ops::function::FnOnce<Args>>::call_once::hc7eafaff61e32df9
[INFO] [stdout]                                at /rustc/82e1608dfa6e0b5569232559e3d385fea5a93112/library/alloc/src/boxed.rs:2007:9
[INFO] [stdout]   42:     0x559a02996aa5 - <alloc::boxed::Box<F,A> as core::ops::function::FnOnce<Args>>::call_once::h6ba4a5de48dd2304
[INFO] [stdout]                                at /rustc/82e1608dfa6e0b5569232559e3d385fea5a93112/library/alloc/src/boxed.rs:2007:9
[INFO] [stdout]   43:     0x559a02996aa5 - std::sys::unix::thread::Thread::new::thread_start::he469335aef763e45
[INFO] [stdout]                                at /rustc/82e1608dfa6e0b5569232559e3d385fea5a93112/library/std/src/sys/unix/thread.rs:108:17
[INFO] [stdout]   44:     0x7f882c02aac3 - <unknown>
[INFO] [stdout]   45:     0x7f882c0bbbf4 - __clone
[INFO] [stdout]   46:                0x0 - <unknown>
[INFO] [stdout] 
[INFO] [stdout] ---- tests::test_data_span_test stdout ----
[INFO] [stdout] thread 'tests::test_data_span_test' panicked at tests/arbitrary3.rs:755:14:
[INFO] [stdout] called `Result::unwrap()` on an `Err` value: Os { code: 30, kind: ReadOnlyFilesystem, message: "Read-only file system" }
[INFO] [stdout] stack backtrace:
[INFO] [stdout]    0:     0x559a0298ff5c - std::backtrace_rs::backtrace::libunwind::trace::ha637c64ce894333a
[INFO] [stdout]                                at /rustc/82e1608dfa6e0b5569232559e3d385fea5a93112/library/std/src/../../backtrace/src/backtrace/libunwind.rs:104:5
[INFO] [stdout]    1:     0x559a0298ff5c - std::backtrace_rs::backtrace::trace_unsynchronized::h47f62dea28e0c88d
[INFO] [stdout]                                at /rustc/82e1608dfa6e0b5569232559e3d385fea5a93112/library/std/src/../../backtrace/src/backtrace/mod.rs:66:5
[INFO] [stdout]    2:     0x559a0298ff5c - std::sys_common::backtrace::_print_fmt::h9eef0abe20ede486
[INFO] [stdout]                                at /rustc/82e1608dfa6e0b5569232559e3d385fea5a93112/library/std/src/sys_common/backtrace.rs:67:5
[INFO] [stdout]    3:     0x559a0298ff5c - <std::sys_common::backtrace::_print::DisplayBacktrace as core::fmt::Display>::fmt::hed7f999df88cc644
[INFO] [stdout]                                at /rustc/82e1608dfa6e0b5569232559e3d385fea5a93112/library/std/src/sys_common/backtrace.rs:44:22
[INFO] [stdout]    4:     0x559a029b9ad0 - core::fmt::rt::Argument::fmt::h1539a9308b8d058d
[INFO] [stdout]                                at /rustc/82e1608dfa6e0b5569232559e3d385fea5a93112/library/core/src/fmt/rt.rs:142:9
[INFO] [stdout]    5:     0x559a029b9ad0 - core::fmt::write::h3a39390d8560d9c9
[INFO] [stdout]                                at /rustc/82e1608dfa6e0b5569232559e3d385fea5a93112/library/core/src/fmt/mod.rs:1120:17
[INFO] [stdout]    6:     0x559a0298d90f - std::io::Write::write_fmt::h040b369f3a0f9cbc
[INFO] [stdout]                                at /rustc/82e1608dfa6e0b5569232559e3d385fea5a93112/library/std/src/io/mod.rs:1762:15
[INFO] [stdout]    7:     0x559a0298fd44 - std::sys_common::backtrace::_print::h894006fb5c6f3d45
[INFO] [stdout]                                at /rustc/82e1608dfa6e0b5569232559e3d385fea5a93112/library/std/src/sys_common/backtrace.rs:47:5
[INFO] [stdout]    8:     0x559a0298fd44 - std::sys_common::backtrace::print::h23a2d212c6fff936
[INFO] [stdout]                                at /rustc/82e1608dfa6e0b5569232559e3d385fea5a93112/library/std/src/sys_common/backtrace.rs:34:9
[INFO] [stdout]    9:     0x559a02991a07 - std::panicking::default_hook::{{closure}}::h8a1d2ee00185001a
[INFO] [stdout]   10:     0x559a029916f3 - std::panicking::default_hook::h6038f2eba384e475
[INFO] [stdout]                                at /rustc/82e1608dfa6e0b5569232559e3d385fea5a93112/library/std/src/panicking.rs:289:9
[INFO] [stdout]   11:     0x559a0279c777 - <alloc::boxed::Box<F,A> as core::ops::function::Fn<Args>>::call::h0ad024c9bdc6d768
[INFO] [stdout]                                at /rustc/82e1608dfa6e0b5569232559e3d385fea5a93112/library/alloc/src/boxed.rs:2021:9
[INFO] [stdout]   12:     0x559a0279c777 - test::test_main::{{closure}}::h7500b54257359db6
[INFO] [stdout]                                at /rustc/82e1608dfa6e0b5569232559e3d385fea5a93112/library/test/src/lib.rs:138:21
[INFO] [stdout]   13:     0x559a02992018 - <alloc::boxed::Box<F,A> as core::ops::function::Fn<Args>>::call::h1f8f335eaa9cfaee
[INFO] [stdout]                                at /rustc/82e1608dfa6e0b5569232559e3d385fea5a93112/library/alloc/src/boxed.rs:2021:9
[INFO] [stdout]   14:     0x559a02992018 - std::panicking::rust_panic_with_hook::h2b5517d590cab22e
[INFO] [stdout]                                at /rustc/82e1608dfa6e0b5569232559e3d385fea5a93112/library/std/src/panicking.rs:783:13
[INFO] [stdout]   15:     0x559a02991d6e - std::panicking::begin_panic_handler::{{closure}}::h233112c06e0ef43e
[INFO] [stdout]                                at /rustc/82e1608dfa6e0b5569232559e3d385fea5a93112/library/std/src/panicking.rs:657:13
[INFO] [stdout]   16:     0x559a02990426 - std::sys_common::backtrace::__rust_end_short_backtrace::h6e893f24d7ebbff8
[INFO] [stdout]                                at /rustc/82e1608dfa6e0b5569232559e3d385fea5a93112/library/std/src/sys_common/backtrace.rs:170:18
[INFO] [stdout]   17:     0x559a02991ad2 - rust_begin_unwind
[INFO] [stdout]                                at /rustc/82e1608dfa6e0b5569232559e3d385fea5a93112/library/std/src/panicking.rs:645:5
[INFO] [stdout]   18:     0x559a0272f225 - core::panicking::panic_fmt::hbf0e066aabfa482c
[INFO] [stdout]                                at /rustc/82e1608dfa6e0b5569232559e3d385fea5a93112/library/core/src/panicking.rs:72:14
[INFO] [stdout]   19:     0x559a0272f7f3 - core::result::unwrap_failed::hddb4fea594200c52
[INFO] [stdout]                                at /rustc/82e1608dfa6e0b5569232559e3d385fea5a93112/library/core/src/result.rs:1653:5
[INFO] [stdout]   20:     0x559a0275e6bb - core::result::Result<T,E>::unwrap::ha967f37ed008bbbc
[INFO] [stdout]                                at /rustc/82e1608dfa6e0b5569232559e3d385fea5a93112/library/core/src/result.rs:1077:23
[INFO] [stdout]   21:     0x559a027510ce - arbitrary3::tests::test_data_span_test::h4a72f3b9ce3c1835
[INFO] [stdout]                                at /opt/rustwide/workdir/tests/arbitrary3.rs:749:24
[INFO] [stdout]   22:     0x559a0274e107 - arbitrary3::tests::test_data_span_test::{{closure}}::hca755ec4c4e67e2e
[INFO] [stdout]                                at /opt/rustwide/workdir/tests/arbitrary3.rs:494:29
[INFO] [stdout]   23:     0x559a02766fb6 - core::ops::function::FnOnce::call_once::h46bbc8c562e89371
[INFO] [stdout]                                at /rustc/82e1608dfa6e0b5569232559e3d385fea5a93112/library/core/src/ops/function.rs:250:5
[INFO] [stdout]   24:     0x559a027a1dcf - core::ops::function::FnOnce::call_once::h2b5d431d5046312d
[INFO] [stdout]                                at /rustc/82e1608dfa6e0b5569232559e3d385fea5a93112/library/core/src/ops/function.rs:250:5
[INFO] [stdout]   25:     0x559a027a1dcf - test::__rust_begin_short_backtrace::h7714669af176e207
[INFO] [stdout]                                at /rustc/82e1608dfa6e0b5569232559e3d385fea5a93112/library/test/src/lib.rs:628:18
[INFO] [stdout]   26:     0x559a027a0de5 - test::run_test_in_process::{{closure}}::h85218797dcbcec12
[INFO] [stdout]                                at /rustc/82e1608dfa6e0b5569232559e3d385fea5a93112/library/test/src/lib.rs:651:60
[INFO] [stdout]   27:     0x559a027a0de5 - <core::panic::unwind_safe::AssertUnwindSafe<F> as core::ops::function::FnOnce<()>>::call_once::h76c106ea31c14d7b
[INFO] [stdout]                                at /rustc/82e1608dfa6e0b5569232559e3d385fea5a93112/library/core/src/panic/unwind_safe.rs:272:9
[INFO] [stdout]   28:     0x559a027a0de5 - std::panicking::try::do_call::h3bd5d0f6620ee946
[INFO] [stdout]                                at /rustc/82e1608dfa6e0b5569232559e3d385fea5a93112/library/std/src/panicking.rs:552:40
[INFO] [stdout]   29:     0x559a027a0de5 - std::panicking::try::h232e535e4744fe31
[INFO] [stdout]                                at /rustc/82e1608dfa6e0b5569232559e3d385fea5a93112/library/std/src/panicking.rs:516:19
[INFO] [stdout]   30:     0x559a027a0de5 - std::panic::catch_unwind::h3ce3bd6ca8dbac68
[INFO] [stdout]                                at /rustc/82e1608dfa6e0b5569232559e3d385fea5a93112/library/std/src/panic.rs:142:14
[INFO] [stdout]   31:     0x559a027a0de5 - test::run_test_in_process::hc97b257c9621286a
[INFO] [stdout]                                at /rustc/82e1608dfa6e0b5569232559e3d385fea5a93112/library/test/src/lib.rs:651:27
[INFO] [stdout]   32:     0x559a027a0de5 - test::run_test::{{closure}}::h2aa798823a438d38
[INFO] [stdout]                                at /rustc/82e1608dfa6e0b5569232559e3d385fea5a93112/library/test/src/lib.rs:574:43
[INFO] [stdout]   33:     0x559a027690a6 - test::run_test::{{closure}}::h87d231c78fb59832
[INFO] [stdout]                                at /rustc/82e1608dfa6e0b5569232559e3d385fea5a93112/library/test/src/lib.rs:602:41
[INFO] [stdout]   34:     0x559a027690a6 - std::sys_common::backtrace::__rust_begin_short_backtrace::he6df152596625789
[INFO] [stdout]                                at /rustc/82e1608dfa6e0b5569232559e3d385fea5a93112/library/std/src/sys_common/backtrace.rs:154:18
[INFO] [stdout]   35:     0x559a0276e157 - std::thread::Builder::spawn_unchecked_::{{closure}}::{{closure}}::ha94be15d1e0acf36
[INFO] [stdout]                                at /rustc/82e1608dfa6e0b5569232559e3d385fea5a93112/library/std/src/thread/mod.rs:529:17
[INFO] [stdout]   36:     0x559a0276e157 - <core::panic::unwind_safe::AssertUnwindSafe<F> as core::ops::function::FnOnce<()>>::call_once::h9dc6bd6372f16606
[INFO] [stdout]                                at /rustc/82e1608dfa6e0b5569232559e3d385fea5a93112/library/core/src/panic/unwind_safe.rs:272:9
[INFO] [stdout]   37:     0x559a0276e157 - std::panicking::try::do_call::h9057517f80303cd4
[INFO] [stdout]                                at /rustc/82e1608dfa6e0b5569232559e3d385fea5a93112/library/std/src/panicking.rs:552:40
[INFO] [stdout]   38:     0x559a0276e157 - std::panicking::try::he3a30b11ee45340c
[INFO] [stdout]                                at /rustc/82e1608dfa6e0b5569232559e3d385fea5a93112/library/std/src/panicking.rs:516:19
[INFO] [stdout]   39:     0x559a0276e157 - std::panic::catch_unwind::h410458cfd3528b8b
[INFO] [stdout]                                at /rustc/82e1608dfa6e0b5569232559e3d385fea5a93112/library/std/src/panic.rs:142:14
[INFO] [stdout]   40:     0x559a0276e157 - std::thread::Builder::spawn_unchecked_::{{closure}}::h72ac3bdb567b737b
[INFO] [stdout]                                at /rustc/82e1608dfa6e0b5569232559e3d385fea5a93112/library/std/src/thread/mod.rs:528:30
[INFO] [stdout]   41:     0x559a0276e157 - core::ops::function::FnOnce::call_once{{vtable.shim}}::h38f34da3654a8344
[INFO] [stdout]                                at /rustc/82e1608dfa6e0b5569232559e3d385fea5a93112/library/core/src/ops/function.rs:250:5
[INFO] [stdout]   42:     0x559a02996aa5 - <alloc::boxed::Box<F,A> as core::ops::function::FnOnce<Args>>::call_once::hc7eafaff61e32df9
[INFO] [stdout]                                at /rustc/82e1608dfa6e0b5569232559e3d385fea5a93112/library/alloc/src/boxed.rs:2007:9
[INFO] [stdout]   43:     0x559a02996aa5 - <alloc::boxed::Box<F,A> as core::ops::function::FnOnce<Args>>::call_once::h6ba4a5de48dd2304
[INFO] [stdout]                                at /rustc/82e1608dfa6e0b5569232559e3d385fea5a93112/library/alloc/src/boxed.rs:2007:9
[INFO] [stdout]   44:     0x559a02996aa5 - std::sys::unix::thread::Thread::new::thread_start::he469335aef763e45
[INFO] [stdout]                                at /rustc/82e1608dfa6e0b5569232559e3d385fea5a93112/library/std/src/sys/unix/thread.rs:108:17
[INFO] [stdout]   45:     0x7f882c02aac3 - <unknown>
[INFO] [stdout]   46:     0x7f882c0bbbf4 - __clone
[INFO] [stdout]   47:                0x0 - <unknown>
[INFO] [stdout] 
[INFO] [stdout] 
[INFO] [stdout] failures:
[INFO] [stdout]     tests::qc_test_data_span_test
[INFO] [stdout]     tests::qc_test_data_string
[INFO] [stdout]     tests::test_data_example
[INFO] [stdout]     tests::test_data_span_test
[INFO] [stdout] 
[INFO] [stdout] test result: FAILED. 1 passed; 4 failed; 0 ignored; 0 measured; 0 filtered out; finished in 1.98s
[INFO] [stdout] 
[INFO] [stderr] error: test failed, to rerun pass `--test arbitrary3`
[INFO] running `Command { std: "docker" "inspect" "01f90ad7ca05501dcf83bc8b008a4cb8d6b07aab3a05703f7929f81f8680e64f", kill_on_drop: false }`
[INFO] running `Command { std: "docker" "rm" "-f" "01f90ad7ca05501dcf83bc8b008a4cb8d6b07aab3a05703f7929f81f8680e64f", kill_on_drop: false }`
[INFO] [stdout] 01f90ad7ca05501dcf83bc8b008a4cb8d6b07aab3a05703f7929f81f8680e64f
