[INFO] cloning repository https://github.com/arunma/buildx_pdsa
[INFO] running `Command { std: "git" "-c" "credential.helper=" "-c" "credential.helper=/workspace/cargo-home/bin/git-credential-null" "clone" "--bare" "https://github.com/arunma/buildx_pdsa" "/workspace/cache/git-repos/https%3A%2F%2Fgithub.com%2Farunma%2Fbuildx_pdsa", kill_on_drop: false }`
[INFO] [stderr] Cloning into bare repository '/workspace/cache/git-repos/https%3A%2F%2Fgithub.com%2Farunma%2Fbuildx_pdsa'...
[INFO] running `Command { std: "git" "rev-parse" "HEAD", kill_on_drop: false }`
[INFO] [stdout] ed710e0887a09453b51bed74a4ff24b23b7267a7
[INFO] testing arunma/buildx_pdsa against 1.75.0 for beta-1.76-1
[INFO] running `Command { std: "git" "clone" "/workspace/cache/git-repos/https%3A%2F%2Fgithub.com%2Farunma%2Fbuildx_pdsa" "/workspace/builds/worker-7-tc1/source", kill_on_drop: false }`
[INFO] [stderr] Cloning into '/workspace/builds/worker-7-tc1/source'...
[INFO] [stderr] done.
[INFO] validating manifest of git repo https://github.com/arunma/buildx_pdsa on toolchain 1.75.0
[INFO] running `Command { std: CARGO_HOME="/workspace/cargo-home" RUSTUP_HOME="/workspace/rustup-home" "/workspace/cargo-home/bin/cargo" "+1.75.0" "metadata" "--manifest-path" "Cargo.toml" "--no-deps", kill_on_drop: false }`
[INFO] started tweaking git repo https://github.com/arunma/buildx_pdsa
[INFO] finished tweaking git repo https://github.com/arunma/buildx_pdsa
[INFO] tweaked toml for git repo https://github.com/arunma/buildx_pdsa written to /workspace/builds/worker-7-tc1/source/Cargo.toml
[INFO] crate git repo https://github.com/arunma/buildx_pdsa already has a lockfile, it will not be regenerated
[INFO] running `Command { std: CARGO_HOME="/workspace/cargo-home" RUSTUP_HOME="/workspace/rustup-home" "/workspace/cargo-home/bin/cargo" "+1.75.0" "fetch" "--manifest-path" "Cargo.toml", kill_on_drop: false }`
[INFO] [stderr]     Blocking waiting for file lock on package cache
[INFO] [stderr]     Updating crates.io index
[INFO] [stderr]     Blocking waiting for file lock on package cache
[INFO] [stderr]  Downloading crates ...
[INFO] [stderr]   Downloaded canonical-path v2.0.2
[INFO] [stderr]   Downloaded quitters v0.1.0
[INFO] [stderr]   Downloaded abscissa_derive v0.6.0
[INFO] [stderr]   Downloaded auditable-extract v0.3.2
[INFO] [stderr]   Downloaded auditable-info v0.6.2
[INFO] [stderr]   Downloaded gzip-header v0.3.0
[INFO] [stderr]   Downloaded abscissa_core v0.6.0
[INFO] [stderr]   Downloaded crates-index v0.18.11
[INFO] [stderr]   Downloaded binfarce v0.2.1
[INFO] [stderr]   Downloaded cargo-tarpaulin v0.22.0
[INFO] [stderr]   Downloaded procfs v0.14.2
[INFO] [stderr]   Downloaded camino v1.1.3
[INFO] [stderr]   Downloaded quick-xml v0.25.0
[INFO] [stderr]   Downloaded curl-sys v0.4.60+curl-7.88.1
[INFO] [stderr]   Downloaded llvm_profparser v0.3.1
[INFO] [stderr]   Downloaded cargo-audit v0.17.4
[INFO] [stderr]   Downloaded rustsec v0.26.4
[INFO] [stderr]   Downloaded cvss v2.0.0
[INFO] [stderr]   Downloaded auditable-serde v0.5.2
[INFO] [stderr]   Downloaded coveralls-api v0.5.0
[INFO] running `Command { std: "docker" "create" "-v" "/var/lib/crater-agent-workspace/builds/worker-7-tc1/target:/opt/rustwide/target:rw,Z" "-v" "/var/lib/crater-agent-workspace/builds/worker-7-tc1/source:/opt/rustwide/workdir:ro,Z" "-v" "/var/lib/crater-agent-workspace/cargo-home:/opt/rustwide/cargo-home:ro,Z" "-v" "/var/lib/crater-agent-workspace/rustup-home:/opt/rustwide/rustup-home:ro,Z" "-e" "SOURCE_DIR=/opt/rustwide/workdir" "-e" "CARGO_TARGET_DIR=/opt/rustwide/target" "-e" "CARGO_HOME=/opt/rustwide/cargo-home" "-e" "RUSTUP_HOME=/opt/rustwide/rustup-home" "-w" "/opt/rustwide/workdir" "-m" "1610612736" "--user" "0:0" "--network" "none" "ghcr.io/rust-lang/crates-build-env/linux@sha256:2788e3201cd34a07e3172128adcd8b3090168a8e3bcc40d7c032b9dda1df7d1c" "/opt/rustwide/cargo-home/bin/cargo" "+1.75.0" "metadata" "--no-deps" "--format-version=1", kill_on_drop: false }`
[INFO] [stdout] ab7c120857eae9b9ab267433a8b603699d51a8e0107c98c62eb2c5dc1d2d74e3
[INFO] running `Command { std: "docker" "start" "-a" "ab7c120857eae9b9ab267433a8b603699d51a8e0107c98c62eb2c5dc1d2d74e3", kill_on_drop: false }`
[INFO] running `Command { std: "docker" "inspect" "ab7c120857eae9b9ab267433a8b603699d51a8e0107c98c62eb2c5dc1d2d74e3", kill_on_drop: false }`
[INFO] running `Command { std: "docker" "rm" "-f" "ab7c120857eae9b9ab267433a8b603699d51a8e0107c98c62eb2c5dc1d2d74e3", kill_on_drop: false }`
[INFO] [stdout] ab7c120857eae9b9ab267433a8b603699d51a8e0107c98c62eb2c5dc1d2d74e3
[INFO] running `Command { std: "docker" "create" "-v" "/var/lib/crater-agent-workspace/builds/worker-7-tc1/target:/opt/rustwide/target:rw,Z" "-v" "/var/lib/crater-agent-workspace/builds/worker-7-tc1/source:/opt/rustwide/workdir:ro,Z" "-v" "/var/lib/crater-agent-workspace/cargo-home:/opt/rustwide/cargo-home:ro,Z" "-v" "/var/lib/crater-agent-workspace/rustup-home:/opt/rustwide/rustup-home:ro,Z" "-e" "SOURCE_DIR=/opt/rustwide/workdir" "-e" "CARGO_TARGET_DIR=/opt/rustwide/target" "-e" "CARGO_INCREMENTAL=0" "-e" "RUST_BACKTRACE=full" "-e" "RUSTFLAGS=--cap-lints=warn" "-e" "RUSTDOCFLAGS=--cap-lints=warn" "-e" "CARGO_HOME=/opt/rustwide/cargo-home" "-e" "RUSTUP_HOME=/opt/rustwide/rustup-home" "-w" "/opt/rustwide/workdir" "-m" "1610612736" "--user" "0:0" "--network" "none" "ghcr.io/rust-lang/crates-build-env/linux@sha256:2788e3201cd34a07e3172128adcd8b3090168a8e3bcc40d7c032b9dda1df7d1c" "/opt/rustwide/cargo-home/bin/cargo" "+1.75.0" "build" "--frozen" "--message-format=json", kill_on_drop: false }`
[INFO] [stdout] e99242d8c0a776fbdac5c929882b3661a974bf75b4148aa2f33b8d4d537c15be
[INFO] running `Command { std: "docker" "start" "-a" "e99242d8c0a776fbdac5c929882b3661a974bf75b4148aa2f33b8d4d537c15be", kill_on_drop: false }`
[INFO] [stderr]    Compiling proc-macro2 v1.0.51
[INFO] [stderr]    Compiling unicode-ident v1.0.6
[INFO] [stderr]    Compiling quote v1.0.23
[INFO] [stderr]    Compiling syn v1.0.107
[INFO] [stderr]    Compiling libc v0.2.139
[INFO] [stderr]    Compiling thiserror v1.0.38
[INFO] [stderr]    Compiling cfg-if v1.0.0
[INFO] [stderr]    Compiling bit-vec v0.6.3
[INFO] [stderr]    Compiling siphasher v0.3.10
[INFO] [stderr]    Compiling getrandom v0.2.8
[INFO] [stderr]    Compiling thiserror-impl v1.0.38
[INFO] [stderr]    Compiling buildx_pdsa v0.1.0 (/opt/rustwide/workdir)
[INFO] [stdout] warning: unused import: `core::num`
[INFO] [stdout]  --> src/cardinality/hyperloglog.rs:1:5
[INFO] [stdout]   |
[INFO] [stdout] 1 | use core::num;
[INFO] [stdout]   |     ^^^^^^^^^
[INFO] [stdout]   |
[INFO] [stdout]   = note: `#[warn(unused_imports)]` on by default
[INFO] [stdout] 
[INFO] [stdout] 
[INFO] [stdout] warning: 1 warning emitted
[INFO] [stdout] 
[INFO] [stdout] 
[INFO] [stderr]     Finished dev [unoptimized + debuginfo] target(s) in 3.82s
[INFO] running `Command { std: "docker" "inspect" "e99242d8c0a776fbdac5c929882b3661a974bf75b4148aa2f33b8d4d537c15be", kill_on_drop: false }`
[INFO] running `Command { std: "docker" "rm" "-f" "e99242d8c0a776fbdac5c929882b3661a974bf75b4148aa2f33b8d4d537c15be", kill_on_drop: false }`
[INFO] [stdout] e99242d8c0a776fbdac5c929882b3661a974bf75b4148aa2f33b8d4d537c15be
[INFO] running `Command { std: "docker" "create" "-v" "/var/lib/crater-agent-workspace/builds/worker-7-tc1/target:/opt/rustwide/target:rw,Z" "-v" "/var/lib/crater-agent-workspace/builds/worker-7-tc1/source:/opt/rustwide/workdir:ro,Z" "-v" "/var/lib/crater-agent-workspace/cargo-home:/opt/rustwide/cargo-home:ro,Z" "-v" "/var/lib/crater-agent-workspace/rustup-home:/opt/rustwide/rustup-home:ro,Z" "-e" "SOURCE_DIR=/opt/rustwide/workdir" "-e" "CARGO_TARGET_DIR=/opt/rustwide/target" "-e" "CARGO_INCREMENTAL=0" "-e" "RUST_BACKTRACE=full" "-e" "RUSTFLAGS=--cap-lints=warn" "-e" "RUSTDOCFLAGS=--cap-lints=warn" "-e" "CARGO_HOME=/opt/rustwide/cargo-home" "-e" "RUSTUP_HOME=/opt/rustwide/rustup-home" "-w" "/opt/rustwide/workdir" "-m" "1610612736" "--user" "0:0" "--network" "none" "ghcr.io/rust-lang/crates-build-env/linux@sha256:2788e3201cd34a07e3172128adcd8b3090168a8e3bcc40d7c032b9dda1df7d1c" "/opt/rustwide/cargo-home/bin/cargo" "+1.75.0" "test" "--frozen" "--no-run" "--message-format=json", kill_on_drop: false }`
[INFO] [stdout] 986b42ce163d8f65d148600999ce9ef464bd472d2aaff4ca683a5b0d1b6ab67e
[INFO] running `Command { std: "docker" "start" "-a" "986b42ce163d8f65d148600999ce9ef464bd472d2aaff4ca683a5b0d1b6ab67e", kill_on_drop: false }`
[INFO] [stderr]    Compiling unicode-ident v1.0.6
[INFO] [stderr]    Compiling autocfg v1.1.0
[INFO] [stderr]    Compiling syn v1.0.107
[INFO] [stderr]    Compiling libc v0.2.139
[INFO] [stderr]    Compiling serde_derive v1.0.152
[INFO] [stderr]    Compiling serde v1.0.152
[INFO] [stderr]    Compiling pkg-config v0.3.26
[INFO] [stderr]    Compiling memchr v2.5.0
[INFO] [stderr]    Compiling version_check v0.9.4
[INFO] [stderr]    Compiling once_cell v1.17.1
[INFO] [stderr]    Compiling log v0.4.17
[INFO] [stderr]    Compiling tinyvec_macros v0.1.1
[INFO] [stderr]    Compiling quote v1.0.23
[INFO] [stderr]    Compiling hashbrown v0.11.2
[INFO] [stderr]    Compiling adler v1.0.2
[INFO] [stderr]    Compiling proc-macro2 v1.0.51
[INFO] [stderr]    Compiling semver v1.0.16
[INFO] [stderr]    Compiling regex-syntax v0.6.28
[INFO] [stderr]    Compiling miniz_oxide v0.6.2
[INFO] [stderr]    Compiling tinyvec v1.6.0
[INFO] [stderr]    Compiling bitflags v1.3.2
[INFO] [stderr]    Compiling crc32fast v1.3.2
[INFO] [stderr]    Compiling indexmap v1.8.2
[INFO] [stderr]    Compiling serde_json v1.0.93
[INFO] [stderr]    Compiling crossbeam-utils v0.8.14
[INFO] [stderr]    Compiling percent-encoding v2.2.0
[INFO] [stderr]    Compiling unicode-bidi v0.3.10
[INFO] [stderr]    Compiling memoffset v0.7.1
[INFO] [stderr]    Compiling ryu v1.0.12
[INFO] [stderr]    Compiling form_urlencoded v1.1.0
[INFO] [stderr]    Compiling itoa v1.0.5
[INFO] [stderr]    Compiling crossbeam-epoch v0.9.13
[INFO] [stderr]    Compiling tracing-core v0.1.30
[INFO] [stderr]    Compiling lazy_static v1.4.0
[INFO] [stderr]    Compiling proc-macro-error-attr v1.0.4
[INFO] [stderr]    Compiling num-traits v0.2.15
[INFO] [stderr]    Compiling pin-project-lite v0.2.9
[INFO] [stderr]    Compiling scopeguard v1.1.0
[INFO] [stderr]    Compiling jobserver v0.1.25
[INFO] [stderr]    Compiling aho-corasick v0.7.20
[INFO] [stderr]    Compiling openssl-probe v0.1.5
[INFO] [stderr]    Compiling proc-macro-error v1.0.4
[INFO] [stderr]    Compiling num-integer v0.1.45
[INFO] [stderr]    Compiling rayon-core v1.10.2
[INFO] [stderr]    Compiling cc v1.0.79
[INFO] [stderr]    Compiling unicode-normalization v0.1.22
[INFO] [stderr]    Compiling fixedbitset v0.4.2
[INFO] [stderr]    Compiling tracing-log v0.1.3
[INFO] [stderr]    Compiling crossbeam-deque v0.8.2
[INFO] [stderr]    Compiling crossbeam-channel v0.5.6
[INFO] [stderr]    Compiling sharded-slab v0.1.4
[INFO] [stderr]    Compiling flate2 v1.0.25
[INFO] [stderr]    Compiling num_cpus v1.15.0
[INFO] [stderr]    Compiling getrandom v0.2.8
[INFO] [stderr]    Compiling atty v0.2.14
[INFO] [stderr]    Compiling smartstring v1.0.1
[INFO] [stderr]    Compiling thread_local v1.1.7
[INFO] [stderr]    Compiling smallvec v1.10.0
[INFO] [stderr]    Compiling gimli v0.27.2
[INFO] [stderr]    Compiling eyre v0.6.8
[INFO] [stderr]    Compiling idna v0.3.0
[INFO] [stderr]    Compiling rustc-demangle v0.1.21
[INFO] [stderr]    Compiling io-lifetimes v1.0.5
[INFO] [stderr]    Compiling time v0.1.45
[INFO] [stderr]    Compiling object v0.30.3
[INFO] [stderr]    Compiling static_assertions v1.1.0
[INFO] [stderr]    Compiling iana-time-zone v0.1.53
[INFO] [stderr]    Compiling humantime v2.1.0
[INFO] [stderr]    Compiling curl v0.4.44
[INFO] [stderr]    Compiling regex v1.7.1
[INFO] [stderr]    Compiling regex-automata v0.1.10
[INFO] [stderr]    Compiling os_str_bytes v6.4.1
[INFO] [stderr]    Compiling anyhow v1.0.69
[INFO] [stderr]    Compiling overload v0.1.1
[INFO] [stderr]    Compiling platforms v3.0.2
[INFO] [stderr]    Compiling rustix v0.36.8
[INFO] [stderr]    Compiling indenter v0.3.3
[INFO] [stderr]    Compiling either v1.8.1
[INFO] [stderr]    Compiling byteorder v1.4.3
[INFO] [stderr]    Compiling heck v0.4.1
[INFO] [stderr]    Compiling unicode-xid v0.2.4
[INFO] [stderr]    Compiling camino v1.1.3
[INFO] [stderr]    Compiling rayon v1.6.1
[INFO] [stderr]    Compiling clap_lex v0.2.4
[INFO] [stderr]    Compiling nu-ansi-term v0.46.0
[INFO] [stderr]    Compiling openssl-sys v0.9.80
[INFO] [stderr]    Compiling libz-sys v1.1.8
[INFO] [stderr]    Compiling libssh2-sys v0.2.23
[INFO] [stderr]    Compiling libgit2-sys v0.14.2+1.5.1
[INFO] [stderr]    Compiling curl-sys v0.4.60+curl-7.88.1
[INFO] [stderr]    Compiling backtrace v0.3.67
[INFO] [stderr]    Compiling matchers v0.1.0
[INFO] [stderr]    Compiling chrono v0.4.23
[INFO] [stderr]    Compiling rustc_version v0.4.0
[INFO] [stderr]    Compiling rand_core v0.6.4
[INFO] [stderr]    Compiling socket2 v0.4.7
[INFO] [stderr]    Compiling gzip-header v0.3.0
[INFO] [stderr]    Compiling binfarce v0.2.1
[INFO] [stderr]    Compiling adler32 v1.2.0
[INFO] [stderr]    Compiling fs-err v2.9.0
[INFO] [stderr]    Compiling topological-sort v0.2.2
[INFO] [stderr]    Compiling textwrap v0.16.0
[INFO] [stderr]    Compiling ppv-lite86 v0.2.17
[INFO] [stderr]    Compiling termcolor v1.2.0
[INFO] [stderr]    Compiling addr2line v0.19.0
[INFO] [stderr]    Compiling zeroize v1.5.7
[INFO] [stderr]    Compiling home v0.5.4
[INFO] [stderr]    Compiling md5 v0.7.0
[INFO] [stderr]    Compiling llvm_profparser v0.3.1
[INFO] [stderr]    Compiling strsim v0.10.0
[INFO] [stderr]    Compiling procfs v0.14.2
[INFO] [stderr]    Compiling minimal-lexical v0.2.1
[INFO] [stderr]    Compiling ansi_term v0.12.1
[INFO] [stderr]    Compiling linux-raw-sys v0.1.4
[INFO] [stderr]    Compiling owo-colors v3.5.0
[INFO] [stderr]    Compiling rustc-hash v1.1.0
[INFO] [stderr]    Compiling ident_case v1.0.1
[INFO] [stderr]    Compiling unicode-width v0.1.10
[INFO] [stderr]    Compiling textwrap v0.11.0
[INFO] [stderr]    Compiling rand_chacha v0.3.1
[INFO] [stderr]    Compiling nom v7.1.3
[INFO] [stderr]    Compiling auditable-extract v0.3.2
[INFO] [stderr]    Compiling deflate v0.8.6
[INFO] [stderr]    Compiling cargo-tarpaulin v0.22.0
[INFO] [stderr]    Compiling matchers v0.0.1
[INFO] [stderr]    Compiling object v0.26.2
[INFO] [stderr]    Compiling wait-timeout v0.2.0
[INFO] [stderr]    Compiling synstructure v0.12.6
[INFO] [stderr]    Compiling canonical-path v2.0.2
[INFO] [stderr]    Compiling arc-swap v1.6.0
[INFO] [stderr]    Compiling vec_map v0.8.2
[INFO] [stderr]    Compiling fallible-iterator v0.2.0
[INFO] [stderr]    Compiling leb128 v0.2.5
[INFO] [stderr]    Compiling same-file v1.0.6
[INFO] [stderr]    Compiling stable_deref_trait v1.2.0
[INFO] [stderr]    Compiling strsim v0.8.0
[INFO] [stderr]    Compiling color-eyre v0.6.2
[INFO] [stderr]    Compiling walkdir v2.3.2
[INFO] [stderr]    Compiling rand v0.8.5
[INFO] [stderr]    Compiling env_logger v0.8.4
[INFO] [stderr]    Compiling clap v2.34.0
[INFO] [stderr]    Compiling object v0.29.0
[INFO] [stderr]    Compiling nix v0.25.1
[INFO] [stderr]    Compiling memmap v0.7.0
[INFO] [stderr]    Compiling quick-xml v0.25.0
[INFO] [stderr]    Compiling diff v0.1.13
[INFO] [stderr]    Compiling yansi v0.5.1
[INFO] [stderr]    Compiling pretty_assertions v1.3.0
[INFO] [stderr]    Compiling quickcheck v1.0.3
[INFO] [stderr]    Compiling thiserror-impl v1.0.38
[INFO] [stderr]    Compiling tracing-attributes v0.1.23
[INFO] [stderr]    Compiling clap_derive v3.2.18
[INFO] [stderr]    Compiling abscissa_derive v0.6.0
[INFO] [stderr]    Compiling quickcheck_macros v1.0.0
[INFO] [stderr]    Compiling thiserror v1.0.38
[INFO] [stderr]    Compiling buildx_pdsa v0.1.0 (/opt/rustwide/workdir)
[INFO] [stdout] warning: unused import: `core::num`
[INFO] [stdout]  --> src/cardinality/hyperloglog.rs:1:5
[INFO] [stdout]   |
[INFO] [stdout] 1 | use core::num;
[INFO] [stdout]   |     ^^^^^^^^^
[INFO] [stdout]   |
[INFO] [stdout]   = note: `#[warn(unused_imports)]` on by default
[INFO] [stdout] 
[INFO] [stdout] 
[INFO] [stderr]    Compiling tracing v0.1.37
[INFO] [stdout] warning: 1 warning emitted
[INFO] [stdout] 
[INFO] [stdout] 
[INFO] [stderr]    Compiling tracing-subscriber v0.3.16
[INFO] [stderr]    Compiling tracing-subscriber v0.2.25
[INFO] [stderr]    Compiling url v2.3.1
[INFO] [stderr]    Compiling toml v0.5.11
[INFO] [stderr]    Compiling hex v0.4.3
[INFO] [stderr]    Compiling humantime-serde v1.1.1
[INFO] [stderr]    Compiling secrecy v0.8.0
[INFO] [stderr]    Compiling cargo-platform v0.1.2
[INFO] [stderr]    Compiling cvss v2.0.0
[INFO] [stderr]    Compiling quitters v0.1.0
[INFO] [stderr]    Compiling petgraph v0.6.3
[INFO] [stderr]    Compiling clap v3.2.23
[INFO] [stderr]    Compiling gimli v0.26.2
[INFO] [stderr]    Compiling git2 v0.15.0
[INFO] [stderr]    Compiling cargo_metadata v0.15.3
[INFO] [stderr]    Compiling coveralls-api v0.5.0
[INFO] [stderr]    Compiling cargo-lock v8.0.3
[INFO] [stderr]    Compiling auditable-serde v0.5.2
[INFO] [stderr]    Compiling abscissa_core v0.6.0
[INFO] [stderr]    Compiling crates-index v0.18.11
[INFO] [stderr]    Compiling auditable-info v0.6.2
[INFO] [stderr]    Compiling rustsec v0.26.4
[INFO] [stderr]    Compiling cargo-audit v0.17.4
[INFO] [stdout] warning: unused import: `core::num`
[INFO] [stdout]  --> src/cardinality/hyperloglog.rs:1:5
[INFO] [stdout]   |
[INFO] [stdout] 1 | use core::num;
[INFO] [stdout]   |     ^^^^^^^^^
[INFO] [stdout]   |
[INFO] [stdout]   = note: `#[warn(unused_imports)]` on by default
[INFO] [stdout] 
[INFO] [stdout] 
[INFO] [stdout] warning: unused import: `HashMap`
[INFO] [stdout]  --> tests/qc_hyperloglog.rs:1:24
[INFO] [stdout]   |
[INFO] [stdout] 1 | use std::collections::{HashMap, HashSet};
[INFO] [stdout]   |                        ^^^^^^^
[INFO] [stdout]   |
[INFO] [stdout]   = note: `#[warn(unused_imports)]` on by default
[INFO] [stdout] 
[INFO] [stdout] 
[INFO] [stdout] warning: 1 warning emitted
[INFO] [stdout] 
[INFO] [stdout] 
[INFO] [stdout] warning: 1 warning emitted
[INFO] [stdout] 
[INFO] [stdout] 
[INFO] [stderr]     Finished test [unoptimized + debuginfo] target(s) in 39.16s
[INFO] running `Command { std: "docker" "inspect" "986b42ce163d8f65d148600999ce9ef464bd472d2aaff4ca683a5b0d1b6ab67e", kill_on_drop: false }`
[INFO] running `Command { std: "docker" "rm" "-f" "986b42ce163d8f65d148600999ce9ef464bd472d2aaff4ca683a5b0d1b6ab67e", kill_on_drop: false }`
[INFO] [stdout] 986b42ce163d8f65d148600999ce9ef464bd472d2aaff4ca683a5b0d1b6ab67e
[INFO] running `Command { std: "docker" "create" "-v" "/var/lib/crater-agent-workspace/builds/worker-7-tc1/target:/opt/rustwide/target:rw,Z" "-v" "/var/lib/crater-agent-workspace/builds/worker-7-tc1/source:/opt/rustwide/workdir:ro,Z" "-v" "/var/lib/crater-agent-workspace/cargo-home:/opt/rustwide/cargo-home:ro,Z" "-v" "/var/lib/crater-agent-workspace/rustup-home:/opt/rustwide/rustup-home:ro,Z" "-e" "SOURCE_DIR=/opt/rustwide/workdir" "-e" "CARGO_TARGET_DIR=/opt/rustwide/target" "-e" "CARGO_INCREMENTAL=0" "-e" "RUST_BACKTRACE=full" "-e" "RUSTFLAGS=--cap-lints=warn" "-e" "RUSTDOCFLAGS=--cap-lints=warn" "-e" "CARGO_HOME=/opt/rustwide/cargo-home" "-e" "RUSTUP_HOME=/opt/rustwide/rustup-home" "-w" "/opt/rustwide/workdir" "-m" "1610612736" "--user" "0:0" "--network" "none" "ghcr.io/rust-lang/crates-build-env/linux@sha256:2788e3201cd34a07e3172128adcd8b3090168a8e3bcc40d7c032b9dda1df7d1c" "/opt/rustwide/cargo-home/bin/cargo" "+1.75.0" "test" "--frozen", kill_on_drop: false }`
[INFO] [stdout] 635a9d95e3248af6057ed91a33a9731028c1e26f4d2179cb6d3d908ddc4d6034
[INFO] running `Command { std: "docker" "start" "-a" "635a9d95e3248af6057ed91a33a9731028c1e26f4d2179cb6d3d908ddc4d6034", kill_on_drop: false }`
[INFO] [stderr] warning: unused import: `core::num`
[INFO] [stderr]  --> src/cardinality/hyperloglog.rs:1:5
[INFO] [stderr]   |
[INFO] [stderr] 1 | use core::num;
[INFO] [stderr]   |     ^^^^^^^^^
[INFO] [stderr]   |
[INFO] [stderr]   = note: `#[warn(unused_imports)]` on by default
[INFO] [stderr] 
[INFO] [stderr] warning: `buildx_pdsa` (lib) generated 1 warning (run `cargo fix --lib -p buildx_pdsa` to apply 1 suggestion)
[INFO] [stderr] warning: unused import: `HashMap`
[INFO] [stderr]  --> tests/qc_hyperloglog.rs:1:24
[INFO] [stderr]   |
[INFO] [stderr] 1 | use std::collections::{HashMap, HashSet};
[INFO] [stderr]   |                        ^^^^^^^
[INFO] [stderr]   |
[INFO] [stderr]   = note: `#[warn(unused_imports)]` on by default
[INFO] [stderr] 
[INFO] [stderr] warning: `buildx_pdsa` (test "qc_hyperloglog") generated 1 warning (run `cargo fix --test "qc_hyperloglog"` to apply 1 suggestion)
[INFO] [stderr] warning: `buildx_pdsa` (lib test) generated 1 warning (1 duplicate)
[INFO] [stderr]     Finished test [unoptimized + debuginfo] target(s) in 0.27s
[INFO] [stderr]      Running unittests src/lib.rs (/opt/rustwide/target/debug/deps/buildx_pdsa-e8927a2a880b975c)
[INFO] [stdout] 
[INFO] [stdout] running 14 tests
[INFO] [stdout] test cardinality::hyperloglog::tests::test_b ... ok
[INFO] [stdout] test frequency::count_min_sketch::tests::insert_and_check ... ok
[INFO] [stdout] test membership::bloom_filter::tests::insert_and_check ... ok
[INFO] [stdout] test cardinality::hyperloglog::tests::test_insertion_with_duplicates ... ok
[INFO] [stdout] test membership::bloom_filter::tests::invalid_fp_rate ... ok
[INFO] [stdout] test membership::bloom_filter::tests::invalid_num_items ... ok
[INFO] [stdout] test membership::counting_bloom_filter::tests::delete_and_check ... ok
[INFO] [stdout] test membership::counting_bloom_filter::tests::insert_and_check ... ok
[INFO] [stdout] test membership::counting_bloom_filter::tests::invalid_fp_rate ... ok
[INFO] [stdout] test membership::counting_bloom_filter::tests::invalid_num_items ... ok
[INFO] [stdout] test membership::counting_bloom_filter::tests::new_from_num_items_and_fp_rate ... ok
[INFO] [stdout] test frequency::count_min_sketch::tests::new_from_num_items_and_fp_rate ... ok
[INFO] [stdout] test membership::bloom_filter::tests::new_from_num_items_and_fp_rate ... ok
[INFO] [stdout] test frequency::count_min_sketch::tests::insert_and_check_several_items ... ok
[INFO] [stdout] 
[INFO] [stdout] test result: ok. 14 passed; 0 failed; 0 ignored; 0 measured; 0 filtered out; finished in 5.01s
[INFO] [stdout] 
[INFO] [stderr]      Running tests/qc_bloom_filter.rs (/opt/rustwide/target/debug/deps/qc_bloom_filter-aaf7b7438205e149)
[INFO] [stdout] 
[INFO] [stdout] running 1 test
[INFO] [stdout] test quickcheck_bloom_filter ... ok
[INFO] [stdout] 
[INFO] [stdout] test result: ok. 1 passed; 0 failed; 0 ignored; 0 measured; 0 filtered out; finished in 0.09s
[INFO] [stdout] 
[INFO] [stderr]      Running tests/qc_count_min_sketch.rs (/opt/rustwide/target/debug/deps/qc_count_min_sketch-306c38d05ceb6474)
[INFO] [stdout] 
[INFO] [stdout] running 1 test
[INFO] [stdout] test quickcheck_count_min_sketch ... ok
[INFO] [stdout] 
[INFO] [stdout] test result: ok. 1 passed; 0 failed; 0 ignored; 0 measured; 0 filtered out; finished in 0.03s
[INFO] [stdout] 
[INFO] [stderr]      Running tests/qc_counting_bloom_filter.rs (/opt/rustwide/target/debug/deps/qc_counting_bloom_filter-c638d74d941ddb68)
[INFO] [stdout] 
[INFO] [stdout] running 1 test
[INFO] [stdout] test quickcheck_counting_bloom_filter ... ok
[INFO] [stdout] 
[INFO] [stdout] test result: ok. 1 passed; 0 failed; 0 ignored; 0 measured; 0 filtered out; finished in 0.06s
[INFO] [stdout] 
[INFO] [stderr]      Running tests/qc_hyperloglog.rs (/opt/rustwide/target/debug/deps/qc_hyperloglog-0ead3051e185bec0)
[INFO] [stdout] 
[INFO] [stdout] running 1 test
[INFO] [stdout] test quickcheck_hyperloglog ... FAILED
[INFO] [stdout] 
[INFO] [stdout] failures:
[INFO] [stdout] 
[INFO] [stdout] ---- quickcheck_hyperloglog stdout ----
[INFO] [stdout] [tests/qc_hyperloglog.rs:25] &input = HyperLogLogInput {
[INFO] [stdout]     error_rate: 0.1794897194597984,
[INFO] [stdout]     data: [
[INFO] [stdout]         1065407096,
[INFO] [stdout]         727653399,
[INFO] [stdout]         2732887250,
[INFO] [stdout]         1466685250,
[INFO] [stdout]         3511588799,
[INFO] [stdout]         2781227689,
[INFO] [stdout]         672506514,
[INFO] [stdout]         388603504,
[INFO] [stdout]         947507631,
[INFO] [stdout]         2561256158,
[INFO] [stdout]         2657901451,
[INFO] [stdout]         2958987503,
[INFO] [stdout]         547926593,
[INFO] [stdout]         2430074648,
[INFO] [stdout]         1838875745,
[INFO] [stdout]         414274754,
[INFO] [stdout]         0,
[INFO] [stdout]         2408483602,
[INFO] [stdout]         4063853972,
[INFO] [stdout]         2664663346,
[INFO] [stdout]         1953704067,
[INFO] [stdout]         594632275,
[INFO] [stdout]         0,
[INFO] [stdout]         3449927731,
[INFO] [stdout]         505912959,
[INFO] [stdout]         2188157267,
[INFO] [stdout]         207430959,
[INFO] [stdout]         953488448,
[INFO] [stdout]         4239061189,
[INFO] [stdout]         2824462324,
[INFO] [stdout]         0,
[INFO] [stdout]         0,
[INFO] [stdout]         1364514440,
[INFO] [stdout]         1396591156,
[INFO] [stdout]         339106184,
[INFO] [stdout]         1908997326,
[INFO] [stdout]         2176731375,
[INFO] [stdout]         339931709,
[INFO] [stdout]         1414888411,
[INFO] [stdout]         1,
[INFO] [stdout]         2919966713,
[INFO] [stdout]         0,
[INFO] [stdout]         2358948335,
[INFO] [stdout]         1191485727,
[INFO] [stdout]         4294967295,
[INFO] [stdout]         1322193426,
[INFO] [stdout]         3898279883,
[INFO] [stdout]         2006499910,
[INFO] [stdout]         1813211976,
[INFO] [stdout]         4294967295,
[INFO] [stdout]         1,
[INFO] [stdout]         4164472731,
[INFO] [stdout]         0,
[INFO] [stdout]         1618631922,
[INFO] [stdout]         810745371,
[INFO] [stdout]         507206475,
[INFO] [stdout]         2146513398,
[INFO] [stdout]         18179626,
[INFO] [stdout]         4129343355,
[INFO] [stdout]         710764493,
[INFO] [stdout]         2918267044,
[INFO] [stdout]         3137033507,
[INFO] [stdout]         3414919705,
[INFO] [stdout]         2101401900,
[INFO] [stdout]         3475669840,
[INFO] [stdout]         2665983491,
[INFO] [stdout]         2634715731,
[INFO] [stdout]         1164506386,
[INFO] [stdout]     ],
[INFO] [stdout] }
[INFO] [stdout] Num buckets 64
[INFO] [stdout] Actual count : 61. Estimated count is 62
[INFO] [stdout] Actual Error is : 0.01639344262295082. Estimated error is 0.0000000002421438694000244
[INFO] [stdout] thread 'quickcheck_hyperloglog' panicked at tests/qc_hyperloglog.rs:39:5:
[INFO] [stdout] assertion failed: error <= estimated_error
[INFO] [stdout] stack backtrace:
[INFO] [stdout]    0:     0x55d8ac666e0c - std::backtrace_rs::backtrace::libunwind::trace::ha637c64ce894333a
[INFO] [stdout]                                at /rustc/82e1608dfa6e0b5569232559e3d385fea5a93112/library/std/src/../../backtrace/src/backtrace/libunwind.rs:104:5
[INFO] [stdout]    1:     0x55d8ac666e0c - std::backtrace_rs::backtrace::trace_unsynchronized::h47f62dea28e0c88d
[INFO] [stdout]                                at /rustc/82e1608dfa6e0b5569232559e3d385fea5a93112/library/std/src/../../backtrace/src/backtrace/mod.rs:66:5
[INFO] [stdout]    2:     0x55d8ac666e0c - std::sys_common::backtrace::_print_fmt::h9eef0abe20ede486
[INFO] [stdout]                                at /rustc/82e1608dfa6e0b5569232559e3d385fea5a93112/library/std/src/sys_common/backtrace.rs:67:5
[INFO] [stdout]    3:     0x55d8ac666e0c - <std::sys_common::backtrace::_print::DisplayBacktrace as core::fmt::Display>::fmt::hed7f999df88cc644
[INFO] [stdout]                                at /rustc/82e1608dfa6e0b5569232559e3d385fea5a93112/library/std/src/sys_common/backtrace.rs:44:22
[INFO] [stdout]    4:     0x55d8ac690dc0 - core::fmt::rt::Argument::fmt::h1539a9308b8d058d
[INFO] [stdout]                                at /rustc/82e1608dfa6e0b5569232559e3d385fea5a93112/library/core/src/fmt/rt.rs:142:9
[INFO] [stdout]    5:     0x55d8ac690dc0 - core::fmt::write::h3a39390d8560d9c9
[INFO] [stdout]                                at /rustc/82e1608dfa6e0b5569232559e3d385fea5a93112/library/core/src/fmt/mod.rs:1120:17
[INFO] [stdout]    6:     0x55d8ac6647bf - std::io::Write::write_fmt::h040b369f3a0f9cbc
[INFO] [stdout]                                at /rustc/82e1608dfa6e0b5569232559e3d385fea5a93112/library/std/src/io/mod.rs:1762:15
[INFO] [stdout]    7:     0x55d8ac666bf4 - std::sys_common::backtrace::_print::h894006fb5c6f3d45
[INFO] [stdout]                                at /rustc/82e1608dfa6e0b5569232559e3d385fea5a93112/library/std/src/sys_common/backtrace.rs:47:5
[INFO] [stdout]    8:     0x55d8ac666bf4 - std::sys_common::backtrace::print::h23a2d212c6fff936
[INFO] [stdout]                                at /rustc/82e1608dfa6e0b5569232559e3d385fea5a93112/library/std/src/sys_common/backtrace.rs:34:9
[INFO] [stdout]    9:     0x55d8ac6688b7 - std::panicking::default_hook::{{closure}}::h8a1d2ee00185001a
[INFO] [stdout]   10:     0x55d8ac6685a3 - std::panicking::default_hook::h6038f2eba384e475
[INFO] [stdout]                                at /rustc/82e1608dfa6e0b5569232559e3d385fea5a93112/library/std/src/panicking.rs:289:9
[INFO] [stdout]   11:     0x55d8ac491607 - <alloc::boxed::Box<F,A> as core::ops::function::Fn<Args>>::call::h0ad024c9bdc6d768
[INFO] [stdout]                                at /rustc/82e1608dfa6e0b5569232559e3d385fea5a93112/library/alloc/src/boxed.rs:2021:9
[INFO] [stdout]   12:     0x55d8ac491607 - test::test_main::{{closure}}::h7500b54257359db6
[INFO] [stdout]                                at /rustc/82e1608dfa6e0b5569232559e3d385fea5a93112/library/test/src/lib.rs:138:21
[INFO] [stdout]   13:     0x55d8ac668ec8 - <alloc::boxed::Box<F,A> as core::ops::function::Fn<Args>>::call::h1f8f335eaa9cfaee
[INFO] [stdout]                                at /rustc/82e1608dfa6e0b5569232559e3d385fea5a93112/library/alloc/src/boxed.rs:2021:9
[INFO] [stdout]   14:     0x55d8ac668ec8 - std::panicking::rust_panic_with_hook::h2b5517d590cab22e
[INFO] [stdout]                                at /rustc/82e1608dfa6e0b5569232559e3d385fea5a93112/library/std/src/panicking.rs:783:13
[INFO] [stdout]   15:     0x55d8ac668be9 - std::panicking::begin_panic_handler::{{closure}}::h233112c06e0ef43e
[INFO] [stdout]                                at /rustc/82e1608dfa6e0b5569232559e3d385fea5a93112/library/std/src/panicking.rs:649:13
[INFO] [stdout]   16:     0x55d8ac6672d6 - std::sys_common::backtrace::__rust_end_short_backtrace::h6e893f24d7ebbff8
[INFO] [stdout]                                at /rustc/82e1608dfa6e0b5569232559e3d385fea5a93112/library/std/src/sys_common/backtrace.rs:170:18
[INFO] [stdout]   17:     0x55d8ac668982 - rust_begin_unwind
[INFO] [stdout]                                at /rustc/82e1608dfa6e0b5569232559e3d385fea5a93112/library/std/src/panicking.rs:645:5
[INFO] [stdout]   18:     0x55d8ac450235 - core::panicking::panic_fmt::hbf0e066aabfa482c
[INFO] [stdout]                                at /rustc/82e1608dfa6e0b5569232559e3d385fea5a93112/library/core/src/panicking.rs:72:14
[INFO] [stdout]   19:     0x55d8ac4502d3 - core::panicking::panic::h195fc2a96298d4c3
[INFO] [stdout]                                at /rustc/82e1608dfa6e0b5569232559e3d385fea5a93112/library/core/src/panicking.rs:127:5
[INFO] [stdout]   20:     0x55d8ac456682 - qc_hyperloglog::quickcheck_hyperloglog::quickcheck_hyperloglog::hc2835ac2a97344ca
[INFO] [stdout]                                at /opt/rustwide/workdir/tests/qc_hyperloglog.rs:39:5
[INFO] [stdout]   21:     0x55d8ac4552e2 - <fn(A) .> T as quickcheck::tester::Testable>::result::{{closure}}::h9c2044fe6a7ac140
[INFO] [stdout]                                at /opt/rustwide/cargo-home/registry/src/index.crates.io-6f17d22bba15001f/quickcheck-1.0.3/src/tester.rs:371:35
[INFO] [stdout]   22:     0x55d8ac459fe0 - <core::panic::unwind_safe::AssertUnwindSafe<F> as core::ops::function::FnOnce<()>>::call_once::ha251a61e31ea28c1
[INFO] [stdout]                                at /rustc/82e1608dfa6e0b5569232559e3d385fea5a93112/library/core/src/panic/unwind_safe.rs:272:9
[INFO] [stdout]   23:     0x55d8ac4521e4 - std::panicking::try::do_call::h727a4239b1e19469
[INFO] [stdout]                                at /rustc/82e1608dfa6e0b5569232559e3d385fea5a93112/library/std/src/panicking.rs:552:40
[INFO] [stdout]   24:     0x55d8ac45672b - __rust_try
[INFO] [stdout]   25:     0x55d8ac45211f - std::panicking::try::h1aa3111c5688cacc
[INFO] [stdout]                                at /rustc/82e1608dfa6e0b5569232559e3d385fea5a93112/library/std/src/panicking.rs:516:19
[INFO] [stdout]   26:     0x55d8ac45b216 - std::panic::catch_unwind::h52f1c86e58456d7b
[INFO] [stdout]                                at /rustc/82e1608dfa6e0b5569232559e3d385fea5a93112/library/std/src/panic.rs:142:14
[INFO] [stdout]   27:     0x55d8ac451706 - quickcheck::tester::safe::hcdf8958359259955
[INFO] [stdout]                                at /opt/rustwide/cargo-home/registry/src/index.crates.io-6f17d22bba15001f/quickcheck-1.0.3/src/tester.rs:402:5
[INFO] [stdout]   28:     0x55d8ac454f72 - <fn(A) .> T as quickcheck::tester::Testable>::result::hea0c18cf62ba1148
[INFO] [stdout]                                at /opt/rustwide/cargo-home/registry/src/index.crates.io-6f17d22bba15001f/quickcheck-1.0.3/src/tester.rs:371:21
[INFO] [stdout]   29:     0x55d8ac4513ad - quickcheck::tester::QuickCheck::quicktest::hdd02436b247fbfd3
[INFO] [stdout]                                at /opt/rustwide/cargo-home/registry/src/index.crates.io-6f17d22bba15001f/quickcheck-1.0.3/src/tester.rs:121:19
[INFO] [stdout]   30:     0x55d8ac450fa1 - quickcheck::tester::QuickCheck::quickcheck::hb674b4d36c614df0
[INFO] [stdout]                                at /opt/rustwide/cargo-home/registry/src/index.crates.io-6f17d22bba15001f/quickcheck-1.0.3/src/tester.rs:163:36
[INFO] [stdout]   31:     0x55d8ac451683 - quickcheck::tester::quickcheck::h43166345398b2925
[INFO] [stdout]                                at /opt/rustwide/cargo-home/registry/src/index.crates.io-6f17d22bba15001f/quickcheck-1.0.3/src/tester.rs:183:5
[INFO] [stdout]   32:     0x55d8ac455ccd - qc_hyperloglog::quickcheck_hyperloglog::hf3458257db54795d
[INFO] [stdout]                                at /opt/rustwide/workdir/tests/qc_hyperloglog.rs:13:1
[INFO] [stdout]   33:     0x55d8ac455ca7 - qc_hyperloglog::quickcheck_hyperloglog::{{closure}}::h59c927128fd3f721
[INFO] [stdout]                                at /opt/rustwide/workdir/tests/qc_hyperloglog.rs:13:33
[INFO] [stdout]   34:     0x55d8ac45b436 - core::ops::function::FnOnce::call_once::h8ee89b927b6c5449
[INFO] [stdout]                                at /rustc/82e1608dfa6e0b5569232559e3d385fea5a93112/library/core/src/ops/function.rs:250:5
[INFO] [stdout]   35:     0x55d8ac496c5f - core::ops::function::FnOnce::call_once::h2b5d431d5046312d
[INFO] [stdout]                                at /rustc/82e1608dfa6e0b5569232559e3d385fea5a93112/library/core/src/ops/function.rs:250:5
[INFO] [stdout]   36:     0x55d8ac496c5f - test::__rust_begin_short_backtrace::h7714669af176e207
[INFO] [stdout]                                at /rustc/82e1608dfa6e0b5569232559e3d385fea5a93112/library/test/src/lib.rs:628:18
[INFO] [stdout]   37:     0x55d8ac495c75 - test::run_test_in_process::{{closure}}::h85218797dcbcec12
[INFO] [stdout]                                at /rustc/82e1608dfa6e0b5569232559e3d385fea5a93112/library/test/src/lib.rs:651:60
[INFO] [stdout]   38:     0x55d8ac495c75 - <core::panic::unwind_safe::AssertUnwindSafe<F> as core::ops::function::FnOnce<()>>::call_once::h76c106ea31c14d7b
[INFO] [stdout]                                at /rustc/82e1608dfa6e0b5569232559e3d385fea5a93112/library/core/src/panic/unwind_safe.rs:272:9
[INFO] [stdout]   39:     0x55d8ac495c75 - std::panicking::try::do_call::h3bd5d0f6620ee946
[INFO] [stdout]                                at /rustc/82e1608dfa6e0b5569232559e3d385fea5a93112/library/std/src/panicking.rs:552:40
[INFO] [stdout]   40:     0x55d8ac495c75 - std::panicking::try::h232e535e4744fe31
[INFO] [stdout]                                at /rustc/82e1608dfa6e0b5569232559e3d385fea5a93112/library/std/src/panicking.rs:516:19
[INFO] [stdout]   41:     0x55d8ac495c75 - std::panic::catch_unwind::h3ce3bd6ca8dbac68
[INFO] [stdout]                                at /rustc/82e1608dfa6e0b5569232559e3d385fea5a93112/library/std/src/panic.rs:142:14
[INFO] [stdout]   42:     0x55d8ac495c75 - test::run_test_in_process::hc97b257c9621286a
[INFO] [stdout]                                at /rustc/82e1608dfa6e0b5569232559e3d385fea5a93112/library/test/src/lib.rs:651:27
[INFO] [stdout]   43:     0x55d8ac495c75 - test::run_test::{{closure}}::h2aa798823a438d38
[INFO] [stdout]                                at /rustc/82e1608dfa6e0b5569232559e3d385fea5a93112/library/test/src/lib.rs:574:43
[INFO] [stdout]   44:     0x55d8ac45df36 - test::run_test::{{closure}}::h87d231c78fb59832
[INFO] [stdout]                                at /rustc/82e1608dfa6e0b5569232559e3d385fea5a93112/library/test/src/lib.rs:602:41
[INFO] [stdout]   45:     0x55d8ac45df36 - std::sys_common::backtrace::__rust_begin_short_backtrace::he6df152596625789
[INFO] [stdout]                                at /rustc/82e1608dfa6e0b5569232559e3d385fea5a93112/library/std/src/sys_common/backtrace.rs:154:18
[INFO] [stdout]   46:     0x55d8ac462fe7 - std::thread::Builder::spawn_unchecked_::{{closure}}::{{closure}}::ha94be15d1e0acf36
[INFO] [stdout]                                at /rustc/82e1608dfa6e0b5569232559e3d385fea5a93112/library/std/src/thread/mod.rs:529:17
[INFO] [stdout]   47:     0x55d8ac462fe7 - <core::panic::unwind_safe::AssertUnwindSafe<F> as core::ops::function::FnOnce<()>>::call_once::h9dc6bd6372f16606
[INFO] [stdout]                                at /rustc/82e1608dfa6e0b5569232559e3d385fea5a93112/library/core/src/panic/unwind_safe.rs:272:9
[INFO] [stdout]   48:     0x55d8ac462fe7 - std::panicking::try::do_call::h9057517f80303cd4
[INFO] [stdout]                                at /rustc/82e1608dfa6e0b5569232559e3d385fea5a93112/library/std/src/panicking.rs:552:40
[INFO] [stdout]   49:     0x55d8ac462fe7 - std::panicking::try::he3a30b11ee45340c
[INFO] [stdout]                                at /rustc/82e1608dfa6e0b5569232559e3d385fea5a93112/library/std/src/panicking.rs:516:19
[INFO] [stdout]   50:     0x55d8ac462fe7 - std::panic::catch_unwind::h410458cfd3528b8b
[INFO] [stdout]                                at /rustc/82e1608dfa6e0b5569232559e3d385fea5a93112/library/std/src/panic.rs:142:14
[INFO] [stdout]   51:     0x55d8ac462fe7 - std::thread::Builder::spawn_unchecked_::{{closure}}::h72ac3bdb567b737b
[INFO] [stdout]                                at /rustc/82e1608dfa6e0b5569232559e3d385fea5a93112/library/std/src/thread/mod.rs:528:30
[INFO] [stdout]   52:     0x55d8ac462fe7 - core::ops::function::FnOnce::call_once{{vtable.shim}}::h38f34da3654a8344
[INFO] [stdout]                                at /rustc/82e1608dfa6e0b5569232559e3d385fea5a93112/library/core/src/ops/function.rs:250:5
[INFO] [stdout]   53:     0x55d8ac66d955 - <alloc::boxed::Box<F,A> as core::ops::function::FnOnce<Args>>::call_once::hc7eafaff61e32df9
[INFO] [stdout]                                at /rustc/82e1608dfa6e0b5569232559e3d385fea5a93112/library/alloc/src/boxed.rs:2007:9
[INFO] [stdout]   54:     0x55d8ac66d955 - <alloc::boxed::Box<F,A> as core::ops::function::FnOnce<Args>>::call_once::h6ba4a5de48dd2304
[INFO] [stdout]                                at /rustc/82e1608dfa6e0b5569232559e3d385fea5a93112/library/alloc/src/boxed.rs:2007:9
[INFO] [stdout]   55:     0x55d8ac66d955 - std::sys::unix::thread::Thread::new::thread_start::he469335aef763e45
[INFO] [stdout]                                at /rustc/82e1608dfa6e0b5569232559e3d385fea5a93112/library/std/src/sys/unix/thread.rs:108:17
[INFO] [stdout]   56:     0x7f9c1dc03ac3 - <unknown>
[INFO] [stdout]   57:     0x7f9c1dc94bf4 - __clone
[INFO] [stdout]   58:                0x0 - <unknown>
[INFO] [stdout] thread 'quickcheck_hyperloglog' panicked at /opt/rustwide/cargo-home/registry/src/index.crates.io-6f17d22bba15001f/quickcheck-1.0.3/src/tester.rs:165:28:
[INFO] [stdout] [quickcheck] TEST FAILED (runtime error). Arguments: (HyperLogLogInput { error_rate: 0.1794897194597984, data: [1065407096, 727653399, 2732887250, 1466685250, 3511588799, 2781227689, 672506514, 388603504, 947507631, 2561256158, 2657901451, 2958987503, 547926593, 2430074648, 1838875745, 414274754, 0, 2408483602, 4063853972, 2664663346, 1953704067, 594632275, 0, 3449927731, 505912959, 2188157267, 207430959, 953488448, 4239061189, 2824462324, 0, 0, 1364514440, 1396591156, 339106184, 1908997326, 2176731375, 339931709, 1414888411, 1, 2919966713, 0, 2358948335, 1191485727, 4294967295, 1322193426, 3898279883, 2006499910, 1813211976, 4294967295, 1, 4164472731, 0, 1618631922, 810745371, 507206475, 2146513398, 18179626, 4129343355, 710764493, 2918267044, 3137033507, 3414919705, 2101401900, 3475669840, 2665983491, 2634715731, 1164506386] })
[INFO] [stdout] Error: "assertion failed: error <= estimated_error"
[INFO] [stdout] stack backtrace:
[INFO] [stdout]    0:     0x55d8ac666e0c - std::backtrace_rs::backtrace::libunwind::trace::ha637c64ce894333a
[INFO] [stdout]                                at /rustc/82e1608dfa6e0b5569232559e3d385fea5a93112/library/std/src/../../backtrace/src/backtrace/libunwind.rs:104:5
[INFO] [stdout]    1:     0x55d8ac666e0c - std::backtrace_rs::backtrace::trace_unsynchronized::h47f62dea28e0c88d
[INFO] [stdout]                                at /rustc/82e1608dfa6e0b5569232559e3d385fea5a93112/library/std/src/../../backtrace/src/backtrace/mod.rs:66:5
[INFO] [stdout]    2:     0x55d8ac666e0c - std::sys_common::backtrace::_print_fmt::h9eef0abe20ede486
[INFO] [stdout]                                at /rustc/82e1608dfa6e0b5569232559e3d385fea5a93112/library/std/src/sys_common/backtrace.rs:67:5
[INFO] [stdout]    3:     0x55d8ac666e0c - <std::sys_common::backtrace::_print::DisplayBacktrace as core::fmt::Display>::fmt::hed7f999df88cc644
[INFO] [stdout]                                at /rustc/82e1608dfa6e0b5569232559e3d385fea5a93112/library/std/src/sys_common/backtrace.rs:44:22
[INFO] [stdout]    4:     0x55d8ac690dc0 - core::fmt::rt::Argument::fmt::h1539a9308b8d058d
[INFO] [stdout]                                at /rustc/82e1608dfa6e0b5569232559e3d385fea5a93112/library/core/src/fmt/rt.rs:142:9
[INFO] [stdout]    5:     0x55d8ac690dc0 - core::fmt::write::h3a39390d8560d9c9
[INFO] [stdout]                                at /rustc/82e1608dfa6e0b5569232559e3d385fea5a93112/library/core/src/fmt/mod.rs:1120:17
[INFO] [stdout]    6:     0x55d8ac6647bf - std::io::Write::write_fmt::h040b369f3a0f9cbc
[INFO] [stdout]                                at /rustc/82e1608dfa6e0b5569232559e3d385fea5a93112/library/std/src/io/mod.rs:1762:15
[INFO] [stdout]    7:     0x55d8ac666bf4 - std::sys_common::backtrace::_print::h894006fb5c6f3d45
[INFO] [stdout]                                at /rustc/82e1608dfa6e0b5569232559e3d385fea5a93112/library/std/src/sys_common/backtrace.rs:47:5
[INFO] [stdout]    8:     0x55d8ac666bf4 - std::sys_common::backtrace::print::h23a2d212c6fff936
[INFO] [stdout]                                at /rustc/82e1608dfa6e0b5569232559e3d385fea5a93112/library/std/src/sys_common/backtrace.rs:34:9
[INFO] [stdout]    9:     0x55d8ac6688b7 - std::panicking::default_hook::{{closure}}::h8a1d2ee00185001a
[INFO] [stdout]   10:     0x55d8ac6685a3 - std::panicking::default_hook::h6038f2eba384e475
[INFO] [stdout]                                at /rustc/82e1608dfa6e0b5569232559e3d385fea5a93112/library/std/src/panicking.rs:289:9
[INFO] [stdout]   11:     0x55d8ac491607 - <alloc::boxed::Box<F,A> as core::ops::function::Fn<Args>>::call::h0ad024c9bdc6d768
[INFO] [stdout]                                at /rustc/82e1608dfa6e0b5569232559e3d385fea5a93112/library/alloc/src/boxed.rs:2021:9
[INFO] [stdout]   12:     0x55d8ac491607 - test::test_main::{{closure}}::h7500b54257359db6
[INFO] [stdout]                                at /rustc/82e1608dfa6e0b5569232559e3d385fea5a93112/library/test/src/lib.rs:138:21
[INFO] [stdout]   13:     0x55d8ac668ec8 - <alloc::boxed::Box<F,A> as core::ops::function::Fn<Args>>::call::h1f8f335eaa9cfaee
[INFO] [stdout]                                at /rustc/82e1608dfa6e0b5569232559e3d385fea5a93112/library/alloc/src/boxed.rs:2021:9
[INFO] [stdout]   14:     0x55d8ac668ec8 - std::panicking::rust_panic_with_hook::h2b5517d590cab22e
[INFO] [stdout]                                at /rustc/82e1608dfa6e0b5569232559e3d385fea5a93112/library/std/src/panicking.rs:783:13
[INFO] [stdout]   15:     0x55d8ac451fef - std::panicking::begin_panic::{{closure}}::hb370541ec68dde55
[INFO] [stdout]                                at /rustc/82e1608dfa6e0b5569232559e3d385fea5a93112/library/std/src/panicking.rs:687:9
[INFO] [stdout]   16:     0x55d8ac451c56 - std::sys_common::backtrace::__rust_end_short_backtrace::hc1a70405506945db
[INFO] [stdout]                                at /rustc/82e1608dfa6e0b5569232559e3d385fea5a93112/library/std/src/sys_common/backtrace.rs:170:18
[INFO] [stdout]   17:     0x55d8ac451f48 - std::panicking::begin_panic::h97a52c94d5b96c0a
[INFO] [stdout]                                at /rustc/82e1608dfa6e0b5569232559e3d385fea5a93112/library/std/src/panicking.rs:686:12
[INFO] [stdout]   18:     0x55d8ac451277 - quickcheck::tester::QuickCheck::quickcheck::hb674b4d36c614df0
[INFO] [stdout]                                at /opt/rustwide/cargo-home/registry/src/index.crates.io-6f17d22bba15001f/quickcheck-1.0.3/src/tester.rs:165:28
[INFO] [stdout]   19:     0x55d8ac451683 - quickcheck::tester::quickcheck::h43166345398b2925
[INFO] [stdout]                                at /opt/rustwide/cargo-home/registry/src/index.crates.io-6f17d22bba15001f/quickcheck-1.0.3/src/tester.rs:183:5
[INFO] [stdout]   20:     0x55d8ac455ccd - qc_hyperloglog::quickcheck_hyperloglog::hf3458257db54795d
[INFO] [stdout]                                at /opt/rustwide/workdir/tests/qc_hyperloglog.rs:13:1
[INFO] [stdout]   21:     0x55d8ac455ca7 - qc_hyperloglog::quickcheck_hyperloglog::{{closure}}::h59c927128fd3f721
[INFO] [stdout]                                at /opt/rustwide/workdir/tests/qc_hyperloglog.rs:13:33
[INFO] [stdout]   22:     0x55d8ac45b436 - core::ops::function::FnOnce::call_once::h8ee89b927b6c5449
[INFO] [stdout]                                at /rustc/82e1608dfa6e0b5569232559e3d385fea5a93112/library/core/src/ops/function.rs:250:5
[INFO] [stdout]   23:     0x55d8ac496c5f - core::ops::function::FnOnce::call_once::h2b5d431d5046312d
[INFO] [stdout]                                at /rustc/82e1608dfa6e0b5569232559e3d385fea5a93112/library/core/src/ops/function.rs:250:5
[INFO] [stdout]   24:     0x55d8ac496c5f - test::__rust_begin_short_backtrace::h7714669af176e207
[INFO] [stdout]                                at /rustc/82e1608dfa6e0b5569232559e3d385fea5a93112/library/test/src/lib.rs:628:18
[INFO] [stdout]   25:     0x55d8ac495c75 - test::run_test_in_process::{{closure}}::h85218797dcbcec12
[INFO] [stdout]                                at /rustc/82e1608dfa6e0b5569232559e3d385fea5a93112/library/test/src/lib.rs:651:60
[INFO] [stdout]   26:     0x55d8ac495c75 - <core::panic::unwind_safe::AssertUnwindSafe<F> as core::ops::function::FnOnce<()>>::call_once::h76c106ea31c14d7b
[INFO] [stdout]                                at /rustc/82e1608dfa6e0b5569232559e3d385fea5a93112/library/core/src/panic/unwind_safe.rs:272:9
[INFO] [stdout]   27:     0x55d8ac495c75 - std::panicking::try::do_call::h3bd5d0f6620ee946
[INFO] [stdout]                                at /rustc/82e1608dfa6e0b5569232559e3d385fea5a93112/library/std/src/panicking.rs:552:40
[INFO] [stdout]   28:     0x55d8ac495c75 - std::panicking::try::h232e535e4744fe31
[INFO] [stdout]                                at /rustc/82e1608dfa6e0b5569232559e3d385fea5a93112/library/std/src/panicking.rs:516:19
[INFO] [stdout]   29:     0x55d8ac495c75 - std::panic::catch_unwind::h3ce3bd6ca8dbac68
[INFO] [stdout]                                at /rustc/82e1608dfa6e0b5569232559e3d385fea5a93112/library/std/src/panic.rs:142:14
[INFO] [stdout]   30:     0x55d8ac495c75 - test::run_test_in_process::hc97b257c9621286a
[INFO] [stdout]                                at /rustc/82e1608dfa6e0b5569232559e3d385fea5a93112/library/test/src/lib.rs:651:27
[INFO] [stdout]   31:     0x55d8ac495c75 - test::run_test::{{closure}}::h2aa798823a438d38
[INFO] [stdout]                                at /rustc/82e1608dfa6e0b5569232559e3d385fea5a93112/library/test/src/lib.rs:574:43
[INFO] [stdout]   32:     0x55d8ac45df36 - test::run_test::{{closure}}::h87d231c78fb59832
[INFO] [stdout]                                at /rustc/82e1608dfa6e0b5569232559e3d385fea5a93112/library/test/src/lib.rs:602:41
[INFO] [stdout]   33:     0x55d8ac45df36 - std::sys_common::backtrace::__rust_begin_short_backtrace::he6df152596625789
[INFO] [stdout]                                at /rustc/82e1608dfa6e0b5569232559e3d385fea5a93112/library/std/src/sys_common/backtrace.rs:154:18
[INFO] [stdout]   34:     0x55d8ac462fe7 - std::thread::Builder::spawn_unchecked_::{{closure}}::{{closure}}::ha94be15d1e0acf36
[INFO] [stdout]                                at /rustc/82e1608dfa6e0b5569232559e3d385fea5a93112/library/std/src/thread/mod.rs:529:17
[INFO] [stdout]   35:     0x55d8ac462fe7 - <core::panic::unwind_safe::AssertUnwindSafe<F> as core::ops::function::FnOnce<()>>::call_once::h9dc6bd6372f16606
[INFO] [stdout]                                at /rustc/82e1608dfa6e0b5569232559e3d385fea5a93112/library/core/src/panic/unwind_safe.rs:272:9
[INFO] [stdout]   36:     0x55d8ac462fe7 - std::panicking::try::do_call::h9057517f80303cd4
[INFO] [stdout]                                at /rustc/82e1608dfa6e0b5569232559e3d385fea5a93112/library/std/src/panicking.rs:552:40
[INFO] [stdout]   37:     0x55d8ac462fe7 - std::panicking::try::he3a30b11ee45340c
[INFO] [stdout]                                at /rustc/82e1608dfa6e0b5569232559e3d385fea5a93112/library/std/src/panicking.rs:516:19
[INFO] [stdout]   38:     0x55d8ac462fe7 - std::panic::catch_unwind::h410458cfd3528b8b
[INFO] [stdout]                                at /rustc/82e1608dfa6e0b5569232559e3d385fea5a93112/library/std/src/panic.rs:142:14
[INFO] [stdout]   39:     0x55d8ac462fe7 - std::thread::Builder::spawn_unchecked_::{{closure}}::h72ac3bdb567b737b
[INFO] [stdout]                                at /rustc/82e1608dfa6e0b5569232559e3d385fea5a93112/library/std/src/thread/mod.rs:528:30
[INFO] [stdout]   40:     0x55d8ac462fe7 - core::ops::function::FnOnce::call_once{{vtable.shim}}::h38f34da3654a8344
[INFO] [stdout]                                at /rustc/82e1608dfa6e0b5569232559e3d385fea5a93112/library/core/src/ops/function.rs:250:5
[INFO] [stdout]   41:     0x55d8ac66d955 - <alloc::boxed::Box<F,A> as core::ops::function::FnOnce<Args>>::call_once::hc7eafaff61e32df9
[INFO] [stdout]                                at /rustc/82e1608dfa6e0b5569232559e3d385fea5a93112/library/alloc/src/boxed.rs:2007:9
[INFO] [stdout]   42:     0x55d8ac66d955 - <alloc::boxed::Box<F,A> as core::ops::function::FnOnce<Args>>::call_once::h6ba4a5de48dd2304
[INFO] [stdout]                                at /rustc/82e1608dfa6e0b5569232559e3d385fea5a93112/library/alloc/src/boxed.rs:2007:9
[INFO] [stdout]   43:     0x55d8ac66d955 - std::sys::unix::thread::Thread::new::thread_start::he469335aef763e45
[INFO] [stdout]                                at /rustc/82e1608dfa6e0b5569232559e3d385fea5a93112/library/std/src/sys/unix/thread.rs:108:17
[INFO] [stdout]   44:     0x7f9c1dc03ac3 - <unknown>
[INFO] [stdout]   45:     0x7f9c1dc94bf4 - __clone
[INFO] [stdout]   46:                0x0 - <unknown>
[INFO] [stdout] 
[INFO] [stdout] 
[INFO] [stdout] failures:
[INFO] [stdout]     quickcheck_hyperloglog
[INFO] [stdout] 
[INFO] [stdout] test result: FAILED. 0 passed; 1 failed; 0 ignored; 0 measured; 0 filtered out; finished in 0.02s
[INFO] [stdout] 
[INFO] [stderr] error: test failed, to rerun pass `--test qc_hyperloglog`
[INFO] running `Command { std: "docker" "inspect" "635a9d95e3248af6057ed91a33a9731028c1e26f4d2179cb6d3d908ddc4d6034", kill_on_drop: false }`
[INFO] running `Command { std: "docker" "rm" "-f" "635a9d95e3248af6057ed91a33a9731028c1e26f4d2179cb6d3d908ddc4d6034", kill_on_drop: false }`
[INFO] [stdout] 635a9d95e3248af6057ed91a33a9731028c1e26f4d2179cb6d3d908ddc4d6034
[INFO] testing arunma/buildx_pdsa against beta-2023-12-22 for beta-1.76-1
[INFO] running `Command { std: "git" "clone" "/workspace/cache/git-repos/https%3A%2F%2Fgithub.com%2Farunma%2Fbuildx_pdsa" "/workspace/builds/worker-7-tc2/source", kill_on_drop: false }`
[INFO] [stderr] Cloning into '/workspace/builds/worker-7-tc2/source'...
[INFO] [stderr] done.
[INFO] validating manifest of git repo https://github.com/arunma/buildx_pdsa on toolchain beta-2023-12-22
[INFO] running `Command { std: CARGO_HOME="/workspace/cargo-home" RUSTUP_HOME="/workspace/rustup-home" "/workspace/cargo-home/bin/cargo" "+beta-2023-12-22" "metadata" "--manifest-path" "Cargo.toml" "--no-deps", kill_on_drop: false }`
[INFO] started tweaking git repo https://github.com/arunma/buildx_pdsa
[INFO] finished tweaking git repo https://github.com/arunma/buildx_pdsa
[INFO] tweaked toml for git repo https://github.com/arunma/buildx_pdsa written to /workspace/builds/worker-7-tc2/source/Cargo.toml
[INFO] crate git repo https://github.com/arunma/buildx_pdsa already has a lockfile, it will not be regenerated
[INFO] running `Command { std: CARGO_HOME="/workspace/cargo-home" RUSTUP_HOME="/workspace/rustup-home" "/workspace/cargo-home/bin/cargo" "+beta-2023-12-22" "fetch" "--manifest-path" "Cargo.toml", kill_on_drop: false }`
[INFO] running `Command { std: "docker" "create" "-v" "/var/lib/crater-agent-workspace/builds/worker-7-tc2/target:/opt/rustwide/target:rw,Z" "-v" "/var/lib/crater-agent-workspace/builds/worker-7-tc2/source:/opt/rustwide/workdir:ro,Z" "-v" "/var/lib/crater-agent-workspace/cargo-home:/opt/rustwide/cargo-home:ro,Z" "-v" "/var/lib/crater-agent-workspace/rustup-home:/opt/rustwide/rustup-home:ro,Z" "-e" "SOURCE_DIR=/opt/rustwide/workdir" "-e" "CARGO_TARGET_DIR=/opt/rustwide/target" "-e" "CARGO_HOME=/opt/rustwide/cargo-home" "-e" "RUSTUP_HOME=/opt/rustwide/rustup-home" "-w" "/opt/rustwide/workdir" "-m" "1610612736" "--user" "0:0" "--network" "none" "ghcr.io/rust-lang/crates-build-env/linux@sha256:2788e3201cd34a07e3172128adcd8b3090168a8e3bcc40d7c032b9dda1df7d1c" "/opt/rustwide/cargo-home/bin/cargo" "+beta-2023-12-22" "metadata" "--no-deps" "--format-version=1", kill_on_drop: false }`
[INFO] [stdout] 0fe41d730fcbbcbb07ae8cab1f21171fd99d8a43f624454a5948808e8a6fe488
[INFO] running `Command { std: "docker" "start" "-a" "0fe41d730fcbbcbb07ae8cab1f21171fd99d8a43f624454a5948808e8a6fe488", kill_on_drop: false }`
[INFO] running `Command { std: "docker" "inspect" "0fe41d730fcbbcbb07ae8cab1f21171fd99d8a43f624454a5948808e8a6fe488", kill_on_drop: false }`
[INFO] running `Command { std: "docker" "rm" "-f" "0fe41d730fcbbcbb07ae8cab1f21171fd99d8a43f624454a5948808e8a6fe488", kill_on_drop: false }`
[INFO] [stdout] 0fe41d730fcbbcbb07ae8cab1f21171fd99d8a43f624454a5948808e8a6fe488
[INFO] running `Command { std: "docker" "create" "-v" "/var/lib/crater-agent-workspace/builds/worker-7-tc2/target:/opt/rustwide/target:rw,Z" "-v" "/var/lib/crater-agent-workspace/builds/worker-7-tc2/source:/opt/rustwide/workdir:ro,Z" "-v" "/var/lib/crater-agent-workspace/cargo-home:/opt/rustwide/cargo-home:ro,Z" "-v" "/var/lib/crater-agent-workspace/rustup-home:/opt/rustwide/rustup-home:ro,Z" "-e" "SOURCE_DIR=/opt/rustwide/workdir" "-e" "CARGO_TARGET_DIR=/opt/rustwide/target" "-e" "CARGO_INCREMENTAL=0" "-e" "RUST_BACKTRACE=full" "-e" "RUSTFLAGS=--cap-lints=warn" "-e" "RUSTDOCFLAGS=--cap-lints=warn" "-e" "CARGO_HOME=/opt/rustwide/cargo-home" "-e" "RUSTUP_HOME=/opt/rustwide/rustup-home" "-w" "/opt/rustwide/workdir" "-m" "1610612736" "--user" "0:0" "--network" "none" "ghcr.io/rust-lang/crates-build-env/linux@sha256:2788e3201cd34a07e3172128adcd8b3090168a8e3bcc40d7c032b9dda1df7d1c" "/opt/rustwide/cargo-home/bin/cargo" "+beta-2023-12-22" "build" "--frozen" "--message-format=json", kill_on_drop: false }`
[INFO] [stdout] 39d5b118d64974d2d237c1745c1fffc7c93af3c9df1d7ace48b10d7812fac55c
[INFO] running `Command { std: "docker" "start" "-a" "39d5b118d64974d2d237c1745c1fffc7c93af3c9df1d7ace48b10d7812fac55c", kill_on_drop: false }`
[INFO] [stderr]    Compiling proc-macro2 v1.0.51
[INFO] [stderr]    Compiling quote v1.0.23
[INFO] [stderr]    Compiling unicode-ident v1.0.6
[INFO] [stderr]    Compiling syn v1.0.107
[INFO] [stderr]    Compiling libc v0.2.139
[INFO] [stderr]    Compiling thiserror v1.0.38
[INFO] [stderr]    Compiling cfg-if v1.0.0
[INFO] [stderr]    Compiling bit-vec v0.6.3
[INFO] [stderr]    Compiling siphasher v0.3.10
[INFO] [stderr]    Compiling getrandom v0.2.8
[INFO] [stderr]    Compiling thiserror-impl v1.0.38
[INFO] [stderr]    Compiling buildx_pdsa v0.1.0 (/opt/rustwide/workdir)
[INFO] [stdout] warning: unused import: `core::num`
[INFO] [stdout]  --> src/cardinality/hyperloglog.rs:1:5
[INFO] [stdout]   |
[INFO] [stdout] 1 | use core::num;
[INFO] [stdout]   |     ^^^^^^^^^
[INFO] [stdout]   |
[INFO] [stdout]   = note: `#[warn(unused_imports)]` on by default
[INFO] [stdout] 
[INFO] [stdout] 
[INFO] [stdout] warning: 1 warning emitted
[INFO] [stdout] 
[INFO] [stdout] 
[INFO] [stderr]     Finished dev [unoptimized + debuginfo] target(s) in 4.88s
[INFO] running `Command { std: "docker" "inspect" "39d5b118d64974d2d237c1745c1fffc7c93af3c9df1d7ace48b10d7812fac55c", kill_on_drop: false }`
[INFO] running `Command { std: "docker" "rm" "-f" "39d5b118d64974d2d237c1745c1fffc7c93af3c9df1d7ace48b10d7812fac55c", kill_on_drop: false }`
[INFO] [stdout] 39d5b118d64974d2d237c1745c1fffc7c93af3c9df1d7ace48b10d7812fac55c
[INFO] running `Command { std: "docker" "create" "-v" "/var/lib/crater-agent-workspace/builds/worker-7-tc2/target:/opt/rustwide/target:rw,Z" "-v" "/var/lib/crater-agent-workspace/builds/worker-7-tc2/source:/opt/rustwide/workdir:ro,Z" "-v" "/var/lib/crater-agent-workspace/cargo-home:/opt/rustwide/cargo-home:ro,Z" "-v" "/var/lib/crater-agent-workspace/rustup-home:/opt/rustwide/rustup-home:ro,Z" "-e" "SOURCE_DIR=/opt/rustwide/workdir" "-e" "CARGO_TARGET_DIR=/opt/rustwide/target" "-e" "CARGO_INCREMENTAL=0" "-e" "RUST_BACKTRACE=full" "-e" "RUSTFLAGS=--cap-lints=warn" "-e" "RUSTDOCFLAGS=--cap-lints=warn" "-e" "CARGO_HOME=/opt/rustwide/cargo-home" "-e" "RUSTUP_HOME=/opt/rustwide/rustup-home" "-w" "/opt/rustwide/workdir" "-m" "1610612736" "--user" "0:0" "--network" "none" "ghcr.io/rust-lang/crates-build-env/linux@sha256:2788e3201cd34a07e3172128adcd8b3090168a8e3bcc40d7c032b9dda1df7d1c" "/opt/rustwide/cargo-home/bin/cargo" "+beta-2023-12-22" "test" "--frozen" "--no-run" "--message-format=json", kill_on_drop: false }`
[INFO] [stdout] a06a6aa54dee7b5355be207575863ee0bf1cbc571ccab6be1e12dad341742211
[INFO] running `Command { std: "docker" "start" "-a" "a06a6aa54dee7b5355be207575863ee0bf1cbc571ccab6be1e12dad341742211", kill_on_drop: false }`
[INFO] [stderr]    Compiling unicode-ident v1.0.6
[INFO] [stderr]    Compiling autocfg v1.1.0
[INFO] [stderr]    Compiling syn v1.0.107
[INFO] [stderr]    Compiling libc v0.2.139
[INFO] [stderr]    Compiling serde_derive v1.0.152
[INFO] [stderr]    Compiling serde v1.0.152
[INFO] [stderr]    Compiling pkg-config v0.3.26
[INFO] [stderr]    Compiling memchr v2.5.0
[INFO] [stderr]    Compiling version_check v0.9.4
[INFO] [stderr]    Compiling once_cell v1.17.1
[INFO] [stderr]    Compiling log v0.4.17
[INFO] [stderr]    Compiling hashbrown v0.11.2
[INFO] [stderr]    Compiling quote v1.0.23
[INFO] [stderr]    Compiling semver v1.0.16
[INFO] [stderr]    Compiling proc-macro2 v1.0.51
[INFO] [stderr]    Compiling adler v1.0.2
[INFO] [stderr]    Compiling regex-syntax v0.6.28
[INFO] [stderr]    Compiling tinyvec_macros v0.1.1
[INFO] [stderr]    Compiling tinyvec v1.6.0
[INFO] [stderr]    Compiling miniz_oxide v0.6.2
[INFO] [stderr]    Compiling bitflags v1.3.2
[INFO] [stderr]    Compiling indexmap v1.8.2
[INFO] [stderr]    Compiling crc32fast v1.3.2
[INFO] [stderr]    Compiling unicode-bidi v0.3.10
[INFO] [stderr]    Compiling percent-encoding v2.2.0
[INFO] [stderr]    Compiling serde_json v1.0.93
[INFO] [stderr]    Compiling crossbeam-utils v0.8.14
[INFO] [stderr]    Compiling form_urlencoded v1.1.0
[INFO] [stderr]    Compiling memoffset v0.7.1
[INFO] [stderr]    Compiling ryu v1.0.12
[INFO] [stderr]    Compiling itoa v1.0.5
[INFO] [stderr]    Compiling crossbeam-epoch v0.9.13
[INFO] [stderr]    Compiling tracing-core v0.1.30
[INFO] [stderr]    Compiling aho-corasick v0.7.20
[INFO] [stderr]    Compiling lazy_static v1.4.0
[INFO] [stderr]    Compiling proc-macro-error-attr v1.0.4
[INFO] [stderr]    Compiling num-traits v0.2.15
[INFO] [stderr]    Compiling jobserver v0.1.25
[INFO] [stderr]    Compiling pin-project-lite v0.2.9
[INFO] [stderr]    Compiling scopeguard v1.1.0
[INFO] [stderr]    Compiling openssl-probe v0.1.5
[INFO] [stderr]    Compiling proc-macro-error v1.0.4
[INFO] [stderr]    Compiling cc v1.0.79
[INFO] [stderr]    Compiling num-integer v0.1.45
[INFO] [stderr]    Compiling rayon-core v1.10.2
[INFO] [stderr]    Compiling unicode-normalization v0.1.22
[INFO] [stderr]    Compiling fixedbitset v0.4.2
[INFO] [stderr]    Compiling crossbeam-channel v0.5.6
[INFO] [stderr]    Compiling crossbeam-deque v0.8.2
[INFO] [stderr]    Compiling tracing-log v0.1.3
[INFO] [stderr]    Compiling num_cpus v1.15.0
[INFO] [stderr]    Compiling getrandom v0.2.8
[INFO] [stderr]    Compiling atty v0.2.14
[INFO] [stderr]    Compiling sharded-slab v0.1.4
[INFO] [stderr]    Compiling flate2 v1.0.25
[INFO] [stderr]    Compiling smartstring v1.0.1
[INFO] [stderr]    Compiling thread_local v1.1.7
[INFO] [stderr]    Compiling rustc-demangle v0.1.21
[INFO] [stderr]    Compiling idna v0.3.0
[INFO] [stderr]    Compiling regex v1.7.1
[INFO] [stderr]    Compiling regex-automata v0.1.10
[INFO] [stderr]    Compiling gimli v0.27.2
[INFO] [stderr]    Compiling eyre v0.6.8
[INFO] [stderr]    Compiling io-lifetimes v1.0.5
[INFO] [stderr]    Compiling smallvec v1.10.0
[INFO] [stderr]    Compiling libz-sys v1.1.8
[INFO] [stderr]    Compiling openssl-sys v0.9.80
[INFO] [stderr]    Compiling libssh2-sys v0.2.23
[INFO] [stderr]    Compiling libgit2-sys v0.14.2+1.5.1
[INFO] [stderr]    Compiling curl-sys v0.4.60+curl-7.88.1
[INFO] [stderr]    Compiling backtrace v0.3.67
[INFO] [stderr]    Compiling time v0.1.45
[INFO] [stderr]    Compiling object v0.30.3
[INFO] [stderr]    Compiling either v1.8.1
[INFO] [stderr]    Compiling platforms v3.0.2
[INFO] [stderr]    Compiling indenter v0.3.3
[INFO] [stderr]    Compiling heck v0.4.1
[INFO] [stderr]    Compiling static_assertions v1.1.0
[INFO] [stderr]    Compiling overload v0.1.1
[INFO] [stderr]    Compiling rustix v0.36.8
[INFO] [stderr]    Compiling os_str_bytes v6.4.1
[INFO] [stderr]    Compiling humantime v2.1.0
[INFO] [stderr]    Compiling byteorder v1.4.3
[INFO] [stderr]    Compiling iana-time-zone v0.1.53
[INFO] [stderr]    Compiling anyhow v1.0.69
[INFO] [stderr]    Compiling curl v0.4.44
[INFO] [stderr]    Compiling camino v1.1.3
[INFO] [stderr]    Compiling unicode-xid v0.2.4
[INFO] [stderr]    Compiling chrono v0.4.23
[INFO] [stderr]    Compiling rayon v1.6.1
[INFO] [stderr]    Compiling clap_lex v0.2.4
[INFO] [stderr]    Compiling nu-ansi-term v0.46.0
[INFO] [stderr]    Compiling rustc_version v0.4.0
[INFO] [stderr]    Compiling matchers v0.1.0
[INFO] [stderr]    Compiling rand_core v0.6.4
[INFO] [stderr]    Compiling socket2 v0.4.7
[INFO] [stderr]    Compiling gzip-header v0.3.0
[INFO] [stderr]    Compiling ppv-lite86 v0.2.17
[INFO] [stderr]    Compiling termcolor v1.2.0
[INFO] [stderr]    Compiling procfs v0.14.2
[INFO] [stderr]    Compiling adler32 v1.2.0
[INFO] [stderr]    Compiling topological-sort v0.2.2
[INFO] [stderr]    Compiling minimal-lexical v0.2.1
[INFO] [stderr]    Compiling addr2line v0.19.0
[INFO] [stderr]    Compiling binfarce v0.2.1
[INFO] [stderr]    Compiling linux-raw-sys v0.1.4
[INFO] [stderr]    Compiling ansi_term v0.12.1
[INFO] [stderr]    Compiling md5 v0.7.0
[INFO] [stderr]    Compiling zeroize v1.5.7
[INFO] [stderr]    Compiling llvm_profparser v0.3.1
[INFO] [stderr]    Compiling synstructure v0.12.6
[INFO] [stderr]    Compiling ident_case v1.0.1
[INFO] [stderr]    Compiling rustc-hash v1.1.0
[INFO] [stderr]    Compiling textwrap v0.16.0
[INFO] [stderr]    Compiling owo-colors v3.5.0
[INFO] [stderr]    Compiling unicode-width v0.1.10
[INFO] [stderr]    Compiling home v0.5.4
[INFO] [stderr]    Compiling fs-err v2.9.0
[INFO] [stderr]    Compiling strsim v0.10.0
[INFO] [stderr]    Compiling textwrap v0.11.0
[INFO] [stderr]    Compiling nom v7.1.3
[INFO] [stderr]    Compiling auditable-extract v0.3.2
[INFO] [stderr]    Compiling rand_chacha v0.3.1
[INFO] [stderr]    Compiling deflate v0.8.6
[INFO] [stderr]    Compiling cargo-tarpaulin v0.22.0
[INFO] [stderr]    Compiling matchers v0.0.1
[INFO] [stderr]    Compiling object v0.26.2
[INFO] [stderr]    Compiling wait-timeout v0.2.0
[INFO] [stderr]    Compiling canonical-path v2.0.2
[INFO] [stderr]    Compiling vec_map v0.8.2
[INFO] [stderr]    Compiling same-file v1.0.6
[INFO] [stderr]    Compiling fallible-iterator v0.2.0
[INFO] [stderr]    Compiling stable_deref_trait v1.2.0
[INFO] [stderr]    Compiling arc-swap v1.6.0
[INFO] [stderr]    Compiling leb128 v0.2.5
[INFO] [stderr]    Compiling strsim v0.8.0
[INFO] [stderr]    Compiling walkdir v2.3.2
[INFO] [stderr]    Compiling rand v0.8.5
[INFO] [stderr]    Compiling env_logger v0.8.4
[INFO] [stderr]    Compiling clap v2.34.0
[INFO] [stderr]    Compiling object v0.29.0
[INFO] [stderr]    Compiling nix v0.25.1
[INFO] [stderr]    Compiling memmap v0.7.0
[INFO] [stderr]    Compiling quick-xml v0.25.0
[INFO] [stderr]    Compiling yansi v0.5.1
[INFO] [stderr]    Compiling diff v0.1.13
[INFO] [stderr]    Compiling pretty_assertions v1.3.0
[INFO] [stderr]    Compiling color-eyre v0.6.2
[INFO] [stderr]    Compiling quickcheck v1.0.3
[INFO] [stderr]    Compiling tracing-attributes v0.1.23
[INFO] [stderr]    Compiling thiserror-impl v1.0.38
[INFO] [stderr]    Compiling clap_derive v3.2.18
[INFO] [stderr]    Compiling abscissa_derive v0.6.0
[INFO] [stderr]    Compiling quickcheck_macros v1.0.0
[INFO] [stderr]    Compiling thiserror v1.0.38
[INFO] [stderr]    Compiling buildx_pdsa v0.1.0 (/opt/rustwide/workdir)
[INFO] [stdout] warning: unused import: `core::num`
[INFO] [stdout]  --> src/cardinality/hyperloglog.rs:1:5
[INFO] [stdout]   |
[INFO] [stdout] 1 | use core::num;
[INFO] [stdout]   |     ^^^^^^^^^
[INFO] [stdout]   |
[INFO] [stdout]   = note: `#[warn(unused_imports)]` on by default
[INFO] [stdout] 
[INFO] [stdout] 
[INFO] [stdout] warning: 1 warning emitted
[INFO] [stdout] 
[INFO] [stdout] 
[INFO] [stderr]    Compiling tracing v0.1.37
[INFO] [stderr]    Compiling tracing-subscriber v0.3.16
[INFO] [stderr]    Compiling tracing-subscriber v0.2.25
[INFO] [stderr]    Compiling toml v0.5.11
[INFO] [stderr]    Compiling url v2.3.1
[INFO] [stderr]    Compiling hex v0.4.3
[INFO] [stderr]    Compiling humantime-serde v1.1.1
[INFO] [stderr]    Compiling secrecy v0.8.0
[INFO] [stderr]    Compiling cvss v2.0.0
[INFO] [stderr]    Compiling cargo-platform v0.1.2
[INFO] [stderr]    Compiling quitters v0.1.0
[INFO] [stderr]    Compiling petgraph v0.6.3
[INFO] [stderr]    Compiling clap v3.2.23
[INFO] [stderr]    Compiling gimli v0.26.2
[INFO] [stderr]    Compiling git2 v0.15.0
[INFO] [stderr]    Compiling coveralls-api v0.5.0
[INFO] [stderr]    Compiling cargo_metadata v0.15.3
[INFO] [stderr]    Compiling cargo-lock v8.0.3
[INFO] [stderr]    Compiling crates-index v0.18.11
[INFO] [stderr]    Compiling auditable-serde v0.5.2
[INFO] [stderr]    Compiling abscissa_core v0.6.0
[INFO] [stderr]    Compiling auditable-info v0.6.2
[INFO] [stderr]    Compiling rustsec v0.26.4
[INFO] [stderr]    Compiling cargo-audit v0.17.4
[INFO] [stdout] warning: unused import: `core::num`
[INFO] [stdout]  --> src/cardinality/hyperloglog.rs:1:5
[INFO] [stdout]   |
[INFO] [stdout] 1 | use core::num;
[INFO] [stdout]   |     ^^^^^^^^^
[INFO] [stdout]   |
[INFO] [stdout]   = note: `#[warn(unused_imports)]` on by default
[INFO] [stdout] 
[INFO] [stdout] 
[INFO] [stdout] warning: unused import: `HashMap`
[INFO] [stdout]  --> tests/qc_hyperloglog.rs:1:24
[INFO] [stdout]   |
[INFO] [stdout] 1 | use std::collections::{HashMap, HashSet};
[INFO] [stdout]   |                        ^^^^^^^
[INFO] [stdout]   |
[INFO] [stdout]   = note: `#[warn(unused_imports)]` on by default
[INFO] [stdout] 
[INFO] [stdout] 
[INFO] [stdout] warning: 1 warning emitted
[INFO] [stdout] 
[INFO] [stdout] 
[INFO] [stdout] warning: 1 warning emitted
[INFO] [stdout] 
[INFO] [stdout] 
[INFO] [stderr]     Finished test [unoptimized + debuginfo] target(s) in 29.27s
[INFO] running `Command { std: "docker" "inspect" "a06a6aa54dee7b5355be207575863ee0bf1cbc571ccab6be1e12dad341742211", kill_on_drop: false }`
[INFO] running `Command { std: "docker" "rm" "-f" "a06a6aa54dee7b5355be207575863ee0bf1cbc571ccab6be1e12dad341742211", kill_on_drop: false }`
[INFO] [stdout] a06a6aa54dee7b5355be207575863ee0bf1cbc571ccab6be1e12dad341742211
[INFO] running `Command { std: "docker" "create" "-v" "/var/lib/crater-agent-workspace/builds/worker-7-tc2/target:/opt/rustwide/target:rw,Z" "-v" "/var/lib/crater-agent-workspace/builds/worker-7-tc2/source:/opt/rustwide/workdir:ro,Z" "-v" "/var/lib/crater-agent-workspace/cargo-home:/opt/rustwide/cargo-home:ro,Z" "-v" "/var/lib/crater-agent-workspace/rustup-home:/opt/rustwide/rustup-home:ro,Z" "-e" "SOURCE_DIR=/opt/rustwide/workdir" "-e" "CARGO_TARGET_DIR=/opt/rustwide/target" "-e" "CARGO_INCREMENTAL=0" "-e" "RUST_BACKTRACE=full" "-e" "RUSTFLAGS=--cap-lints=warn" "-e" "RUSTDOCFLAGS=--cap-lints=warn" "-e" "CARGO_HOME=/opt/rustwide/cargo-home" "-e" "RUSTUP_HOME=/opt/rustwide/rustup-home" "-w" "/opt/rustwide/workdir" "-m" "1610612736" "--user" "0:0" "--network" "none" "ghcr.io/rust-lang/crates-build-env/linux@sha256:2788e3201cd34a07e3172128adcd8b3090168a8e3bcc40d7c032b9dda1df7d1c" "/opt/rustwide/cargo-home/bin/cargo" "+beta-2023-12-22" "test" "--frozen", kill_on_drop: false }`
[INFO] [stdout] 0387b21fb9efee2f18b32e0219670e6c90b2ecfaa9d41971c4847d34d8c292d1
[INFO] running `Command { std: "docker" "start" "-a" "0387b21fb9efee2f18b32e0219670e6c90b2ecfaa9d41971c4847d34d8c292d1", kill_on_drop: false }`
[INFO] [stderr] warning: unused import: `core::num`
[INFO] [stderr]  --> src/cardinality/hyperloglog.rs:1:5
[INFO] [stderr]   |
[INFO] [stderr] 1 | use core::num;
[INFO] [stderr]   |     ^^^^^^^^^
[INFO] [stderr]   |
[INFO] [stderr]   = note: `#[warn(unused_imports)]` on by default
[INFO] [stderr] 
[INFO] [stderr] warning: `buildx_pdsa` (lib) generated 1 warning (run `cargo fix --lib -p buildx_pdsa` to apply 1 suggestion)
[INFO] [stderr] warning: unused import: `HashMap`
[INFO] [stderr]  --> tests/qc_hyperloglog.rs:1:24
[INFO] [stderr]   |
[INFO] [stderr] 1 | use std::collections::{HashMap, HashSet};
[INFO] [stderr]   |                        ^^^^^^^
[INFO] [stderr]   |
[INFO] [stderr]   = note: `#[warn(unused_imports)]` on by default
[INFO] [stderr] 
[INFO] [stderr] warning: `buildx_pdsa` (test "qc_hyperloglog") generated 1 warning (run `cargo fix --test "qc_hyperloglog"` to apply 1 suggestion)
[INFO] [stderr] warning: `buildx_pdsa` (lib test) generated 1 warning (1 duplicate)
[INFO] [stderr]     Finished test [unoptimized + debuginfo] target(s) in 0.23s
[INFO] [stderr]      Running unittests src/lib.rs (/opt/rustwide/target/debug/deps/buildx_pdsa-4ece1addb412e894)
[INFO] [stdout] 
[INFO] [stdout] running 14 tests
[INFO] [stdout] test cardinality::hyperloglog::tests::test_b ... ok
[INFO] [stdout] test membership::bloom_filter::tests::insert_and_check ... ok
[INFO] [stdout] test cardinality::hyperloglog::tests::test_insertion_with_duplicates ... ok
[INFO] [stdout] test membership::bloom_filter::tests::invalid_fp_rate ... ok
[INFO] [stdout] test frequency::count_min_sketch::tests::insert_and_check ... ok
[INFO] [stdout] test membership::bloom_filter::tests::invalid_num_items ... ok
[INFO] [stdout] test membership::counting_bloom_filter::tests::delete_and_check ... ok
[INFO] [stdout] test membership::counting_bloom_filter::tests::insert_and_check ... ok
[INFO] [stdout] test membership::counting_bloom_filter::tests::invalid_fp_rate ... ok
[INFO] [stdout] test membership::counting_bloom_filter::tests::invalid_num_items ... ok
[INFO] [stdout] test membership::counting_bloom_filter::tests::new_from_num_items_and_fp_rate ... ok
[INFO] [stdout] test frequency::count_min_sketch::tests::new_from_num_items_and_fp_rate ... ok
[INFO] [stdout] test membership::bloom_filter::tests::new_from_num_items_and_fp_rate ... ok
[INFO] [stdout] test frequency::count_min_sketch::tests::insert_and_check_several_items ... ok
[INFO] [stdout] 
[INFO] [stdout] test result: ok. 14 passed; 0 failed; 0 ignored; 0 measured; 0 filtered out; finished in 3.56s
[INFO] [stdout] 
[INFO] [stderr]      Running tests/qc_bloom_filter.rs (/opt/rustwide/target/debug/deps/qc_bloom_filter-92ffd6fb1d577148)
[INFO] [stdout] 
[INFO] [stdout] running 1 test
[INFO] [stdout] test quickcheck_bloom_filter ... ok
[INFO] [stdout] 
[INFO] [stdout] test result: ok. 1 passed; 0 failed; 0 ignored; 0 measured; 0 filtered out; finished in 0.06s
[INFO] [stdout] 
[INFO] [stderr]      Running tests/qc_count_min_sketch.rs (/opt/rustwide/target/debug/deps/qc_count_min_sketch-2e8560913297ffc1)
[INFO] [stdout] 
[INFO] [stdout] running 1 test
[INFO] [stdout] test quickcheck_count_min_sketch ... ok
[INFO] [stdout] 
[INFO] [stdout] test result: ok. 1 passed; 0 failed; 0 ignored; 0 measured; 0 filtered out; finished in 0.01s
[INFO] [stdout] 
[INFO] [stderr]      Running tests/qc_counting_bloom_filter.rs (/opt/rustwide/target/debug/deps/qc_counting_bloom_filter-e2abbf10e91db8cd)
[INFO] [stdout] 
[INFO] [stdout] running 1 test
[INFO] [stdout] test quickcheck_counting_bloom_filter ... ok
[INFO] [stdout] 
[INFO] [stdout] test result: ok. 1 passed; 0 failed; 0 ignored; 0 measured; 0 filtered out; finished in 0.03s
[INFO] [stdout] 
[INFO] [stderr]      Running tests/qc_hyperloglog.rs (/opt/rustwide/target/debug/deps/qc_hyperloglog-c7ef8c2d6ad41565)
[INFO] [stdout] 
[INFO] [stdout] running 1 test
[INFO] [stdout] test quickcheck_hyperloglog ... FAILED
[INFO] [stdout] 
[INFO] [stdout] failures:
[INFO] [stdout] 
[INFO] [stdout] ---- quickcheck_hyperloglog stdout ----
[INFO] [stdout] [tests/qc_hyperloglog.rs:25:5] &input = HyperLogLogInput {
[INFO] [stdout]     error_rate: 0.10204087611637946,
[INFO] [stdout]     data: [
[INFO] [stdout]         1846648471,
[INFO] [stdout]         3833730380,
[INFO] [stdout]         152915047,
[INFO] [stdout]         3092025812,
[INFO] [stdout]         1,
[INFO] [stdout]         3590533205,
[INFO] [stdout]         4294967295,
[INFO] [stdout]         1297241405,
[INFO] [stdout]         2034642928,
[INFO] [stdout]         4004070533,
[INFO] [stdout]         2218106322,
[INFO] [stdout]         2760973110,
[INFO] [stdout]         109811411,
[INFO] [stdout]         2824417214,
[INFO] [stdout]         1973863133,
[INFO] [stdout]         2589764445,
[INFO] [stdout]         1598618213,
[INFO] [stdout]         3593463453,
[INFO] [stdout]         1265491024,
[INFO] [stdout]         3112968796,
[INFO] [stdout]         1900609226,
[INFO] [stdout]         1747297917,
[INFO] [stdout]         2098530825,
[INFO] [stdout]         3753369216,
[INFO] [stdout]     ],
[INFO] [stdout] }
[INFO] [stdout] Num buckets 128
[INFO] [stdout] Actual count : 24. Estimated count is 25
[INFO] [stdout] Actual Error is : 0.041666666666666664. Estimated error is 0.00000000000000000005637851296924623
[INFO] [stdout] thread 'quickcheck_hyperloglog' panicked at tests/qc_hyperloglog.rs:39:5:
[INFO] [stdout] assertion failed: error <= estimated_error
[INFO] [stdout] stack backtrace:
[INFO] [stdout]    0:     0x563e45b4efd6 - std::backtrace_rs::backtrace::libunwind::trace::h261606ad26a499c1
[INFO] [stdout]                                at /rustc/0e09125c6c3c2fd70d7de961bcf0e51575235fad/library/std/src/../../backtrace/src/backtrace/libunwind.rs:104:5
[INFO] [stdout]    1:     0x563e45b4efd6 - std::backtrace_rs::backtrace::trace_unsynchronized::hd183f0625477fb28
[INFO] [stdout]                                at /rustc/0e09125c6c3c2fd70d7de961bcf0e51575235fad/library/std/src/../../backtrace/src/backtrace/mod.rs:66:5
[INFO] [stdout]    2:     0x563e45b4efd6 - std::sys_common::backtrace::_print_fmt::hd7f8fef21b4eda67
[INFO] [stdout]                                at /rustc/0e09125c6c3c2fd70d7de961bcf0e51575235fad/library/std/src/sys_common/backtrace.rs:68:5
[INFO] [stdout]    3:     0x563e45b4efd6 - <std::sys_common::backtrace::_print::DisplayBacktrace as core::fmt::Display>::fmt::h623d9b51f2f453f1
[INFO] [stdout]                                at /rustc/0e09125c6c3c2fd70d7de961bcf0e51575235fad/library/std/src/sys_common/backtrace.rs:44:22
[INFO] [stdout]    4:     0x563e45b78290 - core::fmt::rt::Argument::fmt::h9f417ac76a86f368
[INFO] [stdout]                                at /rustc/0e09125c6c3c2fd70d7de961bcf0e51575235fad/library/core/src/fmt/rt.rs:142:9
[INFO] [stdout]    5:     0x563e45b78290 - core::fmt::write::hc9b6faf4ac2aeff7
[INFO] [stdout]                                at /rustc/0e09125c6c3c2fd70d7de961bcf0e51575235fad/library/core/src/fmt/mod.rs:1120:17
[INFO] [stdout]    6:     0x563e45b4ca3f - std::io::Write::write_fmt::he04625a3a989fec3
[INFO] [stdout]                                at /rustc/0e09125c6c3c2fd70d7de961bcf0e51575235fad/library/std/src/io/mod.rs:1810:15
[INFO] [stdout]    7:     0x563e45b4edb4 - std::sys_common::backtrace::_print::hd5d66399c7df88a2
[INFO] [stdout]                                at /rustc/0e09125c6c3c2fd70d7de961bcf0e51575235fad/library/std/src/sys_common/backtrace.rs:47:5
[INFO] [stdout]    8:     0x563e45b4edb4 - std::sys_common::backtrace::print::he81ed2da642d37e5
[INFO] [stdout]                                at /rustc/0e09125c6c3c2fd70d7de961bcf0e51575235fad/library/std/src/sys_common/backtrace.rs:34:9
[INFO] [stdout]    9:     0x563e45b50b27 - std::panicking::default_hook::{{closure}}::h85773f4fa117163d
[INFO] [stdout]   10:     0x563e45b5080d - std::panicking::default_hook::h6a1694a91d09b278
[INFO] [stdout]                                at /rustc/0e09125c6c3c2fd70d7de961bcf0e51575235fad/library/std/src/panicking.rs:289:9
[INFO] [stdout]   11:     0x563e45977597 - <alloc::boxed::Box<F,A> as core::ops::function::Fn<Args>>::call::h616ac37fa3cd6c8f
[INFO] [stdout]                                at /rustc/0e09125c6c3c2fd70d7de961bcf0e51575235fad/library/alloc/src/boxed.rs:2029:9
[INFO] [stdout]   12:     0x563e45977597 - test::test_main::{{closure}}::h00d84697cefdcbb6
[INFO] [stdout]                                at /rustc/0e09125c6c3c2fd70d7de961bcf0e51575235fad/library/test/src/lib.rs:138:21
[INFO] [stdout]   13:     0x563e45b51146 - <alloc::boxed::Box<F,A> as core::ops::function::Fn<Args>>::call::hcb3fe3b9bb537ba8
[INFO] [stdout]                                at /rustc/0e09125c6c3c2fd70d7de961bcf0e51575235fad/library/alloc/src/boxed.rs:2029:9
[INFO] [stdout]   14:     0x563e45b51146 - std::panicking::rust_panic_with_hook::h0a7ad96e90f7145b
[INFO] [stdout]                                at /rustc/0e09125c6c3c2fd70d7de961bcf0e51575235fad/library/std/src/panicking.rs:783:13
[INFO] [stdout]   15:     0x563e45b50e59 - std::panicking::begin_panic_handler::{{closure}}::h7919090525c6485e
[INFO] [stdout]                                at /rustc/0e09125c6c3c2fd70d7de961bcf0e51575235fad/library/std/src/panicking.rs:649:13
[INFO] [stdout]   16:     0x563e45b4f4d6 - std::sys_common::backtrace::__rust_end_short_backtrace::hf3289479464f7dfe
[INFO] [stdout]                                at /rustc/0e09125c6c3c2fd70d7de961bcf0e51575235fad/library/std/src/sys_common/backtrace.rs:171:18
[INFO] [stdout]   17:     0x563e45b50bf0 - rust_begin_unwind
[INFO] [stdout]                                at /rustc/0e09125c6c3c2fd70d7de961bcf0e51575235fad/library/std/src/panicking.rs:645:5
[INFO] [stdout]   18:     0x563e45935215 - core::panicking::panic_fmt::hcc9f77c5c132af55
[INFO] [stdout]                                at /rustc/0e09125c6c3c2fd70d7de961bcf0e51575235fad/library/core/src/panicking.rs:72:14
[INFO] [stdout]   19:     0x563e459352d3 - core::panicking::panic::h5a1259c1164bd480
[INFO] [stdout]                                at /rustc/0e09125c6c3c2fd70d7de961bcf0e51575235fad/library/core/src/panicking.rs:144:5
[INFO] [stdout]   20:     0x563e45942bc2 - qc_hyperloglog::quickcheck_hyperloglog::quickcheck_hyperloglog::h02fd244623f96c08
[INFO] [stdout]                                at /opt/rustwide/workdir/tests/qc_hyperloglog.rs:39:5
[INFO] [stdout]   21:     0x563e4593a182 - <fn(A) .> T as quickcheck::tester::Testable>::result::{{closure}}::h6ccd2e8569728424
[INFO] [stdout]                                at /opt/rustwide/cargo-home/registry/src/index.crates.io-6f17d22bba15001f/quickcheck-1.0.3/src/tester.rs:371:35
[INFO] [stdout]   22:     0x563e459369c0 - <core::panic::unwind_safe::AssertUnwindSafe<F> as core::ops::function::FnOnce<()>>::call_once::h714e695d628e8f0c
[INFO] [stdout]                                at /rustc/0e09125c6c3c2fd70d7de961bcf0e51575235fad/library/core/src/panic/unwind_safe.rs:272:9
[INFO] [stdout]   23:     0x563e45937464 - std::panicking::try::do_call::had172493b365cbf1
[INFO] [stdout]                                at /rustc/0e09125c6c3c2fd70d7de961bcf0e51575235fad/library/std/src/panicking.rs:552:40
[INFO] [stdout]   24:     0x563e4593afbb - __rust_try
[INFO] [stdout]   25:     0x563e459373df - std::panicking::try::h5a2463bc31346c0b
[INFO] [stdout]                                at /rustc/0e09125c6c3c2fd70d7de961bcf0e51575235fad/library/std/src/panicking.rs:516:19
[INFO] [stdout]   26:     0x563e4593f7c6 - std::panic::catch_unwind::h2263a6fd005a4f08
[INFO] [stdout]                                at /rustc/0e09125c6c3c2fd70d7de961bcf0e51575235fad/library/std/src/panic.rs:142:14
[INFO] [stdout]   27:     0x563e459366a6 - quickcheck::tester::safe::hb9c164fcb006b62c
[INFO] [stdout]                                at /opt/rustwide/cargo-home/registry/src/index.crates.io-6f17d22bba15001f/quickcheck-1.0.3/src/tester.rs:402:5
[INFO] [stdout]   28:     0x563e45939e12 - <fn(A) .> T as quickcheck::tester::Testable>::result::h19ceed0df7bc2aa3
[INFO] [stdout]                                at /opt/rustwide/cargo-home/registry/src/index.crates.io-6f17d22bba15001f/quickcheck-1.0.3/src/tester.rs:371:21
[INFO] [stdout]   29:     0x563e45936345 - quickcheck::tester::QuickCheck::quicktest::hf0a3f6a467f1160e
[INFO] [stdout]                                at /opt/rustwide/cargo-home/registry/src/index.crates.io-6f17d22bba15001f/quickcheck-1.0.3/src/tester.rs:121:19
[INFO] [stdout]   30:     0x563e45935f31 - quickcheck::tester::QuickCheck::quickcheck::ha04529ee5ad34107
[INFO] [stdout]                                at /opt/rustwide/cargo-home/registry/src/index.crates.io-6f17d22bba15001f/quickcheck-1.0.3/src/tester.rs:163:36
[INFO] [stdout]   31:     0x563e45936623 - quickcheck::tester::quickcheck::h61ec675c4c7178be
[INFO] [stdout]                                at /opt/rustwide/cargo-home/registry/src/index.crates.io-6f17d22bba15001f/quickcheck-1.0.3/src/tester.rs:183:5
[INFO] [stdout]   32:     0x563e4594220d - qc_hyperloglog::quickcheck_hyperloglog::h0cef8bcc11c7113f
[INFO] [stdout]                                at /opt/rustwide/workdir/tests/qc_hyperloglog.rs:13:1
[INFO] [stdout]   33:     0x563e459421e7 - qc_hyperloglog::quickcheck_hyperloglog::{{closure}}::h77f71ba394ad375b
[INFO] [stdout]                                at /opt/rustwide/workdir/tests/qc_hyperloglog.rs:13:33
[INFO] [stdout]   34:     0x563e4593fcd6 - core::ops::function::FnOnce::call_once::ha06556d036413450
[INFO] [stdout]                                at /rustc/0e09125c6c3c2fd70d7de961bcf0e51575235fad/library/core/src/ops/function.rs:250:5
[INFO] [stdout]   35:     0x563e4597ce6f - core::ops::function::FnOnce::call_once::hd64d26f405258157
[INFO] [stdout]                                at /rustc/0e09125c6c3c2fd70d7de961bcf0e51575235fad/library/core/src/ops/function.rs:250:5
[INFO] [stdout]   36:     0x563e4597ce6f - test::__rust_begin_short_backtrace::he21b0b7a6d731bf9
[INFO] [stdout]                                at /rustc/0e09125c6c3c2fd70d7de961bcf0e51575235fad/library/test/src/lib.rs:627:18
[INFO] [stdout]   37:     0x563e4597bbf1 - test::run_test_in_process::{{closure}}::hf5c73986d7bdfde2
[INFO] [stdout]                                at /rustc/0e09125c6c3c2fd70d7de961bcf0e51575235fad/library/test/src/lib.rs:650:60
[INFO] [stdout]   38:     0x563e4597bbf1 - <core::panic::unwind_safe::AssertUnwindSafe<F> as core::ops::function::FnOnce<()>>::call_once::h330011ad032aadc0
[INFO] [stdout]                                at /rustc/0e09125c6c3c2fd70d7de961bcf0e51575235fad/library/core/src/panic/unwind_safe.rs:272:9
[INFO] [stdout]   39:     0x563e4597bbf1 - std::panicking::try::do_call::he61b0a958b795a41
[INFO] [stdout]                                at /rustc/0e09125c6c3c2fd70d7de961bcf0e51575235fad/library/std/src/panicking.rs:552:40
[INFO] [stdout]   40:     0x563e4597bbf1 - std::panicking::try::h7309da130f906eb7
[INFO] [stdout]                                at /rustc/0e09125c6c3c2fd70d7de961bcf0e51575235fad/library/std/src/panicking.rs:516:19
[INFO] [stdout]   41:     0x563e4597bbf1 - std::panic::catch_unwind::hc5c3a06fdaf0a92a
[INFO] [stdout]                                at /rustc/0e09125c6c3c2fd70d7de961bcf0e51575235fad/library/std/src/panic.rs:142:14
[INFO] [stdout]   42:     0x563e4597bbf1 - test::run_test_in_process::h7e7b7c71c3324e0f
[INFO] [stdout]                                at /rustc/0e09125c6c3c2fd70d7de961bcf0e51575235fad/library/test/src/lib.rs:650:27
[INFO] [stdout]   43:     0x563e4597bbf1 - test::run_test::{{closure}}::h1f509f28f5cf20b1
[INFO] [stdout]                                at /rustc/0e09125c6c3c2fd70d7de961bcf0e51575235fad/library/test/src/lib.rs:573:43
[INFO] [stdout]   44:     0x563e45942f26 - test::run_test::{{closure}}::h1754218abf443f6d
[INFO] [stdout]                                at /rustc/0e09125c6c3c2fd70d7de961bcf0e51575235fad/library/test/src/lib.rs:601:41
[INFO] [stdout]   45:     0x563e45942f26 - std::sys_common::backtrace::__rust_begin_short_backtrace::h2ee174b9d5954948
[INFO] [stdout]                                at /rustc/0e09125c6c3c2fd70d7de961bcf0e51575235fad/library/std/src/sys_common/backtrace.rs:155:18
[INFO] [stdout]   46:     0x563e45947f87 - std::thread::Builder::spawn_unchecked_::{{closure}}::{{closure}}::hf60bee9c1a17ef09
[INFO] [stdout]                                at /rustc/0e09125c6c3c2fd70d7de961bcf0e51575235fad/library/std/src/thread/mod.rs:529:17
[INFO] [stdout]   47:     0x563e45947f87 - <core::panic::unwind_safe::AssertUnwindSafe<F> as core::ops::function::FnOnce<()>>::call_once::h33d0dddec5216160
[INFO] [stdout]                                at /rustc/0e09125c6c3c2fd70d7de961bcf0e51575235fad/library/core/src/panic/unwind_safe.rs:272:9
[INFO] [stdout]   48:     0x563e45947f87 - std::panicking::try::do_call::h144b3048b546f835
[INFO] [stdout]                                at /rustc/0e09125c6c3c2fd70d7de961bcf0e51575235fad/library/std/src/panicking.rs:552:40
[INFO] [stdout]   49:     0x563e45947f87 - std::panicking::try::h978244d04646189f
[INFO] [stdout]                                at /rustc/0e09125c6c3c2fd70d7de961bcf0e51575235fad/library/std/src/panicking.rs:516:19
[INFO] [stdout]   50:     0x563e45947f87 - std::panic::catch_unwind::hdf436369d188fe86
[INFO] [stdout]                                at /rustc/0e09125c6c3c2fd70d7de961bcf0e51575235fad/library/std/src/panic.rs:142:14
[INFO] [stdout]   51:     0x563e45947f87 - std::thread::Builder::spawn_unchecked_::{{closure}}::h87329cbdd33c79ec
[INFO] [stdout]                                at /rustc/0e09125c6c3c2fd70d7de961bcf0e51575235fad/library/std/src/thread/mod.rs:528:30
[INFO] [stdout]   52:     0x563e45947f87 - core::ops::function::FnOnce::call_once{{vtable.shim}}::h401abbe67897d450
[INFO] [stdout]                                at /rustc/0e09125c6c3c2fd70d7de961bcf0e51575235fad/library/core/src/ops/function.rs:250:5
[INFO] [stdout]   53:     0x563e45b55bf5 - <alloc::boxed::Box<F,A> as core::ops::function::FnOnce<Args>>::call_once::h5d7c8f150ab9c84c
[INFO] [stdout]                                at /rustc/0e09125c6c3c2fd70d7de961bcf0e51575235fad/library/alloc/src/boxed.rs:2015:9
[INFO] [stdout]   54:     0x563e45b55bf5 - <alloc::boxed::Box<F,A> as core::ops::function::FnOnce<Args>>::call_once::h570d5b005c242c15
[INFO] [stdout]                                at /rustc/0e09125c6c3c2fd70d7de961bcf0e51575235fad/library/alloc/src/boxed.rs:2015:9
[INFO] [stdout]   55:     0x563e45b55bf5 - std::sys::unix::thread::Thread::new::thread_start::h36b0a20c0b2361ad
[INFO] [stdout]                                at /rustc/0e09125c6c3c2fd70d7de961bcf0e51575235fad/library/std/src/sys/unix/thread.rs:108:17
[INFO] [stdout]   56:     0x7f4e2a689ac3 - <unknown>
[INFO] [stdout]   57:     0x7f4e2a71abf4 - __clone
[INFO] [stdout]   58:                0x0 - <unknown>
[INFO] [stdout] thread 'quickcheck_hyperloglog' panicked at /opt/rustwide/cargo-home/registry/src/index.crates.io-6f17d22bba15001f/quickcheck-1.0.3/src/tester.rs:165:28:
[INFO] [stdout] [quickcheck] TEST FAILED (runtime error). Arguments: (HyperLogLogInput { error_rate: 0.10204087611637946, data: [1846648471, 3833730380, 152915047, 3092025812, 1, 3590533205, 4294967295, 1297241405, 2034642928, 4004070533, 2218106322, 2760973110, 109811411, 2824417214, 1973863133, 2589764445, 1598618213, 3593463453, 1265491024, 3112968796, 1900609226, 1747297917, 2098530825, 3753369216] })
[INFO] [stdout] Error: "assertion failed: error <= estimated_error"
[INFO] [stdout] stack backtrace:
[INFO] [stdout]    0:     0x563e45b4efd6 - std::backtrace_rs::backtrace::libunwind::trace::h261606ad26a499c1
[INFO] [stdout]                                at /rustc/0e09125c6c3c2fd70d7de961bcf0e51575235fad/library/std/src/../../backtrace/src/backtrace/libunwind.rs:104:5
[INFO] [stdout]    1:     0x563e45b4efd6 - std::backtrace_rs::backtrace::trace_unsynchronized::hd183f0625477fb28
[INFO] [stdout]                                at /rustc/0e09125c6c3c2fd70d7de961bcf0e51575235fad/library/std/src/../../backtrace/src/backtrace/mod.rs:66:5
[INFO] [stdout]    2:     0x563e45b4efd6 - std::sys_common::backtrace::_print_fmt::hd7f8fef21b4eda67
[INFO] [stdout]                                at /rustc/0e09125c6c3c2fd70d7de961bcf0e51575235fad/library/std/src/sys_common/backtrace.rs:68:5
[INFO] [stdout]    3:     0x563e45b4efd6 - <std::sys_common::backtrace::_print::DisplayBacktrace as core::fmt::Display>::fmt::h623d9b51f2f453f1
[INFO] [stdout]                                at /rustc/0e09125c6c3c2fd70d7de961bcf0e51575235fad/library/std/src/sys_common/backtrace.rs:44:22
[INFO] [stdout]    4:     0x563e45b78290 - core::fmt::rt::Argument::fmt::h9f417ac76a86f368
[INFO] [stdout]                                at /rustc/0e09125c6c3c2fd70d7de961bcf0e51575235fad/library/core/src/fmt/rt.rs:142:9
[INFO] [stdout]    5:     0x563e45b78290 - core::fmt::write::hc9b6faf4ac2aeff7
[INFO] [stdout]                                at /rustc/0e09125c6c3c2fd70d7de961bcf0e51575235fad/library/core/src/fmt/mod.rs:1120:17
[INFO] [stdout]    6:     0x563e45b4ca3f - std::io::Write::write_fmt::he04625a3a989fec3
[INFO] [stdout]                                at /rustc/0e09125c6c3c2fd70d7de961bcf0e51575235fad/library/std/src/io/mod.rs:1810:15
[INFO] [stdout]    7:     0x563e45b4edb4 - std::sys_common::backtrace::_print::hd5d66399c7df88a2
[INFO] [stdout]                                at /rustc/0e09125c6c3c2fd70d7de961bcf0e51575235fad/library/std/src/sys_common/backtrace.rs:47:5
[INFO] [stdout]    8:     0x563e45b4edb4 - std::sys_common::backtrace::print::he81ed2da642d37e5
[INFO] [stdout]                                at /rustc/0e09125c6c3c2fd70d7de961bcf0e51575235fad/library/std/src/sys_common/backtrace.rs:34:9
[INFO] [stdout]    9:     0x563e45b50b27 - std::panicking::default_hook::{{closure}}::h85773f4fa117163d
[INFO] [stdout]   10:     0x563e45b5080d - std::panicking::default_hook::h6a1694a91d09b278
[INFO] [stdout]                                at /rustc/0e09125c6c3c2fd70d7de961bcf0e51575235fad/library/std/src/panicking.rs:289:9
[INFO] [stdout]   11:     0x563e45977597 - <alloc::boxed::Box<F,A> as core::ops::function::Fn<Args>>::call::h616ac37fa3cd6c8f
[INFO] [stdout]                                at /rustc/0e09125c6c3c2fd70d7de961bcf0e51575235fad/library/alloc/src/boxed.rs:2029:9
[INFO] [stdout]   12:     0x563e45977597 - test::test_main::{{closure}}::h00d84697cefdcbb6
[INFO] [stdout]                                at /rustc/0e09125c6c3c2fd70d7de961bcf0e51575235fad/library/test/src/lib.rs:138:21
[INFO] [stdout]   13:     0x563e45b51146 - <alloc::boxed::Box<F,A> as core::ops::function::Fn<Args>>::call::hcb3fe3b9bb537ba8
[INFO] [stdout]                                at /rustc/0e09125c6c3c2fd70d7de961bcf0e51575235fad/library/alloc/src/boxed.rs:2029:9
[INFO] [stdout]   14:     0x563e45b51146 - std::panicking::rust_panic_with_hook::h0a7ad96e90f7145b
[INFO] [stdout]                                at /rustc/0e09125c6c3c2fd70d7de961bcf0e51575235fad/library/std/src/panicking.rs:783:13
[INFO] [stdout]   15:     0x563e459372bf - std::panicking::begin_panic::{{closure}}::h3f59e7e504fd9101
[INFO] [stdout]                                at /rustc/0e09125c6c3c2fd70d7de961bcf0e51575235fad/library/std/src/panicking.rs:687:9
[INFO] [stdout]   16:     0x563e45937176 - std::sys_common::backtrace::__rust_end_short_backtrace::h58d51199dd855c7c
[INFO] [stdout]                                at /rustc/0e09125c6c3c2fd70d7de961bcf0e51575235fad/library/std/src/sys_common/backtrace.rs:171:18
[INFO] [stdout]   17:     0x563e45937218 - std::panicking::begin_panic::h722307d31f71448f
[INFO] [stdout]                                at /rustc/0e09125c6c3c2fd70d7de961bcf0e51575235fad/library/std/src/panicking.rs:686:12
[INFO] [stdout]   18:     0x563e4593620e - quickcheck::tester::QuickCheck::quickcheck::ha04529ee5ad34107
[INFO] [stdout]                                at /opt/rustwide/cargo-home/registry/src/index.crates.io-6f17d22bba15001f/quickcheck-1.0.3/src/tester.rs:165:28
[INFO] [stdout]   19:     0x563e45936623 - quickcheck::tester::quickcheck::h61ec675c4c7178be
[INFO] [stdout]                                at /opt/rustwide/cargo-home/registry/src/index.crates.io-6f17d22bba15001f/quickcheck-1.0.3/src/tester.rs:183:5
[INFO] [stdout]   20:     0x563e4594220d - qc_hyperloglog::quickcheck_hyperloglog::h0cef8bcc11c7113f
[INFO] [stdout]                                at /opt/rustwide/workdir/tests/qc_hyperloglog.rs:13:1
[INFO] [stdout]   21:     0x563e459421e7 - qc_hyperloglog::quickcheck_hyperloglog::{{closure}}::h77f71ba394ad375b
[INFO] [stdout]                                at /opt/rustwide/workdir/tests/qc_hyperloglog.rs:13:33
[INFO] [stdout]   22:     0x563e4593fcd6 - core::ops::function::FnOnce::call_once::ha06556d036413450
[INFO] [stdout]                                at /rustc/0e09125c6c3c2fd70d7de961bcf0e51575235fad/library/core/src/ops/function.rs:250:5
[INFO] [stdout]   23:     0x563e4597ce6f - core::ops::function::FnOnce::call_once::hd64d26f405258157
[INFO] [stdout]                                at /rustc/0e09125c6c3c2fd70d7de961bcf0e51575235fad/library/core/src/ops/function.rs:250:5
[INFO] [stdout]   24:     0x563e4597ce6f - test::__rust_begin_short_backtrace::he21b0b7a6d731bf9
[INFO] [stdout]                                at /rustc/0e09125c6c3c2fd70d7de961bcf0e51575235fad/library/test/src/lib.rs:627:18
[INFO] [stdout]   25:     0x563e4597bbf1 - test::run_test_in_process::{{closure}}::hf5c73986d7bdfde2
[INFO] [stdout]                                at /rustc/0e09125c6c3c2fd70d7de961bcf0e51575235fad/library/test/src/lib.rs:650:60
[INFO] [stdout]   26:     0x563e4597bbf1 - <core::panic::unwind_safe::AssertUnwindSafe<F> as core::ops::function::FnOnce<()>>::call_once::h330011ad032aadc0
[INFO] [stdout]                                at /rustc/0e09125c6c3c2fd70d7de961bcf0e51575235fad/library/core/src/panic/unwind_safe.rs:272:9
[INFO] [stdout]   27:     0x563e4597bbf1 - std::panicking::try::do_call::he61b0a958b795a41
[INFO] [stdout]                                at /rustc/0e09125c6c3c2fd70d7de961bcf0e51575235fad/library/std/src/panicking.rs:552:40
[INFO] [stdout]   28:     0x563e4597bbf1 - std::panicking::try::h7309da130f906eb7
[INFO] [stdout]                                at /rustc/0e09125c6c3c2fd70d7de961bcf0e51575235fad/library/std/src/panicking.rs:516:19
[INFO] [stdout]   29:     0x563e4597bbf1 - std::panic::catch_unwind::hc5c3a06fdaf0a92a
[INFO] [stdout]                                at /rustc/0e09125c6c3c2fd70d7de961bcf0e51575235fad/library/std/src/panic.rs:142:14
[INFO] [stdout]   30:     0x563e4597bbf1 - test::run_test_in_process::h7e7b7c71c3324e0f
[INFO] [stdout]                                at /rustc/0e09125c6c3c2fd70d7de961bcf0e51575235fad/library/test/src/lib.rs:650:27
[INFO] [stdout]   31:     0x563e4597bbf1 - test::run_test::{{closure}}::h1f509f28f5cf20b1
[INFO] [stdout]                                at /rustc/0e09125c6c3c2fd70d7de961bcf0e51575235fad/library/test/src/lib.rs:573:43
[INFO] [stdout]   32:     0x563e45942f26 - test::run_test::{{closure}}::h1754218abf443f6d
[INFO] [stdout]                                at /rustc/0e09125c6c3c2fd70d7de961bcf0e51575235fad/library/test/src/lib.rs:601:41
[INFO] [stdout]   33:     0x563e45942f26 - std::sys_common::backtrace::__rust_begin_short_backtrace::h2ee174b9d5954948
[INFO] [stdout]                                at /rustc/0e09125c6c3c2fd70d7de961bcf0e51575235fad/library/std/src/sys_common/backtrace.rs:155:18
[INFO] [stdout]   34:     0x563e45947f87 - std::thread::Builder::spawn_unchecked_::{{closure}}::{{closure}}::hf60bee9c1a17ef09
[INFO] [stdout]                                at /rustc/0e09125c6c3c2fd70d7de961bcf0e51575235fad/library/std/src/thread/mod.rs:529:17
[INFO] [stdout]   35:     0x563e45947f87 - <core::panic::unwind_safe::AssertUnwindSafe<F> as core::ops::function::FnOnce<()>>::call_once::h33d0dddec5216160
[INFO] [stdout]                                at /rustc/0e09125c6c3c2fd70d7de961bcf0e51575235fad/library/core/src/panic/unwind_safe.rs:272:9
[INFO] [stdout]   36:     0x563e45947f87 - std::panicking::try::do_call::h144b3048b546f835
[INFO] [stdout]                                at /rustc/0e09125c6c3c2fd70d7de961bcf0e51575235fad/library/std/src/panicking.rs:552:40
[INFO] [stdout]   37:     0x563e45947f87 - std::panicking::try::h978244d04646189f
[INFO] [stdout]                                at /rustc/0e09125c6c3c2fd70d7de961bcf0e51575235fad/library/std/src/panicking.rs:516:19
[INFO] [stdout]   38:     0x563e45947f87 - std::panic::catch_unwind::hdf436369d188fe86
[INFO] [stdout]                                at /rustc/0e09125c6c3c2fd70d7de961bcf0e51575235fad/library/std/src/panic.rs:142:14
[INFO] [stdout]   39:     0x563e45947f87 - std::thread::Builder::spawn_unchecked_::{{closure}}::h87329cbdd33c79ec
[INFO] [stdout]                                at /rustc/0e09125c6c3c2fd70d7de961bcf0e51575235fad/library/std/src/thread/mod.rs:528:30
[INFO] [stdout]   40:     0x563e45947f87 - core::ops::function::FnOnce::call_once{{vtable.shim}}::h401abbe67897d450
[INFO] [stdout]                                at /rustc/0e09125c6c3c2fd70d7de961bcf0e51575235fad/library/core/src/ops/function.rs:250:5
[INFO] [stdout]   41:     0x563e45b55bf5 - <alloc::boxed::Box<F,A> as core::ops::function::FnOnce<Args>>::call_once::h5d7c8f150ab9c84c
[INFO] [stdout]                                at /rustc/0e09125c6c3c2fd70d7de961bcf0e51575235fad/library/alloc/src/boxed.rs:2015:9
[INFO] [stdout]   42:     0x563e45b55bf5 - <alloc::boxed::Box<F,A> as core::ops::function::FnOnce<Args>>::call_once::h570d5b005c242c15
[INFO] [stdout]                                at /rustc/0e09125c6c3c2fd70d7de961bcf0e51575235fad/library/alloc/src/boxed.rs:2015:9
[INFO] [stdout]   43:     0x563e45b55bf5 - std::sys::unix::thread::Thread::new::thread_start::h36b0a20c0b2361ad
[INFO] [stdout]                                at /rustc/0e09125c6c3c2fd70d7de961bcf0e51575235fad/library/std/src/sys/unix/thread.rs:108:17
[INFO] [stdout]   44:     0x7f4e2a689ac3 - <unknown>
[INFO] [stdout]   45:     0x7f4e2a71abf4 - __clone
[INFO] [stdout]   46:                0x0 - <unknown>
[INFO] [stdout] 
[INFO] [stdout] 
[INFO] [stdout] failures:
[INFO] [stdout]     quickcheck_hyperloglog
[INFO] [stdout] 
[INFO] [stdout] test result: FAILED. 0 passed; 1 failed; 0 ignored; 0 measured; 0 filtered out; finished in 0.01s
[INFO] [stdout] 
[INFO] [stderr] error: test failed, to rerun pass `--test qc_hyperloglog`
[INFO] running `Command { std: "docker" "inspect" "0387b21fb9efee2f18b32e0219670e6c90b2ecfaa9d41971c4847d34d8c292d1", kill_on_drop: false }`
[INFO] running `Command { std: "docker" "rm" "-f" "0387b21fb9efee2f18b32e0219670e6c90b2ecfaa9d41971c4847d34d8c292d1", kill_on_drop: false }`
[INFO] [stdout] 0387b21fb9efee2f18b32e0219670e6c90b2ecfaa9d41971c4847d34d8c292d1
