[INFO] cloning repository https://github.com/arthurlm/pyarraypool
[INFO] running `Command { std: "git" "-c" "credential.helper=" "-c" "credential.helper=/workspace/cargo-home/bin/git-credential-null" "clone" "--bare" "https://github.com/arthurlm/pyarraypool" "/workspace/cache/git-repos/https%3A%2F%2Fgithub.com%2Farthurlm%2Fpyarraypool", kill_on_drop: false }`
[INFO] [stderr] Cloning into bare repository '/workspace/cache/git-repos/https%3A%2F%2Fgithub.com%2Farthurlm%2Fpyarraypool'...
[INFO] running `Command { std: "git" "rev-parse" "HEAD", kill_on_drop: false }`
[INFO] [stdout] 4fb1a15173d212961b3aff7f434e2ee2fcfc8dd1
[INFO] testing arthurlm/pyarraypool against 1.75.0 for beta-1.76-1
[INFO] running `Command { std: "git" "clone" "/workspace/cache/git-repos/https%3A%2F%2Fgithub.com%2Farthurlm%2Fpyarraypool" "/workspace/builds/worker-5-tc1/source", kill_on_drop: false }`
[INFO] [stderr] Cloning into '/workspace/builds/worker-5-tc1/source'...
[INFO] [stderr] done.
[INFO] validating manifest of git repo https://github.com/arthurlm/pyarraypool on toolchain 1.75.0
[INFO] running `Command { std: CARGO_HOME="/workspace/cargo-home" RUSTUP_HOME="/workspace/rustup-home" "/workspace/cargo-home/bin/cargo" "+1.75.0" "metadata" "--manifest-path" "Cargo.toml" "--no-deps", kill_on_drop: false }`
[INFO] started tweaking git repo https://github.com/arthurlm/pyarraypool
[INFO] finished tweaking git repo https://github.com/arthurlm/pyarraypool
[INFO] tweaked toml for git repo https://github.com/arthurlm/pyarraypool written to /workspace/builds/worker-5-tc1/source/Cargo.toml
[INFO] crate git repo https://github.com/arthurlm/pyarraypool already has a lockfile, it will not be regenerated
[INFO] running `Command { std: CARGO_HOME="/workspace/cargo-home" RUSTUP_HOME="/workspace/rustup-home" "/workspace/cargo-home/bin/cargo" "+1.75.0" "fetch" "--manifest-path" "Cargo.toml", kill_on_drop: false }`
[INFO] [stderr]     Blocking waiting for file lock on package cache
[INFO] [stderr]     Updating crates.io index
[INFO] [stderr]     Blocking waiting for file lock on package cache
[ERROR] error running command: no output for 300 seconds
[ERROR] this task or one of its parent failed!
[ERROR] no output for 300 seconds
[ERROR] note: run with `RUST_BACKTRACE=1` to display a backtrace.
[INFO] testing arthurlm/pyarraypool against beta-2023-12-22 for beta-1.76-1
[INFO] running `Command { std: "git" "clone" "/workspace/cache/git-repos/https%3A%2F%2Fgithub.com%2Farthurlm%2Fpyarraypool" "/workspace/builds/worker-5-tc2/source", kill_on_drop: false }`
[INFO] [stderr] Cloning into '/workspace/builds/worker-5-tc2/source'...
[INFO] [stderr] done.
[INFO] validating manifest of git repo https://github.com/arthurlm/pyarraypool on toolchain beta-2023-12-22
[INFO] running `Command { std: CARGO_HOME="/workspace/cargo-home" RUSTUP_HOME="/workspace/rustup-home" "/workspace/cargo-home/bin/cargo" "+beta-2023-12-22" "metadata" "--manifest-path" "Cargo.toml" "--no-deps", kill_on_drop: false }`
[INFO] started tweaking git repo https://github.com/arthurlm/pyarraypool
[INFO] finished tweaking git repo https://github.com/arthurlm/pyarraypool
[INFO] tweaked toml for git repo https://github.com/arthurlm/pyarraypool written to /workspace/builds/worker-5-tc2/source/Cargo.toml
[INFO] crate git repo https://github.com/arthurlm/pyarraypool already has a lockfile, it will not be regenerated
[INFO] running `Command { std: CARGO_HOME="/workspace/cargo-home" RUSTUP_HOME="/workspace/rustup-home" "/workspace/cargo-home/bin/cargo" "+beta-2023-12-22" "fetch" "--manifest-path" "Cargo.toml", kill_on_drop: false }`
[INFO] [stderr]     Blocking waiting for file lock on package cache
[INFO] [stderr]     Blocking waiting for file lock on package cache
[ERROR] error running command: no output for 300 seconds
[INFO] testing arthurlm/pyarraypool against beta-2023-12-22 for beta-1.76-1
[INFO] running `Command { std: "git" "clone" "/workspace/cache/git-repos/https%3A%2F%2Fgithub.com%2Farthurlm%2Fpyarraypool" "/workspace/builds/worker-5-tc2/source", kill_on_drop: false }`
[INFO] [stderr] Cloning into '/workspace/builds/worker-5-tc2/source'...
[INFO] [stderr] done.
[INFO] validating manifest of git repo https://github.com/arthurlm/pyarraypool on toolchain beta-2023-12-22
[INFO] running `Command { std: CARGO_HOME="/workspace/cargo-home" RUSTUP_HOME="/workspace/rustup-home" "/workspace/cargo-home/bin/cargo" "+beta-2023-12-22" "metadata" "--manifest-path" "Cargo.toml" "--no-deps", kill_on_drop: false }`
[INFO] started tweaking git repo https://github.com/arthurlm/pyarraypool
[INFO] finished tweaking git repo https://github.com/arthurlm/pyarraypool
[INFO] tweaked toml for git repo https://github.com/arthurlm/pyarraypool written to /workspace/builds/worker-5-tc2/source/Cargo.toml
[INFO] crate git repo https://github.com/arthurlm/pyarraypool already has a lockfile, it will not be regenerated
[INFO] running `Command { std: CARGO_HOME="/workspace/cargo-home" RUSTUP_HOME="/workspace/rustup-home" "/workspace/cargo-home/bin/cargo" "+beta-2023-12-22" "fetch" "--manifest-path" "Cargo.toml", kill_on_drop: false }`
[INFO] [stderr]     Blocking waiting for file lock on package cache
[INFO] [stderr]     Blocking waiting for file lock on package cache
[INFO] [stderr]  Downloading crates ...
[INFO] [stderr]   Downloaded pyo3-build-config v0.16.5
[INFO] [stderr]   Downloaded pyo3-macros v0.16.5
[INFO] [stderr]   Downloaded win-sys v0.3.1
[INFO] [stderr]   Downloaded shared_memory v0.12.4
[INFO] [stderr]   Downloaded pyo3-ffi v0.16.5
[INFO] [stderr]   Downloaded pyo3-macros-backend v0.16.5
[INFO] [stderr]   Downloaded pyo3 v0.16.5
[INFO] running `Command { std: "docker" "create" "-v" "/var/lib/crater-agent-workspace/builds/worker-5-tc2/target:/opt/rustwide/target:rw,Z" "-v" "/var/lib/crater-agent-workspace/builds/worker-5-tc2/source:/opt/rustwide/workdir:ro,Z" "-v" "/var/lib/crater-agent-workspace/cargo-home:/opt/rustwide/cargo-home:ro,Z" "-v" "/var/lib/crater-agent-workspace/rustup-home:/opt/rustwide/rustup-home:ro,Z" "-e" "SOURCE_DIR=/opt/rustwide/workdir" "-e" "CARGO_TARGET_DIR=/opt/rustwide/target" "-e" "CARGO_HOME=/opt/rustwide/cargo-home" "-e" "RUSTUP_HOME=/opt/rustwide/rustup-home" "-w" "/opt/rustwide/workdir" "-m" "1610612736" "--user" "0:0" "--network" "none" "ghcr.io/rust-lang/crates-build-env/linux@sha256:2788e3201cd34a07e3172128adcd8b3090168a8e3bcc40d7c032b9dda1df7d1c" "/opt/rustwide/cargo-home/bin/cargo" "+beta-2023-12-22" "metadata" "--no-deps" "--format-version=1", kill_on_drop: false }`
[INFO] [stdout] 6fbb1b05fda7028f749eb59bed7cc009c7b52f8c46cf5228925deb489273f44e
[INFO] running `Command { std: "docker" "start" "-a" "6fbb1b05fda7028f749eb59bed7cc009c7b52f8c46cf5228925deb489273f44e", kill_on_drop: false }`
[INFO] running `Command { std: "docker" "inspect" "6fbb1b05fda7028f749eb59bed7cc009c7b52f8c46cf5228925deb489273f44e", kill_on_drop: false }`
[INFO] running `Command { std: "docker" "rm" "-f" "6fbb1b05fda7028f749eb59bed7cc009c7b52f8c46cf5228925deb489273f44e", kill_on_drop: false }`
[INFO] [stdout] 6fbb1b05fda7028f749eb59bed7cc009c7b52f8c46cf5228925deb489273f44e
[INFO] running `Command { std: "docker" "create" "-v" "/var/lib/crater-agent-workspace/builds/worker-5-tc2/target:/opt/rustwide/target:rw,Z" "-v" "/var/lib/crater-agent-workspace/builds/worker-5-tc2/source:/opt/rustwide/workdir:ro,Z" "-v" "/var/lib/crater-agent-workspace/cargo-home:/opt/rustwide/cargo-home:ro,Z" "-v" "/var/lib/crater-agent-workspace/rustup-home:/opt/rustwide/rustup-home:ro,Z" "-e" "SOURCE_DIR=/opt/rustwide/workdir" "-e" "CARGO_TARGET_DIR=/opt/rustwide/target" "-e" "CARGO_INCREMENTAL=0" "-e" "RUST_BACKTRACE=full" "-e" "RUSTFLAGS=--cap-lints=warn" "-e" "RUSTDOCFLAGS=--cap-lints=warn" "-e" "CARGO_HOME=/opt/rustwide/cargo-home" "-e" "RUSTUP_HOME=/opt/rustwide/rustup-home" "-w" "/opt/rustwide/workdir" "-m" "1610612736" "--user" "0:0" "--network" "none" "ghcr.io/rust-lang/crates-build-env/linux@sha256:2788e3201cd34a07e3172128adcd8b3090168a8e3bcc40d7c032b9dda1df7d1c" "/opt/rustwide/cargo-home/bin/cargo" "+beta-2023-12-22" "build" "--frozen" "--message-format=json", kill_on_drop: false }`
[INFO] [stdout] cbcc30fc2ddccf46beeae8ab0c4dcfe6f4f1f52ad77c361ae5584275487812b7
[INFO] running `Command { std: "docker" "start" "-a" "cbcc30fc2ddccf46beeae8ab0c4dcfe6f4f1f52ad77c361ae5584275487812b7", kill_on_drop: false }`
[INFO] [stderr]    Compiling libc v0.2.132
[INFO] [stderr]    Compiling target-lexicon v0.12.4
[INFO] [stderr]    Compiling autocfg v1.1.0
[INFO] [stderr]    Compiling proc-macro2 v1.0.43
[INFO] [stderr]    Compiling cfg-if v1.0.0
[INFO] [stderr]    Compiling quote v1.0.21
[INFO] [stderr]    Compiling unicode-ident v1.0.3
[INFO] [stderr]    Compiling syn v1.0.99
[INFO] [stderr]    Compiling once_cell v1.13.1
[INFO] [stderr]    Compiling parking_lot_core v0.9.3
[INFO] [stderr]    Compiling ppv-lite86 v0.2.16
[INFO] [stderr]    Compiling smallvec v1.9.0
[INFO] [stderr]    Compiling scopeguard v1.1.0
[INFO] [stderr]    Compiling bitflags v1.3.2
[INFO] [stderr]    Compiling unindent v0.1.10
[INFO] [stderr]    Compiling indoc v1.0.7
[INFO] [stderr]    Compiling lock_api v0.4.7
[INFO] [stderr]    Compiling memoffset v0.6.5
[INFO] [stderr]    Compiling pyo3-build-config v0.16.5
[INFO] [stderr]    Compiling getrandom v0.2.7
[INFO] [stderr]    Compiling nix v0.23.1
[INFO] [stderr]    Compiling rand_core v0.6.3
[INFO] [stderr]    Compiling parking_lot v0.12.1
[INFO] [stderr]    Compiling rand_chacha v0.3.1
[INFO] [stderr]    Compiling rand v0.8.5
[INFO] [stderr]    Compiling pyo3-ffi v0.16.5
[INFO] [stderr]    Compiling pyo3 v0.16.5
[INFO] [stderr]    Compiling pyo3-macros-backend v0.16.5
[INFO] [stderr]    Compiling shared_memory v0.12.4
[INFO] [stderr]    Compiling thiserror-impl v1.0.32
[INFO] [stderr]    Compiling thiserror v1.0.32
[INFO] [stderr]    Compiling pyo3-macros v0.16.5
[INFO] [stderr]    Compiling pyarraypool v0.1.4 (/opt/rustwide/workdir)
[INFO] [stderr]     Finished dev [unoptimized + debuginfo] target(s) in 7.73s
[INFO] running `Command { std: "docker" "inspect" "cbcc30fc2ddccf46beeae8ab0c4dcfe6f4f1f52ad77c361ae5584275487812b7", kill_on_drop: false }`
[INFO] running `Command { std: "docker" "rm" "-f" "cbcc30fc2ddccf46beeae8ab0c4dcfe6f4f1f52ad77c361ae5584275487812b7", kill_on_drop: false }`
[INFO] [stdout] cbcc30fc2ddccf46beeae8ab0c4dcfe6f4f1f52ad77c361ae5584275487812b7
[INFO] running `Command { std: "docker" "create" "-v" "/var/lib/crater-agent-workspace/builds/worker-5-tc2/target:/opt/rustwide/target:rw,Z" "-v" "/var/lib/crater-agent-workspace/builds/worker-5-tc2/source:/opt/rustwide/workdir:ro,Z" "-v" "/var/lib/crater-agent-workspace/cargo-home:/opt/rustwide/cargo-home:ro,Z" "-v" "/var/lib/crater-agent-workspace/rustup-home:/opt/rustwide/rustup-home:ro,Z" "-e" "SOURCE_DIR=/opt/rustwide/workdir" "-e" "CARGO_TARGET_DIR=/opt/rustwide/target" "-e" "CARGO_INCREMENTAL=0" "-e" "RUST_BACKTRACE=full" "-e" "RUSTFLAGS=--cap-lints=warn" "-e" "RUSTDOCFLAGS=--cap-lints=warn" "-e" "CARGO_HOME=/opt/rustwide/cargo-home" "-e" "RUSTUP_HOME=/opt/rustwide/rustup-home" "-w" "/opt/rustwide/workdir" "-m" "1610612736" "--user" "0:0" "--network" "none" "ghcr.io/rust-lang/crates-build-env/linux@sha256:2788e3201cd34a07e3172128adcd8b3090168a8e3bcc40d7c032b9dda1df7d1c" "/opt/rustwide/cargo-home/bin/cargo" "+beta-2023-12-22" "test" "--frozen" "--no-run" "--message-format=json", kill_on_drop: false }`
[INFO] [stdout] 0f315ba5a561a92e6b96e460dc8328f4f634f19688f0f69181b3bf275b503aff
[INFO] running `Command { std: "docker" "start" "-a" "0f315ba5a561a92e6b96e460dc8328f4f634f19688f0f69181b3bf275b503aff", kill_on_drop: false }`
[INFO] [stderr]    Compiling anyhow v1.0.62
[INFO] [stderr]    Compiling pyarraypool v0.1.4 (/opt/rustwide/workdir)
[INFO] [stderr]     Finished test [unoptimized + debuginfo] target(s) in 1.25s
[INFO] running `Command { std: "docker" "inspect" "0f315ba5a561a92e6b96e460dc8328f4f634f19688f0f69181b3bf275b503aff", kill_on_drop: false }`
[INFO] running `Command { std: "docker" "rm" "-f" "0f315ba5a561a92e6b96e460dc8328f4f634f19688f0f69181b3bf275b503aff", kill_on_drop: false }`
[INFO] [stdout] 0f315ba5a561a92e6b96e460dc8328f4f634f19688f0f69181b3bf275b503aff
[INFO] running `Command { std: "docker" "create" "-v" "/var/lib/crater-agent-workspace/builds/worker-5-tc2/target:/opt/rustwide/target:rw,Z" "-v" "/var/lib/crater-agent-workspace/builds/worker-5-tc2/source:/opt/rustwide/workdir:ro,Z" "-v" "/var/lib/crater-agent-workspace/cargo-home:/opt/rustwide/cargo-home:ro,Z" "-v" "/var/lib/crater-agent-workspace/rustup-home:/opt/rustwide/rustup-home:ro,Z" "-e" "SOURCE_DIR=/opt/rustwide/workdir" "-e" "CARGO_TARGET_DIR=/opt/rustwide/target" "-e" "CARGO_INCREMENTAL=0" "-e" "RUST_BACKTRACE=full" "-e" "RUSTFLAGS=--cap-lints=warn" "-e" "RUSTDOCFLAGS=--cap-lints=warn" "-e" "CARGO_HOME=/opt/rustwide/cargo-home" "-e" "RUSTUP_HOME=/opt/rustwide/rustup-home" "-w" "/opt/rustwide/workdir" "-m" "1610612736" "--user" "0:0" "--network" "none" "ghcr.io/rust-lang/crates-build-env/linux@sha256:2788e3201cd34a07e3172128adcd8b3090168a8e3bcc40d7c032b9dda1df7d1c" "/opt/rustwide/cargo-home/bin/cargo" "+beta-2023-12-22" "test" "--frozen", kill_on_drop: false }`
[INFO] [stdout] 465d54f37253a2e16381490803eb8f9d1a34b6c0e89588b9abd999e5d8193b47
[INFO] running `Command { std: "docker" "start" "-a" "465d54f37253a2e16381490803eb8f9d1a34b6c0e89588b9abd999e5d8193b47", kill_on_drop: false }`
[INFO] [stderr]     Finished test [unoptimized + debuginfo] target(s) in 0.03s
[INFO] [stderr]      Running unittests src/lib.rs (/opt/rustwide/target/debug/deps/pyarraypool-4eee4876cbddb3f2)
[INFO] [stdout] 
[INFO] [stdout] running 27 tests
[INFO] [stdout] test memory_info::tests::memory_pool::test_add_empty_bloc ... ok
[INFO] [stdout] test memory_info::tests::memory_pool::test_add_and_detach ... ok
[INFO] [stdout] test memory_info::tests::memory_pool::test_add_bloc ... ok
[INFO] [stdout] test memory_info::tests::memory_pool::test_add_duplicated_object ... ok
[INFO] [stdout] test memory_info::tests::memory_pool::test_add_huge_bloc ... ok
[INFO] [stdout] test memory_info::tests::memory_pool::test_add_invalid_python_id ... ok
[INFO] [stdout] test memory_info::tests::memory_pool::test_add_single_huge_bloc ... ok
[INFO] [stdout] test memory_info::tests::memory_pool::test_attach_object ... ok
[INFO] [stdout] test memory_info::tests::memory_pool::test_attach_object_invalid_python_id ... ok
[INFO] [stdout] test memory_info::tests::memory_pool::test_attach_object_missing ... ok
[INFO] [stdout] test memory_info::tests::memory_pool::test_detach_invalid_python_id ... ok
[INFO] [stdout] test memory_info::tests::memory_pool::test_detach_elements ... ok
[INFO] [stdout] test memory_info::tests::memory_pool::test_detach_not_found ... ok
[INFO] [stdout] test memory_info::tests::memory_pool::test_dump ... ok
[INFO] [stdout] test memory_info::tests::memory_pool::test_fill_holes ... ok
[INFO] [stdout] test memory_info::tests::memory_pool::test_info_of ... ok
[INFO] [stdout] test memory_info::tests::memory_pool::test_info_of_invalid_python_id ... ok
[INFO] [stdout] test memory_info::tests::memory_pool::test_info_of_missing_obj ... ok
[INFO] [stdout] test memory_info::tests::memory_pool::test_init ... ok
[INFO] [stdout] test memory_info::tests::memory_slot::test_attributes ... ok
[INFO] [stdout] test memory_info::tests::memory_slot::test_releasable ... ok
[INFO] [stdout] test memory_info::tests::memory_slot::test_split_block ... ok
[INFO] [stdout] test mutex::tests::test_mutex ... ok
[INFO] [stdout] test shm::tests::shm_header::test_valid ... ok
[INFO] [stdout] test shm::tests::shm_object_pool::test_create_and_open ... FAILED
[INFO] [stdout] test shm::tests::shm_object_pool::test_shared_data ... FAILED
[INFO] [stdout] test memory_info::tests::memory_slot::test_split_block_fail - should panic ... ok
[INFO] [stdout] 
[INFO] [stdout] failures:
[INFO] [stdout] 
[INFO] [stdout] ---- shm::tests::shm_object_pool::test_create_and_open stdout ----
[INFO] [stdout] Error: library failure: Creating the link file failed, Read-only file system (os error 30)
[INFO] [stdout] 
[INFO] [stdout] ---- shm::tests::shm_object_pool::test_shared_data stdout ----
[INFO] [stdout] Error: library failure: Creating the link file failed, Read-only file system (os error 30)
[INFO] [stdout] 
[INFO] [stdout] 
[INFO] [stdout] failures:
[INFO] [stdout]     shm::tests::shm_object_pool::test_create_and_open
[INFO] [stdout]     shm::tests::shm_object_pool::test_shared_data
[INFO] [stdout] 
[INFO] [stdout] test result: FAILED. 25 passed; 2 failed; 0 ignored; 0 measured; 0 filtered out; finished in 0.02s
[INFO] [stdout] 
[INFO] [stderr] error: test failed, to rerun pass `--lib`
[INFO] running `Command { std: "docker" "inspect" "465d54f37253a2e16381490803eb8f9d1a34b6c0e89588b9abd999e5d8193b47", kill_on_drop: false }`
[INFO] running `Command { std: "docker" "rm" "-f" "465d54f37253a2e16381490803eb8f9d1a34b6c0e89588b9abd999e5d8193b47", kill_on_drop: false }`
[INFO] [stdout] 465d54f37253a2e16381490803eb8f9d1a34b6c0e89588b9abd999e5d8193b47
