[INFO] cloning repository https://github.com/armn3t/axum_v1
[INFO] running `Command { std: "git" "-c" "credential.helper=" "-c" "credential.helper=/workspace/cargo-home/bin/git-credential-null" "clone" "--bare" "https://github.com/armn3t/axum_v1" "/workspace/cache/git-repos/https%3A%2F%2Fgithub.com%2Farmn3t%2Faxum_v1", kill_on_drop: false }`
[INFO] [stderr] Cloning into bare repository '/workspace/cache/git-repos/https%3A%2F%2Fgithub.com%2Farmn3t%2Faxum_v1'...
[INFO] running `Command { std: "git" "rev-parse" "HEAD", kill_on_drop: false }`
[INFO] [stdout] 0e4acc026d6c455d450c95895e849d46f48c7b1d
[INFO] testing armn3t/axum_v1 against 1.75.0 for beta-1.76-1
[INFO] running `Command { std: "git" "clone" "/workspace/cache/git-repos/https%3A%2F%2Fgithub.com%2Farmn3t%2Faxum_v1" "/workspace/builds/worker-3-tc1/source", kill_on_drop: false }`
[INFO] [stderr] Cloning into '/workspace/builds/worker-3-tc1/source'...
[INFO] [stderr] done.
[INFO] validating manifest of git repo https://github.com/armn3t/axum_v1 on toolchain 1.75.0
[INFO] running `Command { std: CARGO_HOME="/workspace/cargo-home" RUSTUP_HOME="/workspace/rustup-home" "/workspace/cargo-home/bin/cargo" "+1.75.0" "metadata" "--manifest-path" "Cargo.toml" "--no-deps", kill_on_drop: false }`
[INFO] started tweaking git repo https://github.com/armn3t/axum_v1
[INFO] finished tweaking git repo https://github.com/armn3t/axum_v1
[INFO] tweaked toml for git repo https://github.com/armn3t/axum_v1 written to /workspace/builds/worker-3-tc1/source/Cargo.toml
[INFO] crate git repo https://github.com/armn3t/axum_v1 already has a lockfile, it will not be regenerated
[INFO] running `Command { std: CARGO_HOME="/workspace/cargo-home" RUSTUP_HOME="/workspace/rustup-home" "/workspace/cargo-home/bin/cargo" "+1.75.0" "fetch" "--manifest-path" "Cargo.toml", kill_on_drop: false }`
[INFO] [stderr]  Downloading crates ...
[INFO] [stderr]   Downloaded diesel-async v0.4.1
[INFO] running `Command { std: "docker" "create" "-v" "/var/lib/crater-agent-workspace/builds/worker-3-tc1/target:/opt/rustwide/target:rw,Z" "-v" "/var/lib/crater-agent-workspace/builds/worker-3-tc1/source:/opt/rustwide/workdir:ro,Z" "-v" "/var/lib/crater-agent-workspace/cargo-home:/opt/rustwide/cargo-home:ro,Z" "-v" "/var/lib/crater-agent-workspace/rustup-home:/opt/rustwide/rustup-home:ro,Z" "-e" "SOURCE_DIR=/opt/rustwide/workdir" "-e" "CARGO_TARGET_DIR=/opt/rustwide/target" "-e" "CARGO_HOME=/opt/rustwide/cargo-home" "-e" "RUSTUP_HOME=/opt/rustwide/rustup-home" "-w" "/opt/rustwide/workdir" "-m" "1610612736" "--user" "0:0" "--network" "none" "ghcr.io/rust-lang/crates-build-env/linux@sha256:2788e3201cd34a07e3172128adcd8b3090168a8e3bcc40d7c032b9dda1df7d1c" "/opt/rustwide/cargo-home/bin/cargo" "+1.75.0" "metadata" "--no-deps" "--format-version=1", kill_on_drop: false }`
[INFO] [stdout] b48eae62f87daa9b56d91cf3da9d9e92fff33abdb8a774e9811acdf62a989fb9
[INFO] running `Command { std: "docker" "start" "-a" "b48eae62f87daa9b56d91cf3da9d9e92fff33abdb8a774e9811acdf62a989fb9", kill_on_drop: false }`
[INFO] running `Command { std: "docker" "inspect" "b48eae62f87daa9b56d91cf3da9d9e92fff33abdb8a774e9811acdf62a989fb9", kill_on_drop: false }`
[INFO] running `Command { std: "docker" "rm" "-f" "b48eae62f87daa9b56d91cf3da9d9e92fff33abdb8a774e9811acdf62a989fb9", kill_on_drop: false }`
[INFO] [stdout] b48eae62f87daa9b56d91cf3da9d9e92fff33abdb8a774e9811acdf62a989fb9
[INFO] running `Command { std: "docker" "create" "-v" "/var/lib/crater-agent-workspace/builds/worker-3-tc1/target:/opt/rustwide/target:rw,Z" "-v" "/var/lib/crater-agent-workspace/builds/worker-3-tc1/source:/opt/rustwide/workdir:ro,Z" "-v" "/var/lib/crater-agent-workspace/cargo-home:/opt/rustwide/cargo-home:ro,Z" "-v" "/var/lib/crater-agent-workspace/rustup-home:/opt/rustwide/rustup-home:ro,Z" "-e" "SOURCE_DIR=/opt/rustwide/workdir" "-e" "CARGO_TARGET_DIR=/opt/rustwide/target" "-e" "CARGO_INCREMENTAL=0" "-e" "RUST_BACKTRACE=full" "-e" "RUSTFLAGS=--cap-lints=warn" "-e" "RUSTDOCFLAGS=--cap-lints=warn" "-e" "CARGO_HOME=/opt/rustwide/cargo-home" "-e" "RUSTUP_HOME=/opt/rustwide/rustup-home" "-w" "/opt/rustwide/workdir" "-m" "1610612736" "--user" "0:0" "--network" "none" "ghcr.io/rust-lang/crates-build-env/linux@sha256:2788e3201cd34a07e3172128adcd8b3090168a8e3bcc40d7c032b9dda1df7d1c" "/opt/rustwide/cargo-home/bin/cargo" "+1.75.0" "build" "--frozen" "--message-format=json", kill_on_drop: false }`
[INFO] [stdout] 5b495a80f99ad107ca8e1cc3bc47fb0def2c94dc7d44258c5a7b19870c8956a0
[INFO] running `Command { std: "docker" "start" "-a" "5b495a80f99ad107ca8e1cc3bc47fb0def2c94dc7d44258c5a7b19870c8956a0", kill_on_drop: false }`
[INFO] [stderr]    Compiling proc-macro2 v1.0.67
[INFO] [stderr]    Compiling unicode-ident v1.0.12
[INFO] [stderr]    Compiling libc v0.2.148
[INFO] [stderr]    Compiling cfg-if v1.0.0
[INFO] [stderr]    Compiling autocfg v1.1.0
[INFO] [stderr]    Compiling typenum v1.17.0
[INFO] [stderr]    Compiling version_check v0.9.4
[INFO] [stderr]    Compiling pin-project-lite v0.2.13
[INFO] [stderr]    Compiling bytes v1.5.0
[INFO] [stderr]    Compiling futures-core v0.3.28
[INFO] [stderr]    Compiling smallvec v1.11.0
[INFO] [stderr]    Compiling once_cell v1.18.0
[INFO] [stderr]    Compiling parking_lot_core v0.9.8
[INFO] [stderr]    Compiling futures-channel v0.3.28
[INFO] [stderr]    Compiling itoa v1.0.9
[INFO] [stderr]    Compiling futures-task v0.3.28
[INFO] [stderr]    Compiling scopeguard v1.2.0
[INFO] [stderr]    Compiling futures-sink v0.3.28
[INFO] [stderr]    Compiling log v0.4.20
[INFO] [stderr]    Compiling futures-util v0.3.28
[INFO] [stderr]    Compiling serde v1.0.188
[INFO] [stderr]    Compiling pin-utils v0.1.0
[INFO] [stderr]    Compiling tracing-core v0.1.31
[INFO] [stderr]    Compiling rustversion v1.0.14
[INFO] [stderr]    Compiling subtle v2.5.0
[INFO] [stderr]    Compiling tinyvec_macros v0.1.1
[INFO] [stderr]    Compiling async-trait v0.1.73
[INFO] [stderr]    Compiling tinyvec v1.6.0
[INFO] [stderr]    Compiling ppv-lite86 v0.2.17
[INFO] [stderr]    Compiling cpufeatures v0.2.9
[INFO] [stderr]    Compiling generic-array v0.14.7
[INFO] [stderr]    Compiling fnv v1.0.7
[INFO] [stderr]    Compiling finl_unicode v1.2.0
[INFO] [stderr]    Compiling unicode-bidi v0.3.13
[INFO] [stderr]    Compiling lock_api v0.4.10
[INFO] [stderr]    Compiling slab v0.4.9
[INFO] [stderr]    Compiling num-traits v0.2.16
[INFO] [stderr]    Compiling byteorder v1.4.3
[INFO] [stderr]    Compiling percent-encoding v2.3.0
[INFO] [stderr]    Compiling memchr v2.6.3
[INFO] [stderr]    Compiling http v0.2.9
[INFO] [stderr]    Compiling tower-service v0.3.2
[INFO] [stderr]    Compiling quote v1.0.33
[INFO] [stderr]    Compiling siphasher v0.3.11
[INFO] [stderr]    Compiling base64 v0.21.4
[INFO] [stderr]    Compiling httparse v1.8.0
[INFO] [stderr]    Compiling fallible-iterator v0.2.0
[INFO] [stderr]    Compiling syn v2.0.37
[INFO] [stderr]    Compiling phf_shared v0.11.2
[INFO] [stderr]    Compiling regex-syntax v0.6.29
[INFO] [stderr]    Compiling socket2 v0.5.4
[INFO] [stderr]    Compiling getrandom v0.2.10
[INFO] [stderr]    Compiling signal-hook-registry v1.4.1
[INFO] [stderr]    Compiling mio v0.8.8
[INFO] [stderr]    Compiling num_cpus v1.16.0
[INFO] [stderr]    Compiling parking_lot v0.12.1
[INFO] [stderr]    Compiling rand_core v0.6.4
[INFO] [stderr]    Compiling unicode-normalization v0.1.22
[INFO] [stderr]    Compiling rand_chacha v0.3.1
[INFO] [stderr]    Compiling http-body v0.4.5
[INFO] [stderr]    Compiling axum-core v0.3.4
[INFO] [stderr]    Compiling tower-layer v0.3.2
[INFO] [stderr]    Compiling rand v0.8.5
[INFO] [stderr]    Compiling lazy_static v1.4.0
[INFO] [stderr]    Compiling ryu v1.0.15
[INFO] [stderr]    Compiling iana-time-zone v0.1.57
[INFO] [stderr]    Compiling regex-syntax v0.7.5
[INFO] [stderr]    Compiling serde_json v1.0.107
[INFO] [stderr]    Compiling try-lock v0.2.4
[INFO] [stderr]    Compiling axum v0.6.20
[INFO] [stderr]    Compiling stringprep v0.1.4
[INFO] [stderr]    Compiling want v0.3.1
[INFO] [stderr]    Compiling phf v0.11.2
[INFO] [stderr]    Compiling crypto-common v0.1.6
[INFO] [stderr]    Compiling block-buffer v0.10.4
[INFO] [stderr]    Compiling socket2 v0.4.9
[INFO] [stderr]    Compiling form_urlencoded v1.2.0
[INFO] [stderr]    Compiling mime v0.3.17
[INFO] [stderr]    Compiling heck v0.4.1
[INFO] [stderr]    Compiling bitflags v2.4.0
[INFO] [stderr]    Compiling digest v0.10.7
[INFO] [stderr]    Compiling httpdate v1.0.3
[INFO] [stderr]    Compiling overload v0.1.1
[INFO] [stderr]    Compiling anyhow v1.0.75
[INFO] [stderr]    Compiling whoami v1.4.1
[INFO] [stderr]    Compiling nu-ansi-term v0.46.0
[INFO] [stderr]    Compiling tracing-log v0.1.3
[INFO] [stderr]    Compiling sharded-slab v0.1.4
[INFO] [stderr]    Compiling hmac v0.12.1
[INFO] [stderr]    Compiling md-5 v0.10.5
[INFO] [stderr]    Compiling sha2 v0.10.7
[INFO] [stderr]    Compiling scoped-futures v0.1.3
[INFO] [stderr]    Compiling thread_local v1.1.7
[INFO] [stderr]    Compiling bitflags v1.3.2
[INFO] [stderr]    Compiling matchit v0.7.2
[INFO] [stderr]    Compiling sync_wrapper v0.1.2
[INFO] [stderr]    Compiling uuid v1.4.1
[INFO] [stderr]    Compiling postgres-protocol v0.6.6
[INFO] [stderr]    Compiling regex-automata v0.1.10
[INFO] [stderr]    Compiling postgres-types v0.2.6
[INFO] [stderr]    Compiling regex-automata v0.3.8
[INFO] [stderr]    Compiling matchers v0.1.0
[INFO] [stderr]    Compiling diesel_table_macro_syntax v0.1.0
[INFO] [stderr]    Compiling regex v1.9.5
[INFO] [stderr]    Compiling futures-macro v0.3.28
[INFO] [stderr]    Compiling tracing-attributes v0.1.26
[INFO] [stderr]    Compiling tokio-macros v2.1.0
[INFO] [stderr]    Compiling serde_derive v1.0.188
[INFO] [stderr]    Compiling pin-project-internal v1.1.3
[INFO] [stderr]    Compiling diesel_derives v2.1.1
[INFO] [stderr]    Compiling axum-macros v0.3.8
[INFO] [stderr]    Compiling tokio v1.32.0
[INFO] [stderr]    Compiling pin-project v1.1.3
[INFO] [stderr]    Compiling tracing v0.1.37
[INFO] [stderr]    Compiling tracing-subscriber v0.3.17
[INFO] [stderr]    Compiling tokio-util v0.7.8
[INFO] [stderr]    Compiling bb8 v0.8.1
[INFO] [stderr]    Compiling hyper v0.14.27
[INFO] [stderr]    Compiling tower v0.4.13
[INFO] [stderr]    Compiling tokio-postgres v0.7.10
[INFO] [stderr]    Compiling chrono v0.4.31
[INFO] [stderr]    Compiling serde_urlencoded v0.7.1
[INFO] [stderr]    Compiling serde_path_to_error v0.1.14
[INFO] [stderr]    Compiling diesel v2.1.1
[INFO] [stderr]    Compiling diesel-async v0.4.1
[INFO] [stderr]    Compiling rust_axum v0.1.0 (/opt/rustwide/workdir)
[INFO] [stdout] warning: unused imports: `self`, `self`
[INFO] [stdout]  --> src/middlewares/auth.rs:2:12
[INFO] [stdout]   |
[INFO] [stdout] 2 |     http::{self, Request},
[INFO] [stdout]   |            ^^^^
[INFO] [stdout] 3 |     middleware::{self, Next},
[INFO] [stdout]   |                  ^^^^
[INFO] [stdout]   |
[INFO] [stdout]   = note: `#[warn(unused_imports)]` on by default
[INFO] [stdout] 
[INFO] [stdout] 
[INFO] [stdout] warning: unused import: `result::Error`
[INFO] [stdout]  --> src/repositories/users.rs:2:14
[INFO] [stdout]   |
[INFO] [stdout] 2 | use diesel::{result::Error, QueryResult};
[INFO] [stdout]   |              ^^^^^^^^^^^^^
[INFO] [stdout] 
[INFO] [stdout] 
[INFO] [stdout] warning: unused import: `Pool`
[INFO] [stdout]  --> src/repositories/users.rs:6:11
[INFO] [stdout]   |
[INFO] [stdout] 6 | use bb8::{Pool, PooledConnection};
[INFO] [stdout]   |           ^^^^
[INFO] [stdout] 
[INFO] [stdout] 
[INFO] [stdout] warning: unused import: `diesel_async::AsyncPgConnection`
[INFO] [stdout]  --> src/routes/users.rs:6:5
[INFO] [stdout]   |
[INFO] [stdout] 6 | use diesel_async::AsyncPgConnection;
[INFO] [stdout]   |     ^^^^^^^^^^^^^^^^^^^^^^^^^^^^^^^
[INFO] [stdout] 
[INFO] [stdout] 
[INFO] [stdout] warning: unused import: `User`
[INFO] [stdout]   --> src/routes/users.rs:10:29
[INFO] [stdout]    |
[INFO] [stdout] 10 |     models::user::{NewUser, User},
[INFO] [stdout]    |                             ^^^^
[INFO] [stdout] 
[INFO] [stdout] 
[INFO] [stdout] warning: unused imports: `extract::State`, `middleware::FromExtractor`
[INFO] [stdout]  --> src/routes/mod.rs:6:5
[INFO] [stdout]   |
[INFO] [stdout] 6 |     extract::State,
[INFO] [stdout]   |     ^^^^^^^^^^^^^^
[INFO] [stdout] 7 |     middleware::FromExtractor,
[INFO] [stdout]   |     ^^^^^^^^^^^^^^^^^^^^^^^^^
[INFO] [stdout] 
[INFO] [stdout] 
[INFO] [stdout] warning: unused import: `Extension`
[INFO] [stdout]  --> src/main.rs:7:54
[INFO] [stdout]   |
[INFO] [stdout] 7 | use axum::{extract::State, middleware, routing::get, Extension, Router};
[INFO] [stdout]   |                                                      ^^^^^^^^^
[INFO] [stdout] 
[INFO] [stdout] 
[INFO] [stdout] warning: associated function `update` is never used
[INFO] [stdout]   --> src/repositories/users.rs:42:18
[INFO] [stdout]    |
[INFO] [stdout] 16 | impl UsersRepository {
[INFO] [stdout]    | -------------------- associated function in this implementation
[INFO] [stdout] ...
[INFO] [stdout] 42 |     pub async fn update(
[INFO] [stdout]    |                  ^^^^^^
[INFO] [stdout]    |
[INFO] [stdout]    = note: `#[warn(dead_code)]` on by default
[INFO] [stdout] 
[INFO] [stdout] 
[INFO] [stdout] warning: 8 warnings emitted
[INFO] [stdout] 
[INFO] [stdout] 
[INFO] [stderr]     Finished dev [unoptimized + debuginfo] target(s) in 27.26s
[INFO] running `Command { std: "docker" "inspect" "5b495a80f99ad107ca8e1cc3bc47fb0def2c94dc7d44258c5a7b19870c8956a0", kill_on_drop: false }`
[INFO] running `Command { std: "docker" "rm" "-f" "5b495a80f99ad107ca8e1cc3bc47fb0def2c94dc7d44258c5a7b19870c8956a0", kill_on_drop: false }`
[INFO] [stdout] 5b495a80f99ad107ca8e1cc3bc47fb0def2c94dc7d44258c5a7b19870c8956a0
[INFO] running `Command { std: "docker" "create" "-v" "/var/lib/crater-agent-workspace/builds/worker-3-tc1/target:/opt/rustwide/target:rw,Z" "-v" "/var/lib/crater-agent-workspace/builds/worker-3-tc1/source:/opt/rustwide/workdir:ro,Z" "-v" "/var/lib/crater-agent-workspace/cargo-home:/opt/rustwide/cargo-home:ro,Z" "-v" "/var/lib/crater-agent-workspace/rustup-home:/opt/rustwide/rustup-home:ro,Z" "-e" "SOURCE_DIR=/opt/rustwide/workdir" "-e" "CARGO_TARGET_DIR=/opt/rustwide/target" "-e" "CARGO_INCREMENTAL=0" "-e" "RUST_BACKTRACE=full" "-e" "RUSTFLAGS=--cap-lints=warn" "-e" "RUSTDOCFLAGS=--cap-lints=warn" "-e" "CARGO_HOME=/opt/rustwide/cargo-home" "-e" "RUSTUP_HOME=/opt/rustwide/rustup-home" "-w" "/opt/rustwide/workdir" "-m" "1610612736" "--user" "0:0" "--network" "none" "ghcr.io/rust-lang/crates-build-env/linux@sha256:2788e3201cd34a07e3172128adcd8b3090168a8e3bcc40d7c032b9dda1df7d1c" "/opt/rustwide/cargo-home/bin/cargo" "+1.75.0" "test" "--frozen" "--no-run" "--message-format=json", kill_on_drop: false }`
[INFO] [stdout] bd6dfa6c0cd6c4749b315fc8658e7abcde83eefa6c8c19f3b8d333e56b247739
[INFO] running `Command { std: "docker" "start" "-a" "bd6dfa6c0cd6c4749b315fc8658e7abcde83eefa6c8c19f3b8d333e56b247739", kill_on_drop: false }`
[INFO] [stderr]    Compiling futures-util v0.3.28
[INFO] [stderr]    Compiling libc v0.2.148
[INFO] [stderr]    Compiling futures-io v0.3.28
[INFO] [stderr]    Compiling pkg-config v0.3.27
[INFO] [stderr]    Compiling vcpkg v0.2.15
[INFO] [stderr]    Compiling indexmap v1.9.3
[INFO] [stderr]    Compiling hashbrown v0.12.3
[INFO] [stderr]    Compiling openssl v0.10.57
[INFO] [stderr]    Compiling foreign-types-shared v0.1.1
[INFO] [stderr]    Compiling openssl-macros v0.1.1
[INFO] [stderr]    Compiling native-tls v0.2.11
[INFO] [stderr]    Compiling openssl-probe v0.1.5
[INFO] [stderr]    Compiling idna v0.4.0
[INFO] [stderr]    Compiling encoding_rs v0.8.33
[INFO] [stderr]    Compiling ipnet v2.8.0
[INFO] [stderr]    Compiling foreign-types v0.3.2
[INFO] [stderr]    Compiling url v2.4.1
[INFO] [stderr]    Compiling cc v1.0.83
[INFO] [stderr]    Compiling openssl-sys v0.9.93
[INFO] [stderr]    Compiling h2 v0.3.21
[INFO] [stderr]    Compiling tower v0.4.13
[INFO] [stderr]    Compiling tokio-postgres v0.7.10
[INFO] [stderr]    Compiling bb8 v0.8.1
[INFO] [stderr]    Compiling axum-core v0.3.4
[INFO] [stderr]    Compiling diesel-async v0.4.1
[INFO] [stderr]    Compiling tokio-native-tls v0.3.1
[INFO] [stderr]    Compiling hyper v0.14.27
[INFO] [stderr]    Compiling axum v0.6.20
[INFO] [stderr]    Compiling hyper-tls v0.5.0
[INFO] [stderr]    Compiling reqwest v0.11.22
[INFO] [stderr]    Compiling rust_axum v0.1.0 (/opt/rustwide/workdir)
[INFO] [stdout] warning: unused import: `json`
[INFO] [stdout]  --> tests/users.rs:2:18
[INFO] [stdout]   |
[INFO] [stdout] 2 | use serde_json::{json, Value};
[INFO] [stdout]   |                  ^^^^
[INFO] [stdout]   |
[INFO] [stdout]   = note: `#[warn(unused_imports)]` on by default
[INFO] [stdout] 
[INFO] [stdout] 
[INFO] [stdout] warning: function `create_counter` is never used
[INFO] [stdout]  --> tests/common/mod.rs:7:4
[INFO] [stdout]   |
[INFO] [stdout] 7 | fn create_counter() -> impl FnMut() -> i32 {
[INFO] [stdout]   |    ^^^^^^^^^^^^^^
[INFO] [stdout]   |
[INFO] [stdout]   = note: `#[warn(dead_code)]` on by default
[INFO] [stdout] 
[INFO] [stdout] 
[INFO] [stdout] warning: unused imports: `self`, `self`
[INFO] [stdout]  --> src/middlewares/auth.rs:2:12
[INFO] [stdout]   |
[INFO] [stdout] 2 |     http::{self, Request},
[INFO] [stdout]   |            ^^^^
[INFO] [stdout] 3 |     middleware::{self, Next},
[INFO] [stdout]   |                  ^^^^
[INFO] [stdout]   |
[INFO] [stdout]   = note: `#[warn(unused_imports)]` on by default
[INFO] [stdout] 
[INFO] [stdout] 
[INFO] [stdout] warning: unused imports: `self`, `self`
[INFO] [stdout]  --> src/middlewares/auth.rs:2:12
[INFO] [stdout]   |
[INFO] [stdout] 2 |     http::{self, Request},
[INFO] [stdout]   |            ^^^^
[INFO] [stdout] 3 |     middleware::{self, Next},
[INFO] [stdout]   |                  ^^^^
[INFO] [stdout]   |
[INFO] [stdout]   = note: `#[warn(unused_imports)]` on by default
[INFO] [stdout] 
[INFO] [stdout] 
[INFO] [stdout] warning: unused import: `result::Error`
[INFO] [stdout]  --> src/repositories/users.rs:2:14
[INFO] [stdout]   |
[INFO] [stdout] 2 | use diesel::{result::Error, QueryResult};
[INFO] [stdout]   |              ^^^^^^^^^^^^^
[INFO] [stdout] 
[INFO] [stdout] 
[INFO] [stdout] warning: unused import: `result::Error`
[INFO] [stdout]  --> src/repositories/users.rs:2:14
[INFO] [stdout]   |
[INFO] [stdout] 2 | use diesel::{result::Error, QueryResult};
[INFO] [stdout]   |              ^^^^^^^^^^^^^
[INFO] [stdout] 
[INFO] [stdout] 
[INFO] [stdout] warning: unused import: `Pool`
[INFO] [stdout]  --> src/repositories/users.rs:6:11
[INFO] [stdout]   |
[INFO] [stdout] 6 | use bb8::{Pool, PooledConnection};
[INFO] [stdout]   |           ^^^^
[INFO] [stdout] 
[INFO] [stdout] 
[INFO] [stdout] warning: unused import: `Pool`
[INFO] [stdout]  --> src/repositories/users.rs:6:11
[INFO] [stdout]   |
[INFO] [stdout] 6 | use bb8::{Pool, PooledConnection};
[INFO] [stdout]   |           ^^^^
[INFO] [stdout] 
[INFO] [stdout] 
[INFO] [stdout] warning: unused import: `diesel_async::AsyncPgConnection`
[INFO] [stdout]  --> src/routes/users.rs:6:5
[INFO] [stdout]   |
[INFO] [stdout] 6 | use diesel_async::AsyncPgConnection;
[INFO] [stdout]   |     ^^^^^^^^^^^^^^^^^^^^^^^^^^^^^^^
[INFO] [stdout] 
[INFO] [stdout] 
[INFO] [stdout] warning: unused import: `diesel_async::AsyncPgConnection`
[INFO] [stdout]  --> src/routes/users.rs:6:5
[INFO] [stdout]   |
[INFO] [stdout] 6 | use diesel_async::AsyncPgConnection;
[INFO] [stdout]   |     ^^^^^^^^^^^^^^^^^^^^^^^^^^^^^^^
[INFO] [stdout] 
[INFO] [stdout] 
[INFO] [stdout] warning: unused import: `User`
[INFO] [stdout]   --> src/routes/users.rs:10:29
[INFO] [stdout]    |
[INFO] [stdout] 10 |     models::user::{NewUser, User},
[INFO] [stdout]    |                             ^^^^
[INFO] [stdout] 
[INFO] [stdout] 
[INFO] [stdout] warning: unused import: `User`
[INFO] [stdout]   --> src/routes/users.rs:10:29
[INFO] [stdout]    |
[INFO] [stdout] 10 |     models::user::{NewUser, User},
[INFO] [stdout]    |                             ^^^^
[INFO] [stdout] 
[INFO] [stdout] 
[INFO] [stdout] warning: unused imports: `extract::State`, `middleware::FromExtractor`
[INFO] [stdout]  --> src/routes/mod.rs:6:5
[INFO] [stdout]   |
[INFO] [stdout] 6 |     extract::State,
[INFO] [stdout]   |     ^^^^^^^^^^^^^^
[INFO] [stdout] 7 |     middleware::FromExtractor,
[INFO] [stdout]   |     ^^^^^^^^^^^^^^^^^^^^^^^^^
[INFO] [stdout] 
[INFO] [stdout] 
[INFO] [stdout] warning: unused imports: `extract::State`, `middleware::FromExtractor`
[INFO] [stdout]  --> src/routes/mod.rs:6:5
[INFO] [stdout]   |
[INFO] [stdout] 6 |     extract::State,
[INFO] [stdout]   |     ^^^^^^^^^^^^^^
[INFO] [stdout] 7 |     middleware::FromExtractor,
[INFO] [stdout]   |     ^^^^^^^^^^^^^^^^^^^^^^^^^
[INFO] [stdout] 
[INFO] [stdout] 
[INFO] [stdout] warning: unused import: `Extension`
[INFO] [stdout]  --> src/main.rs:7:54
[INFO] [stdout]   |
[INFO] [stdout] 7 | use axum::{extract::State, middleware, routing::get, Extension, Router};
[INFO] [stdout]   |                                                      ^^^^^^^^^
[INFO] [stdout] 
[INFO] [stdout] 
[INFO] [stdout] warning: unused import: `Extension`
[INFO] [stdout]  --> src/main.rs:7:54
[INFO] [stdout]   |
[INFO] [stdout] 7 | use axum::{extract::State, middleware, routing::get, Extension, Router};
[INFO] [stdout]   |                                                      ^^^^^^^^^
[INFO] [stdout] 
[INFO] [stdout] 
[INFO] [stdout] warning: associated function `update` is never used
[INFO] [stdout]   --> src/repositories/users.rs:42:18
[INFO] [stdout]    |
[INFO] [stdout] 16 | impl UsersRepository {
[INFO] [stdout]    | -------------------- associated function in this implementation
[INFO] [stdout] ...
[INFO] [stdout] 42 |     pub async fn update(
[INFO] [stdout]    |                  ^^^^^^
[INFO] [stdout]    |
[INFO] [stdout]    = note: `#[warn(dead_code)]` on by default
[INFO] [stdout] 
[INFO] [stdout] 
[INFO] [stdout] warning: associated function `update` is never used
[INFO] [stdout]   --> src/repositories/users.rs:42:18
[INFO] [stdout]    |
[INFO] [stdout] 16 | impl UsersRepository {
[INFO] [stdout]    | -------------------- associated function in this implementation
[INFO] [stdout] ...
[INFO] [stdout] 42 |     pub async fn update(
[INFO] [stdout]    |                  ^^^^^^
[INFO] [stdout]    |
[INFO] [stdout]    = note: `#[warn(dead_code)]` on by default
[INFO] [stdout] 
[INFO] [stdout] 
[INFO] [stdout] warning: 8 warnings emitted
[INFO] [stdout] 
[INFO] [stdout] 
[INFO] [stdout] warning: 2 warnings emitted
[INFO] [stdout] 
[INFO] [stdout] 
[INFO] [stdout] warning: 8 warnings emitted
[INFO] [stdout] 
[INFO] [stdout] 
[INFO] [stderr]     Finished test [unoptimized + debuginfo] target(s) in 14.18s
[INFO] running `Command { std: "docker" "inspect" "bd6dfa6c0cd6c4749b315fc8658e7abcde83eefa6c8c19f3b8d333e56b247739", kill_on_drop: false }`
[INFO] running `Command { std: "docker" "rm" "-f" "bd6dfa6c0cd6c4749b315fc8658e7abcde83eefa6c8c19f3b8d333e56b247739", kill_on_drop: false }`
[INFO] [stdout] bd6dfa6c0cd6c4749b315fc8658e7abcde83eefa6c8c19f3b8d333e56b247739
[INFO] running `Command { std: "docker" "create" "-v" "/var/lib/crater-agent-workspace/builds/worker-3-tc1/target:/opt/rustwide/target:rw,Z" "-v" "/var/lib/crater-agent-workspace/builds/worker-3-tc1/source:/opt/rustwide/workdir:ro,Z" "-v" "/var/lib/crater-agent-workspace/cargo-home:/opt/rustwide/cargo-home:ro,Z" "-v" "/var/lib/crater-agent-workspace/rustup-home:/opt/rustwide/rustup-home:ro,Z" "-e" "SOURCE_DIR=/opt/rustwide/workdir" "-e" "CARGO_TARGET_DIR=/opt/rustwide/target" "-e" "CARGO_INCREMENTAL=0" "-e" "RUST_BACKTRACE=full" "-e" "RUSTFLAGS=--cap-lints=warn" "-e" "RUSTDOCFLAGS=--cap-lints=warn" "-e" "CARGO_HOME=/opt/rustwide/cargo-home" "-e" "RUSTUP_HOME=/opt/rustwide/rustup-home" "-w" "/opt/rustwide/workdir" "-m" "1610612736" "--user" "0:0" "--network" "none" "ghcr.io/rust-lang/crates-build-env/linux@sha256:2788e3201cd34a07e3172128adcd8b3090168a8e3bcc40d7c032b9dda1df7d1c" "/opt/rustwide/cargo-home/bin/cargo" "+1.75.0" "test" "--frozen", kill_on_drop: false }`
[INFO] [stdout] 5a388b4c427316c394a166aae053de173bba288da204f6f1d5b8abeb457d1470
[INFO] running `Command { std: "docker" "start" "-a" "5a388b4c427316c394a166aae053de173bba288da204f6f1d5b8abeb457d1470", kill_on_drop: false }`
[INFO] [stderr] warning: unused imports: `self`, `self`
[INFO] [stderr]  --> src/middlewares/auth.rs:2:12
[INFO] [stderr]   |
[INFO] [stderr] 2 |     http::{self, Request},
[INFO] [stderr]   |            ^^^^
[INFO] [stderr] 3 |     middleware::{self, Next},
[INFO] [stderr]   |                  ^^^^
[INFO] [stderr]   |
[INFO] [stderr]   = note: `#[warn(unused_imports)]` on by default
[INFO] [stderr] 
[INFO] [stderr] warning: unused import: `result::Error`
[INFO] [stderr]  --> src/repositories/users.rs:2:14
[INFO] [stderr]   |
[INFO] [stderr] 2 | use diesel::{result::Error, QueryResult};
[INFO] [stderr]   |              ^^^^^^^^^^^^^
[INFO] [stderr] 
[INFO] [stderr] warning: unused import: `Pool`
[INFO] [stderr]  --> src/repositories/users.rs:6:11
[INFO] [stderr]   |
[INFO] [stderr] 6 | use bb8::{Pool, PooledConnection};
[INFO] [stderr]   |           ^^^^
[INFO] [stderr] 
[INFO] [stderr] warning: unused import: `diesel_async::AsyncPgConnection`
[INFO] [stderr]  --> src/routes/users.rs:6:5
[INFO] [stderr]   |
[INFO] [stderr] 6 | use diesel_async::AsyncPgConnection;
[INFO] [stderr]   |     ^^^^^^^^^^^^^^^^^^^^^^^^^^^^^^^
[INFO] [stderr] 
[INFO] [stderr] warning: unused import: `User`
[INFO] [stderr]   --> src/routes/users.rs:10:29
[INFO] [stderr]    |
[INFO] [stderr] 10 |     models::user::{NewUser, User},
[INFO] [stderr]    |                             ^^^^
[INFO] [stderr] 
[INFO] [stderr] warning: unused imports: `extract::State`, `middleware::FromExtractor`
[INFO] [stderr]  --> src/routes/mod.rs:6:5
[INFO] [stderr]   |
[INFO] [stderr] 6 |     extract::State,
[INFO] [stderr]   |     ^^^^^^^^^^^^^^
[INFO] [stderr] 7 |     middleware::FromExtractor,
[INFO] [stderr]   |     ^^^^^^^^^^^^^^^^^^^^^^^^^
[INFO] [stderr] 
[INFO] [stderr] warning: unused import: `Extension`
[INFO] [stderr]  --> src/main.rs:7:54
[INFO] [stderr]   |
[INFO] [stderr] 7 | use axum::{extract::State, middleware, routing::get, Extension, Router};
[INFO] [stderr]   |                                                      ^^^^^^^^^
[INFO] [stderr] 
[INFO] [stderr] warning: associated function `update` is never used
[INFO] [stderr]   --> src/repositories/users.rs:42:18
[INFO] [stderr]    |
[INFO] [stderr] 16 | impl UsersRepository {
[INFO] [stderr]    | -------------------- associated function in this implementation
[INFO] [stderr] ...
[INFO] [stderr] 42 |     pub async fn update(
[INFO] [stderr]    |                  ^^^^^^
[INFO] [stderr]    |
[INFO] [stderr]    = note: `#[warn(dead_code)]` on by default
[INFO] [stderr] 
[INFO] [stderr] warning: `rust_axum` (bin "rust_axum") generated 8 warnings (run `cargo fix --bin "rust_axum"` to apply 7 suggestions)
[INFO] [stderr] warning: unused import: `json`
[INFO] [stderr]  --> tests/users.rs:2:18
[INFO] [stderr]   |
[INFO] [stderr] 2 | use serde_json::{json, Value};
[INFO] [stderr]   |                  ^^^^
[INFO] [stderr]   |
[INFO] [stderr]   = note: `#[warn(unused_imports)]` on by default
[INFO] [stderr] 
[INFO] [stderr] warning: function `create_counter` is never used
[INFO] [stderr]  --> tests/common/mod.rs:7:4
[INFO] [stderr]   |
[INFO] [stderr] 7 | fn create_counter() -> impl FnMut() -> i32 {
[INFO] [stderr]   |    ^^^^^^^^^^^^^^
[INFO] [stderr]   |
[INFO] [stderr]   = note: `#[warn(dead_code)]` on by default
[INFO] [stderr] 
[INFO] [stderr] warning: `rust_axum` (test "users") generated 2 warnings (run `cargo fix --test "users"` to apply 1 suggestion)
[INFO] [stderr] warning: `rust_axum` (bin "rust_axum" test) generated 8 warnings (8 duplicates)
[INFO] [stderr]     Finished test [unoptimized + debuginfo] target(s) in 0.09s
[INFO] [stderr]      Running unittests src/main.rs (/opt/rustwide/target/debug/deps/rust_axum-07c9d7422e06f2a0)
[INFO] [stdout] 
[INFO] [stdout] running 0 tests
[INFO] [stdout] 
[INFO] [stdout] test result: ok. 0 passed; 0 failed; 0 ignored; 0 measured; 0 filtered out; finished in 0.00s
[INFO] [stdout] 
[INFO] [stderr]      Running tests/users.rs (/opt/rustwide/target/debug/deps/users-78a2ab19f223098b)
[INFO] [stdout] 
[INFO] [stdout] running 1 test
[INFO] [stdout] test test_get_users ... FAILED
[INFO] [stdout] 
[INFO] [stdout] failures:
[INFO] [stdout] 
[INFO] [stdout] ---- test_get_users stdout ----
[INFO] [stdout] thread 'test_get_users' panicked at tests/common/mod.rs:27:10:
[INFO] [stdout] called `Result::unwrap()` on an `Err` value: reqwest::Error { kind: Request, url: Url { scheme: "http", cannot_be_a_base: false, username: "", password: None, host: Some(Ipv4(127.0.0.1)), port: Some(5005), path: "/users", query: None, fragment: None }, source: hyper::Error(Connect, ConnectError("tcp connect error", Os { code: 111, kind: ConnectionRefused, message: "Connection refused" })) }
[INFO] [stdout] stack backtrace:
[INFO] [stdout]    0:     0x56204ac1bf3c - std::backtrace_rs::backtrace::libunwind::trace::ha637c64ce894333a
[INFO] [stdout]                                at /rustc/82e1608dfa6e0b5569232559e3d385fea5a93112/library/std/src/../../backtrace/src/backtrace/libunwind.rs:104:5
[INFO] [stdout]    1:     0x56204ac1bf3c - std::backtrace_rs::backtrace::trace_unsynchronized::h47f62dea28e0c88d
[INFO] [stdout]                                at /rustc/82e1608dfa6e0b5569232559e3d385fea5a93112/library/std/src/../../backtrace/src/backtrace/mod.rs:66:5
[INFO] [stdout]    2:     0x56204ac1bf3c - std::sys_common::backtrace::_print_fmt::h9eef0abe20ede486
[INFO] [stdout]                                at /rustc/82e1608dfa6e0b5569232559e3d385fea5a93112/library/std/src/sys_common/backtrace.rs:67:5
[INFO] [stdout]    3:     0x56204ac1bf3c - <std::sys_common::backtrace::_print::DisplayBacktrace as core::fmt::Display>::fmt::hed7f999df88cc644
[INFO] [stdout]                                at /rustc/82e1608dfa6e0b5569232559e3d385fea5a93112/library/std/src/sys_common/backtrace.rs:44:22
[INFO] [stdout]    4:     0x56204ac48f40 - core::fmt::rt::Argument::fmt::h1539a9308b8d058d
[INFO] [stdout]                                at /rustc/82e1608dfa6e0b5569232559e3d385fea5a93112/library/core/src/fmt/rt.rs:142:9
[INFO] [stdout]    5:     0x56204ac48f40 - core::fmt::write::h3a39390d8560d9c9
[INFO] [stdout]                                at /rustc/82e1608dfa6e0b5569232559e3d385fea5a93112/library/core/src/fmt/mod.rs:1120:17
[INFO] [stdout]    6:     0x56204ac18e2f - std::io::Write::write_fmt::h040b369f3a0f9cbc
[INFO] [stdout]                                at /rustc/82e1608dfa6e0b5569232559e3d385fea5a93112/library/std/src/io/mod.rs:1762:15
[INFO] [stdout]    7:     0x56204ac1bd24 - std::sys_common::backtrace::_print::h894006fb5c6f3d45
[INFO] [stdout]                                at /rustc/82e1608dfa6e0b5569232559e3d385fea5a93112/library/std/src/sys_common/backtrace.rs:47:5
[INFO] [stdout]    8:     0x56204ac1bd24 - std::sys_common::backtrace::print::h23a2d212c6fff936
[INFO] [stdout]                                at /rustc/82e1608dfa6e0b5569232559e3d385fea5a93112/library/std/src/sys_common/backtrace.rs:34:9
[INFO] [stdout]    9:     0x56204ac1d9e7 - std::panicking::default_hook::{{closure}}::h8a1d2ee00185001a
[INFO] [stdout]   10:     0x56204ac1d6d3 - std::panicking::default_hook::h6038f2eba384e475
[INFO] [stdout]                                at /rustc/82e1608dfa6e0b5569232559e3d385fea5a93112/library/std/src/panicking.rs:289:9
[INFO] [stdout]   11:     0x56204a6c3e87 - <alloc::boxed::Box<F,A> as core::ops::function::Fn<Args>>::call::h0ad024c9bdc6d768
[INFO] [stdout]                                at /rustc/82e1608dfa6e0b5569232559e3d385fea5a93112/library/alloc/src/boxed.rs:2021:9
[INFO] [stdout]   12:     0x56204a6c3e87 - test::test_main::{{closure}}::h7500b54257359db6
[INFO] [stdout]                                at /rustc/82e1608dfa6e0b5569232559e3d385fea5a93112/library/test/src/lib.rs:138:21
[INFO] [stdout]   13:     0x56204ac1dff8 - <alloc::boxed::Box<F,A> as core::ops::function::Fn<Args>>::call::h1f8f335eaa9cfaee
[INFO] [stdout]                                at /rustc/82e1608dfa6e0b5569232559e3d385fea5a93112/library/alloc/src/boxed.rs:2021:9
[INFO] [stdout]   14:     0x56204ac1dff8 - std::panicking::rust_panic_with_hook::h2b5517d590cab22e
[INFO] [stdout]                                at /rustc/82e1608dfa6e0b5569232559e3d385fea5a93112/library/std/src/panicking.rs:783:13
[INFO] [stdout]   15:     0x56204ac1dd4e - std::panicking::begin_panic_handler::{{closure}}::h233112c06e0ef43e
[INFO] [stdout]                                at /rustc/82e1608dfa6e0b5569232559e3d385fea5a93112/library/std/src/panicking.rs:657:13
[INFO] [stdout]   16:     0x56204ac1c406 - std::sys_common::backtrace::__rust_end_short_backtrace::h6e893f24d7ebbff8
[INFO] [stdout]                                at /rustc/82e1608dfa6e0b5569232559e3d385fea5a93112/library/std/src/sys_common/backtrace.rs:170:18
[INFO] [stdout]   17:     0x56204ac1dab2 - rust_begin_unwind
[INFO] [stdout]                                at /rustc/82e1608dfa6e0b5569232559e3d385fea5a93112/library/std/src/panicking.rs:645:5
[INFO] [stdout]   18:     0x56204a681605 - core::panicking::panic_fmt::hbf0e066aabfa482c
[INFO] [stdout]                                at /rustc/82e1608dfa6e0b5569232559e3d385fea5a93112/library/core/src/panicking.rs:72:14
[INFO] [stdout]   19:     0x56204a681c33 - core::result::unwrap_failed::hddb4fea594200c52
[INFO] [stdout]                                at /rustc/82e1608dfa6e0b5569232559e3d385fea5a93112/library/core/src/result.rs:1653:5
[INFO] [stdout]   20:     0x56204a68555d - core::result::Result<T,E>::unwrap::hbd2f3eee8bd5406c
[INFO] [stdout]                                at /rustc/82e1608dfa6e0b5569232559e3d385fea5a93112/library/core/src/result.rs:1077:23
[INFO] [stdout]   21:     0x56204a68ad2c - users::common::create_test_user::h6120bab5bfdf22d8
[INFO] [stdout]                                at /opt/rustwide/workdir/tests/common/mod.rs:20:15
[INFO] [stdout]   22:     0x56204a68fddd - users::test_get_users::h7ec0067bb4d70442
[INFO] [stdout]                                at /opt/rustwide/workdir/tests/users.rs:11:17
[INFO] [stdout]   23:     0x56204a68fd77 - users::test_get_users::{{closure}}::h9de692f42925fb0c
[INFO] [stdout]                                at /opt/rustwide/workdir/tests/users.rs:8:20
[INFO] [stdout]   24:     0x56204a68d766 - core::ops::function::FnOnce::call_once::h5b184ea73b8afc7d
[INFO] [stdout]                                at /rustc/82e1608dfa6e0b5569232559e3d385fea5a93112/library/core/src/ops/function.rs:250:5
[INFO] [stdout]   25:     0x56204a6c94df - core::ops::function::FnOnce::call_once::h2b5d431d5046312d
[INFO] [stdout]                                at /rustc/82e1608dfa6e0b5569232559e3d385fea5a93112/library/core/src/ops/function.rs:250:5
[INFO] [stdout]   26:     0x56204a6c94df - test::__rust_begin_short_backtrace::h7714669af176e207
[INFO] [stdout]                                at /rustc/82e1608dfa6e0b5569232559e3d385fea5a93112/library/test/src/lib.rs:628:18
[INFO] [stdout]   27:     0x56204a6c84f5 - test::run_test_in_process::{{closure}}::h85218797dcbcec12
[INFO] [stdout]                                at /rustc/82e1608dfa6e0b5569232559e3d385fea5a93112/library/test/src/lib.rs:651:60
[INFO] [stdout]   28:     0x56204a6c84f5 - <core::panic::unwind_safe::AssertUnwindSafe<F> as core::ops::function::FnOnce<()>>::call_once::h76c106ea31c14d7b
[INFO] [stdout]                                at /rustc/82e1608dfa6e0b5569232559e3d385fea5a93112/library/core/src/panic/unwind_safe.rs:272:9
[INFO] [stdout]   29:     0x56204a6c84f5 - std::panicking::try::do_call::h3bd5d0f6620ee946
[INFO] [stdout]                                at /rustc/82e1608dfa6e0b5569232559e3d385fea5a93112/library/std/src/panicking.rs:552:40
[INFO] [stdout]   30:     0x56204a6c84f5 - std::panicking::try::h232e535e4744fe31
[INFO] [stdout]                                at /rustc/82e1608dfa6e0b5569232559e3d385fea5a93112/library/std/src/panicking.rs:516:19
[INFO] [stdout]   31:     0x56204a6c84f5 - std::panic::catch_unwind::h3ce3bd6ca8dbac68
[INFO] [stdout]                                at /rustc/82e1608dfa6e0b5569232559e3d385fea5a93112/library/std/src/panic.rs:142:14
[INFO] [stdout]   32:     0x56204a6c84f5 - test::run_test_in_process::hc97b257c9621286a
[INFO] [stdout]                                at /rustc/82e1608dfa6e0b5569232559e3d385fea5a93112/library/test/src/lib.rs:651:27
[INFO] [stdout]   33:     0x56204a6c84f5 - test::run_test::{{closure}}::h2aa798823a438d38
[INFO] [stdout]                                at /rustc/82e1608dfa6e0b5569232559e3d385fea5a93112/library/test/src/lib.rs:574:43
[INFO] [stdout]   34:     0x56204a6907b6 - test::run_test::{{closure}}::h87d231c78fb59832
[INFO] [stdout]                                at /rustc/82e1608dfa6e0b5569232559e3d385fea5a93112/library/test/src/lib.rs:602:41
[INFO] [stdout]   35:     0x56204a6907b6 - std::sys_common::backtrace::__rust_begin_short_backtrace::he6df152596625789
[INFO] [stdout]                                at /rustc/82e1608dfa6e0b5569232559e3d385fea5a93112/library/std/src/sys_common/backtrace.rs:154:18
[INFO] [stdout]   36:     0x56204a695867 - std::thread::Builder::spawn_unchecked_::{{closure}}::{{closure}}::ha94be15d1e0acf36
[INFO] [stdout]                                at /rustc/82e1608dfa6e0b5569232559e3d385fea5a93112/library/std/src/thread/mod.rs:529:17
[INFO] [stdout]   37:     0x56204a695867 - <core::panic::unwind_safe::AssertUnwindSafe<F> as core::ops::function::FnOnce<()>>::call_once::h9dc6bd6372f16606
[INFO] [stdout]                                at /rustc/82e1608dfa6e0b5569232559e3d385fea5a93112/library/core/src/panic/unwind_safe.rs:272:9
[INFO] [stdout]   38:     0x56204a695867 - std::panicking::try::do_call::h9057517f80303cd4
[INFO] [stdout]                                at /rustc/82e1608dfa6e0b5569232559e3d385fea5a93112/library/std/src/panicking.rs:552:40
[INFO] [stdout]   39:     0x56204a695867 - std::panicking::try::he3a30b11ee45340c
[INFO] [stdout]                                at /rustc/82e1608dfa6e0b5569232559e3d385fea5a93112/library/std/src/panicking.rs:516:19
[INFO] [stdout]   40:     0x56204a695867 - std::panic::catch_unwind::h410458cfd3528b8b
[INFO] [stdout]                                at /rustc/82e1608dfa6e0b5569232559e3d385fea5a93112/library/std/src/panic.rs:142:14
[INFO] [stdout]   41:     0x56204a695867 - std::thread::Builder::spawn_unchecked_::{{closure}}::h72ac3bdb567b737b
[INFO] [stdout]                                at /rustc/82e1608dfa6e0b5569232559e3d385fea5a93112/library/std/src/thread/mod.rs:528:30
[INFO] [stdout]   42:     0x56204a695867 - core::ops::function::FnOnce::call_once{{vtable.shim}}::h38f34da3654a8344
[INFO] [stdout]                                at /rustc/82e1608dfa6e0b5569232559e3d385fea5a93112/library/core/src/ops/function.rs:250:5
[INFO] [stdout]   43:     0x56204ac22d15 - <alloc::boxed::Box<F,A> as core::ops::function::FnOnce<Args>>::call_once::hc7eafaff61e32df9
[INFO] [stdout]                                at /rustc/82e1608dfa6e0b5569232559e3d385fea5a93112/library/alloc/src/boxed.rs:2007:9
[INFO] [stdout]   44:     0x56204ac22d15 - <alloc::boxed::Box<F,A> as core::ops::function::FnOnce<Args>>::call_once::h6ba4a5de48dd2304
[INFO] [stdout]                                at /rustc/82e1608dfa6e0b5569232559e3d385fea5a93112/library/alloc/src/boxed.rs:2007:9
[INFO] [stdout]   45:     0x56204ac22d15 - std::sys::unix::thread::Thread::new::thread_start::he469335aef763e45
[INFO] [stdout]                                at /rustc/82e1608dfa6e0b5569232559e3d385fea5a93112/library/std/src/sys/unix/thread.rs:108:17
[INFO] [stdout]   46:     0x7fa4c7da3ac3 - <unknown>
[INFO] [stdout]   47:     0x7fa4c7e34bf4 - __clone
[INFO] [stdout]   48:                0x0 - <unknown>
[INFO] [stdout] 
[INFO] [stdout] 
[INFO] [stdout] failures:
[INFO] [stdout]     test_get_users
[INFO] [stdout] 
[INFO] [stdout] test result: FAILED. 0 passed; 1 failed; 0 ignored; 0 measured; 0 filtered out; finished in 0.08s
[INFO] [stdout] 
[INFO] [stderr] error: test failed, to rerun pass `--test users`
[INFO] running `Command { std: "docker" "inspect" "5a388b4c427316c394a166aae053de173bba288da204f6f1d5b8abeb457d1470", kill_on_drop: false }`
[INFO] running `Command { std: "docker" "rm" "-f" "5a388b4c427316c394a166aae053de173bba288da204f6f1d5b8abeb457d1470", kill_on_drop: false }`
[INFO] [stdout] 5a388b4c427316c394a166aae053de173bba288da204f6f1d5b8abeb457d1470
[INFO] testing armn3t/axum_v1 against beta-2023-12-22 for beta-1.76-1
[INFO] running `Command { std: "git" "clone" "/workspace/cache/git-repos/https%3A%2F%2Fgithub.com%2Farmn3t%2Faxum_v1" "/workspace/builds/worker-3-tc2/source", kill_on_drop: false }`
[INFO] [stderr] Cloning into '/workspace/builds/worker-3-tc2/source'...
[INFO] [stderr] done.
[INFO] validating manifest of git repo https://github.com/armn3t/axum_v1 on toolchain beta-2023-12-22
[INFO] running `Command { std: CARGO_HOME="/workspace/cargo-home" RUSTUP_HOME="/workspace/rustup-home" "/workspace/cargo-home/bin/cargo" "+beta-2023-12-22" "metadata" "--manifest-path" "Cargo.toml" "--no-deps", kill_on_drop: false }`
[INFO] started tweaking git repo https://github.com/armn3t/axum_v1
[INFO] finished tweaking git repo https://github.com/armn3t/axum_v1
[INFO] tweaked toml for git repo https://github.com/armn3t/axum_v1 written to /workspace/builds/worker-3-tc2/source/Cargo.toml
[INFO] crate git repo https://github.com/armn3t/axum_v1 already has a lockfile, it will not be regenerated
[INFO] running `Command { std: CARGO_HOME="/workspace/cargo-home" RUSTUP_HOME="/workspace/rustup-home" "/workspace/cargo-home/bin/cargo" "+beta-2023-12-22" "fetch" "--manifest-path" "Cargo.toml", kill_on_drop: false }`
[INFO] running `Command { std: "docker" "create" "-v" "/var/lib/crater-agent-workspace/builds/worker-3-tc2/target:/opt/rustwide/target:rw,Z" "-v" "/var/lib/crater-agent-workspace/builds/worker-3-tc2/source:/opt/rustwide/workdir:ro,Z" "-v" "/var/lib/crater-agent-workspace/cargo-home:/opt/rustwide/cargo-home:ro,Z" "-v" "/var/lib/crater-agent-workspace/rustup-home:/opt/rustwide/rustup-home:ro,Z" "-e" "SOURCE_DIR=/opt/rustwide/workdir" "-e" "CARGO_TARGET_DIR=/opt/rustwide/target" "-e" "CARGO_HOME=/opt/rustwide/cargo-home" "-e" "RUSTUP_HOME=/opt/rustwide/rustup-home" "-w" "/opt/rustwide/workdir" "-m" "1610612736" "--user" "0:0" "--network" "none" "ghcr.io/rust-lang/crates-build-env/linux@sha256:2788e3201cd34a07e3172128adcd8b3090168a8e3bcc40d7c032b9dda1df7d1c" "/opt/rustwide/cargo-home/bin/cargo" "+beta-2023-12-22" "metadata" "--no-deps" "--format-version=1", kill_on_drop: false }`
[INFO] [stdout] 4a153947be8daa7a47b45a9ae1566a4e48304465d420f4dad857147bc4a022ae
[INFO] running `Command { std: "docker" "start" "-a" "4a153947be8daa7a47b45a9ae1566a4e48304465d420f4dad857147bc4a022ae", kill_on_drop: false }`
[INFO] running `Command { std: "docker" "inspect" "4a153947be8daa7a47b45a9ae1566a4e48304465d420f4dad857147bc4a022ae", kill_on_drop: false }`
[INFO] running `Command { std: "docker" "rm" "-f" "4a153947be8daa7a47b45a9ae1566a4e48304465d420f4dad857147bc4a022ae", kill_on_drop: false }`
[INFO] [stdout] 4a153947be8daa7a47b45a9ae1566a4e48304465d420f4dad857147bc4a022ae
[INFO] running `Command { std: "docker" "create" "-v" "/var/lib/crater-agent-workspace/builds/worker-3-tc2/target:/opt/rustwide/target:rw,Z" "-v" "/var/lib/crater-agent-workspace/builds/worker-3-tc2/source:/opt/rustwide/workdir:ro,Z" "-v" "/var/lib/crater-agent-workspace/cargo-home:/opt/rustwide/cargo-home:ro,Z" "-v" "/var/lib/crater-agent-workspace/rustup-home:/opt/rustwide/rustup-home:ro,Z" "-e" "SOURCE_DIR=/opt/rustwide/workdir" "-e" "CARGO_TARGET_DIR=/opt/rustwide/target" "-e" "CARGO_INCREMENTAL=0" "-e" "RUST_BACKTRACE=full" "-e" "RUSTFLAGS=--cap-lints=warn" "-e" "RUSTDOCFLAGS=--cap-lints=warn" "-e" "CARGO_HOME=/opt/rustwide/cargo-home" "-e" "RUSTUP_HOME=/opt/rustwide/rustup-home" "-w" "/opt/rustwide/workdir" "-m" "1610612736" "--user" "0:0" "--network" "none" "ghcr.io/rust-lang/crates-build-env/linux@sha256:2788e3201cd34a07e3172128adcd8b3090168a8e3bcc40d7c032b9dda1df7d1c" "/opt/rustwide/cargo-home/bin/cargo" "+beta-2023-12-22" "build" "--frozen" "--message-format=json", kill_on_drop: false }`
[INFO] [stdout] d7aee65f2f2e6122281ae13b40e0ca85448de1f9a721b6efebd0fb39cab94b89
[INFO] running `Command { std: "docker" "start" "-a" "d7aee65f2f2e6122281ae13b40e0ca85448de1f9a721b6efebd0fb39cab94b89", kill_on_drop: false }`
[INFO] [stderr]    Compiling proc-macro2 v1.0.67
[INFO] [stderr]    Compiling unicode-ident v1.0.12
[INFO] [stderr]    Compiling libc v0.2.148
[INFO] [stderr]    Compiling autocfg v1.1.0
[INFO] [stderr]    Compiling cfg-if v1.0.0
[INFO] [stderr]    Compiling bytes v1.5.0
[INFO] [stderr]    Compiling pin-project-lite v0.2.13
[INFO] [stderr]    Compiling typenum v1.17.0
[INFO] [stderr]    Compiling version_check v0.9.4
[INFO] [stderr]    Compiling futures-core v0.3.28
[INFO] [stderr]    Compiling once_cell v1.18.0
[INFO] [stderr]    Compiling smallvec v1.11.0
[INFO] [stderr]    Compiling parking_lot_core v0.9.8
[INFO] [stderr]    Compiling itoa v1.0.9
[INFO] [stderr]    Compiling futures-task v0.3.28
[INFO] [stderr]    Compiling futures-sink v0.3.28
[INFO] [stderr]    Compiling futures-channel v0.3.28
[INFO] [stderr]    Compiling scopeguard v1.2.0
[INFO] [stderr]    Compiling pin-utils v0.1.0
[INFO] [stderr]    Compiling serde v1.0.188
[INFO] [stderr]    Compiling futures-util v0.3.28
[INFO] [stderr]    Compiling log v0.4.20
[INFO] [stderr]    Compiling tracing-core v0.1.31
[INFO] [stderr]    Compiling subtle v2.5.0
[INFO] [stderr]    Compiling rustversion v1.0.14
[INFO] [stderr]    Compiling tinyvec_macros v0.1.1
[INFO] [stderr]    Compiling async-trait v0.1.73
[INFO] [stderr]    Compiling tinyvec v1.6.0
[INFO] [stderr]    Compiling ppv-lite86 v0.2.17
[INFO] [stderr]    Compiling byteorder v1.4.3
[INFO] [stderr]    Compiling lock_api v0.4.10
[INFO] [stderr]    Compiling slab v0.4.9
[INFO] [stderr]    Compiling generic-array v0.14.7
[INFO] [stderr]    Compiling num-traits v0.2.16
[INFO] [stderr]    Compiling unicode-bidi v0.3.13
[INFO] [stderr]    Compiling finl_unicode v1.2.0
[INFO] [stderr]    Compiling percent-encoding v2.3.0
[INFO] [stderr]    Compiling memchr v2.6.3
[INFO] [stderr]    Compiling cpufeatures v0.2.9
[INFO] [stderr]    Compiling fnv v1.0.7
[INFO] [stderr]    Compiling fallible-iterator v0.2.0
[INFO] [stderr]    Compiling httparse v1.8.0
[INFO] [stderr]    Compiling http v0.2.9
[INFO] [stderr]    Compiling quote v1.0.33
[INFO] [stderr]    Compiling base64 v0.21.4
[INFO] [stderr]    Compiling tower-service v0.3.2
[INFO] [stderr]    Compiling siphasher v0.3.11
[INFO] [stderr]    Compiling try-lock v0.2.4
[INFO] [stderr]    Compiling syn v2.0.37
[INFO] [stderr]    Compiling regex-syntax v0.6.29
[INFO] [stderr]    Compiling serde_json v1.0.107
[INFO] [stderr]    Compiling phf_shared v0.11.2
[INFO] [stderr]    Compiling num_cpus v1.16.0
[INFO] [stderr]    Compiling socket2 v0.5.4
[INFO] [stderr]    Compiling getrandom v0.2.10
[INFO] [stderr]    Compiling signal-hook-registry v1.4.1
[INFO] [stderr]    Compiling mio v0.8.8
[INFO] [stderr]    Compiling unicode-normalization v0.1.22
[INFO] [stderr]    Compiling regex-syntax v0.7.5
[INFO] [stderr]    Compiling parking_lot v0.12.1
[INFO] [stderr]    Compiling rand_core v0.6.4
[INFO] [stderr]    Compiling iana-time-zone v0.1.57
[INFO] [stderr]    Compiling rand_chacha v0.3.1
[INFO] [stderr]    Compiling http-body v0.4.5
[INFO] [stderr]    Compiling axum-core v0.3.4
[INFO] [stderr]    Compiling rand v0.8.5
[INFO] [stderr]    Compiling stringprep v0.1.4
[INFO] [stderr]    Compiling ryu v1.0.15
[INFO] [stderr]    Compiling tower-layer v0.3.2
[INFO] [stderr]    Compiling lazy_static v1.4.0
[INFO] [stderr]    Compiling axum v0.6.20
[INFO] [stderr]    Compiling phf v0.11.2
[INFO] [stderr]    Compiling socket2 v0.4.9
[INFO] [stderr]    Compiling want v0.3.1
[INFO] [stderr]    Compiling form_urlencoded v1.2.0
[INFO] [stderr]    Compiling heck v0.4.1
[INFO] [stderr]    Compiling anyhow v1.0.75
[INFO] [stderr]    Compiling block-buffer v0.10.4
[INFO] [stderr]    Compiling crypto-common v0.1.6
[INFO] [stderr]    Compiling httpdate v1.0.3
[INFO] [stderr]    Compiling mime v0.3.17
[INFO] [stderr]    Compiling bitflags v2.4.0
[INFO] [stderr]    Compiling digest v0.10.7
[INFO] [stderr]    Compiling overload v0.1.1
[INFO] [stderr]    Compiling whoami v1.4.1
[INFO] [stderr]    Compiling nu-ansi-term v0.46.0
[INFO] [stderr]    Compiling sharded-slab v0.1.4
[INFO] [stderr]    Compiling tracing-log v0.1.3
[INFO] [stderr]    Compiling thread_local v1.1.7
[INFO] [stderr]    Compiling hmac v0.12.1
[INFO] [stderr]    Compiling md-5 v0.10.5
[INFO] [stderr]    Compiling sha2 v0.10.7
[INFO] [stderr]    Compiling scoped-futures v0.1.3
[INFO] [stderr]    Compiling matchit v0.7.2
[INFO] [stderr]    Compiling bitflags v1.3.2
[INFO] [stderr]    Compiling sync_wrapper v0.1.2
[INFO] [stderr]    Compiling uuid v1.4.1
[INFO] [stderr]    Compiling postgres-protocol v0.6.6
[INFO] [stderr]    Compiling regex-automata v0.3.8
[INFO] [stderr]    Compiling regex-automata v0.1.10
[INFO] [stderr]    Compiling postgres-types v0.2.6
[INFO] [stderr]    Compiling matchers v0.1.0
[INFO] [stderr]    Compiling regex v1.9.5
[INFO] [stderr]    Compiling diesel_table_macro_syntax v0.1.0
[INFO] [stderr]    Compiling tokio-macros v2.1.0
[INFO] [stderr]    Compiling tracing-attributes v0.1.26
[INFO] [stderr]    Compiling serde_derive v1.0.188
[INFO] [stderr]    Compiling futures-macro v0.3.28
[INFO] [stderr]    Compiling pin-project-internal v1.1.3
[INFO] [stderr]    Compiling diesel_derives v2.1.1
[INFO] [stderr]    Compiling axum-macros v0.3.8
[INFO] [stderr]    Compiling tokio v1.32.0
[INFO] [stderr]    Compiling pin-project v1.1.3
[INFO] [stderr]    Compiling tracing v0.1.37
[INFO] [stderr]    Compiling tracing-subscriber v0.3.17
[INFO] [stderr]    Compiling tokio-util v0.7.8
[INFO] [stderr]    Compiling tower v0.4.13
[INFO] [stderr]    Compiling bb8 v0.8.1
[INFO] [stderr]    Compiling hyper v0.14.27
[INFO] [stderr]    Compiling tokio-postgres v0.7.10
[INFO] [stderr]    Compiling chrono v0.4.31
[INFO] [stderr]    Compiling serde_urlencoded v0.7.1
[INFO] [stderr]    Compiling serde_path_to_error v0.1.14
[INFO] [stderr]    Compiling diesel v2.1.1
[INFO] [stderr]    Compiling diesel-async v0.4.1
[INFO] [stderr]    Compiling rust_axum v0.1.0 (/opt/rustwide/workdir)
[INFO] [stdout] warning: unused imports: `self`, `self`
[INFO] [stdout]  --> src/middlewares/auth.rs:2:12
[INFO] [stdout]   |
[INFO] [stdout] 2 |     http::{self, Request},
[INFO] [stdout]   |            ^^^^
[INFO] [stdout] 3 |     middleware::{self, Next},
[INFO] [stdout]   |                  ^^^^
[INFO] [stdout]   |
[INFO] [stdout]   = note: `#[warn(unused_imports)]` on by default
[INFO] [stdout] 
[INFO] [stdout] 
[INFO] [stdout] warning: unused import: `result::Error`
[INFO] [stdout]  --> src/repositories/users.rs:2:14
[INFO] [stdout]   |
[INFO] [stdout] 2 | use diesel::{result::Error, QueryResult};
[INFO] [stdout]   |              ^^^^^^^^^^^^^
[INFO] [stdout] 
[INFO] [stdout] 
[INFO] [stdout] warning: unused import: `Pool`
[INFO] [stdout]  --> src/repositories/users.rs:6:11
[INFO] [stdout]   |
[INFO] [stdout] 6 | use bb8::{Pool, PooledConnection};
[INFO] [stdout]   |           ^^^^
[INFO] [stdout] 
[INFO] [stdout] 
[INFO] [stdout] warning: unused import: `diesel_async::AsyncPgConnection`
[INFO] [stdout]  --> src/routes/users.rs:6:5
[INFO] [stdout]   |
[INFO] [stdout] 6 | use diesel_async::AsyncPgConnection;
[INFO] [stdout]   |     ^^^^^^^^^^^^^^^^^^^^^^^^^^^^^^^
[INFO] [stdout] 
[INFO] [stdout] 
[INFO] [stdout] warning: unused import: `User`
[INFO] [stdout]   --> src/routes/users.rs:10:29
[INFO] [stdout]    |
[INFO] [stdout] 10 |     models::user::{NewUser, User},
[INFO] [stdout]    |                             ^^^^
[INFO] [stdout] 
[INFO] [stdout] 
[INFO] [stdout] warning: unused imports: `extract::State`, `middleware::FromExtractor`
[INFO] [stdout]  --> src/routes/mod.rs:6:5
[INFO] [stdout]   |
[INFO] [stdout] 6 |     extract::State,
[INFO] [stdout]   |     ^^^^^^^^^^^^^^
[INFO] [stdout] 7 |     middleware::FromExtractor,
[INFO] [stdout]   |     ^^^^^^^^^^^^^^^^^^^^^^^^^
[INFO] [stdout] 
[INFO] [stdout] 
[INFO] [stdout] warning: unused import: `Extension`
[INFO] [stdout]  --> src/main.rs:7:54
[INFO] [stdout]   |
[INFO] [stdout] 7 | use axum::{extract::State, middleware, routing::get, Extension, Router};
[INFO] [stdout]   |                                                      ^^^^^^^^^
[INFO] [stdout] 
[INFO] [stdout] 
[INFO] [stdout] warning: associated function `update` is never used
[INFO] [stdout]   --> src/repositories/users.rs:42:18
[INFO] [stdout]    |
[INFO] [stdout] 16 | impl UsersRepository {
[INFO] [stdout]    | -------------------- associated function in this implementation
[INFO] [stdout] ...
[INFO] [stdout] 42 |     pub async fn update(
[INFO] [stdout]    |                  ^^^^^^
[INFO] [stdout]    |
[INFO] [stdout]    = note: `#[warn(dead_code)]` on by default
[INFO] [stdout] 
[INFO] [stdout] 
[INFO] [stdout] warning: 8 warnings emitted
[INFO] [stdout] 
[INFO] [stdout] 
[INFO] [stderr]     Finished dev [unoptimized + debuginfo] target(s) in 27.17s
[INFO] running `Command { std: "docker" "inspect" "d7aee65f2f2e6122281ae13b40e0ca85448de1f9a721b6efebd0fb39cab94b89", kill_on_drop: false }`
[INFO] running `Command { std: "docker" "rm" "-f" "d7aee65f2f2e6122281ae13b40e0ca85448de1f9a721b6efebd0fb39cab94b89", kill_on_drop: false }`
[INFO] [stdout] d7aee65f2f2e6122281ae13b40e0ca85448de1f9a721b6efebd0fb39cab94b89
[INFO] running `Command { std: "docker" "create" "-v" "/var/lib/crater-agent-workspace/builds/worker-3-tc2/target:/opt/rustwide/target:rw,Z" "-v" "/var/lib/crater-agent-workspace/builds/worker-3-tc2/source:/opt/rustwide/workdir:ro,Z" "-v" "/var/lib/crater-agent-workspace/cargo-home:/opt/rustwide/cargo-home:ro,Z" "-v" "/var/lib/crater-agent-workspace/rustup-home:/opt/rustwide/rustup-home:ro,Z" "-e" "SOURCE_DIR=/opt/rustwide/workdir" "-e" "CARGO_TARGET_DIR=/opt/rustwide/target" "-e" "CARGO_INCREMENTAL=0" "-e" "RUST_BACKTRACE=full" "-e" "RUSTFLAGS=--cap-lints=warn" "-e" "RUSTDOCFLAGS=--cap-lints=warn" "-e" "CARGO_HOME=/opt/rustwide/cargo-home" "-e" "RUSTUP_HOME=/opt/rustwide/rustup-home" "-w" "/opt/rustwide/workdir" "-m" "1610612736" "--user" "0:0" "--network" "none" "ghcr.io/rust-lang/crates-build-env/linux@sha256:2788e3201cd34a07e3172128adcd8b3090168a8e3bcc40d7c032b9dda1df7d1c" "/opt/rustwide/cargo-home/bin/cargo" "+beta-2023-12-22" "test" "--frozen" "--no-run" "--message-format=json", kill_on_drop: false }`
[INFO] [stdout] 23cc010a9a54643371837b9bf63ccb69222c900d9563c04e69783660384bf7c1
[INFO] running `Command { std: "docker" "start" "-a" "23cc010a9a54643371837b9bf63ccb69222c900d9563c04e69783660384bf7c1", kill_on_drop: false }`
[INFO] [stderr]    Compiling futures-util v0.3.28
[INFO] [stderr]    Compiling libc v0.2.148
[INFO] [stderr]    Compiling futures-io v0.3.28
[INFO] [stderr]    Compiling pkg-config v0.3.27
[INFO] [stderr]    Compiling vcpkg v0.2.15
[INFO] [stderr]    Compiling indexmap v1.9.3
[INFO] [stderr]    Compiling hashbrown v0.12.3
[INFO] [stderr]    Compiling foreign-types-shared v0.1.1
[INFO] [stderr]    Compiling openssl v0.10.57
[INFO] [stderr]    Compiling openssl-macros v0.1.1
[INFO] [stderr]    Compiling native-tls v0.2.11
[INFO] [stderr]    Compiling openssl-probe v0.1.5
[INFO] [stderr]    Compiling idna v0.4.0
[INFO] [stderr]    Compiling encoding_rs v0.8.33
[INFO] [stderr]    Compiling ipnet v2.8.0
[INFO] [stderr]    Compiling foreign-types v0.3.2
[INFO] [stderr]    Compiling url v2.4.1
[INFO] [stderr]    Compiling cc v1.0.83
[INFO] [stderr]    Compiling openssl-sys v0.9.93
[INFO] [stderr]    Compiling h2 v0.3.21
[INFO] [stderr]    Compiling tokio-postgres v0.7.10
[INFO] [stderr]    Compiling axum-core v0.3.4
[INFO] [stderr]    Compiling bb8 v0.8.1
[INFO] [stderr]    Compiling tower v0.4.13
[INFO] [stderr]    Compiling diesel-async v0.4.1
[INFO] [stderr]    Compiling hyper v0.14.27
[INFO] [stderr]    Compiling tokio-native-tls v0.3.1
[INFO] [stderr]    Compiling hyper-tls v0.5.0
[INFO] [stderr]    Compiling axum v0.6.20
[INFO] [stderr]    Compiling reqwest v0.11.22
[INFO] [stderr]    Compiling rust_axum v0.1.0 (/opt/rustwide/workdir)
[INFO] [stdout] warning: unused import: `json`
[INFO] [stdout]  --> tests/users.rs:2:18
[INFO] [stdout]   |
[INFO] [stdout] 2 | use serde_json::{json, Value};
[INFO] [stdout]   |                  ^^^^
[INFO] [stdout]   |
[INFO] [stdout]   = note: `#[warn(unused_imports)]` on by default
[INFO] [stdout] 
[INFO] [stdout] 
[INFO] [stdout] warning: unused imports: `self`, `self`
[INFO] [stdout]  --> src/middlewares/auth.rs:2:12
[INFO] [stdout]   |
[INFO] [stdout] 2 |     http::{self, Request},
[INFO] [stdout]   |            ^^^^
[INFO] [stdout] 3 |     middleware::{self, Next},
[INFO] [stdout]   |                  ^^^^
[INFO] [stdout]   |
[INFO] [stdout]   = note: `#[warn(unused_imports)]` on by default
[INFO] [stdout] 
[INFO] [stdout] 
[INFO] [stdout] warning: unused import: `result::Error`
[INFO] [stdout]  --> src/repositories/users.rs:2:14
[INFO] [stdout]   |
[INFO] [stdout] 2 | use diesel::{result::Error, QueryResult};
[INFO] [stdout]   |              ^^^^^^^^^^^^^
[INFO] [stdout] 
[INFO] [stdout] 
[INFO] [stdout] warning: unused import: `Pool`
[INFO] [stdout]  --> src/repositories/users.rs:6:11
[INFO] [stdout]   |
[INFO] [stdout] 6 | use bb8::{Pool, PooledConnection};
[INFO] [stdout]   |           ^^^^
[INFO] [stdout] 
[INFO] [stdout] 
[INFO] [stdout] warning: unused import: `diesel_async::AsyncPgConnection`
[INFO] [stdout]  --> src/routes/users.rs:6:5
[INFO] [stdout]   |
[INFO] [stdout] 6 | use diesel_async::AsyncPgConnection;
[INFO] [stdout]   |     ^^^^^^^^^^^^^^^^^^^^^^^^^^^^^^^
[INFO] [stdout] 
[INFO] [stdout] 
[INFO] [stdout] warning: unused import: `User`
[INFO] [stdout]   --> src/routes/users.rs:10:29
[INFO] [stdout]    |
[INFO] [stdout] 10 |     models::user::{NewUser, User},
[INFO] [stdout]    |                             ^^^^
[INFO] [stdout] 
[INFO] [stdout] 
[INFO] [stdout] warning: unused imports: `extract::State`, `middleware::FromExtractor`
[INFO] [stdout]  --> src/routes/mod.rs:6:5
[INFO] [stdout]   |
[INFO] [stdout] 6 |     extract::State,
[INFO] [stdout]   |     ^^^^^^^^^^^^^^
[INFO] [stdout] 7 |     middleware::FromExtractor,
[INFO] [stdout]   |     ^^^^^^^^^^^^^^^^^^^^^^^^^
[INFO] [stdout] 
[INFO] [stdout] 
[INFO] [stdout] warning: unused import: `Extension`
[INFO] [stdout]  --> src/main.rs:7:54
[INFO] [stdout]   |
[INFO] [stdout] 7 | use axum::{extract::State, middleware, routing::get, Extension, Router};
[INFO] [stdout]   |                                                      ^^^^^^^^^
[INFO] [stdout] 
[INFO] [stdout] 
[INFO] [stdout] warning: unused imports: `self`, `self`
[INFO] [stdout]  --> src/middlewares/auth.rs:2:12
[INFO] [stdout]   |
[INFO] [stdout] 2 |     http::{self, Request},
[INFO] [stdout]   |            ^^^^
[INFO] [stdout] 3 |     middleware::{self, Next},
[INFO] [stdout]   |                  ^^^^
[INFO] [stdout]   |
[INFO] [stdout]   = note: `#[warn(unused_imports)]` on by default
[INFO] [stdout] 
[INFO] [stdout] 
[INFO] [stdout] warning: unused import: `result::Error`
[INFO] [stdout]  --> src/repositories/users.rs:2:14
[INFO] [stdout]   |
[INFO] [stdout] 2 | use diesel::{result::Error, QueryResult};
[INFO] [stdout]   |              ^^^^^^^^^^^^^
[INFO] [stdout] 
[INFO] [stdout] 
[INFO] [stdout] warning: unused import: `Pool`
[INFO] [stdout]  --> src/repositories/users.rs:6:11
[INFO] [stdout]   |
[INFO] [stdout] 6 | use bb8::{Pool, PooledConnection};
[INFO] [stdout]   |           ^^^^
[INFO] [stdout] 
[INFO] [stdout] 
[INFO] [stdout] warning: unused import: `diesel_async::AsyncPgConnection`
[INFO] [stdout]  --> src/routes/users.rs:6:5
[INFO] [stdout]   |
[INFO] [stdout] 6 | use diesel_async::AsyncPgConnection;
[INFO] [stdout]   |     ^^^^^^^^^^^^^^^^^^^^^^^^^^^^^^^
[INFO] [stdout] 
[INFO] [stdout] 
[INFO] [stdout] warning: unused import: `User`
[INFO] [stdout]   --> src/routes/users.rs:10:29
[INFO] [stdout]    |
[INFO] [stdout] 10 |     models::user::{NewUser, User},
[INFO] [stdout]    |                             ^^^^
[INFO] [stdout] 
[INFO] [stdout] 
[INFO] [stdout] warning: unused imports: `extract::State`, `middleware::FromExtractor`
[INFO] [stdout]  --> src/routes/mod.rs:6:5
[INFO] [stdout]   |
[INFO] [stdout] 6 |     extract::State,
[INFO] [stdout]   |     ^^^^^^^^^^^^^^
[INFO] [stdout] 7 |     middleware::FromExtractor,
[INFO] [stdout]   |     ^^^^^^^^^^^^^^^^^^^^^^^^^
[INFO] [stdout] 
[INFO] [stdout] 
[INFO] [stdout] warning: unused import: `Extension`
[INFO] [stdout]  --> src/main.rs:7:54
[INFO] [stdout]   |
[INFO] [stdout] 7 | use axum::{extract::State, middleware, routing::get, Extension, Router};
[INFO] [stdout]   |                                                      ^^^^^^^^^
[INFO] [stdout] 
[INFO] [stdout] 
[INFO] [stdout] warning: function `create_counter` is never used
[INFO] [stdout]  --> tests/common/mod.rs:7:4
[INFO] [stdout]   |
[INFO] [stdout] 7 | fn create_counter() -> impl FnMut() -> i32 {
[INFO] [stdout]   |    ^^^^^^^^^^^^^^
[INFO] [stdout]   |
[INFO] [stdout]   = note: `#[warn(dead_code)]` on by default
[INFO] [stdout] 
[INFO] [stdout] 
[INFO] [stdout] warning: associated function `update` is never used
[INFO] [stdout]   --> src/repositories/users.rs:42:18
[INFO] [stdout]    |
[INFO] [stdout] 16 | impl UsersRepository {
[INFO] [stdout]    | -------------------- associated function in this implementation
[INFO] [stdout] ...
[INFO] [stdout] 42 |     pub async fn update(
[INFO] [stdout]    |                  ^^^^^^
[INFO] [stdout]    |
[INFO] [stdout]    = note: `#[warn(dead_code)]` on by default
[INFO] [stdout] 
[INFO] [stdout] 
[INFO] [stdout] warning: associated function `update` is never used
[INFO] [stdout]   --> src/repositories/users.rs:42:18
[INFO] [stdout]    |
[INFO] [stdout] 16 | impl UsersRepository {
[INFO] [stdout]    | -------------------- associated function in this implementation
[INFO] [stdout] ...
[INFO] [stdout] 42 |     pub async fn update(
[INFO] [stdout]    |                  ^^^^^^
[INFO] [stdout]    |
[INFO] [stdout]    = note: `#[warn(dead_code)]` on by default
[INFO] [stdout] 
[INFO] [stdout] 
[INFO] [stdout] warning: 8 warnings emitted
[INFO] [stdout] 
[INFO] [stdout] 
[INFO] [stdout] warning: 2 warnings emitted
[INFO] [stdout] 
[INFO] [stdout] 
[INFO] [stdout] warning: 8 warnings emitted
[INFO] [stdout] 
[INFO] [stdout] 
[INFO] [stderr]     Finished test [unoptimized + debuginfo] target(s) in 16.71s
[INFO] running `Command { std: "docker" "inspect" "23cc010a9a54643371837b9bf63ccb69222c900d9563c04e69783660384bf7c1", kill_on_drop: false }`
[INFO] running `Command { std: "docker" "rm" "-f" "23cc010a9a54643371837b9bf63ccb69222c900d9563c04e69783660384bf7c1", kill_on_drop: false }`
[INFO] [stdout] 23cc010a9a54643371837b9bf63ccb69222c900d9563c04e69783660384bf7c1
[INFO] running `Command { std: "docker" "create" "-v" "/var/lib/crater-agent-workspace/builds/worker-3-tc2/target:/opt/rustwide/target:rw,Z" "-v" "/var/lib/crater-agent-workspace/builds/worker-3-tc2/source:/opt/rustwide/workdir:ro,Z" "-v" "/var/lib/crater-agent-workspace/cargo-home:/opt/rustwide/cargo-home:ro,Z" "-v" "/var/lib/crater-agent-workspace/rustup-home:/opt/rustwide/rustup-home:ro,Z" "-e" "SOURCE_DIR=/opt/rustwide/workdir" "-e" "CARGO_TARGET_DIR=/opt/rustwide/target" "-e" "CARGO_INCREMENTAL=0" "-e" "RUST_BACKTRACE=full" "-e" "RUSTFLAGS=--cap-lints=warn" "-e" "RUSTDOCFLAGS=--cap-lints=warn" "-e" "CARGO_HOME=/opt/rustwide/cargo-home" "-e" "RUSTUP_HOME=/opt/rustwide/rustup-home" "-w" "/opt/rustwide/workdir" "-m" "1610612736" "--user" "0:0" "--network" "none" "ghcr.io/rust-lang/crates-build-env/linux@sha256:2788e3201cd34a07e3172128adcd8b3090168a8e3bcc40d7c032b9dda1df7d1c" "/opt/rustwide/cargo-home/bin/cargo" "+beta-2023-12-22" "test" "--frozen", kill_on_drop: false }`
[INFO] [stdout] 677e22eb0115fe1d6165688a422e2c3e3ca46b3a7969f5f2e0816649817a210f
[INFO] running `Command { std: "docker" "start" "-a" "677e22eb0115fe1d6165688a422e2c3e3ca46b3a7969f5f2e0816649817a210f", kill_on_drop: false }`
[INFO] [stderr] warning: unused imports: `self`, `self`
[INFO] [stderr]  --> src/middlewares/auth.rs:2:12
[INFO] [stderr]   |
[INFO] [stderr] 2 |     http::{self, Request},
[INFO] [stderr]   |            ^^^^
[INFO] [stderr] 3 |     middleware::{self, Next},
[INFO] [stderr]   |                  ^^^^
[INFO] [stderr]   |
[INFO] [stderr]   = note: `#[warn(unused_imports)]` on by default
[INFO] [stderr] 
[INFO] [stderr] warning: unused import: `result::Error`
[INFO] [stderr]  --> src/repositories/users.rs:2:14
[INFO] [stderr]   |
[INFO] [stderr] 2 | use diesel::{result::Error, QueryResult};
[INFO] [stderr]   |              ^^^^^^^^^^^^^
[INFO] [stderr] 
[INFO] [stderr] warning: unused import: `Pool`
[INFO] [stderr]  --> src/repositories/users.rs:6:11
[INFO] [stderr]   |
[INFO] [stderr] 6 | use bb8::{Pool, PooledConnection};
[INFO] [stderr]   |           ^^^^
[INFO] [stderr] 
[INFO] [stderr] warning: unused import: `diesel_async::AsyncPgConnection`
[INFO] [stderr]  --> src/routes/users.rs:6:5
[INFO] [stderr]   |
[INFO] [stderr] 6 | use diesel_async::AsyncPgConnection;
[INFO] [stderr]   |     ^^^^^^^^^^^^^^^^^^^^^^^^^^^^^^^
[INFO] [stderr] 
[INFO] [stderr] warning: unused import: `User`
[INFO] [stderr]   --> src/routes/users.rs:10:29
[INFO] [stderr]    |
[INFO] [stderr] 10 |     models::user::{NewUser, User},
[INFO] [stderr]    |                             ^^^^
[INFO] [stderr] 
[INFO] [stderr] warning: unused imports: `extract::State`, `middleware::FromExtractor`
[INFO] [stderr]  --> src/routes/mod.rs:6:5
[INFO] [stderr]   |
[INFO] [stderr] 6 |     extract::State,
[INFO] [stderr]   |     ^^^^^^^^^^^^^^
[INFO] [stderr] 7 |     middleware::FromExtractor,
[INFO] [stderr]   |     ^^^^^^^^^^^^^^^^^^^^^^^^^
[INFO] [stderr] 
[INFO] [stderr] warning: unused import: `Extension`
[INFO] [stderr]  --> src/main.rs:7:54
[INFO] [stderr]   |
[INFO] [stderr] 7 | use axum::{extract::State, middleware, routing::get, Extension, Router};
[INFO] [stderr]   |                                                      ^^^^^^^^^
[INFO] [stderr] 
[INFO] [stderr] warning: associated function `update` is never used
[INFO] [stderr]   --> src/repositories/users.rs:42:18
[INFO] [stderr]    |
[INFO] [stderr] 16 | impl UsersRepository {
[INFO] [stderr]    | -------------------- associated function in this implementation
[INFO] [stderr] ...
[INFO] [stderr] 42 |     pub async fn update(
[INFO] [stderr]    |                  ^^^^^^
[INFO] [stderr]    |
[INFO] [stderr]    = note: `#[warn(dead_code)]` on by default
[INFO] [stderr] 
[INFO] [stderr] warning: `rust_axum` (bin "rust_axum") generated 8 warnings (run `cargo fix --bin "rust_axum"` to apply 7 suggestions)
[INFO] [stderr] warning: unused import: `json`
[INFO] [stderr]  --> tests/users.rs:2:18
[INFO] [stderr]   |
[INFO] [stderr] 2 | use serde_json::{json, Value};
[INFO] [stderr]   |                  ^^^^
[INFO] [stderr]   |
[INFO] [stderr]   = note: `#[warn(unused_imports)]` on by default
[INFO] [stderr] 
[INFO] [stderr] warning: function `create_counter` is never used
[INFO] [stderr]  --> tests/common/mod.rs:7:4
[INFO] [stderr]   |
[INFO] [stderr] 7 | fn create_counter() -> impl FnMut() -> i32 {
[INFO] [stderr]   |    ^^^^^^^^^^^^^^
[INFO] [stderr]   |
[INFO] [stderr]   = note: `#[warn(dead_code)]` on by default
[INFO] [stderr] 
[INFO] [stderr] warning: `rust_axum` (test "users") generated 2 warnings (run `cargo fix --test "users"` to apply 1 suggestion)
[INFO] [stderr] warning: `rust_axum` (bin "rust_axum" test) generated 8 warnings (8 duplicates)
[INFO] [stderr]     Finished test [unoptimized + debuginfo] target(s) in 0.10s
[INFO] [stderr]      Running unittests src/main.rs (/opt/rustwide/target/debug/deps/rust_axum-76f310e05c84700c)
[INFO] [stdout] 
[INFO] [stdout] running 0 tests
[INFO] [stdout] 
[INFO] [stdout] test result: ok. 0 passed; 0 failed; 0 ignored; 0 measured; 0 filtered out; finished in 0.00s
[INFO] [stdout] 
[INFO] [stderr]      Running tests/users.rs (/opt/rustwide/target/debug/deps/users-52199cf0c1ad9d60)
[INFO] [stdout] 
[INFO] [stdout] running 1 test
[INFO] [stdout] test test_get_users ... FAILED
[INFO] [stdout] 
[INFO] [stdout] failures:
[INFO] [stdout] 
[INFO] [stdout] ---- test_get_users stdout ----
[INFO] [stdout] thread 'test_get_users' panicked at tests/common/mod.rs:27:10:
[INFO] [stdout] called `Result::unwrap()` on an `Err` value: reqwest::Error { kind: Request, url: Url { scheme: "http", cannot_be_a_base: false, username: "", password: None, host: Some(Ipv4(127.0.0.1)), port: Some(5005), path: "/users", query: None, fragment: None }, source: hyper::Error(Connect, ConnectError("tcp connect error", Os { code: 111, kind: ConnectionRefused, message: "Connection refused" })) }
[INFO] [stdout] stack backtrace:
[INFO] [stdout]    0:     0x5612efc9ea96 - std::backtrace_rs::backtrace::libunwind::trace::h261606ad26a499c1
[INFO] [stdout]                                at /rustc/0e09125c6c3c2fd70d7de961bcf0e51575235fad/library/std/src/../../backtrace/src/backtrace/libunwind.rs:104:5
[INFO] [stdout]    1:     0x5612efc9ea96 - std::backtrace_rs::backtrace::trace_unsynchronized::hd183f0625477fb28
[INFO] [stdout]                                at /rustc/0e09125c6c3c2fd70d7de961bcf0e51575235fad/library/std/src/../../backtrace/src/backtrace/mod.rs:66:5
[INFO] [stdout]    2:     0x5612efc9ea96 - std::sys_common::backtrace::_print_fmt::hd7f8fef21b4eda67
[INFO] [stdout]                                at /rustc/0e09125c6c3c2fd70d7de961bcf0e51575235fad/library/std/src/sys_common/backtrace.rs:68:5
[INFO] [stdout]    3:     0x5612efc9ea96 - <std::sys_common::backtrace::_print::DisplayBacktrace as core::fmt::Display>::fmt::h623d9b51f2f453f1
[INFO] [stdout]                                at /rustc/0e09125c6c3c2fd70d7de961bcf0e51575235fad/library/std/src/sys_common/backtrace.rs:44:22
[INFO] [stdout]    4:     0x5612efccad60 - core::fmt::rt::Argument::fmt::h9f417ac76a86f368
[INFO] [stdout]                                at /rustc/0e09125c6c3c2fd70d7de961bcf0e51575235fad/library/core/src/fmt/rt.rs:142:9
[INFO] [stdout]    5:     0x5612efccad60 - core::fmt::write::hc9b6faf4ac2aeff7
[INFO] [stdout]                                at /rustc/0e09125c6c3c2fd70d7de961bcf0e51575235fad/library/core/src/fmt/mod.rs:1120:17
[INFO] [stdout]    6:     0x5612efc9b93f - std::io::Write::write_fmt::he04625a3a989fec3
[INFO] [stdout]                                at /rustc/0e09125c6c3c2fd70d7de961bcf0e51575235fad/library/std/src/io/mod.rs:1810:15
[INFO] [stdout]    7:     0x5612efc9e874 - std::sys_common::backtrace::_print::hd5d66399c7df88a2
[INFO] [stdout]                                at /rustc/0e09125c6c3c2fd70d7de961bcf0e51575235fad/library/std/src/sys_common/backtrace.rs:47:5
[INFO] [stdout]    8:     0x5612efc9e874 - std::sys_common::backtrace::print::he81ed2da642d37e5
[INFO] [stdout]                                at /rustc/0e09125c6c3c2fd70d7de961bcf0e51575235fad/library/std/src/sys_common/backtrace.rs:34:9
[INFO] [stdout]    9:     0x5612efca05e7 - std::panicking::default_hook::{{closure}}::h85773f4fa117163d
[INFO] [stdout]   10:     0x5612efca02cd - std::panicking::default_hook::h6a1694a91d09b278
[INFO] [stdout]                                at /rustc/0e09125c6c3c2fd70d7de961bcf0e51575235fad/library/std/src/panicking.rs:289:9
[INFO] [stdout]   11:     0x5612ef74be17 - <alloc::boxed::Box<F,A> as core::ops::function::Fn<Args>>::call::h616ac37fa3cd6c8f
[INFO] [stdout]                                at /rustc/0e09125c6c3c2fd70d7de961bcf0e51575235fad/library/alloc/src/boxed.rs:2029:9
[INFO] [stdout]   12:     0x5612ef74be17 - test::test_main::{{closure}}::h00d84697cefdcbb6
[INFO] [stdout]                                at /rustc/0e09125c6c3c2fd70d7de961bcf0e51575235fad/library/test/src/lib.rs:138:21
[INFO] [stdout]   13:     0x5612efca0c06 - <alloc::boxed::Box<F,A> as core::ops::function::Fn<Args>>::call::hcb3fe3b9bb537ba8
[INFO] [stdout]                                at /rustc/0e09125c6c3c2fd70d7de961bcf0e51575235fad/library/alloc/src/boxed.rs:2029:9
[INFO] [stdout]   14:     0x5612efca0c06 - std::panicking::rust_panic_with_hook::h0a7ad96e90f7145b
[INFO] [stdout]                                at /rustc/0e09125c6c3c2fd70d7de961bcf0e51575235fad/library/std/src/panicking.rs:783:13
[INFO] [stdout]   15:     0x5612efca0952 - std::panicking::begin_panic_handler::{{closure}}::h7919090525c6485e
[INFO] [stdout]                                at /rustc/0e09125c6c3c2fd70d7de961bcf0e51575235fad/library/std/src/panicking.rs:657:13
[INFO] [stdout]   16:     0x5612efc9ef96 - std::sys_common::backtrace::__rust_end_short_backtrace::hf3289479464f7dfe
[INFO] [stdout]                                at /rustc/0e09125c6c3c2fd70d7de961bcf0e51575235fad/library/std/src/sys_common/backtrace.rs:171:18
[INFO] [stdout]   17:     0x5612efca06b0 - rust_begin_unwind
[INFO] [stdout]                                at /rustc/0e09125c6c3c2fd70d7de961bcf0e51575235fad/library/std/src/panicking.rs:645:5
[INFO] [stdout]   18:     0x5612ef7085e5 - core::panicking::panic_fmt::hcc9f77c5c132af55
[INFO] [stdout]                                at /rustc/0e09125c6c3c2fd70d7de961bcf0e51575235fad/library/core/src/panicking.rs:72:14
[INFO] [stdout]   19:     0x5612ef708c23 - core::result::unwrap_failed::hbe14f498be1452f9
[INFO] [stdout]                                at /rustc/0e09125c6c3c2fd70d7de961bcf0e51575235fad/library/core/src/result.rs:1649:5
[INFO] [stdout]   20:     0x5612ef71524d - core::result::Result<T,E>::unwrap::h42f2dadf3777e730
[INFO] [stdout]                                at /rustc/0e09125c6c3c2fd70d7de961bcf0e51575235fad/library/core/src/result.rs:1073:23
[INFO] [stdout]   21:     0x5612ef711f6c - users::common::create_test_user::h421ce6e85563a6fe
[INFO] [stdout]                                at /opt/rustwide/workdir/tests/common/mod.rs:20:15
[INFO] [stdout]   22:     0x5612ef71270d - users::test_get_users::h236df6be3f8bb123
[INFO] [stdout]                                at /opt/rustwide/workdir/tests/users.rs:11:17
[INFO] [stdout]   23:     0x5612ef7126a7 - users::test_get_users::{{closure}}::h0cdb71f68d2e4dc7
[INFO] [stdout]                                at /opt/rustwide/workdir/tests/users.rs:8:20
[INFO] [stdout]   24:     0x5612ef7147c6 - core::ops::function::FnOnce::call_once::h84c74522756c0384
[INFO] [stdout]                                at /rustc/0e09125c6c3c2fd70d7de961bcf0e51575235fad/library/core/src/ops/function.rs:250:5
[INFO] [stdout]   25:     0x5612ef7516ef - core::ops::function::FnOnce::call_once::hd64d26f405258157
[INFO] [stdout]                                at /rustc/0e09125c6c3c2fd70d7de961bcf0e51575235fad/library/core/src/ops/function.rs:250:5
[INFO] [stdout]   26:     0x5612ef7516ef - test::__rust_begin_short_backtrace::he21b0b7a6d731bf9
[INFO] [stdout]                                at /rustc/0e09125c6c3c2fd70d7de961bcf0e51575235fad/library/test/src/lib.rs:627:18
[INFO] [stdout]   27:     0x5612ef750471 - test::run_test_in_process::{{closure}}::hf5c73986d7bdfde2
[INFO] [stdout]                                at /rustc/0e09125c6c3c2fd70d7de961bcf0e51575235fad/library/test/src/lib.rs:650:60
[INFO] [stdout]   28:     0x5612ef750471 - <core::panic::unwind_safe::AssertUnwindSafe<F> as core::ops::function::FnOnce<()>>::call_once::h330011ad032aadc0
[INFO] [stdout]                                at /rustc/0e09125c6c3c2fd70d7de961bcf0e51575235fad/library/core/src/panic/unwind_safe.rs:272:9
[INFO] [stdout]   29:     0x5612ef750471 - std::panicking::try::do_call::he61b0a958b795a41
[INFO] [stdout]                                at /rustc/0e09125c6c3c2fd70d7de961bcf0e51575235fad/library/std/src/panicking.rs:552:40
[INFO] [stdout]   30:     0x5612ef750471 - std::panicking::try::h7309da130f906eb7
[INFO] [stdout]                                at /rustc/0e09125c6c3c2fd70d7de961bcf0e51575235fad/library/std/src/panicking.rs:516:19
[INFO] [stdout]   31:     0x5612ef750471 - std::panic::catch_unwind::hc5c3a06fdaf0a92a
[INFO] [stdout]                                at /rustc/0e09125c6c3c2fd70d7de961bcf0e51575235fad/library/std/src/panic.rs:142:14
[INFO] [stdout]   32:     0x5612ef750471 - test::run_test_in_process::h7e7b7c71c3324e0f
[INFO] [stdout]                                at /rustc/0e09125c6c3c2fd70d7de961bcf0e51575235fad/library/test/src/lib.rs:650:27
[INFO] [stdout]   33:     0x5612ef750471 - test::run_test::{{closure}}::h1f509f28f5cf20b1
[INFO] [stdout]                                at /rustc/0e09125c6c3c2fd70d7de961bcf0e51575235fad/library/test/src/lib.rs:573:43
[INFO] [stdout]   34:     0x5612ef7177a6 - test::run_test::{{closure}}::h1754218abf443f6d
[INFO] [stdout]                                at /rustc/0e09125c6c3c2fd70d7de961bcf0e51575235fad/library/test/src/lib.rs:601:41
[INFO] [stdout]   35:     0x5612ef7177a6 - std::sys_common::backtrace::__rust_begin_short_backtrace::h2ee174b9d5954948
[INFO] [stdout]                                at /rustc/0e09125c6c3c2fd70d7de961bcf0e51575235fad/library/std/src/sys_common/backtrace.rs:155:18
[INFO] [stdout]   36:     0x5612ef71c807 - std::thread::Builder::spawn_unchecked_::{{closure}}::{{closure}}::hf60bee9c1a17ef09
[INFO] [stdout]                                at /rustc/0e09125c6c3c2fd70d7de961bcf0e51575235fad/library/std/src/thread/mod.rs:529:17
[INFO] [stdout]   37:     0x5612ef71c807 - <core::panic::unwind_safe::AssertUnwindSafe<F> as core::ops::function::FnOnce<()>>::call_once::h33d0dddec5216160
[INFO] [stdout]                                at /rustc/0e09125c6c3c2fd70d7de961bcf0e51575235fad/library/core/src/panic/unwind_safe.rs:272:9
[INFO] [stdout]   38:     0x5612ef71c807 - std::panicking::try::do_call::h144b3048b546f835
[INFO] [stdout]                                at /rustc/0e09125c6c3c2fd70d7de961bcf0e51575235fad/library/std/src/panicking.rs:552:40
[INFO] [stdout]   39:     0x5612ef71c807 - std::panicking::try::h978244d04646189f
[INFO] [stdout]                                at /rustc/0e09125c6c3c2fd70d7de961bcf0e51575235fad/library/std/src/panicking.rs:516:19
[INFO] [stdout]   40:     0x5612ef71c807 - std::panic::catch_unwind::hdf436369d188fe86
[INFO] [stdout]                                at /rustc/0e09125c6c3c2fd70d7de961bcf0e51575235fad/library/std/src/panic.rs:142:14
[INFO] [stdout]   41:     0x5612ef71c807 - std::thread::Builder::spawn_unchecked_::{{closure}}::h87329cbdd33c79ec
[INFO] [stdout]                                at /rustc/0e09125c6c3c2fd70d7de961bcf0e51575235fad/library/std/src/thread/mod.rs:528:30
[INFO] [stdout]   42:     0x5612ef71c807 - core::ops::function::FnOnce::call_once{{vtable.shim}}::h401abbe67897d450
[INFO] [stdout]                                at /rustc/0e09125c6c3c2fd70d7de961bcf0e51575235fad/library/core/src/ops/function.rs:250:5
[INFO] [stdout]   43:     0x5612efca5945 - <alloc::boxed::Box<F,A> as core::ops::function::FnOnce<Args>>::call_once::h5d7c8f150ab9c84c
[INFO] [stdout]                                at /rustc/0e09125c6c3c2fd70d7de961bcf0e51575235fad/library/alloc/src/boxed.rs:2015:9
[INFO] [stdout]   44:     0x5612efca5945 - <alloc::boxed::Box<F,A> as core::ops::function::FnOnce<Args>>::call_once::h570d5b005c242c15
[INFO] [stdout]                                at /rustc/0e09125c6c3c2fd70d7de961bcf0e51575235fad/library/alloc/src/boxed.rs:2015:9
[INFO] [stdout]   45:     0x5612efca5945 - std::sys::unix::thread::Thread::new::thread_start::h36b0a20c0b2361ad
[INFO] [stdout]                                at /rustc/0e09125c6c3c2fd70d7de961bcf0e51575235fad/library/std/src/sys/unix/thread.rs:108:17
[INFO] [stdout]   46:     0x7f90dd1a5ac3 - <unknown>
[INFO] [stdout]   47:     0x7f90dd236bf4 - __clone
[INFO] [stdout]   48:                0x0 - <unknown>
[INFO] [stdout] 
[INFO] [stdout] 
[INFO] [stdout] failures:
[INFO] [stdout]     test_get_users
[INFO] [stdout] 
[INFO] [stdout] test result: FAILED. 0 passed; 1 failed; 0 ignored; 0 measured; 0 filtered out; finished in 0.06s
[INFO] [stdout] 
[INFO] [stderr] error: test failed, to rerun pass `--test users`
[INFO] running `Command { std: "docker" "inspect" "677e22eb0115fe1d6165688a422e2c3e3ca46b3a7969f5f2e0816649817a210f", kill_on_drop: false }`
[INFO] running `Command { std: "docker" "rm" "-f" "677e22eb0115fe1d6165688a422e2c3e3ca46b3a7969f5f2e0816649817a210f", kill_on_drop: false }`
[INFO] [stdout] 677e22eb0115fe1d6165688a422e2c3e3ca46b3a7969f5f2e0816649817a210f
