[INFO] cloning repository https://github.com/argon-rbx/notify-debouncer-full
[INFO] running `Command { std: "git" "-c" "credential.helper=" "-c" "credential.helper=/workspace/cargo-home/bin/git-credential-null" "clone" "--bare" "https://github.com/argon-rbx/notify-debouncer-full" "/workspace/cache/git-repos/https%3A%2F%2Fgithub.com%2Fargon-rbx%2Fnotify-debouncer-full", kill_on_drop: false }`
[INFO] [stderr] Cloning into bare repository '/workspace/cache/git-repos/https%3A%2F%2Fgithub.com%2Fargon-rbx%2Fnotify-debouncer-full'...
[INFO] running `Command { std: "git" "rev-parse" "HEAD", kill_on_drop: false }`
[INFO] [stdout] 4d61d2f0e00c271c9b87655d96474a5ac332fdc0
[INFO] testing argon-rbx/notify-debouncer-full against 1.75.0 for beta-1.76-1
[INFO] running `Command { std: "git" "clone" "/workspace/cache/git-repos/https%3A%2F%2Fgithub.com%2Fargon-rbx%2Fnotify-debouncer-full" "/workspace/builds/worker-4-tc1/source", kill_on_drop: false }`
[INFO] [stderr] Cloning into '/workspace/builds/worker-4-tc1/source'...
[INFO] [stderr] done.
[INFO] validating manifest of git repo https://github.com/argon-rbx/notify-debouncer-full on toolchain 1.75.0
[INFO] running `Command { std: CARGO_HOME="/workspace/cargo-home" RUSTUP_HOME="/workspace/rustup-home" "/workspace/cargo-home/bin/cargo" "+1.75.0" "metadata" "--manifest-path" "Cargo.toml" "--no-deps", kill_on_drop: false }`
[INFO] started tweaking git repo https://github.com/argon-rbx/notify-debouncer-full
[INFO] finished tweaking git repo https://github.com/argon-rbx/notify-debouncer-full
[INFO] tweaked toml for git repo https://github.com/argon-rbx/notify-debouncer-full written to /workspace/builds/worker-4-tc1/source/Cargo.toml
[INFO] crate git repo https://github.com/argon-rbx/notify-debouncer-full already has a lockfile, it will not be regenerated
[INFO] running `Command { std: CARGO_HOME="/workspace/cargo-home" RUSTUP_HOME="/workspace/rustup-home" "/workspace/cargo-home/bin/cargo" "+1.75.0" "fetch" "--manifest-path" "Cargo.toml", kill_on_drop: false }`
[INFO] [stderr]     Updating crates.io index
[INFO] [stderr]  Downloading crates ...
[INFO] [stderr]   Downloaded mock_instant v0.3.1
[INFO] [stderr]   Downloaded deser-hjson v1.2.0
[INFO] [stderr]   Downloaded file-id v0.2.1
[INFO] running `Command { std: "docker" "create" "-v" "/var/lib/crater-agent-workspace/builds/worker-4-tc1/target:/opt/rustwide/target:rw,Z" "-v" "/var/lib/crater-agent-workspace/builds/worker-4-tc1/source:/opt/rustwide/workdir:ro,Z" "-v" "/var/lib/crater-agent-workspace/cargo-home:/opt/rustwide/cargo-home:ro,Z" "-v" "/var/lib/crater-agent-workspace/rustup-home:/opt/rustwide/rustup-home:ro,Z" "-e" "SOURCE_DIR=/opt/rustwide/workdir" "-e" "CARGO_TARGET_DIR=/opt/rustwide/target" "-e" "CARGO_HOME=/opt/rustwide/cargo-home" "-e" "RUSTUP_HOME=/opt/rustwide/rustup-home" "-w" "/opt/rustwide/workdir" "-m" "1610612736" "--user" "0:0" "--network" "none" "ghcr.io/rust-lang/crates-build-env/linux@sha256:2788e3201cd34a07e3172128adcd8b3090168a8e3bcc40d7c032b9dda1df7d1c" "/opt/rustwide/cargo-home/bin/cargo" "+1.75.0" "metadata" "--no-deps" "--format-version=1", kill_on_drop: false }`
[INFO] [stdout] 38a454c3207761472454378eb012288c05e03d1c1765ed3507ad58513c124006
[INFO] running `Command { std: "docker" "start" "-a" "38a454c3207761472454378eb012288c05e03d1c1765ed3507ad58513c124006", kill_on_drop: false }`
[INFO] running `Command { std: "docker" "inspect" "38a454c3207761472454378eb012288c05e03d1c1765ed3507ad58513c124006", kill_on_drop: false }`
[INFO] running `Command { std: "docker" "rm" "-f" "38a454c3207761472454378eb012288c05e03d1c1765ed3507ad58513c124006", kill_on_drop: false }`
[INFO] [stdout] 38a454c3207761472454378eb012288c05e03d1c1765ed3507ad58513c124006
[INFO] running `Command { std: "docker" "create" "-v" "/var/lib/crater-agent-workspace/builds/worker-4-tc1/target:/opt/rustwide/target:rw,Z" "-v" "/var/lib/crater-agent-workspace/builds/worker-4-tc1/source:/opt/rustwide/workdir:ro,Z" "-v" "/var/lib/crater-agent-workspace/cargo-home:/opt/rustwide/cargo-home:ro,Z" "-v" "/var/lib/crater-agent-workspace/rustup-home:/opt/rustwide/rustup-home:ro,Z" "-e" "SOURCE_DIR=/opt/rustwide/workdir" "-e" "CARGO_TARGET_DIR=/opt/rustwide/target" "-e" "CARGO_INCREMENTAL=0" "-e" "RUST_BACKTRACE=full" "-e" "RUSTFLAGS=--cap-lints=warn" "-e" "RUSTDOCFLAGS=--cap-lints=warn" "-e" "CARGO_HOME=/opt/rustwide/cargo-home" "-e" "RUSTUP_HOME=/opt/rustwide/rustup-home" "-w" "/opt/rustwide/workdir" "-m" "1610612736" "--user" "0:0" "--network" "none" "ghcr.io/rust-lang/crates-build-env/linux@sha256:2788e3201cd34a07e3172128adcd8b3090168a8e3bcc40d7c032b9dda1df7d1c" "/opt/rustwide/cargo-home/bin/cargo" "+1.75.0" "build" "--frozen" "--message-format=json", kill_on_drop: false }`
[INFO] [stdout] a91ab1c505da6d19213e35be740a38f2fe5fee607ded39aaca2e1b6ae2a14fe3
[INFO] running `Command { std: "docker" "start" "-a" "a91ab1c505da6d19213e35be740a38f2fe5fee607ded39aaca2e1b6ae2a14fe3", kill_on_drop: false }`
[INFO] [stderr]    Compiling libc v0.2.150
[INFO] [stderr]    Compiling autocfg v1.1.0
[INFO] [stderr]    Compiling crossbeam-utils v0.8.16
[INFO] [stderr]    Compiling parking_lot_core v0.9.9
[INFO] [stderr]    Compiling smallvec v1.11.2
[INFO] [stderr]    Compiling same-file v1.0.6
[INFO] [stderr]    Compiling scopeguard v1.2.0
[INFO] [stderr]    Compiling log v0.4.20
[INFO] [stderr]    Compiling file-id v0.2.1
[INFO] [stderr]    Compiling walkdir v2.4.0
[INFO] [stderr]    Compiling lock_api v0.4.11
[INFO] [stderr]    Compiling crossbeam-channel v0.5.8
[INFO] [stderr]    Compiling inotify-sys v0.1.5
[INFO] [stderr]    Compiling filetime v0.2.22
[INFO] [stderr]    Compiling mio v0.8.9
[INFO] [stderr]    Compiling inotify v0.9.6
[INFO] [stderr]    Compiling parking_lot v0.12.1
[INFO] [stderr]    Compiling notify v6.1.1
[INFO] [stderr]    Compiling notify-debouncer-full v0.3.1 (/opt/rustwide/workdir)
[INFO] [stderr]     Finished dev [unoptimized + debuginfo] target(s) in 1.45s
[INFO] running `Command { std: "docker" "inspect" "a91ab1c505da6d19213e35be740a38f2fe5fee607ded39aaca2e1b6ae2a14fe3", kill_on_drop: false }`
[INFO] running `Command { std: "docker" "rm" "-f" "a91ab1c505da6d19213e35be740a38f2fe5fee607ded39aaca2e1b6ae2a14fe3", kill_on_drop: false }`
[INFO] [stdout] a91ab1c505da6d19213e35be740a38f2fe5fee607ded39aaca2e1b6ae2a14fe3
[INFO] running `Command { std: "docker" "create" "-v" "/var/lib/crater-agent-workspace/builds/worker-4-tc1/target:/opt/rustwide/target:rw,Z" "-v" "/var/lib/crater-agent-workspace/builds/worker-4-tc1/source:/opt/rustwide/workdir:ro,Z" "-v" "/var/lib/crater-agent-workspace/cargo-home:/opt/rustwide/cargo-home:ro,Z" "-v" "/var/lib/crater-agent-workspace/rustup-home:/opt/rustwide/rustup-home:ro,Z" "-e" "SOURCE_DIR=/opt/rustwide/workdir" "-e" "CARGO_TARGET_DIR=/opt/rustwide/target" "-e" "CARGO_INCREMENTAL=0" "-e" "RUST_BACKTRACE=full" "-e" "RUSTFLAGS=--cap-lints=warn" "-e" "RUSTDOCFLAGS=--cap-lints=warn" "-e" "CARGO_HOME=/opt/rustwide/cargo-home" "-e" "RUSTUP_HOME=/opt/rustwide/rustup-home" "-w" "/opt/rustwide/workdir" "-m" "1610612736" "--user" "0:0" "--network" "none" "ghcr.io/rust-lang/crates-build-env/linux@sha256:2788e3201cd34a07e3172128adcd8b3090168a8e3bcc40d7c032b9dda1df7d1c" "/opt/rustwide/cargo-home/bin/cargo" "+1.75.0" "test" "--frozen" "--no-run" "--message-format=json", kill_on_drop: false }`
[INFO] [stdout] 2bb5025f60d696a993d8fe1ecb3e80e29cfa5a9fa799e97b5274a3700e53f45e
[INFO] running `Command { std: "docker" "start" "-a" "2bb5025f60d696a993d8fe1ecb3e80e29cfa5a9fa799e97b5274a3700e53f45e", kill_on_drop: false }`
[INFO] [stderr]    Compiling proc-macro2 v1.0.70
[INFO] [stderr]    Compiling unicode-ident v1.0.12
[INFO] [stderr]    Compiling semver v1.0.20
[INFO] [stderr]    Compiling futures-core v0.3.29
[INFO] [stderr]    Compiling futures-task v0.3.29
[INFO] [stderr]    Compiling slab v0.4.9
[INFO] [stderr]    Compiling futures-channel v0.3.29
[INFO] [stderr]    Compiling futures-util v0.3.29
[INFO] [stderr]    Compiling futures-sink v0.3.29
[INFO] [stderr]    Compiling futures-io v0.3.29
[INFO] [stderr]    Compiling pin-project-lite v0.2.13
[INFO] [stderr]    Compiling memchr v2.6.4
[INFO] [stderr]    Compiling syn v1.0.109
[INFO] [stderr]    Compiling getrandom v0.2.11
[INFO] [stderr]    Compiling serde v1.0.193
[INFO] [stderr]    Compiling rand_core v0.6.4
[INFO] [stderr]    Compiling ppv-lite86 v0.2.17
[INFO] [stderr]    Compiling rustc_version v0.4.0
[INFO] [stderr]    Compiling futures-timer v3.0.2
[INFO] [stderr]    Compiling diff v0.1.13
[INFO] [stderr]    Compiling yansi v0.5.1
[INFO] [stderr]    Compiling mock_instant v0.3.1
[INFO] [stderr]    Compiling quote v1.0.33
[INFO] [stderr]    Compiling rand_chacha v0.3.1
[INFO] [stderr]    Compiling rstest_macros v0.17.0
[INFO] [stderr]    Compiling pretty_assertions v1.4.0
[INFO] [stderr]    Compiling syn v2.0.39
[INFO] [stderr]    Compiling rand v0.8.5
[INFO] [stderr]    Compiling futures-macro v0.3.29
[INFO] [stderr]    Compiling serde_derive v1.0.193
[INFO] [stderr]    Compiling futures-executor v0.3.29
[INFO] [stderr]    Compiling futures v0.3.29
[INFO] [stderr]    Compiling rstest v0.17.0
[INFO] [stderr]    Compiling deser-hjson v1.2.0
[INFO] [stderr]    Compiling notify-debouncer-full v0.3.1 (/opt/rustwide/workdir)
[INFO] [stderr]     Finished test [unoptimized + debuginfo] target(s) in 7.47s
[INFO] running `Command { std: "docker" "inspect" "2bb5025f60d696a993d8fe1ecb3e80e29cfa5a9fa799e97b5274a3700e53f45e", kill_on_drop: false }`
[INFO] running `Command { std: "docker" "rm" "-f" "2bb5025f60d696a993d8fe1ecb3e80e29cfa5a9fa799e97b5274a3700e53f45e", kill_on_drop: false }`
[INFO] [stdout] 2bb5025f60d696a993d8fe1ecb3e80e29cfa5a9fa799e97b5274a3700e53f45e
[INFO] running `Command { std: "docker" "create" "-v" "/var/lib/crater-agent-workspace/builds/worker-4-tc1/target:/opt/rustwide/target:rw,Z" "-v" "/var/lib/crater-agent-workspace/builds/worker-4-tc1/source:/opt/rustwide/workdir:ro,Z" "-v" "/var/lib/crater-agent-workspace/cargo-home:/opt/rustwide/cargo-home:ro,Z" "-v" "/var/lib/crater-agent-workspace/rustup-home:/opt/rustwide/rustup-home:ro,Z" "-e" "SOURCE_DIR=/opt/rustwide/workdir" "-e" "CARGO_TARGET_DIR=/opt/rustwide/target" "-e" "CARGO_INCREMENTAL=0" "-e" "RUST_BACKTRACE=full" "-e" "RUSTFLAGS=--cap-lints=warn" "-e" "RUSTDOCFLAGS=--cap-lints=warn" "-e" "CARGO_HOME=/opt/rustwide/cargo-home" "-e" "RUSTUP_HOME=/opt/rustwide/rustup-home" "-w" "/opt/rustwide/workdir" "-m" "1610612736" "--user" "0:0" "--network" "none" "ghcr.io/rust-lang/crates-build-env/linux@sha256:2788e3201cd34a07e3172128adcd8b3090168a8e3bcc40d7c032b9dda1df7d1c" "/opt/rustwide/cargo-home/bin/cargo" "+1.75.0" "test" "--frozen", kill_on_drop: false }`
[INFO] [stdout] 10fbe360bd45581775632e5d36cab71cffcd281753990cad4acbbdfe3e5f52ec
[INFO] running `Command { std: "docker" "start" "-a" "10fbe360bd45581775632e5d36cab71cffcd281753990cad4acbbdfe3e5f52ec", kill_on_drop: false }`
[INFO] [stderr]     Finished test [unoptimized + debuginfo] target(s) in 0.03s
[INFO] [stderr]      Running unittests src/lib.rs (/opt/rustwide/target/debug/deps/notify_debouncer_full-2576366278e25db3)
[INFO] [stdout] 
[INFO] [stdout] running 35 tests
[INFO] [stdout] test tests::state::file_name_03___add_create_dir_event_twice__ ... ok
[INFO] [stdout] test tests::state::file_name_02___add_create_event_after_remove_event__ ... ok
[INFO] [stdout] test tests::state::file_name_04___add_modify_content_event_after_create_event__ ... ok
[INFO] [stdout] test tests::state::file_name_01___add_create_event__ ... ok
[INFO] [stdout] test tests::state::file_name_06___add_rename_from_event_after_create_event__ ... ok
[INFO] [stdout] test tests::state::file_name_05___add_rename_from_event__ ... ok
[INFO] [stdout] test tests::state::file_name_07___add_rename_from_event_after_modify_event__ ... ok
[INFO] [stdout] test tests::state::file_name_08___add_rename_from_event_after_create_and_modify_event__ ... ok
[INFO] [stdout] test tests::state::file_name_10___add_rename_to_event__ ... ok
[INFO] [stdout] test tests::state::file_name_12___add_rename_from_and_to_event__ ... ok
[INFO] [stdout] test tests::state::file_name_11___add_rename_to_dir_event__ ... ok
[INFO] [stdout] test tests::state::file_name_14___add_rename_from_and_to_event_after_rename__ ... ok
[INFO] [stdout] test tests::state::file_name_13___add_rename_from_and_to_event_after_create__ ... ok
[INFO] [stdout] test tests::state::file_name_09___add_rename_from_event_after_rename_from_event__ ... ok
[INFO] [stdout] test tests::state::file_name_16___add_rename_from_and_to_event_override_created__ ... ok
[INFO] [stdout] test tests::state::file_name_22___add_rename_both_event__ ... ok
[INFO] [stdout] test tests::state::file_name_15___add_rename_from_and_to_event_after_modify_content__ ... ok
[INFO] [stdout] test tests::state::file_name_23___add_remove_event__ ... ok
[INFO] [stdout] test tests::state::file_name_21___add_rename_from_and_to_event_with_different_tracker__ ... ok
[INFO] [stdout] test tests::state::file_name_24___add_remove_event_after_create_event__ ... ok
[INFO] [stdout] test tests::state::file_name_19___add_rename_from_and_to_event_with_file_ids__ ... ok
[INFO] [stdout] test tests::state::file_name_18___add_rename_from_and_to_event_override_removed__ ... ok
[INFO] [stdout] test tests::state::file_name_17___add_rename_from_and_to_event_override_modified__ ... ok
[INFO] [stdout] test tests::state::file_name_20___add_rename_from_and_to_event_with_different_file_ids__ ... ok
[INFO] [stdout] test tests::state::file_name_25___add_remove_event_after_modify_event__ ... ok
[INFO] [stdout] test tests::state::file_name_26___add_remove_event_after_create_and_modify_event__ ... ok
[INFO] [stdout] test tests::state::file_name_32___emit_close_events_only_once__ ... ok
[INFO] [stdout] test tests::state::file_name_27___add_remove_parent_event_after_remove_child_event__ ... ok
[INFO] [stdout] test tests::state::file_name_28___add_errors__ ... ok
[INFO] [stdout] test tests::state::file_name_31___emit_events_with_a_prepended_rename_event__ ... ok
[INFO] [stdout] test tests::state::file_name_30___emit_events_in_chronological_order__ ... ok
[INFO] [stdout] test tests::state::file_name_29___emit_continuous_modify_content_events__ ... ok
[INFO] [stdout] test tests::state::file_name_35___read_file_id_without_create_event__ ... ok
[INFO] [stdout] test tests::state::file_name_34___emit_needs_rescan_event__ ... ok
[INFO] [stdout] test tests::state::file_name_33___emit_modify_event_after_close_event__ ... ok
[INFO] [stdout] 
[INFO] [stdout] test result: ok. 35 passed; 0 failed; 0 ignored; 0 measured; 0 filtered out; finished in 0.01s
[INFO] [stdout] 
[INFO] [stderr]    Doc-tests notify_debouncer_full
[INFO] [stdout] 
[INFO] [stdout] running 2 tests
[INFO] [stdout] test src/lib.rs - (line 29) - compile ... FAILED
[INFO] [stdout] test src/lib.rs - DebounceEventHandler (line 104) - compile ... ok
[INFO] [stdout] 
[INFO] [stdout] failures:
[INFO] [stdout] 
[INFO] [stdout] ---- src/lib.rs - (line 29) stdout ----
[INFO] [stdout] error[E0061]: this function takes 4 arguments but 3 arguments were supplied
[INFO] [stdout]    --> src/lib.rs:37:21
[INFO] [stdout]     |
[INFO] [stdout] 11  |   let mut debouncer = new_debouncer(Duration::from_secs(2), None, |result: DebounceEventResult| {
[INFO] [stdout]     |  _____________________^^^^^^^^^^^^^-
[INFO] [stdout] 12  | |     match result {
[INFO] [stdout] 13  | |         Ok(events) => events.iter().for_each(|event| println!("{event:?}")),
[INFO] [stdout] 14  | |         Err(errors) => errors.iter().for_each(|error| println!("{error:?}")),
[INFO] [stdout] 15  | |     }
[INFO] [stdout] 16  | | }).unwrap();
[INFO] [stdout]     | |__- an argument of type `bool` is missing
[INFO] [stdout]     |
[INFO] [stdout] note: function defined here
[INFO] [stdout]    --> /opt/rustwide/workdir/src/lib.rs:656:8
[INFO] [stdout]     |
[INFO] [stdout] 656 | pub fn new_debouncer<F: DebounceEventHandler>(
[INFO] [stdout]     |        ^^^^^^^^^^^^^
[INFO] [stdout] help: provide the argument
[INFO] [stdout]     |
[INFO] [stdout] 11  ~ let mut debouncer = new_debouncer(Duration::from_secs(2), None, |result: DebounceEventResult| {
[INFO] [stdout] 12  +     match result {
[INFO] [stdout] 13  +         Ok(events) => events.iter().for_each(|event| println!("{event:?}")),
[INFO] [stdout] 14  +         Err(errors) => errors.iter().for_each(|error| println!("{error:?}")),
[INFO] [stdout] 15  +     }
[INFO] [stdout] 16  ~ }, /* bool */).unwrap();
[INFO] [stdout]     |
[INFO] [stdout] 
[INFO] [stdout] error: aborting due to previous error
[INFO] [stdout] 
[INFO] [stdout] For more information about this error, try `rustc --explain E0061`.
[INFO] [stdout] Couldn't compile the test.
[INFO] [stdout] 
[INFO] [stdout] failures:
[INFO] [stdout]     src/lib.rs - (line 29)
[INFO] [stdout] 
[INFO] [stdout] test result: FAILED. 1 passed; 1 failed; 0 ignored; 0 measured; 0 filtered out; finished in 0.03s
[INFO] [stdout] 
[INFO] [stderr] error: doctest failed, to rerun pass `--doc`
[INFO] running `Command { std: "docker" "inspect" "10fbe360bd45581775632e5d36cab71cffcd281753990cad4acbbdfe3e5f52ec", kill_on_drop: false }`
[INFO] running `Command { std: "docker" "rm" "-f" "10fbe360bd45581775632e5d36cab71cffcd281753990cad4acbbdfe3e5f52ec", kill_on_drop: false }`
[INFO] [stdout] 10fbe360bd45581775632e5d36cab71cffcd281753990cad4acbbdfe3e5f52ec
[INFO] testing argon-rbx/notify-debouncer-full against beta-2023-12-22 for beta-1.76-1
[INFO] running `Command { std: "git" "clone" "/workspace/cache/git-repos/https%3A%2F%2Fgithub.com%2Fargon-rbx%2Fnotify-debouncer-full" "/workspace/builds/worker-4-tc2/source", kill_on_drop: false }`
[INFO] [stderr] Cloning into '/workspace/builds/worker-4-tc2/source'...
[INFO] [stderr] done.
[INFO] validating manifest of git repo https://github.com/argon-rbx/notify-debouncer-full on toolchain beta-2023-12-22
[INFO] running `Command { std: CARGO_HOME="/workspace/cargo-home" RUSTUP_HOME="/workspace/rustup-home" "/workspace/cargo-home/bin/cargo" "+beta-2023-12-22" "metadata" "--manifest-path" "Cargo.toml" "--no-deps", kill_on_drop: false }`
[INFO] started tweaking git repo https://github.com/argon-rbx/notify-debouncer-full
[INFO] finished tweaking git repo https://github.com/argon-rbx/notify-debouncer-full
[INFO] tweaked toml for git repo https://github.com/argon-rbx/notify-debouncer-full written to /workspace/builds/worker-4-tc2/source/Cargo.toml
[INFO] crate git repo https://github.com/argon-rbx/notify-debouncer-full already has a lockfile, it will not be regenerated
[INFO] running `Command { std: CARGO_HOME="/workspace/cargo-home" RUSTUP_HOME="/workspace/rustup-home" "/workspace/cargo-home/bin/cargo" "+beta-2023-12-22" "fetch" "--manifest-path" "Cargo.toml", kill_on_drop: false }`
[INFO] running `Command { std: "docker" "create" "-v" "/var/lib/crater-agent-workspace/builds/worker-4-tc2/target:/opt/rustwide/target:rw,Z" "-v" "/var/lib/crater-agent-workspace/builds/worker-4-tc2/source:/opt/rustwide/workdir:ro,Z" "-v" "/var/lib/crater-agent-workspace/cargo-home:/opt/rustwide/cargo-home:ro,Z" "-v" "/var/lib/crater-agent-workspace/rustup-home:/opt/rustwide/rustup-home:ro,Z" "-e" "SOURCE_DIR=/opt/rustwide/workdir" "-e" "CARGO_TARGET_DIR=/opt/rustwide/target" "-e" "CARGO_HOME=/opt/rustwide/cargo-home" "-e" "RUSTUP_HOME=/opt/rustwide/rustup-home" "-w" "/opt/rustwide/workdir" "-m" "1610612736" "--user" "0:0" "--network" "none" "ghcr.io/rust-lang/crates-build-env/linux@sha256:2788e3201cd34a07e3172128adcd8b3090168a8e3bcc40d7c032b9dda1df7d1c" "/opt/rustwide/cargo-home/bin/cargo" "+beta-2023-12-22" "metadata" "--no-deps" "--format-version=1", kill_on_drop: false }`
[INFO] [stdout] f253207aa130c502092bf91d51b72e9ba2f1551bd847c7d593bf722e2d193649
[INFO] running `Command { std: "docker" "start" "-a" "f253207aa130c502092bf91d51b72e9ba2f1551bd847c7d593bf722e2d193649", kill_on_drop: false }`
[INFO] running `Command { std: "docker" "inspect" "f253207aa130c502092bf91d51b72e9ba2f1551bd847c7d593bf722e2d193649", kill_on_drop: false }`
[INFO] running `Command { std: "docker" "rm" "-f" "f253207aa130c502092bf91d51b72e9ba2f1551bd847c7d593bf722e2d193649", kill_on_drop: false }`
[INFO] [stdout] f253207aa130c502092bf91d51b72e9ba2f1551bd847c7d593bf722e2d193649
[INFO] running `Command { std: "docker" "create" "-v" "/var/lib/crater-agent-workspace/builds/worker-4-tc2/target:/opt/rustwide/target:rw,Z" "-v" "/var/lib/crater-agent-workspace/builds/worker-4-tc2/source:/opt/rustwide/workdir:ro,Z" "-v" "/var/lib/crater-agent-workspace/cargo-home:/opt/rustwide/cargo-home:ro,Z" "-v" "/var/lib/crater-agent-workspace/rustup-home:/opt/rustwide/rustup-home:ro,Z" "-e" "SOURCE_DIR=/opt/rustwide/workdir" "-e" "CARGO_TARGET_DIR=/opt/rustwide/target" "-e" "CARGO_INCREMENTAL=0" "-e" "RUST_BACKTRACE=full" "-e" "RUSTFLAGS=--cap-lints=warn" "-e" "RUSTDOCFLAGS=--cap-lints=warn" "-e" "CARGO_HOME=/opt/rustwide/cargo-home" "-e" "RUSTUP_HOME=/opt/rustwide/rustup-home" "-w" "/opt/rustwide/workdir" "-m" "1610612736" "--user" "0:0" "--network" "none" "ghcr.io/rust-lang/crates-build-env/linux@sha256:2788e3201cd34a07e3172128adcd8b3090168a8e3bcc40d7c032b9dda1df7d1c" "/opt/rustwide/cargo-home/bin/cargo" "+beta-2023-12-22" "build" "--frozen" "--message-format=json", kill_on_drop: false }`
[INFO] [stdout] 0e83e3b9a766da8ede2a532611f2724434f716a2a0701695f4e3ad2090214f5a
[INFO] running `Command { std: "docker" "start" "-a" "0e83e3b9a766da8ede2a532611f2724434f716a2a0701695f4e3ad2090214f5a", kill_on_drop: false }`
[INFO] [stderr]    Compiling libc v0.2.150
[INFO] [stderr]    Compiling autocfg v1.1.0
[INFO] [stderr]    Compiling crossbeam-utils v0.8.16
[INFO] [stderr]    Compiling parking_lot_core v0.9.9
[INFO] [stderr]    Compiling same-file v1.0.6
[INFO] [stderr]    Compiling smallvec v1.11.2
[INFO] [stderr]    Compiling scopeguard v1.2.0
[INFO] [stderr]    Compiling log v0.4.20
[INFO] [stderr]    Compiling file-id v0.2.1
[INFO] [stderr]    Compiling walkdir v2.4.0
[INFO] [stderr]    Compiling lock_api v0.4.11
[INFO] [stderr]    Compiling crossbeam-channel v0.5.8
[INFO] [stderr]    Compiling inotify-sys v0.1.5
[INFO] [stderr]    Compiling filetime v0.2.22
[INFO] [stderr]    Compiling mio v0.8.9
[INFO] [stderr]    Compiling inotify v0.9.6
[INFO] [stderr]    Compiling parking_lot v0.12.1
[INFO] [stderr]    Compiling notify v6.1.1
[INFO] [stderr]    Compiling notify-debouncer-full v0.3.1 (/opt/rustwide/workdir)
[INFO] [stderr]     Finished dev [unoptimized + debuginfo] target(s) in 1.47s
[INFO] running `Command { std: "docker" "inspect" "0e83e3b9a766da8ede2a532611f2724434f716a2a0701695f4e3ad2090214f5a", kill_on_drop: false }`
[INFO] running `Command { std: "docker" "rm" "-f" "0e83e3b9a766da8ede2a532611f2724434f716a2a0701695f4e3ad2090214f5a", kill_on_drop: false }`
[INFO] [stdout] 0e83e3b9a766da8ede2a532611f2724434f716a2a0701695f4e3ad2090214f5a
[INFO] running `Command { std: "docker" "create" "-v" "/var/lib/crater-agent-workspace/builds/worker-4-tc2/target:/opt/rustwide/target:rw,Z" "-v" "/var/lib/crater-agent-workspace/builds/worker-4-tc2/source:/opt/rustwide/workdir:ro,Z" "-v" "/var/lib/crater-agent-workspace/cargo-home:/opt/rustwide/cargo-home:ro,Z" "-v" "/var/lib/crater-agent-workspace/rustup-home:/opt/rustwide/rustup-home:ro,Z" "-e" "SOURCE_DIR=/opt/rustwide/workdir" "-e" "CARGO_TARGET_DIR=/opt/rustwide/target" "-e" "CARGO_INCREMENTAL=0" "-e" "RUST_BACKTRACE=full" "-e" "RUSTFLAGS=--cap-lints=warn" "-e" "RUSTDOCFLAGS=--cap-lints=warn" "-e" "CARGO_HOME=/opt/rustwide/cargo-home" "-e" "RUSTUP_HOME=/opt/rustwide/rustup-home" "-w" "/opt/rustwide/workdir" "-m" "1610612736" "--user" "0:0" "--network" "none" "ghcr.io/rust-lang/crates-build-env/linux@sha256:2788e3201cd34a07e3172128adcd8b3090168a8e3bcc40d7c032b9dda1df7d1c" "/opt/rustwide/cargo-home/bin/cargo" "+beta-2023-12-22" "test" "--frozen" "--no-run" "--message-format=json", kill_on_drop: false }`
[INFO] [stdout] a05557acfee3210f2aca1af13762b6a84f333f08e314d9c51899af80f1917ff2
[INFO] running `Command { std: "docker" "start" "-a" "a05557acfee3210f2aca1af13762b6a84f333f08e314d9c51899af80f1917ff2", kill_on_drop: false }`
[INFO] [stderr]    Compiling proc-macro2 v1.0.70
[INFO] [stderr]    Compiling unicode-ident v1.0.12
[INFO] [stderr]    Compiling futures-core v0.3.29
[INFO] [stderr]    Compiling semver v1.0.20
[INFO] [stderr]    Compiling futures-task v0.3.29
[INFO] [stderr]    Compiling slab v0.4.9
[INFO] [stderr]    Compiling futures-channel v0.3.29
[INFO] [stderr]    Compiling futures-util v0.3.29
[INFO] [stderr]    Compiling futures-sink v0.3.29
[INFO] [stderr]    Compiling memchr v2.6.4
[INFO] [stderr]    Compiling pin-project-lite v0.2.13
[INFO] [stderr]    Compiling futures-io v0.3.29
[INFO] [stderr]    Compiling syn v1.0.109
[INFO] [stderr]    Compiling getrandom v0.2.11
[INFO] [stderr]    Compiling serde v1.0.193
[INFO] [stderr]    Compiling ppv-lite86 v0.2.17
[INFO] [stderr]    Compiling rustc_version v0.4.0
[INFO] [stderr]    Compiling rand_core v0.6.4
[INFO] [stderr]    Compiling futures-timer v3.0.2
[INFO] [stderr]    Compiling yansi v0.5.1
[INFO] [stderr]    Compiling diff v0.1.13
[INFO] [stderr]    Compiling rand_chacha v0.3.1
[INFO] [stderr]    Compiling pretty_assertions v1.4.0
[INFO] [stderr]    Compiling quote v1.0.33
[INFO] [stderr]    Compiling rstest_macros v0.17.0
[INFO] [stderr]    Compiling mock_instant v0.3.1
[INFO] [stderr]    Compiling syn v2.0.39
[INFO] [stderr]    Compiling rand v0.8.5
[INFO] [stderr]    Compiling futures-macro v0.3.29
[INFO] [stderr]    Compiling serde_derive v1.0.193
[INFO] [stderr]    Compiling futures-executor v0.3.29
[INFO] [stderr]    Compiling futures v0.3.29
[INFO] [stderr]    Compiling rstest v0.17.0
[INFO] [stderr]    Compiling deser-hjson v1.2.0
[INFO] [stderr]    Compiling notify-debouncer-full v0.3.1 (/opt/rustwide/workdir)
[INFO] [stderr]     Finished test [unoptimized + debuginfo] target(s) in 9.73s
[INFO] running `Command { std: "docker" "inspect" "a05557acfee3210f2aca1af13762b6a84f333f08e314d9c51899af80f1917ff2", kill_on_drop: false }`
[INFO] running `Command { std: "docker" "rm" "-f" "a05557acfee3210f2aca1af13762b6a84f333f08e314d9c51899af80f1917ff2", kill_on_drop: false }`
[INFO] [stdout] a05557acfee3210f2aca1af13762b6a84f333f08e314d9c51899af80f1917ff2
[INFO] running `Command { std: "docker" "create" "-v" "/var/lib/crater-agent-workspace/builds/worker-4-tc2/target:/opt/rustwide/target:rw,Z" "-v" "/var/lib/crater-agent-workspace/builds/worker-4-tc2/source:/opt/rustwide/workdir:ro,Z" "-v" "/var/lib/crater-agent-workspace/cargo-home:/opt/rustwide/cargo-home:ro,Z" "-v" "/var/lib/crater-agent-workspace/rustup-home:/opt/rustwide/rustup-home:ro,Z" "-e" "SOURCE_DIR=/opt/rustwide/workdir" "-e" "CARGO_TARGET_DIR=/opt/rustwide/target" "-e" "CARGO_INCREMENTAL=0" "-e" "RUST_BACKTRACE=full" "-e" "RUSTFLAGS=--cap-lints=warn" "-e" "RUSTDOCFLAGS=--cap-lints=warn" "-e" "CARGO_HOME=/opt/rustwide/cargo-home" "-e" "RUSTUP_HOME=/opt/rustwide/rustup-home" "-w" "/opt/rustwide/workdir" "-m" "1610612736" "--user" "0:0" "--network" "none" "ghcr.io/rust-lang/crates-build-env/linux@sha256:2788e3201cd34a07e3172128adcd8b3090168a8e3bcc40d7c032b9dda1df7d1c" "/opt/rustwide/cargo-home/bin/cargo" "+beta-2023-12-22" "test" "--frozen", kill_on_drop: false }`
[INFO] [stdout] 7dfda7d3d42804d508a13c6cc3e9a18529f2f2ec6b44d895d562e77c97f92591
[INFO] running `Command { std: "docker" "start" "-a" "7dfda7d3d42804d508a13c6cc3e9a18529f2f2ec6b44d895d562e77c97f92591", kill_on_drop: false }`
[INFO] [stderr]     Finished test [unoptimized + debuginfo] target(s) in 0.05s
[INFO] [stderr]      Running unittests src/lib.rs (/opt/rustwide/target/debug/deps/notify_debouncer_full-6fd396f04a1195eb)
[INFO] [stdout] 
[INFO] [stdout] running 35 tests
[INFO] [stdout] test tests::state::file_name_02___add_create_event_after_remove_event__ ... ok
[INFO] [stdout] test tests::state::file_name_04___add_modify_content_event_after_create_event__ ... ok
[INFO] [stdout] test tests::state::file_name_01___add_create_event__ ... ok
[INFO] [stdout] test tests::state::file_name_06___add_rename_from_event_after_create_event__ ... ok
[INFO] [stdout] test tests::state::file_name_10___add_rename_to_event__ ... ok
[INFO] [stdout] test tests::state::file_name_05___add_rename_from_event__ ... ok
[INFO] [stdout] test tests::state::file_name_03___add_create_dir_event_twice__ ... ok
[INFO] [stdout] test tests::state::file_name_08___add_rename_from_event_after_create_and_modify_event__ ... ok
[INFO] [stdout] test tests::state::file_name_09___add_rename_from_event_after_rename_from_event__ ... ok
[INFO] [stdout] test tests::state::file_name_12___add_rename_from_and_to_event__ ... ok
[INFO] [stdout] test tests::state::file_name_11___add_rename_to_dir_event__ ... ok
[INFO] [stdout] test tests::state::file_name_07___add_rename_from_event_after_modify_event__ ... ok
[INFO] [stdout] test tests::state::file_name_13___add_rename_from_and_to_event_after_create__ ... ok
[INFO] [stdout] test tests::state::file_name_14___add_rename_from_and_to_event_after_rename__ ... ok
[INFO] [stdout] test tests::state::file_name_20___add_rename_from_and_to_event_with_different_file_ids__ ... ok
[INFO] [stdout] test tests::state::file_name_19___add_rename_from_and_to_event_with_file_ids__ ... ok
[INFO] [stdout] test tests::state::file_name_18___add_rename_from_and_to_event_override_removed__ ... ok
[INFO] [stdout] test tests::state::file_name_23___add_remove_event__ ... ok
[INFO] [stdout] test tests::state::file_name_22___add_rename_both_event__ ... ok
[INFO] [stdout] test tests::state::file_name_16___add_rename_from_and_to_event_override_created__ ... ok
[INFO] [stdout] test tests::state::file_name_17___add_rename_from_and_to_event_override_modified__ ... ok
[INFO] [stdout] test tests::state::file_name_28___add_errors__ ... ok
[INFO] [stdout] test tests::state::file_name_27___add_remove_parent_event_after_remove_child_event__ ... ok
[INFO] [stdout] test tests::state::file_name_29___emit_continuous_modify_content_events__ ... ok
[INFO] [stdout] test tests::state::file_name_26___add_remove_event_after_create_and_modify_event__ ... ok
[INFO] [stdout] test tests::state::file_name_31___emit_events_with_a_prepended_rename_event__ ... ok
[INFO] [stdout] test tests::state::file_name_32___emit_close_events_only_once__ ... ok
[INFO] [stdout] test tests::state::file_name_35___read_file_id_without_create_event__ ... ok
[INFO] [stdout] test tests::state::file_name_30___emit_events_in_chronological_order__ ... ok
[INFO] [stdout] test tests::state::file_name_33___emit_modify_event_after_close_event__ ... ok
[INFO] [stdout] test tests::state::file_name_24___add_remove_event_after_create_event__ ... ok
[INFO] [stdout] test tests::state::file_name_15___add_rename_from_and_to_event_after_modify_content__ ... ok
[INFO] [stdout] test tests::state::file_name_34___emit_needs_rescan_event__ ... ok
[INFO] [stdout] test tests::state::file_name_21___add_rename_from_and_to_event_with_different_tracker__ ... ok
[INFO] [stdout] test tests::state::file_name_25___add_remove_event_after_modify_event__ ... ok
[INFO] [stdout] 
[INFO] [stdout] test result: ok. 35 passed; 0 failed; 0 ignored; 0 measured; 0 filtered out; finished in 0.06s
[INFO] [stdout] 
[INFO] [stderr]    Doc-tests notify_debouncer_full
[INFO] [stdout] 
[INFO] [stdout] running 2 tests
[INFO] [stdout] test src/lib.rs - DebounceEventHandler (line 104) - compile ... ok
[INFO] [stdout] test src/lib.rs - (line 29) - compile ... FAILED
[INFO] [stderr] error: doctest failed, to rerun pass `--doc`
[INFO] [stdout] 
[INFO] [stdout] failures:
[INFO] [stdout] 
[INFO] [stdout] ---- src/lib.rs - (line 29) stdout ----
[INFO] [stdout] error[E0061]: this function takes 4 arguments but 3 arguments were supplied
[INFO] [stdout]    --> src/lib.rs:37:21
[INFO] [stdout]     |
[INFO] [stdout] 11  |   let mut debouncer = new_debouncer(Duration::from_secs(2), None, |result: DebounceEventResult| {
[INFO] [stdout]     |  _____________________^^^^^^^^^^^^^-
[INFO] [stdout] 12  | |     match result {
[INFO] [stdout] 13  | |         Ok(events) => events.iter().for_each(|event| println!("{event:?}")),
[INFO] [stdout] 14  | |         Err(errors) => errors.iter().for_each(|error| println!("{error:?}")),
[INFO] [stdout] 15  | |     }
[INFO] [stdout] 16  | | }).unwrap();
[INFO] [stdout]     | |__- an argument of type `bool` is missing
[INFO] [stdout]     |
[INFO] [stdout] note: function defined here
[INFO] [stdout]    --> /opt/rustwide/workdir/src/lib.rs:656:8
[INFO] [stdout]     |
[INFO] [stdout] 656 | pub fn new_debouncer<F: DebounceEventHandler>(
[INFO] [stdout]     |        ^^^^^^^^^^^^^
[INFO] [stdout] help: provide the argument
[INFO] [stdout]     |
[INFO] [stdout] 11  ~ let mut debouncer = new_debouncer(Duration::from_secs(2), None, |result: DebounceEventResult| {
[INFO] [stdout] 12  +     match result {
[INFO] [stdout] 13  +         Ok(events) => events.iter().for_each(|event| println!("{event:?}")),
[INFO] [stdout] 14  +         Err(errors) => errors.iter().for_each(|error| println!("{error:?}")),
[INFO] [stdout] 15  +     }
[INFO] [stdout] 16  ~ }, /* bool */).unwrap();
[INFO] [stdout]     |
[INFO] [stdout] 
[INFO] [stdout] error: aborting due to 1 previous error
[INFO] [stdout] 
[INFO] [stdout] For more information about this error, try `rustc --explain E0061`.
[INFO] [stdout] Couldn't compile the test.
[INFO] [stdout] 
[INFO] [stdout] failures:
[INFO] [stdout]     src/lib.rs - (line 29)
[INFO] [stdout] 
[INFO] [stdout] test result: FAILED. 1 passed; 1 failed; 0 ignored; 0 measured; 0 filtered out; finished in 0.05s
[INFO] [stdout] 
[INFO] running `Command { std: "docker" "inspect" "7dfda7d3d42804d508a13c6cc3e9a18529f2f2ec6b44d895d562e77c97f92591", kill_on_drop: false }`
[INFO] running `Command { std: "docker" "rm" "-f" "7dfda7d3d42804d508a13c6cc3e9a18529f2f2ec6b44d895d562e77c97f92591", kill_on_drop: false }`
[INFO] [stdout] 7dfda7d3d42804d508a13c6cc3e9a18529f2f2ec6b44d895d562e77c97f92591
