[INFO] cloning repository https://github.com/arborice/buo
[INFO] running `Command { std: "git" "-c" "credential.helper=" "-c" "credential.helper=/workspace/cargo-home/bin/git-credential-null" "clone" "--bare" "https://github.com/arborice/buo" "/workspace/cache/git-repos/https%3A%2F%2Fgithub.com%2Farborice%2Fbuo", kill_on_drop: false }`
[INFO] [stderr] Cloning into bare repository '/workspace/cache/git-repos/https%3A%2F%2Fgithub.com%2Farborice%2Fbuo'...
[INFO] running `Command { std: "git" "rev-parse" "HEAD", kill_on_drop: false }`
[INFO] [stdout] d69f7e7822f5b7612a4d2fd978f63fb1cf4bd053
[INFO] testing arborice/buo against 1.75.0 for beta-1.76-1
[INFO] running `Command { std: "git" "clone" "/workspace/cache/git-repos/https%3A%2F%2Fgithub.com%2Farborice%2Fbuo" "/workspace/builds/worker-7-tc1/source", kill_on_drop: false }`
[INFO] [stderr] Cloning into '/workspace/builds/worker-7-tc1/source'...
[INFO] [stderr] done.
[INFO] validating manifest of git repo https://github.com/arborice/buo on toolchain 1.75.0
[INFO] running `Command { std: CARGO_HOME="/workspace/cargo-home" RUSTUP_HOME="/workspace/rustup-home" "/workspace/cargo-home/bin/cargo" "+1.75.0" "metadata" "--manifest-path" "Cargo.toml" "--no-deps", kill_on_drop: false }`
[INFO] started tweaking git repo https://github.com/arborice/buo
[INFO] finished tweaking git repo https://github.com/arborice/buo
[INFO] tweaked toml for git repo https://github.com/arborice/buo written to /workspace/builds/worker-7-tc1/source/Cargo.toml
[INFO] crate git repo https://github.com/arborice/buo already has a lockfile, it will not be regenerated
[INFO] running `Command { std: CARGO_HOME="/workspace/cargo-home" RUSTUP_HOME="/workspace/rustup-home" "/workspace/cargo-home/bin/cargo" "+1.75.0" "fetch" "--manifest-path" "Cargo.toml", kill_on_drop: false }`
[INFO] [stderr]     Updating crates.io index
[INFO] [stderr]     Updating git repository `https://github.com/clap-rs/clap/`
[INFO] [stderr]  Downloading crates ...
[INFO] [stderr]   Downloaded encoding_rs_io v0.1.7
[INFO] [stderr]   Downloaded grep-searcher v0.1.13
[INFO] [stderr]   Downloaded symphonia-metadata v0.3.0
[INFO] [stderr]   Downloaded symphonia-core v0.3.0
[INFO] [stderr]   Downloaded symphonia-bundle-mp3 v0.3.0
[INFO] [stderr]   Downloaded grep-matcher v0.1.7
[INFO] [stderr]   Downloaded bitstream-io v1.10.0
[INFO] [stderr]   Downloaded symphonia-format-wav v0.3.0
[INFO] [stderr]   Downloaded symphonia-bundle-flac v0.3.0
[INFO] [stderr]   Downloaded symphonia-codec-aac v0.3.0
[INFO] [stderr]   Downloaded symphonia-codec-pcm v0.3.0
[INFO] [stderr]   Downloaded symphonia-format-ogg v0.3.0
[INFO] [stderr]   Downloaded tokei v12.1.2
[INFO] [stderr]   Downloaded symphonia-format-isomp4 v0.3.0
[INFO] [stderr]   Downloaded symphonia-utils-xiph v0.3.0
[INFO] [stderr]   Downloaded symphonia v0.3.0
[INFO] [stderr]   Downloaded matroska v0.7.0
[INFO] [stderr]   Downloaded textwrap v0.14.0
[INFO] running `Command { std: "docker" "create" "-v" "/var/lib/crater-agent-workspace/builds/worker-7-tc1/target:/opt/rustwide/target:rw,Z" "-v" "/var/lib/crater-agent-workspace/builds/worker-7-tc1/source:/opt/rustwide/workdir:ro,Z" "-v" "/var/lib/crater-agent-workspace/cargo-home:/opt/rustwide/cargo-home:ro,Z" "-v" "/var/lib/crater-agent-workspace/rustup-home:/opt/rustwide/rustup-home:ro,Z" "-e" "SOURCE_DIR=/opt/rustwide/workdir" "-e" "CARGO_TARGET_DIR=/opt/rustwide/target" "-e" "CARGO_HOME=/opt/rustwide/cargo-home" "-e" "RUSTUP_HOME=/opt/rustwide/rustup-home" "-w" "/opt/rustwide/workdir" "-m" "1610612736" "--user" "0:0" "--network" "none" "ghcr.io/rust-lang/crates-build-env/linux@sha256:2788e3201cd34a07e3172128adcd8b3090168a8e3bcc40d7c032b9dda1df7d1c" "/opt/rustwide/cargo-home/bin/cargo" "+1.75.0" "metadata" "--no-deps" "--format-version=1", kill_on_drop: false }`
[INFO] [stdout] 9978416ccd2cce89f61b1737d3ad1e77fa74777d196a48556ce59df8d7022bb4
[INFO] running `Command { std: "docker" "start" "-a" "9978416ccd2cce89f61b1737d3ad1e77fa74777d196a48556ce59df8d7022bb4", kill_on_drop: false }`
[INFO] running `Command { std: "docker" "inspect" "9978416ccd2cce89f61b1737d3ad1e77fa74777d196a48556ce59df8d7022bb4", kill_on_drop: false }`
[INFO] running `Command { std: "docker" "rm" "-f" "9978416ccd2cce89f61b1737d3ad1e77fa74777d196a48556ce59df8d7022bb4", kill_on_drop: false }`
[INFO] [stdout] 9978416ccd2cce89f61b1737d3ad1e77fa74777d196a48556ce59df8d7022bb4
[INFO] running `Command { std: "docker" "create" "-v" "/var/lib/crater-agent-workspace/builds/worker-7-tc1/target:/opt/rustwide/target:rw,Z" "-v" "/var/lib/crater-agent-workspace/builds/worker-7-tc1/source:/opt/rustwide/workdir:ro,Z" "-v" "/var/lib/crater-agent-workspace/cargo-home:/opt/rustwide/cargo-home:ro,Z" "-v" "/var/lib/crater-agent-workspace/rustup-home:/opt/rustwide/rustup-home:ro,Z" "-e" "SOURCE_DIR=/opt/rustwide/workdir" "-e" "CARGO_TARGET_DIR=/opt/rustwide/target" "-e" "CARGO_INCREMENTAL=0" "-e" "RUST_BACKTRACE=full" "-e" "RUSTFLAGS=--cap-lints=warn" "-e" "RUSTDOCFLAGS=--cap-lints=warn" "-e" "CARGO_HOME=/opt/rustwide/cargo-home" "-e" "RUSTUP_HOME=/opt/rustwide/rustup-home" "-w" "/opt/rustwide/workdir" "-m" "1610612736" "--user" "0:0" "--network" "none" "ghcr.io/rust-lang/crates-build-env/linux@sha256:2788e3201cd34a07e3172128adcd8b3090168a8e3bcc40d7c032b9dda1df7d1c" "/opt/rustwide/cargo-home/bin/cargo" "+1.75.0" "build" "--frozen" "--message-format=json", kill_on_drop: false }`
[INFO] [stdout] cb1610ece180f404ffaa9d006f2c225145ba2c225dfa26068ec1ce865a1610e3
[INFO] running `Command { std: "docker" "start" "-a" "cb1610ece180f404ffaa9d006f2c225145ba2c225dfa26068ec1ce865a1610e3", kill_on_drop: false }`
[INFO] [stderr]    Compiling libc v0.2.151
[INFO] [stderr]    Compiling syn v1.0.73
[INFO] [stderr]    Compiling unicode-xid v0.2.2
[INFO] [stderr]    Compiling memchr v2.7.1
[INFO] [stderr]    Compiling bitflags v1.2.1
[INFO] [stderr]    Compiling serde_derive v1.0.126
[INFO] [stderr]    Compiling ppv-lite86 v0.2.17
[INFO] [stderr]    Compiling serde v1.0.126
[INFO] [stderr]    Compiling siphasher v0.3.11
[INFO] [stderr]    Compiling autocfg v1.0.1
[INFO] [stderr]    Compiling version_check v0.9.3
[INFO] [stderr]    Compiling encoding_rs v0.8.33
[INFO] [stderr]    Compiling arrayvec v0.6.1
[INFO] [stderr]    Compiling byteorder v1.4.3
[INFO] [stderr]    Compiling once_cell v1.19.0
[INFO] [stderr]    Compiling syn v2.0.48
[INFO] [stderr]    Compiling getrandom v0.1.16
[INFO] [stderr]    Compiling phf_shared v0.11.2
[INFO] [stderr]    Compiling thiserror v1.0.56
[INFO] [stderr]    Compiling ucd-trie v0.1.6
[INFO] [stderr]    Compiling ryu v1.0.5
[INFO] [stderr]    Compiling unic-char-range v0.9.0
[INFO] [stderr]    Compiling libm v0.2.8
[INFO] [stderr]    Compiling phf v0.11.2
[INFO] [stderr]    Compiling symphonia-core v0.3.0
[INFO] [stderr]    Compiling unic-common v0.9.0
[INFO] [stderr]    Compiling iana-time-zone v0.1.59
[INFO] [stderr]    Compiling num-traits v0.2.14
[INFO] [stderr]    Compiling unic-char-property v0.9.0
[INFO] [stderr]    Compiling serde_json v1.0.64
[INFO] [stderr]    Compiling unic-ucd-version v0.9.0
[INFO] [stderr]    Compiling ahash v0.7.7
[INFO] [stderr]    Compiling unic-ucd-segment v0.9.0
[INFO] [stderr]    Compiling proc-macro-error-attr v1.0.4
[INFO] [stderr]    Compiling deunicode v1.4.2
[INFO] [stderr]    Compiling itoa v0.4.7
[INFO] [stderr]    Compiling aho-corasick v1.1.2
[INFO] [stderr]    Compiling bstr v1.9.0
[INFO] [stderr]    Compiling unicode-width v0.1.8
[INFO] [stderr]    Compiling proc-macro-hack v0.5.20+deprecated
[INFO] [stderr]    Compiling unicode-segmentation v1.7.1
[INFO] [stderr]    Compiling slug v0.1.5
[INFO] [stderr]    Compiling unic-segment v0.9.0
[INFO] [stderr]    Compiling proc-macro-error v1.0.4
[INFO] [stderr]    Compiling phf_shared v0.8.0
[INFO] [stderr]    Compiling parking_lot_core v0.8.6
[INFO] [stderr]    Compiling heck v0.3.3
[INFO] [stderr]    Compiling pkg-config v0.3.19
[INFO] [stderr]    Compiling indexmap v1.6.2
[INFO] [stderr]    Compiling instant v0.1.12
[INFO] [stderr]    Compiling humansize v2.1.3
[INFO] [stderr]    Compiling rustix v0.38.28
[INFO] [stderr]    Compiling vec_map v0.8.2
[INFO] [stderr]    Compiling linked-hash-map v0.5.4
[INFO] [stderr]    Compiling symphonia-metadata v0.3.0
[INFO] [stderr]    Compiling termcolor v1.1.2
[INFO] [stderr]    Compiling lock_api v0.4.6
[INFO] [stderr]    Compiling yaml-rust v0.4.5
[INFO] [stderr]    Compiling encoding_rs_io v0.1.7
[INFO] [stderr]    Compiling libsqlite3-sys v0.22.2
[INFO] [stderr]    Compiling textwrap v0.11.0
[INFO] [stderr]    Compiling grep-matcher v0.1.7
[INFO] [stderr]    Compiling strsim v0.8.0
[INFO] [stderr]    Compiling linux-raw-sys v0.4.12
[INFO] [stderr]    Compiling symphonia-utils-xiph v0.3.0
[INFO] [stderr]    Compiling regex-automata v0.4.3
[INFO] [stderr]    Compiling getrandom v0.2.11
[INFO] [stderr]    Compiling atty v0.2.14
[INFO] [stderr]    Compiling num_cpus v1.16.0
[INFO] [stderr]    Compiling memmap2 v0.9.3
[INFO] [stderr]    Compiling rand_core v0.6.4
[INFO] [stderr]    Compiling rand_core v0.5.1
[INFO] [stderr]    Compiling dirs-sys v0.3.7
[INFO] [stderr]    Compiling rand_pcg v0.2.1
[INFO] [stderr]    Compiling rand_chacha v0.3.1
[INFO] [stderr]    Compiling rand_chacha v0.2.2
[INFO] [stderr]    Compiling hashbrown v0.11.2
[INFO] [stderr]    Compiling anyhow v1.0.79
[INFO] [stderr]    Compiling ansi_term v0.12.1
[INFO] [stderr]    Compiling dtoa v0.4.8
[INFO] [stderr]    Compiling hashbrown v0.9.1
[INFO] [stderr]    Compiling rand v0.7.3
[INFO] [stderr]    Compiling rand v0.8.5
[INFO] [stderr]    Compiling arrayvec v0.7.4
[INFO] [stderr]    Compiling clap v2.34.0
[INFO] [stderr]    Compiling parking_lot v0.11.2
[INFO] [stderr]    Compiling num-format v0.4.4
[INFO] [stderr]    Compiling hashlink v0.7.0
[INFO] [stderr]    Compiling dirs v3.0.2
[INFO] [stderr]    Compiling grep-searcher v0.1.13
[INFO] [stderr]    Compiling term_size v0.3.2
[INFO] [stderr]    Compiling symphonia-format-ogg v0.3.0
[INFO] [stderr]    Compiling symphonia-bundle-flac v0.3.0
[INFO] [stderr]    Compiling symphonia-format-isomp4 v0.3.0
[INFO] [stderr]    Compiling symphonia-format-wav v0.3.0
[INFO] [stderr]    Compiling symphonia-bundle-mp3 v0.3.0
[INFO] [stderr]    Compiling symphonia-codec-aac v0.3.0
[INFO] [stderr]    Compiling phf_generator v0.11.2
[INFO] [stderr]    Compiling phf_codegen v0.11.2
[INFO] [stderr]    Compiling phf_generator v0.8.0
[INFO] [stderr]    Compiling symphonia-codec-pcm v0.3.0
[INFO] [stderr]    Compiling textwrap v0.14.0
[INFO] [stderr]    Compiling aho-corasick v0.7.20
[INFO] [stderr]    Compiling crossbeam-channel v0.5.10
[INFO] [stderr]    Compiling fallible-iterator v0.2.0
[INFO] [stderr]    Compiling bitstream-io v1.10.0
[INFO] [stderr]    Compiling fallible-streaming-iterator v0.1.9
[INFO] [stderr]    Compiling os_str_bytes v3.1.0
[INFO] [stderr]    Compiling darling_core v0.13.4
[INFO] [stderr]    Compiling fastrand v2.0.1
[INFO] [stderr]    Compiling utf8-width v0.1.7
[INFO] [stderr]    Compiling rusqlite v0.25.4
[INFO] [stderr]    Compiling symphonia v0.3.0
[INFO] [stderr]    Compiling filesize v0.2.0
[INFO] [stderr]    Compiling regex v1.10.2
[INFO] [stderr]    Compiling globset v0.4.14
[INFO] [stderr]    Compiling tempfile v3.9.0
[INFO] [stderr]    Compiling parse-zoneinfo v0.3.0
[INFO] [stderr]    Compiling ignore v0.4.21
[INFO] [stderr]    Compiling env_logger v0.8.4
[INFO] [stderr]    Compiling thiserror-impl v1.0.56
[INFO] [stderr]    Compiling chrono-tz-build v0.2.1
[INFO] [stderr]    Compiling globwalk v0.8.1
[INFO] [stderr]    Compiling phf_macros v0.8.0
[INFO] [stderr]    Compiling clap_derive v3.0.0-beta.2 (https://github.com/clap-rs/clap/#89d1519f)
[INFO] [stderr]    Compiling strum_macros v0.21.1
[INFO] [stderr]    Compiling darling_macro v0.13.4
[INFO] [stderr]    Compiling chrono-tz v0.8.5
[INFO] [stderr]    Compiling pest v2.7.6
[INFO] [stderr]    Compiling phf v0.8.0
[INFO] [stderr]    Compiling darling v0.13.4
[INFO] [stderr]    Compiling serde_with_macros v1.5.2
[INFO] [stderr]    Compiling strum v0.21.0
[INFO] [stderr]    Compiling clap v3.0.0-beta.2 (https://github.com/clap-rs/clap/#89d1519f)
[INFO] [stderr]    Compiling pest_meta v2.7.6
[INFO] [stderr]    Compiling pest_generator v2.7.6
[INFO] [stderr]    Compiling pest_derive v2.7.6
[INFO] [stderr]    Compiling chrono v0.4.31
[INFO] [stderr]    Compiling toml v0.5.8
[INFO] [stderr]    Compiling dashmap v4.0.2
[INFO] [stderr]    Compiling serde_yaml v0.8.17
[INFO] [stderr]    Compiling serde_with v1.14.0
[INFO] [stderr]    Compiling bincode v1.3.3
[INFO] [stderr]    Compiling tinyvec v1.6.0
[INFO] [stderr]    Compiling byte-unit v4.0.19
[INFO] [stderr]    Compiling matroska v0.7.0
[INFO] [stderr]    Compiling tera v1.19.1
[INFO] [stderr]    Compiling tokei v12.1.2
[INFO] [stderr]    Compiling buo v0.1.0 (/opt/rustwide/workdir)
[INFO] [stdout] warning: unused import: `dirs::DirMeta`
[INFO] [stdout]  --> src/prelude.rs:2:5
[INFO] [stdout]   |
[INFO] [stdout] 2 |     dirs::DirMeta,
[INFO] [stdout]   |     ^^^^^^^^^^^^^
[INFO] [stdout]   |
[INFO] [stdout]   = note: `#[warn(unused_imports)]` on by default
[INFO] [stdout] 
[INFO] [stdout] 
[INFO] [stdout] warning: unused import: `Row`
[INFO] [stdout]  --> src/util/web/firefox.rs:2:39
[INFO] [stdout]   |
[INFO] [stdout] 2 | use rusqlite::{Connection, OpenFlags, Row};
[INFO] [stdout]   |                                       ^^^
[INFO] [stdout] 
[INFO] [stdout] 
[INFO] [stdout] warning: method `next_insertion_index` is never used
[INFO] [stdout]   --> src/util/cache/local.rs:43:8
[INFO] [stdout]    |
[INFO] [stdout] 29 | impl PersistentCache {
[INFO] [stdout]    | -------------------- method in this implementation
[INFO] [stdout] ...
[INFO] [stdout] 43 |     fn next_insertion_index(&mut self) -> Result<()> {
[INFO] [stdout]    |        ^^^^^^^^^^^^^^^^^^^^
[INFO] [stdout]    |
[INFO] [stdout]    = note: `#[warn(dead_code)]` on by default
[INFO] [stdout] 
[INFO] [stdout] 
[INFO] [stdout] warning: enum `Os` is never used
[INFO] [stdout]  --> src/util/os.rs:1:10
[INFO] [stdout]   |
[INFO] [stdout] 1 | pub enum Os {
[INFO] [stdout]   |          ^^
[INFO] [stdout] 
[INFO] [stdout] 
[INFO] [stdout] warning: enum `ChromiumBrowser` is never used
[INFO] [stdout]  --> src/util/web/chromium.rs:9:10
[INFO] [stdout]   |
[INFO] [stdout] 9 | pub enum ChromiumBrowser {
[INFO] [stdout]   |          ^^^^^^^^^^^^^^^
[INFO] [stdout] 
[INFO] [stdout] 
[INFO] [stdout] warning: function `with_default_profile` is never used
[INFO] [stdout]   --> src/util/web/chromium.rs:17:4
[INFO] [stdout]    |
[INFO] [stdout] 17 | fn with_default_profile(browser_dir: &mut PathBuf) -> Result<()> {
[INFO] [stdout]    |    ^^^^^^^^^^^^^^^^^^^^
[INFO] [stdout] 
[INFO] [stdout] 
[INFO] [stdout] warning: function `resolve_chromium_browser_bookmark_path` is never used
[INFO] [stdout]   --> src/util/web/chromium.rs:34:8
[INFO] [stdout]    |
[INFO] [stdout] 34 | pub fn resolve_chromium_browser_bookmark_path(browser: ChromiumBrowser, os: Os) -> Result<PathBuf> {
[INFO] [stdout]    |        ^^^^^^^^^^^^^^^^^^^^^^^^^^^^^^^^^^^^^^
[INFO] [stdout] 
[INFO] [stdout] 
[INFO] [stdout] warning: function `get_chromium_bookmarks` is never used
[INFO] [stdout]   --> src/util/web/chromium.rs:56:8
[INFO] [stdout]    |
[INFO] [stdout] 56 | pub fn get_chromium_bookmarks(bookmark_path: &Path) -> Result<Option<Vec<WebBookmark>>> {
[INFO] [stdout]    |        ^^^^^^^^^^^^^^^^^^^^^^
[INFO] [stdout] 
[INFO] [stdout] 
[INFO] [stdout] warning: constant `FF_ROOT_PATH` is never used
[INFO] [stdout]   --> src/util/web/firefox.rs:11:7
[INFO] [stdout]    |
[INFO] [stdout] 11 | const FF_ROOT_PATH: &str = ".mozilla/firefox";
[INFO] [stdout]    |       ^^^^^^^^^^^^
[INFO] [stdout] 
[INFO] [stdout] 
[INFO] [stdout] warning: constant `PLACES` is never used
[INFO] [stdout]   --> src/util/web/firefox.rs:12:7
[INFO] [stdout]    |
[INFO] [stdout] 12 | const PLACES: &str = "places.sqlite";
[INFO] [stdout]    |       ^^^^^^
[INFO] [stdout] 
[INFO] [stdout] 
[INFO] [stdout] warning: constant `QUERY` is never used
[INFO] [stdout]   --> src/util/web/firefox.rs:13:7
[INFO] [stdout]    |
[INFO] [stdout] 13 | const QUERY: &str = "SELECT b.title, p.url FROM moz_bookmarks b JOIN moz_places p ON p.id = b.fk";
[INFO] [stdout]    |       ^^^^^
[INFO] [stdout] 
[INFO] [stdout] 
[INFO] [stdout] warning: function `with_default_firefox_profile` is never used
[INFO] [stdout]   --> src/util/web/firefox.rs:15:4
[INFO] [stdout]    |
[INFO] [stdout] 15 | fn with_default_firefox_profile(firefox_dir: &Path) -> Result<PathBuf> {
[INFO] [stdout]    |    ^^^^^^^^^^^^^^^^^^^^^^^^^^^^
[INFO] [stdout] 
[INFO] [stdout] 
[INFO] [stdout] warning: function `query_bookmarks_from_path` is never used
[INFO] [stdout]   --> src/util/web/firefox.rs:25:4
[INFO] [stdout]    |
[INFO] [stdout] 25 | fn query_bookmarks_from_path(db_path: &Path) -> Result<Vec<WebBookmark>> {
[INFO] [stdout]    |    ^^^^^^^^^^^^^^^^^^^^^^^^^
[INFO] [stdout] 
[INFO] [stdout] 
[INFO] [stdout] warning: function `get_firefox_bookmarks` is never used
[INFO] [stdout]   --> src/util/web/firefox.rs:42:8
[INFO] [stdout]    |
[INFO] [stdout] 42 | pub fn get_firefox_bookmarks(cfg_path: &Path) -> Result<Vec<WebBookmark>> {
[INFO] [stdout]    |        ^^^^^^^^^^^^^^^^^^^^^
[INFO] [stdout] 
[INFO] [stdout] 
[INFO] [stdout] warning: 14 warnings emitted
[INFO] [stdout] 
[INFO] [stdout] 
[INFO] [stdout] warning: unused import: `dirs::DirMeta`
[INFO] [stdout]  --> src/prelude.rs:2:5
[INFO] [stdout]   |
[INFO] [stdout] 2 |     dirs::DirMeta,
[INFO] [stdout]   |     ^^^^^^^^^^^^^
[INFO] [stdout]   |
[INFO] [stdout]   = note: `#[warn(unused_imports)]` on by default
[INFO] [stdout] 
[INFO] [stdout] 
[INFO] [stdout] warning: unused imports: `MAX_CACHE_SIZE`, `PersistentCache`, `commit_cache_to_path`, `retrieve_or_init_cache`
[INFO] [stdout]  --> src/util/cache.rs:4:17
[INFO] [stdout]   |
[INFO] [stdout] 4 | pub use local::{commit_cache_to_path, retrieve_or_init_cache, PersistentCache, MAX_CACHE_SIZE};
[INFO] [stdout]   |                 ^^^^^^^^^^^^^^^^^^^^  ^^^^^^^^^^^^^^^^^^^^^^  ^^^^^^^^^^^^^^^  ^^^^^^^^^^^^^^
[INFO] [stdout] 
[INFO] [stdout] 
[INFO] [stdout] warning: unused import: `session::LiveCache`
[INFO] [stdout]  --> src/util/cache.rs:5:9
[INFO] [stdout]   |
[INFO] [stdout] 5 | pub use session::LiveCache;
[INFO] [stdout]   |         ^^^^^^^^^^^^^^^^^^
[INFO] [stdout] 
[INFO] [stdout] 
[INFO] [stdout] warning: unused import: `Row`
[INFO] [stdout]  --> src/util/web/firefox.rs:2:39
[INFO] [stdout]   |
[INFO] [stdout] 2 | use rusqlite::{Connection, OpenFlags, Row};
[INFO] [stdout]   |                                       ^^^
[INFO] [stdout] 
[INFO] [stdout] 
[INFO] [stdout] warning: function `acc_valid_paths` is never used
[INFO] [stdout]   --> src/util/cache.rs:14:4
[INFO] [stdout]    |
[INFO] [stdout] 14 | fn acc_valid_paths(
[INFO] [stdout]    |    ^^^^^^^^^^^^^^^
[INFO] [stdout]    |
[INFO] [stdout]    = note: `#[warn(dead_code)]` on by default
[INFO] [stdout] 
[INFO] [stdout] 
[INFO] [stdout] warning: function `replace_invalid_entries` is never used
[INFO] [stdout]   --> src/util/cache.rs:37:8
[INFO] [stdout]    |
[INFO] [stdout] 37 | pub fn replace_invalid_entries(
[INFO] [stdout]    |        ^^^^^^^^^^^^^^^^^^^^^^^
[INFO] [stdout] 
[INFO] [stdout] 
[INFO] [stdout] warning: function `get_initial_entries` is never used
[INFO] [stdout]   --> src/util/cache.rs:54:8
[INFO] [stdout]    |
[INFO] [stdout] 54 | pub fn get_initial_entries(
[INFO] [stdout]    |        ^^^^^^^^^^^^^^^^^^^
[INFO] [stdout] 
[INFO] [stdout] 
[INFO] [stdout] warning: methods `get`, `next_insertion_index`, `insert`, `remove`, `retain`, and `batch_query` are never used
[INFO] [stdout]   --> src/util/cache/local.rs:38:12
[INFO] [stdout]    |
[INFO] [stdout] 29 | impl PersistentCache {
[INFO] [stdout]    | -------------------- methods in this implementation
[INFO] [stdout] ...
[INFO] [stdout] 38 |     pub fn get(&self, query: &str) -> Option<&MediaMeta> {
[INFO] [stdout]    |            ^^^
[INFO] [stdout] ...
[INFO] [stdout] 43 |     fn next_insertion_index(&mut self) -> Result<()> {
[INFO] [stdout]    |        ^^^^^^^^^^^^^^^^^^^^
[INFO] [stdout] ...
[INFO] [stdout] 52 |     pub fn insert(&mut self, key: &str, entry: MediaMeta) -> Result<()> {
[INFO] [stdout]    |            ^^^^^^
[INFO] [stdout] ...
[INFO] [stdout] 63 |     pub fn remove(&mut self, key: &str) -> Option<MediaMeta> {
[INFO] [stdout]    |            ^^^^^^
[INFO] [stdout] ...
[INFO] [stdout] 72 |     pub fn retain(&mut self, functor: fn(&str, Option<&MediaMeta>) -> bool) {
[INFO] [stdout]    |            ^^^^^^
[INFO] [stdout] ...
[INFO] [stdout] 93 |     pub fn batch_query<P: AsRef<str>>(&self, queries: &[P]) -> Option<Vec<&MediaMeta>> {
[INFO] [stdout]    |            ^^^^^^^^^^^
[INFO] [stdout] 
[INFO] [stdout] 
[INFO] [stdout] warning: function `commit_cache_to_path` is never used
[INFO] [stdout]    --> src/util/cache/local.rs:120:8
[INFO] [stdout]     |
[INFO] [stdout] 120 | pub fn commit_cache_to_path(path: &Path, cache: PersistentCache) -> Result<()> {
[INFO] [stdout]     |        ^^^^^^^^^^^^^^^^^^^^
[INFO] [stdout] 
[INFO] [stdout] 
[INFO] [stdout] warning: function `init_cache` is never used
[INFO] [stdout]    --> src/util/cache/local.rs:129:4
[INFO] [stdout]     |
[INFO] [stdout] 129 | fn init_cache(path: &Path) -> Result<PersistentCache> {
[INFO] [stdout]     |    ^^^^^^^^^^
[INFO] [stdout] 
[INFO] [stdout] 
[INFO] [stdout] warning: function `is_init_candidate` is never used
[INFO] [stdout]    --> src/util/cache/local.rs:136:4
[INFO] [stdout]     |
[INFO] [stdout] 136 | fn is_init_candidate(err: &BinErr) -> bool {
[INFO] [stdout]     |    ^^^^^^^^^^^^^^^^^
[INFO] [stdout] 
[INFO] [stdout] 
[INFO] [stdout] warning: function `retrieve_or_init_cache` is never used
[INFO] [stdout]    --> src/util/cache/local.rs:151:8
[INFO] [stdout]     |
[INFO] [stdout] 151 | pub fn retrieve_or_init_cache(path: &Path) -> Result<PersistentCache> {
[INFO] [stdout]     |        ^^^^^^^^^^^^^^^^^^^^^^
[INFO] [stdout] 
[INFO] [stdout] 
[INFO] [stdout] warning: multiple associated items are never used
[INFO] [stdout]   --> src/util/cache/session.rs:22:12
[INFO] [stdout]    |
[INFO] [stdout] 21 | impl LiveCache {
[INFO] [stdout]    | -------------- associated items in this implementation
[INFO] [stdout] 22 |     pub fn new() -> Self {
[INFO] [stdout]    |            ^^^
[INFO] [stdout] ...
[INFO] [stdout] 26 |     pub fn clear(&mut self) {
[INFO] [stdout]    |            ^^^^^
[INFO] [stdout] ...
[INFO] [stdout] 30 |     pub fn contains(&self, meta: &MediaMeta) -> bool {
[INFO] [stdout]    |            ^^^^^^^^
[INFO] [stdout] ...
[INFO] [stdout] 34 |     pub fn has_capacity(&self) -> bool {
[INFO] [stdout]    |            ^^^^^^^^^^^^
[INFO] [stdout] ...
[INFO] [stdout] 38 |     fn increment(&mut self) {
[INFO] [stdout]    |        ^^^^^^^^^
[INFO] [stdout] ...
[INFO] [stdout] 46 |     pub fn find<P>(&self, fun: P) -> Option<&MediaMeta>
[INFO] [stdout]    |            ^^^^
[INFO] [stdout] ...
[INFO] [stdout] 53 |     pub fn entries(&self) -> impl Iterator<Item = &MediaMeta> {
[INFO] [stdout]    |            ^^^^^^^
[INFO] [stdout] ...
[INFO] [stdout] 57 |     pub fn insert(&mut self, meta: MediaMeta) {
[INFO] [stdout]    |            ^^^^^^
[INFO] [stdout] 
[INFO] [stdout] 
[INFO] [stdout] warning: method `human_readable_disk_size` is never used
[INFO] [stdout]   --> src/util/dirs.rs:12:12
[INFO] [stdout]    |
[INFO] [stdout] 11 | impl DirMeta {
[INFO] [stdout]    | ------------ method in this implementation
[INFO] [stdout] 12 |     pub fn human_readable_disk_size(&self) -> String {
[INFO] [stdout]    |            ^^^^^^^^^^^^^^^^^^^^^^^^
[INFO] [stdout] 
[INFO] [stdout] 
[INFO] [stdout] warning: enum `Os` is never used
[INFO] [stdout]  --> src/util/os.rs:1:10
[INFO] [stdout]   |
[INFO] [stdout] 1 | pub enum Os {
[INFO] [stdout]   |          ^^
[INFO] [stdout] 
[INFO] [stdout] 
[INFO] [stdout] warning: enum `ChromiumBrowser` is never used
[INFO] [stdout]  --> src/util/web/chromium.rs:9:10
[INFO] [stdout]   |
[INFO] [stdout] 9 | pub enum ChromiumBrowser {
[INFO] [stdout]   |          ^^^^^^^^^^^^^^^
[INFO] [stdout] 
[INFO] [stdout] 
[INFO] [stdout] warning: function `with_default_profile` is never used
[INFO] [stdout]   --> src/util/web/chromium.rs:17:4
[INFO] [stdout]    |
[INFO] [stdout] 17 | fn with_default_profile(browser_dir: &mut PathBuf) -> Result<()> {
[INFO] [stdout]    |    ^^^^^^^^^^^^^^^^^^^^
[INFO] [stdout] 
[INFO] [stdout] 
[INFO] [stdout] warning: function `resolve_chromium_browser_bookmark_path` is never used
[INFO] [stdout]   --> src/util/web/chromium.rs:34:8
[INFO] [stdout]    |
[INFO] [stdout] 34 | pub fn resolve_chromium_browser_bookmark_path(browser: ChromiumBrowser, os: Os) -> Result<PathBuf> {
[INFO] [stdout]    |        ^^^^^^^^^^^^^^^^^^^^^^^^^^^^^^^^^^^^^^
[INFO] [stdout] 
[INFO] [stdout] 
[INFO] [stdout] warning: function `get_chromium_bookmarks` is never used
[INFO] [stdout]   --> src/util/web/chromium.rs:56:8
[INFO] [stdout]    |
[INFO] [stdout] 56 | pub fn get_chromium_bookmarks(bookmark_path: &Path) -> Result<Option<Vec<WebBookmark>>> {
[INFO] [stdout]    |        ^^^^^^^^^^^^^^^^^^^^^^
[INFO] [stdout] 
[INFO] [stdout] 
[INFO] [stdout] warning: constant `FF_ROOT_PATH` is never used
[INFO] [stdout]   --> src/util/web/firefox.rs:11:7
[INFO] [stdout]    |
[INFO] [stdout] 11 | const FF_ROOT_PATH: &str = ".mozilla/firefox";
[INFO] [stdout]    |       ^^^^^^^^^^^^
[INFO] [stdout] 
[INFO] [stdout] 
[INFO] [stdout] warning: constant `PLACES` is never used
[INFO] [stdout]   --> src/util/web/firefox.rs:12:7
[INFO] [stdout]    |
[INFO] [stdout] 12 | const PLACES: &str = "places.sqlite";
[INFO] [stdout]    |       ^^^^^^
[INFO] [stdout] 
[INFO] [stdout] 
[INFO] [stdout] warning: constant `QUERY` is never used
[INFO] [stdout]   --> src/util/web/firefox.rs:13:7
[INFO] [stdout]    |
[INFO] [stdout] 13 | const QUERY: &str = "SELECT b.title, p.url FROM moz_bookmarks b JOIN moz_places p ON p.id = b.fk";
[INFO] [stdout]    |       ^^^^^
[INFO] [stdout] 
[INFO] [stdout] 
[INFO] [stdout] warning: function `with_default_firefox_profile` is never used
[INFO] [stdout]   --> src/util/web/firefox.rs:15:4
[INFO] [stdout]    |
[INFO] [stdout] 15 | fn with_default_firefox_profile(firefox_dir: &Path) -> Result<PathBuf> {
[INFO] [stdout]    |    ^^^^^^^^^^^^^^^^^^^^^^^^^^^^
[INFO] [stdout] 
[INFO] [stdout] 
[INFO] [stdout] warning: function `query_bookmarks_from_path` is never used
[INFO] [stdout]   --> src/util/web/firefox.rs:25:4
[INFO] [stdout]    |
[INFO] [stdout] 25 | fn query_bookmarks_from_path(db_path: &Path) -> Result<Vec<WebBookmark>> {
[INFO] [stdout]    |    ^^^^^^^^^^^^^^^^^^^^^^^^^
[INFO] [stdout] 
[INFO] [stdout] 
[INFO] [stdout] warning: function `get_firefox_bookmarks` is never used
[INFO] [stdout]   --> src/util/web/firefox.rs:42:8
[INFO] [stdout]    |
[INFO] [stdout] 42 | pub fn get_firefox_bookmarks(cfg_path: &Path) -> Result<Vec<WebBookmark>> {
[INFO] [stdout]    |        ^^^^^^^^^^^^^^^^^^^^^
[INFO] [stdout] 
[INFO] [stdout] 
[INFO] [stdout] warning: 25 warnings emitted
[INFO] [stdout] 
[INFO] [stdout] 
[INFO] [stderr]     Finished dev [unoptimized + debuginfo] target(s) in 20.82s
[INFO] running `Command { std: "docker" "inspect" "cb1610ece180f404ffaa9d006f2c225145ba2c225dfa26068ec1ce865a1610e3", kill_on_drop: false }`
[INFO] running `Command { std: "docker" "rm" "-f" "cb1610ece180f404ffaa9d006f2c225145ba2c225dfa26068ec1ce865a1610e3", kill_on_drop: false }`
[INFO] [stdout] cb1610ece180f404ffaa9d006f2c225145ba2c225dfa26068ec1ce865a1610e3
[INFO] running `Command { std: "docker" "create" "-v" "/var/lib/crater-agent-workspace/builds/worker-7-tc1/target:/opt/rustwide/target:rw,Z" "-v" "/var/lib/crater-agent-workspace/builds/worker-7-tc1/source:/opt/rustwide/workdir:ro,Z" "-v" "/var/lib/crater-agent-workspace/cargo-home:/opt/rustwide/cargo-home:ro,Z" "-v" "/var/lib/crater-agent-workspace/rustup-home:/opt/rustwide/rustup-home:ro,Z" "-e" "SOURCE_DIR=/opt/rustwide/workdir" "-e" "CARGO_TARGET_DIR=/opt/rustwide/target" "-e" "CARGO_INCREMENTAL=0" "-e" "RUST_BACKTRACE=full" "-e" "RUSTFLAGS=--cap-lints=warn" "-e" "RUSTDOCFLAGS=--cap-lints=warn" "-e" "CARGO_HOME=/opt/rustwide/cargo-home" "-e" "RUSTUP_HOME=/opt/rustwide/rustup-home" "-w" "/opt/rustwide/workdir" "-m" "1610612736" "--user" "0:0" "--network" "none" "ghcr.io/rust-lang/crates-build-env/linux@sha256:2788e3201cd34a07e3172128adcd8b3090168a8e3bcc40d7c032b9dda1df7d1c" "/opt/rustwide/cargo-home/bin/cargo" "+1.75.0" "test" "--frozen" "--no-run" "--message-format=json", kill_on_drop: false }`
[INFO] [stdout] d03df86e23c972bc6c02df4ed1afff175bc655f9a563c48ae8f8342d12f7f470
[INFO] running `Command { std: "docker" "start" "-a" "d03df86e23c972bc6c02df4ed1afff175bc655f9a563c48ae8f8342d12f7f470", kill_on_drop: false }`
[INFO] [stdout] warning: unused import: `dirs::DirMeta`
[INFO] [stdout]  --> src/prelude.rs:2:5
[INFO] [stdout]   |
[INFO] [stdout] 2 |     dirs::DirMeta,
[INFO] [stdout]   |     ^^^^^^^^^^^^^
[INFO] [stdout]   |
[INFO] [stdout]   = note: `#[warn(unused_imports)]` on by default
[INFO] [stdout] 
[INFO] [stdout] 
[INFO] [stdout] warning: unused import: `Row`
[INFO] [stdout]  --> src/util/web/firefox.rs:2:39
[INFO] [stdout]   |
[INFO] [stdout] 2 | use rusqlite::{Connection, OpenFlags, Row};
[INFO] [stdout]   |                                       ^^^
[INFO] [stdout] 
[INFO] [stdout] 
[INFO] [stdout] warning: method `next_insertion_index` is never used
[INFO] [stdout]   --> src/util/cache/local.rs:43:8
[INFO] [stdout]    |
[INFO] [stdout] 29 | impl PersistentCache {
[INFO] [stdout]    | -------------------- method in this implementation
[INFO] [stdout] ...
[INFO] [stdout] 43 |     fn next_insertion_index(&mut self) -> Result<()> {
[INFO] [stdout]    |        ^^^^^^^^^^^^^^^^^^^^
[INFO] [stdout]    |
[INFO] [stdout]    = note: `#[warn(dead_code)]` on by default
[INFO] [stdout] 
[INFO] [stdout] 
[INFO] [stdout] warning: enum `Os` is never used
[INFO] [stdout]  --> src/util/os.rs:1:10
[INFO] [stdout]   |
[INFO] [stdout] 1 | pub enum Os {
[INFO] [stdout]   |          ^^
[INFO] [stdout] 
[INFO] [stdout] 
[INFO] [stdout] warning: enum `ChromiumBrowser` is never used
[INFO] [stdout]  --> src/util/web/chromium.rs:9:10
[INFO] [stdout]   |
[INFO] [stdout] 9 | pub enum ChromiumBrowser {
[INFO] [stdout]   |          ^^^^^^^^^^^^^^^
[INFO] [stdout] 
[INFO] [stdout] 
[INFO] [stderr]    Compiling buo v0.1.0 (/opt/rustwide/workdir)
[INFO] [stdout] warning: function `with_default_profile` is never used
[INFO] [stdout]   --> src/util/web/chromium.rs:17:4
[INFO] [stdout]    |
[INFO] [stdout] 17 | fn with_default_profile(browser_dir: &mut PathBuf) -> Result<()> {
[INFO] [stdout]    |    ^^^^^^^^^^^^^^^^^^^^
[INFO] [stdout] 
[INFO] [stdout] 
[INFO] [stdout] warning: function `resolve_chromium_browser_bookmark_path` is never used
[INFO] [stdout]   --> src/util/web/chromium.rs:34:8
[INFO] [stdout]    |
[INFO] [stdout] 34 | pub fn resolve_chromium_browser_bookmark_path(browser: ChromiumBrowser, os: Os) -> Result<PathBuf> {
[INFO] [stdout]    |        ^^^^^^^^^^^^^^^^^^^^^^^^^^^^^^^^^^^^^^
[INFO] [stdout] 
[INFO] [stdout] 
[INFO] [stdout] warning: function `get_chromium_bookmarks` is never used
[INFO] [stdout]   --> src/util/web/chromium.rs:56:8
[INFO] [stdout]    |
[INFO] [stdout] 56 | pub fn get_chromium_bookmarks(bookmark_path: &Path) -> Result<Option<Vec<WebBookmark>>> {
[INFO] [stdout]    |        ^^^^^^^^^^^^^^^^^^^^^^
[INFO] [stdout] 
[INFO] [stdout] 
[INFO] [stdout] warning: constant `FF_ROOT_PATH` is never used
[INFO] [stdout]   --> src/util/web/firefox.rs:11:7
[INFO] [stdout]    |
[INFO] [stdout] 11 | const FF_ROOT_PATH: &str = ".mozilla/firefox";
[INFO] [stdout]    |       ^^^^^^^^^^^^
[INFO] [stdout] 
[INFO] [stdout] 
[INFO] [stdout] warning: constant `PLACES` is never used
[INFO] [stdout]   --> src/util/web/firefox.rs:12:7
[INFO] [stdout]    |
[INFO] [stdout] 12 | const PLACES: &str = "places.sqlite";
[INFO] [stdout]    |       ^^^^^^
[INFO] [stdout] 
[INFO] [stdout] 
[INFO] [stdout] warning: constant `QUERY` is never used
[INFO] [stdout]   --> src/util/web/firefox.rs:13:7
[INFO] [stdout]    |
[INFO] [stdout] 13 | const QUERY: &str = "SELECT b.title, p.url FROM moz_bookmarks b JOIN moz_places p ON p.id = b.fk";
[INFO] [stdout]    |       ^^^^^
[INFO] [stdout] 
[INFO] [stdout] 
[INFO] [stdout] warning: function `with_default_firefox_profile` is never used
[INFO] [stdout]   --> src/util/web/firefox.rs:15:4
[INFO] [stdout]    |
[INFO] [stdout] 15 | fn with_default_firefox_profile(firefox_dir: &Path) -> Result<PathBuf> {
[INFO] [stdout]    |    ^^^^^^^^^^^^^^^^^^^^^^^^^^^^
[INFO] [stdout] 
[INFO] [stdout] 
[INFO] [stdout] warning: function `query_bookmarks_from_path` is never used
[INFO] [stdout]   --> src/util/web/firefox.rs:25:4
[INFO] [stdout]    |
[INFO] [stdout] 25 | fn query_bookmarks_from_path(db_path: &Path) -> Result<Vec<WebBookmark>> {
[INFO] [stdout]    |    ^^^^^^^^^^^^^^^^^^^^^^^^^
[INFO] [stdout] 
[INFO] [stdout] 
[INFO] [stdout] warning: function `get_firefox_bookmarks` is never used
[INFO] [stdout]   --> src/util/web/firefox.rs:42:8
[INFO] [stdout]    |
[INFO] [stdout] 42 | pub fn get_firefox_bookmarks(cfg_path: &Path) -> Result<Vec<WebBookmark>> {
[INFO] [stdout]    |        ^^^^^^^^^^^^^^^^^^^^^
[INFO] [stdout] 
[INFO] [stdout] 
[INFO] [stdout] warning: 14 warnings emitted
[INFO] [stdout] 
[INFO] [stdout] 
[INFO] [stdout] warning: unused import: `dirs::DirMeta`
[INFO] [stdout]  --> src/prelude.rs:2:5
[INFO] [stdout]   |
[INFO] [stdout] 2 |     dirs::DirMeta,
[INFO] [stdout]   |     ^^^^^^^^^^^^^
[INFO] [stdout]   |
[INFO] [stdout]   = note: `#[warn(unused_imports)]` on by default
[INFO] [stdout] 
[INFO] [stdout] 
[INFO] [stdout] warning: unused import: `Row`
[INFO] [stdout]  --> src/util/web/firefox.rs:2:39
[INFO] [stdout]   |
[INFO] [stdout] 2 | use rusqlite::{Connection, OpenFlags, Row};
[INFO] [stdout]   |                                       ^^^
[INFO] [stdout] 
[INFO] [stdout] 
[INFO] [stdout] warning: unused import: `dirs::DirMeta`
[INFO] [stdout]  --> src/prelude.rs:2:5
[INFO] [stdout]   |
[INFO] [stdout] 2 |     dirs::DirMeta,
[INFO] [stdout]   |     ^^^^^^^^^^^^^
[INFO] [stdout]   |
[INFO] [stdout]   = note: `#[warn(unused_imports)]` on by default
[INFO] [stdout] 
[INFO] [stdout] 
[INFO] [stdout] warning: unused imports: `MAX_CACHE_SIZE`, `PersistentCache`, `commit_cache_to_path`, `retrieve_or_init_cache`
[INFO] [stdout]  --> src/util/cache.rs:4:17
[INFO] [stdout]   |
[INFO] [stdout] 4 | pub use local::{commit_cache_to_path, retrieve_or_init_cache, PersistentCache, MAX_CACHE_SIZE};
[INFO] [stdout]   |                 ^^^^^^^^^^^^^^^^^^^^  ^^^^^^^^^^^^^^^^^^^^^^  ^^^^^^^^^^^^^^^  ^^^^^^^^^^^^^^
[INFO] [stdout] 
[INFO] [stdout] 
[INFO] [stdout] warning: unused import: `session::LiveCache`
[INFO] [stdout]  --> src/util/cache.rs:5:9
[INFO] [stdout]   |
[INFO] [stdout] 5 | pub use session::LiveCache;
[INFO] [stdout]   |         ^^^^^^^^^^^^^^^^^^
[INFO] [stdout] 
[INFO] [stdout] 
[INFO] [stdout] warning: unused import: `Row`
[INFO] [stdout]  --> src/util/web/firefox.rs:2:39
[INFO] [stdout]   |
[INFO] [stdout] 2 | use rusqlite::{Connection, OpenFlags, Row};
[INFO] [stdout]   |                                       ^^^
[INFO] [stdout] 
[INFO] [stdout] 
[INFO] [stdout] warning: method `next_insertion_index` is never used
[INFO] [stdout]   --> src/util/cache/local.rs:43:8
[INFO] [stdout]    |
[INFO] [stdout] 29 | impl PersistentCache {
[INFO] [stdout]    | -------------------- method in this implementation
[INFO] [stdout] ...
[INFO] [stdout] 43 |     fn next_insertion_index(&mut self) -> Result<()> {
[INFO] [stdout]    |        ^^^^^^^^^^^^^^^^^^^^
[INFO] [stdout]    |
[INFO] [stdout]    = note: `#[warn(dead_code)]` on by default
[INFO] [stdout] 
[INFO] [stdout] 
[INFO] [stdout] warning: variants `Mac` and `Windows` are never constructed
[INFO] [stdout]  --> src/util/os.rs:3:5
[INFO] [stdout]   |
[INFO] [stdout] 1 | pub enum Os {
[INFO] [stdout]   |          -- variants in this enum
[INFO] [stdout] 2 |     Linux,
[INFO] [stdout] 3 |     Mac,
[INFO] [stdout]   |     ^^^
[INFO] [stdout] 4 |     Windows,
[INFO] [stdout]   |     ^^^^^^^
[INFO] [stdout] 
[INFO] [stdout] 
[INFO] [stdout] warning: variants `Chrome`, `Chromium`, and `Edge` are never constructed
[INFO] [stdout]   --> src/util/web/chromium.rs:11:5
[INFO] [stdout]    |
[INFO] [stdout] 9  | pub enum ChromiumBrowser {
[INFO] [stdout]    |          --------------- variants in this enum
[INFO] [stdout] 10 |     Brave,
[INFO] [stdout] 11 |     Chrome,
[INFO] [stdout]    |     ^^^^^^
[INFO] [stdout] 12 |     Chromium,
[INFO] [stdout]    |     ^^^^^^^^
[INFO] [stdout] 13 |     Edge,
[INFO] [stdout]    |     ^^^^
[INFO] [stdout] 
[INFO] [stdout] 
[INFO] [stdout] warning: function `acc_valid_paths` is never used
[INFO] [stdout]   --> src/util/cache.rs:14:4
[INFO] [stdout]    |
[INFO] [stdout] 14 | fn acc_valid_paths(
[INFO] [stdout]    |    ^^^^^^^^^^^^^^^
[INFO] [stdout]    |
[INFO] [stdout]    = note: `#[warn(dead_code)]` on by default
[INFO] [stdout] 
[INFO] [stdout] 
[INFO] [stdout] warning: function `replace_invalid_entries` is never used
[INFO] [stdout]   --> src/util/cache.rs:37:8
[INFO] [stdout]    |
[INFO] [stdout] 37 | pub fn replace_invalid_entries(
[INFO] [stdout]    |        ^^^^^^^^^^^^^^^^^^^^^^^
[INFO] [stdout] 
[INFO] [stdout] 
[INFO] [stdout] warning: function `get_initial_entries` is never used
[INFO] [stdout]   --> src/util/cache.rs:54:8
[INFO] [stdout]    |
[INFO] [stdout] 54 | pub fn get_initial_entries(
[INFO] [stdout]    |        ^^^^^^^^^^^^^^^^^^^
[INFO] [stdout] 
[INFO] [stdout] 
[INFO] [stdout] warning: methods `get`, `next_insertion_index`, `insert`, `remove`, `retain`, and `batch_query` are never used
[INFO] [stdout]   --> src/util/cache/local.rs:38:12
[INFO] [stdout]    |
[INFO] [stdout] 29 | impl PersistentCache {
[INFO] [stdout]    | -------------------- methods in this implementation
[INFO] [stdout] ...
[INFO] [stdout] 38 |     pub fn get(&self, query: &str) -> Option<&MediaMeta> {
[INFO] [stdout]    |            ^^^
[INFO] [stdout] ...
[INFO] [stdout] 43 |     fn next_insertion_index(&mut self) -> Result<()> {
[INFO] [stdout]    |        ^^^^^^^^^^^^^^^^^^^^
[INFO] [stdout] ...
[INFO] [stdout] 52 |     pub fn insert(&mut self, key: &str, entry: MediaMeta) -> Result<()> {
[INFO] [stdout]    |            ^^^^^^
[INFO] [stdout] ...
[INFO] [stdout] 63 |     pub fn remove(&mut self, key: &str) -> Option<MediaMeta> {
[INFO] [stdout]    |            ^^^^^^
[INFO] [stdout] ...
[INFO] [stdout] 72 |     pub fn retain(&mut self, functor: fn(&str, Option<&MediaMeta>) -> bool) {
[INFO] [stdout]    |            ^^^^^^
[INFO] [stdout] ...
[INFO] [stdout] 93 |     pub fn batch_query<P: AsRef<str>>(&self, queries: &[P]) -> Option<Vec<&MediaMeta>> {
[INFO] [stdout]    |            ^^^^^^^^^^^
[INFO] [stdout] 
[INFO] [stdout] 
[INFO] [stdout] warning: function `commit_cache_to_path` is never used
[INFO] [stdout]    --> src/util/cache/local.rs:120:8
[INFO] [stdout]     |
[INFO] [stdout] 120 | pub fn commit_cache_to_path(path: &Path, cache: PersistentCache) -> Result<()> {
[INFO] [stdout]     |        ^^^^^^^^^^^^^^^^^^^^
[INFO] [stdout] 
[INFO] [stdout] 
[INFO] [stdout] warning: function `init_cache` is never used
[INFO] [stdout]    --> src/util/cache/local.rs:129:4
[INFO] [stdout]     |
[INFO] [stdout] 129 | fn init_cache(path: &Path) -> Result<PersistentCache> {
[INFO] [stdout]     |    ^^^^^^^^^^
[INFO] [stdout] 
[INFO] [stdout] 
[INFO] [stdout] warning: function `is_init_candidate` is never used
[INFO] [stdout]    --> src/util/cache/local.rs:136:4
[INFO] [stdout]     |
[INFO] [stdout] 136 | fn is_init_candidate(err: &BinErr) -> bool {
[INFO] [stdout]     |    ^^^^^^^^^^^^^^^^^
[INFO] [stdout] 
[INFO] [stdout] 
[INFO] [stdout] warning: function `retrieve_or_init_cache` is never used
[INFO] [stdout]    --> src/util/cache/local.rs:151:8
[INFO] [stdout]     |
[INFO] [stdout] 151 | pub fn retrieve_or_init_cache(path: &Path) -> Result<PersistentCache> {
[INFO] [stdout]     |        ^^^^^^^^^^^^^^^^^^^^^^
[INFO] [stdout] 
[INFO] [stdout] 
[INFO] [stdout] warning: multiple associated items are never used
[INFO] [stdout]   --> src/util/cache/session.rs:22:12
[INFO] [stdout]    |
[INFO] [stdout] 21 | impl LiveCache {
[INFO] [stdout]    | -------------- associated items in this implementation
[INFO] [stdout] 22 |     pub fn new() -> Self {
[INFO] [stdout]    |            ^^^
[INFO] [stdout] ...
[INFO] [stdout] 26 |     pub fn clear(&mut self) {
[INFO] [stdout]    |            ^^^^^
[INFO] [stdout] ...
[INFO] [stdout] 30 |     pub fn contains(&self, meta: &MediaMeta) -> bool {
[INFO] [stdout]    |            ^^^^^^^^
[INFO] [stdout] ...
[INFO] [stdout] 34 |     pub fn has_capacity(&self) -> bool {
[INFO] [stdout]    |            ^^^^^^^^^^^^
[INFO] [stdout] ...
[INFO] [stdout] 38 |     fn increment(&mut self) {
[INFO] [stdout]    |        ^^^^^^^^^
[INFO] [stdout] ...
[INFO] [stdout] 46 |     pub fn find<P>(&self, fun: P) -> Option<&MediaMeta>
[INFO] [stdout]    |            ^^^^
[INFO] [stdout] ...
[INFO] [stdout] 53 |     pub fn entries(&self) -> impl Iterator<Item = &MediaMeta> {
[INFO] [stdout]    |            ^^^^^^^
[INFO] [stdout] ...
[INFO] [stdout] 57 |     pub fn insert(&mut self, meta: MediaMeta) {
[INFO] [stdout]    |            ^^^^^^
[INFO] [stdout] 
[INFO] [stdout] 
[INFO] [stdout] warning: method `human_readable_disk_size` is never used
[INFO] [stdout]   --> src/util/dirs.rs:12:12
[INFO] [stdout]    |
[INFO] [stdout] 11 | impl DirMeta {
[INFO] [stdout]    | ------------ method in this implementation
[INFO] [stdout] 12 |     pub fn human_readable_disk_size(&self) -> String {
[INFO] [stdout]    |            ^^^^^^^^^^^^^^^^^^^^^^^^
[INFO] [stdout] 
[INFO] [stdout] 
[INFO] [stdout] warning: variants `Mac` and `Windows` are never constructed
[INFO] [stdout]  --> src/util/os.rs:3:5
[INFO] [stdout]   |
[INFO] [stdout] 1 | pub enum Os {
[INFO] [stdout]   |          -- variants in this enum
[INFO] [stdout] 2 |     Linux,
[INFO] [stdout] 3 |     Mac,
[INFO] [stdout]   |     ^^^
[INFO] [stdout] 4 |     Windows,
[INFO] [stdout]   |     ^^^^^^^
[INFO] [stdout] 
[INFO] [stdout] 
[INFO] [stdout] warning: variants `Chrome`, `Chromium`, and `Edge` are never constructed
[INFO] [stdout]   --> src/util/web/chromium.rs:11:5
[INFO] [stdout]    |
[INFO] [stdout] 9  | pub enum ChromiumBrowser {
[INFO] [stdout]    |          --------------- variants in this enum
[INFO] [stdout] 10 |     Brave,
[INFO] [stdout] 11 |     Chrome,
[INFO] [stdout]    |     ^^^^^^
[INFO] [stdout] 12 |     Chromium,
[INFO] [stdout]    |     ^^^^^^^^
[INFO] [stdout] 13 |     Edge,
[INFO] [stdout]    |     ^^^^
[INFO] [stdout] 
[INFO] [stdout] 
[INFO] [stdout] warning: 5 warnings emitted
[INFO] [stdout] 
[INFO] [stdout] 
[INFO] [stdout] warning: 16 warnings emitted
[INFO] [stdout] 
[INFO] [stdout] 
[INFO] [stderr]     Finished test [unoptimized + debuginfo] target(s) in 3.07s
[INFO] running `Command { std: "docker" "inspect" "d03df86e23c972bc6c02df4ed1afff175bc655f9a563c48ae8f8342d12f7f470", kill_on_drop: false }`
[INFO] running `Command { std: "docker" "rm" "-f" "d03df86e23c972bc6c02df4ed1afff175bc655f9a563c48ae8f8342d12f7f470", kill_on_drop: false }`
[INFO] [stdout] d03df86e23c972bc6c02df4ed1afff175bc655f9a563c48ae8f8342d12f7f470
[INFO] running `Command { std: "docker" "create" "-v" "/var/lib/crater-agent-workspace/builds/worker-7-tc1/target:/opt/rustwide/target:rw,Z" "-v" "/var/lib/crater-agent-workspace/builds/worker-7-tc1/source:/opt/rustwide/workdir:ro,Z" "-v" "/var/lib/crater-agent-workspace/cargo-home:/opt/rustwide/cargo-home:ro,Z" "-v" "/var/lib/crater-agent-workspace/rustup-home:/opt/rustwide/rustup-home:ro,Z" "-e" "SOURCE_DIR=/opt/rustwide/workdir" "-e" "CARGO_TARGET_DIR=/opt/rustwide/target" "-e" "CARGO_INCREMENTAL=0" "-e" "RUST_BACKTRACE=full" "-e" "RUSTFLAGS=--cap-lints=warn" "-e" "RUSTDOCFLAGS=--cap-lints=warn" "-e" "CARGO_HOME=/opt/rustwide/cargo-home" "-e" "RUSTUP_HOME=/opt/rustwide/rustup-home" "-w" "/opt/rustwide/workdir" "-m" "1610612736" "--user" "0:0" "--network" "none" "ghcr.io/rust-lang/crates-build-env/linux@sha256:2788e3201cd34a07e3172128adcd8b3090168a8e3bcc40d7c032b9dda1df7d1c" "/opt/rustwide/cargo-home/bin/cargo" "+1.75.0" "test" "--frozen", kill_on_drop: false }`
[INFO] [stdout] 73690c05e6f577bbd85cd1591fb7594c4593d6229c20b270306e0b36be1a5d7e
[INFO] running `Command { std: "docker" "start" "-a" "73690c05e6f577bbd85cd1591fb7594c4593d6229c20b270306e0b36be1a5d7e", kill_on_drop: false }`
[INFO] [stderr] warning: unused import: `dirs::DirMeta`
[INFO] [stderr]  --> src/prelude.rs:2:5
[INFO] [stderr]   |
[INFO] [stderr] 2 |     dirs::DirMeta,
[INFO] [stderr]   |     ^^^^^^^^^^^^^
[INFO] [stderr]   |
[INFO] [stderr]   = note: `#[warn(unused_imports)]` on by default
[INFO] [stderr] 
[INFO] [stderr] warning: unused import: `Row`
[INFO] [stderr]  --> src/util/web/firefox.rs:2:39
[INFO] [stderr]   |
[INFO] [stderr] 2 | use rusqlite::{Connection, OpenFlags, Row};
[INFO] [stderr]   |                                       ^^^
[INFO] [stderr] 
[INFO] [stderr] warning: method `next_insertion_index` is never used
[INFO] [stderr]   --> src/util/cache/local.rs:43:8
[INFO] [stderr]    |
[INFO] [stderr] 29 | impl PersistentCache {
[INFO] [stderr]    | -------------------- method in this implementation
[INFO] [stderr] ...
[INFO] [stderr] 43 |     fn next_insertion_index(&mut self) -> Result<()> {
[INFO] [stderr]    |        ^^^^^^^^^^^^^^^^^^^^
[INFO] [stderr]    |
[INFO] [stderr]    = note: `#[warn(dead_code)]` on by default
[INFO] [stderr] 
[INFO] [stderr] warning: enum `Os` is never used
[INFO] [stderr]  --> src/util/os.rs:1:10
[INFO] [stderr]   |
[INFO] [stderr] 1 | pub enum Os {
[INFO] [stderr]   |          ^^
[INFO] [stderr] 
[INFO] [stderr] warning: enum `ChromiumBrowser` is never used
[INFO] [stderr]  --> src/util/web/chromium.rs:9:10
[INFO] [stderr]   |
[INFO] [stderr] 9 | pub enum ChromiumBrowser {
[INFO] [stderr]   |          ^^^^^^^^^^^^^^^
[INFO] [stderr] 
[INFO] [stderr] warning: function `with_default_profile` is never used
[INFO] [stderr]   --> src/util/web/chromium.rs:17:4
[INFO] [stderr]    |
[INFO] [stderr] 17 | fn with_default_profile(browser_dir: &mut PathBuf) -> Result<()> {
[INFO] [stderr]    |    ^^^^^^^^^^^^^^^^^^^^
[INFO] [stderr] 
[INFO] [stderr] warning: function `resolve_chromium_browser_bookmark_path` is never used
[INFO] [stderr]   --> src/util/web/chromium.rs:34:8
[INFO] [stderr]    |
[INFO] [stderr] 34 | pub fn resolve_chromium_browser_bookmark_path(browser: ChromiumBrowser, os: Os) -> Result<PathBuf> {
[INFO] [stderr]    |        ^^^^^^^^^^^^^^^^^^^^^^^^^^^^^^^^^^^^^^
[INFO] [stderr] 
[INFO] [stderr] warning: function `get_chromium_bookmarks` is never used
[INFO] [stderr]   --> src/util/web/chromium.rs:56:8
[INFO] [stderr]    |
[INFO] [stderr] 56 | pub fn get_chromium_bookmarks(bookmark_path: &Path) -> Result<Option<Vec<WebBookmark>>> {
[INFO] [stderr]    |        ^^^^^^^^^^^^^^^^^^^^^^
[INFO] [stderr] 
[INFO] [stderr] warning: constant `FF_ROOT_PATH` is never used
[INFO] [stderr]   --> src/util/web/firefox.rs:11:7
[INFO] [stderr]    |
[INFO] [stderr] 11 | const FF_ROOT_PATH: &str = ".mozilla/firefox";
[INFO] [stderr]    |       ^^^^^^^^^^^^
[INFO] [stderr] 
[INFO] [stderr] warning: constant `PLACES` is never used
[INFO] [stderr]   --> src/util/web/firefox.rs:12:7
[INFO] [stderr]    |
[INFO] [stderr] 12 | const PLACES: &str = "places.sqlite";
[INFO] [stderr]    |       ^^^^^^
[INFO] [stderr] 
[INFO] [stderr] warning: constant `QUERY` is never used
[INFO] [stderr]   --> src/util/web/firefox.rs:13:7
[INFO] [stderr]    |
[INFO] [stderr] 13 | const QUERY: &str = "SELECT b.title, p.url FROM moz_bookmarks b JOIN moz_places p ON p.id = b.fk";
[INFO] [stderr]    |       ^^^^^
[INFO] [stderr] 
[INFO] [stderr] warning: function `with_default_firefox_profile` is never used
[INFO] [stderr]   --> src/util/web/firefox.rs:15:4
[INFO] [stderr]    |
[INFO] [stderr] 15 | fn with_default_firefox_profile(firefox_dir: &Path) -> Result<PathBuf> {
[INFO] [stderr]    |    ^^^^^^^^^^^^^^^^^^^^^^^^^^^^
[INFO] [stderr] 
[INFO] [stderr] warning: function `query_bookmarks_from_path` is never used
[INFO] [stderr]   --> src/util/web/firefox.rs:25:4
[INFO] [stderr]    |
[INFO] [stderr] 25 | fn query_bookmarks_from_path(db_path: &Path) -> Result<Vec<WebBookmark>> {
[INFO] [stderr]    |    ^^^^^^^^^^^^^^^^^^^^^^^^^
[INFO] [stderr] 
[INFO] [stderr] warning: function `get_firefox_bookmarks` is never used
[INFO] [stderr]   --> src/util/web/firefox.rs:42:8
[INFO] [stderr]    |
[INFO] [stderr] 42 | pub fn get_firefox_bookmarks(cfg_path: &Path) -> Result<Vec<WebBookmark>> {
[INFO] [stderr]    |        ^^^^^^^^^^^^^^^^^^^^^
[INFO] [stderr] 
[INFO] [stderr] warning: variants `Mac` and `Windows` are never constructed
[INFO] [stderr]  --> src/util/os.rs:3:5
[INFO] [stderr]   |
[INFO] [stderr] 1 | pub enum Os {
[INFO] [stderr]   |          -- variants in this enum
[INFO] [stderr] 2 |     Linux,
[INFO] [stderr] 3 |     Mac,
[INFO] [stderr]   |     ^^^
[INFO] [stderr] 4 |     Windows,
[INFO] [stderr]   |     ^^^^^^^
[INFO] [stderr] 
[INFO] [stderr] warning: variants `Chrome`, `Chromium`, and `Edge` are never constructed
[INFO] [stderr]   --> src/util/web/chromium.rs:11:5
[INFO] [stderr]    |
[INFO] [stderr] 9  | pub enum ChromiumBrowser {
[INFO] [stderr]    |          --------------- variants in this enum
[INFO] [stderr] 10 |     Brave,
[INFO] [stderr] 11 |     Chrome,
[INFO] [stderr]    |     ^^^^^^
[INFO] [stderr] 12 |     Chromium,
[INFO] [stderr]    |     ^^^^^^^^
[INFO] [stderr] 13 |     Edge,
[INFO] [stderr]    |     ^^^^
[INFO] [stderr] 
[INFO] [stderr] warning: `buo` (lib) generated 14 warnings (run `cargo fix --lib -p buo` to apply 2 suggestions)
[INFO] [stderr] warning: `buo` (lib test) generated 5 warnings (3 duplicates)
[INFO] [stderr] warning: unused imports: `MAX_CACHE_SIZE`, `PersistentCache`, `commit_cache_to_path`, `retrieve_or_init_cache`
[INFO] [stderr]  --> src/util/cache.rs:4:17
[INFO] [stderr]   |
[INFO] [stderr] 4 | pub use local::{commit_cache_to_path, retrieve_or_init_cache, PersistentCache, MAX_CACHE_SIZE};
[INFO] [stderr]   |                 ^^^^^^^^^^^^^^^^^^^^  ^^^^^^^^^^^^^^^^^^^^^^  ^^^^^^^^^^^^^^^  ^^^^^^^^^^^^^^
[INFO] [stderr] 
[INFO] [stderr] warning: unused import: `session::LiveCache`
[INFO] [stderr]  --> src/util/cache.rs:5:9
[INFO] [stderr]   |
[INFO] [stderr] 5 | pub use session::LiveCache;
[INFO] [stderr]   |         ^^^^^^^^^^^^^^^^^^
[INFO] [stderr] 
[INFO] [stderr] warning: function `acc_valid_paths` is never used
[INFO] [stderr]   --> src/util/cache.rs:14:4
[INFO] [stderr]    |
[INFO] [stderr] 14 | fn acc_valid_paths(
[INFO] [stderr]    |    ^^^^^^^^^^^^^^^
[INFO] [stderr]    |
[INFO] [stderr]    = note: `#[warn(dead_code)]` on by default
[INFO] [stderr] 
[INFO] [stderr] warning: function `replace_invalid_entries` is never used
[INFO] [stderr]   --> src/util/cache.rs:37:8
[INFO] [stderr]    |
[INFO] [stderr] 37 | pub fn replace_invalid_entries(
[INFO] [stderr]    |        ^^^^^^^^^^^^^^^^^^^^^^^
[INFO] [stderr] 
[INFO] [stderr] warning: function `get_initial_entries` is never used
[INFO] [stderr]   --> src/util/cache.rs:54:8
[INFO] [stderr]    |
[INFO] [stderr] 54 | pub fn get_initial_entries(
[INFO] [stderr]    |        ^^^^^^^^^^^^^^^^^^^
[INFO] [stderr] 
[INFO] [stderr] warning: methods `get`, `next_insertion_index`, `insert`, `remove`, `retain`, and `batch_query` are never used
[INFO] [stderr]   --> src/util/cache/local.rs:38:12
[INFO] [stderr]    |
[INFO] [stderr] 29 | impl PersistentCache {
[INFO] [stderr]    | -------------------- methods in this implementation
[INFO] [stderr] ...
[INFO] [stderr] 38 |     pub fn get(&self, query: &str) -> Option<&MediaMeta> {
[INFO] [stderr]    |            ^^^
[INFO] [stderr] ...
[INFO] [stderr] 43 |     fn next_insertion_index(&mut self) -> Result<()> {
[INFO] [stderr]    |        ^^^^^^^^^^^^^^^^^^^^
[INFO] [stderr] ...
[INFO] [stderr] 52 |     pub fn insert(&mut self, key: &str, entry: MediaMeta) -> Result<()> {
[INFO] [stderr]    |            ^^^^^^
[INFO] [stderr] ...
[INFO] [stderr] 63 |     pub fn remove(&mut self, key: &str) -> Option<MediaMeta> {
[INFO] [stderr]    |            ^^^^^^
[INFO] [stderr] ...
[INFO] [stderr] 72 |     pub fn retain(&mut self, functor: fn(&str, Option<&MediaMeta>) -> bool) {
[INFO] [stderr]    |            ^^^^^^
[INFO] [stderr] ...
[INFO] [stderr] 93 |     pub fn batch_query<P: AsRef<str>>(&self, queries: &[P]) -> Option<Vec<&MediaMeta>> {
[INFO] [stderr]    |            ^^^^^^^^^^^
[INFO] [stderr] 
[INFO] [stderr] warning: function `commit_cache_to_path` is never used
[INFO] [stderr]    --> src/util/cache/local.rs:120:8
[INFO] [stderr]     |
[INFO] [stderr] 120 | pub fn commit_cache_to_path(path: &Path, cache: PersistentCache) -> Result<()> {
[INFO] [stderr]     |        ^^^^^^^^^^^^^^^^^^^^
[INFO] [stderr] 
[INFO] [stderr] warning: function `init_cache` is never used
[INFO] [stderr]    --> src/util/cache/local.rs:129:4
[INFO] [stderr]     |
[INFO] [stderr] 129 | fn init_cache(path: &Path) -> Result<PersistentCache> {
[INFO] [stderr]     |    ^^^^^^^^^^
[INFO] [stderr] 
[INFO] [stderr] warning: function `is_init_candidate` is never used
[INFO] [stderr]    --> src/util/cache/local.rs:136:4
[INFO] [stderr]     |
[INFO] [stderr] 136 | fn is_init_candidate(err: &BinErr) -> bool {
[INFO] [stderr]     |    ^^^^^^^^^^^^^^^^^
[INFO] [stderr] 
[INFO] [stderr] warning: function `retrieve_or_init_cache` is never used
[INFO] [stderr]    --> src/util/cache/local.rs:151:8
[INFO] [stderr]     |
[INFO] [stderr] 151 | pub fn retrieve_or_init_cache(path: &Path) -> Result<PersistentCache> {
[INFO] [stderr]     |        ^^^^^^^^^^^^^^^^^^^^^^
[INFO] [stderr] 
[INFO] [stderr] warning: multiple associated items are never used
[INFO] [stderr]   --> src/util/cache/session.rs:22:12
[INFO] [stderr]    |
[INFO] [stderr] 21 | impl LiveCache {
[INFO] [stderr]    | -------------- associated items in this implementation
[INFO] [stderr] 22 |     pub fn new() -> Self {
[INFO] [stderr]    |            ^^^
[INFO] [stderr] ...
[INFO] [stderr] 26 |     pub fn clear(&mut self) {
[INFO] [stderr]    |            ^^^^^
[INFO] [stderr] ...
[INFO] [stderr] 30 |     pub fn contains(&self, meta: &MediaMeta) -> bool {
[INFO] [stderr]    |            ^^^^^^^^
[INFO] [stderr] ...
[INFO] [stderr] 34 |     pub fn has_capacity(&self) -> bool {
[INFO] [stderr]    |            ^^^^^^^^^^^^
[INFO] [stderr] ...
[INFO] [stderr] 38 |     fn increment(&mut self) {
[INFO] [stderr]    |        ^^^^^^^^^
[INFO] [stderr] ...
[INFO] [stderr] 46 |     pub fn find<P>(&self, fun: P) -> Option<&MediaMeta>
[INFO] [stderr]    |            ^^^^
[INFO] [stderr] ...
[INFO] [stderr] 53 |     pub fn entries(&self) -> impl Iterator<Item = &MediaMeta> {
[INFO] [stderr]    |            ^^^^^^^
[INFO] [stderr] ...
[INFO] [stderr] 57 |     pub fn insert(&mut self, meta: MediaMeta) {
[INFO] [stderr]    |            ^^^^^^
[INFO] [stderr] 
[INFO] [stderr] warning: method `human_readable_disk_size` is never used
[INFO] [stderr]   --> src/util/dirs.rs:12:12
[INFO] [stderr]    |
[INFO] [stderr] 11 | impl DirMeta {
[INFO] [stderr]    | ------------ method in this implementation
[INFO] [stderr] 12 |     pub fn human_readable_disk_size(&self) -> String {
[INFO] [stderr]    |            ^^^^^^^^^^^^^^^^^^^^^^^^
[INFO] [stderr] 
[INFO] [stderr] warning: `buo` (bin "buo" test) generated 16 warnings (4 duplicates) (run `cargo fix --bin "buo" --tests` to apply 2 suggestions)
[INFO] [stderr]     Finished test [unoptimized + debuginfo] target(s) in 0.13s
[INFO] [stderr]      Running unittests src/lib.rs (/opt/rustwide/target/debug/deps/buo-6dd414fccbe47fc1)
[INFO] [stdout] 
[INFO] [stdout] running 3 tests
[INFO] [stdout] test util::web::chromium::vivaldi_bookmarks ... FAILED
[INFO] [stdout] test util::web::firefox::firefox_bookmarks ... FAILED
[INFO] [stdout] test util::web::chromium::brave_bookmarks ... FAILED
[INFO] [stdout] 
[INFO] [stdout] failures:
[INFO] [stdout] 
[INFO] [stdout] ---- util::web::chromium::vivaldi_bookmarks stdout ----
[INFO] [stdout] Error: No such file or directory (os error 2)
[INFO] [stdout] 
[INFO] [stdout] Stack backtrace:
[INFO] [stdout]    0: anyhow::error::<impl core::convert::From<E> for anyhow::Error>::from
[INFO] [stdout]              at /opt/rustwide/cargo-home/registry/src/index.crates.io-6f17d22bba15001f/anyhow-1.0.79/src/error.rs:565:25
[INFO] [stdout]    1: <core::result::Result<T,F> as core::ops::try_trait::FromResidual<core::result::Result<core::convert::Infallible,E>>>::from_residual
[INFO] [stdout]              at /rustc/82e1608dfa6e0b5569232559e3d385fea5a93112/library/core/src/result.rs:1963:27
[INFO] [stdout]    2: buo::util::web::chromium::with_default_profile
[INFO] [stdout]              at ./src/util/web/chromium.rs:24:16
[INFO] [stdout]    3: buo::util::web::chromium::resolve_chromium_browser_bookmark_path
[INFO] [stdout]              at ./src/util/web/chromium.rs:51:5
[INFO] [stdout]    4: buo::util::web::chromium::vivaldi_bookmarks
[INFO] [stdout]              at ./src/util/web/chromium.rs:105:9
[INFO] [stdout]    5: buo::util::web::chromium::vivaldi_bookmarks::{{closure}}
[INFO] [stdout]              at ./src/util/web/chromium.rs:103:27
[INFO] [stdout]    6: core::ops::function::FnOnce::call_once
[INFO] [stdout]              at /rustc/82e1608dfa6e0b5569232559e3d385fea5a93112/library/core/src/ops/function.rs:250:5
[INFO] [stdout]    7: core::ops::function::FnOnce::call_once
[INFO] [stdout]              at /rustc/82e1608dfa6e0b5569232559e3d385fea5a93112/library/core/src/ops/function.rs:250:5
[INFO] [stdout]    8: test::__rust_begin_short_backtrace
[INFO] [stdout]              at /rustc/82e1608dfa6e0b5569232559e3d385fea5a93112/library/test/src/lib.rs:628:18
[INFO] [stdout]    9: test::run_test_in_process::{{closure}}
[INFO] [stdout]              at /rustc/82e1608dfa6e0b5569232559e3d385fea5a93112/library/test/src/lib.rs:651:60
[INFO] [stdout]   10: <core::panic::unwind_safe::AssertUnwindSafe<F> as core::ops::function::FnOnce<()>>::call_once
[INFO] [stdout]              at /rustc/82e1608dfa6e0b5569232559e3d385fea5a93112/library/core/src/panic/unwind_safe.rs:272:9
[INFO] [stdout]   11: std::panicking::try::do_call
[INFO] [stdout]              at /rustc/82e1608dfa6e0b5569232559e3d385fea5a93112/library/std/src/panicking.rs:552:40
[INFO] [stdout]   12: std::panicking::try
[INFO] [stdout]              at /rustc/82e1608dfa6e0b5569232559e3d385fea5a93112/library/std/src/panicking.rs:516:19
[INFO] [stdout]   13: std::panic::catch_unwind
[INFO] [stdout]              at /rustc/82e1608dfa6e0b5569232559e3d385fea5a93112/library/std/src/panic.rs:142:14
[INFO] [stdout]   14: test::run_test_in_process
[INFO] [stdout]              at /rustc/82e1608dfa6e0b5569232559e3d385fea5a93112/library/test/src/lib.rs:651:27
[INFO] [stdout]   15: test::run_test::{{closure}}
[INFO] [stdout]              at /rustc/82e1608dfa6e0b5569232559e3d385fea5a93112/library/test/src/lib.rs:574:43
[INFO] [stdout]   16: test::run_test::{{closure}}
[INFO] [stdout]              at /rustc/82e1608dfa6e0b5569232559e3d385fea5a93112/library/test/src/lib.rs:602:41
[INFO] [stdout]   17: std::sys_common::backtrace::__rust_begin_short_backtrace
[INFO] [stdout]              at /rustc/82e1608dfa6e0b5569232559e3d385fea5a93112/library/std/src/sys_common/backtrace.rs:154:18
[INFO] [stdout]   18: std::thread::Builder::spawn_unchecked_::{{closure}}::{{closure}}
[INFO] [stdout]              at /rustc/82e1608dfa6e0b5569232559e3d385fea5a93112/library/std/src/thread/mod.rs:529:17
[INFO] [stdout]   19: <core::panic::unwind_safe::AssertUnwindSafe<F> as core::ops::function::FnOnce<()>>::call_once
[INFO] [stdout]              at /rustc/82e1608dfa6e0b5569232559e3d385fea5a93112/library/core/src/panic/unwind_safe.rs:272:9
[INFO] [stdout]   20: std::panicking::try::do_call
[INFO] [stdout]              at /rustc/82e1608dfa6e0b5569232559e3d385fea5a93112/library/std/src/panicking.rs:552:40
[INFO] [stdout]   21: std::panicking::try
[INFO] [stdout]              at /rustc/82e1608dfa6e0b5569232559e3d385fea5a93112/library/std/src/panicking.rs:516:19
[INFO] [stdout]   22: std::panic::catch_unwind
[INFO] [stdout]              at /rustc/82e1608dfa6e0b5569232559e3d385fea5a93112/library/std/src/panic.rs:142:14
[INFO] [stdout]   23: std::thread::Builder::spawn_unchecked_::{{closure}}
[INFO] [stdout]              at /rustc/82e1608dfa6e0b5569232559e3d385fea5a93112/library/std/src/thread/mod.rs:528:30
[INFO] [stdout]   24: core::ops::function::FnOnce::call_once{{vtable.shim}}
[INFO] [stdout]              at /rustc/82e1608dfa6e0b5569232559e3d385fea5a93112/library/core/src/ops/function.rs:250:5
[INFO] [stdout]   25: <alloc::boxed::Box<F,A> as core::ops::function::FnOnce<Args>>::call_once
[INFO] [stdout]              at /rustc/82e1608dfa6e0b5569232559e3d385fea5a93112/library/alloc/src/boxed.rs:2007:9
[INFO] [stdout]   26: <alloc::boxed::Box<F,A> as core::ops::function::FnOnce<Args>>::call_once
[INFO] [stdout]              at /rustc/82e1608dfa6e0b5569232559e3d385fea5a93112/library/alloc/src/boxed.rs:2007:9
[INFO] [stdout]   27: std::sys::unix::thread::Thread::new::thread_start
[INFO] [stdout]              at /rustc/82e1608dfa6e0b5569232559e3d385fea5a93112/library/std/src/sys/unix/thread.rs:108:17
[INFO] [stdout]   28: <unknown>
[INFO] [stdout]   29: __clone
[INFO] [stdout] 
[INFO] [stdout] ---- util::web::firefox::firefox_bookmarks stdout ----
[INFO] [stdout] Error: No such file or directory (os error 2)
[INFO] [stdout] 
[INFO] [stdout] Stack backtrace:
[INFO] [stdout]    0: anyhow::error::<impl core::convert::From<E> for anyhow::Error>::from
[INFO] [stdout]              at /opt/rustwide/cargo-home/registry/src/index.crates.io-6f17d22bba15001f/anyhow-1.0.79/src/error.rs:565:25
[INFO] [stdout]    1: <core::result::Result<T,F> as core::ops::try_trait::FromResidual<core::result::Result<core::convert::Infallible,E>>>::from_residual
[INFO] [stdout]              at /rustc/82e1608dfa6e0b5569232559e3d385fea5a93112/library/core/src/result.rs:1963:27
[INFO] [stdout]    2: buo::util::web::firefox::with_default_firefox_profile
[INFO] [stdout]              at ./src/util/web/firefox.rs:16:16
[INFO] [stdout]    3: buo::util::web::firefox::get_firefox_bookmarks
[INFO] [stdout]              at ./src/util/web/firefox.rs:46:23
[INFO] [stdout]    4: buo::util::web::firefox::firefox_bookmarks
[INFO] [stdout]              at ./src/util/web/firefox.rs:54:21
[INFO] [stdout]    5: buo::util::web::firefox::firefox_bookmarks::{{closure}}
[INFO] [stdout]              at ./src/util/web/firefox.rs:52:27
[INFO] [stdout]    6: core::ops::function::FnOnce::call_once
[INFO] [stdout]              at /rustc/82e1608dfa6e0b5569232559e3d385fea5a93112/library/core/src/ops/function.rs:250:5
[INFO] [stdout]    7: core::ops::function::FnOnce::call_once
[INFO] [stdout]              at /rustc/82e1608dfa6e0b5569232559e3d385fea5a93112/library/core/src/ops/function.rs:250:5
[INFO] [stdout]    8: test::__rust_begin_short_backtrace
[INFO] [stdout]              at /rustc/82e1608dfa6e0b5569232559e3d385fea5a93112/library/test/src/lib.rs:628:18
[INFO] [stdout]    9: test::run_test_in_process::{{closure}}
[INFO] [stdout]              at /rustc/82e1608dfa6e0b5569232559e3d385fea5a93112/library/test/src/lib.rs:651:60
[INFO] [stdout]   10: <core::panic::unwind_safe::AssertUnwindSafe<F> as core::ops::function::FnOnce<()>>::call_once
[INFO] [stdout]              at /rustc/82e1608dfa6e0b5569232559e3d385fea5a93112/library/core/src/panic/unwind_safe.rs:272:9
[INFO] [stdout]   11: std::panicking::try::do_call
[INFO] [stdout]              at /rustc/82e1608dfa6e0b5569232559e3d385fea5a93112/library/std/src/panicking.rs:552:40
[INFO] [stdout]   12: std::panicking::try
[INFO] [stdout]              at /rustc/82e1608dfa6e0b5569232559e3d385fea5a93112/library/std/src/panicking.rs:516:19
[INFO] [stdout]   13: std::panic::catch_unwind
[INFO] [stdout]              at /rustc/82e1608dfa6e0b5569232559e3d385fea5a93112/library/std/src/panic.rs:142:14
[INFO] [stdout]   14: test::run_test_in_process
[INFO] [stdout]              at /rustc/82e1608dfa6e0b5569232559e3d385fea5a93112/library/test/src/lib.rs:651:27
[INFO] [stdout]   15: test::run_test::{{closure}}
[INFO] [stdout]              at /rustc/82e1608dfa6e0b5569232559e3d385fea5a93112/library/test/src/lib.rs:574:43
[INFO] [stdout]   16: test::run_test::{{closure}}
[INFO] [stdout]              at /rustc/82e1608dfa6e0b5569232559e3d385fea5a93112/library/test/src/lib.rs:602:41
[INFO] [stdout]   17: std::sys_common::backtrace::__rust_begin_short_backtrace
[INFO] [stdout]              at /rustc/82e1608dfa6e0b5569232559e3d385fea5a93112/library/std/src/sys_common/backtrace.rs:154:18
[INFO] [stdout]   18: std::thread::Builder::spawn_unchecked_::{{closure}}::{{closure}}
[INFO] [stdout]              at /rustc/82e1608dfa6e0b5569232559e3d385fea5a93112/library/std/src/thread/mod.rs:529:17
[INFO] [stdout]   19: <core::panic::unwind_safe::AssertUnwindSafe<F> as core::ops::function::FnOnce<()>>::call_once
[INFO] [stdout]              at /rustc/82e1608dfa6e0b5569232559e3d385fea5a93112/library/core/src/panic/unwind_safe.rs:272:9
[INFO] [stdout]   20: std::panicking::try::do_call
[INFO] [stdout]              at /rustc/82e1608dfa6e0b5569232559e3d385fea5a93112/library/std/src/panicking.rs:552:40
[INFO] [stdout]   21: std::panicking::try
[INFO] [stdout]              at /rustc/82e1608dfa6e0b5569232559e3d385fea5a93112/library/std/src/panicking.rs:516:19
[INFO] [stdout]   22: std::panic::catch_unwind
[INFO] [stdout]              at /rustc/82e1608dfa6e0b5569232559e3d385fea5a93112/library/std/src/panic.rs:142:14
[INFO] [stdout]   23: std::thread::Builder::spawn_unchecked_::{{closure}}
[INFO] [stdout]              at /rustc/82e1608dfa6e0b5569232559e3d385fea5a93112/library/std/src/thread/mod.rs:528:30
[INFO] [stdout]   24: core::ops::function::FnOnce::call_once{{vtable.shim}}
[INFO] [stdout]              at /rustc/82e1608dfa6e0b5569232559e3d385fea5a93112/library/core/src/ops/function.rs:250:5
[INFO] [stdout]   25: <alloc::boxed::Box<F,A> as core::ops::function::FnOnce<Args>>::call_once
[INFO] [stdout]              at /rustc/82e1608dfa6e0b5569232559e3d385fea5a93112/library/alloc/src/boxed.rs:2007:9
[INFO] [stdout]   26: <alloc::boxed::Box<F,A> as core::ops::function::FnOnce<Args>>::call_once
[INFO] [stdout]              at /rustc/82e1608dfa6e0b5569232559e3d385fea5a93112/library/alloc/src/boxed.rs:2007:9
[INFO] [stdout]   27: std::sys::unix::thread::Thread::new::thread_start
[INFO] [stdout]              at /rustc/82e1608dfa6e0b5569232559e3d385fea5a93112/library/std/src/sys/unix/thread.rs:108:17
[INFO] [stdout]   28: <unknown>
[INFO] [stdout]   29: __clone
[INFO] [stdout] 
[INFO] [stdout] ---- util::web::chromium::brave_bookmarks stdout ----
[INFO] [stdout] Error: No such file or directory (os error 2)
[INFO] [stdout] 
[INFO] [stdout] Stack backtrace:
[INFO] [stdout]    0: anyhow::error::<impl core::convert::From<E> for anyhow::Error>::from
[INFO] [stdout]              at /opt/rustwide/cargo-home/registry/src/index.crates.io-6f17d22bba15001f/anyhow-1.0.79/src/error.rs:565:25
[INFO] [stdout]    1: <core::result::Result<T,F> as core::ops::try_trait::FromResidual<core::result::Result<core::convert::Infallible,E>>>::from_residual
[INFO] [stdout]              at /rustc/82e1608dfa6e0b5569232559e3d385fea5a93112/library/core/src/result.rs:1963:27
[INFO] [stdout]    2: buo::util::web::chromium::with_default_profile
[INFO] [stdout]              at ./src/util/web/chromium.rs:24:16
[INFO] [stdout]    3: buo::util::web::chromium::resolve_chromium_browser_bookmark_path
[INFO] [stdout]              at ./src/util/web/chromium.rs:51:5
[INFO] [stdout]    4: buo::util::web::chromium::brave_bookmarks
[INFO] [stdout]              at ./src/util/web/chromium.rs:88:26
[INFO] [stdout]    5: buo::util::web::chromium::brave_bookmarks::{{closure}}
[INFO] [stdout]              at ./src/util/web/chromium.rs:87:25
[INFO] [stdout]    6: core::ops::function::FnOnce::call_once
[INFO] [stdout]              at /rustc/82e1608dfa6e0b5569232559e3d385fea5a93112/library/core/src/ops/function.rs:250:5
[INFO] [stdout]    7: core::ops::function::FnOnce::call_once
[INFO] [stdout]              at /rustc/82e1608dfa6e0b5569232559e3d385fea5a93112/library/core/src/ops/function.rs:250:5
[INFO] [stdout]    8: test::__rust_begin_short_backtrace
[INFO] [stdout]              at /rustc/82e1608dfa6e0b5569232559e3d385fea5a93112/library/test/src/lib.rs:628:18
[INFO] [stdout]    9: test::run_test_in_process::{{closure}}
[INFO] [stdout]              at /rustc/82e1608dfa6e0b5569232559e3d385fea5a93112/library/test/src/lib.rs:651:60
[INFO] [stdout]   10: <core::panic::unwind_safe::AssertUnwindSafe<F> as core::ops::function::FnOnce<()>>::call_once
[INFO] [stdout]              at /rustc/82e1608dfa6e0b5569232559e3d385fea5a93112/library/core/src/panic/unwind_safe.rs:272:9
[INFO] [stdout]   11: std::panicking::try::do_call
[INFO] [stdout]              at /rustc/82e1608dfa6e0b5569232559e3d385fea5a93112/library/std/src/panicking.rs:552:40
[INFO] [stdout]   12: std::panicking::try
[INFO] [stdout]              at /rustc/82e1608dfa6e0b5569232559e3d385fea5a93112/library/std/src/panicking.rs:516:19
[INFO] [stdout]   13: std::panic::catch_unwind
[INFO] [stdout]              at /rustc/82e1608dfa6e0b5569232559e3d385fea5a93112/library/std/src/panic.rs:142:14
[INFO] [stdout]   14: test::run_test_in_process
[INFO] [stdout]              at /rustc/82e1608dfa6e0b5569232559e3d385fea5a93112/library/test/src/lib.rs:651:27
[INFO] [stdout]   15: test::run_test::{{closure}}
[INFO] [stdout]              at /rustc/82e1608dfa6e0b5569232559e3d385fea5a93112/library/test/src/lib.rs:574:43
[INFO] [stdout]   16: test::run_test::{{closure}}
[INFO] [stdout]              at /rustc/82e1608dfa6e0b5569232559e3d385fea5a93112/library/test/src/lib.rs:602:41
[INFO] [stdout]   17: std::sys_common::backtrace::__rust_begin_short_backtrace
[INFO] [stdout]              at /rustc/82e1608dfa6e0b5569232559e3d385fea5a93112/library/std/src/sys_common/backtrace.rs:154:18
[INFO] [stdout]   18: std::thread::Builder::spawn_unchecked_::{{closure}}::{{closure}}
[INFO] [stdout]              at /rustc/82e1608dfa6e0b5569232559e3d385fea5a93112/library/std/src/thread/mod.rs:529:17
[INFO] [stdout]   19: <core::panic::unwind_safe::AssertUnwindSafe<F> as core::ops::function::FnOnce<()>>::call_once
[INFO] [stdout]              at /rustc/82e1608dfa6e0b5569232559e3d385fea5a93112/library/core/src/panic/unwind_safe.rs:272:9
[INFO] [stdout]   20: std::panicking::try::do_call
[INFO] [stdout]              at /rustc/82e1608dfa6e0b5569232559e3d385fea5a93112/library/std/src/panicking.rs:552:40
[INFO] [stdout]   21: std::panicking::try
[INFO] [stdout]              at /rustc/82e1608dfa6e0b5569232559e3d385fea5a93112/library/std/src/panicking.rs:516:19
[INFO] [stdout]   22: std::panic::catch_unwind
[INFO] [stdout]              at /rustc/82e1608dfa6e0b5569232559e3d385fea5a93112/library/std/src/panic.rs:142:14
[INFO] [stdout]   23: std::thread::Builder::spawn_unchecked_::{{closure}}
[INFO] [stdout]              at /rustc/82e1608dfa6e0b5569232559e3d385fea5a93112/library/std/src/thread/mod.rs:528:30
[INFO] [stdout]   24: core::ops::function::FnOnce::call_once{{vtable.shim}}
[INFO] [stdout]              at /rustc/82e1608dfa6e0b5569232559e3d385fea5a93112/library/core/src/ops/function.rs:250:5
[INFO] [stdout]   25: <alloc::boxed::Box<F,A> as core::ops::function::FnOnce<Args>>::call_once
[INFO] [stdout]              at /rustc/82e1608dfa6e0b5569232559e3d385fea5a93112/library/alloc/src/boxed.rs:2007:9
[INFO] [stdout]   26: <alloc::boxed::Box<F,A> as core::ops::function::FnOnce<Args>>::call_once
[INFO] [stdout]              at /rustc/82e1608dfa6e0b5569232559e3d385fea5a93112/library/alloc/src/boxed.rs:2007:9
[INFO] [stdout]   27: std::sys::unix::thread::Thread::new::thread_start
[INFO] [stdout]              at /rustc/82e1608dfa6e0b5569232559e3d385fea5a93112/library/std/src/sys/unix/thread.rs:108:17
[INFO] [stdout]   28: <unknown>
[INFO] [stdout]   29: __clone
[INFO] [stdout] 
[INFO] [stdout] 
[INFO] [stdout] failures:
[INFO] [stdout]     util::web::chromium::brave_bookmarks
[INFO] [stdout]     util::web::chromium::vivaldi_bookmarks
[INFO] [stdout]     util::web::firefox::firefox_bookmarks
[INFO] [stdout] 
[INFO] [stdout] test result: FAILED. 0 passed; 3 failed; 0 ignored; 0 measured; 0 filtered out; finished in 0.06s
[INFO] [stdout] 
[INFO] [stderr] error: test failed, to rerun pass `--lib`
[INFO] running `Command { std: "docker" "inspect" "73690c05e6f577bbd85cd1591fb7594c4593d6229c20b270306e0b36be1a5d7e", kill_on_drop: false }`
[INFO] running `Command { std: "docker" "rm" "-f" "73690c05e6f577bbd85cd1591fb7594c4593d6229c20b270306e0b36be1a5d7e", kill_on_drop: false }`
[INFO] [stdout] 73690c05e6f577bbd85cd1591fb7594c4593d6229c20b270306e0b36be1a5d7e
[INFO] testing arborice/buo against beta-2023-12-22 for beta-1.76-1
[INFO] running `Command { std: "git" "clone" "/workspace/cache/git-repos/https%3A%2F%2Fgithub.com%2Farborice%2Fbuo" "/workspace/builds/worker-7-tc2/source", kill_on_drop: false }`
[INFO] [stderr] Cloning into '/workspace/builds/worker-7-tc2/source'...
[INFO] [stderr] done.
[INFO] validating manifest of git repo https://github.com/arborice/buo on toolchain beta-2023-12-22
[INFO] running `Command { std: CARGO_HOME="/workspace/cargo-home" RUSTUP_HOME="/workspace/rustup-home" "/workspace/cargo-home/bin/cargo" "+beta-2023-12-22" "metadata" "--manifest-path" "Cargo.toml" "--no-deps", kill_on_drop: false }`
[INFO] started tweaking git repo https://github.com/arborice/buo
[INFO] finished tweaking git repo https://github.com/arborice/buo
[INFO] tweaked toml for git repo https://github.com/arborice/buo written to /workspace/builds/worker-7-tc2/source/Cargo.toml
[INFO] crate git repo https://github.com/arborice/buo already has a lockfile, it will not be regenerated
[INFO] running `Command { std: CARGO_HOME="/workspace/cargo-home" RUSTUP_HOME="/workspace/rustup-home" "/workspace/cargo-home/bin/cargo" "+beta-2023-12-22" "fetch" "--manifest-path" "Cargo.toml", kill_on_drop: false }`
[INFO] [stderr]     Updating crates.io index
[INFO] [stderr]     Blocking waiting for file lock on package cache
[INFO] running `Command { std: "docker" "create" "-v" "/var/lib/crater-agent-workspace/builds/worker-7-tc2/target:/opt/rustwide/target:rw,Z" "-v" "/var/lib/crater-agent-workspace/builds/worker-7-tc2/source:/opt/rustwide/workdir:ro,Z" "-v" "/var/lib/crater-agent-workspace/cargo-home:/opt/rustwide/cargo-home:ro,Z" "-v" "/var/lib/crater-agent-workspace/rustup-home:/opt/rustwide/rustup-home:ro,Z" "-e" "SOURCE_DIR=/opt/rustwide/workdir" "-e" "CARGO_TARGET_DIR=/opt/rustwide/target" "-e" "CARGO_HOME=/opt/rustwide/cargo-home" "-e" "RUSTUP_HOME=/opt/rustwide/rustup-home" "-w" "/opt/rustwide/workdir" "-m" "1610612736" "--user" "0:0" "--network" "none" "ghcr.io/rust-lang/crates-build-env/linux@sha256:2788e3201cd34a07e3172128adcd8b3090168a8e3bcc40d7c032b9dda1df7d1c" "/opt/rustwide/cargo-home/bin/cargo" "+beta-2023-12-22" "metadata" "--no-deps" "--format-version=1", kill_on_drop: false }`
[INFO] [stdout] 21d6df41d162414d8c49f4d3ed6f96a201ce7f2379164907c7c6b48f0d233efb
[INFO] running `Command { std: "docker" "start" "-a" "21d6df41d162414d8c49f4d3ed6f96a201ce7f2379164907c7c6b48f0d233efb", kill_on_drop: false }`
[INFO] running `Command { std: "docker" "inspect" "21d6df41d162414d8c49f4d3ed6f96a201ce7f2379164907c7c6b48f0d233efb", kill_on_drop: false }`
[INFO] running `Command { std: "docker" "rm" "-f" "21d6df41d162414d8c49f4d3ed6f96a201ce7f2379164907c7c6b48f0d233efb", kill_on_drop: false }`
[INFO] [stdout] 21d6df41d162414d8c49f4d3ed6f96a201ce7f2379164907c7c6b48f0d233efb
[INFO] running `Command { std: "docker" "create" "-v" "/var/lib/crater-agent-workspace/builds/worker-7-tc2/target:/opt/rustwide/target:rw,Z" "-v" "/var/lib/crater-agent-workspace/builds/worker-7-tc2/source:/opt/rustwide/workdir:ro,Z" "-v" "/var/lib/crater-agent-workspace/cargo-home:/opt/rustwide/cargo-home:ro,Z" "-v" "/var/lib/crater-agent-workspace/rustup-home:/opt/rustwide/rustup-home:ro,Z" "-e" "SOURCE_DIR=/opt/rustwide/workdir" "-e" "CARGO_TARGET_DIR=/opt/rustwide/target" "-e" "CARGO_INCREMENTAL=0" "-e" "RUST_BACKTRACE=full" "-e" "RUSTFLAGS=--cap-lints=warn" "-e" "RUSTDOCFLAGS=--cap-lints=warn" "-e" "CARGO_HOME=/opt/rustwide/cargo-home" "-e" "RUSTUP_HOME=/opt/rustwide/rustup-home" "-w" "/opt/rustwide/workdir" "-m" "1610612736" "--user" "0:0" "--network" "none" "ghcr.io/rust-lang/crates-build-env/linux@sha256:2788e3201cd34a07e3172128adcd8b3090168a8e3bcc40d7c032b9dda1df7d1c" "/opt/rustwide/cargo-home/bin/cargo" "+beta-2023-12-22" "build" "--frozen" "--message-format=json", kill_on_drop: false }`
[INFO] [stdout] 53f15d5901685762791d892470e6ce0d65899498829cd9c05239a15233c1bd5d
[INFO] running `Command { std: "docker" "start" "-a" "53f15d5901685762791d892470e6ce0d65899498829cd9c05239a15233c1bd5d", kill_on_drop: false }`
[INFO] [stderr]    Compiling libc v0.2.151
[INFO] [stderr]    Compiling syn v1.0.73
[INFO] [stderr]    Compiling unicode-xid v0.2.2
[INFO] [stderr]    Compiling memchr v2.7.1
[INFO] [stderr]    Compiling bitflags v1.2.1
[INFO] [stderr]    Compiling serde_derive v1.0.126
[INFO] [stderr]    Compiling ppv-lite86 v0.2.17
[INFO] [stderr]    Compiling serde v1.0.126
[INFO] [stderr]    Compiling siphasher v0.3.11
[INFO] [stderr]    Compiling autocfg v1.0.1
[INFO] [stderr]    Compiling version_check v0.9.3
[INFO] [stderr]    Compiling encoding_rs v0.8.33
[INFO] [stderr]    Compiling once_cell v1.19.0
[INFO] [stderr]    Compiling byteorder v1.4.3
[INFO] [stderr]    Compiling arrayvec v0.6.1
[INFO] [stderr]    Compiling syn v2.0.48
[INFO] [stderr]    Compiling getrandom v0.1.16
[INFO] [stderr]    Compiling phf_shared v0.11.2
[INFO] [stderr]    Compiling thiserror v1.0.56
[INFO] [stderr]    Compiling ucd-trie v0.1.6
[INFO] [stderr]    Compiling libm v0.2.8
[INFO] [stderr]    Compiling unic-char-range v0.9.0
[INFO] [stderr]    Compiling unic-common v0.9.0
[INFO] [stderr]    Compiling iana-time-zone v0.1.59
[INFO] [stderr]    Compiling ryu v1.0.5
[INFO] [stderr]    Compiling symphonia-core v0.3.0
[INFO] [stderr]    Compiling unic-ucd-version v0.9.0
[INFO] [stderr]    Compiling unic-char-property v0.9.0
[INFO] [stderr]    Compiling num-traits v0.2.14
[INFO] [stderr]    Compiling aho-corasick v1.1.2
[INFO] [stderr]    Compiling bstr v1.9.0
[INFO] [stderr]    Compiling phf v0.11.2
[INFO] [stderr]    Compiling serde_json v1.0.64
[INFO] [stderr]    Compiling unic-ucd-segment v0.9.0
[INFO] [stderr]    Compiling proc-macro-error-attr v1.0.4
[INFO] [stderr]    Compiling ahash v0.7.7
[INFO] [stderr]    Compiling deunicode v1.4.2
[INFO] [stderr]    Compiling itoa v0.4.7
[INFO] [stderr]    Compiling unicode-segmentation v1.7.1
[INFO] [stderr]    Compiling unicode-width v0.1.8
[INFO] [stderr]    Compiling proc-macro-hack v0.5.20+deprecated
[INFO] [stderr]    Compiling slug v0.1.5
[INFO] [stderr]    Compiling unic-segment v0.9.0
[INFO] [stderr]    Compiling proc-macro-error v1.0.4
[INFO] [stderr]    Compiling phf_shared v0.8.0
[INFO] [stderr]    Compiling pkg-config v0.3.19
[INFO] [stderr]    Compiling parking_lot_core v0.8.6
[INFO] [stderr]    Compiling heck v0.3.3
[INFO] [stderr]    Compiling humansize v2.1.3
[INFO] [stderr]    Compiling indexmap v1.6.2
[INFO] [stderr]    Compiling linked-hash-map v0.5.4
[INFO] [stderr]    Compiling vec_map v0.8.2
[INFO] [stderr]    Compiling symphonia-metadata v0.3.0
[INFO] [stderr]    Compiling rustix v0.38.28
[INFO] [stderr]    Compiling termcolor v1.1.2
[INFO] [stderr]    Compiling lock_api v0.4.6
[INFO] [stderr]    Compiling yaml-rust v0.4.5
[INFO] [stderr]    Compiling encoding_rs_io v0.1.7
[INFO] [stderr]    Compiling textwrap v0.11.0
[INFO] [stderr]    Compiling grep-matcher v0.1.7
[INFO] [stderr]    Compiling regex-automata v0.4.3
[INFO] [stderr]    Compiling libsqlite3-sys v0.22.2
[INFO] [stderr]    Compiling anyhow v1.0.79
[INFO] [stderr]    Compiling hashbrown v0.9.1
[INFO] [stderr]    Compiling getrandom v0.2.11
[INFO] [stderr]    Compiling rand_core v0.6.4
[INFO] [stderr]    Compiling rand_core v0.5.1
[INFO] [stderr]    Compiling atty v0.2.14
[INFO] [stderr]    Compiling symphonia-utils-xiph v0.3.0
[INFO] [stderr]    Compiling num_cpus v1.16.0
[INFO] [stderr]    Compiling dirs-sys v0.3.7
[INFO] [stderr]    Compiling rand_chacha v0.3.1
[INFO] [stderr]    Compiling rand_chacha v0.2.2
[INFO] [stderr]    Compiling rand_pcg v0.2.1
[INFO] [stderr]    Compiling hashbrown v0.11.2
[INFO] [stderr]    Compiling memmap2 v0.9.3
[INFO] [stderr]    Compiling dtoa v0.4.8
[INFO] [stderr]    Compiling rand v0.8.5
[INFO] [stderr]    Compiling ansi_term v0.12.1
[INFO] [stderr]    Compiling rand v0.7.3
[INFO] [stderr]    Compiling arrayvec v0.7.4
[INFO] [stderr]    Compiling strsim v0.8.0
[INFO] [stderr]    Compiling linux-raw-sys v0.4.12
[INFO] [stderr]    Compiling grep-searcher v0.1.13
[INFO] [stderr]    Compiling parking_lot v0.11.2
[INFO] [stderr]    Compiling clap v2.34.0
[INFO] [stderr]    Compiling dirs v3.0.2
[INFO] [stderr]    Compiling num-format v0.4.4
[INFO] [stderr]    Compiling symphonia-format-ogg v0.3.0
[INFO] [stderr]    Compiling hashlink v0.7.0
[INFO] [stderr]    Compiling symphonia-bundle-flac v0.3.0
[INFO] [stderr]    Compiling phf_generator v0.11.2
[INFO] [stderr]    Compiling phf_codegen v0.11.2
[INFO] [stderr]    Compiling symphonia-format-wav v0.3.0
[INFO] [stderr]    Compiling symphonia-bundle-mp3 v0.3.0
[INFO] [stderr]    Compiling symphonia-format-isomp4 v0.3.0
[INFO] [stderr]    Compiling term_size v0.3.2
[INFO] [stderr]    Compiling symphonia-codec-aac v0.3.0
[INFO] [stderr]    Compiling symphonia-codec-pcm v0.3.0
[INFO] [stderr]    Compiling phf_generator v0.8.0
[INFO] [stderr]    Compiling textwrap v0.14.0
[INFO] [stderr]    Compiling aho-corasick v0.7.20
[INFO] [stderr]    Compiling crossbeam-channel v0.5.10
[INFO] [stderr]    Compiling fallible-streaming-iterator v0.1.9
[INFO] [stderr]    Compiling fastrand v2.0.1
[INFO] [stderr]    Compiling fallible-iterator v0.2.0
[INFO] [stderr]    Compiling utf8-width v0.1.7
[INFO] [stderr]    Compiling darling_core v0.13.4
[INFO] [stderr]    Compiling bitstream-io v1.10.0
[INFO] [stderr]    Compiling os_str_bytes v3.1.0
[INFO] [stderr]    Compiling rusqlite v0.25.4
[INFO] [stderr]    Compiling regex v1.10.2
[INFO] [stderr]    Compiling globset v0.4.14
[INFO] [stderr]    Compiling symphonia v0.3.0
[INFO] [stderr]    Compiling filesize v0.2.0
[INFO] [stderr]    Compiling ignore v0.4.21
[INFO] [stderr]    Compiling parse-zoneinfo v0.3.0
[INFO] [stderr]    Compiling env_logger v0.8.4
[INFO] [stderr]    Compiling tempfile v3.9.0
[INFO] [stderr]    Compiling thiserror-impl v1.0.56
[INFO] [stderr]    Compiling chrono-tz-build v0.2.1
[INFO] [stderr]    Compiling globwalk v0.8.1
[INFO] [stderr]    Compiling phf_macros v0.8.0
[INFO] [stderr]    Compiling clap_derive v3.0.0-beta.2 (https://github.com/clap-rs/clap/#89d1519f)
[INFO] [stderr]    Compiling strum_macros v0.21.1
[INFO] [stderr]    Compiling darling_macro v0.13.4
[INFO] [stderr]    Compiling chrono-tz v0.8.5
[INFO] [stderr]    Compiling pest v2.7.6
[INFO] [stderr]    Compiling phf v0.8.0
[INFO] [stderr]    Compiling darling v0.13.4
[INFO] [stderr]    Compiling serde_with_macros v1.5.2
[INFO] [stderr]    Compiling strum v0.21.0
[INFO] [stderr]    Compiling clap v3.0.0-beta.2 (https://github.com/clap-rs/clap/#89d1519f)
[INFO] [stderr]    Compiling pest_meta v2.7.6
[INFO] [stderr]    Compiling pest_generator v2.7.6
[INFO] [stderr]    Compiling pest_derive v2.7.6
[INFO] [stderr]    Compiling chrono v0.4.31
[INFO] [stderr]    Compiling serde_yaml v0.8.17
[INFO] [stderr]    Compiling dashmap v4.0.2
[INFO] [stderr]    Compiling toml v0.5.8
[INFO] [stderr]    Compiling bincode v1.3.3
[INFO] [stderr]    Compiling serde_with v1.14.0
[INFO] [stderr]    Compiling byte-unit v4.0.19
[INFO] [stderr]    Compiling tinyvec v1.6.0
[INFO] [stderr]    Compiling matroska v0.7.0
[INFO] [stderr]    Compiling tera v1.19.1
[INFO] [stderr]    Compiling tokei v12.1.2
[INFO] [stderr]    Compiling buo v0.1.0 (/opt/rustwide/workdir)
[INFO] [stdout] warning: unused import: `dirs::DirMeta`
[INFO] [stdout]  --> src/prelude.rs:2:5
[INFO] [stdout]   |
[INFO] [stdout] 2 |     dirs::DirMeta,
[INFO] [stdout]   |     ^^^^^^^^^^^^^
[INFO] [stdout]   |
[INFO] [stdout]   = note: `#[warn(unused_imports)]` on by default
[INFO] [stdout] 
[INFO] [stdout] 
[INFO] [stdout] warning: unused import: `Row`
[INFO] [stdout]  --> src/util/web/firefox.rs:2:39
[INFO] [stdout]   |
[INFO] [stdout] 2 | use rusqlite::{Connection, OpenFlags, Row};
[INFO] [stdout]   |                                       ^^^
[INFO] [stdout] 
[INFO] [stdout] 
[INFO] [stdout] warning: method `next_insertion_index` is never used
[INFO] [stdout]   --> src/util/cache/local.rs:43:8
[INFO] [stdout]    |
[INFO] [stdout] 29 | impl PersistentCache {
[INFO] [stdout]    | -------------------- method in this implementation
[INFO] [stdout] ...
[INFO] [stdout] 43 |     fn next_insertion_index(&mut self) -> Result<()> {
[INFO] [stdout]    |        ^^^^^^^^^^^^^^^^^^^^
[INFO] [stdout]    |
[INFO] [stdout]    = note: `#[warn(dead_code)]` on by default
[INFO] [stdout] 
[INFO] [stdout] 
[INFO] [stdout] warning: enum `Os` is never used
[INFO] [stdout]  --> src/util/os.rs:1:10
[INFO] [stdout]   |
[INFO] [stdout] 1 | pub enum Os {
[INFO] [stdout]   |          ^^
[INFO] [stdout] 
[INFO] [stdout] 
[INFO] [stdout] warning: enum `ChromiumBrowser` is never used
[INFO] [stdout]  --> src/util/web/chromium.rs:9:10
[INFO] [stdout]   |
[INFO] [stdout] 9 | pub enum ChromiumBrowser {
[INFO] [stdout]   |          ^^^^^^^^^^^^^^^
[INFO] [stdout] 
[INFO] [stdout] 
[INFO] [stdout] warning: function `with_default_profile` is never used
[INFO] [stdout]   --> src/util/web/chromium.rs:17:4
[INFO] [stdout]    |
[INFO] [stdout] 17 | fn with_default_profile(browser_dir: &mut PathBuf) -> Result<()> {
[INFO] [stdout]    |    ^^^^^^^^^^^^^^^^^^^^
[INFO] [stdout] 
[INFO] [stdout] 
[INFO] [stdout] warning: function `resolve_chromium_browser_bookmark_path` is never used
[INFO] [stdout]   --> src/util/web/chromium.rs:34:8
[INFO] [stdout]    |
[INFO] [stdout] 34 | pub fn resolve_chromium_browser_bookmark_path(browser: ChromiumBrowser, os: Os) -> Result<PathBuf> {
[INFO] [stdout]    |        ^^^^^^^^^^^^^^^^^^^^^^^^^^^^^^^^^^^^^^
[INFO] [stdout] 
[INFO] [stdout] 
[INFO] [stdout] warning: function `get_chromium_bookmarks` is never used
[INFO] [stdout]   --> src/util/web/chromium.rs:56:8
[INFO] [stdout]    |
[INFO] [stdout] 56 | pub fn get_chromium_bookmarks(bookmark_path: &Path) -> Result<Option<Vec<WebBookmark>>> {
[INFO] [stdout]    |        ^^^^^^^^^^^^^^^^^^^^^^
[INFO] [stdout] 
[INFO] [stdout] 
[INFO] [stdout] warning: constant `FF_ROOT_PATH` is never used
[INFO] [stdout]   --> src/util/web/firefox.rs:11:7
[INFO] [stdout]    |
[INFO] [stdout] 11 | const FF_ROOT_PATH: &str = ".mozilla/firefox";
[INFO] [stdout]    |       ^^^^^^^^^^^^
[INFO] [stdout] 
[INFO] [stdout] 
[INFO] [stdout] warning: constant `PLACES` is never used
[INFO] [stdout]   --> src/util/web/firefox.rs:12:7
[INFO] [stdout]    |
[INFO] [stdout] 12 | const PLACES: &str = "places.sqlite";
[INFO] [stdout]    |       ^^^^^^
[INFO] [stdout] 
[INFO] [stdout] 
[INFO] [stdout] warning: constant `QUERY` is never used
[INFO] [stdout]   --> src/util/web/firefox.rs:13:7
[INFO] [stdout]    |
[INFO] [stdout] 13 | const QUERY: &str = "SELECT b.title, p.url FROM moz_bookmarks b JOIN moz_places p ON p.id = b.fk";
[INFO] [stdout]    |       ^^^^^
[INFO] [stdout] 
[INFO] [stdout] 
[INFO] [stdout] warning: function `with_default_firefox_profile` is never used
[INFO] [stdout]   --> src/util/web/firefox.rs:15:4
[INFO] [stdout]    |
[INFO] [stdout] 15 | fn with_default_firefox_profile(firefox_dir: &Path) -> Result<PathBuf> {
[INFO] [stdout]    |    ^^^^^^^^^^^^^^^^^^^^^^^^^^^^
[INFO] [stdout] 
[INFO] [stdout] 
[INFO] [stdout] warning: function `query_bookmarks_from_path` is never used
[INFO] [stdout]   --> src/util/web/firefox.rs:25:4
[INFO] [stdout]    |
[INFO] [stdout] 25 | fn query_bookmarks_from_path(db_path: &Path) -> Result<Vec<WebBookmark>> {
[INFO] [stdout]    |    ^^^^^^^^^^^^^^^^^^^^^^^^^
[INFO] [stdout] 
[INFO] [stdout] 
[INFO] [stdout] warning: function `get_firefox_bookmarks` is never used
[INFO] [stdout]   --> src/util/web/firefox.rs:42:8
[INFO] [stdout]    |
[INFO] [stdout] 42 | pub fn get_firefox_bookmarks(cfg_path: &Path) -> Result<Vec<WebBookmark>> {
[INFO] [stdout]    |        ^^^^^^^^^^^^^^^^^^^^^
[INFO] [stdout] 
[INFO] [stdout] 
[INFO] [stdout] warning: 14 warnings emitted
[INFO] [stdout] 
[INFO] [stdout] 
[INFO] [stdout] warning: unused import: `dirs::DirMeta`
[INFO] [stdout]  --> src/prelude.rs:2:5
[INFO] [stdout]   |
[INFO] [stdout] 2 |     dirs::DirMeta,
[INFO] [stdout]   |     ^^^^^^^^^^^^^
[INFO] [stdout]   |
[INFO] [stdout]   = note: `#[warn(unused_imports)]` on by default
[INFO] [stdout] 
[INFO] [stdout] 
[INFO] [stdout] warning: unused imports: `MAX_CACHE_SIZE`, `PersistentCache`, `commit_cache_to_path`, `retrieve_or_init_cache`
[INFO] [stdout]  --> src/util/cache.rs:4:17
[INFO] [stdout]   |
[INFO] [stdout] 4 | pub use local::{commit_cache_to_path, retrieve_or_init_cache, PersistentCache, MAX_CACHE_SIZE};
[INFO] [stdout]   |                 ^^^^^^^^^^^^^^^^^^^^  ^^^^^^^^^^^^^^^^^^^^^^  ^^^^^^^^^^^^^^^  ^^^^^^^^^^^^^^
[INFO] [stdout] 
[INFO] [stdout] 
[INFO] [stdout] warning: unused import: `session::LiveCache`
[INFO] [stdout]  --> src/util/cache.rs:5:9
[INFO] [stdout]   |
[INFO] [stdout] 5 | pub use session::LiveCache;
[INFO] [stdout]   |         ^^^^^^^^^^^^^^^^^^
[INFO] [stdout] 
[INFO] [stdout] 
[INFO] [stdout] warning: unused import: `Row`
[INFO] [stdout]  --> src/util/web/firefox.rs:2:39
[INFO] [stdout]   |
[INFO] [stdout] 2 | use rusqlite::{Connection, OpenFlags, Row};
[INFO] [stdout]   |                                       ^^^
[INFO] [stdout] 
[INFO] [stdout] 
[INFO] [stdout] warning: function `acc_valid_paths` is never used
[INFO] [stdout]   --> src/util/cache.rs:14:4
[INFO] [stdout]    |
[INFO] [stdout] 14 | fn acc_valid_paths(
[INFO] [stdout]    |    ^^^^^^^^^^^^^^^
[INFO] [stdout]    |
[INFO] [stdout]    = note: `#[warn(dead_code)]` on by default
[INFO] [stdout] 
[INFO] [stdout] 
[INFO] [stdout] warning: function `replace_invalid_entries` is never used
[INFO] [stdout]   --> src/util/cache.rs:37:8
[INFO] [stdout]    |
[INFO] [stdout] 37 | pub fn replace_invalid_entries(
[INFO] [stdout]    |        ^^^^^^^^^^^^^^^^^^^^^^^
[INFO] [stdout] 
[INFO] [stdout] 
[INFO] [stdout] warning: function `get_initial_entries` is never used
[INFO] [stdout]   --> src/util/cache.rs:54:8
[INFO] [stdout]    |
[INFO] [stdout] 54 | pub fn get_initial_entries(
[INFO] [stdout]    |        ^^^^^^^^^^^^^^^^^^^
[INFO] [stdout] 
[INFO] [stdout] 
[INFO] [stdout] warning: methods `get`, `next_insertion_index`, `insert`, `remove`, `retain`, and `batch_query` are never used
[INFO] [stdout]   --> src/util/cache/local.rs:38:12
[INFO] [stdout]    |
[INFO] [stdout] 29 | impl PersistentCache {
[INFO] [stdout]    | -------------------- methods in this implementation
[INFO] [stdout] ...
[INFO] [stdout] 38 |     pub fn get(&self, query: &str) -> Option<&MediaMeta> {
[INFO] [stdout]    |            ^^^
[INFO] [stdout] ...
[INFO] [stdout] 43 |     fn next_insertion_index(&mut self) -> Result<()> {
[INFO] [stdout]    |        ^^^^^^^^^^^^^^^^^^^^
[INFO] [stdout] ...
[INFO] [stdout] 52 |     pub fn insert(&mut self, key: &str, entry: MediaMeta) -> Result<()> {
[INFO] [stdout]    |            ^^^^^^
[INFO] [stdout] ...
[INFO] [stdout] 63 |     pub fn remove(&mut self, key: &str) -> Option<MediaMeta> {
[INFO] [stdout]    |            ^^^^^^
[INFO] [stdout] ...
[INFO] [stdout] 72 |     pub fn retain(&mut self, functor: fn(&str, Option<&MediaMeta>) -> bool) {
[INFO] [stdout]    |            ^^^^^^
[INFO] [stdout] ...
[INFO] [stdout] 93 |     pub fn batch_query<P: AsRef<str>>(&self, queries: &[P]) -> Option<Vec<&MediaMeta>> {
[INFO] [stdout]    |            ^^^^^^^^^^^
[INFO] [stdout] 
[INFO] [stdout] 
[INFO] [stdout] warning: function `commit_cache_to_path` is never used
[INFO] [stdout]    --> src/util/cache/local.rs:120:8
[INFO] [stdout]     |
[INFO] [stdout] 120 | pub fn commit_cache_to_path(path: &Path, cache: PersistentCache) -> Result<()> {
[INFO] [stdout]     |        ^^^^^^^^^^^^^^^^^^^^
[INFO] [stdout] 
[INFO] [stdout] 
[INFO] [stdout] warning: function `init_cache` is never used
[INFO] [stdout]    --> src/util/cache/local.rs:129:4
[INFO] [stdout]     |
[INFO] [stdout] 129 | fn init_cache(path: &Path) -> Result<PersistentCache> {
[INFO] [stdout]     |    ^^^^^^^^^^
[INFO] [stdout] 
[INFO] [stdout] 
[INFO] [stdout] warning: function `is_init_candidate` is never used
[INFO] [stdout]    --> src/util/cache/local.rs:136:4
[INFO] [stdout]     |
[INFO] [stdout] 136 | fn is_init_candidate(err: &BinErr) -> bool {
[INFO] [stdout]     |    ^^^^^^^^^^^^^^^^^
[INFO] [stdout] 
[INFO] [stdout] 
[INFO] [stdout] warning: function `retrieve_or_init_cache` is never used
[INFO] [stdout]    --> src/util/cache/local.rs:151:8
[INFO] [stdout]     |
[INFO] [stdout] 151 | pub fn retrieve_or_init_cache(path: &Path) -> Result<PersistentCache> {
[INFO] [stdout]     |        ^^^^^^^^^^^^^^^^^^^^^^
[INFO] [stdout] 
[INFO] [stdout] 
[INFO] [stdout] warning: multiple associated items are never used
[INFO] [stdout]   --> src/util/cache/session.rs:22:12
[INFO] [stdout]    |
[INFO] [stdout] 21 | impl LiveCache {
[INFO] [stdout]    | -------------- associated items in this implementation
[INFO] [stdout] 22 |     pub fn new() -> Self {
[INFO] [stdout]    |            ^^^
[INFO] [stdout] ...
[INFO] [stdout] 26 |     pub fn clear(&mut self) {
[INFO] [stdout]    |            ^^^^^
[INFO] [stdout] ...
[INFO] [stdout] 30 |     pub fn contains(&self, meta: &MediaMeta) -> bool {
[INFO] [stdout]    |            ^^^^^^^^
[INFO] [stdout] ...
[INFO] [stdout] 34 |     pub fn has_capacity(&self) -> bool {
[INFO] [stdout]    |            ^^^^^^^^^^^^
[INFO] [stdout] ...
[INFO] [stdout] 38 |     fn increment(&mut self) {
[INFO] [stdout]    |        ^^^^^^^^^
[INFO] [stdout] ...
[INFO] [stdout] 46 |     pub fn find<P>(&self, fun: P) -> Option<&MediaMeta>
[INFO] [stdout]    |            ^^^^
[INFO] [stdout] ...
[INFO] [stdout] 53 |     pub fn entries(&self) -> impl Iterator<Item = &MediaMeta> {
[INFO] [stdout]    |            ^^^^^^^
[INFO] [stdout] ...
[INFO] [stdout] 57 |     pub fn insert(&mut self, meta: MediaMeta) {
[INFO] [stdout]    |            ^^^^^^
[INFO] [stdout] 
[INFO] [stdout] 
[INFO] [stdout] warning: method `human_readable_disk_size` is never used
[INFO] [stdout]   --> src/util/dirs.rs:12:12
[INFO] [stdout]    |
[INFO] [stdout] 11 | impl DirMeta {
[INFO] [stdout]    | ------------ method in this implementation
[INFO] [stdout] 12 |     pub fn human_readable_disk_size(&self) -> String {
[INFO] [stdout]    |            ^^^^^^^^^^^^^^^^^^^^^^^^
[INFO] [stdout] 
[INFO] [stdout] 
[INFO] [stdout] warning: enum `Os` is never used
[INFO] [stdout]  --> src/util/os.rs:1:10
[INFO] [stdout]   |
[INFO] [stdout] 1 | pub enum Os {
[INFO] [stdout]   |          ^^
[INFO] [stdout] 
[INFO] [stdout] 
[INFO] [stdout] warning: enum `ChromiumBrowser` is never used
[INFO] [stdout]  --> src/util/web/chromium.rs:9:10
[INFO] [stdout]   |
[INFO] [stdout] 9 | pub enum ChromiumBrowser {
[INFO] [stdout]   |          ^^^^^^^^^^^^^^^
[INFO] [stdout] 
[INFO] [stdout] 
[INFO] [stdout] warning: function `with_default_profile` is never used
[INFO] [stdout]   --> src/util/web/chromium.rs:17:4
[INFO] [stdout]    |
[INFO] [stdout] 17 | fn with_default_profile(browser_dir: &mut PathBuf) -> Result<()> {
[INFO] [stdout]    |    ^^^^^^^^^^^^^^^^^^^^
[INFO] [stdout] 
[INFO] [stdout] 
[INFO] [stdout] warning: function `resolve_chromium_browser_bookmark_path` is never used
[INFO] [stdout]   --> src/util/web/chromium.rs:34:8
[INFO] [stdout]    |
[INFO] [stdout] 34 | pub fn resolve_chromium_browser_bookmark_path(browser: ChromiumBrowser, os: Os) -> Result<PathBuf> {
[INFO] [stdout]    |        ^^^^^^^^^^^^^^^^^^^^^^^^^^^^^^^^^^^^^^
[INFO] [stdout] 
[INFO] [stdout] 
[INFO] [stdout] warning: function `get_chromium_bookmarks` is never used
[INFO] [stdout]   --> src/util/web/chromium.rs:56:8
[INFO] [stdout]    |
[INFO] [stdout] 56 | pub fn get_chromium_bookmarks(bookmark_path: &Path) -> Result<Option<Vec<WebBookmark>>> {
[INFO] [stdout]    |        ^^^^^^^^^^^^^^^^^^^^^^
[INFO] [stdout] 
[INFO] [stdout] 
[INFO] [stdout] warning: constant `FF_ROOT_PATH` is never used
[INFO] [stdout]   --> src/util/web/firefox.rs:11:7
[INFO] [stdout]    |
[INFO] [stdout] 11 | const FF_ROOT_PATH: &str = ".mozilla/firefox";
[INFO] [stdout]    |       ^^^^^^^^^^^^
[INFO] [stdout] 
[INFO] [stdout] 
[INFO] [stdout] warning: constant `PLACES` is never used
[INFO] [stdout]   --> src/util/web/firefox.rs:12:7
[INFO] [stdout]    |
[INFO] [stdout] 12 | const PLACES: &str = "places.sqlite";
[INFO] [stdout]    |       ^^^^^^
[INFO] [stdout] 
[INFO] [stdout] 
[INFO] [stdout] warning: constant `QUERY` is never used
[INFO] [stdout]   --> src/util/web/firefox.rs:13:7
[INFO] [stdout]    |
[INFO] [stdout] 13 | const QUERY: &str = "SELECT b.title, p.url FROM moz_bookmarks b JOIN moz_places p ON p.id = b.fk";
[INFO] [stdout]    |       ^^^^^
[INFO] [stdout] 
[INFO] [stdout] 
[INFO] [stdout] warning: function `with_default_firefox_profile` is never used
[INFO] [stdout]   --> src/util/web/firefox.rs:15:4
[INFO] [stdout]    |
[INFO] [stdout] 15 | fn with_default_firefox_profile(firefox_dir: &Path) -> Result<PathBuf> {
[INFO] [stdout]    |    ^^^^^^^^^^^^^^^^^^^^^^^^^^^^
[INFO] [stdout] 
[INFO] [stdout] 
[INFO] [stdout] warning: function `query_bookmarks_from_path` is never used
[INFO] [stdout]   --> src/util/web/firefox.rs:25:4
[INFO] [stdout]    |
[INFO] [stdout] 25 | fn query_bookmarks_from_path(db_path: &Path) -> Result<Vec<WebBookmark>> {
[INFO] [stdout]    |    ^^^^^^^^^^^^^^^^^^^^^^^^^
[INFO] [stdout] 
[INFO] [stdout] 
[INFO] [stdout] warning: function `get_firefox_bookmarks` is never used
[INFO] [stdout]   --> src/util/web/firefox.rs:42:8
[INFO] [stdout]    |
[INFO] [stdout] 42 | pub fn get_firefox_bookmarks(cfg_path: &Path) -> Result<Vec<WebBookmark>> {
[INFO] [stdout]    |        ^^^^^^^^^^^^^^^^^^^^^
[INFO] [stdout] 
[INFO] [stdout] 
[INFO] [stdout] warning: 25 warnings emitted
[INFO] [stdout] 
[INFO] [stdout] 
[INFO] [stderr]     Finished dev [unoptimized + debuginfo] target(s) in 30.74s
[INFO] running `Command { std: "docker" "inspect" "53f15d5901685762791d892470e6ce0d65899498829cd9c05239a15233c1bd5d", kill_on_drop: false }`
[INFO] running `Command { std: "docker" "rm" "-f" "53f15d5901685762791d892470e6ce0d65899498829cd9c05239a15233c1bd5d", kill_on_drop: false }`
[INFO] [stdout] 53f15d5901685762791d892470e6ce0d65899498829cd9c05239a15233c1bd5d
[INFO] running `Command { std: "docker" "create" "-v" "/var/lib/crater-agent-workspace/builds/worker-7-tc2/target:/opt/rustwide/target:rw,Z" "-v" "/var/lib/crater-agent-workspace/builds/worker-7-tc2/source:/opt/rustwide/workdir:ro,Z" "-v" "/var/lib/crater-agent-workspace/cargo-home:/opt/rustwide/cargo-home:ro,Z" "-v" "/var/lib/crater-agent-workspace/rustup-home:/opt/rustwide/rustup-home:ro,Z" "-e" "SOURCE_DIR=/opt/rustwide/workdir" "-e" "CARGO_TARGET_DIR=/opt/rustwide/target" "-e" "CARGO_INCREMENTAL=0" "-e" "RUST_BACKTRACE=full" "-e" "RUSTFLAGS=--cap-lints=warn" "-e" "RUSTDOCFLAGS=--cap-lints=warn" "-e" "CARGO_HOME=/opt/rustwide/cargo-home" "-e" "RUSTUP_HOME=/opt/rustwide/rustup-home" "-w" "/opt/rustwide/workdir" "-m" "1610612736" "--user" "0:0" "--network" "none" "ghcr.io/rust-lang/crates-build-env/linux@sha256:2788e3201cd34a07e3172128adcd8b3090168a8e3bcc40d7c032b9dda1df7d1c" "/opt/rustwide/cargo-home/bin/cargo" "+beta-2023-12-22" "test" "--frozen" "--no-run" "--message-format=json", kill_on_drop: false }`
[INFO] [stdout] e3be16a3f2fe4eb601aae474b49dad9d1a986a490562b0530a7b431d205e9837
[INFO] running `Command { std: "docker" "start" "-a" "e3be16a3f2fe4eb601aae474b49dad9d1a986a490562b0530a7b431d205e9837", kill_on_drop: false }`
[INFO] [stdout] warning: unused import: `dirs::DirMeta`
[INFO] [stdout]  --> src/prelude.rs:2:5
[INFO] [stdout]   |
[INFO] [stdout] 2 |     dirs::DirMeta,
[INFO] [stdout]   |     ^^^^^^^^^^^^^
[INFO] [stdout]   |
[INFO] [stdout]   = note: `#[warn(unused_imports)]` on by default
[INFO] [stdout] 
[INFO] [stdout] 
[INFO] [stdout] warning: unused import: `Row`
[INFO] [stdout]  --> src/util/web/firefox.rs:2:39
[INFO] [stdout]   |
[INFO] [stdout] 2 | use rusqlite::{Connection, OpenFlags, Row};
[INFO] [stdout]   |                                       ^^^
[INFO] [stdout] 
[INFO] [stdout] 
[INFO] [stdout] warning: method `next_insertion_index` is never used
[INFO] [stdout]   --> src/util/cache/local.rs:43:8
[INFO] [stdout]    |
[INFO] [stdout] 29 | impl PersistentCache {
[INFO] [stdout]    | -------------------- method in this implementation
[INFO] [stdout] ...
[INFO] [stdout] 43 |     fn next_insertion_index(&mut self) -> Result<()> {
[INFO] [stdout]    |        ^^^^^^^^^^^^^^^^^^^^
[INFO] [stdout]    |
[INFO] [stdout]    = note: `#[warn(dead_code)]` on by default
[INFO] [stdout] 
[INFO] [stdout] 
[INFO] [stdout] warning: enum `Os` is never used
[INFO] [stdout]  --> src/util/os.rs:1:10
[INFO] [stdout]   |
[INFO] [stdout] 1 | pub enum Os {
[INFO] [stdout]   |          ^^
[INFO] [stdout] 
[INFO] [stdout] 
[INFO] [stdout] warning: enum `ChromiumBrowser` is never used
[INFO] [stdout]  --> src/util/web/chromium.rs:9:10
[INFO] [stdout]   |
[INFO] [stdout] 9 | pub enum ChromiumBrowser {
[INFO] [stdout]   |          ^^^^^^^^^^^^^^^
[INFO] [stdout] 
[INFO] [stdout] 
[INFO] [stdout] warning: function `with_default_profile` is never used
[INFO] [stdout]   --> src/util/web/chromium.rs:17:4
[INFO] [stdout]    |
[INFO] [stdout] 17 | fn with_default_profile(browser_dir: &mut PathBuf) -> Result<()> {
[INFO] [stdout]    |    ^^^^^^^^^^^^^^^^^^^^
[INFO] [stdout] 
[INFO] [stdout] 
[INFO] [stdout] warning: function `resolve_chromium_browser_bookmark_path` is never used
[INFO] [stdout]   --> src/util/web/chromium.rs:34:8
[INFO] [stdout]    |
[INFO] [stdout] 34 | pub fn resolve_chromium_browser_bookmark_path(browser: ChromiumBrowser, os: Os) -> Result<PathBuf> {
[INFO] [stdout]    |        ^^^^^^^^^^^^^^^^^^^^^^^^^^^^^^^^^^^^^^
[INFO] [stdout] 
[INFO] [stdout] 
[INFO] [stdout] warning: function `get_chromium_bookmarks` is never used
[INFO] [stdout]   --> src/util/web/chromium.rs:56:8
[INFO] [stdout]    |
[INFO] [stdout] 56 | pub fn get_chromium_bookmarks(bookmark_path: &Path) -> Result<Option<Vec<WebBookmark>>> {
[INFO] [stdout]    |        ^^^^^^^^^^^^^^^^^^^^^^
[INFO] [stdout] 
[INFO] [stdout] 
[INFO] [stdout] warning: constant `FF_ROOT_PATH` is never used
[INFO] [stdout]   --> src/util/web/firefox.rs:11:7
[INFO] [stdout]    |
[INFO] [stdout] 11 | const FF_ROOT_PATH: &str = ".mozilla/firefox";
[INFO] [stdout]    |       ^^^^^^^^^^^^
[INFO] [stdout] 
[INFO] [stdout] 
[INFO] [stdout] warning: constant `PLACES` is never used
[INFO] [stdout]   --> src/util/web/firefox.rs:12:7
[INFO] [stdout]    |
[INFO] [stdout] 12 | const PLACES: &str = "places.sqlite";
[INFO] [stdout]    |       ^^^^^^
[INFO] [stdout] 
[INFO] [stdout] 
[INFO] [stdout] warning: constant `QUERY` is never used
[INFO] [stdout]   --> src/util/web/firefox.rs:13:7
[INFO] [stdout]    |
[INFO] [stdout] 13 | const QUERY: &str = "SELECT b.title, p.url FROM moz_bookmarks b JOIN moz_places p ON p.id = b.fk";
[INFO] [stdout]    |       ^^^^^
[INFO] [stdout] 
[INFO] [stdout] 
[INFO] [stderr]    Compiling buo v0.1.0 (/opt/rustwide/workdir)
[INFO] [stdout] warning: function `with_default_firefox_profile` is never used
[INFO] [stdout]   --> src/util/web/firefox.rs:15:4
[INFO] [stdout]    |
[INFO] [stdout] 15 | fn with_default_firefox_profile(firefox_dir: &Path) -> Result<PathBuf> {
[INFO] [stdout]    |    ^^^^^^^^^^^^^^^^^^^^^^^^^^^^
[INFO] [stdout] 
[INFO] [stdout] 
[INFO] [stdout] warning: function `query_bookmarks_from_path` is never used
[INFO] [stdout]   --> src/util/web/firefox.rs:25:4
[INFO] [stdout]    |
[INFO] [stdout] 25 | fn query_bookmarks_from_path(db_path: &Path) -> Result<Vec<WebBookmark>> {
[INFO] [stdout]    |    ^^^^^^^^^^^^^^^^^^^^^^^^^
[INFO] [stdout] 
[INFO] [stdout] 
[INFO] [stdout] warning: function `get_firefox_bookmarks` is never used
[INFO] [stdout]   --> src/util/web/firefox.rs:42:8
[INFO] [stdout]    |
[INFO] [stdout] 42 | pub fn get_firefox_bookmarks(cfg_path: &Path) -> Result<Vec<WebBookmark>> {
[INFO] [stdout]    |        ^^^^^^^^^^^^^^^^^^^^^
[INFO] [stdout] 
[INFO] [stdout] 
[INFO] [stdout] warning: 14 warnings emitted
[INFO] [stdout] 
[INFO] [stdout] 
[INFO] [stdout] warning: unused import: `dirs::DirMeta`
[INFO] [stdout]  --> src/prelude.rs:2:5
[INFO] [stdout]   |
[INFO] [stdout] 2 |     dirs::DirMeta,
[INFO] [stdout]   |     ^^^^^^^^^^^^^
[INFO] [stdout]   |
[INFO] [stdout]   = note: `#[warn(unused_imports)]` on by default
[INFO] [stdout] 
[INFO] [stdout] 
[INFO] [stdout] warning: unused import: `Row`
[INFO] [stdout]  --> src/util/web/firefox.rs:2:39
[INFO] [stdout]   |
[INFO] [stdout] 2 | use rusqlite::{Connection, OpenFlags, Row};
[INFO] [stdout]   |                                       ^^^
[INFO] [stdout] 
[INFO] [stdout] 
[INFO] [stdout] warning: unused import: `dirs::DirMeta`
[INFO] [stdout]  --> src/prelude.rs:2:5
[INFO] [stdout]   |
[INFO] [stdout] 2 |     dirs::DirMeta,
[INFO] [stdout]   |     ^^^^^^^^^^^^^
[INFO] [stdout]   |
[INFO] [stdout]   = note: `#[warn(unused_imports)]` on by default
[INFO] [stdout] 
[INFO] [stdout] 
[INFO] [stdout] warning: unused imports: `MAX_CACHE_SIZE`, `PersistentCache`, `commit_cache_to_path`, `retrieve_or_init_cache`
[INFO] [stdout]  --> src/util/cache.rs:4:17
[INFO] [stdout]   |
[INFO] [stdout] 4 | pub use local::{commit_cache_to_path, retrieve_or_init_cache, PersistentCache, MAX_CACHE_SIZE};
[INFO] [stdout]   |                 ^^^^^^^^^^^^^^^^^^^^  ^^^^^^^^^^^^^^^^^^^^^^  ^^^^^^^^^^^^^^^  ^^^^^^^^^^^^^^
[INFO] [stdout] 
[INFO] [stdout] 
[INFO] [stdout] warning: unused import: `session::LiveCache`
[INFO] [stdout]  --> src/util/cache.rs:5:9
[INFO] [stdout]   |
[INFO] [stdout] 5 | pub use session::LiveCache;
[INFO] [stdout]   |         ^^^^^^^^^^^^^^^^^^
[INFO] [stdout] 
[INFO] [stdout] 
[INFO] [stdout] warning: unused import: `Row`
[INFO] [stdout]  --> src/util/web/firefox.rs:2:39
[INFO] [stdout]   |
[INFO] [stdout] 2 | use rusqlite::{Connection, OpenFlags, Row};
[INFO] [stdout]   |                                       ^^^
[INFO] [stdout] 
[INFO] [stdout] 
[INFO] [stdout] warning: method `next_insertion_index` is never used
[INFO] [stdout]   --> src/util/cache/local.rs:43:8
[INFO] [stdout]    |
[INFO] [stdout] 29 | impl PersistentCache {
[INFO] [stdout]    | -------------------- method in this implementation
[INFO] [stdout] ...
[INFO] [stdout] 43 |     fn next_insertion_index(&mut self) -> Result<()> {
[INFO] [stdout]    |        ^^^^^^^^^^^^^^^^^^^^
[INFO] [stdout]    |
[INFO] [stdout]    = note: `#[warn(dead_code)]` on by default
[INFO] [stdout] 
[INFO] [stdout] 
[INFO] [stdout] warning: variants `Mac` and `Windows` are never constructed
[INFO] [stdout]  --> src/util/os.rs:3:5
[INFO] [stdout]   |
[INFO] [stdout] 1 | pub enum Os {
[INFO] [stdout]   |          -- variants in this enum
[INFO] [stdout] 2 |     Linux,
[INFO] [stdout] 3 |     Mac,
[INFO] [stdout]   |     ^^^
[INFO] [stdout] 4 |     Windows,
[INFO] [stdout]   |     ^^^^^^^
[INFO] [stdout] 
[INFO] [stdout] 
[INFO] [stdout] warning: variants `Chrome`, `Chromium`, and `Edge` are never constructed
[INFO] [stdout]   --> src/util/web/chromium.rs:11:5
[INFO] [stdout]    |
[INFO] [stdout] 9  | pub enum ChromiumBrowser {
[INFO] [stdout]    |          --------------- variants in this enum
[INFO] [stdout] 10 |     Brave,
[INFO] [stdout] 11 |     Chrome,
[INFO] [stdout]    |     ^^^^^^
[INFO] [stdout] 12 |     Chromium,
[INFO] [stdout]    |     ^^^^^^^^
[INFO] [stdout] 13 |     Edge,
[INFO] [stdout]    |     ^^^^
[INFO] [stdout] 
[INFO] [stdout] 
[INFO] [stdout] warning: function `acc_valid_paths` is never used
[INFO] [stdout]   --> src/util/cache.rs:14:4
[INFO] [stdout]    |
[INFO] [stdout] 14 | fn acc_valid_paths(
[INFO] [stdout]    |    ^^^^^^^^^^^^^^^
[INFO] [stdout]    |
[INFO] [stdout]    = note: `#[warn(dead_code)]` on by default
[INFO] [stdout] 
[INFO] [stdout] 
[INFO] [stdout] warning: function `replace_invalid_entries` is never used
[INFO] [stdout]   --> src/util/cache.rs:37:8
[INFO] [stdout]    |
[INFO] [stdout] 37 | pub fn replace_invalid_entries(
[INFO] [stdout]    |        ^^^^^^^^^^^^^^^^^^^^^^^
[INFO] [stdout] 
[INFO] [stdout] 
[INFO] [stdout] warning: function `get_initial_entries` is never used
[INFO] [stdout]   --> src/util/cache.rs:54:8
[INFO] [stdout]    |
[INFO] [stdout] 54 | pub fn get_initial_entries(
[INFO] [stdout]    |        ^^^^^^^^^^^^^^^^^^^
[INFO] [stdout] 
[INFO] [stdout] 
[INFO] [stdout] warning: methods `get`, `next_insertion_index`, `insert`, `remove`, `retain`, and `batch_query` are never used
[INFO] [stdout]   --> src/util/cache/local.rs:38:12
[INFO] [stdout]    |
[INFO] [stdout] 29 | impl PersistentCache {
[INFO] [stdout]    | -------------------- methods in this implementation
[INFO] [stdout] ...
[INFO] [stdout] 38 |     pub fn get(&self, query: &str) -> Option<&MediaMeta> {
[INFO] [stdout]    |            ^^^
[INFO] [stdout] ...
[INFO] [stdout] 43 |     fn next_insertion_index(&mut self) -> Result<()> {
[INFO] [stdout]    |        ^^^^^^^^^^^^^^^^^^^^
[INFO] [stdout] ...
[INFO] [stdout] 52 |     pub fn insert(&mut self, key: &str, entry: MediaMeta) -> Result<()> {
[INFO] [stdout]    |            ^^^^^^
[INFO] [stdout] ...
[INFO] [stdout] 63 |     pub fn remove(&mut self, key: &str) -> Option<MediaMeta> {
[INFO] [stdout]    |            ^^^^^^
[INFO] [stdout] ...
[INFO] [stdout] 72 |     pub fn retain(&mut self, functor: fn(&str, Option<&MediaMeta>) -> bool) {
[INFO] [stdout]    |            ^^^^^^
[INFO] [stdout] ...
[INFO] [stdout] 93 |     pub fn batch_query<P: AsRef<str>>(&self, queries: &[P]) -> Option<Vec<&MediaMeta>> {
[INFO] [stdout]    |            ^^^^^^^^^^^
[INFO] [stdout] 
[INFO] [stdout] 
[INFO] [stdout] warning: function `commit_cache_to_path` is never used
[INFO] [stdout]    --> src/util/cache/local.rs:120:8
[INFO] [stdout]     |
[INFO] [stdout] 120 | pub fn commit_cache_to_path(path: &Path, cache: PersistentCache) -> Result<()> {
[INFO] [stdout]     |        ^^^^^^^^^^^^^^^^^^^^
[INFO] [stdout] 
[INFO] [stdout] 
[INFO] [stdout] warning: function `init_cache` is never used
[INFO] [stdout]    --> src/util/cache/local.rs:129:4
[INFO] [stdout]     |
[INFO] [stdout] 129 | fn init_cache(path: &Path) -> Result<PersistentCache> {
[INFO] [stdout]     |    ^^^^^^^^^^
[INFO] [stdout] 
[INFO] [stdout] 
[INFO] [stdout] warning: function `is_init_candidate` is never used
[INFO] [stdout]    --> src/util/cache/local.rs:136:4
[INFO] [stdout]     |
[INFO] [stdout] 136 | fn is_init_candidate(err: &BinErr) -> bool {
[INFO] [stdout]     |    ^^^^^^^^^^^^^^^^^
[INFO] [stdout] 
[INFO] [stdout] 
[INFO] [stdout] warning: function `retrieve_or_init_cache` is never used
[INFO] [stdout]    --> src/util/cache/local.rs:151:8
[INFO] [stdout]     |
[INFO] [stdout] 151 | pub fn retrieve_or_init_cache(path: &Path) -> Result<PersistentCache> {
[INFO] [stdout]     |        ^^^^^^^^^^^^^^^^^^^^^^
[INFO] [stdout] 
[INFO] [stdout] 
[INFO] [stdout] warning: multiple associated items are never used
[INFO] [stdout]   --> src/util/cache/session.rs:22:12
[INFO] [stdout]    |
[INFO] [stdout] 21 | impl LiveCache {
[INFO] [stdout]    | -------------- associated items in this implementation
[INFO] [stdout] 22 |     pub fn new() -> Self {
[INFO] [stdout]    |            ^^^
[INFO] [stdout] ...
[INFO] [stdout] 26 |     pub fn clear(&mut self) {
[INFO] [stdout]    |            ^^^^^
[INFO] [stdout] ...
[INFO] [stdout] 30 |     pub fn contains(&self, meta: &MediaMeta) -> bool {
[INFO] [stdout]    |            ^^^^^^^^
[INFO] [stdout] ...
[INFO] [stdout] 34 |     pub fn has_capacity(&self) -> bool {
[INFO] [stdout]    |            ^^^^^^^^^^^^
[INFO] [stdout] ...
[INFO] [stdout] 38 |     fn increment(&mut self) {
[INFO] [stdout]    |        ^^^^^^^^^
[INFO] [stdout] ...
[INFO] [stdout] 46 |     pub fn find<P>(&self, fun: P) -> Option<&MediaMeta>
[INFO] [stdout]    |            ^^^^
[INFO] [stdout] ...
[INFO] [stdout] 53 |     pub fn entries(&self) -> impl Iterator<Item = &MediaMeta> {
[INFO] [stdout]    |            ^^^^^^^
[INFO] [stdout] ...
[INFO] [stdout] 57 |     pub fn insert(&mut self, meta: MediaMeta) {
[INFO] [stdout]    |            ^^^^^^
[INFO] [stdout] 
[INFO] [stdout] 
[INFO] [stdout] warning: method `human_readable_disk_size` is never used
[INFO] [stdout]   --> src/util/dirs.rs:12:12
[INFO] [stdout]    |
[INFO] [stdout] 11 | impl DirMeta {
[INFO] [stdout]    | ------------ method in this implementation
[INFO] [stdout] 12 |     pub fn human_readable_disk_size(&self) -> String {
[INFO] [stdout]    |            ^^^^^^^^^^^^^^^^^^^^^^^^
[INFO] [stdout] 
[INFO] [stdout] 
[INFO] [stdout] warning: variants `Mac` and `Windows` are never constructed
[INFO] [stdout]  --> src/util/os.rs:3:5
[INFO] [stdout]   |
[INFO] [stdout] 1 | pub enum Os {
[INFO] [stdout]   |          -- variants in this enum
[INFO] [stdout] 2 |     Linux,
[INFO] [stdout] 3 |     Mac,
[INFO] [stdout]   |     ^^^
[INFO] [stdout] 4 |     Windows,
[INFO] [stdout]   |     ^^^^^^^
[INFO] [stdout] 
[INFO] [stdout] 
[INFO] [stdout] warning: variants `Chrome`, `Chromium`, and `Edge` are never constructed
[INFO] [stdout]   --> src/util/web/chromium.rs:11:5
[INFO] [stdout]    |
[INFO] [stdout] 9  | pub enum ChromiumBrowser {
[INFO] [stdout]    |          --------------- variants in this enum
[INFO] [stdout] 10 |     Brave,
[INFO] [stdout] 11 |     Chrome,
[INFO] [stdout]    |     ^^^^^^
[INFO] [stdout] 12 |     Chromium,
[INFO] [stdout]    |     ^^^^^^^^
[INFO] [stdout] 13 |     Edge,
[INFO] [stdout]    |     ^^^^
[INFO] [stdout] 
[INFO] [stdout] 
[INFO] [stdout] warning: 5 warnings emitted
[INFO] [stdout] 
[INFO] [stdout] 
[INFO] [stdout] warning: 16 warnings emitted
[INFO] [stdout] 
[INFO] [stdout] 
[INFO] [stderr]     Finished test [unoptimized + debuginfo] target(s) in 2.73s
[INFO] running `Command { std: "docker" "inspect" "e3be16a3f2fe4eb601aae474b49dad9d1a986a490562b0530a7b431d205e9837", kill_on_drop: false }`
[INFO] running `Command { std: "docker" "rm" "-f" "e3be16a3f2fe4eb601aae474b49dad9d1a986a490562b0530a7b431d205e9837", kill_on_drop: false }`
[INFO] [stdout] e3be16a3f2fe4eb601aae474b49dad9d1a986a490562b0530a7b431d205e9837
[INFO] running `Command { std: "docker" "create" "-v" "/var/lib/crater-agent-workspace/builds/worker-7-tc2/target:/opt/rustwide/target:rw,Z" "-v" "/var/lib/crater-agent-workspace/builds/worker-7-tc2/source:/opt/rustwide/workdir:ro,Z" "-v" "/var/lib/crater-agent-workspace/cargo-home:/opt/rustwide/cargo-home:ro,Z" "-v" "/var/lib/crater-agent-workspace/rustup-home:/opt/rustwide/rustup-home:ro,Z" "-e" "SOURCE_DIR=/opt/rustwide/workdir" "-e" "CARGO_TARGET_DIR=/opt/rustwide/target" "-e" "CARGO_INCREMENTAL=0" "-e" "RUST_BACKTRACE=full" "-e" "RUSTFLAGS=--cap-lints=warn" "-e" "RUSTDOCFLAGS=--cap-lints=warn" "-e" "CARGO_HOME=/opt/rustwide/cargo-home" "-e" "RUSTUP_HOME=/opt/rustwide/rustup-home" "-w" "/opt/rustwide/workdir" "-m" "1610612736" "--user" "0:0" "--network" "none" "ghcr.io/rust-lang/crates-build-env/linux@sha256:2788e3201cd34a07e3172128adcd8b3090168a8e3bcc40d7c032b9dda1df7d1c" "/opt/rustwide/cargo-home/bin/cargo" "+beta-2023-12-22" "test" "--frozen", kill_on_drop: false }`
[INFO] [stdout] 1f5e1aead76b93091606bbd6d419644245631c6bdc22ab465cbf712526c67bbc
[INFO] running `Command { std: "docker" "start" "-a" "1f5e1aead76b93091606bbd6d419644245631c6bdc22ab465cbf712526c67bbc", kill_on_drop: false }`
[INFO] [stderr] warning: unused import: `dirs::DirMeta`
[INFO] [stderr]  --> src/prelude.rs:2:5
[INFO] [stderr]   |
[INFO] [stderr] 2 |     dirs::DirMeta,
[INFO] [stderr]   |     ^^^^^^^^^^^^^
[INFO] [stderr]   |
[INFO] [stderr]   = note: `#[warn(unused_imports)]` on by default
[INFO] [stderr] 
[INFO] [stderr] warning: unused import: `Row`
[INFO] [stderr]  --> src/util/web/firefox.rs:2:39
[INFO] [stderr]   |
[INFO] [stderr] 2 | use rusqlite::{Connection, OpenFlags, Row};
[INFO] [stderr]   |                                       ^^^
[INFO] [stderr] 
[INFO] [stderr] warning: method `next_insertion_index` is never used
[INFO] [stderr]   --> src/util/cache/local.rs:43:8
[INFO] [stderr]    |
[INFO] [stderr] 29 | impl PersistentCache {
[INFO] [stderr]    | -------------------- method in this implementation
[INFO] [stderr] ...
[INFO] [stderr] 43 |     fn next_insertion_index(&mut self) -> Result<()> {
[INFO] [stderr]    |        ^^^^^^^^^^^^^^^^^^^^
[INFO] [stderr]    |
[INFO] [stderr]    = note: `#[warn(dead_code)]` on by default
[INFO] [stderr] 
[INFO] [stderr] warning: enum `Os` is never used
[INFO] [stderr]  --> src/util/os.rs:1:10
[INFO] [stderr]   |
[INFO] [stderr] 1 | pub enum Os {
[INFO] [stderr]   |          ^^
[INFO] [stderr] 
[INFO] [stderr] warning: enum `ChromiumBrowser` is never used
[INFO] [stderr]  --> src/util/web/chromium.rs:9:10
[INFO] [stderr]   |
[INFO] [stderr] 9 | pub enum ChromiumBrowser {
[INFO] [stderr]   |          ^^^^^^^^^^^^^^^
[INFO] [stderr] 
[INFO] [stderr] warning: function `with_default_profile` is never used
[INFO] [stderr]   --> src/util/web/chromium.rs:17:4
[INFO] [stderr]    |
[INFO] [stderr] 17 | fn with_default_profile(browser_dir: &mut PathBuf) -> Result<()> {
[INFO] [stderr]    |    ^^^^^^^^^^^^^^^^^^^^
[INFO] [stderr] 
[INFO] [stderr] warning: function `resolve_chromium_browser_bookmark_path` is never used
[INFO] [stderr]   --> src/util/web/chromium.rs:34:8
[INFO] [stderr]    |
[INFO] [stderr] 34 | pub fn resolve_chromium_browser_bookmark_path(browser: ChromiumBrowser, os: Os) -> Result<PathBuf> {
[INFO] [stderr]    |        ^^^^^^^^^^^^^^^^^^^^^^^^^^^^^^^^^^^^^^
[INFO] [stderr] 
[INFO] [stderr] warning: function `get_chromium_bookmarks` is never used
[INFO] [stderr]   --> src/util/web/chromium.rs:56:8
[INFO] [stderr]    |
[INFO] [stderr] 56 | pub fn get_chromium_bookmarks(bookmark_path: &Path) -> Result<Option<Vec<WebBookmark>>> {
[INFO] [stderr]    |        ^^^^^^^^^^^^^^^^^^^^^^
[INFO] [stderr] 
[INFO] [stderr] warning: constant `FF_ROOT_PATH` is never used
[INFO] [stderr]   --> src/util/web/firefox.rs:11:7
[INFO] [stderr]    |
[INFO] [stderr] 11 | const FF_ROOT_PATH: &str = ".mozilla/firefox";
[INFO] [stderr]    |       ^^^^^^^^^^^^
[INFO] [stderr] 
[INFO] [stderr] warning: constant `PLACES` is never used
[INFO] [stderr]   --> src/util/web/firefox.rs:12:7
[INFO] [stderr]    |
[INFO] [stderr] 12 | const PLACES: &str = "places.sqlite";
[INFO] [stderr]    |       ^^^^^^
[INFO] [stderr] 
[INFO] [stderr] warning: constant `QUERY` is never used
[INFO] [stderr]   --> src/util/web/firefox.rs:13:7
[INFO] [stderr]    |
[INFO] [stderr] 13 | const QUERY: &str = "SELECT b.title, p.url FROM moz_bookmarks b JOIN moz_places p ON p.id = b.fk";
[INFO] [stderr]    |       ^^^^^
[INFO] [stderr] 
[INFO] [stderr] warning: function `with_default_firefox_profile` is never used
[INFO] [stderr]   --> src/util/web/firefox.rs:15:4
[INFO] [stderr]    |
[INFO] [stderr] 15 | fn with_default_firefox_profile(firefox_dir: &Path) -> Result<PathBuf> {
[INFO] [stderr]    |    ^^^^^^^^^^^^^^^^^^^^^^^^^^^^
[INFO] [stderr] 
[INFO] [stderr] warning: function `query_bookmarks_from_path` is never used
[INFO] [stderr]   --> src/util/web/firefox.rs:25:4
[INFO] [stderr]    |
[INFO] [stderr] 25 | fn query_bookmarks_from_path(db_path: &Path) -> Result<Vec<WebBookmark>> {
[INFO] [stderr]    |    ^^^^^^^^^^^^^^^^^^^^^^^^^
[INFO] [stderr] 
[INFO] [stderr] warning: function `get_firefox_bookmarks` is never used
[INFO] [stderr]   --> src/util/web/firefox.rs:42:8
[INFO] [stderr]    |
[INFO] [stderr] 42 | pub fn get_firefox_bookmarks(cfg_path: &Path) -> Result<Vec<WebBookmark>> {
[INFO] [stderr]    |        ^^^^^^^^^^^^^^^^^^^^^
[INFO] [stderr] 
[INFO] [stderr] warning: variants `Mac` and `Windows` are never constructed
[INFO] [stderr]  --> src/util/os.rs:3:5
[INFO] [stderr]   |
[INFO] [stderr] 1 | pub enum Os {
[INFO] [stderr]   |          -- variants in this enum
[INFO] [stderr] 2 |     Linux,
[INFO] [stderr] 3 |     Mac,
[INFO] [stderr]   |     ^^^
[INFO] [stderr] 4 |     Windows,
[INFO] [stderr]   |     ^^^^^^^
[INFO] [stderr] 
[INFO] [stderr] warning: variants `Chrome`, `Chromium`, and `Edge` are never constructed
[INFO] [stderr]   --> src/util/web/chromium.rs:11:5
[INFO] [stderr]    |
[INFO] [stderr] 9  | pub enum ChromiumBrowser {
[INFO] [stderr]    |          --------------- variants in this enum
[INFO] [stderr] 10 |     Brave,
[INFO] [stderr] 11 |     Chrome,
[INFO] [stderr]    |     ^^^^^^
[INFO] [stderr] 12 |     Chromium,
[INFO] [stderr]    |     ^^^^^^^^
[INFO] [stderr] 13 |     Edge,
[INFO] [stderr]    |     ^^^^
[INFO] [stderr] 
[INFO] [stderr] warning: `buo` (lib) generated 14 warnings (run `cargo fix --lib -p buo` to apply 2 suggestions)
[INFO] [stderr] warning: `buo` (lib test) generated 5 warnings (3 duplicates)
[INFO] [stderr] warning: unused imports: `MAX_CACHE_SIZE`, `PersistentCache`, `commit_cache_to_path`, `retrieve_or_init_cache`
[INFO] [stderr]  --> src/util/cache.rs:4:17
[INFO] [stderr]   |
[INFO] [stderr] 4 | pub use local::{commit_cache_to_path, retrieve_or_init_cache, PersistentCache, MAX_CACHE_SIZE};
[INFO] [stderr]   |                 ^^^^^^^^^^^^^^^^^^^^  ^^^^^^^^^^^^^^^^^^^^^^  ^^^^^^^^^^^^^^^  ^^^^^^^^^^^^^^
[INFO] [stderr] 
[INFO] [stderr] warning: unused import: `session::LiveCache`
[INFO] [stderr]  --> src/util/cache.rs:5:9
[INFO] [stderr]   |
[INFO] [stderr] 5 | pub use session::LiveCache;
[INFO] [stderr]   |         ^^^^^^^^^^^^^^^^^^
[INFO] [stderr] 
[INFO] [stderr] warning: function `acc_valid_paths` is never used
[INFO] [stderr]   --> src/util/cache.rs:14:4
[INFO] [stderr]    |
[INFO] [stderr] 14 | fn acc_valid_paths(
[INFO] [stderr]    |    ^^^^^^^^^^^^^^^
[INFO] [stderr]    |
[INFO] [stderr]    = note: `#[warn(dead_code)]` on by default
[INFO] [stderr] 
[INFO] [stderr] warning: function `replace_invalid_entries` is never used
[INFO] [stderr]   --> src/util/cache.rs:37:8
[INFO] [stderr]    |
[INFO] [stderr] 37 | pub fn replace_invalid_entries(
[INFO] [stderr]    |        ^^^^^^^^^^^^^^^^^^^^^^^
[INFO] [stderr] 
[INFO] [stderr] warning: function `get_initial_entries` is never used
[INFO] [stderr]   --> src/util/cache.rs:54:8
[INFO] [stderr]    |
[INFO] [stderr] 54 | pub fn get_initial_entries(
[INFO] [stderr]    |        ^^^^^^^^^^^^^^^^^^^
[INFO] [stderr] 
[INFO] [stderr] warning: methods `get`, `next_insertion_index`, `insert`, `remove`, `retain`, and `batch_query` are never used
[INFO] [stderr]   --> src/util/cache/local.rs:38:12
[INFO] [stderr]    |
[INFO] [stderr] 29 | impl PersistentCache {
[INFO] [stderr]    | -------------------- methods in this implementation
[INFO] [stderr] ...
[INFO] [stderr] 38 |     pub fn get(&self, query: &str) -> Option<&MediaMeta> {
[INFO] [stderr]    |            ^^^
[INFO] [stderr] ...
[INFO] [stderr] 43 |     fn next_insertion_index(&mut self) -> Result<()> {
[INFO] [stderr]    |        ^^^^^^^^^^^^^^^^^^^^
[INFO] [stderr] ...
[INFO] [stderr] 52 |     pub fn insert(&mut self, key: &str, entry: MediaMeta) -> Result<()> {
[INFO] [stderr]    |            ^^^^^^
[INFO] [stderr] ...
[INFO] [stderr] 63 |     pub fn remove(&mut self, key: &str) -> Option<MediaMeta> {
[INFO] [stderr]    |            ^^^^^^
[INFO] [stderr] ...
[INFO] [stderr] 72 |     pub fn retain(&mut self, functor: fn(&str, Option<&MediaMeta>) -> bool) {
[INFO] [stderr]    |            ^^^^^^
[INFO] [stderr] ...
[INFO] [stderr] 93 |     pub fn batch_query<P: AsRef<str>>(&self, queries: &[P]) -> Option<Vec<&MediaMeta>> {
[INFO] [stderr]    |            ^^^^^^^^^^^
[INFO] [stderr] 
[INFO] [stderr] warning: function `commit_cache_to_path` is never used
[INFO] [stderr]    --> src/util/cache/local.rs:120:8
[INFO] [stderr]     |
[INFO] [stderr] 120 | pub fn commit_cache_to_path(path: &Path, cache: PersistentCache) -> Result<()> {
[INFO] [stderr]     |        ^^^^^^^^^^^^^^^^^^^^
[INFO] [stderr] 
[INFO] [stderr] warning: function `init_cache` is never used
[INFO] [stderr]    --> src/util/cache/local.rs:129:4
[INFO] [stderr]     |
[INFO] [stderr] 129 | fn init_cache(path: &Path) -> Result<PersistentCache> {
[INFO] [stderr]     |    ^^^^^^^^^^
[INFO] [stderr] 
[INFO] [stderr] warning: function `is_init_candidate` is never used
[INFO] [stderr]    --> src/util/cache/local.rs:136:4
[INFO] [stderr]     |
[INFO] [stderr] 136 | fn is_init_candidate(err: &BinErr) -> bool {
[INFO] [stderr]     |    ^^^^^^^^^^^^^^^^^
[INFO] [stderr] 
[INFO] [stderr] warning: function `retrieve_or_init_cache` is never used
[INFO] [stderr]    --> src/util/cache/local.rs:151:8
[INFO] [stderr]     |
[INFO] [stderr] 151 | pub fn retrieve_or_init_cache(path: &Path) -> Result<PersistentCache> {
[INFO] [stderr]     |        ^^^^^^^^^^^^^^^^^^^^^^
[INFO] [stderr] 
[INFO] [stderr] warning: multiple associated items are never used
[INFO] [stderr]   --> src/util/cache/session.rs:22:12
[INFO] [stderr]    |
[INFO] [stderr] 21 | impl LiveCache {
[INFO] [stderr]    | -------------- associated items in this implementation
[INFO] [stderr] 22 |     pub fn new() -> Self {
[INFO] [stderr]    |            ^^^
[INFO] [stderr] ...
[INFO] [stderr] 26 |     pub fn clear(&mut self) {
[INFO] [stderr]    |            ^^^^^
[INFO] [stderr] ...
[INFO] [stderr] 30 |     pub fn contains(&self, meta: &MediaMeta) -> bool {
[INFO] [stderr]    |            ^^^^^^^^
[INFO] [stderr] ...
[INFO] [stderr] 34 |     pub fn has_capacity(&self) -> bool {
[INFO] [stderr]    |            ^^^^^^^^^^^^
[INFO] [stderr] ...
[INFO] [stderr] 38 |     fn increment(&mut self) {
[INFO] [stderr]    |        ^^^^^^^^^
[INFO] [stderr] ...
[INFO] [stderr] 46 |     pub fn find<P>(&self, fun: P) -> Option<&MediaMeta>
[INFO] [stderr]    |            ^^^^
[INFO] [stderr] ...
[INFO] [stderr] 53 |     pub fn entries(&self) -> impl Iterator<Item = &MediaMeta> {
[INFO] [stderr]    |            ^^^^^^^
[INFO] [stderr] ...
[INFO] [stderr] 57 |     pub fn insert(&mut self, meta: MediaMeta) {
[INFO] [stderr]    |            ^^^^^^
[INFO] [stderr] 
[INFO] [stderr] warning: method `human_readable_disk_size` is never used
[INFO] [stderr]   --> src/util/dirs.rs:12:12
[INFO] [stderr]    |
[INFO] [stderr] 11 | impl DirMeta {
[INFO] [stderr]    | ------------ method in this implementation
[INFO] [stderr] 12 |     pub fn human_readable_disk_size(&self) -> String {
[INFO] [stderr]    |            ^^^^^^^^^^^^^^^^^^^^^^^^
[INFO] [stderr] 
[INFO] [stderr] warning: `buo` (bin "buo" test) generated 16 warnings (4 duplicates) (run `cargo fix --bin "buo" --tests` to apply 2 suggestions)
[INFO] [stderr]     Finished test [unoptimized + debuginfo] target(s) in 0.11s
[INFO] [stderr]      Running unittests src/lib.rs (/opt/rustwide/target/debug/deps/buo-78b9fb7fde060b73)
[INFO] [stdout] 
[INFO] [stdout] running 3 tests
[INFO] [stdout] test util::web::chromium::vivaldi_bookmarks ... FAILED
[INFO] [stdout] test util::web::chromium::brave_bookmarks ... FAILED
[INFO] [stdout] test util::web::firefox::firefox_bookmarks ... FAILED
[INFO] [stdout] 
[INFO] [stdout] failures:
[INFO] [stdout] 
[INFO] [stdout] ---- util::web::chromium::vivaldi_bookmarks stdout ----
[INFO] [stdout] Error: No such file or directory (os error 2)
[INFO] [stdout] 
[INFO] [stdout] Stack backtrace:
[INFO] [stdout]    0: anyhow::error::<impl core::convert::From<E> for anyhow::Error>::from
[INFO] [stdout]              at /opt/rustwide/cargo-home/registry/src/index.crates.io-6f17d22bba15001f/anyhow-1.0.79/src/error.rs:565:25
[INFO] [stdout]    1: <core::result::Result<T,F> as core::ops::try_trait::FromResidual<core::result::Result<core::convert::Infallible,E>>>::from_residual
[INFO] [stdout]              at /rustc/0e09125c6c3c2fd70d7de961bcf0e51575235fad/library/core/src/result.rs:1959:27
[INFO] [stdout]    2: buo::util::web::chromium::with_default_profile
[INFO] [stdout]              at ./src/util/web/chromium.rs:24:16
[INFO] [stdout]    3: buo::util::web::chromium::resolve_chromium_browser_bookmark_path
[INFO] [stdout]              at ./src/util/web/chromium.rs:51:5
[INFO] [stdout]    4: buo::util::web::chromium::vivaldi_bookmarks
[INFO] [stdout]              at ./src/util/web/chromium.rs:105:9
[INFO] [stdout]    5: buo::util::web::chromium::vivaldi_bookmarks::{{closure}}
[INFO] [stdout]              at ./src/util/web/chromium.rs:103:27
[INFO] [stdout]    6: core::ops::function::FnOnce::call_once
[INFO] [stdout]              at /rustc/0e09125c6c3c2fd70d7de961bcf0e51575235fad/library/core/src/ops/function.rs:250:5
[INFO] [stdout]    7: core::ops::function::FnOnce::call_once
[INFO] [stdout]              at /rustc/0e09125c6c3c2fd70d7de961bcf0e51575235fad/library/core/src/ops/function.rs:250:5
[INFO] [stdout]    8: test::__rust_begin_short_backtrace
[INFO] [stdout]              at /rustc/0e09125c6c3c2fd70d7de961bcf0e51575235fad/library/test/src/lib.rs:627:18
[INFO] [stdout]    9: test::run_test_in_process::{{closure}}
[INFO] [stdout]              at /rustc/0e09125c6c3c2fd70d7de961bcf0e51575235fad/library/test/src/lib.rs:650:60
[INFO] [stdout]   10: <core::panic::unwind_safe::AssertUnwindSafe<F> as core::ops::function::FnOnce<()>>::call_once
[INFO] [stdout]              at /rustc/0e09125c6c3c2fd70d7de961bcf0e51575235fad/library/core/src/panic/unwind_safe.rs:272:9
[INFO] [stdout]   11: std::panicking::try::do_call
[INFO] [stdout]              at /rustc/0e09125c6c3c2fd70d7de961bcf0e51575235fad/library/std/src/panicking.rs:552:40
[INFO] [stdout]   12: std::panicking::try
[INFO] [stdout]              at /rustc/0e09125c6c3c2fd70d7de961bcf0e51575235fad/library/std/src/panicking.rs:516:19
[INFO] [stdout]   13: std::panic::catch_unwind
[INFO] [stdout]              at /rustc/0e09125c6c3c2fd70d7de961bcf0e51575235fad/library/std/src/panic.rs:142:14
[INFO] [stdout]   14: test::run_test_in_process
[INFO] [stdout]              at /rustc/0e09125c6c3c2fd70d7de961bcf0e51575235fad/library/test/src/lib.rs:650:27
[INFO] [stdout]   15: test::run_test::{{closure}}
[INFO] [stdout]              at /rustc/0e09125c6c3c2fd70d7de961bcf0e51575235fad/library/test/src/lib.rs:573:43
[INFO] [stdout]   16: test::run_test::{{closure}}
[INFO] [stdout]              at /rustc/0e09125c6c3c2fd70d7de961bcf0e51575235fad/library/test/src/lib.rs:601:41
[INFO] [stdout]   17: std::sys_common::backtrace::__rust_begin_short_backtrace
[INFO] [stdout]              at /rustc/0e09125c6c3c2fd70d7de961bcf0e51575235fad/library/std/src/sys_common/backtrace.rs:155:18
[INFO] [stdout]   18: std::thread::Builder::spawn_unchecked_::{{closure}}::{{closure}}
[INFO] [stdout]              at /rustc/0e09125c6c3c2fd70d7de961bcf0e51575235fad/library/std/src/thread/mod.rs:529:17
[INFO] [stdout]   19: <core::panic::unwind_safe::AssertUnwindSafe<F> as core::ops::function::FnOnce<()>>::call_once
[INFO] [stdout]              at /rustc/0e09125c6c3c2fd70d7de961bcf0e51575235fad/library/core/src/panic/unwind_safe.rs:272:9
[INFO] [stdout]   20: std::panicking::try::do_call
[INFO] [stdout]              at /rustc/0e09125c6c3c2fd70d7de961bcf0e51575235fad/library/std/src/panicking.rs:552:40
[INFO] [stdout]   21: std::panicking::try
[INFO] [stdout]              at /rustc/0e09125c6c3c2fd70d7de961bcf0e51575235fad/library/std/src/panicking.rs:516:19
[INFO] [stdout]   22: std::panic::catch_unwind
[INFO] [stdout]              at /rustc/0e09125c6c3c2fd70d7de961bcf0e51575235fad/library/std/src/panic.rs:142:14
[INFO] [stdout]   23: std::thread::Builder::spawn_unchecked_::{{closure}}
[INFO] [stdout]              at /rustc/0e09125c6c3c2fd70d7de961bcf0e51575235fad/library/std/src/thread/mod.rs:528:30
[INFO] [stdout]   24: core::ops::function::FnOnce::call_once{{vtable.shim}}
[INFO] [stdout]              at /rustc/0e09125c6c3c2fd70d7de961bcf0e51575235fad/library/core/src/ops/function.rs:250:5
[INFO] [stdout]   25: <alloc::boxed::Box<F,A> as core::ops::function::FnOnce<Args>>::call_once
[INFO] [stdout]              at /rustc/0e09125c6c3c2fd70d7de961bcf0e51575235fad/library/alloc/src/boxed.rs:2015:9
[INFO] [stdout]   26: <alloc::boxed::Box<F,A> as core::ops::function::FnOnce<Args>>::call_once
[INFO] [stdout]              at /rustc/0e09125c6c3c2fd70d7de961bcf0e51575235fad/library/alloc/src/boxed.rs:2015:9
[INFO] [stdout]   27: std::sys::unix::thread::Thread::new::thread_start
[INFO] [stdout]              at /rustc/0e09125c6c3c2fd70d7de961bcf0e51575235fad/library/std/src/sys/unix/thread.rs:108:17
[INFO] [stdout]   28: <unknown>
[INFO] [stdout]   29: __clone
[INFO] [stdout] 
[INFO] [stdout] ---- util::web::chromium::brave_bookmarks stdout ----
[INFO] [stdout] Error: No such file or directory (os error 2)
[INFO] [stdout] 
[INFO] [stdout] Stack backtrace:
[INFO] [stdout]    0: anyhow::error::<impl core::convert::From<E> for anyhow::Error>::from
[INFO] [stdout]              at /opt/rustwide/cargo-home/registry/src/index.crates.io-6f17d22bba15001f/anyhow-1.0.79/src/error.rs:565:25
[INFO] [stdout]    1: <core::result::Result<T,F> as core::ops::try_trait::FromResidual<core::result::Result<core::convert::Infallible,E>>>::from_residual
[INFO] [stdout]              at /rustc/0e09125c6c3c2fd70d7de961bcf0e51575235fad/library/core/src/result.rs:1959:27
[INFO] [stdout]    2: buo::util::web::chromium::with_default_profile
[INFO] [stdout]              at ./src/util/web/chromium.rs:24:16
[INFO] [stdout]    3: buo::util::web::chromium::resolve_chromium_browser_bookmark_path
[INFO] [stdout]              at ./src/util/web/chromium.rs:51:5
[INFO] [stdout]    4: buo::util::web::chromium::brave_bookmarks
[INFO] [stdout]              at ./src/util/web/chromium.rs:88:26
[INFO] [stdout]    5: buo::util::web::chromium::brave_bookmarks::{{closure}}
[INFO] [stdout]              at ./src/util/web/chromium.rs:87:25
[INFO] [stdout]    6: core::ops::function::FnOnce::call_once
[INFO] [stdout]              at /rustc/0e09125c6c3c2fd70d7de961bcf0e51575235fad/library/core/src/ops/function.rs:250:5
[INFO] [stdout]    7: core::ops::function::FnOnce::call_once
[INFO] [stdout]              at /rustc/0e09125c6c3c2fd70d7de961bcf0e51575235fad/library/core/src/ops/function.rs:250:5
[INFO] [stdout]    8: test::__rust_begin_short_backtrace
[INFO] [stdout]              at /rustc/0e09125c6c3c2fd70d7de961bcf0e51575235fad/library/test/src/lib.rs:627:18
[INFO] [stdout]    9: test::run_test_in_process::{{closure}}
[INFO] [stdout]              at /rustc/0e09125c6c3c2fd70d7de961bcf0e51575235fad/library/test/src/lib.rs:650:60
[INFO] [stdout]   10: <core::panic::unwind_safe::AssertUnwindSafe<F> as core::ops::function::FnOnce<()>>::call_once
[INFO] [stdout]              at /rustc/0e09125c6c3c2fd70d7de961bcf0e51575235fad/library/core/src/panic/unwind_safe.rs:272:9
[INFO] [stdout]   11: std::panicking::try::do_call
[INFO] [stdout]              at /rustc/0e09125c6c3c2fd70d7de961bcf0e51575235fad/library/std/src/panicking.rs:552:40
[INFO] [stdout]   12: std::panicking::try
[INFO] [stdout]              at /rustc/0e09125c6c3c2fd70d7de961bcf0e51575235fad/library/std/src/panicking.rs:516:19
[INFO] [stdout]   13: std::panic::catch_unwind
[INFO] [stdout]              at /rustc/0e09125c6c3c2fd70d7de961bcf0e51575235fad/library/std/src/panic.rs:142:14
[INFO] [stdout]   14: test::run_test_in_process
[INFO] [stdout]              at /rustc/0e09125c6c3c2fd70d7de961bcf0e51575235fad/library/test/src/lib.rs:650:27
[INFO] [stdout]   15: test::run_test::{{closure}}
[INFO] [stdout]              at /rustc/0e09125c6c3c2fd70d7de961bcf0e51575235fad/library/test/src/lib.rs:573:43
[INFO] [stdout]   16: test::run_test::{{closure}}
[INFO] [stdout]              at /rustc/0e09125c6c3c2fd70d7de961bcf0e51575235fad/library/test/src/lib.rs:601:41
[INFO] [stdout]   17: std::sys_common::backtrace::__rust_begin_short_backtrace
[INFO] [stdout]              at /rustc/0e09125c6c3c2fd70d7de961bcf0e51575235fad/library/std/src/sys_common/backtrace.rs:155:18
[INFO] [stdout]   18: std::thread::Builder::spawn_unchecked_::{{closure}}::{{closure}}
[INFO] [stdout]              at /rustc/0e09125c6c3c2fd70d7de961bcf0e51575235fad/library/std/src/thread/mod.rs:529:17
[INFO] [stdout]   19: <core::panic::unwind_safe::AssertUnwindSafe<F> as core::ops::function::FnOnce<()>>::call_once
[INFO] [stdout]              at /rustc/0e09125c6c3c2fd70d7de961bcf0e51575235fad/library/core/src/panic/unwind_safe.rs:272:9
[INFO] [stdout]   20: std::panicking::try::do_call
[INFO] [stdout]              at /rustc/0e09125c6c3c2fd70d7de961bcf0e51575235fad/library/std/src/panicking.rs:552:40
[INFO] [stdout]   21: std::panicking::try
[INFO] [stdout]              at /rustc/0e09125c6c3c2fd70d7de961bcf0e51575235fad/library/std/src/panicking.rs:516:19
[INFO] [stdout]   22: std::panic::catch_unwind
[INFO] [stdout]              at /rustc/0e09125c6c3c2fd70d7de961bcf0e51575235fad/library/std/src/panic.rs:142:14
[INFO] [stdout]   23: std::thread::Builder::spawn_unchecked_::{{closure}}
[INFO] [stdout]              at /rustc/0e09125c6c3c2fd70d7de961bcf0e51575235fad/library/std/src/thread/mod.rs:528:30
[INFO] [stdout]   24: core::ops::function::FnOnce::call_once{{vtable.shim}}
[INFO] [stdout]              at /rustc/0e09125c6c3c2fd70d7de961bcf0e51575235fad/library/core/src/ops/function.rs:250:5
[INFO] [stdout]   25: <alloc::boxed::Box<F,A> as core::ops::function::FnOnce<Args>>::call_once
[INFO] [stdout]              at /rustc/0e09125c6c3c2fd70d7de961bcf0e51575235fad/library/alloc/src/boxed.rs:2015:9
[INFO] [stdout]   26: <alloc::boxed::Box<F,A> as core::ops::function::FnOnce<Args>>::call_once
[INFO] [stdout]              at /rustc/0e09125c6c3c2fd70d7de961bcf0e51575235fad/library/alloc/src/boxed.rs:2015:9
[INFO] [stdout]   27: std::sys::unix::thread::Thread::new::thread_start
[INFO] [stdout]              at /rustc/0e09125c6c3c2fd70d7de961bcf0e51575235fad/library/std/src/sys/unix/thread.rs:108:17
[INFO] [stdout]   28: <unknown>
[INFO] [stdout]   29: __clone
[INFO] [stdout] 
[INFO] [stdout] ---- util::web::firefox::firefox_bookmarks stdout ----
[INFO] [stdout] Error: No such file or directory (os error 2)
[INFO] [stdout] 
[INFO] [stdout] Stack backtrace:
[INFO] [stdout]    0: anyhow::error::<impl core::convert::From<E> for anyhow::Error>::from
[INFO] [stdout]              at /opt/rustwide/cargo-home/registry/src/index.crates.io-6f17d22bba15001f/anyhow-1.0.79/src/error.rs:565:25
[INFO] [stdout]    1: <core::result::Result<T,F> as core::ops::try_trait::FromResidual<core::result::Result<core::convert::Infallible,E>>>::from_residual
[INFO] [stdout]              at /rustc/0e09125c6c3c2fd70d7de961bcf0e51575235fad/library/core/src/result.rs:1959:27
[INFO] [stdout]    2: buo::util::web::firefox::with_default_firefox_profile
[INFO] [stdout]              at ./src/util/web/firefox.rs:16:16
[INFO] [stdout]    3: buo::util::web::firefox::get_firefox_bookmarks
[INFO] [stdout]              at ./src/util/web/firefox.rs:46:23
[INFO] [stdout]    4: buo::util::web::firefox::firefox_bookmarks
[INFO] [stdout]              at ./src/util/web/firefox.rs:54:21
[INFO] [stdout]    5: buo::util::web::firefox::firefox_bookmarks::{{closure}}
[INFO] [stdout]              at ./src/util/web/firefox.rs:52:27
[INFO] [stdout]    6: core::ops::function::FnOnce::call_once
[INFO] [stdout]              at /rustc/0e09125c6c3c2fd70d7de961bcf0e51575235fad/library/core/src/ops/function.rs:250:5
[INFO] [stdout]    7: core::ops::function::FnOnce::call_once
[INFO] [stdout]              at /rustc/0e09125c6c3c2fd70d7de961bcf0e51575235fad/library/core/src/ops/function.rs:250:5
[INFO] [stdout]    8: test::__rust_begin_short_backtrace
[INFO] [stdout]              at /rustc/0e09125c6c3c2fd70d7de961bcf0e51575235fad/library/test/src/lib.rs:627:18
[INFO] [stdout]    9: test::run_test_in_process::{{closure}}
[INFO] [stdout]              at /rustc/0e09125c6c3c2fd70d7de961bcf0e51575235fad/library/test/src/lib.rs:650:60
[INFO] [stdout]   10: <core::panic::unwind_safe::AssertUnwindSafe<F> as core::ops::function::FnOnce<()>>::call_once
[INFO] [stdout]              at /rustc/0e09125c6c3c2fd70d7de961bcf0e51575235fad/library/core/src/panic/unwind_safe.rs:272:9
[INFO] [stdout]   11: std::panicking::try::do_call
[INFO] [stdout]              at /rustc/0e09125c6c3c2fd70d7de961bcf0e51575235fad/library/std/src/panicking.rs:552:40
[INFO] [stdout]   12: std::panicking::try
[INFO] [stdout]              at /rustc/0e09125c6c3c2fd70d7de961bcf0e51575235fad/library/std/src/panicking.rs:516:19
[INFO] [stdout]   13: std::panic::catch_unwind
[INFO] [stdout]              at /rustc/0e09125c6c3c2fd70d7de961bcf0e51575235fad/library/std/src/panic.rs:142:14
[INFO] [stdout]   14: test::run_test_in_process
[INFO] [stdout]              at /rustc/0e09125c6c3c2fd70d7de961bcf0e51575235fad/library/test/src/lib.rs:650:27
[INFO] [stdout]   15: test::run_test::{{closure}}
[INFO] [stdout]              at /rustc/0e09125c6c3c2fd70d7de961bcf0e51575235fad/library/test/src/lib.rs:573:43
[INFO] [stdout]   16: test::run_test::{{closure}}
[INFO] [stdout]              at /rustc/0e09125c6c3c2fd70d7de961bcf0e51575235fad/library/test/src/lib.rs:601:41
[INFO] [stdout]   17: std::sys_common::backtrace::__rust_begin_short_backtrace
[INFO] [stdout]              at /rustc/0e09125c6c3c2fd70d7de961bcf0e51575235fad/library/std/src/sys_common/backtrace.rs:155:18
[INFO] [stdout]   18: std::thread::Builder::spawn_unchecked_::{{closure}}::{{closure}}
[INFO] [stdout]              at /rustc/0e09125c6c3c2fd70d7de961bcf0e51575235fad/library/std/src/thread/mod.rs:529:17
[INFO] [stdout]   19: <core::panic::unwind_safe::AssertUnwindSafe<F> as core::ops::function::FnOnce<()>>::call_once
[INFO] [stdout]              at /rustc/0e09125c6c3c2fd70d7de961bcf0e51575235fad/library/core/src/panic/unwind_safe.rs:272:9
[INFO] [stdout]   20: std::panicking::try::do_call
[INFO] [stdout]              at /rustc/0e09125c6c3c2fd70d7de961bcf0e51575235fad/library/std/src/panicking.rs:552:40
[INFO] [stdout]   21: std::panicking::try
[INFO] [stdout]              at /rustc/0e09125c6c3c2fd70d7de961bcf0e51575235fad/library/std/src/panicking.rs:516:19
[INFO] [stdout]   22: std::panic::catch_unwind
[INFO] [stdout]              at /rustc/0e09125c6c3c2fd70d7de961bcf0e51575235fad/library/std/src/panic.rs:142:14
[INFO] [stdout]   23: std::thread::Builder::spawn_unchecked_::{{closure}}
[INFO] [stdout]              at /rustc/0e09125c6c3c2fd70d7de961bcf0e51575235fad/library/std/src/thread/mod.rs:528:30
[INFO] [stdout]   24: core::ops::function::FnOnce::call_once{{vtable.shim}}
[INFO] [stdout]              at /rustc/0e09125c6c3c2fd70d7de961bcf0e51575235fad/library/core/src/ops/function.rs:250:5
[INFO] [stdout]   25: <alloc::boxed::Box<F,A> as core::ops::function::FnOnce<Args>>::call_once
[INFO] [stdout]              at /rustc/0e09125c6c3c2fd70d7de961bcf0e51575235fad/library/alloc/src/boxed.rs:2015:9
[INFO] [stdout]   26: <alloc::boxed::Box<F,A> as core::ops::function::FnOnce<Args>>::call_once
[INFO] [stdout]              at /rustc/0e09125c6c3c2fd70d7de961bcf0e51575235fad/library/alloc/src/boxed.rs:2015:9
[INFO] [stdout]   27: std::sys::unix::thread::Thread::new::thread_start
[INFO] [stdout]              at /rustc/0e09125c6c3c2fd70d7de961bcf0e51575235fad/library/std/src/sys/unix/thread.rs:108:17
[INFO] [stdout]   28: <unknown>
[INFO] [stdout]   29: __clone
[INFO] [stdout] 
[INFO] [stdout] 
[INFO] [stdout] failures:
[INFO] [stdout]     util::web::chromium::brave_bookmarks
[INFO] [stdout]     util::web::chromium::vivaldi_bookmarks
[INFO] [stdout]     util::web::firefox::firefox_bookmarks
[INFO] [stdout] 
[INFO] [stdout] test result: FAILED. 0 passed; 3 failed; 0 ignored; 0 measured; 0 filtered out; finished in 0.05s
[INFO] [stdout] 
[INFO] [stderr] error: test failed, to rerun pass `--lib`
[INFO] running `Command { std: "docker" "inspect" "1f5e1aead76b93091606bbd6d419644245631c6bdc22ab465cbf712526c67bbc", kill_on_drop: false }`
[INFO] running `Command { std: "docker" "rm" "-f" "1f5e1aead76b93091606bbd6d419644245631c6bdc22ab465cbf712526c67bbc", kill_on_drop: false }`
[INFO] [stdout] 1f5e1aead76b93091606bbd6d419644245631c6bdc22ab465cbf712526c67bbc
