[INFO] cloning repository https://github.com/apskhem/sea-orm-dbml
[INFO] running `Command { std: "git" "-c" "credential.helper=" "-c" "credential.helper=/workspace/cargo-home/bin/git-credential-null" "clone" "--bare" "https://github.com/apskhem/sea-orm-dbml" "/workspace/cache/git-repos/https%3A%2F%2Fgithub.com%2Fapskhem%2Fsea-orm-dbml", kill_on_drop: false }`
[INFO] [stderr] Cloning into bare repository '/workspace/cache/git-repos/https%3A%2F%2Fgithub.com%2Fapskhem%2Fsea-orm-dbml'...
[INFO] running `Command { std: "git" "rev-parse" "HEAD", kill_on_drop: false }`
[INFO] [stdout] 39b02902495c35e70c20489116862155db33c0be
[INFO] testing apskhem/sea-orm-dbml against 1.75.0 for beta-1.76-1
[INFO] running `Command { std: "git" "clone" "/workspace/cache/git-repos/https%3A%2F%2Fgithub.com%2Fapskhem%2Fsea-orm-dbml" "/workspace/builds/worker-0-tc1/source", kill_on_drop: false }`
[INFO] [stderr] Cloning into '/workspace/builds/worker-0-tc1/source'...
[INFO] [stderr] done.
[INFO] validating manifest of git repo https://github.com/apskhem/sea-orm-dbml on toolchain 1.75.0
[INFO] running `Command { std: CARGO_HOME="/workspace/cargo-home" RUSTUP_HOME="/workspace/rustup-home" "/workspace/cargo-home/bin/cargo" "+1.75.0" "metadata" "--manifest-path" "Cargo.toml" "--no-deps", kill_on_drop: false }`
[INFO] started tweaking git repo https://github.com/apskhem/sea-orm-dbml
[INFO] finished tweaking git repo https://github.com/apskhem/sea-orm-dbml
[INFO] tweaked toml for git repo https://github.com/apskhem/sea-orm-dbml written to /workspace/builds/worker-0-tc1/source/Cargo.toml
[INFO] crate git repo https://github.com/apskhem/sea-orm-dbml already has a lockfile, it will not be regenerated
[INFO] running `Command { std: CARGO_HOME="/workspace/cargo-home" RUSTUP_HOME="/workspace/rustup-home" "/workspace/cargo-home/bin/cargo" "+1.75.0" "fetch" "--manifest-path" "Cargo.toml", kill_on_drop: false }`
[INFO] [stderr]     Updating crates.io index
[INFO] [stderr]  Downloading crates ...
[INFO] [stderr]   Downloaded dbml-rs v0.1.0-beta.2
[INFO] [stderr]   Downloaded sea-query-binder v0.3.0
[INFO] [stderr]   Downloaded sea-query v0.28.4
[INFO] running `Command { std: "docker" "create" "-v" "/var/lib/crater-agent-workspace/builds/worker-0-tc1/target:/opt/rustwide/target:rw,Z" "-v" "/var/lib/crater-agent-workspace/builds/worker-0-tc1/source:/opt/rustwide/workdir:ro,Z" "-v" "/var/lib/crater-agent-workspace/cargo-home:/opt/rustwide/cargo-home:ro,Z" "-v" "/var/lib/crater-agent-workspace/rustup-home:/opt/rustwide/rustup-home:ro,Z" "-e" "SOURCE_DIR=/opt/rustwide/workdir" "-e" "CARGO_TARGET_DIR=/opt/rustwide/target" "-e" "CARGO_HOME=/opt/rustwide/cargo-home" "-e" "RUSTUP_HOME=/opt/rustwide/rustup-home" "-w" "/opt/rustwide/workdir" "-m" "1610612736" "--user" "0:0" "--network" "none" "ghcr.io/rust-lang/crates-build-env/linux@sha256:2788e3201cd34a07e3172128adcd8b3090168a8e3bcc40d7c032b9dda1df7d1c" "/opt/rustwide/cargo-home/bin/cargo" "+1.75.0" "metadata" "--no-deps" "--format-version=1", kill_on_drop: false }`
[INFO] [stdout] 7c894c31bd2f7d7a187a01bbea6026c6602542492ebb27f92ae0072f73a38cea
[INFO] running `Command { std: "docker" "start" "-a" "7c894c31bd2f7d7a187a01bbea6026c6602542492ebb27f92ae0072f73a38cea", kill_on_drop: false }`
[INFO] running `Command { std: "docker" "inspect" "7c894c31bd2f7d7a187a01bbea6026c6602542492ebb27f92ae0072f73a38cea", kill_on_drop: false }`
[INFO] running `Command { std: "docker" "rm" "-f" "7c894c31bd2f7d7a187a01bbea6026c6602542492ebb27f92ae0072f73a38cea", kill_on_drop: false }`
[INFO] [stdout] 7c894c31bd2f7d7a187a01bbea6026c6602542492ebb27f92ae0072f73a38cea
[INFO] running `Command { std: "docker" "create" "-v" "/var/lib/crater-agent-workspace/builds/worker-0-tc1/target:/opt/rustwide/target:rw,Z" "-v" "/var/lib/crater-agent-workspace/builds/worker-0-tc1/source:/opt/rustwide/workdir:ro,Z" "-v" "/var/lib/crater-agent-workspace/cargo-home:/opt/rustwide/cargo-home:ro,Z" "-v" "/var/lib/crater-agent-workspace/rustup-home:/opt/rustwide/rustup-home:ro,Z" "-e" "SOURCE_DIR=/opt/rustwide/workdir" "-e" "CARGO_TARGET_DIR=/opt/rustwide/target" "-e" "CARGO_INCREMENTAL=0" "-e" "RUST_BACKTRACE=full" "-e" "RUSTFLAGS=--cap-lints=warn" "-e" "RUSTDOCFLAGS=--cap-lints=warn" "-e" "CARGO_HOME=/opt/rustwide/cargo-home" "-e" "RUSTUP_HOME=/opt/rustwide/rustup-home" "-w" "/opt/rustwide/workdir" "-m" "1610612736" "--user" "0:0" "--network" "none" "ghcr.io/rust-lang/crates-build-env/linux@sha256:2788e3201cd34a07e3172128adcd8b3090168a8e3bcc40d7c032b9dda1df7d1c" "/opt/rustwide/cargo-home/bin/cargo" "+1.75.0" "build" "--frozen" "--message-format=json", kill_on_drop: false }`
[INFO] [stdout] d7639e0895f3806f8fa22eefcf9c24ea75f04ec097e116be160171cd3b3f49c6
[INFO] running `Command { std: "docker" "start" "-a" "d7639e0895f3806f8fa22eefcf9c24ea75f04ec097e116be160171cd3b3f49c6", kill_on_drop: false }`
[INFO] [stderr]    Compiling proc-macro2 v1.0.56
[INFO] [stderr]    Compiling unicode-ident v1.0.8
[INFO] [stderr]    Compiling quote v1.0.26
[INFO] [stderr]    Compiling thiserror v1.0.40
[INFO] [stderr]    Compiling memchr v2.5.0
[INFO] [stderr]    Compiling ucd-trie v0.1.5
[INFO] [stderr]    Compiling once_cell v1.17.1
[INFO] [stderr]    Compiling regex-syntax v0.7.1
[INFO] [stderr]    Compiling aho-corasick v1.0.1
[INFO] [stderr]    Compiling syn v2.0.15
[INFO] [stderr]    Compiling regex v1.8.1
[INFO] [stderr]    Compiling thiserror-impl v1.0.40
[INFO] [stderr]    Compiling Inflector v0.11.4
[INFO] [stderr]    Compiling pest v2.6.0
[INFO] [stderr]    Compiling pest_meta v2.6.0
[INFO] [stderr]    Compiling pest_generator v2.6.0
[INFO] [stderr]    Compiling pest_derive v2.6.0
[INFO] [stderr]    Compiling dbml-rs v0.1.0-beta.2
[INFO] [stderr]    Compiling sea-orm-dbml v0.1.0-beta.2 (/opt/rustwide/workdir)
[INFO] [stdout] warning: unused variable: `arr`
[INFO] [stdout]   --> src/compiler/traits.rs:40:29
[INFO] [stdout]    |
[INFO] [stdout] 40 |       .fold(str_type, |acc, arr| format!("Vec<{}>", acc))
[INFO] [stdout]    |                             ^^^ help: if this is intentional, prefix it with an underscore: `_arr`
[INFO] [stdout]    |
[INFO] [stdout]    = note: `#[warn(unused_variables)]` on by default
[INFO] [stdout] 
[INFO] [stdout] 
[INFO] [stdout] warning: unused variable: `arr`
[INFO] [stdout]   --> src/compiler/traits.rs:77:50
[INFO] [stdout]    |
[INFO] [stdout] 77 |         let r = self.arrays.iter().fold(s, |acc, arr| {
[INFO] [stdout]    |                                                  ^^^ help: if this is intentional, prefix it with an underscore: `_arr`
[INFO] [stdout] 
[INFO] [stdout] 
[INFO] [stdout] warning: unused variable: `config`
[INFO] [stdout]   --> src/compiler/mod.rs:35:78
[INFO] [stdout]    |
[INFO] [stdout] 35 | fn gen_entity_modules(ast: &analyzer::SemanticSchemaBlock, codegen: Codegen, config: &Config) -> Codegen {
[INFO] [stdout]    |                                                                              ^^^^^^ help: if this is intentional, prefix it with an underscore: `_config`
[INFO] [stdout] 
[INFO] [stdout] 
[INFO] [stdout] warning: unused variable: `indexes`
[INFO] [stdout]   --> src/compiler/mod.rs:40:7
[INFO] [stdout]    |
[INFO] [stdout] 40 |       indexes,
[INFO] [stdout]    |       ^^^^^^^ help: try ignoring the field: `indexes: _`
[INFO] [stdout] 
[INFO] [stdout] 
[INFO] [stdout] warning: unused variable: `active_model_block`
[INFO] [stdout]   --> src/compiler/mod.rs:46:9
[INFO] [stdout]    |
[INFO] [stdout] 46 |     let active_model_block = Block::new(2, Some("impl ActiveModelBehavior for ActiveModel"));
[INFO] [stdout]    |         ^^^^^^^^^^^^^^^^^^ help: if this is intentional, prefix it with an underscore: `_active_model_block`
[INFO] [stdout] 
[INFO] [stdout] 
[INFO] [stdout] warning: 5 warnings emitted
[INFO] [stdout] 
[INFO] [stdout] 
[INFO] [stderr]     Finished dev [unoptimized + debuginfo] target(s) in 9.07s
[INFO] running `Command { std: "docker" "inspect" "d7639e0895f3806f8fa22eefcf9c24ea75f04ec097e116be160171cd3b3f49c6", kill_on_drop: false }`
[INFO] running `Command { std: "docker" "rm" "-f" "d7639e0895f3806f8fa22eefcf9c24ea75f04ec097e116be160171cd3b3f49c6", kill_on_drop: false }`
[INFO] [stdout] d7639e0895f3806f8fa22eefcf9c24ea75f04ec097e116be160171cd3b3f49c6
[INFO] running `Command { std: "docker" "create" "-v" "/var/lib/crater-agent-workspace/builds/worker-0-tc1/target:/opt/rustwide/target:rw,Z" "-v" "/var/lib/crater-agent-workspace/builds/worker-0-tc1/source:/opt/rustwide/workdir:ro,Z" "-v" "/var/lib/crater-agent-workspace/cargo-home:/opt/rustwide/cargo-home:ro,Z" "-v" "/var/lib/crater-agent-workspace/rustup-home:/opt/rustwide/rustup-home:ro,Z" "-e" "SOURCE_DIR=/opt/rustwide/workdir" "-e" "CARGO_TARGET_DIR=/opt/rustwide/target" "-e" "CARGO_INCREMENTAL=0" "-e" "RUST_BACKTRACE=full" "-e" "RUSTFLAGS=--cap-lints=warn" "-e" "RUSTDOCFLAGS=--cap-lints=warn" "-e" "CARGO_HOME=/opt/rustwide/cargo-home" "-e" "RUSTUP_HOME=/opt/rustwide/rustup-home" "-w" "/opt/rustwide/workdir" "-m" "1610612736" "--user" "0:0" "--network" "none" "ghcr.io/rust-lang/crates-build-env/linux@sha256:2788e3201cd34a07e3172128adcd8b3090168a8e3bcc40d7c032b9dda1df7d1c" "/opt/rustwide/cargo-home/bin/cargo" "+1.75.0" "test" "--frozen" "--no-run" "--message-format=json", kill_on_drop: false }`
[INFO] [stdout] 04a374937df2b8788f1633e945800a1ebf1a0041f9e8b5b66855843ac83b905f
[INFO] running `Command { std: "docker" "start" "-a" "04a374937df2b8788f1633e945800a1ebf1a0041f9e8b5b66855843ac83b905f", kill_on_drop: false }`
[INFO] [stderr]    Compiling syn v1.0.109
[INFO] [stderr]    Compiling version_check v0.9.4
[INFO] [stderr]    Compiling serde v1.0.162
[INFO] [stderr]    Compiling futures-core v0.3.28
[INFO] [stderr]    Compiling unicode-segmentation v1.10.1
[INFO] [stderr]    Compiling futures-channel v0.3.28
[INFO] [stderr]    Compiling pin-project-lite v0.2.9
[INFO] [stderr]    Compiling futures-task v0.3.28
[INFO] [stderr]    Compiling tinyvec_macros v0.1.1
[INFO] [stderr]    Compiling num-traits v0.2.15
[INFO] [stderr]    Compiling num-integer v0.1.45
[INFO] [stderr]    Compiling slab v0.4.8
[INFO] [stderr]    Compiling num-bigint v0.4.3
[INFO] [stderr]    Compiling rustversion v1.0.12
[INFO] [stderr]    Compiling syn v2.0.15
[INFO] [stderr]    Compiling itoa v1.0.6
[INFO] [stderr]    Compiling tinyvec v1.6.0
[INFO] [stderr]    Compiling futures-util v0.3.28
[INFO] [stderr]    Compiling log v0.4.17
[INFO] [stderr]    Compiling futures-sink v0.3.28
[INFO] [stderr]    Compiling heck v0.3.3
[INFO] [stderr]    Compiling rust_decimal v1.29.1
[INFO] [stderr]    Compiling proc-macro-error-attr v1.0.4
[INFO] [stderr]    Compiling proc-macro-error v1.0.4
[INFO] [stderr]    Compiling serde_json v1.0.96
[INFO] [stderr]    Compiling time-core v0.1.1
[INFO] [stderr]    Compiling time-macros v0.2.9
[INFO] [stderr]    Compiling percent-encoding v2.2.0
[INFO] [stderr]    Compiling arrayvec v0.7.2
[INFO] [stderr]    Compiling pin-utils v0.1.0
[INFO] [stderr]    Compiling async-trait v0.1.68
[INFO] [stderr]    Compiling heck v0.4.1
[INFO] [stderr]    Compiling iana-time-zone v0.1.56
[INFO] [stderr]    Compiling futures-io v0.3.28
[INFO] [stderr]    Compiling unicode-bidi v0.3.13
[INFO] [stderr]    Compiling Inflector v0.11.4
[INFO] [stderr]    Compiling ryu v1.0.13
[INFO] [stderr]    Compiling form_urlencoded v1.1.0
[INFO] [stderr]    Compiling aliasable v0.1.3
[INFO] [stderr]    Compiling tracing-core v0.1.30
[INFO] [stderr]    Compiling unicode-normalization v0.1.22
[INFO] [stderr]    Compiling idna v0.3.0
[INFO] [stderr]    Compiling url v2.3.1
[INFO] [stderr]    Compiling chrono v0.4.24
[INFO] [stderr]    Compiling time v0.3.21
[INFO] [stderr]    Compiling uuid v1.3.2
[INFO] [stderr]    Compiling bigdecimal v0.3.0
[INFO] [stderr]    Compiling futures v0.3.28
[INFO] [stderr]    Compiling thiserror-impl v1.0.40
[INFO] [stderr]    Compiling tracing-attributes v0.1.24
[INFO] [stderr]    Compiling async-stream-impl v0.3.5
[INFO] [stderr]    Compiling ouroboros_macro v0.15.6
[INFO] [stderr]    Compiling sea-strum_macros v0.23.0
[INFO] [stderr]    Compiling bae v0.1.7
[INFO] [stderr]    Compiling async-stream v0.3.5
[INFO] [stderr]    Compiling sea-orm-macros v0.11.3
[INFO] [stderr]    Compiling thiserror v1.0.40
[INFO] [stderr]    Compiling pest v2.6.0
[INFO] [stderr]    Compiling sea-query-derive v0.3.0
[INFO] [stderr]    Compiling tracing v0.1.37
[INFO] [stderr]    Compiling ouroboros v0.15.6
[INFO] [stderr]    Compiling sea-strum v0.23.0
[INFO] [stderr]    Compiling sea-query v0.28.4
[INFO] [stderr]    Compiling pest_meta v2.6.0
[INFO] [stderr]    Compiling pest_generator v2.6.0
[INFO] [stderr]    Compiling sea-orm v0.11.3
[INFO] [stderr]    Compiling pest_derive v2.6.0
[INFO] [stderr]    Compiling dbml-rs v0.1.0-beta.2
[INFO] [stderr]    Compiling sea-orm-dbml v0.1.0-beta.2 (/opt/rustwide/workdir)
[INFO] [stdout] warning: unused variable: `arr`
[INFO] [stdout]   --> src/compiler/traits.rs:40:29
[INFO] [stdout]    |
[INFO] [stdout] 40 |       .fold(str_type, |acc, arr| format!("Vec<{}>", acc))
[INFO] [stdout]    |                             ^^^ help: if this is intentional, prefix it with an underscore: `_arr`
[INFO] [stdout]    |
[INFO] [stdout]    = note: `#[warn(unused_variables)]` on by default
[INFO] [stdout] 
[INFO] [stdout] 
[INFO] [stdout] warning: unused variable: `arr`
[INFO] [stdout]   --> src/compiler/traits.rs:77:50
[INFO] [stdout]    |
[INFO] [stdout] 77 |         let r = self.arrays.iter().fold(s, |acc, arr| {
[INFO] [stdout]    |                                                  ^^^ help: if this is intentional, prefix it with an underscore: `_arr`
[INFO] [stdout] 
[INFO] [stdout] 
[INFO] [stdout] warning: unused variable: `config`
[INFO] [stdout]   --> src/compiler/mod.rs:35:78
[INFO] [stdout]    |
[INFO] [stdout] 35 | fn gen_entity_modules(ast: &analyzer::SemanticSchemaBlock, codegen: Codegen, config: &Config) -> Codegen {
[INFO] [stdout]    |                                                                              ^^^^^^ help: if this is intentional, prefix it with an underscore: `_config`
[INFO] [stdout] 
[INFO] [stdout] 
[INFO] [stdout] warning: unused variable: `indexes`
[INFO] [stdout]   --> src/compiler/mod.rs:40:7
[INFO] [stdout]    |
[INFO] [stdout] 40 |       indexes,
[INFO] [stdout]    |       ^^^^^^^ help: try ignoring the field: `indexes: _`
[INFO] [stdout] 
[INFO] [stdout] 
[INFO] [stdout] warning: unused variable: `active_model_block`
[INFO] [stdout]   --> src/compiler/mod.rs:46:9
[INFO] [stdout]    |
[INFO] [stdout] 46 |     let active_model_block = Block::new(2, Some("impl ActiveModelBehavior for ActiveModel"));
[INFO] [stdout]    |         ^^^^^^^^^^^^^^^^^^ help: if this is intentional, prefix it with an underscore: `_active_model_block`
[INFO] [stdout] 
[INFO] [stdout] 
[INFO] [stdout] warning: 5 warnings emitted
[INFO] [stdout] 
[INFO] [stdout] 
[INFO] [stdout] warning: unused variable: `arr`
[INFO] [stdout]   --> src/compiler/traits.rs:40:29
[INFO] [stdout]    |
[INFO] [stdout] 40 |       .fold(str_type, |acc, arr| format!("Vec<{}>", acc))
[INFO] [stdout]    |                             ^^^ help: if this is intentional, prefix it with an underscore: `_arr`
[INFO] [stdout]    |
[INFO] [stdout]    = note: `#[warn(unused_variables)]` on by default
[INFO] [stdout] 
[INFO] [stdout] 
[INFO] [stdout] warning: unused variable: `arr`
[INFO] [stdout]   --> src/compiler/traits.rs:77:50
[INFO] [stdout]    |
[INFO] [stdout] 77 |         let r = self.arrays.iter().fold(s, |acc, arr| {
[INFO] [stdout]    |                                                  ^^^ help: if this is intentional, prefix it with an underscore: `_arr`
[INFO] [stdout] 
[INFO] [stdout] 
[INFO] [stdout] warning: unused variable: `config`
[INFO] [stdout]   --> src/compiler/mod.rs:35:78
[INFO] [stdout]    |
[INFO] [stdout] 35 | fn gen_entity_modules(ast: &analyzer::SemanticSchemaBlock, codegen: Codegen, config: &Config) -> Codegen {
[INFO] [stdout]    |                                                                              ^^^^^^ help: if this is intentional, prefix it with an underscore: `_config`
[INFO] [stdout] 
[INFO] [stdout] 
[INFO] [stdout] warning: unused variable: `indexes`
[INFO] [stdout]   --> src/compiler/mod.rs:40:7
[INFO] [stdout]    |
[INFO] [stdout] 40 |       indexes,
[INFO] [stdout]    |       ^^^^^^^ help: try ignoring the field: `indexes: _`
[INFO] [stdout] 
[INFO] [stdout] 
[INFO] [stdout] warning: unused variable: `active_model_block`
[INFO] [stdout]   --> src/compiler/mod.rs:46:9
[INFO] [stdout]    |
[INFO] [stdout] 46 |     let active_model_block = Block::new(2, Some("impl ActiveModelBehavior for ActiveModel"));
[INFO] [stdout]    |         ^^^^^^^^^^^^^^^^^^ help: if this is intentional, prefix it with an underscore: `_active_model_block`
[INFO] [stdout] 
[INFO] [stdout] 
[INFO] [stdout] warning: 5 warnings emitted
[INFO] [stdout] 
[INFO] [stdout] 
[INFO] [stderr]     Finished test [unoptimized + debuginfo] target(s) in 13.99s
[INFO] running `Command { std: "docker" "inspect" "04a374937df2b8788f1633e945800a1ebf1a0041f9e8b5b66855843ac83b905f", kill_on_drop: false }`
[INFO] running `Command { std: "docker" "rm" "-f" "04a374937df2b8788f1633e945800a1ebf1a0041f9e8b5b66855843ac83b905f", kill_on_drop: false }`
[INFO] [stdout] 04a374937df2b8788f1633e945800a1ebf1a0041f9e8b5b66855843ac83b905f
[INFO] running `Command { std: "docker" "create" "-v" "/var/lib/crater-agent-workspace/builds/worker-0-tc1/target:/opt/rustwide/target:rw,Z" "-v" "/var/lib/crater-agent-workspace/builds/worker-0-tc1/source:/opt/rustwide/workdir:ro,Z" "-v" "/var/lib/crater-agent-workspace/cargo-home:/opt/rustwide/cargo-home:ro,Z" "-v" "/var/lib/crater-agent-workspace/rustup-home:/opt/rustwide/rustup-home:ro,Z" "-e" "SOURCE_DIR=/opt/rustwide/workdir" "-e" "CARGO_TARGET_DIR=/opt/rustwide/target" "-e" "CARGO_INCREMENTAL=0" "-e" "RUST_BACKTRACE=full" "-e" "RUSTFLAGS=--cap-lints=warn" "-e" "RUSTDOCFLAGS=--cap-lints=warn" "-e" "CARGO_HOME=/opt/rustwide/cargo-home" "-e" "RUSTUP_HOME=/opt/rustwide/rustup-home" "-w" "/opt/rustwide/workdir" "-m" "1610612736" "--user" "0:0" "--network" "none" "ghcr.io/rust-lang/crates-build-env/linux@sha256:2788e3201cd34a07e3172128adcd8b3090168a8e3bcc40d7c032b9dda1df7d1c" "/opt/rustwide/cargo-home/bin/cargo" "+1.75.0" "test" "--frozen", kill_on_drop: false }`
[INFO] [stdout] 4c7f3a60148e56aaaef336f134ccc2097f5e3aac30a4eba5fdd3497c277398b8
[INFO] running `Command { std: "docker" "start" "-a" "4c7f3a60148e56aaaef336f134ccc2097f5e3aac30a4eba5fdd3497c277398b8", kill_on_drop: false }`
[INFO] [stderr] warning: unused variable: `arr`
[INFO] [stderr]   --> src/compiler/traits.rs:40:29
[INFO] [stderr]    |
[INFO] [stderr] 40 |       .fold(str_type, |acc, arr| format!("Vec<{}>", acc))
[INFO] [stderr]    |                             ^^^ help: if this is intentional, prefix it with an underscore: `_arr`
[INFO] [stderr]    |
[INFO] [stderr]    = note: `#[warn(unused_variables)]` on by default
[INFO] [stderr] 
[INFO] [stderr] warning: unused variable: `arr`
[INFO] [stderr]   --> src/compiler/traits.rs:77:50
[INFO] [stderr]    |
[INFO] [stderr] 77 |         let r = self.arrays.iter().fold(s, |acc, arr| {
[INFO] [stderr]    |                                                  ^^^ help: if this is intentional, prefix it with an underscore: `_arr`
[INFO] [stderr] 
[INFO] [stderr] warning: unused variable: `config`
[INFO] [stderr]   --> src/compiler/mod.rs:35:78
[INFO] [stderr]    |
[INFO] [stderr] 35 | fn gen_entity_modules(ast: &analyzer::SemanticSchemaBlock, codegen: Codegen, config: &Config) -> Codegen {
[INFO] [stderr]    |                                                                              ^^^^^^ help: if this is intentional, prefix it with an underscore: `_config`
[INFO] [stderr] 
[INFO] [stderr] warning: unused variable: `indexes`
[INFO] [stderr]   --> src/compiler/mod.rs:40:7
[INFO] [stderr]    |
[INFO] [stderr] 40 |       indexes,
[INFO] [stderr]    |       ^^^^^^^ help: try ignoring the field: `indexes: _`
[INFO] [stderr] 
[INFO] [stderr] warning: unused variable: `active_model_block`
[INFO] [stderr]   --> src/compiler/mod.rs:46:9
[INFO] [stderr]    |
[INFO] [stderr] 46 |     let active_model_block = Block::new(2, Some("impl ActiveModelBehavior for ActiveModel"));
[INFO] [stderr]    |         ^^^^^^^^^^^^^^^^^^ help: if this is intentional, prefix it with an underscore: `_active_model_block`
[INFO] [stderr] 
[INFO] [stderr] warning: `sea-orm-dbml` (lib) generated 5 warnings (run `cargo fix --lib -p sea-orm-dbml` to apply 5 suggestions)
[INFO] [stderr] warning: `sea-orm-dbml` (lib test) generated 5 warnings (5 duplicates)
[INFO] [stderr]     Finished test [unoptimized + debuginfo] target(s) in 0.09s
[INFO] [stderr]      Running unittests src/lib.rs (/opt/rustwide/target/debug/deps/sea_orm_dbml-01d4e3e6ba512395)
[INFO] [stdout] 
[INFO] [stdout] running 0 tests
[INFO] [stdout] 
[INFO] [stdout] test result: ok. 0 passed; 0 failed; 0 ignored; 0 measured; 0 filtered out; finished in 0.00s
[INFO] [stdout] 
[INFO] [stderr]      Running tests/mod.rs (/opt/rustwide/target/debug/deps/mod-59439bac4f3b5d7a)
[INFO] [stdout] 
[INFO] [stdout] running 1 test
[INFO] [stdout] test gen_all ... FAILED
[INFO] [stdout] 
[INFO] [stdout] failures:
[INFO] [stdout] 
[INFO] [stdout] ---- gen_all stdout ----
[INFO] [stdout] thread 'gen_all' panicked at tests/mod.rs:54:30:
[INFO] [stdout] "tests/dbml/table_group.in.dbml" Read-only file system (os error 30)
[INFO] [stdout] stack backtrace:
[INFO] [stdout]    0:     0x55bdf89c59bc - std::backtrace_rs::backtrace::libunwind::trace::ha637c64ce894333a
[INFO] [stdout]                                at /rustc/82e1608dfa6e0b5569232559e3d385fea5a93112/library/std/src/../../backtrace/src/backtrace/libunwind.rs:104:5
[INFO] [stdout]    1:     0x55bdf89c59bc - std::backtrace_rs::backtrace::trace_unsynchronized::h47f62dea28e0c88d
[INFO] [stdout]                                at /rustc/82e1608dfa6e0b5569232559e3d385fea5a93112/library/std/src/../../backtrace/src/backtrace/mod.rs:66:5
[INFO] [stdout]    2:     0x55bdf89c59bc - std::sys_common::backtrace::_print_fmt::h9eef0abe20ede486
[INFO] [stdout]                                at /rustc/82e1608dfa6e0b5569232559e3d385fea5a93112/library/std/src/sys_common/backtrace.rs:67:5
[INFO] [stdout]    3:     0x55bdf89c59bc - <std::sys_common::backtrace::_print::DisplayBacktrace as core::fmt::Display>::fmt::hed7f999df88cc644
[INFO] [stdout]                                at /rustc/82e1608dfa6e0b5569232559e3d385fea5a93112/library/std/src/sys_common/backtrace.rs:44:22
[INFO] [stdout]    4:     0x55bdf89f1330 - core::fmt::rt::Argument::fmt::h1539a9308b8d058d
[INFO] [stdout]                                at /rustc/82e1608dfa6e0b5569232559e3d385fea5a93112/library/core/src/fmt/rt.rs:142:9
[INFO] [stdout]    5:     0x55bdf89f1330 - core::fmt::write::h3a39390d8560d9c9
[INFO] [stdout]                                at /rustc/82e1608dfa6e0b5569232559e3d385fea5a93112/library/core/src/fmt/mod.rs:1120:17
[INFO] [stdout]    6:     0x55bdf89c30cf - std::io::Write::write_fmt::h040b369f3a0f9cbc
[INFO] [stdout]                                at /rustc/82e1608dfa6e0b5569232559e3d385fea5a93112/library/std/src/io/mod.rs:1762:15
[INFO] [stdout]    7:     0x55bdf89c57a4 - std::sys_common::backtrace::_print::h894006fb5c6f3d45
[INFO] [stdout]                                at /rustc/82e1608dfa6e0b5569232559e3d385fea5a93112/library/std/src/sys_common/backtrace.rs:47:5
[INFO] [stdout]    8:     0x55bdf89c57a4 - std::sys_common::backtrace::print::h23a2d212c6fff936
[INFO] [stdout]                                at /rustc/82e1608dfa6e0b5569232559e3d385fea5a93112/library/std/src/sys_common/backtrace.rs:34:9
[INFO] [stdout]    9:     0x55bdf89c7467 - std::panicking::default_hook::{{closure}}::h8a1d2ee00185001a
[INFO] [stdout]   10:     0x55bdf89c7153 - std::panicking::default_hook::h6038f2eba384e475
[INFO] [stdout]                                at /rustc/82e1608dfa6e0b5569232559e3d385fea5a93112/library/std/src/panicking.rs:289:9
[INFO] [stdout]   11:     0x55bdf8897b97 - <alloc::boxed::Box<F,A> as core::ops::function::Fn<Args>>::call::h0ad024c9bdc6d768
[INFO] [stdout]                                at /rustc/82e1608dfa6e0b5569232559e3d385fea5a93112/library/alloc/src/boxed.rs:2021:9
[INFO] [stdout]   12:     0x55bdf8897b97 - test::test_main::{{closure}}::h7500b54257359db6
[INFO] [stdout]                                at /rustc/82e1608dfa6e0b5569232559e3d385fea5a93112/library/test/src/lib.rs:138:21
[INFO] [stdout]   13:     0x55bdf89c7a78 - <alloc::boxed::Box<F,A> as core::ops::function::Fn<Args>>::call::h1f8f335eaa9cfaee
[INFO] [stdout]                                at /rustc/82e1608dfa6e0b5569232559e3d385fea5a93112/library/alloc/src/boxed.rs:2021:9
[INFO] [stdout]   14:     0x55bdf89c7a78 - std::panicking::rust_panic_with_hook::h2b5517d590cab22e
[INFO] [stdout]                                at /rustc/82e1608dfa6e0b5569232559e3d385fea5a93112/library/std/src/panicking.rs:783:13
[INFO] [stdout]   15:     0x55bdf89c77ce - std::panicking::begin_panic_handler::{{closure}}::h233112c06e0ef43e
[INFO] [stdout]                                at /rustc/82e1608dfa6e0b5569232559e3d385fea5a93112/library/std/src/panicking.rs:657:13
[INFO] [stdout]   16:     0x55bdf89c5e86 - std::sys_common::backtrace::__rust_end_short_backtrace::h6e893f24d7ebbff8
[INFO] [stdout]                                at /rustc/82e1608dfa6e0b5569232559e3d385fea5a93112/library/std/src/sys_common/backtrace.rs:170:18
[INFO] [stdout]   17:     0x55bdf89c7532 - rust_begin_unwind
[INFO] [stdout]                                at /rustc/82e1608dfa6e0b5569232559e3d385fea5a93112/library/std/src/panicking.rs:645:5
[INFO] [stdout]   18:     0x55bdf885fe25 - core::panicking::panic_fmt::hbf0e066aabfa482c
[INFO] [stdout]                                at /rustc/82e1608dfa6e0b5569232559e3d385fea5a93112/library/core/src/panicking.rs:72:14
[INFO] [stdout]   19:     0x55bdf88641b2 - mod::gen_all::{{closure}}::h6b85b6076ea096e7
[INFO] [stdout]                                at /opt/rustwide/workdir/tests/mod.rs:54:30
[INFO] [stdout]   20:     0x55bdf8861a30 - core::result::Result<T,E>::unwrap_or_else::hd065ff1aa2f2e33b
[INFO] [stdout]                                at /rustc/82e1608dfa6e0b5569232559e3d385fea5a93112/library/core/src/result.rs:1430:23
[INFO] [stdout]   21:     0x55bdf8863ffc - mod::gen_all::ha2d55e42438a8d67
[INFO] [stdout]                                at /opt/rustwide/workdir/tests/mod.rs:54:5
[INFO] [stdout]   22:     0x55bdf8863917 - mod::gen_all::{{closure}}::h16704149413d4697
[INFO] [stdout]                                at /opt/rustwide/workdir/tests/mod.rs:37:17
[INFO] [stdout]   23:     0x55bdf8861256 - core::ops::function::FnOnce::call_once::h921c6f8c1001a9a4
[INFO] [stdout]                                at /rustc/82e1608dfa6e0b5569232559e3d385fea5a93112/library/core/src/ops/function.rs:250:5
[INFO] [stdout]   24:     0x55bdf889d1ef - core::ops::function::FnOnce::call_once::h2b5d431d5046312d
[INFO] [stdout]                                at /rustc/82e1608dfa6e0b5569232559e3d385fea5a93112/library/core/src/ops/function.rs:250:5
[INFO] [stdout]   25:     0x55bdf889d1ef - test::__rust_begin_short_backtrace::h7714669af176e207
[INFO] [stdout]                                at /rustc/82e1608dfa6e0b5569232559e3d385fea5a93112/library/test/src/lib.rs:628:18
[INFO] [stdout]   26:     0x55bdf889c205 - test::run_test_in_process::{{closure}}::h85218797dcbcec12
[INFO] [stdout]                                at /rustc/82e1608dfa6e0b5569232559e3d385fea5a93112/library/test/src/lib.rs:651:60
[INFO] [stdout]   27:     0x55bdf889c205 - <core::panic::unwind_safe::AssertUnwindSafe<F> as core::ops::function::FnOnce<()>>::call_once::h76c106ea31c14d7b
[INFO] [stdout]                                at /rustc/82e1608dfa6e0b5569232559e3d385fea5a93112/library/core/src/panic/unwind_safe.rs:272:9
[INFO] [stdout]   28:     0x55bdf889c205 - std::panicking::try::do_call::h3bd5d0f6620ee946
[INFO] [stdout]                                at /rustc/82e1608dfa6e0b5569232559e3d385fea5a93112/library/std/src/panicking.rs:552:40
[INFO] [stdout]   29:     0x55bdf889c205 - std::panicking::try::h232e535e4744fe31
[INFO] [stdout]                                at /rustc/82e1608dfa6e0b5569232559e3d385fea5a93112/library/std/src/panicking.rs:516:19
[INFO] [stdout]   30:     0x55bdf889c205 - std::panic::catch_unwind::h3ce3bd6ca8dbac68
[INFO] [stdout]                                at /rustc/82e1608dfa6e0b5569232559e3d385fea5a93112/library/std/src/panic.rs:142:14
[INFO] [stdout]   31:     0x55bdf889c205 - test::run_test_in_process::hc97b257c9621286a
[INFO] [stdout]                                at /rustc/82e1608dfa6e0b5569232559e3d385fea5a93112/library/test/src/lib.rs:651:27
[INFO] [stdout]   32:     0x55bdf889c205 - test::run_test::{{closure}}::h2aa798823a438d38
[INFO] [stdout]                                at /rustc/82e1608dfa6e0b5569232559e3d385fea5a93112/library/test/src/lib.rs:574:43
[INFO] [stdout]   33:     0x55bdf88644c6 - test::run_test::{{closure}}::h87d231c78fb59832
[INFO] [stdout]                                at /rustc/82e1608dfa6e0b5569232559e3d385fea5a93112/library/test/src/lib.rs:602:41
[INFO] [stdout]   34:     0x55bdf88644c6 - std::sys_common::backtrace::__rust_begin_short_backtrace::he6df152596625789
[INFO] [stdout]                                at /rustc/82e1608dfa6e0b5569232559e3d385fea5a93112/library/std/src/sys_common/backtrace.rs:154:18
[INFO] [stdout]   35:     0x55bdf8869577 - std::thread::Builder::spawn_unchecked_::{{closure}}::{{closure}}::ha94be15d1e0acf36
[INFO] [stdout]                                at /rustc/82e1608dfa6e0b5569232559e3d385fea5a93112/library/std/src/thread/mod.rs:529:17
[INFO] [stdout]   36:     0x55bdf8869577 - <core::panic::unwind_safe::AssertUnwindSafe<F> as core::ops::function::FnOnce<()>>::call_once::h9dc6bd6372f16606
[INFO] [stdout]                                at /rustc/82e1608dfa6e0b5569232559e3d385fea5a93112/library/core/src/panic/unwind_safe.rs:272:9
[INFO] [stdout]   37:     0x55bdf8869577 - std::panicking::try::do_call::h9057517f80303cd4
[INFO] [stdout]                                at /rustc/82e1608dfa6e0b5569232559e3d385fea5a93112/library/std/src/panicking.rs:552:40
[INFO] [stdout]   38:     0x55bdf8869577 - std::panicking::try::he3a30b11ee45340c
[INFO] [stdout]                                at /rustc/82e1608dfa6e0b5569232559e3d385fea5a93112/library/std/src/panicking.rs:516:19
[INFO] [stdout]   39:     0x55bdf8869577 - std::panic::catch_unwind::h410458cfd3528b8b
[INFO] [stdout]                                at /rustc/82e1608dfa6e0b5569232559e3d385fea5a93112/library/std/src/panic.rs:142:14
[INFO] [stdout]   40:     0x55bdf8869577 - std::thread::Builder::spawn_unchecked_::{{closure}}::h72ac3bdb567b737b
[INFO] [stdout]                                at /rustc/82e1608dfa6e0b5569232559e3d385fea5a93112/library/std/src/thread/mod.rs:528:30
[INFO] [stdout]   41:     0x55bdf8869577 - core::ops::function::FnOnce::call_once{{vtable.shim}}::h38f34da3654a8344
[INFO] [stdout]                                at /rustc/82e1608dfa6e0b5569232559e3d385fea5a93112/library/core/src/ops/function.rs:250:5
[INFO] [stdout]   42:     0x55bdf89cc985 - <alloc::boxed::Box<F,A> as core::ops::function::FnOnce<Args>>::call_once::hc7eafaff61e32df9
[INFO] [stdout]                                at /rustc/82e1608dfa6e0b5569232559e3d385fea5a93112/library/alloc/src/boxed.rs:2007:9
[INFO] [stdout]   43:     0x55bdf89cc985 - <alloc::boxed::Box<F,A> as core::ops::function::FnOnce<Args>>::call_once::h6ba4a5de48dd2304
[INFO] [stdout]                                at /rustc/82e1608dfa6e0b5569232559e3d385fea5a93112/library/alloc/src/boxed.rs:2007:9
[INFO] [stdout]   44:     0x55bdf89cc985 - std::sys::unix::thread::Thread::new::thread_start::he469335aef763e45
[INFO] [stdout]                                at /rustc/82e1608dfa6e0b5569232559e3d385fea5a93112/library/std/src/sys/unix/thread.rs:108:17
[INFO] [stdout]   45:     0x7ff68d4caac3 - <unknown>
[INFO] [stdout]   46:     0x7ff68d55bbf4 - __clone
[INFO] [stdout]   47:                0x0 - <unknown>
[INFO] [stdout] 
[INFO] [stdout] 
[INFO] [stdout] failures:
[INFO] [stdout]     gen_all
[INFO] [stdout] 
[INFO] [stdout] test result: FAILED. 0 passed; 1 failed; 0 ignored; 0 measured; 0 filtered out; finished in 0.02s
[INFO] [stdout] 
[INFO] [stderr] error: test failed, to rerun pass `--test mod`
[INFO] running `Command { std: "docker" "inspect" "4c7f3a60148e56aaaef336f134ccc2097f5e3aac30a4eba5fdd3497c277398b8", kill_on_drop: false }`
[INFO] running `Command { std: "docker" "rm" "-f" "4c7f3a60148e56aaaef336f134ccc2097f5e3aac30a4eba5fdd3497c277398b8", kill_on_drop: false }`
[INFO] [stdout] 4c7f3a60148e56aaaef336f134ccc2097f5e3aac30a4eba5fdd3497c277398b8
