[INFO] cloning repository https://github.com/apache/skywalking-php
[INFO] running `Command { std: "git" "-c" "credential.helper=" "-c" "credential.helper=/workspace/cargo-home/bin/git-credential-null" "clone" "--bare" "https://github.com/apache/skywalking-php" "/workspace/cache/git-repos/https%3A%2F%2Fgithub.com%2Fapache%2Fskywalking-php", kill_on_drop: false }`
[INFO] [stderr] Cloning into bare repository '/workspace/cache/git-repos/https%3A%2F%2Fgithub.com%2Fapache%2Fskywalking-php'...
[INFO] running `Command { std: "git" "rev-parse" "HEAD", kill_on_drop: false }`
[INFO] [stdout] 981dad929a4c5e9ddbe7cc3e6060a372a7ac08ea
[INFO] testing apache/skywalking-php against 1.75.0 for beta-1.76-1
[INFO] running `Command { std: "git" "clone" "/workspace/cache/git-repos/https%3A%2F%2Fgithub.com%2Fapache%2Fskywalking-php" "/workspace/builds/worker-4-tc1/source", kill_on_drop: false }`
[INFO] [stderr] Cloning into '/workspace/builds/worker-4-tc1/source'...
[INFO] [stderr] done.
[INFO] validating manifest of git repo https://github.com/apache/skywalking-php on toolchain 1.75.0
[INFO] running `Command { std: CARGO_HOME="/workspace/cargo-home" RUSTUP_HOME="/workspace/rustup-home" "/workspace/cargo-home/bin/cargo" "+1.75.0" "metadata" "--manifest-path" "Cargo.toml" "--no-deps", kill_on_drop: false }`
[INFO] removed /workspace/builds/worker-4-tc1/source/rust-toolchain.toml
[INFO] started tweaking git repo https://github.com/apache/skywalking-php
[INFO] finished tweaking git repo https://github.com/apache/skywalking-php
[INFO] tweaked toml for git repo https://github.com/apache/skywalking-php written to /workspace/builds/worker-4-tc1/source/Cargo.toml
[INFO] crate git repo https://github.com/apache/skywalking-php already has a lockfile, it will not be regenerated
[INFO] running `Command { std: CARGO_HOME="/workspace/cargo-home" RUSTUP_HOME="/workspace/rustup-home" "/workspace/cargo-home/bin/cargo" "+1.75.0" "fetch" "--manifest-path" "Cargo.toml", kill_on_drop: false }`
[INFO] [stderr]     Updating crates.io index
[INFO] [stderr]  Downloading crates ...
[INFO] [stderr]   Downloaded matchit v0.7.1
[INFO] [stderr]   Downloaded phper-alloc v0.12.0
[INFO] [stderr]   Downloaded globset v0.4.12
[INFO] [stderr]   Downloaded phper-build v0.12.0
[INFO] [stderr]   Downloaded phper-sys v0.12.1
[INFO] [stderr]   Downloaded rdkafka v0.32.2
[INFO] [stderr]   Downloaded rdkafka-sys v4.5.0+1.9.2
[INFO] [stderr]   Downloaded phper-macros v0.12.0
[INFO] [stderr]   Downloaded fastcgi-client v0.9.0
[INFO] [stderr]   Downloaded phper v0.12.0
[INFO] [stderr]   Downloaded skywalking v0.8.0
[INFO] running `Command { std: "docker" "create" "-v" "/var/lib/crater-agent-workspace/builds/worker-4-tc1/target:/opt/rustwide/target:rw,Z" "-v" "/var/lib/crater-agent-workspace/builds/worker-4-tc1/source:/opt/rustwide/workdir:ro,Z" "-v" "/var/lib/crater-agent-workspace/cargo-home:/opt/rustwide/cargo-home:ro,Z" "-v" "/var/lib/crater-agent-workspace/rustup-home:/opt/rustwide/rustup-home:ro,Z" "-e" "SOURCE_DIR=/opt/rustwide/workdir" "-e" "CARGO_TARGET_DIR=/opt/rustwide/target" "-e" "CARGO_HOME=/opt/rustwide/cargo-home" "-e" "RUSTUP_HOME=/opt/rustwide/rustup-home" "-w" "/opt/rustwide/workdir" "-m" "1610612736" "--user" "0:0" "--network" "none" "ghcr.io/rust-lang/crates-build-env/linux@sha256:2788e3201cd34a07e3172128adcd8b3090168a8e3bcc40d7c032b9dda1df7d1c" "/opt/rustwide/cargo-home/bin/cargo" "+1.75.0" "metadata" "--no-deps" "--format-version=1", kill_on_drop: false }`
[INFO] [stdout] 09512963f8c34f983a5cb314d3d44782e09a2ee56c5dd8e4edb8b56a84574632
[INFO] running `Command { std: "docker" "start" "-a" "09512963f8c34f983a5cb314d3d44782e09a2ee56c5dd8e4edb8b56a84574632", kill_on_drop: false }`
[INFO] running `Command { std: "docker" "inspect" "09512963f8c34f983a5cb314d3d44782e09a2ee56c5dd8e4edb8b56a84574632", kill_on_drop: false }`
[INFO] running `Command { std: "docker" "rm" "-f" "09512963f8c34f983a5cb314d3d44782e09a2ee56c5dd8e4edb8b56a84574632", kill_on_drop: false }`
[INFO] [stdout] 09512963f8c34f983a5cb314d3d44782e09a2ee56c5dd8e4edb8b56a84574632
[INFO] running `Command { std: "docker" "create" "-v" "/var/lib/crater-agent-workspace/builds/worker-4-tc1/target:/opt/rustwide/target:rw,Z" "-v" "/var/lib/crater-agent-workspace/builds/worker-4-tc1/source:/opt/rustwide/workdir:ro,Z" "-v" "/var/lib/crater-agent-workspace/cargo-home:/opt/rustwide/cargo-home:ro,Z" "-v" "/var/lib/crater-agent-workspace/rustup-home:/opt/rustwide/rustup-home:ro,Z" "-e" "SOURCE_DIR=/opt/rustwide/workdir" "-e" "CARGO_TARGET_DIR=/opt/rustwide/target" "-e" "CARGO_INCREMENTAL=0" "-e" "RUST_BACKTRACE=full" "-e" "RUSTFLAGS=--cap-lints=warn" "-e" "RUSTDOCFLAGS=--cap-lints=warn" "-e" "CARGO_HOME=/opt/rustwide/cargo-home" "-e" "RUSTUP_HOME=/opt/rustwide/rustup-home" "-w" "/opt/rustwide/workdir" "-m" "1610612736" "--user" "0:0" "--network" "none" "ghcr.io/rust-lang/crates-build-env/linux@sha256:2788e3201cd34a07e3172128adcd8b3090168a8e3bcc40d7c032b9dda1df7d1c" "/opt/rustwide/cargo-home/bin/cargo" "+1.75.0" "build" "--frozen" "--message-format=json", kill_on_drop: false }`
[INFO] [stdout] b615df14a285da48a4a9907afb259387e091930f5a128709828cc4f3460de465
[INFO] running `Command { std: "docker" "start" "-a" "b615df14a285da48a4a9907afb259387e091930f5a128709828cc4f3460de465", kill_on_drop: false }`
[INFO] [stderr]    Compiling libc v0.2.147
[INFO] [stderr]    Compiling proc-macro2 v1.0.66
[INFO] [stderr]    Compiling unicode-ident v1.0.11
[INFO] [stderr]    Compiling either v1.9.0
[INFO] [stderr]    Compiling once_cell v1.18.0
[INFO] [stderr]    Compiling regex-syntax v0.7.4
[INFO] [stderr]    Compiling pin-project-lite v0.2.10
[INFO] [stderr]    Compiling log v0.4.19
[INFO] [stderr]    Compiling memchr v2.5.0
[INFO] [stderr]    Compiling lock_api v0.4.10
[INFO] [stderr]    Compiling smallvec v1.11.0
[INFO] [stderr]    Compiling parking_lot_core v0.9.8
[INFO] [stderr]    Compiling bytes v1.4.0
[INFO] [stderr]    Compiling indexmap v1.9.3
[INFO] [stderr]    Compiling futures-core v0.3.28
[INFO] [stderr]    Compiling scopeguard v1.2.0
[INFO] [stderr]    Compiling bindgen v0.63.0
[INFO] [stderr]    Compiling quote v1.0.32
[INFO] [stderr]    Compiling nom v7.1.3
[INFO] [stderr]    Compiling tokio v1.29.1
[INFO] [stderr]    Compiling cc v1.0.80
[INFO] [stderr]    Compiling which v4.4.0
[INFO] [stderr]    Compiling syn v2.0.28
[INFO] [stderr]    Compiling syn v1.0.109
[INFO] [stderr]    Compiling clang-sys v1.6.1
[INFO] [stderr]    Compiling rustc-hash v1.1.0
[INFO] [stderr]    Compiling shlex v1.1.0
[INFO] [stderr]    Compiling parking_lot v0.12.1
[INFO] [stderr]    Compiling mio v0.8.8
[INFO] [stderr]    Compiling regex-automata v0.3.4
[INFO] [stderr]    Compiling socket2 v0.4.9
[INFO] [stderr]    Compiling cexpr v0.6.0
[INFO] [stderr]    Compiling signal-hook-registry v1.4.1
[INFO] [stderr]    Compiling num_cpus v1.16.0
[INFO] [stderr]    Compiling tracing-core v0.1.31
[INFO] [stderr]    Compiling anyhow v1.0.72
[INFO] [stderr]    Compiling slab v0.4.8
[INFO] [stderr]    Compiling futures-task v0.3.28
[INFO] [stderr]    Compiling itertools v0.10.5
[INFO] [stderr]    Compiling regex v1.9.1
[INFO] [stderr]    Compiling futures-util v0.3.28
[INFO] [stderr]    Compiling ring v0.16.20
[INFO] [stderr]    Compiling http v0.2.9
[INFO] [stderr]    Compiling getrandom v0.2.10
[INFO] [stderr]    Compiling futures-sink v0.3.28
[INFO] [stderr]    Compiling rustix v0.38.4
[INFO] [stderr]    Compiling serde v1.0.180
[INFO] [stderr]    Compiling bitflags v2.3.3
[INFO] [stderr]    Compiling linux-raw-sys v0.4.5
[INFO] [stderr]    Compiling serde_derive v1.0.180
[INFO] [stderr]    Compiling futures-channel v0.3.28
[INFO] [stderr]    Compiling prettyplease v0.1.25
[INFO] [stderr]    Compiling rand_core v0.6.4
[INFO] [stderr]    Compiling http-body v0.4.5
[INFO] [stderr]    Compiling fixedbitset v0.4.2
[INFO] [stderr]    Compiling async-trait v0.1.72
[INFO] [stderr]    Compiling try-lock v0.2.4
[INFO] [stderr]    Compiling fastrand v2.0.0
[INFO] [stderr]    Compiling prost-derive v0.11.9
[INFO] [stderr]    Compiling rand_chacha v0.3.1
[INFO] [stderr]    Compiling want v0.3.1
[INFO] [stderr]    Compiling petgraph v0.6.3
[INFO] [stderr]    Compiling tokio-macros v2.1.0
[INFO] [stderr]    Compiling tracing-attributes v0.1.26
[INFO] [stderr]    Compiling futures-macro v0.3.28
[INFO] [stderr]    Compiling pin-project-internal v1.1.2
[INFO] [stderr]    Compiling tempfile v3.7.0
[INFO] [stderr]    Compiling prost v0.11.9
[INFO] [stderr]    Compiling axum-core v0.3.4
[INFO] [stderr]    Compiling prost-types v0.11.9
[INFO] [stderr]    Compiling multimap v0.8.3
[INFO] [stderr]    Compiling pkg-config v0.3.27
[INFO] [stderr]    Compiling tracing v0.1.37
[INFO] [stderr]    Compiling percent-encoding v2.3.0
[INFO] [stderr]    Compiling rustls v0.20.8
[INFO] [stderr]    Compiling pin-project v1.1.2
[INFO] [stderr]    Compiling sct v0.7.0
[INFO] [stderr]    Compiling webpki v0.22.0
[INFO] [stderr]    Compiling libz-sys v1.1.12
[INFO] [stderr]    Compiling prost-build v0.11.9
[INFO] [stderr]    Compiling phper-sys v0.12.1
[INFO] [stderr]    Compiling rand v0.8.5
[INFO] [stderr]    Compiling axum v0.6.19
[INFO] [stderr]    Compiling thiserror v1.0.44
[INFO] [stderr]    Compiling portable-atomic v1.4.2
[INFO] [stderr]    Compiling tonic-build v0.8.4
[INFO] [stderr]    Compiling async-stream-impl v0.3.5
[INFO] [stderr]    Compiling thiserror-impl v1.0.44
[INFO] [stderr]    Compiling backtrace v0.3.68
[INFO] [stderr]    Compiling tokio-util v0.7.8
[INFO] [stderr]    Compiling tokio-io-timeout v1.2.0
[INFO] [stderr]    Compiling time-core v0.1.1
[INFO] [stderr]    Compiling gimli v0.27.3
[INFO] [stderr]    Compiling h2 v0.3.20
[INFO] [stderr]    Compiling tower v0.4.13
[INFO] [stderr]    Compiling base64 v0.21.2
[INFO] [stderr]    Compiling portable-atomic v0.3.20
[INFO] [stderr]    Compiling hashbrown v0.14.0
[INFO] [stderr]    Compiling matchit v0.7.1
[INFO] [stderr]    Compiling addr2line v0.20.0
[INFO] [stderr]    Compiling regex-automata v0.1.10
[INFO] [stderr]    Compiling rustls-pemfile v1.0.3
[INFO] [stderr]    Compiling hyper v0.14.27
[INFO] [stderr]    Compiling tokio-rustls v0.23.4
[INFO] [stderr]    Compiling time v0.3.23
[INFO] [stderr]    Compiling skywalking v0.8.0
[INFO] [stderr]    Compiling async-stream v0.3.5
[INFO] [stderr]    Compiling tokio-stream v0.1.14
[INFO] [stderr]    Compiling tracing-futures v0.2.5
[INFO] [stderr]    Compiling object v0.31.1
[INFO] [stderr]    Compiling bytesize v1.2.0
[INFO] [stderr]    Compiling serde_json v1.0.104
[INFO] [stderr]    Compiling unicode-bidi v0.3.13
[INFO] [stderr]    Compiling overload v0.1.1
[INFO] [stderr]    Compiling match_cfg v0.1.0
[INFO] [stderr]    Compiling convert_case v0.4.0
[INFO] [stderr]    Compiling base64 v0.13.1
[INFO] [stderr]    Compiling hyper-timeout v0.4.1
[INFO] [stderr]    Compiling derive_more v0.99.17
[INFO] [stderr]    Compiling idna v0.4.0
[INFO] [stderr]    Compiling indexmap v2.0.0
[INFO] [stderr]    Compiling systemstat v0.2.3
[INFO] [stderr]    Compiling nu-ansi-term v0.46.0
[INFO] [stderr]    Compiling hostname v0.3.1
[INFO] [stderr]    Compiling matchers v0.1.0
[INFO] [stderr]    Compiling form_urlencoded v1.2.0
[INFO] [stderr]    Compiling uuid v1.4.1
[INFO] [stderr]    Compiling tracing-log v0.1.3
[INFO] [stderr]    Compiling phper-macros v0.12.0
[INFO] [stderr]    Compiling thread_local v1.1.4
[INFO] [stderr]    Compiling sharded-slab v0.1.4
[INFO] [stderr]    Compiling url v2.4.0
[INFO] [stderr]    Compiling tracing-subscriber v0.3.17
[INFO] [stderr]    Compiling dashmap v5.5.0
[INFO] [stderr]    Compiling bincode v1.3.3
[INFO] [stderr]    Compiling tonic v0.8.3
[INFO] [stderr]    Compiling phper-build v0.12.0
[INFO] [stderr]    Compiling phper-alloc v0.12.0
[INFO] [stderr]    Compiling phper v0.12.0
[INFO] [stderr]    Compiling skywalking-php v0.8.0-dev (/opt/rustwide/workdir)
[INFO] [stderr]     Finished dev [unoptimized + debuginfo] target(s) in 58.66s
[INFO] running `Command { std: "docker" "inspect" "b615df14a285da48a4a9907afb259387e091930f5a128709828cc4f3460de465", kill_on_drop: false }`
[INFO] running `Command { std: "docker" "rm" "-f" "b615df14a285da48a4a9907afb259387e091930f5a128709828cc4f3460de465", kill_on_drop: false }`
[INFO] [stdout] b615df14a285da48a4a9907afb259387e091930f5a128709828cc4f3460de465
[INFO] running `Command { std: "docker" "create" "-v" "/var/lib/crater-agent-workspace/builds/worker-4-tc1/target:/opt/rustwide/target:rw,Z" "-v" "/var/lib/crater-agent-workspace/builds/worker-4-tc1/source:/opt/rustwide/workdir:ro,Z" "-v" "/var/lib/crater-agent-workspace/cargo-home:/opt/rustwide/cargo-home:ro,Z" "-v" "/var/lib/crater-agent-workspace/rustup-home:/opt/rustwide/rustup-home:ro,Z" "-e" "SOURCE_DIR=/opt/rustwide/workdir" "-e" "CARGO_TARGET_DIR=/opt/rustwide/target" "-e" "CARGO_INCREMENTAL=0" "-e" "RUST_BACKTRACE=full" "-e" "RUSTFLAGS=--cap-lints=warn" "-e" "RUSTDOCFLAGS=--cap-lints=warn" "-e" "CARGO_HOME=/opt/rustwide/cargo-home" "-e" "RUSTUP_HOME=/opt/rustwide/rustup-home" "-w" "/opt/rustwide/workdir" "-m" "1610612736" "--user" "0:0" "--network" "none" "ghcr.io/rust-lang/crates-build-env/linux@sha256:2788e3201cd34a07e3172128adcd8b3090168a8e3bcc40d7c032b9dda1df7d1c" "/opt/rustwide/cargo-home/bin/cargo" "+1.75.0" "test" "--frozen" "--no-run" "--message-format=json", kill_on_drop: false }`
[INFO] [stdout] 97e3ccaf1b569795d9ad6d14f7360580a498ddd6c0050f47adca804f029f4144
[INFO] running `Command { std: "docker" "start" "-a" "97e3ccaf1b569795d9ad6d14f7360580a498ddd6c0050f47adca804f029f4144", kill_on_drop: false }`
[INFO] [stderr]    Compiling tracing v0.1.37
[INFO] [stderr]    Compiling openssl-sys v0.9.90
[INFO] [stderr]    Compiling unicode-normalization v0.1.22
[INFO] [stderr]    Compiling serde_json v1.0.104
[INFO] [stderr]    Compiling unicode-bidi v0.3.13
[INFO] [stderr]    Compiling openssl v0.10.55
[INFO] [stderr]    Compiling foreign-types-shared v0.1.1
[INFO] [stderr]    Compiling serde_urlencoded v0.7.1
[INFO] [stderr]    Compiling foreign-types v0.3.2
[INFO] [stderr]    Compiling axum v0.6.19
[INFO] [stderr]    Compiling tokio-util v0.7.8
[INFO] [stderr]    Compiling openssl-macros v0.1.1
[INFO] [stderr]    Compiling native-tls v0.2.11
[INFO] [stderr]    Compiling serde_path_to_error v0.1.14
[INFO] [stderr]    Compiling idna v0.4.0
[INFO] [stderr]    Compiling openssl-probe v0.1.5
[INFO] [stderr]    Compiling matches v0.1.10
[INFO] [stderr]    Compiling idna v0.2.3
[INFO] [stderr]    Compiling tracing-futures v0.2.5
[INFO] [stderr]    Compiling h2 v0.3.20
[INFO] [stderr]    Compiling tower v0.4.13
[INFO] [stderr]    Compiling enum-as-inner v0.5.1
[INFO] [stderr]    Compiling url v2.4.0
[INFO] [stderr]    Compiling ipnet v2.8.0
[INFO] [stderr]    Compiling quick-error v1.2.3
[INFO] [stderr]    Compiling futures-io v0.3.28
[INFO] [stderr]    Compiling data-encoding v2.4.0
[INFO] [stderr]    Compiling linked-hash-map v0.5.6
[INFO] [stderr]    Compiling resolv-conf v0.7.0
[INFO] [stderr]    Compiling lru-cache v0.1.2
[INFO] [stderr]    Compiling trust-dns-proto v0.22.0
[INFO] [stderr]    Compiling tracing-subscriber v0.3.17
[INFO] [stderr]    Compiling encoding_rs v0.8.32
[INFO] [stderr]    Compiling fastcgi-client v0.9.0
[INFO] [stderr]    Compiling trust-dns-resolver v0.22.0
[INFO] [stderr]    Compiling tokio-native-tls v0.3.1
[INFO] [stderr]    Compiling hyper v0.14.27
[INFO] [stderr]    Compiling hyper-timeout v0.4.1
[INFO] [stderr]    Compiling hyper-tls v0.5.0
[INFO] [stderr]    Compiling reqwest v0.11.18
[INFO] [stderr]    Compiling tonic v0.8.3
[INFO] [stderr]    Compiling skywalking v0.8.0
[INFO] [stderr]    Compiling skywalking-php v0.8.0-dev (/opt/rustwide/workdir)
[INFO] [stderr]     Finished test [unoptimized + debuginfo] target(s) in 1m 00s
[INFO] running `Command { std: "docker" "inspect" "97e3ccaf1b569795d9ad6d14f7360580a498ddd6c0050f47adca804f029f4144", kill_on_drop: false }`
[INFO] running `Command { std: "docker" "rm" "-f" "97e3ccaf1b569795d9ad6d14f7360580a498ddd6c0050f47adca804f029f4144", kill_on_drop: false }`
[INFO] [stdout] 97e3ccaf1b569795d9ad6d14f7360580a498ddd6c0050f47adca804f029f4144
[INFO] running `Command { std: "docker" "create" "-v" "/var/lib/crater-agent-workspace/builds/worker-4-tc1/target:/opt/rustwide/target:rw,Z" "-v" "/var/lib/crater-agent-workspace/builds/worker-4-tc1/source:/opt/rustwide/workdir:ro,Z" "-v" "/var/lib/crater-agent-workspace/cargo-home:/opt/rustwide/cargo-home:ro,Z" "-v" "/var/lib/crater-agent-workspace/rustup-home:/opt/rustwide/rustup-home:ro,Z" "-e" "SOURCE_DIR=/opt/rustwide/workdir" "-e" "CARGO_TARGET_DIR=/opt/rustwide/target" "-e" "CARGO_INCREMENTAL=0" "-e" "RUST_BACKTRACE=full" "-e" "RUSTFLAGS=--cap-lints=warn" "-e" "RUSTDOCFLAGS=--cap-lints=warn" "-e" "CARGO_HOME=/opt/rustwide/cargo-home" "-e" "RUSTUP_HOME=/opt/rustwide/rustup-home" "-w" "/opt/rustwide/workdir" "-m" "1610612736" "--user" "0:0" "--network" "none" "ghcr.io/rust-lang/crates-build-env/linux@sha256:2788e3201cd34a07e3172128adcd8b3090168a8e3bcc40d7c032b9dda1df7d1c" "/opt/rustwide/cargo-home/bin/cargo" "+1.75.0" "test" "--frozen", kill_on_drop: false }`
[INFO] [stdout] 12f183f2f3752fb898b80ae0a3714d17ecef62ce93c3cceb870c491d14967799
[INFO] running `Command { std: "docker" "start" "-a" "12f183f2f3752fb898b80ae0a3714d17ecef62ce93c3cceb870c491d14967799", kill_on_drop: false }`
[INFO] [stderr]     Finished test [unoptimized + debuginfo] target(s) in 0.45s
[INFO] [stderr]      Running unittests src/lib.rs (/opt/rustwide/target/debug/deps/skywalking_agent-8ff0dafbac70675f)
[INFO] [stdout] 
[INFO] [stdout] running 0 tests
[INFO] [stderr]      Running tests/e2e.rs (/opt/rustwide/target/debug/deps/e2e-dd4c0db64d5c1f9e)
[INFO] [stdout] 
[INFO] [stdout] test result: ok. 0 passed; 0 failed; 0 ignored; 0 measured; 0 filtered out; finished in 0.00s
[INFO] [stdout] 
[INFO] [stdout] 
[INFO] [stdout] running 1 test
[INFO] [stdout] [2m2024-01-05T20:38:17.658624Z[0m [32m INFO[0m [2me2e::common[0m[2m:[0m setup fixture [3mTARGET[0m[2m=[0m"debug" [3mEXT[0m[2m=[0m".so" [3mENABLE_ZEND_OBSERVER[0m[2m=[0m"Off"
[INFO] [stdout] [2m2024-01-05T20:38:17.658876Z[0m [32m INFO[0m [1msetup_http_proxy_server[0m[1m{[0m[3mhttp_addr[0m[2m=[0m"127.0.0.1:9011" [3mfpm_addr[0m[2m=[0m"127.0.0.1:9001"[1m}[0m[2m:[0m [2me2e::common[0m[2m:[0m start http proxy server [3mstate[0m[2m=[0mState { http_addr: 127.0.0.1:9011, fpm_addr: 127.0.0.1:9001 }
[INFO] [stdout] [2m2024-01-05T20:38:17.658937Z[0m [32m INFO[0m [1msetup_php_fpm[0m[1m{[0m[3mindex[0m[2m=[0m1 [3mfpm_addr[0m[2m=[0m"127.0.0.1:9001"[1m}[0m[2m:[0m [2me2e::common[0m[2m:[0m start command [3mcmd[0m[2m=[0m"php-fpm -F -y tests/conf/php-fpm.1.conf -d extension=target/debug/libskywalking_agent.so -d skywalking_agent.enable=On -d skywalking_agent.service_name=skywalking-agent-test-1 -d skywalking_agent.server_addr=127.0.0.1:19876 -d skywalking_agent.log_level=DEBUG -d skywalking_agent.log_file=/tmp/fpm-skywalking-agent.1.log -d skywalking_agent.worker_threads=3 -d skywalking_agent.enable_zend_observer=Off"
[INFO] [stdout] [2m2024-01-05T20:38:17.659236Z[0m [32m INFO[0m [1msetup_http_proxy_server[0m[1m{[0m[3mhttp_addr[0m[2m=[0m"127.0.0.1:9012" [3mfpm_addr[0m[2m=[0m"127.0.0.1:9002"[1m}[0m[2m:[0m [2me2e::common[0m[2m:[0m start http proxy server [3mstate[0m[2m=[0mState { http_addr: 127.0.0.1:9012, fpm_addr: 127.0.0.1:9002 }
[INFO] [stdout] test e2e ... FAILED
[INFO] [stdout] 
[INFO] [stdout] failures:
[INFO] [stdout] 
[INFO] [stdout] ---- e2e stdout ----
[INFO] [stdout] thread 'e2e' panicked at tests/common/mod.rs:320:10:
[INFO] [stdout] called `Result::unwrap()` on an `Err` value: Os { code: 2, kind: NotFound, message: "No such file or directory" }
[INFO] [stdout] stack backtrace:
[INFO] [stdout]    0:     0x5598dfdcb18c - std::backtrace_rs::backtrace::libunwind::trace::ha637c64ce894333a
[INFO] [stdout]                                at /rustc/82e1608dfa6e0b5569232559e3d385fea5a93112/library/std/src/../../backtrace/src/backtrace/libunwind.rs:104:5
[INFO] [stdout]    1:     0x5598dfdcb18c - std::backtrace_rs::backtrace::trace_unsynchronized::h47f62dea28e0c88d
[INFO] [stdout]                                at /rustc/82e1608dfa6e0b5569232559e3d385fea5a93112/library/std/src/../../backtrace/src/backtrace/mod.rs:66:5
[INFO] [stdout]    2:     0x5598dfdcb18c - std::sys_common::backtrace::_print_fmt::h9eef0abe20ede486
[INFO] [stdout]                                at /rustc/82e1608dfa6e0b5569232559e3d385fea5a93112/library/std/src/sys_common/backtrace.rs:67:5
[INFO] [stdout]    3:     0x5598dfdcb18c - <std::sys_common::backtrace::_print::DisplayBacktrace as core::fmt::Display>::fmt::hed7f999df88cc644
[INFO] [stdout]                                at /rustc/82e1608dfa6e0b5569232559e3d385fea5a93112/library/std/src/sys_common/backtrace.rs:44:22
[INFO] [stdout]    4:     0x5598dfdf9b60 - core::fmt::rt::Argument::fmt::h1539a9308b8d058d
[INFO] [stdout]                                at /rustc/82e1608dfa6e0b5569232559e3d385fea5a93112/library/core/src/fmt/rt.rs:142:9
[INFO] [stdout]    5:     0x5598dfdf9b60 - core::fmt::write::h3a39390d8560d9c9
[INFO] [stdout]                                at /rustc/82e1608dfa6e0b5569232559e3d385fea5a93112/library/core/src/fmt/mod.rs:1120:17
[INFO] [stdout]    6:     0x5598dfdc7d4f - std::io::Write::write_fmt::h040b369f3a0f9cbc
[INFO] [stdout]                                at /rustc/82e1608dfa6e0b5569232559e3d385fea5a93112/library/std/src/io/mod.rs:1762:15
[INFO] [stdout]    7:     0x5598dfdcaf74 - std::sys_common::backtrace::_print::h894006fb5c6f3d45
[INFO] [stdout]                                at /rustc/82e1608dfa6e0b5569232559e3d385fea5a93112/library/std/src/sys_common/backtrace.rs:47:5
[INFO] [stdout]    8:     0x5598dfdcaf74 - std::sys_common::backtrace::print::h23a2d212c6fff936
[INFO] [stdout]                                at /rustc/82e1608dfa6e0b5569232559e3d385fea5a93112/library/std/src/sys_common/backtrace.rs:34:9
[INFO] [stdout]    9:     0x5598dfdccc37 - std::panicking::default_hook::{{closure}}::h8a1d2ee00185001a
[INFO] [stdout]   10:     0x5598dfdcc923 - std::panicking::default_hook::h6038f2eba384e475
[INFO] [stdout]                                at /rustc/82e1608dfa6e0b5569232559e3d385fea5a93112/library/std/src/panicking.rs:289:9
[INFO] [stdout]   11:     0x5598df483667 - <alloc::boxed::Box<F,A> as core::ops::function::Fn<Args>>::call::h0ad024c9bdc6d768
[INFO] [stdout]                                at /rustc/82e1608dfa6e0b5569232559e3d385fea5a93112/library/alloc/src/boxed.rs:2021:9
[INFO] [stdout]   12:     0x5598df483667 - test::test_main::{{closure}}::h7500b54257359db6
[INFO] [stdout]                                at /rustc/82e1608dfa6e0b5569232559e3d385fea5a93112/library/test/src/lib.rs:138:21
[INFO] [stdout]   13:     0x5598dfdcd248 - <alloc::boxed::Box<F,A> as core::ops::function::Fn<Args>>::call::h1f8f335eaa9cfaee
[INFO] [stdout]                                at /rustc/82e1608dfa6e0b5569232559e3d385fea5a93112/library/alloc/src/boxed.rs:2021:9
[INFO] [stdout]   14:     0x5598dfdcd248 - std::panicking::rust_panic_with_hook::h2b5517d590cab22e
[INFO] [stdout]                                at /rustc/82e1608dfa6e0b5569232559e3d385fea5a93112/library/std/src/panicking.rs:783:13
[INFO] [stdout]   15:     0x5598dfdccf9e - std::panicking::begin_panic_handler::{{closure}}::h233112c06e0ef43e
[INFO] [stdout]                                at /rustc/82e1608dfa6e0b5569232559e3d385fea5a93112/library/std/src/panicking.rs:657:13
[INFO] [stdout]   16:     0x5598dfdcb656 - std::sys_common::backtrace::__rust_end_short_backtrace::h6e893f24d7ebbff8
[INFO] [stdout]                                at /rustc/82e1608dfa6e0b5569232559e3d385fea5a93112/library/std/src/sys_common/backtrace.rs:170:18
[INFO] [stdout]   17:     0x5598dfdccd02 - rust_begin_unwind
[INFO] [stdout]                                at /rustc/82e1608dfa6e0b5569232559e3d385fea5a93112/library/std/src/panicking.rs:645:5
[INFO] [stdout]   18:     0x5598df2f0695 - core::panicking::panic_fmt::hbf0e066aabfa482c
[INFO] [stdout]                                at /rustc/82e1608dfa6e0b5569232559e3d385fea5a93112/library/core/src/panicking.rs:72:14
[INFO] [stdout]   19:     0x5598df2f0cc3 - core::result::unwrap_failed::hddb4fea594200c52
[INFO] [stdout]                                at /rustc/82e1608dfa6e0b5569232559e3d385fea5a93112/library/core/src/result.rs:1653:5
[INFO] [stdout]   20:     0x5598df39f81d - core::result::Result<T,E>::unwrap::h3ecd67c9eefc85f7
[INFO] [stdout]                                at /rustc/82e1608dfa6e0b5569232559e3d385fea5a93112/library/core/src/result.rs:1077:23
[INFO] [stdout]   21:     0x5598df42b043 - e2e::common::setup_php_fpm::h3417b6b262e753c4
[INFO] [stdout]                                at /opt/rustwide/workdir/tests/common/mod.rs:314:17
[INFO] [stdout]   22:     0x5598df41e1e9 - e2e::common::setup::{{closure}}::hfd9a370ad7dc7471
[INFO] [stdout]                                at /opt/rustwide/workdir/tests/common/mod.rs:104:26
[INFO] [stdout]   23:     0x5598df37d230 - e2e::e2e::{{closure}}::h31502a0a1f9f51bc
[INFO] [stdout]                                at /opt/rustwide/workdir/tests/e2e.rs:38:35
[INFO] [stdout]   24:     0x5598df4144b8 - <core::pin::Pin<P> as core::future::future::Future>::poll::h5b5a9955b5026202
[INFO] [stdout]                                at /rustc/82e1608dfa6e0b5569232559e3d385fea5a93112/library/core/src/future/future.rs:125:9
[INFO] [stdout]   25:     0x5598df3504e4 - tokio::runtime::park::CachedParkThread::block_on::{{closure}}::h1953c4e7fb7aa736
[INFO] [stdout]                                at /opt/rustwide/cargo-home/registry/src/index.crates.io-6f17d22bba15001f/tokio-1.29.1/src/runtime/park.rs:283:63
[INFO] [stdout]   26:     0x5598df350380 - tokio::runtime::coop::with_budget::h97c44f46dad8a749
[INFO] [stdout]                                at /opt/rustwide/cargo-home/registry/src/index.crates.io-6f17d22bba15001f/tokio-1.29.1/src/runtime/coop.rs:107:5
[INFO] [stdout]   27:     0x5598df350380 - tokio::runtime::coop::budget::h2e40d489dbfc89a9
[INFO] [stdout]                                at /opt/rustwide/cargo-home/registry/src/index.crates.io-6f17d22bba15001f/tokio-1.29.1/src/runtime/coop.rs:73:5
[INFO] [stdout]   28:     0x5598df350380 - tokio::runtime::park::CachedParkThread::block_on::h6de6a8357818612a
[INFO] [stdout]                                at /opt/rustwide/cargo-home/registry/src/index.crates.io-6f17d22bba15001f/tokio-1.29.1/src/runtime/park.rs:283:31
[INFO] [stdout]   29:     0x5598df41c874 - tokio::runtime::context::blocking::BlockingRegionGuard::block_on::h0fb5667893f9a87e
[INFO] [stdout]                                at /opt/rustwide/cargo-home/registry/src/index.crates.io-6f17d22bba15001f/tokio-1.29.1/src/runtime/context/blocking.rs:66:9
[INFO] [stdout]   30:     0x5598df394608 - tokio::runtime::scheduler::multi_thread::MultiThread::block_on::{{closure}}::h53debc4e79f4f273
[INFO] [stdout]                                at /opt/rustwide/cargo-home/registry/src/index.crates.io-6f17d22bba15001f/tokio-1.29.1/src/runtime/scheduler/multi_thread/mod.rs:87:13
[INFO] [stdout]   31:     0x5598df41c124 - tokio::runtime::context::runtime::enter_runtime::h7a5502725bf68e58
[INFO] [stdout]                                at /opt/rustwide/cargo-home/registry/src/index.crates.io-6f17d22bba15001f/tokio-1.29.1/src/runtime/context/runtime.rs:65:16
[INFO] [stdout]   32:     0x5598df3945d8 - tokio::runtime::scheduler::multi_thread::MultiThread::block_on::h3d6a4bd74850415f
[INFO] [stdout]                                at /opt/rustwide/cargo-home/registry/src/index.crates.io-6f17d22bba15001f/tokio-1.29.1/src/runtime/scheduler/multi_thread/mod.rs:86:9
[INFO] [stdout]   33:     0x5598df3ee287 - tokio::runtime::runtime::Runtime::block_on::hfa2f63aa0db9b78b
[INFO] [stdout]                                at /opt/rustwide/cargo-home/registry/src/index.crates.io-6f17d22bba15001f/tokio-1.29.1/src/runtime/runtime.rs:313:45
[INFO] [stdout]   34:     0x5598df37cf7c - e2e::e2e::h222f58c315b38743
[INFO] [stdout]                                at /opt/rustwide/workdir/tests/e2e.rs:51:5
[INFO] [stdout]   35:     0x5598df37cdd7 - e2e::e2e::{{closure}}::hf463cc2a136bbfd2
[INFO] [stdout]                                at /opt/rustwide/workdir/tests/e2e.rs:37:15
[INFO] [stdout]   36:     0x5598df30cb26 - core::ops::function::FnOnce::call_once::h542d0d94d4450bb3
[INFO] [stdout]                                at /rustc/82e1608dfa6e0b5569232559e3d385fea5a93112/library/core/src/ops/function.rs:250:5
[INFO] [stdout]   37:     0x5598df488cbf - core::ops::function::FnOnce::call_once::h2b5d431d5046312d
[INFO] [stdout]                                at /rustc/82e1608dfa6e0b5569232559e3d385fea5a93112/library/core/src/ops/function.rs:250:5
[INFO] [stdout]   38:     0x5598df488cbf - test::__rust_begin_short_backtrace::h7714669af176e207
[INFO] [stdout]                                at /rustc/82e1608dfa6e0b5569232559e3d385fea5a93112/library/test/src/lib.rs:628:18
[INFO] [stdout]   39:     0x5598df487cd5 - test::run_test_in_process::{{closure}}::h85218797dcbcec12
[INFO] [stdout]                                at /rustc/82e1608dfa6e0b5569232559e3d385fea5a93112/library/test/src/lib.rs:651:60
[INFO] [stdout]   40:     0x5598df487cd5 - <core::panic::unwind_safe::AssertUnwindSafe<F> as core::ops::function::FnOnce<()>>::call_once::h76c106ea31c14d7b
[INFO] [stdout]                                at /rustc/82e1608dfa6e0b5569232559e3d385fea5a93112/library/core/src/panic/unwind_safe.rs:272:9
[INFO] [stdout]   41:     0x5598df487cd5 - std::panicking::try::do_call::h3bd5d0f6620ee946
[INFO] [stdout]                                at /rustc/82e1608dfa6e0b5569232559e3d385fea5a93112/library/std/src/panicking.rs:552:40
[INFO] [stdout]   42:     0x5598df487cd5 - std::panicking::try::h232e535e4744fe31
[INFO] [stdout]                                at /rustc/82e1608dfa6e0b5569232559e3d385fea5a93112/library/std/src/panicking.rs:516:19
[INFO] [stdout]   43:     0x5598df487cd5 - std::panic::catch_unwind::h3ce3bd6ca8dbac68
[INFO] [stdout]                                at /rustc/82e1608dfa6e0b5569232559e3d385fea5a93112/library/std/src/panic.rs:142:14
[INFO] [stdout]   44:     0x5598df487cd5 - test::run_test_in_process::hc97b257c9621286a
[INFO] [stdout]                                at /rustc/82e1608dfa6e0b5569232559e3d385fea5a93112/library/test/src/lib.rs:651:27
[INFO] [stdout]   45:     0x5598df487cd5 - test::run_test::{{closure}}::h2aa798823a438d38
[INFO] [stdout]                                at /rustc/82e1608dfa6e0b5569232559e3d385fea5a93112/library/test/src/lib.rs:574:43
[INFO] [stdout]   46:     0x5598df44ff96 - test::run_test::{{closure}}::h87d231c78fb59832
[INFO] [stdout]                                at /rustc/82e1608dfa6e0b5569232559e3d385fea5a93112/library/test/src/lib.rs:602:41
[INFO] [stdout]   47:     0x5598df44ff96 - std::sys_common::backtrace::__rust_begin_short_backtrace::he6df152596625789
[INFO] [stdout]                                at /rustc/82e1608dfa6e0b5569232559e3d385fea5a93112/library/std/src/sys_common/backtrace.rs:154:18
[INFO] [stdout]   48:     0x5598df455047 - std::thread::Builder::spawn_unchecked_::{{closure}}::{{closure}}::ha94be15d1e0acf36
[INFO] [stdout]                                at /rustc/82e1608dfa6e0b5569232559e3d385fea5a93112/library/std/src/thread/mod.rs:529:17
[INFO] [stdout]   49:     0x5598df455047 - <core::panic::unwind_safe::AssertUnwindSafe<F> as core::ops::function::FnOnce<()>>::call_once::h9dc6bd6372f16606
[INFO] [stdout]                                at /rustc/82e1608dfa6e0b5569232559e3d385fea5a93112/library/core/src/panic/unwind_safe.rs:272:9
[INFO] [stdout]   50:     0x5598df455047 - std::panicking::try::do_call::h9057517f80303cd4
[INFO] [stdout]                                at /rustc/82e1608dfa6e0b5569232559e3d385fea5a93112/library/std/src/panicking.rs:552:40
[INFO] [stdout]   51:     0x5598df455047 - std::panicking::try::he3a30b11ee45340c
[INFO] [stdout]                                at /rustc/82e1608dfa6e0b5569232559e3d385fea5a93112/library/std/src/panicking.rs:516:19
[INFO] [stdout]   52:     0x5598df455047 - std::panic::catch_unwind::h410458cfd3528b8b
[INFO] [stdout]                                at /rustc/82e1608dfa6e0b5569232559e3d385fea5a93112/library/std/src/panic.rs:142:14
[INFO] [stdout]   53:     0x5598df455047 - std::thread::Builder::spawn_unchecked_::{{closure}}::h72ac3bdb567b737b
[INFO] [stdout]                                at /rustc/82e1608dfa6e0b5569232559e3d385fea5a93112/library/std/src/thread/mod.rs:528:30
[INFO] [stdout]   54:     0x5598df455047 - core::ops::function::FnOnce::call_once{{vtable.shim}}::h38f34da3654a8344
[INFO] [stdout]                                at /rustc/82e1608dfa6e0b5569232559e3d385fea5a93112/library/core/src/ops/function.rs:250:5
[INFO] [stdout]   55:     0x5598dfdd2375 - <alloc::boxed::Box<F,A> as core::ops::function::FnOnce<Args>>::call_once::hc7eafaff61e32df9
[INFO] [stdout]                                at /rustc/82e1608dfa6e0b5569232559e3d385fea5a93112/library/alloc/src/boxed.rs:2007:9
[INFO] [stdout]   56:     0x5598dfdd2375 - <alloc::boxed::Box<F,A> as core::ops::function::FnOnce<Args>>::call_once::h6ba4a5de48dd2304
[INFO] [stdout]                                at /rustc/82e1608dfa6e0b5569232559e3d385fea5a93112/library/alloc/src/boxed.rs:2007:9
[INFO] [stdout]   57:     0x5598dfdd2375 - std::sys::unix::thread::Thread::new::thread_start::he469335aef763e45
[INFO] [stdout]                                at /rustc/82e1608dfa6e0b5569232559e3d385fea5a93112/library/std/src/sys/unix/thread.rs:108:17
[INFO] [stdout]   58:     0x7f4ece3acac3 - <unknown>
[INFO] [stdout]   59:     0x7f4ece43dbf4 - __clone
[INFO] [stdout]   60:                0x0 - <unknown>
[INFO] [stdout] 
[INFO] [stdout] 
[INFO] [stdout] failures:
[INFO] [stdout]     e2e
[INFO] [stdout] 
[INFO] [stdout] test result: FAILED. 0 passed; 1 failed; 0 ignored; 0 measured; 0 filtered out; finished in 0.12s
[INFO] [stdout] 
[INFO] [stderr] error: test failed, to rerun pass `--test e2e`
[INFO] running `Command { std: "docker" "inspect" "12f183f2f3752fb898b80ae0a3714d17ecef62ce93c3cceb870c491d14967799", kill_on_drop: false }`
[INFO] running `Command { std: "docker" "rm" "-f" "12f183f2f3752fb898b80ae0a3714d17ecef62ce93c3cceb870c491d14967799", kill_on_drop: false }`
[INFO] [stdout] 12f183f2f3752fb898b80ae0a3714d17ecef62ce93c3cceb870c491d14967799
[INFO] testing apache/skywalking-php against beta-2023-12-22 for beta-1.76-1
[INFO] running `Command { std: "git" "clone" "/workspace/cache/git-repos/https%3A%2F%2Fgithub.com%2Fapache%2Fskywalking-php" "/workspace/builds/worker-4-tc2/source", kill_on_drop: false }`
[INFO] [stderr] Cloning into '/workspace/builds/worker-4-tc2/source'...
[INFO] [stderr] done.
[INFO] validating manifest of git repo https://github.com/apache/skywalking-php on toolchain beta-2023-12-22
[INFO] running `Command { std: CARGO_HOME="/workspace/cargo-home" RUSTUP_HOME="/workspace/rustup-home" "/workspace/cargo-home/bin/cargo" "+beta-2023-12-22" "metadata" "--manifest-path" "Cargo.toml" "--no-deps", kill_on_drop: false }`
[INFO] removed /workspace/builds/worker-4-tc2/source/rust-toolchain.toml
[INFO] started tweaking git repo https://github.com/apache/skywalking-php
[INFO] finished tweaking git repo https://github.com/apache/skywalking-php
[INFO] tweaked toml for git repo https://github.com/apache/skywalking-php written to /workspace/builds/worker-4-tc2/source/Cargo.toml
[INFO] crate git repo https://github.com/apache/skywalking-php already has a lockfile, it will not be regenerated
[INFO] running `Command { std: CARGO_HOME="/workspace/cargo-home" RUSTUP_HOME="/workspace/rustup-home" "/workspace/cargo-home/bin/cargo" "+beta-2023-12-22" "fetch" "--manifest-path" "Cargo.toml", kill_on_drop: false }`
[INFO] running `Command { std: "docker" "create" "-v" "/var/lib/crater-agent-workspace/builds/worker-4-tc2/target:/opt/rustwide/target:rw,Z" "-v" "/var/lib/crater-agent-workspace/builds/worker-4-tc2/source:/opt/rustwide/workdir:ro,Z" "-v" "/var/lib/crater-agent-workspace/cargo-home:/opt/rustwide/cargo-home:ro,Z" "-v" "/var/lib/crater-agent-workspace/rustup-home:/opt/rustwide/rustup-home:ro,Z" "-e" "SOURCE_DIR=/opt/rustwide/workdir" "-e" "CARGO_TARGET_DIR=/opt/rustwide/target" "-e" "CARGO_HOME=/opt/rustwide/cargo-home" "-e" "RUSTUP_HOME=/opt/rustwide/rustup-home" "-w" "/opt/rustwide/workdir" "-m" "1610612736" "--user" "0:0" "--network" "none" "ghcr.io/rust-lang/crates-build-env/linux@sha256:2788e3201cd34a07e3172128adcd8b3090168a8e3bcc40d7c032b9dda1df7d1c" "/opt/rustwide/cargo-home/bin/cargo" "+beta-2023-12-22" "metadata" "--no-deps" "--format-version=1", kill_on_drop: false }`
[INFO] [stdout] 3949b7fed55b015114382d48917cba024fae6143d996e426182d0485d0ee3a48
[INFO] running `Command { std: "docker" "start" "-a" "3949b7fed55b015114382d48917cba024fae6143d996e426182d0485d0ee3a48", kill_on_drop: false }`
[INFO] running `Command { std: "docker" "inspect" "3949b7fed55b015114382d48917cba024fae6143d996e426182d0485d0ee3a48", kill_on_drop: false }`
[INFO] running `Command { std: "docker" "rm" "-f" "3949b7fed55b015114382d48917cba024fae6143d996e426182d0485d0ee3a48", kill_on_drop: false }`
[INFO] [stdout] 3949b7fed55b015114382d48917cba024fae6143d996e426182d0485d0ee3a48
[INFO] running `Command { std: "docker" "create" "-v" "/var/lib/crater-agent-workspace/builds/worker-4-tc2/target:/opt/rustwide/target:rw,Z" "-v" "/var/lib/crater-agent-workspace/builds/worker-4-tc2/source:/opt/rustwide/workdir:ro,Z" "-v" "/var/lib/crater-agent-workspace/cargo-home:/opt/rustwide/cargo-home:ro,Z" "-v" "/var/lib/crater-agent-workspace/rustup-home:/opt/rustwide/rustup-home:ro,Z" "-e" "SOURCE_DIR=/opt/rustwide/workdir" "-e" "CARGO_TARGET_DIR=/opt/rustwide/target" "-e" "CARGO_INCREMENTAL=0" "-e" "RUST_BACKTRACE=full" "-e" "RUSTFLAGS=--cap-lints=warn" "-e" "RUSTDOCFLAGS=--cap-lints=warn" "-e" "CARGO_HOME=/opt/rustwide/cargo-home" "-e" "RUSTUP_HOME=/opt/rustwide/rustup-home" "-w" "/opt/rustwide/workdir" "-m" "1610612736" "--user" "0:0" "--network" "none" "ghcr.io/rust-lang/crates-build-env/linux@sha256:2788e3201cd34a07e3172128adcd8b3090168a8e3bcc40d7c032b9dda1df7d1c" "/opt/rustwide/cargo-home/bin/cargo" "+beta-2023-12-22" "build" "--frozen" "--message-format=json", kill_on_drop: false }`
[INFO] [stdout] d4fbcf6f6125e84d7d8cccdc688ae00d906d06bd8cb0c8471da9869b6c0984d8
[INFO] running `Command { std: "docker" "start" "-a" "d4fbcf6f6125e84d7d8cccdc688ae00d906d06bd8cb0c8471da9869b6c0984d8", kill_on_drop: false }`
[INFO] [stderr]    Compiling libc v0.2.147
[INFO] [stderr]    Compiling proc-macro2 v1.0.66
[INFO] [stderr]    Compiling unicode-ident v1.0.11
[INFO] [stderr]    Compiling either v1.9.0
[INFO] [stderr]    Compiling once_cell v1.18.0
[INFO] [stderr]    Compiling regex-syntax v0.7.4
[INFO] [stderr]    Compiling pin-project-lite v0.2.10
[INFO] [stderr]    Compiling log v0.4.19
[INFO] [stderr]    Compiling memchr v2.5.0
[INFO] [stderr]    Compiling lock_api v0.4.10
[INFO] [stderr]    Compiling parking_lot_core v0.9.8
[INFO] [stderr]    Compiling bytes v1.4.0
[INFO] [stderr]    Compiling smallvec v1.11.0
[INFO] [stderr]    Compiling indexmap v1.9.3
[INFO] [stderr]    Compiling scopeguard v1.2.0
[INFO] [stderr]    Compiling futures-core v0.3.28
[INFO] [stderr]    Compiling bindgen v0.63.0
[INFO] [stderr]    Compiling quote v1.0.32
[INFO] [stderr]    Compiling nom v7.1.3
[INFO] [stderr]    Compiling tokio v1.29.1
[INFO] [stderr]    Compiling syn v2.0.28
[INFO] [stderr]    Compiling syn v1.0.109
[INFO] [stderr]    Compiling shlex v1.1.0
[INFO] [stderr]    Compiling cc v1.0.80
[INFO] [stderr]    Compiling which v4.4.0
[INFO] [stderr]    Compiling clang-sys v1.6.1
[INFO] [stderr]    Compiling rustc-hash v1.1.0
[INFO] [stderr]    Compiling parking_lot v0.12.1
[INFO] [stderr]    Compiling mio v0.8.8
[INFO] [stderr]    Compiling num_cpus v1.16.0
[INFO] [stderr]    Compiling regex-automata v0.3.4
[INFO] [stderr]    Compiling socket2 v0.4.9
[INFO] [stderr]    Compiling signal-hook-registry v1.4.1
[INFO] [stderr]    Compiling tracing-core v0.1.31
[INFO] [stderr]    Compiling cexpr v0.6.0
[INFO] [stderr]    Compiling anyhow v1.0.72
[INFO] [stderr]    Compiling slab v0.4.8
[INFO] [stderr]    Compiling futures-task v0.3.28
[INFO] [stderr]    Compiling regex v1.9.1
[INFO] [stderr]    Compiling itertools v0.10.5
[INFO] [stderr]    Compiling futures-util v0.3.28
[INFO] [stderr]    Compiling ring v0.16.20
[INFO] [stderr]    Compiling http v0.2.9
[INFO] [stderr]    Compiling getrandom v0.2.10
[INFO] [stderr]    Compiling rustix v0.38.4
[INFO] [stderr]    Compiling serde v1.0.180
[INFO] [stderr]    Compiling futures-sink v0.3.28
[INFO] [stderr]    Compiling linux-raw-sys v0.4.5
[INFO] [stderr]    Compiling futures-channel v0.3.28
[INFO] [stderr]    Compiling serde_derive v1.0.180
[INFO] [stderr]    Compiling prettyplease v0.1.25
[INFO] [stderr]    Compiling bitflags v2.3.3
[INFO] [stderr]    Compiling http-body v0.4.5
[INFO] [stderr]    Compiling rand_core v0.6.4
[INFO] [stderr]    Compiling async-trait v0.1.72
[INFO] [stderr]    Compiling tokio-macros v2.1.0
[INFO] [stderr]    Compiling tracing-attributes v0.1.26
[INFO] [stderr]    Compiling futures-macro v0.3.28
[INFO] [stderr]    Compiling prost-derive v0.11.9
[INFO] [stderr]    Compiling pin-project-internal v1.1.2
[INFO] [stderr]    Compiling tracing v0.1.37
[INFO] [stderr]    Compiling try-lock v0.2.4
[INFO] [stderr]    Compiling fixedbitset v0.4.2
[INFO] [stderr]    Compiling fastrand v2.0.0
[INFO] [stderr]    Compiling tempfile v3.7.0
[INFO] [stderr]    Compiling rand_chacha v0.3.1
[INFO] [stderr]    Compiling petgraph v0.6.3
[INFO] [stderr]    Compiling want v0.3.1
[INFO] [stderr]    Compiling axum-core v0.3.4
[INFO] [stderr]    Compiling pin-project v1.1.2
[INFO] [stderr]    Compiling rustls v0.20.8
[INFO] [stderr]    Compiling percent-encoding v2.3.0
[INFO] [stderr]    Compiling prost v0.11.9
[INFO] [stderr]    Compiling pkg-config v0.3.27
[INFO] [stderr]    Compiling multimap v0.8.3
[INFO] [stderr]    Compiling rand v0.8.5
[INFO] [stderr]    Compiling prost-types v0.11.9
[INFO] [stderr]    Compiling sct v0.7.0
[INFO] [stderr]    Compiling libz-sys v1.1.12
[INFO] [stderr]    Compiling webpki v0.22.0
[INFO] [stderr]    Compiling axum v0.6.19
[INFO] [stderr]    Compiling portable-atomic v1.4.2
[INFO] [stderr]    Compiling thiserror v1.0.44
[INFO] [stderr]    Compiling thiserror-impl v1.0.44
[INFO] [stderr]    Compiling async-stream-impl v0.3.5
[INFO] [stderr]    Compiling backtrace v0.3.68
[INFO] [stderr]    Compiling prost-build v0.11.9
[INFO] [stderr]    Compiling base64 v0.21.2
[INFO] [stderr]    Compiling tokio-util v0.7.8
[INFO] [stderr]    Compiling phper-sys v0.12.1
[INFO] [stderr]    Compiling tokio-io-timeout v1.2.0
[INFO] [stderr]    Compiling tonic-build v0.8.4
[INFO] [stderr]    Compiling h2 v0.3.20
[INFO] [stderr]    Compiling tower v0.4.13
[INFO] [stderr]    Compiling time-core v0.1.1
[INFO] [stderr]    Compiling portable-atomic v0.3.20
[INFO] [stderr]    Compiling matchit v0.7.1
[INFO] [stderr]    Compiling gimli v0.27.3
[INFO] [stderr]    Compiling hashbrown v0.14.0
[INFO] [stderr]    Compiling skywalking v0.8.0
[INFO] [stderr]    Compiling tokio-rustls v0.23.4
[INFO] [stderr]    Compiling time v0.3.23
[INFO] [stderr]    Compiling hyper v0.14.27
[INFO] [stderr]    Compiling addr2line v0.20.0
[INFO] [stderr]    Compiling async-stream v0.3.5
[INFO] [stderr]    Compiling tokio-stream v0.1.14
[INFO] [stderr]    Compiling rustls-pemfile v1.0.3
[INFO] [stderr]    Compiling regex-automata v0.1.10
[INFO] [stderr]    Compiling tracing-futures v0.2.5
[INFO] [stderr]    Compiling object v0.31.1
[INFO] [stderr]    Compiling unicode-bidi v0.3.13
[INFO] [stderr]    Compiling match_cfg v0.1.0
[INFO] [stderr]    Compiling base64 v0.13.1
[INFO] [stderr]    Compiling hyper-timeout v0.4.1
[INFO] [stderr]    Compiling convert_case v0.4.0
[INFO] [stderr]    Compiling overload v0.1.1
[INFO] [stderr]    Compiling bytesize v1.2.0
[INFO] [stderr]    Compiling serde_json v1.0.104
[INFO] [stderr]    Compiling indexmap v2.0.0
[INFO] [stderr]    Compiling systemstat v0.2.3
[INFO] [stderr]    Compiling nu-ansi-term v0.46.0
[INFO] [stderr]    Compiling derive_more v0.99.17
[INFO] [stderr]    Compiling matchers v0.1.0
[INFO] [stderr]    Compiling hostname v0.3.1
[INFO] [stderr]    Compiling idna v0.4.0
[INFO] [stderr]    Compiling form_urlencoded v1.2.0
[INFO] [stderr]    Compiling uuid v1.4.1
[INFO] [stderr]    Compiling tracing-log v0.1.3
[INFO] [stderr]    Compiling phper-macros v0.12.0
[INFO] [stderr]    Compiling thread_local v1.1.4
[INFO] [stderr]    Compiling sharded-slab v0.1.4
[INFO] [stderr]    Compiling url v2.4.0
[INFO] [stderr]    Compiling tracing-subscriber v0.3.17
[INFO] [stderr]    Compiling dashmap v5.5.0
[INFO] [stderr]    Compiling tonic v0.8.3
[INFO] [stderr]    Compiling bincode v1.3.3
[INFO] [stderr]    Compiling phper-build v0.12.0
[INFO] [stderr]    Compiling phper-alloc v0.12.0
[INFO] [stderr]    Compiling phper v0.12.0
[INFO] [stderr]    Compiling skywalking-php v0.8.0-dev (/opt/rustwide/workdir)
[INFO] [stderr]     Finished dev [unoptimized + debuginfo] target(s) in 1m 46s
[INFO] running `Command { std: "docker" "inspect" "d4fbcf6f6125e84d7d8cccdc688ae00d906d06bd8cb0c8471da9869b6c0984d8", kill_on_drop: false }`
[INFO] running `Command { std: "docker" "rm" "-f" "d4fbcf6f6125e84d7d8cccdc688ae00d906d06bd8cb0c8471da9869b6c0984d8", kill_on_drop: false }`
[INFO] [stdout] d4fbcf6f6125e84d7d8cccdc688ae00d906d06bd8cb0c8471da9869b6c0984d8
[INFO] running `Command { std: "docker" "create" "-v" "/var/lib/crater-agent-workspace/builds/worker-4-tc2/target:/opt/rustwide/target:rw,Z" "-v" "/var/lib/crater-agent-workspace/builds/worker-4-tc2/source:/opt/rustwide/workdir:ro,Z" "-v" "/var/lib/crater-agent-workspace/cargo-home:/opt/rustwide/cargo-home:ro,Z" "-v" "/var/lib/crater-agent-workspace/rustup-home:/opt/rustwide/rustup-home:ro,Z" "-e" "SOURCE_DIR=/opt/rustwide/workdir" "-e" "CARGO_TARGET_DIR=/opt/rustwide/target" "-e" "CARGO_INCREMENTAL=0" "-e" "RUST_BACKTRACE=full" "-e" "RUSTFLAGS=--cap-lints=warn" "-e" "RUSTDOCFLAGS=--cap-lints=warn" "-e" "CARGO_HOME=/opt/rustwide/cargo-home" "-e" "RUSTUP_HOME=/opt/rustwide/rustup-home" "-w" "/opt/rustwide/workdir" "-m" "1610612736" "--user" "0:0" "--network" "none" "ghcr.io/rust-lang/crates-build-env/linux@sha256:2788e3201cd34a07e3172128adcd8b3090168a8e3bcc40d7c032b9dda1df7d1c" "/opt/rustwide/cargo-home/bin/cargo" "+beta-2023-12-22" "test" "--frozen" "--no-run" "--message-format=json", kill_on_drop: false }`
[INFO] [stdout] c159cf434d795d67a9c3014286f4829b104f10dda56a838d2dd8197c7b52fb96
[INFO] running `Command { std: "docker" "start" "-a" "c159cf434d795d67a9c3014286f4829b104f10dda56a838d2dd8197c7b52fb96", kill_on_drop: false }`
[INFO] [stderr]    Compiling tracing v0.1.37
[INFO] [stderr]    Compiling openssl-sys v0.9.90
[INFO] [stderr]    Compiling unicode-normalization v0.1.22
[INFO] [stderr]    Compiling serde_json v1.0.104
[INFO] [stderr]    Compiling unicode-bidi v0.3.13
[INFO] [stderr]    Compiling foreign-types-shared v0.1.1
[INFO] [stderr]    Compiling openssl v0.10.55
[INFO] [stderr]    Compiling serde_urlencoded v0.7.1
[INFO] [stderr]    Compiling foreign-types v0.3.2
[INFO] [stderr]    Compiling axum v0.6.19
[INFO] [stderr]    Compiling tokio-util v0.7.8
[INFO] [stderr]    Compiling openssl-macros v0.1.1
[INFO] [stderr]    Compiling native-tls v0.2.11
[INFO] [stderr]    Compiling serde_path_to_error v0.1.14
[INFO] [stderr]    Compiling matches v0.1.10
[INFO] [stderr]    Compiling openssl-probe v0.1.5
[INFO] [stderr]    Compiling idna v0.4.0
[INFO] [stderr]    Compiling idna v0.2.3
[INFO] [stderr]    Compiling h2 v0.3.20
[INFO] [stderr]    Compiling tower v0.4.13
[INFO] [stderr]    Compiling tracing-futures v0.2.5
[INFO] [stderr]    Compiling enum-as-inner v0.5.1
[INFO] [stderr]    Compiling linked-hash-map v0.5.6
[INFO] [stderr]    Compiling url v2.4.0
[INFO] [stderr]    Compiling data-encoding v2.4.0
[INFO] [stderr]    Compiling quick-error v1.2.3
[INFO] [stderr]    Compiling futures-io v0.3.28
[INFO] [stderr]    Compiling ipnet v2.8.0
[INFO] [stderr]    Compiling resolv-conf v0.7.0
[INFO] [stderr]    Compiling trust-dns-proto v0.22.0
[INFO] [stderr]    Compiling lru-cache v0.1.2
[INFO] [stderr]    Compiling tracing-subscriber v0.3.17
[INFO] [stderr]    Compiling encoding_rs v0.8.32
[INFO] [stderr]    Compiling fastcgi-client v0.9.0
[INFO] [stderr]    Compiling trust-dns-resolver v0.22.0
[INFO] [stderr]    Compiling hyper v0.14.27
[INFO] [stderr]    Compiling tokio-native-tls v0.3.1
[INFO] [stderr]    Compiling hyper-timeout v0.4.1
[INFO] [stderr]    Compiling hyper-tls v0.5.0
[INFO] [stderr]    Compiling reqwest v0.11.18
[INFO] [stderr]    Compiling tonic v0.8.3
[INFO] [stderr]    Compiling skywalking v0.8.0
[INFO] [stderr]    Compiling skywalking-php v0.8.0-dev (/opt/rustwide/workdir)
[INFO] [stderr]     Finished test [unoptimized + debuginfo] target(s) in 1m 13s
[INFO] running `Command { std: "docker" "inspect" "c159cf434d795d67a9c3014286f4829b104f10dda56a838d2dd8197c7b52fb96", kill_on_drop: false }`
[INFO] running `Command { std: "docker" "rm" "-f" "c159cf434d795d67a9c3014286f4829b104f10dda56a838d2dd8197c7b52fb96", kill_on_drop: false }`
[INFO] [stdout] c159cf434d795d67a9c3014286f4829b104f10dda56a838d2dd8197c7b52fb96
[INFO] running `Command { std: "docker" "create" "-v" "/var/lib/crater-agent-workspace/builds/worker-4-tc2/target:/opt/rustwide/target:rw,Z" "-v" "/var/lib/crater-agent-workspace/builds/worker-4-tc2/source:/opt/rustwide/workdir:ro,Z" "-v" "/var/lib/crater-agent-workspace/cargo-home:/opt/rustwide/cargo-home:ro,Z" "-v" "/var/lib/crater-agent-workspace/rustup-home:/opt/rustwide/rustup-home:ro,Z" "-e" "SOURCE_DIR=/opt/rustwide/workdir" "-e" "CARGO_TARGET_DIR=/opt/rustwide/target" "-e" "CARGO_INCREMENTAL=0" "-e" "RUST_BACKTRACE=full" "-e" "RUSTFLAGS=--cap-lints=warn" "-e" "RUSTDOCFLAGS=--cap-lints=warn" "-e" "CARGO_HOME=/opt/rustwide/cargo-home" "-e" "RUSTUP_HOME=/opt/rustwide/rustup-home" "-w" "/opt/rustwide/workdir" "-m" "1610612736" "--user" "0:0" "--network" "none" "ghcr.io/rust-lang/crates-build-env/linux@sha256:2788e3201cd34a07e3172128adcd8b3090168a8e3bcc40d7c032b9dda1df7d1c" "/opt/rustwide/cargo-home/bin/cargo" "+beta-2023-12-22" "test" "--frozen", kill_on_drop: false }`
[INFO] [stdout] 0a3521a5a69ef0ddb77b010844ca6f91d65818a0735188694beed692211b52a9
[INFO] running `Command { std: "docker" "start" "-a" "0a3521a5a69ef0ddb77b010844ca6f91d65818a0735188694beed692211b52a9", kill_on_drop: false }`
[INFO] [stderr]     Finished test [unoptimized + debuginfo] target(s) in 0.41s
[INFO] [stderr]      Running unittests src/lib.rs (/opt/rustwide/target/debug/deps/skywalking_agent-7e5e69cf0db44071)
[INFO] [stdout] 
[INFO] [stdout] running 0 tests
[INFO] [stdout] 
[INFO] [stdout] test result: ok. 0 passed; 0 failed; 0 ignored; 0 measured; 0 filtered out; finished in 0.00s
[INFO] [stdout] 
[INFO] [stderr]      Running tests/e2e.rs (/opt/rustwide/target/debug/deps/e2e-ec9ad0429c71bbd9)
[INFO] [stdout] 
[INFO] [stdout] running 1 test
[INFO] [stdout] [2m2024-01-05T20:41:25.418518Z[0m [32m INFO[0m [2me2e::common[0m[2m:[0m setup fixture [3mTARGET[0m[2m=[0m"debug" [3mEXT[0m[2m=[0m".so" [3mENABLE_ZEND_OBSERVER[0m[2m=[0m"Off"
[INFO] [stdout] [2m2024-01-05T20:41:25.418779Z[0m [32m INFO[0m [1msetup_php_fpm[0m[1m{[0m[3mindex[0m[2m=[0m1 [3mfpm_addr[0m[2m=[0m"127.0.0.1:9001"[1m}[0m[2m:[0m [2me2e::common[0m[2m:[0m start command [3mcmd[0m[2m=[0m"php-fpm -F -y tests/conf/php-fpm.1.conf -d extension=target/debug/libskywalking_agent.so -d skywalking_agent.enable=On -d skywalking_agent.service_name=skywalking-agent-test-1 -d skywalking_agent.server_addr=127.0.0.1:19876 -d skywalking_agent.log_level=DEBUG -d skywalking_agent.log_file=/tmp/fpm-skywalking-agent.1.log -d skywalking_agent.worker_threads=3 -d skywalking_agent.enable_zend_observer=Off"
[INFO] [stdout] [2m2024-01-05T20:41:25.418786Z[0m [32m INFO[0m [1msetup_http_proxy_server[0m[1m{[0m[3mhttp_addr[0m[2m=[0m"127.0.0.1:9011" [3mfpm_addr[0m[2m=[0m"127.0.0.1:9001"[1m}[0m[2m:[0m [2me2e::common[0m[2m:[0m start http proxy server [3mstate[0m[2m=[0mState { http_addr: 127.0.0.1:9011, fpm_addr: 127.0.0.1:9001 }
[INFO] [stdout] [2m2024-01-05T20:41:25.419130Z[0m [32m INFO[0m [1msetup_http_proxy_server[0m[1m{[0m[3mhttp_addr[0m[2m=[0m"127.0.0.1:9012" [3mfpm_addr[0m[2m=[0m"127.0.0.1:9002"[1m}[0m[2m:[0m [2me2e::common[0m[2m:[0m start http proxy server [3mstate[0m[2m=[0mState { http_addr: 127.0.0.1:9012, fpm_addr: 127.0.0.1:9002 }
[INFO] [stdout] test e2e ... FAILED
[INFO] [stdout] 
[INFO] [stdout] failures:
[INFO] [stdout] 
[INFO] [stdout] ---- e2e stdout ----
[INFO] [stdout] thread 'e2e' panicked at tests/common/mod.rs:320:10:
[INFO] [stdout] called `Result::unwrap()` on an `Err` value: Os { code: 2, kind: NotFound, message: "No such file or directory" }
[INFO] [stdout] stack backtrace:
[INFO] [stdout]    0:     0x555ffdcb2786 - std::backtrace_rs::backtrace::libunwind::trace::h261606ad26a499c1
[INFO] [stdout]                                at /rustc/0e09125c6c3c2fd70d7de961bcf0e51575235fad/library/std/src/../../backtrace/src/backtrace/libunwind.rs:104:5
[INFO] [stdout]    1:     0x555ffdcb2786 - std::backtrace_rs::backtrace::trace_unsynchronized::hd183f0625477fb28
[INFO] [stdout]                                at /rustc/0e09125c6c3c2fd70d7de961bcf0e51575235fad/library/std/src/../../backtrace/src/backtrace/mod.rs:66:5
[INFO] [stdout]    2:     0x555ffdcb2786 - std::sys_common::backtrace::_print_fmt::hd7f8fef21b4eda67
[INFO] [stdout]                                at /rustc/0e09125c6c3c2fd70d7de961bcf0e51575235fad/library/std/src/sys_common/backtrace.rs:68:5
[INFO] [stdout]    3:     0x555ffdcb2786 - <std::sys_common::backtrace::_print::DisplayBacktrace as core::fmt::Display>::fmt::h623d9b51f2f453f1
[INFO] [stdout]                                at /rustc/0e09125c6c3c2fd70d7de961bcf0e51575235fad/library/std/src/sys_common/backtrace.rs:44:22
[INFO] [stdout]    4:     0x555ffdce0410 - core::fmt::rt::Argument::fmt::h9f417ac76a86f368
[INFO] [stdout]                                at /rustc/0e09125c6c3c2fd70d7de961bcf0e51575235fad/library/core/src/fmt/rt.rs:142:9
[INFO] [stdout]    5:     0x555ffdce0410 - core::fmt::write::hc9b6faf4ac2aeff7
[INFO] [stdout]                                at /rustc/0e09125c6c3c2fd70d7de961bcf0e51575235fad/library/core/src/fmt/mod.rs:1120:17
[INFO] [stdout]    6:     0x555ffdcaf2df - std::io::Write::write_fmt::he04625a3a989fec3
[INFO] [stdout]                                at /rustc/0e09125c6c3c2fd70d7de961bcf0e51575235fad/library/std/src/io/mod.rs:1810:15
[INFO] [stdout]    7:     0x555ffdcb2564 - std::sys_common::backtrace::_print::hd5d66399c7df88a2
[INFO] [stdout]                                at /rustc/0e09125c6c3c2fd70d7de961bcf0e51575235fad/library/std/src/sys_common/backtrace.rs:47:5
[INFO] [stdout]    8:     0x555ffdcb2564 - std::sys_common::backtrace::print::he81ed2da642d37e5
[INFO] [stdout]                                at /rustc/0e09125c6c3c2fd70d7de961bcf0e51575235fad/library/std/src/sys_common/backtrace.rs:34:9
[INFO] [stdout]    9:     0x555ffdcb42d7 - std::panicking::default_hook::{{closure}}::h85773f4fa117163d
[INFO] [stdout]   10:     0x555ffdcb3fbd - std::panicking::default_hook::h6a1694a91d09b278
[INFO] [stdout]                                at /rustc/0e09125c6c3c2fd70d7de961bcf0e51575235fad/library/std/src/panicking.rs:289:9
[INFO] [stdout]   11:     0x555ffd36d717 - <alloc::boxed::Box<F,A> as core::ops::function::Fn<Args>>::call::h616ac37fa3cd6c8f
[INFO] [stdout]                                at /rustc/0e09125c6c3c2fd70d7de961bcf0e51575235fad/library/alloc/src/boxed.rs:2029:9
[INFO] [stdout]   12:     0x555ffd36d717 - test::test_main::{{closure}}::h00d84697cefdcbb6
[INFO] [stdout]                                at /rustc/0e09125c6c3c2fd70d7de961bcf0e51575235fad/library/test/src/lib.rs:138:21
[INFO] [stdout]   13:     0x555ffdcb48f6 - <alloc::boxed::Box<F,A> as core::ops::function::Fn<Args>>::call::hcb3fe3b9bb537ba8
[INFO] [stdout]                                at /rustc/0e09125c6c3c2fd70d7de961bcf0e51575235fad/library/alloc/src/boxed.rs:2029:9
[INFO] [stdout]   14:     0x555ffdcb48f6 - std::panicking::rust_panic_with_hook::h0a7ad96e90f7145b
[INFO] [stdout]                                at /rustc/0e09125c6c3c2fd70d7de961bcf0e51575235fad/library/std/src/panicking.rs:783:13
[INFO] [stdout]   15:     0x555ffdcb4642 - std::panicking::begin_panic_handler::{{closure}}::h7919090525c6485e
[INFO] [stdout]                                at /rustc/0e09125c6c3c2fd70d7de961bcf0e51575235fad/library/std/src/panicking.rs:657:13
[INFO] [stdout]   16:     0x555ffdcb2c86 - std::sys_common::backtrace::__rust_end_short_backtrace::hf3289479464f7dfe
[INFO] [stdout]                                at /rustc/0e09125c6c3c2fd70d7de961bcf0e51575235fad/library/std/src/sys_common/backtrace.rs:171:18
[INFO] [stdout]   17:     0x555ffdcb43a0 - rust_begin_unwind
[INFO] [stdout]                                at /rustc/0e09125c6c3c2fd70d7de961bcf0e51575235fad/library/std/src/panicking.rs:645:5
[INFO] [stdout]   18:     0x555ffd1da675 - core::panicking::panic_fmt::hcc9f77c5c132af55
[INFO] [stdout]                                at /rustc/0e09125c6c3c2fd70d7de961bcf0e51575235fad/library/core/src/panicking.rs:72:14
[INFO] [stdout]   19:     0x555ffd1dacb3 - core::result::unwrap_failed::hbe14f498be1452f9
[INFO] [stdout]                                at /rustc/0e09125c6c3c2fd70d7de961bcf0e51575235fad/library/core/src/result.rs:1649:5
[INFO] [stdout]   20:     0x555ffd2da71d - core::result::Result<T,E>::unwrap::h09626716cb7e37d4
[INFO] [stdout]                                at /rustc/0e09125c6c3c2fd70d7de961bcf0e51575235fad/library/core/src/result.rs:1073:23
[INFO] [stdout]   21:     0x555ffd291961 - e2e::common::setup_php_fpm::h26498d532f4a42b3
[INFO] [stdout]                                at /opt/rustwide/workdir/tests/common/mod.rs:314:17
[INFO] [stdout]   22:     0x555ffd284a87 - e2e::common::setup::{{closure}}::h956e2331e09c544a
[INFO] [stdout]                                at /opt/rustwide/workdir/tests/common/mod.rs:104:26
[INFO] [stdout]   23:     0x555ffd27015a - e2e::e2e::{{closure}}::hda621bf091003297
[INFO] [stdout]                                at /opt/rustwide/workdir/tests/e2e.rs:38:35
[INFO] [stdout]   24:     0x555ffd281e38 - <core::pin::Pin<P> as core::future::future::Future>::poll::hbb60a84042dcb4ea
[INFO] [stdout]                                at /rustc/0e09125c6c3c2fd70d7de961bcf0e51575235fad/library/core/src/future/future.rs:124:9
[INFO] [stdout]   25:     0x555ffd239da4 - tokio::runtime::park::CachedParkThread::block_on::{{closure}}::hbc6f97e294c11e34
[INFO] [stdout]                                at /opt/rustwide/cargo-home/registry/src/index.crates.io-6f17d22bba15001f/tokio-1.29.1/src/runtime/park.rs:283:63
[INFO] [stdout]   26:     0x555ffd239750 - tokio::runtime::coop::with_budget::h940fed03466a191d
[INFO] [stdout]                                at /opt/rustwide/cargo-home/registry/src/index.crates.io-6f17d22bba15001f/tokio-1.29.1/src/runtime/coop.rs:107:5
[INFO] [stdout]   27:     0x555ffd239750 - tokio::runtime::coop::budget::h0192d7cf279905bf
[INFO] [stdout]                                at /opt/rustwide/cargo-home/registry/src/index.crates.io-6f17d22bba15001f/tokio-1.29.1/src/runtime/coop.rs:73:5
[INFO] [stdout]   28:     0x555ffd239750 - tokio::runtime::park::CachedParkThread::block_on::h67e7821c1c29a5c0
[INFO] [stdout]                                at /opt/rustwide/cargo-home/registry/src/index.crates.io-6f17d22bba15001f/tokio-1.29.1/src/runtime/park.rs:283:31
[INFO] [stdout]   29:     0x555ffd2c64e4 - tokio::runtime::context::blocking::BlockingRegionGuard::block_on::hb2aca6d641b9ba3e
[INFO] [stdout]                                at /opt/rustwide/cargo-home/registry/src/index.crates.io-6f17d22bba15001f/tokio-1.29.1/src/runtime/context/blocking.rs:66:9
[INFO] [stdout]   30:     0x555ffd1f9f38 - tokio::runtime::scheduler::multi_thread::MultiThread::block_on::{{closure}}::h9e7badda3220bf2e
[INFO] [stdout]                                at /opt/rustwide/cargo-home/registry/src/index.crates.io-6f17d22bba15001f/tokio-1.29.1/src/runtime/scheduler/multi_thread/mod.rs:87:13
[INFO] [stdout]   31:     0x555ffd2eb524 - tokio::runtime::context::runtime::enter_runtime::h8fb59bd4868e67d8
[INFO] [stdout]                                at /opt/rustwide/cargo-home/registry/src/index.crates.io-6f17d22bba15001f/tokio-1.29.1/src/runtime/context/runtime.rs:65:16
[INFO] [stdout]   32:     0x555ffd1f9f08 - tokio::runtime::scheduler::multi_thread::MultiThread::block_on::h4f68447920921d3e
[INFO] [stdout]                                at /opt/rustwide/cargo-home/registry/src/index.crates.io-6f17d22bba15001f/tokio-1.29.1/src/runtime/scheduler/multi_thread/mod.rs:86:9
[INFO] [stdout]   33:     0x555ffd23ab17 - tokio::runtime::runtime::Runtime::block_on::h520f5fcfd492cee4
[INFO] [stdout]                                at /opt/rustwide/cargo-home/registry/src/index.crates.io-6f17d22bba15001f/tokio-1.29.1/src/runtime/runtime.rs:313:45
[INFO] [stdout]   34:     0x555ffd26feac - e2e::e2e::h57dd9fb0645016d1
[INFO] [stdout]                                at /opt/rustwide/workdir/tests/e2e.rs:51:5
[INFO] [stdout]   35:     0x555ffd26fd07 - e2e::e2e::{{closure}}::h926d0adf16a391c1
[INFO] [stdout]                                at /opt/rustwide/workdir/tests/e2e.rs:37:15
[INFO] [stdout]   36:     0x555ffd2efc56 - core::ops::function::FnOnce::call_once::ha4b8c6ed8d8ae62b
[INFO] [stdout]                                at /rustc/0e09125c6c3c2fd70d7de961bcf0e51575235fad/library/core/src/ops/function.rs:250:5
[INFO] [stdout]   37:     0x555ffd372fef - core::ops::function::FnOnce::call_once::hd64d26f405258157
[INFO] [stdout]                                at /rustc/0e09125c6c3c2fd70d7de961bcf0e51575235fad/library/core/src/ops/function.rs:250:5
[INFO] [stdout]   38:     0x555ffd372fef - test::__rust_begin_short_backtrace::he21b0b7a6d731bf9
[INFO] [stdout]                                at /rustc/0e09125c6c3c2fd70d7de961bcf0e51575235fad/library/test/src/lib.rs:627:18
[INFO] [stdout]   39:     0x555ffd371d71 - test::run_test_in_process::{{closure}}::hf5c73986d7bdfde2
[INFO] [stdout]                                at /rustc/0e09125c6c3c2fd70d7de961bcf0e51575235fad/library/test/src/lib.rs:650:60
[INFO] [stdout]   40:     0x555ffd371d71 - <core::panic::unwind_safe::AssertUnwindSafe<F> as core::ops::function::FnOnce<()>>::call_once::h330011ad032aadc0
[INFO] [stdout]                                at /rustc/0e09125c6c3c2fd70d7de961bcf0e51575235fad/library/core/src/panic/unwind_safe.rs:272:9
[INFO] [stdout]   41:     0x555ffd371d71 - std::panicking::try::do_call::he61b0a958b795a41
[INFO] [stdout]                                at /rustc/0e09125c6c3c2fd70d7de961bcf0e51575235fad/library/std/src/panicking.rs:552:40
[INFO] [stdout]   42:     0x555ffd371d71 - std::panicking::try::h7309da130f906eb7
[INFO] [stdout]                                at /rustc/0e09125c6c3c2fd70d7de961bcf0e51575235fad/library/std/src/panicking.rs:516:19
[INFO] [stdout]   43:     0x555ffd371d71 - std::panic::catch_unwind::hc5c3a06fdaf0a92a
[INFO] [stdout]                                at /rustc/0e09125c6c3c2fd70d7de961bcf0e51575235fad/library/std/src/panic.rs:142:14
[INFO] [stdout]   44:     0x555ffd371d71 - test::run_test_in_process::h7e7b7c71c3324e0f
[INFO] [stdout]                                at /rustc/0e09125c6c3c2fd70d7de961bcf0e51575235fad/library/test/src/lib.rs:650:27
[INFO] [stdout]   45:     0x555ffd371d71 - test::run_test::{{closure}}::h1f509f28f5cf20b1
[INFO] [stdout]                                at /rustc/0e09125c6c3c2fd70d7de961bcf0e51575235fad/library/test/src/lib.rs:573:43
[INFO] [stdout]   46:     0x555ffd3390a6 - test::run_test::{{closure}}::h1754218abf443f6d
[INFO] [stdout]                                at /rustc/0e09125c6c3c2fd70d7de961bcf0e51575235fad/library/test/src/lib.rs:601:41
[INFO] [stdout]   47:     0x555ffd3390a6 - std::sys_common::backtrace::__rust_begin_short_backtrace::h2ee174b9d5954948
[INFO] [stdout]                                at /rustc/0e09125c6c3c2fd70d7de961bcf0e51575235fad/library/std/src/sys_common/backtrace.rs:155:18
[INFO] [stdout]   48:     0x555ffd33e107 - std::thread::Builder::spawn_unchecked_::{{closure}}::{{closure}}::hf60bee9c1a17ef09
[INFO] [stdout]                                at /rustc/0e09125c6c3c2fd70d7de961bcf0e51575235fad/library/std/src/thread/mod.rs:529:17
[INFO] [stdout]   49:     0x555ffd33e107 - <core::panic::unwind_safe::AssertUnwindSafe<F> as core::ops::function::FnOnce<()>>::call_once::h33d0dddec5216160
[INFO] [stdout]                                at /rustc/0e09125c6c3c2fd70d7de961bcf0e51575235fad/library/core/src/panic/unwind_safe.rs:272:9
[INFO] [stdout]   50:     0x555ffd33e107 - std::panicking::try::do_call::h144b3048b546f835
[INFO] [stdout]                                at /rustc/0e09125c6c3c2fd70d7de961bcf0e51575235fad/library/std/src/panicking.rs:552:40
[INFO] [stdout]   51:     0x555ffd33e107 - std::panicking::try::h978244d04646189f
[INFO] [stdout]                                at /rustc/0e09125c6c3c2fd70d7de961bcf0e51575235fad/library/std/src/panicking.rs:516:19
[INFO] [stdout]   52:     0x555ffd33e107 - std::panic::catch_unwind::hdf436369d188fe86
[INFO] [stdout]                                at /rustc/0e09125c6c3c2fd70d7de961bcf0e51575235fad/library/std/src/panic.rs:142:14
[INFO] [stdout]   53:     0x555ffd33e107 - std::thread::Builder::spawn_unchecked_::{{closure}}::h87329cbdd33c79ec
[INFO] [stdout]                                at /rustc/0e09125c6c3c2fd70d7de961bcf0e51575235fad/library/std/src/thread/mod.rs:528:30
[INFO] [stdout]   54:     0x555ffd33e107 - core::ops::function::FnOnce::call_once{{vtable.shim}}::h401abbe67897d450
[INFO] [stdout]                                at /rustc/0e09125c6c3c2fd70d7de961bcf0e51575235fad/library/core/src/ops/function.rs:250:5
[INFO] [stdout]   55:     0x555ffdcb9a55 - <alloc::boxed::Box<F,A> as core::ops::function::FnOnce<Args>>::call_once::h5d7c8f150ab9c84c
[INFO] [stdout]                                at /rustc/0e09125c6c3c2fd70d7de961bcf0e51575235fad/library/alloc/src/boxed.rs:2015:9
[INFO] [stdout]   56:     0x555ffdcb9a55 - <alloc::boxed::Box<F,A> as core::ops::function::FnOnce<Args>>::call_once::h570d5b005c242c15
[INFO] [stdout]                                at /rustc/0e09125c6c3c2fd70d7de961bcf0e51575235fad/library/alloc/src/boxed.rs:2015:9
[INFO] [stdout]   57:     0x555ffdcb9a55 - std::sys::unix::thread::Thread::new::thread_start::h36b0a20c0b2361ad
[INFO] [stdout]                                at /rustc/0e09125c6c3c2fd70d7de961bcf0e51575235fad/library/std/src/sys/unix/thread.rs:108:17
[INFO] [stdout]   58:     0x7f9d4fcc6ac3 - <unknown>
[INFO] [stdout]   59:     0x7f9d4fd57bf4 - __clone
[INFO] [stdout]   60:                0x0 - <unknown>
[INFO] [stdout] 
[INFO] [stdout] 
[INFO] [stdout] failures:
[INFO] [stdout]     e2e
[INFO] [stdout] 
[INFO] [stdout] test result: FAILED. 0 passed; 1 failed; 0 ignored; 0 measured; 0 filtered out; finished in 0.11s
[INFO] [stdout] 
[INFO] [stderr] error: test failed, to rerun pass `--test e2e`
[INFO] running `Command { std: "docker" "inspect" "0a3521a5a69ef0ddb77b010844ca6f91d65818a0735188694beed692211b52a9", kill_on_drop: false }`
[INFO] running `Command { std: "docker" "rm" "-f" "0a3521a5a69ef0ddb77b010844ca6f91d65818a0735188694beed692211b52a9", kill_on_drop: false }`
[INFO] [stdout] 0a3521a5a69ef0ddb77b010844ca6f91d65818a0735188694beed692211b52a9
