[INFO] cloning repository https://github.com/anylots/mpt-tiny
[INFO] running `Command { std: "git" "-c" "credential.helper=" "-c" "credential.helper=/workspace/cargo-home/bin/git-credential-null" "clone" "--bare" "https://github.com/anylots/mpt-tiny" "/workspace/cache/git-repos/https%3A%2F%2Fgithub.com%2Fanylots%2Fmpt-tiny", kill_on_drop: false }`
[INFO] [stderr] Cloning into bare repository '/workspace/cache/git-repos/https%3A%2F%2Fgithub.com%2Fanylots%2Fmpt-tiny'...
[INFO] running `Command { std: "git" "rev-parse" "HEAD", kill_on_drop: false }`
[INFO] [stdout] eb1108339aa13d4dcd6cf1b135c534b6b763aec5
[INFO] testing anylots/mpt-tiny against 1.75.0 for beta-1.76-1
[INFO] running `Command { std: "git" "clone" "/workspace/cache/git-repos/https%3A%2F%2Fgithub.com%2Fanylots%2Fmpt-tiny" "/workspace/builds/worker-7-tc1/source", kill_on_drop: false }`
[INFO] [stderr] Cloning into '/workspace/builds/worker-7-tc1/source'...
[INFO] [stderr] done.
[INFO] validating manifest of git repo https://github.com/anylots/mpt-tiny on toolchain 1.75.0
[INFO] running `Command { std: CARGO_HOME="/workspace/cargo-home" RUSTUP_HOME="/workspace/rustup-home" "/workspace/cargo-home/bin/cargo" "+1.75.0" "metadata" "--manifest-path" "Cargo.toml" "--no-deps", kill_on_drop: false }`
[INFO] started tweaking git repo https://github.com/anylots/mpt-tiny
[INFO] finished tweaking git repo https://github.com/anylots/mpt-tiny
[INFO] tweaked toml for git repo https://github.com/anylots/mpt-tiny written to /workspace/builds/worker-7-tc1/source/Cargo.toml
[INFO] crate git repo https://github.com/anylots/mpt-tiny already has a lockfile, it will not be regenerated
[INFO] running `Command { std: CARGO_HOME="/workspace/cargo-home" RUSTUP_HOME="/workspace/rustup-home" "/workspace/cargo-home/bin/cargo" "+1.75.0" "fetch" "--manifest-path" "Cargo.toml", kill_on_drop: false }`
[INFO] [stderr]     Updating git repository `https://github.com/M4tsuri/serlp`
[INFO] [stderr]  Downloading crates ...
[INFO] [stderr]   Downloaded paste v1.0.10
[INFO] running `Command { std: "docker" "create" "-v" "/var/lib/crater-agent-workspace/builds/worker-7-tc1/target:/opt/rustwide/target:rw,Z" "-v" "/var/lib/crater-agent-workspace/builds/worker-7-tc1/source:/opt/rustwide/workdir:ro,Z" "-v" "/var/lib/crater-agent-workspace/cargo-home:/opt/rustwide/cargo-home:ro,Z" "-v" "/var/lib/crater-agent-workspace/rustup-home:/opt/rustwide/rustup-home:ro,Z" "-e" "SOURCE_DIR=/opt/rustwide/workdir" "-e" "CARGO_TARGET_DIR=/opt/rustwide/target" "-e" "CARGO_HOME=/opt/rustwide/cargo-home" "-e" "RUSTUP_HOME=/opt/rustwide/rustup-home" "-w" "/opt/rustwide/workdir" "-m" "1610612736" "--user" "0:0" "--network" "none" "ghcr.io/rust-lang/crates-build-env/linux@sha256:2788e3201cd34a07e3172128adcd8b3090168a8e3bcc40d7c032b9dda1df7d1c" "/opt/rustwide/cargo-home/bin/cargo" "+1.75.0" "metadata" "--no-deps" "--format-version=1", kill_on_drop: false }`
[INFO] [stdout] 840607c6877a9ff1e04a7a6c7ede139cc21980d89002d3421068a6fdafe2a56c
[INFO] running `Command { std: "docker" "start" "-a" "840607c6877a9ff1e04a7a6c7ede139cc21980d89002d3421068a6fdafe2a56c", kill_on_drop: false }`
[INFO] running `Command { std: "docker" "inspect" "840607c6877a9ff1e04a7a6c7ede139cc21980d89002d3421068a6fdafe2a56c", kill_on_drop: false }`
[INFO] running `Command { std: "docker" "rm" "-f" "840607c6877a9ff1e04a7a6c7ede139cc21980d89002d3421068a6fdafe2a56c", kill_on_drop: false }`
[INFO] [stdout] 840607c6877a9ff1e04a7a6c7ede139cc21980d89002d3421068a6fdafe2a56c
[INFO] running `Command { std: "docker" "create" "-v" "/var/lib/crater-agent-workspace/builds/worker-7-tc1/target:/opt/rustwide/target:rw,Z" "-v" "/var/lib/crater-agent-workspace/builds/worker-7-tc1/source:/opt/rustwide/workdir:ro,Z" "-v" "/var/lib/crater-agent-workspace/cargo-home:/opt/rustwide/cargo-home:ro,Z" "-v" "/var/lib/crater-agent-workspace/rustup-home:/opt/rustwide/rustup-home:ro,Z" "-e" "SOURCE_DIR=/opt/rustwide/workdir" "-e" "CARGO_TARGET_DIR=/opt/rustwide/target" "-e" "CARGO_INCREMENTAL=0" "-e" "RUST_BACKTRACE=full" "-e" "RUSTFLAGS=--cap-lints=warn" "-e" "RUSTDOCFLAGS=--cap-lints=warn" "-e" "CARGO_HOME=/opt/rustwide/cargo-home" "-e" "RUSTUP_HOME=/opt/rustwide/rustup-home" "-w" "/opt/rustwide/workdir" "-m" "1610612736" "--user" "0:0" "--network" "none" "ghcr.io/rust-lang/crates-build-env/linux@sha256:2788e3201cd34a07e3172128adcd8b3090168a8e3bcc40d7c032b9dda1df7d1c" "/opt/rustwide/cargo-home/bin/cargo" "+1.75.0" "build" "--frozen" "--message-format=json", kill_on_drop: false }`
[INFO] [stdout] b3cf0f3d38ec549c3f0b8bce6057383e9ed50809f831302169439540f266c1d6
[INFO] running `Command { std: "docker" "start" "-a" "b3cf0f3d38ec549c3f0b8bce6057383e9ed50809f831302169439540f266c1d6", kill_on_drop: false }`
[INFO] [stderr]    Compiling proc-macro2 v1.0.47
[INFO] [stderr]    Compiling typenum v1.16.0
[INFO] [stderr]    Compiling version_check v0.9.4
[INFO] [stderr]    Compiling unicode-ident v1.0.5
[INFO] [stderr]    Compiling syn v1.0.105
[INFO] [stderr]    Compiling num-traits v0.2.15
[INFO] [stderr]    Compiling serde_derive v1.0.150
[INFO] [stderr]    Compiling num-integer v0.1.45
[INFO] [stderr]    Compiling serde v1.0.150
[INFO] [stderr]    Compiling num-bigint v0.4.3
[INFO] [stderr]    Compiling paste v1.0.10
[INFO] [stderr]    Compiling keccak v0.1.3
[INFO] [stderr]    Compiling hex v0.4.3
[INFO] [stderr]    Compiling generic-array v0.14.6
[INFO] [stderr]    Compiling quote v1.0.21
[INFO] [stderr]    Compiling block-buffer v0.10.3
[INFO] [stderr]    Compiling crypto-common v0.1.6
[INFO] [stderr]    Compiling digest v0.10.6
[INFO] [stderr]    Compiling sha3 v0.10.6
[INFO] [stderr]    Compiling serde_bytes v0.11.7
[INFO] [stderr]    Compiling serlp v0.3.1 (https://github.com/M4tsuri/serlp#76625f78)
[INFO] [stderr]    Compiling mpt_tiny v0.1.0 (/opt/rustwide/workdir)
[INFO] [stdout] warning: unused imports: `RlpNodeValue`, `de::RlpProxy`, `from_bytes`, `to_bytes`
[INFO] [stdout]  --> src/node.rs:4:5
[INFO] [stdout]   |
[INFO] [stdout] 4 |     de::RlpProxy,
[INFO] [stdout]   |     ^^^^^^^^^^^^
[INFO] [stdout] 5 |     rlp::{from_bytes, to_bytes, RlpNodeValue},
[INFO] [stdout]   |           ^^^^^^^^^^  ^^^^^^^^  ^^^^^^^^^^^^
[INFO] [stdout]   |
[INFO] [stdout]   = note: `#[warn(unused_imports)]` on by default
[INFO] [stdout] 
[INFO] [stdout] 
[INFO] [stdout] warning: fields `root` and `root_hash` are never read
[INFO] [stdout]  --> src/mpt.rs:5:5
[INFO] [stdout]   |
[INFO] [stdout] 4 | pub struct Tree {
[INFO] [stdout]   |            ---- fields in this struct
[INFO] [stdout] 5 |     root: Option<MptNode>,
[INFO] [stdout]   |     ^^^^
[INFO] [stdout] 6 |     root_hash: Option<util::KecHash>,
[INFO] [stdout]   |     ^^^^^^^^^
[INFO] [stdout]   |
[INFO] [stdout]   = note: `#[warn(dead_code)]` on by default
[INFO] [stdout] 
[INFO] [stdout] 
[INFO] [stdout] warning: 2 warnings emitted
[INFO] [stdout] 
[INFO] [stdout] 
[INFO] [stderr]     Finished dev [unoptimized + debuginfo] target(s) in 6.59s
[INFO] running `Command { std: "docker" "inspect" "b3cf0f3d38ec549c3f0b8bce6057383e9ed50809f831302169439540f266c1d6", kill_on_drop: false }`
[INFO] running `Command { std: "docker" "rm" "-f" "b3cf0f3d38ec549c3f0b8bce6057383e9ed50809f831302169439540f266c1d6", kill_on_drop: false }`
[INFO] [stdout] b3cf0f3d38ec549c3f0b8bce6057383e9ed50809f831302169439540f266c1d6
[INFO] running `Command { std: "docker" "create" "-v" "/var/lib/crater-agent-workspace/builds/worker-7-tc1/target:/opt/rustwide/target:rw,Z" "-v" "/var/lib/crater-agent-workspace/builds/worker-7-tc1/source:/opt/rustwide/workdir:ro,Z" "-v" "/var/lib/crater-agent-workspace/cargo-home:/opt/rustwide/cargo-home:ro,Z" "-v" "/var/lib/crater-agent-workspace/rustup-home:/opt/rustwide/rustup-home:ro,Z" "-e" "SOURCE_DIR=/opt/rustwide/workdir" "-e" "CARGO_TARGET_DIR=/opt/rustwide/target" "-e" "CARGO_INCREMENTAL=0" "-e" "RUST_BACKTRACE=full" "-e" "RUSTFLAGS=--cap-lints=warn" "-e" "RUSTDOCFLAGS=--cap-lints=warn" "-e" "CARGO_HOME=/opt/rustwide/cargo-home" "-e" "RUSTUP_HOME=/opt/rustwide/rustup-home" "-w" "/opt/rustwide/workdir" "-m" "1610612736" "--user" "0:0" "--network" "none" "ghcr.io/rust-lang/crates-build-env/linux@sha256:2788e3201cd34a07e3172128adcd8b3090168a8e3bcc40d7c032b9dda1df7d1c" "/opt/rustwide/cargo-home/bin/cargo" "+1.75.0" "test" "--frozen" "--no-run" "--message-format=json", kill_on_drop: false }`
[INFO] [stdout] 6189b75f8725fa6b4d7ff308647ba05debe15af6e24313b840b7180cdce6ff81
[INFO] running `Command { std: "docker" "start" "-a" "6189b75f8725fa6b4d7ff308647ba05debe15af6e24313b840b7180cdce6ff81", kill_on_drop: false }`
[INFO] [stdout] warning: unused imports: `RlpNodeValue`, `de::RlpProxy`, `from_bytes`, `to_bytes`
[INFO] [stdout]  --> src/node.rs:4:5
[INFO] [stdout]   |
[INFO] [stdout] 4 |     de::RlpProxy,
[INFO] [stdout]   |     ^^^^^^^^^^^^
[INFO] [stdout] 5 |     rlp::{from_bytes, to_bytes, RlpNodeValue},
[INFO] [stdout]   |           ^^^^^^^^^^  ^^^^^^^^  ^^^^^^^^^^^^
[INFO] [stdout]   |
[INFO] [stdout]   = note: `#[warn(unused_imports)]` on by default
[INFO] [stdout] 
[INFO] [stdout] 
[INFO] [stderr]    Compiling mpt_tiny v0.1.0 (/opt/rustwide/workdir)
[INFO] [stdout] warning: fields `root` and `root_hash` are never read
[INFO] [stdout]  --> src/mpt.rs:5:5
[INFO] [stdout]   |
[INFO] [stdout] 4 | pub struct Tree {
[INFO] [stdout]   |            ---- fields in this struct
[INFO] [stdout] 5 |     root: Option<MptNode>,
[INFO] [stdout]   |     ^^^^
[INFO] [stdout] 6 |     root_hash: Option<util::KecHash>,
[INFO] [stdout]   |     ^^^^^^^^^
[INFO] [stdout]   |
[INFO] [stdout]   = note: `#[warn(dead_code)]` on by default
[INFO] [stdout] 
[INFO] [stdout] 
[INFO] [stdout] warning: 2 warnings emitted
[INFO] [stdout] 
[INFO] [stdout] 
[INFO] [stdout] warning: unused import: `mpt_tiny::util`
[INFO] [stdout]  --> tests/load_parse.rs:3:5
[INFO] [stdout]   |
[INFO] [stdout] 3 | use mpt_tiny::util;
[INFO] [stdout]   |     ^^^^^^^^^^^^^^
[INFO] [stdout]   |
[INFO] [stdout]   = note: `#[warn(unused_imports)]` on by default
[INFO] [stdout] 
[INFO] [stdout] 
[INFO] [stdout] warning: unused imports: `RlpNodeValue`, `de::RlpProxy`, `from_bytes`, `to_bytes`
[INFO] [stdout]  --> src/node.rs:4:5
[INFO] [stdout]   |
[INFO] [stdout] 4 |     de::RlpProxy,
[INFO] [stdout]   |     ^^^^^^^^^^^^
[INFO] [stdout] 5 |     rlp::{from_bytes, to_bytes, RlpNodeValue},
[INFO] [stdout]   |           ^^^^^^^^^^  ^^^^^^^^  ^^^^^^^^^^^^
[INFO] [stdout]   |
[INFO] [stdout]   = note: `#[warn(unused_imports)]` on by default
[INFO] [stdout] 
[INFO] [stdout] 
[INFO] [stdout] warning: unused variable: `expected`
[INFO] [stdout]   --> tests/load_parse.rs:33:9
[INFO] [stdout]    |
[INFO] [stdout] 33 |     let expected = hex::decode("f842a00101010101010101010101010101010101010101010101010101010101010101a0010101010101010101010101010101010...
[INFO] [stdout]    |         ^^^^^^^^ help: if this is intentional, prefix it with an underscore: `_expected`
[INFO] [stdout]    |
[INFO] [stdout]    = note: `#[warn(unused_variables)]` on by default
[INFO] [stdout] 
[INFO] [stdout] 
[INFO] [stdout] warning: unused variable: `mpt`
[INFO] [stdout]   --> tests/load_parse.rs:43:9
[INFO] [stdout]    |
[INFO] [stdout] 43 |     let mpt = MptNode::from(&result.1);
[INFO] [stdout]    |         ^^^ help: if this is intentional, prefix it with an underscore: `_mpt`
[INFO] [stdout] 
[INFO] [stdout] 
[INFO] [stdout] warning: variable does not need to be mutable
[INFO] [stdout]   --> tests/load_parse.rs:35:9
[INFO] [stdout]    |
[INFO] [stdout] 35 |     let mut kec_hash = [1;32];
[INFO] [stdout]    |         ----^^^^^^^^
[INFO] [stdout]    |         |
[INFO] [stdout]    |         help: remove this `mut`
[INFO] [stdout]    |
[INFO] [stdout]    = note: `#[warn(unused_mut)]` on by default
[INFO] [stdout] 
[INFO] [stdout] 
[INFO] [stdout] warning: fields `root` and `root_hash` are never read
[INFO] [stdout]  --> src/mpt.rs:5:5
[INFO] [stdout]   |
[INFO] [stdout] 4 | pub struct Tree {
[INFO] [stdout]   |            ---- fields in this struct
[INFO] [stdout] 5 |     root: Option<MptNode>,
[INFO] [stdout]   |     ^^^^
[INFO] [stdout] 6 |     root_hash: Option<util::KecHash>,
[INFO] [stdout]   |     ^^^^^^^^^
[INFO] [stdout]   |
[INFO] [stdout]   = note: `#[warn(dead_code)]` on by default
[INFO] [stdout] 
[INFO] [stdout] 
[INFO] [stdout] warning: 2 warnings emitted
[INFO] [stdout] 
[INFO] [stdout] 
[INFO] [stdout] warning: 4 warnings emitted
[INFO] [stdout] 
[INFO] [stdout] 
[INFO] [stderr]     Finished test [unoptimized + debuginfo] target(s) in 0.36s
[INFO] running `Command { std: "docker" "inspect" "6189b75f8725fa6b4d7ff308647ba05debe15af6e24313b840b7180cdce6ff81", kill_on_drop: false }`
[INFO] running `Command { std: "docker" "rm" "-f" "6189b75f8725fa6b4d7ff308647ba05debe15af6e24313b840b7180cdce6ff81", kill_on_drop: false }`
[INFO] [stdout] 6189b75f8725fa6b4d7ff308647ba05debe15af6e24313b840b7180cdce6ff81
[INFO] running `Command { std: "docker" "create" "-v" "/var/lib/crater-agent-workspace/builds/worker-7-tc1/target:/opt/rustwide/target:rw,Z" "-v" "/var/lib/crater-agent-workspace/builds/worker-7-tc1/source:/opt/rustwide/workdir:ro,Z" "-v" "/var/lib/crater-agent-workspace/cargo-home:/opt/rustwide/cargo-home:ro,Z" "-v" "/var/lib/crater-agent-workspace/rustup-home:/opt/rustwide/rustup-home:ro,Z" "-e" "SOURCE_DIR=/opt/rustwide/workdir" "-e" "CARGO_TARGET_DIR=/opt/rustwide/target" "-e" "CARGO_INCREMENTAL=0" "-e" "RUST_BACKTRACE=full" "-e" "RUSTFLAGS=--cap-lints=warn" "-e" "RUSTDOCFLAGS=--cap-lints=warn" "-e" "CARGO_HOME=/opt/rustwide/cargo-home" "-e" "RUSTUP_HOME=/opt/rustwide/rustup-home" "-w" "/opt/rustwide/workdir" "-m" "1610612736" "--user" "0:0" "--network" "none" "ghcr.io/rust-lang/crates-build-env/linux@sha256:2788e3201cd34a07e3172128adcd8b3090168a8e3bcc40d7c032b9dda1df7d1c" "/opt/rustwide/cargo-home/bin/cargo" "+1.75.0" "test" "--frozen", kill_on_drop: false }`
[INFO] [stdout] 4dca2831dc5e493a71a7c711991ce05931c22162a1400d309c8b50d5b4de71b8
[INFO] running `Command { std: "docker" "start" "-a" "4dca2831dc5e493a71a7c711991ce05931c22162a1400d309c8b50d5b4de71b8", kill_on_drop: false }`
[INFO] [stderr] warning: unused imports: `RlpNodeValue`, `de::RlpProxy`, `from_bytes`, `to_bytes`
[INFO] [stderr]  --> src/node.rs:4:5
[INFO] [stderr]   |
[INFO] [stderr] 4 |     de::RlpProxy,
[INFO] [stderr]   |     ^^^^^^^^^^^^
[INFO] [stderr] 5 |     rlp::{from_bytes, to_bytes, RlpNodeValue},
[INFO] [stderr]   |           ^^^^^^^^^^  ^^^^^^^^  ^^^^^^^^^^^^
[INFO] [stderr]   |
[INFO] [stderr]   = note: `#[warn(unused_imports)]` on by default
[INFO] [stderr] 
[INFO] [stderr] warning: fields `root` and `root_hash` are never read
[INFO] [stderr]  --> src/mpt.rs:5:5
[INFO] [stderr]   |
[INFO] [stderr] 4 | pub struct Tree {
[INFO] [stderr]   |            ---- fields in this struct
[INFO] [stderr] 5 |     root: Option<MptNode>,
[INFO] [stderr]   |     ^^^^
[INFO] [stderr] 6 |     root_hash: Option<util::KecHash>,
[INFO] [stderr]   |     ^^^^^^^^^
[INFO] [stderr]   |
[INFO] [stderr]   = note: `#[warn(dead_code)]` on by default
[INFO] [stderr] 
[INFO] [stderr] warning: `mpt_tiny` (lib) generated 2 warnings (run `cargo fix --lib -p mpt_tiny` to apply 1 suggestion)
[INFO] [stderr] warning: `mpt_tiny` (lib test) generated 2 warnings (2 duplicates)
[INFO] [stderr] warning: unused import: `mpt_tiny::util`
[INFO] [stderr]  --> tests/load_parse.rs:3:5
[INFO] [stderr]   |
[INFO] [stderr] 3 | use mpt_tiny::util;
[INFO] [stderr]   |     ^^^^^^^^^^^^^^
[INFO] [stderr]   |
[INFO] [stderr]   = note: `#[warn(unused_imports)]` on by default
[INFO] [stderr] 
[INFO] [stderr] warning: unused variable: `expected`
[INFO] [stderr]   --> tests/load_parse.rs:33:9
[INFO] [stderr]    |
[INFO] [stderr] 33 |     let expected = hex::decode("f842a00101010101010101010101010101010101010101010101010101010101010101a0010101010101010101010101010101010...
[INFO] [stderr]    |         ^^^^^^^^ help: if this is intentional, prefix it with an underscore: `_expected`
[INFO] [stderr]    |
[INFO] [stderr]    = note: `#[warn(unused_variables)]` on by default
[INFO] [stderr] 
[INFO] [stderr] warning: unused variable: `mpt`
[INFO] [stderr]   --> tests/load_parse.rs:43:9
[INFO] [stderr]    |
[INFO] [stderr] 43 |     let mpt = MptNode::from(&result.1);
[INFO] [stderr]    |         ^^^ help: if this is intentional, prefix it with an underscore: `_mpt`
[INFO] [stderr] 
[INFO] [stderr] warning: variable does not need to be mutable
[INFO] [stderr]   --> tests/load_parse.rs:35:9
[INFO] [stderr]    |
[INFO] [stderr] 35 |     let mut kec_hash = [1;32];
[INFO] [stderr]    |         ----^^^^^^^^
[INFO] [stderr]    |         |
[INFO] [stderr]    |         help: remove this `mut`
[INFO] [stderr]    |
[INFO] [stderr]    = note: `#[warn(unused_mut)]` on by default
[INFO] [stderr] 
[INFO] [stderr] warning: `mpt_tiny` (test "load_parse") generated 4 warnings (run `cargo fix --test "load_parse"` to apply 4 suggestions)
[INFO] [stderr]     Finished test [unoptimized + debuginfo] target(s) in 0.02s
[INFO] [stderr]      Running unittests src/lib.rs (/opt/rustwide/target/debug/deps/mpt_tiny-f879710c10211961)
[INFO] [stdout] 
[INFO] [stdout] running 0 tests
[INFO] [stdout] 
[INFO] [stdout] test result: ok. 0 passed; 0 failed; 0 ignored; 0 measured; 0 filtered out; finished in 0.00s
[INFO] [stdout] 
[INFO] [stderr]      Running tests/load_parse.rs (/opt/rustwide/target/debug/deps/load_parse-ebf771dde5293866)
[INFO] [stdout] 
[INFO] [stdout] running 1 test
[INFO] [stdout] test test_load ... FAILED
[INFO] [stdout] 
[INFO] [stdout] failures:
[INFO] [stdout] 
[INFO] [stdout] ---- test_load stdout ----
[INFO] [stdout] ([252, 169, 107, 147, 233, 179, 125, 5, 51, 8, 105, 37, 95, 4, 244, 125, 80, 245, 7, 200, 131, 159, 90, 3, 8, 205, 211, 19, 236, 16, 15, 176], [248, 66, 160, 1, 1, 1, 1, 1, 1, 1, 1, 1, 1, 1, 1, 1, 1, 1, 1, 1, 1, 1, 1, 1, 1, 1, 1, 1, 1, 1, 1, 1, 1, 1, 1, 160, 1, 1, 1, 1, 1, 1, 1, 1, 1, 1, 1, 1, 1, 1, 1, 1, 1, 1, 1, 1, 1, 1, 1, 1, 1, 1, 1, 1, 1, 1, 1, 1])
[INFO] [stdout] "f842a00101010101010101010101010101010101010101010101010101010101010101a00101010101010101010101010101010101010101010101010101010101010101"
[INFO] [stdout] thread 'test_load' panicked at /opt/rustwide/cargo-home/git/checkouts/serlp-c10ad38c0b06afae/76625f7/src/de.rs:384:9:
[INFO] [stdout] not implemented
[INFO] [stdout] stack backtrace:
[INFO] [stdout]    0:     0x5612d504a4ec - std::backtrace_rs::backtrace::libunwind::trace::ha637c64ce894333a
[INFO] [stdout]                                at /rustc/82e1608dfa6e0b5569232559e3d385fea5a93112/library/std/src/../../backtrace/src/backtrace/libunwind.rs:104:5
[INFO] [stdout]    1:     0x5612d504a4ec - std::backtrace_rs::backtrace::trace_unsynchronized::h47f62dea28e0c88d
[INFO] [stdout]                                at /rustc/82e1608dfa6e0b5569232559e3d385fea5a93112/library/std/src/../../backtrace/src/backtrace/mod.rs:66:5
[INFO] [stdout]    2:     0x5612d504a4ec - std::sys_common::backtrace::_print_fmt::h9eef0abe20ede486
[INFO] [stdout]                                at /rustc/82e1608dfa6e0b5569232559e3d385fea5a93112/library/std/src/sys_common/backtrace.rs:67:5
[INFO] [stdout]    3:     0x5612d504a4ec - <std::sys_common::backtrace::_print::DisplayBacktrace as core::fmt::Display>::fmt::hed7f999df88cc644
[INFO] [stdout]                                at /rustc/82e1608dfa6e0b5569232559e3d385fea5a93112/library/std/src/sys_common/backtrace.rs:44:22
[INFO] [stdout]    4:     0x5612d5074030 - core::fmt::rt::Argument::fmt::h1539a9308b8d058d
[INFO] [stdout]                                at /rustc/82e1608dfa6e0b5569232559e3d385fea5a93112/library/core/src/fmt/rt.rs:142:9
[INFO] [stdout]    5:     0x5612d5074030 - core::fmt::write::h3a39390d8560d9c9
[INFO] [stdout]                                at /rustc/82e1608dfa6e0b5569232559e3d385fea5a93112/library/core/src/fmt/mod.rs:1120:17
[INFO] [stdout]    6:     0x5612d5047e9f - std::io::Write::write_fmt::h040b369f3a0f9cbc
[INFO] [stdout]                                at /rustc/82e1608dfa6e0b5569232559e3d385fea5a93112/library/std/src/io/mod.rs:1762:15
[INFO] [stdout]    7:     0x5612d504a2d4 - std::sys_common::backtrace::_print::h894006fb5c6f3d45
[INFO] [stdout]                                at /rustc/82e1608dfa6e0b5569232559e3d385fea5a93112/library/std/src/sys_common/backtrace.rs:47:5
[INFO] [stdout]    8:     0x5612d504a2d4 - std::sys_common::backtrace::print::h23a2d212c6fff936
[INFO] [stdout]                                at /rustc/82e1608dfa6e0b5569232559e3d385fea5a93112/library/std/src/sys_common/backtrace.rs:34:9
[INFO] [stdout]    9:     0x5612d504bf97 - std::panicking::default_hook::{{closure}}::h8a1d2ee00185001a
[INFO] [stdout]   10:     0x5612d504bc83 - std::panicking::default_hook::h6038f2eba384e475
[INFO] [stdout]                                at /rustc/82e1608dfa6e0b5569232559e3d385fea5a93112/library/std/src/panicking.rs:289:9
[INFO] [stdout]   11:     0x5612d5004bf7 - <alloc::boxed::Box<F,A> as core::ops::function::Fn<Args>>::call::h0ad024c9bdc6d768
[INFO] [stdout]                                at /rustc/82e1608dfa6e0b5569232559e3d385fea5a93112/library/alloc/src/boxed.rs:2021:9
[INFO] [stdout]   12:     0x5612d5004bf7 - test::test_main::{{closure}}::h7500b54257359db6
[INFO] [stdout]                                at /rustc/82e1608dfa6e0b5569232559e3d385fea5a93112/library/test/src/lib.rs:138:21
[INFO] [stdout]   13:     0x5612d504c5a8 - <alloc::boxed::Box<F,A> as core::ops::function::Fn<Args>>::call::h1f8f335eaa9cfaee
[INFO] [stdout]                                at /rustc/82e1608dfa6e0b5569232559e3d385fea5a93112/library/alloc/src/boxed.rs:2021:9
[INFO] [stdout]   14:     0x5612d504c5a8 - std::panicking::rust_panic_with_hook::h2b5517d590cab22e
[INFO] [stdout]                                at /rustc/82e1608dfa6e0b5569232559e3d385fea5a93112/library/std/src/panicking.rs:783:13
[INFO] [stdout]   15:     0x5612d504c2c9 - std::panicking::begin_panic_handler::{{closure}}::h233112c06e0ef43e
[INFO] [stdout]                                at /rustc/82e1608dfa6e0b5569232559e3d385fea5a93112/library/std/src/panicking.rs:649:13
[INFO] [stdout]   16:     0x5612d504a9b6 - std::sys_common::backtrace::__rust_end_short_backtrace::h6e893f24d7ebbff8
[INFO] [stdout]                                at /rustc/82e1608dfa6e0b5569232559e3d385fea5a93112/library/std/src/sys_common/backtrace.rs:170:18
[INFO] [stdout]   17:     0x5612d504c062 - rust_begin_unwind
[INFO] [stdout]                                at /rustc/82e1608dfa6e0b5569232559e3d385fea5a93112/library/std/src/panicking.rs:645:5
[INFO] [stdout]   18:     0x5612d4fcccf5 - core::panicking::panic_fmt::hbf0e066aabfa482c
[INFO] [stdout]                                at /rustc/82e1608dfa6e0b5569232559e3d385fea5a93112/library/core/src/panicking.rs:72:14
[INFO] [stdout]   19:     0x5612d4fccd93 - core::panicking::panic::h195fc2a96298d4c3
[INFO] [stdout]                                at /rustc/82e1608dfa6e0b5569232559e3d385fea5a93112/library/core/src/panicking.rs:127:5
[INFO] [stdout]   20:     0x5612d50119d9 - <&mut serlp::de::Deserializer as serde::de::Deserializer>::deserialize_enum::h8bcdc800d242245d
[INFO] [stdout]                                at /opt/rustwide/cargo-home/git/checkouts/serlp-c10ad38c0b06afae/76625f7/src/de.rs:384:9
[INFO] [stdout]   21:     0x5612d5012a50 - mpt_tiny::node::_::<impl serde::de::Deserialize for mpt_tiny::node::MptNode>::deserialize::h182e0ffddd305ae1
[INFO] [stdout]                                at /opt/rustwide/workdir/src/node.rs:9:21
[INFO] [stdout]   22:     0x5612d5010831 - serlp::rlp::from_bytes::h3306626cd9ac046a
[INFO] [stdout]                                at /opt/rustwide/cargo-home/git/checkouts/serlp-c10ad38c0b06afae/76625f7/src/rlp.rs:57:13
[INFO] [stdout]   23:     0x5612d50127cc - mpt_tiny::node::MptNode::from::h8791f35ddea6d000
[INFO] [stdout]                                at /opt/rustwide/workdir/src/node.rs:25:16
[INFO] [stdout]   24:     0x5612d4fd08f1 - load_parse::test_load::he4f15143130fa44e
[INFO] [stdout]                                at /opt/rustwide/workdir/tests/load_parse.rs:43:15
[INFO] [stdout]   25:     0x5612d4fd0587 - load_parse::test_load::{{closure}}::hf7dc2ad7abf3438f
[INFO] [stdout]                                at /opt/rustwide/workdir/tests/load_parse.rs:32:15
[INFO] [stdout]   26:     0x5612d4fce376 - core::ops::function::FnOnce::call_once::h3150cff9f2a7af1d
[INFO] [stdout]                                at /rustc/82e1608dfa6e0b5569232559e3d385fea5a93112/library/core/src/ops/function.rs:250:5
[INFO] [stdout]   27:     0x5612d500a24f - core::ops::function::FnOnce::call_once::h2b5d431d5046312d
[INFO] [stdout]                                at /rustc/82e1608dfa6e0b5569232559e3d385fea5a93112/library/core/src/ops/function.rs:250:5
[INFO] [stdout]   28:     0x5612d500a24f - test::__rust_begin_short_backtrace::h7714669af176e207
[INFO] [stdout]                                at /rustc/82e1608dfa6e0b5569232559e3d385fea5a93112/library/test/src/lib.rs:628:18
[INFO] [stdout]   29:     0x5612d5009265 - test::run_test_in_process::{{closure}}::h85218797dcbcec12
[INFO] [stdout]                                at /rustc/82e1608dfa6e0b5569232559e3d385fea5a93112/library/test/src/lib.rs:651:60
[INFO] [stdout]   30:     0x5612d5009265 - <core::panic::unwind_safe::AssertUnwindSafe<F> as core::ops::function::FnOnce<()>>::call_once::h76c106ea31c14d7b
[INFO] [stdout]                                at /rustc/82e1608dfa6e0b5569232559e3d385fea5a93112/library/core/src/panic/unwind_safe.rs:272:9
[INFO] [stdout]   31:     0x5612d5009265 - std::panicking::try::do_call::h3bd5d0f6620ee946
[INFO] [stdout]                                at /rustc/82e1608dfa6e0b5569232559e3d385fea5a93112/library/std/src/panicking.rs:552:40
[INFO] [stdout]   32:     0x5612d5009265 - std::panicking::try::h232e535e4744fe31
[INFO] [stdout]                                at /rustc/82e1608dfa6e0b5569232559e3d385fea5a93112/library/std/src/panicking.rs:516:19
[INFO] [stdout]   33:     0x5612d5009265 - std::panic::catch_unwind::h3ce3bd6ca8dbac68
[INFO] [stdout]                                at /rustc/82e1608dfa6e0b5569232559e3d385fea5a93112/library/std/src/panic.rs:142:14
[INFO] [stdout]   34:     0x5612d5009265 - test::run_test_in_process::hc97b257c9621286a
[INFO] [stdout]                                at /rustc/82e1608dfa6e0b5569232559e3d385fea5a93112/library/test/src/lib.rs:651:27
[INFO] [stdout]   35:     0x5612d5009265 - test::run_test::{{closure}}::h2aa798823a438d38
[INFO] [stdout]                                at /rustc/82e1608dfa6e0b5569232559e3d385fea5a93112/library/test/src/lib.rs:574:43
[INFO] [stdout]   36:     0x5612d4fd1526 - test::run_test::{{closure}}::h87d231c78fb59832
[INFO] [stdout]                                at /rustc/82e1608dfa6e0b5569232559e3d385fea5a93112/library/test/src/lib.rs:602:41
[INFO] [stdout]   37:     0x5612d4fd1526 - std::sys_common::backtrace::__rust_begin_short_backtrace::he6df152596625789
[INFO] [stdout]                                at /rustc/82e1608dfa6e0b5569232559e3d385fea5a93112/library/std/src/sys_common/backtrace.rs:154:18
[INFO] [stdout]   38:     0x5612d4fd65d7 - std::thread::Builder::spawn_unchecked_::{{closure}}::{{closure}}::ha94be15d1e0acf36
[INFO] [stdout]                                at /rustc/82e1608dfa6e0b5569232559e3d385fea5a93112/library/std/src/thread/mod.rs:529:17
[INFO] [stdout]   39:     0x5612d4fd65d7 - <core::panic::unwind_safe::AssertUnwindSafe<F> as core::ops::function::FnOnce<()>>::call_once::h9dc6bd6372f16606
[INFO] [stdout]                                at /rustc/82e1608dfa6e0b5569232559e3d385fea5a93112/library/core/src/panic/unwind_safe.rs:272:9
[INFO] [stdout]   40:     0x5612d4fd65d7 - std::panicking::try::do_call::h9057517f80303cd4
[INFO] [stdout]                                at /rustc/82e1608dfa6e0b5569232559e3d385fea5a93112/library/std/src/panicking.rs:552:40
[INFO] [stdout]   41:     0x5612d4fd65d7 - std::panicking::try::he3a30b11ee45340c
[INFO] [stdout]                                at /rustc/82e1608dfa6e0b5569232559e3d385fea5a93112/library/std/src/panicking.rs:516:19
[INFO] [stdout]   42:     0x5612d4fd65d7 - std::panic::catch_unwind::h410458cfd3528b8b
[INFO] [stdout]                                at /rustc/82e1608dfa6e0b5569232559e3d385fea5a93112/library/std/src/panic.rs:142:14
[INFO] [stdout]   43:     0x5612d4fd65d7 - std::thread::Builder::spawn_unchecked_::{{closure}}::h72ac3bdb567b737b
[INFO] [stdout]                                at /rustc/82e1608dfa6e0b5569232559e3d385fea5a93112/library/std/src/thread/mod.rs:528:30
[INFO] [stdout]   44:     0x5612d4fd65d7 - core::ops::function::FnOnce::call_once{{vtable.shim}}::h38f34da3654a8344
[INFO] [stdout]                                at /rustc/82e1608dfa6e0b5569232559e3d385fea5a93112/library/core/src/ops/function.rs:250:5
[INFO] [stdout]   45:     0x5612d5051035 - <alloc::boxed::Box<F,A> as core::ops::function::FnOnce<Args>>::call_once::hc7eafaff61e32df9
[INFO] [stdout]                                at /rustc/82e1608dfa6e0b5569232559e3d385fea5a93112/library/alloc/src/boxed.rs:2007:9
[INFO] [stdout]   46:     0x5612d5051035 - <alloc::boxed::Box<F,A> as core::ops::function::FnOnce<Args>>::call_once::h6ba4a5de48dd2304
[INFO] [stdout]                                at /rustc/82e1608dfa6e0b5569232559e3d385fea5a93112/library/alloc/src/boxed.rs:2007:9
[INFO] [stdout]   47:     0x5612d5051035 - std::sys::unix::thread::Thread::new::thread_start::he469335aef763e45
[INFO] [stdout]                                at /rustc/82e1608dfa6e0b5569232559e3d385fea5a93112/library/std/src/sys/unix/thread.rs:108:17
[INFO] [stdout]   48:     0x7f704559bac3 - <unknown>
[INFO] [stdout]   49:     0x7f704562cbf4 - __clone
[INFO] [stdout]   50:                0x0 - <unknown>
[INFO] [stdout] 
[INFO] [stdout] 
[INFO] [stdout] failures:
[INFO] [stdout]     test_load
[INFO] [stdout] 
[INFO] [stdout] test result: FAILED. 0 passed; 1 failed; 0 ignored; 0 measured; 0 filtered out; finished in 0.01s
[INFO] [stdout] 
[INFO] [stderr] error: test failed, to rerun pass `--test load_parse`
[INFO] running `Command { std: "docker" "inspect" "4dca2831dc5e493a71a7c711991ce05931c22162a1400d309c8b50d5b4de71b8", kill_on_drop: false }`
[INFO] running `Command { std: "docker" "rm" "-f" "4dca2831dc5e493a71a7c711991ce05931c22162a1400d309c8b50d5b4de71b8", kill_on_drop: false }`
[INFO] [stdout] 4dca2831dc5e493a71a7c711991ce05931c22162a1400d309c8b50d5b4de71b8
