[INFO] cloning repository https://github.com/antonovmike/rust_practice
[INFO] running `Command { std: "git" "-c" "credential.helper=" "-c" "credential.helper=/workspace/cargo-home/bin/git-credential-null" "clone" "--bare" "https://github.com/antonovmike/rust_practice" "/workspace/cache/git-repos/https%3A%2F%2Fgithub.com%2Fantonovmike%2Frust_practice", kill_on_drop: false }`
[INFO] [stderr] Cloning into bare repository '/workspace/cache/git-repos/https%3A%2F%2Fgithub.com%2Fantonovmike%2Frust_practice'...
[INFO] running `Command { std: "git" "rev-parse" "HEAD", kill_on_drop: false }`
[INFO] [stdout] 16f4812e0667b8e4fc8ac4920c5ff25aff2aac91
[INFO] testing antonovmike/rust_practice against 1.75.0 for beta-1.76-1
[INFO] running `Command { std: "git" "clone" "/workspace/cache/git-repos/https%3A%2F%2Fgithub.com%2Fantonovmike%2Frust_practice" "/workspace/builds/worker-3-tc1/source", kill_on_drop: false }`
[INFO] [stderr] Cloning into '/workspace/builds/worker-3-tc1/source'...
[INFO] [stderr] done.
[INFO] validating manifest of git repo https://github.com/antonovmike/rust_practice on toolchain 1.75.0
[INFO] running `Command { std: CARGO_HOME="/workspace/cargo-home" RUSTUP_HOME="/workspace/rustup-home" "/workspace/cargo-home/bin/cargo" "+1.75.0" "metadata" "--manifest-path" "Cargo.toml" "--no-deps", kill_on_drop: false }`
[INFO] started tweaking git repo https://github.com/antonovmike/rust_practice
[INFO] finished tweaking git repo https://github.com/antonovmike/rust_practice
[INFO] tweaked toml for git repo https://github.com/antonovmike/rust_practice written to /workspace/builds/worker-3-tc1/source/Cargo.toml
[INFO] crate git repo https://github.com/antonovmike/rust_practice already has a lockfile, it will not be regenerated
[INFO] running `Command { std: CARGO_HOME="/workspace/cargo-home" RUSTUP_HOME="/workspace/rustup-home" "/workspace/cargo-home/bin/cargo" "+1.75.0" "fetch" "--manifest-path" "Cargo.toml", kill_on_drop: false }`
[INFO] [stderr] warning: virtual workspace defaulting to `resolver = "1"` despite one or more workspace members being on edition 2021 which implies `resolver = "2"`
[INFO] [stderr] note: to keep the current resolver, specify `workspace.resolver = "1"` in the workspace root's manifest
[INFO] [stderr] note: to use the edition 2021 resolver, specify `workspace.resolver = "2"` in the workspace root's manifest
[INFO] [stderr] note: for more details see https://doc.rust-lang.org/cargo/reference/resolver.html#resolver-versions
[INFO] [stderr]  Downloading crates ...
[INFO] [stderr]   Downloaded atomic-write-file v0.1.0
[INFO] [stderr]   Downloaded rsa v0.9.4
[INFO] running `Command { std: "docker" "create" "-v" "/var/lib/crater-agent-workspace/builds/worker-3-tc1/target:/opt/rustwide/target:rw,Z" "-v" "/var/lib/crater-agent-workspace/builds/worker-3-tc1/source:/opt/rustwide/workdir:ro,Z" "-v" "/var/lib/crater-agent-workspace/cargo-home:/opt/rustwide/cargo-home:ro,Z" "-v" "/var/lib/crater-agent-workspace/rustup-home:/opt/rustwide/rustup-home:ro,Z" "-e" "SOURCE_DIR=/opt/rustwide/workdir" "-e" "CARGO_TARGET_DIR=/opt/rustwide/target" "-e" "CARGO_HOME=/opt/rustwide/cargo-home" "-e" "RUSTUP_HOME=/opt/rustwide/rustup-home" "-w" "/opt/rustwide/workdir" "-m" "1610612736" "--user" "0:0" "--network" "none" "ghcr.io/rust-lang/crates-build-env/linux@sha256:2788e3201cd34a07e3172128adcd8b3090168a8e3bcc40d7c032b9dda1df7d1c" "/opt/rustwide/cargo-home/bin/cargo" "+1.75.0" "metadata" "--no-deps" "--format-version=1", kill_on_drop: false }`
[INFO] [stdout] 41c5d988465914b1b043e0fc9a5d09686f8b771b58fc61768f283bd1b59c77d3
[INFO] running `Command { std: "docker" "start" "-a" "41c5d988465914b1b043e0fc9a5d09686f8b771b58fc61768f283bd1b59c77d3", kill_on_drop: false }`
[INFO] running `Command { std: "docker" "inspect" "41c5d988465914b1b043e0fc9a5d09686f8b771b58fc61768f283bd1b59c77d3", kill_on_drop: false }`
[INFO] running `Command { std: "docker" "rm" "-f" "41c5d988465914b1b043e0fc9a5d09686f8b771b58fc61768f283bd1b59c77d3", kill_on_drop: false }`
[INFO] [stdout] 41c5d988465914b1b043e0fc9a5d09686f8b771b58fc61768f283bd1b59c77d3
[INFO] running `Command { std: "docker" "create" "-v" "/var/lib/crater-agent-workspace/builds/worker-3-tc1/target:/opt/rustwide/target:rw,Z" "-v" "/var/lib/crater-agent-workspace/builds/worker-3-tc1/source:/opt/rustwide/workdir:ro,Z" "-v" "/var/lib/crater-agent-workspace/cargo-home:/opt/rustwide/cargo-home:ro,Z" "-v" "/var/lib/crater-agent-workspace/rustup-home:/opt/rustwide/rustup-home:ro,Z" "-e" "SOURCE_DIR=/opt/rustwide/workdir" "-e" "CARGO_TARGET_DIR=/opt/rustwide/target" "-e" "CARGO_INCREMENTAL=0" "-e" "RUST_BACKTRACE=full" "-e" "RUSTFLAGS=--cap-lints=warn" "-e" "RUSTDOCFLAGS=--cap-lints=warn" "-e" "CARGO_HOME=/opt/rustwide/cargo-home" "-e" "RUSTUP_HOME=/opt/rustwide/rustup-home" "-w" "/opt/rustwide/workdir" "-m" "1610612736" "--user" "0:0" "--network" "none" "ghcr.io/rust-lang/crates-build-env/linux@sha256:2788e3201cd34a07e3172128adcd8b3090168a8e3bcc40d7c032b9dda1df7d1c" "/opt/rustwide/cargo-home/bin/cargo" "+1.75.0" "build" "--frozen" "--message-format=json", kill_on_drop: false }`
[INFO] [stdout] b8b86c7ebbb85e736b911d3f2e1723b5f8cc6238b6e0726bf05d9149d69f3c05
[INFO] running `Command { std: "docker" "start" "-a" "b8b86c7ebbb85e736b911d3f2e1723b5f8cc6238b6e0726bf05d9149d69f3c05", kill_on_drop: false }`
[INFO] [stderr] warning: virtual workspace defaulting to `resolver = "1"` despite one or more workspace members being on edition 2021 which implies `resolver = "2"`
[INFO] [stderr] note: to keep the current resolver, specify `workspace.resolver = "1"` in the workspace root's manifest
[INFO] [stderr] note: to use the edition 2021 resolver, specify `workspace.resolver = "2"` in the workspace root's manifest
[INFO] [stderr] note: for more details see https://doc.rust-lang.org/cargo/reference/resolver.html#resolver-versions
[INFO] [stderr]    Compiling libc v0.2.150
[INFO] [stderr]    Compiling autocfg v1.1.0
[INFO] [stderr]    Compiling proc-macro2 v1.0.69
[INFO] [stderr]    Compiling unicode-ident v1.0.12
[INFO] [stderr]    Compiling scopeguard v1.2.0
[INFO] [stderr]    Compiling version_check v0.9.4
[INFO] [stderr]    Compiling futures-core v0.3.29
[INFO] [stderr]    Compiling once_cell v1.18.0
[INFO] [stderr]    Compiling pin-project-lite v0.2.13
[INFO] [stderr]    Compiling parking_lot_core v0.9.9
[INFO] [stderr]    Compiling bytes v1.5.0
[INFO] [stderr]    Compiling smallvec v1.11.2
[INFO] [stderr]    Compiling pkg-config v0.3.27
[INFO] [stderr]    Compiling vcpkg v0.2.15
[INFO] [stderr]    Compiling futures-sink v0.3.29
[INFO] [stderr]    Compiling pin-utils v0.1.0
[INFO] [stderr]    Compiling memchr v2.6.4
[INFO] [stderr]    Compiling futures-task v0.3.29
[INFO] [stderr]    Compiling itoa v1.0.9
[INFO] [stderr]    Compiling log v0.4.20
[INFO] [stderr]    Compiling serde v1.0.193
[INFO] [stderr]    Compiling futures-util v0.3.29
[INFO] [stderr]    Compiling futures-io v0.3.29
[INFO] [stderr]    Compiling zerocopy v0.7.26
[INFO] [stderr]    Compiling tracing-core v0.1.32
[INFO] [stderr]    Compiling ahash v0.8.6
[INFO] [stderr]    Compiling lock_api v0.4.11
[INFO] [stderr]    Compiling slab v0.4.9
[INFO] [stderr]    Compiling allocator-api2 v0.2.16
[INFO] [stderr]    Compiling typenum v1.17.0
[INFO] [stderr]    Compiling generic-array v0.14.7
[INFO] [stderr]    Compiling futures-channel v0.3.29
[INFO] [stderr]    Compiling equivalent v1.0.1
[INFO] [stderr]    Compiling percent-encoding v2.3.1
[INFO] [stderr]    Compiling bitflags v2.4.1
[INFO] [stderr]    Compiling tinyvec_macros v0.1.1
[INFO] [stderr]    Compiling tinyvec v1.6.0
[INFO] [stderr]    Compiling form_urlencoded v1.2.1
[INFO] [stderr]    Compiling ryu v1.0.15
[INFO] [stderr]    Compiling serde_json v1.0.108
[INFO] [stderr]    Compiling untrusted v0.9.0
[INFO] [stderr]    Compiling num-traits v0.2.17
[INFO] [stderr]    Compiling unicode-bidi v0.3.13
[INFO] [stderr]    Compiling crossbeam-utils v0.8.16
[INFO] [stderr]    Compiling quote v1.0.33
[INFO] [stderr]    Compiling spin v0.9.8
[INFO] [stderr]    Compiling memoffset v0.7.1
[INFO] [stderr]    Compiling rustversion v1.0.14
[INFO] [stderr]    Compiling fnv v1.0.7
[INFO] [stderr]    Compiling paste v1.0.14
[INFO] [stderr]    Compiling syn v2.0.39
[INFO] [stderr]    Compiling minimal-lexical v0.2.1
[INFO] [stderr]    Compiling rustls v0.21.9
[INFO] [stderr]    Compiling thiserror v1.0.50
[INFO] [stderr]    Compiling crossbeam-queue v0.3.8
[INFO] [stderr]    Compiling base64 v0.21.5
[INFO] [stderr]    Compiling http v0.2.11
[INFO] [stderr]    Compiling nom v7.1.3
[INFO] [stderr]    Compiling ppv-lite86 v0.2.17
[INFO] [stderr]    Compiling cpufeatures v0.2.11
[INFO] [stderr]    Compiling crc-catalog v2.4.0
[INFO] [stderr]    Compiling unicode_categories v0.1.1
[INFO] [stderr]    Compiling rustix v0.38.25
[INFO] [stderr]    Compiling unicode-normalization v0.1.22
[INFO] [stderr]    Compiling bitflags v1.3.2
[INFO] [stderr]    Compiling rustls-pemfile v1.0.4
[INFO] [stderr]    Compiling crc v3.0.1
[INFO] [stderr]    Compiling openssl v0.10.60
[INFO] [stderr]    Compiling dotenvy v0.15.7
[INFO] [stderr]    Compiling foreign-types-shared v0.1.1
[INFO] [stderr]    Compiling syn v1.0.109
[INFO] [stderr]    Compiling tower-service v0.3.2
[INFO] [stderr]    Compiling cc v1.0.83
[INFO] [stderr]    Compiling getrandom v0.2.11
[INFO] [stderr]    Compiling num_cpus v1.16.0
[INFO] [stderr]    Compiling mio v0.8.9
[INFO] [stderr]    Compiling socket2 v0.5.5
[INFO] [stderr]    Compiling parking_lot v0.12.1
[INFO] [stderr]    Compiling signal-hook-registry v1.4.1
[INFO] [stderr]    Compiling idna v0.5.0
[INFO] [stderr]    Compiling hashbrown v0.14.2
[INFO] [stderr]    Compiling rand_core v0.6.4
[INFO] [stderr]    Compiling futures-intrusive v0.5.0
[INFO] [stderr]    Compiling atoi v2.0.0
[INFO] [stderr]    Compiling byteorder v1.5.0
[INFO] [stderr]    Compiling rand_chacha v0.3.1
[INFO] [stderr]    Compiling event-listener v2.5.3
[INFO] [stderr]    Compiling hex v0.4.3
[INFO] [stderr]    Compiling webpki-roots v0.25.3
[INFO] [stderr]    Compiling httparse v1.8.0
[INFO] [stderr]    Compiling linux-raw-sys v0.4.11
[INFO] [stderr]    Compiling rand v0.8.5
[INFO] [stderr]    Compiling http-body v0.4.5
[INFO] [stderr]    Compiling url v2.5.0
[INFO] [stderr]    Compiling crypto-common v0.1.6
[INFO] [stderr]    Compiling block-buffer v0.10.4
[INFO] [stderr]    Compiling nix v0.26.4
[INFO] [stderr]    Compiling foreign-types v0.3.2
[INFO] [stderr]    Compiling flume v0.11.0
[INFO] [stderr]    Compiling fastrand v2.0.1
[INFO] [stderr]    Compiling indexmap v2.1.0
[INFO] [stderr]    Compiling digest v0.10.7
[INFO] [stderr]    Compiling hashlink v0.8.4
[INFO] [stderr]    Compiling try-lock v0.2.4
[INFO] [stderr]    Compiling unicode-segmentation v1.10.1
[INFO] [stderr]    Compiling native-tls v0.2.11
[INFO] [stderr]    Compiling ring v0.17.5
[INFO] [stderr]    Compiling openssl-sys v0.9.96
[INFO] [stderr]    Compiling libsqlite3-sys v0.27.0
[INFO] [stderr]    Compiling sha2 v0.10.8
[INFO] [stderr]    Compiling urlencoding v2.1.3
[INFO] [stderr]    Compiling want v0.3.1
[INFO] [stderr]    Compiling heck v0.4.1
[INFO] [stderr]    Compiling socket2 v0.4.10
[INFO] [stderr]    Compiling httpdate v1.0.3
[INFO] [stderr]    Compiling async-trait v0.1.74
[INFO] [stderr]    Compiling openssl-probe v0.1.5
[INFO] [stderr]    Compiling axum-core v0.3.4
[INFO] [stderr]    Compiling tower-layer v0.3.2
[INFO] [stderr]    Compiling mime v0.3.17
[INFO] [stderr]    Compiling anyhow v1.0.75
[INFO] [stderr]    Compiling axum v0.6.20
[INFO] [stderr]    Compiling encoding_rs v0.8.33
[INFO] [stderr]    Compiling futures-executor v0.3.29
[INFO] [stderr]    Compiling sync_wrapper v0.1.2
[INFO] [stderr]    Compiling ipnet v2.9.0
[INFO] [stderr]    Compiling matchit v0.7.3
[INFO] [stderr]    Compiling step_1_5 v0.1.0 (/opt/rustwide/workdir/1_concepts/1_5_convert_cast_deref)
[INFO] [stderr]    Compiling step_2_5 v0.1.0 (/opt/rustwide/workdir/2_idioms/2_5_exhaustivity)
[INFO] [stderr]    Compiling step_3_9 v0.1.0 (/opt/rustwide/workdir/3_ecosystem/3_9_cmd_env_conf)
[INFO] [stderr]    Compiling step_1 v0.1.0 (/opt/rustwide/workdir/1_concepts)
[INFO] [stderr]    Compiling step_2_6 v0.1.0 (/opt/rustwide/workdir/2_idioms/2_6_sealing)
[INFO] [stderr]    Compiling step_3_8 v0.1.0 (/opt/rustwide/workdir/3_ecosystem/3_8_log)
[INFO] [stderr]    Compiling step_2 v0.1.0 (/opt/rustwide/workdir/2_idioms)
[INFO] [stderr]    Compiling step_1_8 v0.1.0 (/opt/rustwide/workdir/1_concepts/1_8_thread_safety)
[INFO] [stderr]    Compiling step_3_2 v0.1.0 (/opt/rustwide/workdir/3_ecosystem/3_2_macro)
[INFO] [stderr]    Compiling step_2_2 v0.1.0 (/opt/rustwide/workdir/2_idioms/2_2_mem_replace)
[INFO] [stderr]    Compiling step_3_11 v0.1.0 (/opt/rustwide/workdir/3_ecosystem/3_11_async)
[INFO] [stderr]    Compiling step_1_2 v0.1.0 (/opt/rustwide/workdir/1_concepts/1_2_box_pin)
[INFO] [stderr]    Compiling step_2_4 v0.1.0 (/opt/rustwide/workdir/2_idioms/2_4_generic_in_type_out)
[INFO] [stderr]    Compiling step_2_3 v0.1.0 (/opt/rustwide/workdir/2_idioms/2_3_bound_impl)
[INFO] [stderr]    Compiling step_3_5 v0.1.0 (/opt/rustwide/workdir/3_ecosystem/3_5_collections)
[INFO] [stderr]    Compiling step_1_6 v0.1.0 (/opt/rustwide/workdir/1_concepts/1_6_dispatch)
[INFO] [stderr]    Compiling step_1_4 v0.1.0 (/opt/rustwide/workdir/1_concepts/1_4_cow)
[INFO] [stderr]    Compiling step_4 v0.1.0 (/opt/rustwide/workdir/4_backend)
[INFO] [stderr]    Compiling step_3_4 v0.1.0 (/opt/rustwide/workdir/3_ecosystem/3_4_regex_parsing)
[INFO] [stdout] warning: unused variable: `input`
[INFO] [stdout]  --> 3_ecosystem/3_4_regex_parsing/src/main.rs:5:10
[INFO] [stdout]   |
[INFO] [stdout] 5 | fn parse(input: &str) -> (Option<Sign>, Option<usize>, Option<Precision>) {
[INFO] [stdout]   |          ^^^^^ help: if this is intentional, prefix it with an underscore: `_input`
[INFO] [stdout]   |
[INFO] [stdout]   = note: `#[warn(unused_variables)]` on by default
[INFO] [stdout] 
[INFO] [stdout] 
[INFO] [stdout] warning: function `parse` is never used
[INFO] [stdout]  --> 3_ecosystem/3_4_regex_parsing/src/main.rs:5:4
[INFO] [stdout]   |
[INFO] [stdout] 5 | fn parse(input: &str) -> (Option<Sign>, Option<usize>, Option<Precision>) {
[INFO] [stdout]   |    ^^^^^
[INFO] [stdout]   |
[INFO] [stdout]   = note: `#[warn(dead_code)]` on by default
[INFO] [stdout] 
[INFO] [stdout] 
[INFO] [stdout] warning: variants `Plus` and `Minus` are never constructed
[INFO] [stdout]   --> 3_ecosystem/3_4_regex_parsing/src/main.rs:11:5
[INFO] [stdout]    |
[INFO] [stdout] 10 | enum Sign {
[INFO] [stdout]    |      ---- variants in this enum
[INFO] [stdout] 11 |     Plus,
[INFO] [stdout]    |     ^^^^
[INFO] [stdout] 12 |     Minus,
[INFO] [stdout]    |     ^^^^^
[INFO] [stdout]    |
[INFO] [stdout]    = note: `Sign` has a derived impl for the trait `Debug`, but this is intentionally ignored during dead code analysis
[INFO] [stdout] 
[INFO] [stdout] 
[INFO] [stdout] warning: variants `Integer`, `Argument`, and `Asterisk` are never constructed
[INFO] [stdout]   --> 3_ecosystem/3_4_regex_parsing/src/main.rs:17:5
[INFO] [stdout]    |
[INFO] [stdout] 16 | enum Precision {
[INFO] [stdout]    |      --------- variants in this enum
[INFO] [stdout] 17 |     Integer(usize),
[INFO] [stdout]    |     ^^^^^^^
[INFO] [stdout] 18 |     Argument(usize),
[INFO] [stdout]    |     ^^^^^^^^
[INFO] [stdout] 19 |     Asterisk,
[INFO] [stdout]    |     ^^^^^^^^
[INFO] [stdout]    |
[INFO] [stdout]    = note: `Precision` has a derived impl for the trait `Debug`, but this is intentionally ignored during dead code analysis
[INFO] [stdout] 
[INFO] [stdout] 
[INFO] [stderr]    Compiling step_3 v0.1.0 (/opt/rustwide/workdir/3_ecosystem)
[INFO] [stderr]    Compiling step_3_7 v0.1.0 (/opt/rustwide/workdir/3_ecosystem/3_7_rand_crypto)
[INFO] [stderr]    Compiling step_1_1 v0.1.0 (/opt/rustwide/workdir/1_concepts/1_1_default_clone_copy)
[INFO] [stderr]    Compiling step_1_9 v0.1.0 (/opt/rustwide/workdir/1_concepts/1_9_phantom)
[INFO] [stderr]    Compiling step_3_10 v0.1.0 (/opt/rustwide/workdir/3_ecosystem/3_10_threads)
[INFO] [stdout] warning: fields `x` and `y` are never read
[INFO] [stdout]  --> 1_concepts/1_1_default_clone_copy/src/main.rs:3:5
[INFO] [stdout]   |
[INFO] [stdout] 2 | struct Point {
[INFO] [stdout]   |        ----- fields in this struct
[INFO] [stdout] 3 |     x: f32,
[INFO] [stdout]   |     ^
[INFO] [stdout] 4 |     y: f32,
[INFO] [stdout]   |     ^
[INFO] [stdout]   |
[INFO] [stdout]   = note: `Point` has a derived impl for the trait `Clone`, but this is intentionally ignored during dead code analysis
[INFO] [stdout]   = note: `#[warn(dead_code)]` on by default
[INFO] [stdout] 
[INFO] [stdout] 
[INFO] [stdout] warning: field `points` is never read
[INFO] [stdout]  --> 1_concepts/1_1_default_clone_copy/src/main.rs:9:5
[INFO] [stdout]   |
[INFO] [stdout] 8 | struct Polyline {
[INFO] [stdout]   |        -------- field in this struct
[INFO] [stdout] 9 |     points: Vec<Point>,
[INFO] [stdout]   |     ^^^^^^
[INFO] [stdout]   |
[INFO] [stdout]   = note: `Polyline` has a derived impl for the trait `Clone`, but this is intentionally ignored during dead code analysis
[INFO] [stdout] 
[INFO] [stdout] 
[INFO] [stderr]    Compiling step_3_1 v0.1.0 (/opt/rustwide/workdir/3_ecosystem/3_1_testing)
[INFO] [stderr]    Compiling step_4_3 v0.1.0 (/opt/rustwide/workdir/4_backend/4_3_api)
[INFO] [stdout] warning: 4 warnings emitted
[INFO] [stdout] 
[INFO] [stdout] 
[INFO] [stderr]    Compiling step_3_6 v0.1.0 (/opt/rustwide/workdir/3_ecosystem/3_6_serde)
[INFO] [stderr]    Compiling step_2_1 v0.1.0 (/opt/rustwide/workdir/2_idioms/2_1_type_safety)
[INFO] [stderr]    Compiling step_1_3 v0.1.0 (/opt/rustwide/workdir/1_concepts/1_3_rc_cell)
[INFO] [stderr]    Compiling step_3_3 v0.1.0 (/opt/rustwide/workdir/3_ecosystem/3_3_date_time)
[INFO] [stderr]    Compiling step_1_7 v0.1.0 (/opt/rustwide/workdir/1_concepts/1_7_sized)
[INFO] [stdout] warning: unused variable: `year`
[INFO] [stdout]   --> 3_ecosystem/3_3_date_time/src/main.rs:10:23
[INFO] [stdout]    |
[INFO] [stdout] 10 |     fn with_birthdate(year: i32, month: u32, day: u32) -> Self {
[INFO] [stdout]    |                       ^^^^ help: if this is intentional, prefix it with an underscore: `_year`
[INFO] [stdout]    |
[INFO] [stdout]    = note: `#[warn(unused_variables)]` on by default
[INFO] [stdout] 
[INFO] [stdout] 
[INFO] [stdout] warning: unused variable: `month`
[INFO] [stdout]   --> 3_ecosystem/3_3_date_time/src/main.rs:10:34
[INFO] [stdout]    |
[INFO] [stdout] 10 |     fn with_birthdate(year: i32, month: u32, day: u32) -> Self {
[INFO] [stdout]    |                                  ^^^^^ help: if this is intentional, prefix it with an underscore: `_month`
[INFO] [stdout] 
[INFO] [stdout] 
[INFO] [stdout] warning: unused variable: `day`
[INFO] [stdout]   --> 3_ecosystem/3_3_date_time/src/main.rs:10:46
[INFO] [stdout]    |
[INFO] [stdout] 10 |     fn with_birthdate(year: i32, month: u32, day: u32) -> Self {
[INFO] [stdout]    |                                              ^^^ help: if this is intentional, prefix it with an underscore: `_day`
[INFO] [stdout] 
[INFO] [stdout] 
[INFO] [stdout] warning: constant `NOW` is never used
[INFO] [stdout]  --> 3_ecosystem/3_3_date_time/src/main.rs:5:7
[INFO] [stdout]   |
[INFO] [stdout] 5 | const NOW: &str = "2019-06-26";
[INFO] [stdout]   |       ^^^
[INFO] [stdout]   |
[INFO] [stdout]   = note: `#[warn(dead_code)]` on by default
[INFO] [stdout] 
[INFO] [stdout] 
[INFO] [stdout] warning: struct `User` is never constructed
[INFO] [stdout]  --> 3_ecosystem/3_3_date_time/src/main.rs:7:8
[INFO] [stdout]   |
[INFO] [stdout] 7 | struct User;
[INFO] [stdout]   |        ^^^^
[INFO] [stdout] 
[INFO] [stdout] 
[INFO] [stdout] warning: associated items `with_birthdate`, `age`, and `is_adult` are never used
[INFO] [stdout]   --> 3_ecosystem/3_3_date_time/src/main.rs:10:8
[INFO] [stdout]    |
[INFO] [stdout] 9  | impl User {
[INFO] [stdout]    | --------- associated items in this implementation
[INFO] [stdout] 10 |     fn with_birthdate(year: i32, month: u32, day: u32) -> Self {
[INFO] [stdout]    |        ^^^^^^^^^^^^^^
[INFO] [stdout] ...
[INFO] [stdout] 15 |     fn age(&self) -> u16 {
[INFO] [stdout]    |        ^^^
[INFO] [stdout] ...
[INFO] [stdout] 20 |     fn is_adult(&self) -> bool {
[INFO] [stdout]    |        ^^^^^^^^
[INFO] [stdout] 
[INFO] [stdout] 
[INFO] [stdout] warning: 2 warnings emitted
[INFO] [stdout] 
[INFO] [stdout] 
[INFO] [stderr]    Compiling tempfile v3.8.1
[INFO] [stdout] warning: 6 warnings emitted
[INFO] [stdout] 
[INFO] [stdout] 
[INFO] [stderr]    Compiling tokio-macros v2.2.0
[INFO] [stderr]    Compiling serde_derive v1.0.193
[INFO] [stderr]    Compiling tracing-attributes v0.1.27
[INFO] [stderr]    Compiling thiserror-impl v1.0.50
[INFO] [stderr]    Compiling openssl-macros v0.1.1
[INFO] [stderr]    Compiling pin-project-internal v1.1.3
[INFO] [stderr]    Compiling atomic-write-file v0.1.0
[INFO] [stderr]    Compiling tokio v1.34.0
[INFO] [stderr]    Compiling pin-project v1.1.3
[INFO] [stderr]    Compiling tracing v0.1.40
[INFO] [stderr]    Compiling rustls-webpki v0.101.7
[INFO] [stderr]    Compiling sct v0.7.1
[INFO] [stderr]    Compiling tokio-stream v0.1.14
[INFO] [stderr]    Compiling tokio-util v0.7.10
[INFO] [stderr]    Compiling tokio-native-tls v0.3.1
[INFO] [stderr]    Compiling tower v0.4.13
[INFO] [stderr]    Compiling h2 v0.3.22
[INFO] [stderr]    Compiling either v1.9.0
[INFO] [stderr]    Compiling serde_urlencoded v0.7.1
[INFO] [stderr]    Compiling serde_path_to_error v0.1.14
[INFO] [stderr]    Compiling itertools v0.11.0
[INFO] [stderr]    Compiling sqlformat v0.2.2
[INFO] [stderr]    Compiling sqlx-core v0.7.3
[INFO] [stderr]    Compiling hyper v0.14.27
[INFO] [stderr]    Compiling sqlx-sqlite v0.7.3
[INFO] [stderr]    Compiling sqlx-macros-core v0.7.3
[INFO] [stderr]    Compiling hyper-tls v0.5.0
[INFO] [stderr]    Compiling reqwest v0.11.22
[INFO] [stderr]    Compiling sqlx-macros v0.7.3
[INFO] [stderr]    Compiling sqlx v0.7.3
[INFO] [stderr]    Compiling step_4_2 v0.1.0 (/opt/rustwide/workdir/4_backend/4_2_http)
[INFO] [stderr]    Compiling step_4_1 v0.1.0 (/opt/rustwide/workdir/4_backend/4_1_db)
[INFO] [stderr]     Finished dev [unoptimized + debuginfo] target(s) in 29.67s
[INFO] running `Command { std: "docker" "inspect" "b8b86c7ebbb85e736b911d3f2e1723b5f8cc6238b6e0726bf05d9149d69f3c05", kill_on_drop: false }`
[INFO] running `Command { std: "docker" "rm" "-f" "b8b86c7ebbb85e736b911d3f2e1723b5f8cc6238b6e0726bf05d9149d69f3c05", kill_on_drop: false }`
[INFO] [stdout] b8b86c7ebbb85e736b911d3f2e1723b5f8cc6238b6e0726bf05d9149d69f3c05
[INFO] running `Command { std: "docker" "create" "-v" "/var/lib/crater-agent-workspace/builds/worker-3-tc1/target:/opt/rustwide/target:rw,Z" "-v" "/var/lib/crater-agent-workspace/builds/worker-3-tc1/source:/opt/rustwide/workdir:ro,Z" "-v" "/var/lib/crater-agent-workspace/cargo-home:/opt/rustwide/cargo-home:ro,Z" "-v" "/var/lib/crater-agent-workspace/rustup-home:/opt/rustwide/rustup-home:ro,Z" "-e" "SOURCE_DIR=/opt/rustwide/workdir" "-e" "CARGO_TARGET_DIR=/opt/rustwide/target" "-e" "CARGO_INCREMENTAL=0" "-e" "RUST_BACKTRACE=full" "-e" "RUSTFLAGS=--cap-lints=warn" "-e" "RUSTDOCFLAGS=--cap-lints=warn" "-e" "CARGO_HOME=/opt/rustwide/cargo-home" "-e" "RUSTUP_HOME=/opt/rustwide/rustup-home" "-w" "/opt/rustwide/workdir" "-m" "1610612736" "--user" "0:0" "--network" "none" "ghcr.io/rust-lang/crates-build-env/linux@sha256:2788e3201cd34a07e3172128adcd8b3090168a8e3bcc40d7c032b9dda1df7d1c" "/opt/rustwide/cargo-home/bin/cargo" "+1.75.0" "test" "--frozen" "--no-run" "--message-format=json", kill_on_drop: false }`
[INFO] [stdout] 014166bd85b75fbd0c3660420278cc1f3415e9c33d1a666b80896eab44ac93eb
[INFO] running `Command { std: "docker" "start" "-a" "014166bd85b75fbd0c3660420278cc1f3415e9c33d1a666b80896eab44ac93eb", kill_on_drop: false }`
[INFO] [stderr] warning: virtual workspace defaulting to `resolver = "1"` despite one or more workspace members being on edition 2021 which implies `resolver = "2"`
[INFO] [stderr] note: to keep the current resolver, specify `workspace.resolver = "1"` in the workspace root's manifest
[INFO] [stderr] note: to use the edition 2021 resolver, specify `workspace.resolver = "2"` in the workspace root's manifest
[INFO] [stderr] note: for more details see https://doc.rust-lang.org/cargo/reference/resolver.html#resolver-versions
[INFO] [stderr]    Compiling step_1_8 v0.1.0 (/opt/rustwide/workdir/1_concepts/1_8_thread_safety)
[INFO] [stderr]    Compiling step_1_6 v0.1.0 (/opt/rustwide/workdir/1_concepts/1_6_dispatch)
[INFO] [stderr]    Compiling step_3_2 v0.1.0 (/opt/rustwide/workdir/3_ecosystem/3_2_macro)
[INFO] [stderr]    Compiling step_1_5 v0.1.0 (/opt/rustwide/workdir/1_concepts/1_5_convert_cast_deref)
[INFO] [stderr]    Compiling step_3_4 v0.1.0 (/opt/rustwide/workdir/3_ecosystem/3_4_regex_parsing)
[INFO] [stderr]    Compiling step_4 v0.1.0 (/opt/rustwide/workdir/4_backend)
[INFO] [stderr]    Compiling step_2_3 v0.1.0 (/opt/rustwide/workdir/2_idioms/2_3_bound_impl)
[INFO] [stderr]    Compiling step_1_3 v0.1.0 (/opt/rustwide/workdir/1_concepts/1_3_rc_cell)
[INFO] [stderr]    Compiling step_3_10 v0.1.0 (/opt/rustwide/workdir/3_ecosystem/3_10_threads)
[INFO] [stderr]    Compiling step_3_5 v0.1.0 (/opt/rustwide/workdir/3_ecosystem/3_5_collections)
[INFO] [stderr]    Compiling step_1_7 v0.1.0 (/opt/rustwide/workdir/1_concepts/1_7_sized)
[INFO] [stderr]    Compiling step_3_6 v0.1.0 (/opt/rustwide/workdir/3_ecosystem/3_6_serde)
[INFO] [stderr]    Compiling step_3_11 v0.1.0 (/opt/rustwide/workdir/3_ecosystem/3_11_async)
[INFO] [stderr]    Compiling step_4_1 v0.1.0 (/opt/rustwide/workdir/4_backend/4_1_db)
[INFO] [stderr]    Compiling step_2_1 v0.1.0 (/opt/rustwide/workdir/2_idioms/2_1_type_safety)
[INFO] [stderr]    Compiling step_4_2 v0.1.0 (/opt/rustwide/workdir/4_backend/4_2_http)
[INFO] [stdout] warning: unused variable: `input`
[INFO] [stdout]  --> 3_ecosystem/3_4_regex_parsing/src/main.rs:5:10
[INFO] [stdout]   |
[INFO] [stdout] 5 | fn parse(input: &str) -> (Option<Sign>, Option<usize>, Option<Precision>) {
[INFO] [stdout]   |          ^^^^^ help: if this is intentional, prefix it with an underscore: `_input`
[INFO] [stdout]   |
[INFO] [stdout]   = note: `#[warn(unused_variables)]` on by default
[INFO] [stdout] 
[INFO] [stdout] 
[INFO] [stderr]    Compiling step_2_5 v0.1.0 (/opt/rustwide/workdir/2_idioms/2_5_exhaustivity)
[INFO] [stderr]    Compiling step_3 v0.1.0 (/opt/rustwide/workdir/3_ecosystem)
[INFO] [stderr]    Compiling step_2 v0.1.0 (/opt/rustwide/workdir/2_idioms)
[INFO] [stderr]    Compiling step_1 v0.1.0 (/opt/rustwide/workdir/1_concepts)
[INFO] [stderr]    Compiling step_2_2 v0.1.0 (/opt/rustwide/workdir/2_idioms/2_2_mem_replace)
[INFO] [stderr]    Compiling step_3_1 v0.1.0 (/opt/rustwide/workdir/3_ecosystem/3_1_testing)
[INFO] [stderr]    Compiling step_1_4 v0.1.0 (/opt/rustwide/workdir/1_concepts/1_4_cow)
[INFO] [stderr]    Compiling step_1_1 v0.1.0 (/opt/rustwide/workdir/1_concepts/1_1_default_clone_copy)
[INFO] [stdout] warning: fields `x` and `y` are never read
[INFO] [stdout]  --> 1_concepts/1_1_default_clone_copy/src/main.rs:3:5
[INFO] [stdout]   |
[INFO] [stdout] 2 | struct Point {
[INFO] [stdout]   |        ----- fields in this struct
[INFO] [stdout] 3 |     x: f32,
[INFO] [stdout]   |     ^
[INFO] [stdout] 4 |     y: f32,
[INFO] [stdout]   |     ^
[INFO] [stdout]   |
[INFO] [stdout]   = note: `Point` has a derived impl for the trait `Clone`, but this is intentionally ignored during dead code analysis
[INFO] [stdout]   = note: `#[warn(dead_code)]` on by default
[INFO] [stdout] 
[INFO] [stdout] 
[INFO] [stdout] warning: field `points` is never read
[INFO] [stdout]  --> 1_concepts/1_1_default_clone_copy/src/main.rs:9:5
[INFO] [stdout]   |
[INFO] [stdout] 8 | struct Polyline {
[INFO] [stdout]   |        -------- field in this struct
[INFO] [stdout] 9 |     points: Vec<Point>,
[INFO] [stdout]   |     ^^^^^^
[INFO] [stdout]   |
[INFO] [stdout]   = note: `Polyline` has a derived impl for the trait `Clone`, but this is intentionally ignored during dead code analysis
[INFO] [stdout] 
[INFO] [stdout] 
[INFO] [stderr]    Compiling step_3_3 v0.1.0 (/opt/rustwide/workdir/3_ecosystem/3_3_date_time)
[INFO] [stderr]    Compiling step_3_7 v0.1.0 (/opt/rustwide/workdir/3_ecosystem/3_7_rand_crypto)
[INFO] [stdout] warning: unused variable: `year`
[INFO] [stdout]   --> 3_ecosystem/3_3_date_time/src/main.rs:10:23
[INFO] [stdout]    |
[INFO] [stdout] 10 |     fn with_birthdate(year: i32, month: u32, day: u32) -> Self {
[INFO] [stdout]    |                       ^^^^ help: if this is intentional, prefix it with an underscore: `_year`
[INFO] [stdout]    |
[INFO] [stdout]    = note: `#[warn(unused_variables)]` on by default
[INFO] [stdout] 
[INFO] [stdout] 
[INFO] [stdout] warning: unused variable: `month`
[INFO] [stdout]   --> 3_ecosystem/3_3_date_time/src/main.rs:10:34
[INFO] [stdout]    |
[INFO] [stdout] 10 |     fn with_birthdate(year: i32, month: u32, day: u32) -> Self {
[INFO] [stdout]    |                                  ^^^^^ help: if this is intentional, prefix it with an underscore: `_month`
[INFO] [stdout] 
[INFO] [stdout] 
[INFO] [stdout] warning: unused variable: `day`
[INFO] [stdout]   --> 3_ecosystem/3_3_date_time/src/main.rs:10:46
[INFO] [stdout]    |
[INFO] [stdout] 10 |     fn with_birthdate(year: i32, month: u32, day: u32) -> Self {
[INFO] [stdout]    |                                              ^^^ help: if this is intentional, prefix it with an underscore: `_day`
[INFO] [stdout] 
[INFO] [stdout] 
[INFO] [stdout] warning: constant `NOW` is never used
[INFO] [stdout]  --> 3_ecosystem/3_3_date_time/src/main.rs:5:7
[INFO] [stdout]   |
[INFO] [stdout] 5 | const NOW: &str = "2019-06-26";
[INFO] [stdout]   |       ^^^
[INFO] [stdout]   |
[INFO] [stdout]   = note: `#[warn(dead_code)]` on by default
[INFO] [stdout] 
[INFO] [stdout] 
[INFO] [stdout] warning: method `is_adult` is never used
[INFO] [stdout]   --> 3_ecosystem/3_3_date_time/src/main.rs:20:8
[INFO] [stdout]    |
[INFO] [stdout] 9  | impl User {
[INFO] [stdout]    | --------- method in this implementation
[INFO] [stdout] ...
[INFO] [stdout] 20 |     fn is_adult(&self) -> bool {
[INFO] [stdout]    |        ^^^^^^^^
[INFO] [stdout] 
[INFO] [stdout] 
[INFO] [stdout] warning: 1 warning emitted
[INFO] [stdout] 
[INFO] [stdout] 
[INFO] [stderr]    Compiling step_3_9 v0.1.0 (/opt/rustwide/workdir/3_ecosystem/3_9_cmd_env_conf)
[INFO] [stderr]    Compiling step_1_2 v0.1.0 (/opt/rustwide/workdir/1_concepts/1_2_box_pin)
[INFO] [stdout] warning: 2 warnings emitted
[INFO] [stdout] 
[INFO] [stdout] 
[INFO] [stderr]    Compiling step_4_3 v0.1.0 (/opt/rustwide/workdir/4_backend/4_3_api)
[INFO] [stderr]    Compiling step_1_9 v0.1.0 (/opt/rustwide/workdir/1_concepts/1_9_phantom)
[INFO] [stderr]    Compiling step_2_4 v0.1.0 (/opt/rustwide/workdir/2_idioms/2_4_generic_in_type_out)
[INFO] [stderr]    Compiling step_2_6 v0.1.0 (/opt/rustwide/workdir/2_idioms/2_6_sealing)
[INFO] [stderr]    Compiling step_3_8 v0.1.0 (/opt/rustwide/workdir/3_ecosystem/3_8_log)
[INFO] [stdout] warning: 5 warnings emitted
[INFO] [stdout] 
[INFO] [stdout] 
[INFO] [stderr]     Finished test [unoptimized + debuginfo] target(s) in 5.64s
[INFO] running `Command { std: "docker" "inspect" "014166bd85b75fbd0c3660420278cc1f3415e9c33d1a666b80896eab44ac93eb", kill_on_drop: false }`
[INFO] running `Command { std: "docker" "rm" "-f" "014166bd85b75fbd0c3660420278cc1f3415e9c33d1a666b80896eab44ac93eb", kill_on_drop: false }`
[INFO] [stdout] 014166bd85b75fbd0c3660420278cc1f3415e9c33d1a666b80896eab44ac93eb
[INFO] running `Command { std: "docker" "create" "-v" "/var/lib/crater-agent-workspace/builds/worker-3-tc1/target:/opt/rustwide/target:rw,Z" "-v" "/var/lib/crater-agent-workspace/builds/worker-3-tc1/source:/opt/rustwide/workdir:ro,Z" "-v" "/var/lib/crater-agent-workspace/cargo-home:/opt/rustwide/cargo-home:ro,Z" "-v" "/var/lib/crater-agent-workspace/rustup-home:/opt/rustwide/rustup-home:ro,Z" "-e" "SOURCE_DIR=/opt/rustwide/workdir" "-e" "CARGO_TARGET_DIR=/opt/rustwide/target" "-e" "CARGO_INCREMENTAL=0" "-e" "RUST_BACKTRACE=full" "-e" "RUSTFLAGS=--cap-lints=warn" "-e" "RUSTDOCFLAGS=--cap-lints=warn" "-e" "CARGO_HOME=/opt/rustwide/cargo-home" "-e" "RUSTUP_HOME=/opt/rustwide/rustup-home" "-w" "/opt/rustwide/workdir" "-m" "1610612736" "--user" "0:0" "--network" "none" "ghcr.io/rust-lang/crates-build-env/linux@sha256:2788e3201cd34a07e3172128adcd8b3090168a8e3bcc40d7c032b9dda1df7d1c" "/opt/rustwide/cargo-home/bin/cargo" "+1.75.0" "test" "--frozen", kill_on_drop: false }`
[INFO] [stdout] 73e535aeb54b469d093d70ae4af66992cbde6db2a2be0f92bbaeaa5273956a9c
[INFO] running `Command { std: "docker" "start" "-a" "73e535aeb54b469d093d70ae4af66992cbde6db2a2be0f92bbaeaa5273956a9c", kill_on_drop: false }`
[INFO] [stderr] warning: virtual workspace defaulting to `resolver = "1"` despite one or more workspace members being on edition 2021 which implies `resolver = "2"`
[INFO] [stderr] note: to keep the current resolver, specify `workspace.resolver = "1"` in the workspace root's manifest
[INFO] [stderr] note: to use the edition 2021 resolver, specify `workspace.resolver = "2"` in the workspace root's manifest
[INFO] [stderr] note: for more details see https://doc.rust-lang.org/cargo/reference/resolver.html#resolver-versions
[INFO] [stderr] warning: fields `x` and `y` are never read
[INFO] [stderr]  --> 1_concepts/1_1_default_clone_copy/src/main.rs:3:5
[INFO] [stderr]   |
[INFO] [stderr] 2 | struct Point {
[INFO] [stderr]   |        ----- fields in this struct
[INFO] [stderr] 3 |     x: f32,
[INFO] [stderr]   |     ^
[INFO] [stderr] 4 |     y: f32,
[INFO] [stderr]   |     ^
[INFO] [stderr]   |
[INFO] [stderr]   = note: `Point` has a derived impl for the trait `Clone`, but this is intentionally ignored during dead code analysis
[INFO] [stderr]   = note: `#[warn(dead_code)]` on by default
[INFO] [stderr] 
[INFO] [stderr] warning: field `points` is never read
[INFO] [stderr]  --> 1_concepts/1_1_default_clone_copy/src/main.rs:9:5
[INFO] [stderr]   |
[INFO] [stderr] 8 | struct Polyline {
[INFO] [stderr]   |        -------- field in this struct
[INFO] [stderr] 9 |     points: Vec<Point>,
[INFO] [stderr]   |     ^^^^^^
[INFO] [stderr]   |
[INFO] [stderr]   = note: `Polyline` has a derived impl for the trait `Clone`, but this is intentionally ignored during dead code analysis
[INFO] [stderr] 
[INFO] [stderr] warning: `step_1_1` (bin "step_1_1" test) generated 2 warnings
[INFO] [stderr] warning: unused variable: `year`
[INFO] [stderr]   --> 3_ecosystem/3_3_date_time/src/main.rs:10:23
[INFO] [stderr]    |
[INFO] [stderr] 10 |     fn with_birthdate(year: i32, month: u32, day: u32) -> Self {
[INFO] [stderr]    |                       ^^^^ help: if this is intentional, prefix it with an underscore: `_year`
[INFO] [stderr]    |
[INFO] [stderr]    = note: `#[warn(unused_variables)]` on by default
[INFO] [stderr] 
[INFO] [stderr] warning: unused variable: `month`
[INFO] [stderr]   --> 3_ecosystem/3_3_date_time/src/main.rs:10:34
[INFO] [stderr]    |
[INFO] [stderr] 10 |     fn with_birthdate(year: i32, month: u32, day: u32) -> Self {
[INFO] [stderr]    |                                  ^^^^^ help: if this is intentional, prefix it with an underscore: `_month`
[INFO] [stderr] 
[INFO] [stderr] warning: unused variable: `day`
[INFO] [stderr]   --> 3_ecosystem/3_3_date_time/src/main.rs:10:46
[INFO] [stderr]    |
[INFO] [stderr] 10 |     fn with_birthdate(year: i32, month: u32, day: u32) -> Self {
[INFO] [stderr]    |                                              ^^^ help: if this is intentional, prefix it with an underscore: `_day`
[INFO] [stderr] 
[INFO] [stderr] warning: constant `NOW` is never used
[INFO] [stderr]  --> 3_ecosystem/3_3_date_time/src/main.rs:5:7
[INFO] [stderr]   |
[INFO] [stderr] 5 | const NOW: &str = "2019-06-26";
[INFO] [stderr]   |       ^^^
[INFO] [stderr]   |
[INFO] [stderr]   = note: `#[warn(dead_code)]` on by default
[INFO] [stderr] 
[INFO] [stderr] warning: method `is_adult` is never used
[INFO] [stderr]   --> 3_ecosystem/3_3_date_time/src/main.rs:20:8
[INFO] [stderr]    |
[INFO] [stderr] 9  | impl User {
[INFO] [stderr]    | --------- method in this implementation
[INFO] [stderr] ...
[INFO] [stderr] 20 |     fn is_adult(&self) -> bool {
[INFO] [stderr]    |        ^^^^^^^^
[INFO] [stderr] 
[INFO] [stderr] warning: `step_3_3` (bin "step_3_3" test) generated 5 warnings (run `cargo fix --bin "step_3_3" --tests` to apply 3 suggestions)
[INFO] [stderr] warning: unused variable: `input`
[INFO] [stderr]  --> 3_ecosystem/3_4_regex_parsing/src/main.rs:5:10
[INFO] [stderr]   |
[INFO] [stderr] 5 | fn parse(input: &str) -> (Option<Sign>, Option<usize>, Option<Precision>) {
[INFO] [stderr]   |          ^^^^^ help: if this is intentional, prefix it with an underscore: `_input`
[INFO] [stderr]   |
[INFO] [stderr]   = note: `#[warn(unused_variables)]` on by default
[INFO] [stderr] 
[INFO] [stderr] warning: `step_3_4` (bin "step_3_4" test) generated 1 warning (run `cargo fix --bin "step_3_4" --tests` to apply 1 suggestion)
[INFO] [stderr]     Finished test [unoptimized + debuginfo] target(s) in 0.26s
[INFO] [stderr]      Running unittests src/main.rs (/opt/rustwide/target/debug/deps/step_1-0b70e1f69e906278)
[INFO] [stdout] 
[INFO] [stdout] running 0 tests
[INFO] [stdout] 
[INFO] [stdout] test result: ok. 0 passed; 0 failed; 0 ignored; 0 measured; 0 filtered out; finished in 0.00s
[INFO] [stdout] 
[INFO] [stderr]      Running unittests src/main.rs (/opt/rustwide/target/debug/deps/step_1_1-a855c8a90b9965a6)
[INFO] [stdout] 
[INFO] [stdout] running 0 tests
[INFO] [stdout] 
[INFO] [stdout] test result: ok. 0 passed; 0 failed; 0 ignored; 0 measured; 0 filtered out; finished in 0.00s
[INFO] [stdout] 
[INFO] [stderr]      Running unittests src/main.rs (/opt/rustwide/target/debug/deps/step_1_2-52f79e03cc0c6537)
[INFO] [stdout] 
[INFO] [stdout] running 0 tests
[INFO] [stdout] 
[INFO] [stdout] test result: ok. 0 passed; 0 failed; 0 ignored; 0 measured; 0 filtered out; finished in 0.00s
[INFO] [stdout] 
[INFO] [stderr]      Running unittests src/main.rs (/opt/rustwide/target/debug/deps/step_1_3-0f4a3a61d186f74d)
[INFO] [stdout] 
[INFO] [stdout] running 0 tests
[INFO] [stdout] 
[INFO] [stdout] test result: ok. 0 passed; 0 failed; 0 ignored; 0 measured; 0 filtered out; finished in 0.00s
[INFO] [stdout] 
[INFO] [stderr]      Running unittests src/main.rs (/opt/rustwide/target/debug/deps/step_1_4-c6dd41fe345b88b8)
[INFO] [stdout] 
[INFO] [stdout] running 0 tests
[INFO] [stdout] 
[INFO] [stdout] test result: ok. 0 passed; 0 failed; 0 ignored; 0 measured; 0 filtered out; finished in 0.00s
[INFO] [stdout] 
[INFO] [stderr]      Running unittests src/main.rs (/opt/rustwide/target/debug/deps/step_1_5-b202fbef1aaf7449)
[INFO] [stdout] 
[INFO] [stdout] running 0 tests
[INFO] [stdout] 
[INFO] [stdout] test result: ok. 0 passed; 0 failed; 0 ignored; 0 measured; 0 filtered out; finished in 0.00s
[INFO] [stdout] 
[INFO] [stderr]      Running unittests src/main.rs (/opt/rustwide/target/debug/deps/step_1_6-bd9d0de93be53592)
[INFO] [stdout] 
[INFO] [stdout] running 0 tests
[INFO] [stdout] 
[INFO] [stdout] test result: ok. 0 passed; 0 failed; 0 ignored; 0 measured; 0 filtered out; finished in 0.00s
[INFO] [stdout] 
[INFO] [stderr]      Running unittests src/main.rs (/opt/rustwide/target/debug/deps/step_1_7-e1f65b471a6b2d9f)
[INFO] [stdout] 
[INFO] [stdout] running 0 tests
[INFO] [stdout] 
[INFO] [stdout] test result: ok. 0 passed; 0 failed; 0 ignored; 0 measured; 0 filtered out; finished in 0.00s
[INFO] [stdout] 
[INFO] [stderr]      Running unittests src/main.rs (/opt/rustwide/target/debug/deps/step_1_8-d38641aa5bec7823)
[INFO] [stdout] 
[INFO] [stdout] running 0 tests
[INFO] [stdout] 
[INFO] [stdout] test result: ok. 0 passed; 0 failed; 0 ignored; 0 measured; 0 filtered out; finished in 0.00s
[INFO] [stdout] 
[INFO] [stderr]      Running unittests src/main.rs (/opt/rustwide/target/debug/deps/step_1_9-491294eb76fc7f18)
[INFO] [stdout] 
[INFO] [stdout] running 0 tests
[INFO] [stdout] 
[INFO] [stdout] test result: ok. 0 passed; 0 failed; 0 ignored; 0 measured; 0 filtered out; finished in 0.00s
[INFO] [stdout] 
[INFO] [stderr]      Running unittests src/main.rs (/opt/rustwide/target/debug/deps/step_2-b48b15f19663e204)
[INFO] [stdout] 
[INFO] [stdout] running 0 tests
[INFO] [stdout] 
[INFO] [stdout] test result: ok. 0 passed; 0 failed; 0 ignored; 0 measured; 0 filtered out; finished in 0.00s
[INFO] [stdout] 
[INFO] [stderr]      Running unittests src/main.rs (/opt/rustwide/target/debug/deps/step_2_1-8f06c033934d0b2c)
[INFO] [stdout] 
[INFO] [stdout] running 0 tests
[INFO] [stdout] 
[INFO] [stdout] test result: ok. 0 passed; 0 failed; 0 ignored; 0 measured; 0 filtered out; finished in 0.00s
[INFO] [stdout] 
[INFO] [stderr]      Running unittests src/main.rs (/opt/rustwide/target/debug/deps/step_2_2-e1833896d5257632)
[INFO] [stdout] 
[INFO] [stdout] running 0 tests
[INFO] [stdout] 
[INFO] [stdout] test result: ok. 0 passed; 0 failed; 0 ignored; 0 measured; 0 filtered out; finished in 0.00s
[INFO] [stdout] 
[INFO] [stderr]      Running unittests src/main.rs (/opt/rustwide/target/debug/deps/step_2_3-2b8e736313e33b1b)
[INFO] [stdout] 
[INFO] [stdout] running 0 tests
[INFO] [stdout] 
[INFO] [stdout] test result: ok. 0 passed; 0 failed; 0 ignored; 0 measured; 0 filtered out; finished in 0.00s
[INFO] [stdout] 
[INFO] [stderr]      Running unittests src/main.rs (/opt/rustwide/target/debug/deps/step_2_4-288333d2afa10593)
[INFO] [stdout] 
[INFO] [stdout] running 1 test
[INFO] [stdout] test server_spec::bind::sets_provided_address_to_server ... ok
[INFO] [stdout] 
[INFO] [stdout] test result: ok. 1 passed; 0 failed; 0 ignored; 0 measured; 0 filtered out; finished in 0.00s
[INFO] [stdout] 
[INFO] [stderr]      Running unittests src/lib.rs (/opt/rustwide/target/debug/deps/step_2_5-604ada966cc41cbf)
[INFO] [stdout] 
[INFO] [stdout] running 0 tests
[INFO] [stdout] 
[INFO] [stdout] test result: ok. 0 passed; 0 failed; 0 ignored; 0 measured; 0 filtered out; finished in 0.00s
[INFO] [stdout] 
[INFO] [stderr]      Running unittests src/lib.rs (/opt/rustwide/target/debug/deps/step_2_6-3a8b0256c3b905bf)
[INFO] [stdout] 
[INFO] [stdout] running 0 tests
[INFO] [stdout] 
[INFO] [stdout] test result: ok. 0 passed; 0 failed; 0 ignored; 0 measured; 0 filtered out; finished in 0.00s
[INFO] [stdout] 
[INFO] [stderr]      Running unittests src/main.rs (/opt/rustwide/target/debug/deps/step_3-21233ac5258f8e9c)
[INFO] [stdout] 
[INFO] [stdout] running 0 tests
[INFO] [stdout] 
[INFO] [stdout] test result: ok. 0 passed; 0 failed; 0 ignored; 0 measured; 0 filtered out; finished in 0.00s
[INFO] [stdout] 
[INFO] [stderr]      Running unittests src/main.rs (/opt/rustwide/target/debug/deps/step_3_1-dc8da9b2739cba27)
[INFO] [stdout] 
[INFO] [stdout] running 0 tests
[INFO] [stdout] 
[INFO] [stdout] test result: ok. 0 passed; 0 failed; 0 ignored; 0 measured; 0 filtered out; finished in 0.00s
[INFO] [stdout] 
[INFO] [stderr]      Running unittests src/main.rs (/opt/rustwide/target/debug/deps/step_3_10-04160b67805cf405)
[INFO] [stdout] 
[INFO] [stdout] running 0 tests
[INFO] [stdout] 
[INFO] [stdout] test result: ok. 0 passed; 0 failed; 0 ignored; 0 measured; 0 filtered out; finished in 0.00s
[INFO] [stdout] 
[INFO] [stderr]      Running unittests src/main.rs (/opt/rustwide/target/debug/deps/step_3_11-4cbb9ebab1624516)
[INFO] [stdout] 
[INFO] [stdout] running 0 tests
[INFO] [stdout] 
[INFO] [stdout] test result: ok. 0 passed; 0 failed; 0 ignored; 0 measured; 0 filtered out; finished in 0.00s
[INFO] [stdout] 
[INFO] [stderr]      Running unittests src/main.rs (/opt/rustwide/target/debug/deps/step_3_2-422d7be2d90184fd)
[INFO] [stdout] 
[INFO] [stdout] running 0 tests
[INFO] [stdout] 
[INFO] [stdout] test result: ok. 0 passed; 0 failed; 0 ignored; 0 measured; 0 filtered out; finished in 0.00s
[INFO] [stdout] 
[INFO] [stderr]      Running unittests src/main.rs (/opt/rustwide/target/debug/deps/step_3_3-6fcf8a7f3b2b8fee)
[INFO] [stdout] 
[INFO] [stdout] running 2 tests
[INFO] [stdout] test age_spec::counts_age ... FAILED
[INFO] [stdout] test age_spec::zero_if_birthdate_in_future ... FAILED
[INFO] [stdout] 
[INFO] [stdout] failures:
[INFO] [stdout] 
[INFO] [stdout] ---- age_spec::counts_age stdout ----
[INFO] [stdout] thread 'age_spec::counts_age' panicked at 3_ecosystem/3_3_date_time/src/main.rs:11:9:
[INFO] [stdout] not implemented
[INFO] [stdout] stack backtrace:
[INFO] [stdout]    0:     0x55cff21a33cc - std::backtrace_rs::backtrace::libunwind::trace::ha637c64ce894333a
[INFO] [stdout]                                at /rustc/82e1608dfa6e0b5569232559e3d385fea5a93112/library/std/src/../../backtrace/src/backtrace/libunwind.rs:104:5
[INFO] [stdout]    1:     0x55cff21a33cc - std::backtrace_rs::backtrace::trace_unsynchronized::h47f62dea28e0c88d
[INFO] [stdout]                                at /rustc/82e1608dfa6e0b5569232559e3d385fea5a93112/library/std/src/../../backtrace/src/backtrace/mod.rs:66:5
[INFO] [stdout]    2:     0x55cff21a33cc - std::sys_common::backtrace::_print_fmt::h9eef0abe20ede486
[INFO] [stdout]                                at /rustc/82e1608dfa6e0b5569232559e3d385fea5a93112/library/std/src/sys_common/backtrace.rs:67:5
[INFO] [stdout]    3:     0x55cff21a33cc - <std::sys_common::backtrace::_print::DisplayBacktrace as core::fmt::Display>::fmt::hed7f999df88cc644
[INFO] [stdout]                                at /rustc/82e1608dfa6e0b5569232559e3d385fea5a93112/library/std/src/sys_common/backtrace.rs:44:22
[INFO] [stdout]    4:     0x55cff21ccf10 - core::fmt::rt::Argument::fmt::h1539a9308b8d058d
[INFO] [stdout]                                at /rustc/82e1608dfa6e0b5569232559e3d385fea5a93112/library/core/src/fmt/rt.rs:142:9
[INFO] [stdout]    5:     0x55cff21ccf10 - core::fmt::write::h3a39390d8560d9c9
[INFO] [stdout]                                at /rustc/82e1608dfa6e0b5569232559e3d385fea5a93112/library/core/src/fmt/mod.rs:1120:17
[INFO] [stdout]    6:     0x55cff21a0d7f - std::io::Write::write_fmt::h040b369f3a0f9cbc
[INFO] [stdout]                                at /rustc/82e1608dfa6e0b5569232559e3d385fea5a93112/library/std/src/io/mod.rs:1762:15
[INFO] [stdout]    7:     0x55cff21a31b4 - std::sys_common::backtrace::_print::h894006fb5c6f3d45
[INFO] [stdout]                                at /rustc/82e1608dfa6e0b5569232559e3d385fea5a93112/library/std/src/sys_common/backtrace.rs:47:5
[INFO] [stdout]    8:     0x55cff21a31b4 - std::sys_common::backtrace::print::h23a2d212c6fff936
[INFO] [stdout]                                at /rustc/82e1608dfa6e0b5569232559e3d385fea5a93112/library/std/src/sys_common/backtrace.rs:34:9
[INFO] [stdout]    9:     0x55cff21a4e77 - std::panicking::default_hook::{{closure}}::h8a1d2ee00185001a
[INFO] [stdout]   10:     0x55cff21a4b63 - std::panicking::default_hook::h6038f2eba384e475
[INFO] [stdout]                                at /rustc/82e1608dfa6e0b5569232559e3d385fea5a93112/library/std/src/panicking.rs:289:9
[INFO] [stdout]   11:     0x55cff2175577 - <alloc::boxed::Box<F,A> as core::ops::function::Fn<Args>>::call::h0ad024c9bdc6d768
[INFO] [stdout]                                at /rustc/82e1608dfa6e0b5569232559e3d385fea5a93112/library/alloc/src/boxed.rs:2021:9
[INFO] [stdout]   12:     0x55cff2175577 - test::test_main::{{closure}}::h7500b54257359db6
[INFO] [stdout]                                at /rustc/82e1608dfa6e0b5569232559e3d385fea5a93112/library/test/src/lib.rs:138:21
[INFO] [stdout]   13:     0x55cff21a5488 - <alloc::boxed::Box<F,A> as core::ops::function::Fn<Args>>::call::h1f8f335eaa9cfaee
[INFO] [stdout]                                at /rustc/82e1608dfa6e0b5569232559e3d385fea5a93112/library/alloc/src/boxed.rs:2021:9
[INFO] [stdout]   14:     0x55cff21a5488 - std::panicking::rust_panic_with_hook::h2b5517d590cab22e
[INFO] [stdout]                                at /rustc/82e1608dfa6e0b5569232559e3d385fea5a93112/library/std/src/panicking.rs:783:13
[INFO] [stdout]   15:     0x55cff21a51a9 - std::panicking::begin_panic_handler::{{closure}}::h233112c06e0ef43e
[INFO] [stdout]                                at /rustc/82e1608dfa6e0b5569232559e3d385fea5a93112/library/std/src/panicking.rs:649:13
[INFO] [stdout]   16:     0x55cff21a3896 - std::sys_common::backtrace::__rust_end_short_backtrace::h6e893f24d7ebbff8
[INFO] [stdout]                                at /rustc/82e1608dfa6e0b5569232559e3d385fea5a93112/library/std/src/sys_common/backtrace.rs:170:18
[INFO] [stdout]   17:     0x55cff21a4f42 - rust_begin_unwind
[INFO] [stdout]                                at /rustc/82e1608dfa6e0b5569232559e3d385fea5a93112/library/std/src/panicking.rs:645:5
[INFO] [stdout]   18:     0x55cff213ecf5 - core::panicking::panic_fmt::hbf0e066aabfa482c
[INFO] [stdout]                                at /rustc/82e1608dfa6e0b5569232559e3d385fea5a93112/library/core/src/panicking.rs:72:14
[INFO] [stdout]   19:     0x55cff213ed93 - core::panicking::panic::h195fc2a96298d4c3
[INFO] [stdout]                                at /rustc/82e1608dfa6e0b5569232559e3d385fea5a93112/library/core/src/panicking.rs:127:5
[INFO] [stdout]   20:     0x55cff21413ac - step_3_3::User::with_birthdate::h16003b86caefa316
[INFO] [stdout]                                at /opt/rustwide/workdir/3_ecosystem/3_3_date_time/src/main.rs:11:9
[INFO] [stdout]   21:     0x55cff2141723 - step_3_3::age_spec::counts_age::hbcfd504084463674
[INFO] [stdout]                                at /opt/rustwide/workdir/3_ecosystem/3_3_date_time/src/main.rs:38:24
[INFO] [stdout]   22:     0x55cff21413f7 - step_3_3::age_spec::counts_age::{{closure}}::h49dc56cb3ad0b3db
[INFO] [stdout]                                at /opt/rustwide/workdir/3_ecosystem/3_3_date_time/src/main.rs:30:20
[INFO] [stdout]   23:     0x55cff213fdc6 - core::ops::function::FnOnce::call_once::h6fcf727bdadbe9ff
[INFO] [stdout]                                at /rustc/82e1608dfa6e0b5569232559e3d385fea5a93112/library/core/src/ops/function.rs:250:5
[INFO] [stdout]   24:     0x55cff217abcf - core::ops::function::FnOnce::call_once::h2b5d431d5046312d
[INFO] [stdout]                                at /rustc/82e1608dfa6e0b5569232559e3d385fea5a93112/library/core/src/ops/function.rs:250:5
[INFO] [stdout]   25:     0x55cff217abcf - test::__rust_begin_short_backtrace::h7714669af176e207
[INFO] [stdout]                                at /rustc/82e1608dfa6e0b5569232559e3d385fea5a93112/library/test/src/lib.rs:628:18
[INFO] [stdout]   26:     0x55cff2179be5 - test::run_test_in_process::{{closure}}::h85218797dcbcec12
[INFO] [stdout]                                at /rustc/82e1608dfa6e0b5569232559e3d385fea5a93112/library/test/src/lib.rs:651:60
[INFO] [stdout]   27:     0x55cff2179be5 - <core::panic::unwind_safe::AssertUnwindSafe<F> as core::ops::function::FnOnce<()>>::call_once::h76c106ea31c14d7b
[INFO] [stdout]                                at /rustc/82e1608dfa6e0b5569232559e3d385fea5a93112/library/core/src/panic/unwind_safe.rs:272:9
[INFO] [stdout]   28:     0x55cff2179be5 - std::panicking::try::do_call::h3bd5d0f6620ee946
[INFO] [stdout]                                at /rustc/82e1608dfa6e0b5569232559e3d385fea5a93112/library/std/src/panicking.rs:552:40
[INFO] [stdout]   29:     0x55cff2179be5 - std::panicking::try::h232e535e4744fe31
[INFO] [stdout]                                at /rustc/82e1608dfa6e0b5569232559e3d385fea5a93112/library/std/src/panicking.rs:516:19
[INFO] [stdout]   30:     0x55cff2179be5 - std::panic::catch_unwind::h3ce3bd6ca8dbac68
[INFO] [stdout]                                at /rustc/82e1608dfa6e0b5569232559e3d385fea5a93112/library/std/src/panic.rs:142:14
[INFO] [stdout]   31:     0x55cff2179be5 - test::run_test_in_process::hc97b257c9621286a
[INFO] [stdout]                                at /rustc/82e1608dfa6e0b5569232559e3d385fea5a93112/library/test/src/lib.rs:651:27
[INFO] [stdout]   32:     0x55cff2179be5 - test::run_test::{{closure}}::h2aa798823a438d38
[INFO] [stdout]                                at /rustc/82e1608dfa6e0b5569232559e3d385fea5a93112/library/test/src/lib.rs:574:43
[INFO] [stdout]   33:     0x55cff2141ea6 - test::run_test::{{closure}}::h87d231c78fb59832
[INFO] [stdout]                                at /rustc/82e1608dfa6e0b5569232559e3d385fea5a93112/library/test/src/lib.rs:602:41
[INFO] [stdout]   34:     0x55cff2141ea6 - std::sys_common::backtrace::__rust_begin_short_backtrace::he6df152596625789
[INFO] [stdout]                                at /rustc/82e1608dfa6e0b5569232559e3d385fea5a93112/library/std/src/sys_common/backtrace.rs:154:18
[INFO] [stdout]   35:     0x55cff2146f57 - std::thread::Builder::spawn_unchecked_::{{closure}}::{{closure}}::ha94be15d1e0acf36
[INFO] [stdout]                                at /rustc/82e1608dfa6e0b5569232559e3d385fea5a93112/library/std/src/thread/mod.rs:529:17
[INFO] [stdout]   36:     0x55cff2146f57 - <core::panic::unwind_safe::AssertUnwindSafe<F> as core::ops::function::FnOnce<()>>::call_once::h9dc6bd6372f16606
[INFO] [stdout]                                at /rustc/82e1608dfa6e0b5569232559e3d385fea5a93112/library/core/src/panic/unwind_safe.rs:272:9
[INFO] [stdout]   37:     0x55cff2146f57 - std::panicking::try::do_call::h9057517f80303cd4
[INFO] [stdout]                                at /rustc/82e1608dfa6e0b5569232559e3d385fea5a93112/library/std/src/panicking.rs:552:40
[INFO] [stdout]   38:     0x55cff2146f57 - std::panicking::try::he3a30b11ee45340c
[INFO] [stdout]                                at /rustc/82e1608dfa6e0b5569232559e3d385fea5a93112/library/std/src/panicking.rs:516:19
[INFO] [stdout]   39:     0x55cff2146f57 - std::panic::catch_unwind::h410458cfd3528b8b
[INFO] [stdout]                                at /rustc/82e1608dfa6e0b5569232559e3d385fea5a93112/library/std/src/panic.rs:142:14
[INFO] [stdout]   40:     0x55cff2146f57 - std::thread::Builder::spawn_unchecked_::{{closure}}::h72ac3bdb567b737b
[INFO] [stdout]                                at /rustc/82e1608dfa6e0b5569232559e3d385fea5a93112/library/std/src/thread/mod.rs:528:30
[INFO] [stdout]   41:     0x55cff2146f57 - core::ops::function::FnOnce::call_once{{vtable.shim}}::h38f34da3654a8344
[INFO] [stdout]                                at /rustc/82e1608dfa6e0b5569232559e3d385fea5a93112/library/core/src/ops/function.rs:250:5
[INFO] [stdout]   42:     0x55cff21a9f15 - <alloc::boxed::Box<F,A> as core::ops::function::FnOnce<Args>>::call_once::hc7eafaff61e32df9
[INFO] [stdout]                                at /rustc/82e1608dfa6e0b5569232559e3d385fea5a93112/library/alloc/src/boxed.rs:2007:9
[INFO] [stdout]   43:     0x55cff21a9f15 - <alloc::boxed::Box<F,A> as core::ops::function::FnOnce<Args>>::call_once::h6ba4a5de48dd2304
[INFO] [stdout]                                at /rustc/82e1608dfa6e0b5569232559e3d385fea5a93112/library/alloc/src/boxed.rs:2007:9
[INFO] [stdout]   44:     0x55cff21a9f15 - std::sys::unix::thread::Thread::new::thread_start::he469335aef763e45
[INFO] [stdout]                                at /rustc/82e1608dfa6e0b5569232559e3d385fea5a93112/library/std/src/sys/unix/thread.rs:108:17
[INFO] [stdout]   45:     0x7f6fd95c0ac3 - <unknown>
[INFO] [stdout]   46:     0x7f6fd9651bf4 - __clone
[INFO] [stdout]   47:                0x0 - <unknown>
[INFO] [stdout] 
[INFO] [stdout] ---- age_spec::zero_if_birthdate_in_future stdout ----
[INFO] [stdout] thread 'age_spec::zero_if_birthdate_in_future' panicked at 3_ecosystem/3_3_date_time/src/main.rs:11:9:
[INFO] [stdout] not implemented
[INFO] [stdout] stack backtrace:
[INFO] [stdout]    0:     0x55cff21a33cc - std::backtrace_rs::backtrace::libunwind::trace::ha637c64ce894333a
[INFO] [stdout]                                at /rustc/82e1608dfa6e0b5569232559e3d385fea5a93112/library/std/src/../../backtrace/src/backtrace/libunwind.rs:104:5
[INFO] [stdout]    1:     0x55cff21a33cc - std::backtrace_rs::backtrace::trace_unsynchronized::h47f62dea28e0c88d
[INFO] [stdout]                                at /rustc/82e1608dfa6e0b5569232559e3d385fea5a93112/library/std/src/../../backtrace/src/backtrace/mod.rs:66:5
[INFO] [stdout]    2:     0x55cff21a33cc - std::sys_common::backtrace::_print_fmt::h9eef0abe20ede486
[INFO] [stdout]                                at /rustc/82e1608dfa6e0b5569232559e3d385fea5a93112/library/std/src/sys_common/backtrace.rs:67:5
[INFO] [stdout]    3:     0x55cff21a33cc - <std::sys_common::backtrace::_print::DisplayBacktrace as core::fmt::Display>::fmt::hed7f999df88cc644
[INFO] [stdout]                                at /rustc/82e1608dfa6e0b5569232559e3d385fea5a93112/library/std/src/sys_common/backtrace.rs:44:22
[INFO] [stdout]    4:     0x55cff21ccf10 - core::fmt::rt::Argument::fmt::h1539a9308b8d058d
[INFO] [stdout]                                at /rustc/82e1608dfa6e0b5569232559e3d385fea5a93112/library/core/src/fmt/rt.rs:142:9
[INFO] [stdout]    5:     0x55cff21ccf10 - core::fmt::write::h3a39390d8560d9c9
[INFO] [stdout]                                at /rustc/82e1608dfa6e0b5569232559e3d385fea5a93112/library/core/src/fmt/mod.rs:1120:17
[INFO] [stdout]    6:     0x55cff21a0d7f - std::io::Write::write_fmt::h040b369f3a0f9cbc
[INFO] [stdout]                                at /rustc/82e1608dfa6e0b5569232559e3d385fea5a93112/library/std/src/io/mod.rs:1762:15
[INFO] [stdout]    7:     0x55cff21a31b4 - std::sys_common::backtrace::_print::h894006fb5c6f3d45
[INFO] [stdout]                                at /rustc/82e1608dfa6e0b5569232559e3d385fea5a93112/library/std/src/sys_common/backtrace.rs:47:5
[INFO] [stdout]    8:     0x55cff21a31b4 - std::sys_common::backtrace::print::h23a2d212c6fff936
[INFO] [stdout]                                at /rustc/82e1608dfa6e0b5569232559e3d385fea5a93112/library/std/src/sys_common/backtrace.rs:34:9
[INFO] [stdout]    9:     0x55cff21a4e77 - std::panicking::default_hook::{{closure}}::h8a1d2ee00185001a
[INFO] [stdout]   10:     0x55cff21a4b63 - std::panicking::default_hook::h6038f2eba384e475
[INFO] [stdout]                                at /rustc/82e1608dfa6e0b5569232559e3d385fea5a93112/library/std/src/panicking.rs:289:9
[INFO] [stdout]   11:     0x55cff2175577 - <alloc::boxed::Box<F,A> as core::ops::function::Fn<Args>>::call::h0ad024c9bdc6d768
[INFO] [stdout]                                at /rustc/82e1608dfa6e0b5569232559e3d385fea5a93112/library/alloc/src/boxed.rs:2021:9
[INFO] [stdout]   12:     0x55cff2175577 - test::test_main::{{closure}}::h7500b54257359db6
[INFO] [stdout]                                at /rustc/82e1608dfa6e0b5569232559e3d385fea5a93112/library/test/src/lib.rs:138:21
[INFO] [stdout]   13:     0x55cff21a5488 - <alloc::boxed::Box<F,A> as core::ops::function::Fn<Args>>::call::h1f8f335eaa9cfaee
[INFO] [stdout]                                at /rustc/82e1608dfa6e0b5569232559e3d385fea5a93112/library/alloc/src/boxed.rs:2021:9
[INFO] [stdout]   14:     0x55cff21a5488 - std::panicking::rust_panic_with_hook::h2b5517d590cab22e
[INFO] [stdout]                                at /rustc/82e1608dfa6e0b5569232559e3d385fea5a93112/library/std/src/panicking.rs:783:13
[INFO] [stdout]   15:     0x55cff21a51a9 - std::panicking::begin_panic_handler::{{closure}}::h233112c06e0ef43e
[INFO] [stdout]                                at /rustc/82e1608dfa6e0b5569232559e3d385fea5a93112/library/std/src/panicking.rs:649:13
[INFO] [stdout]   16:     0x55cff21a3896 - std::sys_common::backtrace::__rust_end_short_backtrace::h6e893f24d7ebbff8
[INFO] [stdout]                                at /rustc/82e1608dfa6e0b5569232559e3d385fea5a93112/library/std/src/sys_common/backtrace.rs:170:18
[INFO] [stdout]   17:     0x55cff21a4f42 - rust_begin_unwind
[INFO] [stdout]                                at /rustc/82e1608dfa6e0b5569232559e3d385fea5a93112/library/std/src/panicking.rs:645:5
[INFO] [stdout]   18:     0x55cff213ecf5 - core::panicking::panic_fmt::hbf0e066aabfa482c
[INFO] [stdout]                                at /rustc/82e1608dfa6e0b5569232559e3d385fea5a93112/library/core/src/panicking.rs:72:14
[INFO] [stdout]   19:     0x55cff213ed93 - core::panicking::panic::h195fc2a96298d4c3
[INFO] [stdout]                                at /rustc/82e1608dfa6e0b5569232559e3d385fea5a93112/library/core/src/panicking.rs:127:5
[INFO] [stdout]   20:     0x55cff21413ac - step_3_3::User::with_birthdate::h16003b86caefa316
[INFO] [stdout]                                at /opt/rustwide/workdir/3_ecosystem/3_3_date_time/src/main.rs:11:9
[INFO] [stdout]   21:     0x55cff2141adf - step_3_3::age_spec::zero_if_birthdate_in_future::h20c974ad382bfb3b
[INFO] [stdout]                                at /opt/rustwide/workdir/3_ecosystem/3_3_date_time/src/main.rs:51:24
[INFO] [stdout]   22:     0x55cff2141817 - step_3_3::age_spec::zero_if_birthdate_in_future::{{closure}}::haad83043e2e3ad4b
[INFO] [stdout]                                at /opt/rustwide/workdir/3_ecosystem/3_3_date_time/src/main.rs:44:37
[INFO] [stdout]   23:     0x55cff213fd86 - core::ops::function::FnOnce::call_once::h12b85409410e4fc8
[INFO] [stdout]                                at /rustc/82e1608dfa6e0b5569232559e3d385fea5a93112/library/core/src/ops/function.rs:250:5
[INFO] [stdout]   24:     0x55cff217abcf - core::ops::function::FnOnce::call_once::h2b5d431d5046312d
[INFO] [stdout]                                at /rustc/82e1608dfa6e0b5569232559e3d385fea5a93112/library/core/src/ops/function.rs:250:5
[INFO] [stdout]   25:     0x55cff217abcf - test::__rust_begin_short_backtrace::h7714669af176e207
[INFO] [stdout]                                at /rustc/82e1608dfa6e0b5569232559e3d385fea5a93112/library/test/src/lib.rs:628:18
[INFO] [stdout]   26:     0x55cff2179be5 - test::run_test_in_process::{{closure}}::h85218797dcbcec12
[INFO] [stdout]                                at /rustc/82e1608dfa6e0b5569232559e3d385fea5a93112/library/test/src/lib.rs:651:60
[INFO] [stdout]   27:     0x55cff2179be5 - <core::panic::unwind_safe::AssertUnwindSafe<F> as core::ops::function::FnOnce<()>>::call_once::h76c106ea31c14d7b
[INFO] [stdout]                                at /rustc/82e1608dfa6e0b5569232559e3d385fea5a93112/library/core/src/panic/unwind_safe.rs:272:9
[INFO] [stdout]   28:     0x55cff2179be5 - std::panicking::try::do_call::h3bd5d0f6620ee946
[INFO] [stdout]                                at /rustc/82e1608dfa6e0b5569232559e3d385fea5a93112/library/std/src/panicking.rs:552:40
[INFO] [stdout]   29:     0x55cff2179be5 - std::panicking::try::h232e535e4744fe31
[INFO] [stdout]                                at /rustc/82e1608dfa6e0b5569232559e3d385fea5a93112/library/std/src/panicking.rs:516:19
[INFO] [stdout]   30:     0x55cff2179be5 - std::panic::catch_unwind::h3ce3bd6ca8dbac68
[INFO] [stdout]                                at /rustc/82e1608dfa6e0b5569232559e3d385fea5a93112/library/std/src/panic.rs:142:14
[INFO] [stdout]   31:     0x55cff2179be5 - test::run_test_in_process::hc97b257c9621286a
[INFO] [stdout]                                at /rustc/82e1608dfa6e0b5569232559e3d385fea5a93112/library/test/src/lib.rs:651:27
[INFO] [stdout]   32:     0x55cff2179be5 - test::run_test::{{closure}}::h2aa798823a438d38
[INFO] [stdout]                                at /rustc/82e1608dfa6e0b5569232559e3d385fea5a93112/library/test/src/lib.rs:574:43
[INFO] [stdout]   33:     0x55cff2141ea6 - test::run_test::{{closure}}::h87d231c78fb59832
[INFO] [stdout]                                at /rustc/82e1608dfa6e0b5569232559e3d385fea5a93112/library/test/src/lib.rs:602:41
[INFO] [stdout]   34:     0x55cff2141ea6 - std::sys_common::backtrace::__rust_begin_short_backtrace::he6df152596625789
[INFO] [stdout]                                at /rustc/82e1608dfa6e0b5569232559e3d385fea5a93112/library/std/src/sys_common/backtrace.rs:154:18
[INFO] [stdout]   35:     0x55cff2146f57 - std::thread::Builder::spawn_unchecked_::{{closure}}::{{closure}}::ha94be15d1e0acf36
[INFO] [stdout]                                at /rustc/82e1608dfa6e0b5569232559e3d385fea5a93112/library/std/src/thread/mod.rs:529:17
[INFO] [stdout]   36:     0x55cff2146f57 - <core::panic::unwind_safe::AssertUnwindSafe<F> as core::ops::function::FnOnce<()>>::call_once::h9dc6bd6372f16606
[INFO] [stdout]                                at /rustc/82e1608dfa6e0b5569232559e3d385fea5a93112/library/core/src/panic/unwind_safe.rs:272:9
[INFO] [stdout]   37:     0x55cff2146f57 - std::panicking::try::do_call::h9057517f80303cd4
[INFO] [stdout]                                at /rustc/82e1608dfa6e0b5569232559e3d385fea5a93112/library/std/src/panicking.rs:552:40
[INFO] [stdout]   38:     0x55cff2146f57 - std::panicking::try::he3a30b11ee45340c
[INFO] [stdout]                                at /rustc/82e1608dfa6e0b5569232559e3d385fea5a93112/library/std/src/panicking.rs:516:19
[INFO] [stdout]   39:     0x55cff2146f57 - std::panic::catch_unwind::h410458cfd3528b8b
[INFO] [stdout]                                at /rustc/82e1608dfa6e0b5569232559e3d385fea5a93112/library/std/src/panic.rs:142:14
[INFO] [stdout]   40:     0x55cff2146f57 - std::thread::Builder::spawn_unchecked_::{{closure}}::h72ac3bdb567b737b
[INFO] [stdout]                                at /rustc/82e1608dfa6e0b5569232559e3d385fea5a93112/library/std/src/thread/mod.rs:528:30
[INFO] [stdout]   41:     0x55cff2146f57 - core::ops::function::FnOnce::call_once{{vtable.shim}}::h38f34da3654a8344
[INFO] [stdout]                                at /rustc/82e1608dfa6e0b5569232559e3d385fea5a93112/library/core/src/ops/function.rs:250:5
[INFO] [stdout]   42:     0x55cff21a9f15 - <alloc::boxed::Box<F,A> as core::ops::function::FnOnce<Args>>::call_once::hc7eafaff61e32df9
[INFO] [stdout]                                at /rustc/82e1608dfa6e0b5569232559e3d385fea5a93112/library/alloc/src/boxed.rs:2007:9
[INFO] [stdout]   43:     0x55cff21a9f15 - <alloc::boxed::Box<F,A> as core::ops::function::FnOnce<Args>>::call_once::h6ba4a5de48dd2304
[INFO] [stdout]                                at /rustc/82e1608dfa6e0b5569232559e3d385fea5a93112/library/alloc/src/boxed.rs:2007:9
[INFO] [stdout]   44:     0x55cff21a9f15 - std::sys::unix::thread::Thread::new::thread_start::he469335aef763e45
[INFO] [stdout]                                at /rustc/82e1608dfa6e0b5569232559e3d385fea5a93112/library/std/src/sys/unix/thread.rs:108:17
[INFO] [stdout]   45:     0x7f6fd95c0ac3 - <unknown>
[INFO] [stdout]   46:     0x7f6fd9651bf4 - __clone
[INFO] [stdout]   47:                0x0 - <unknown>
[INFO] [stdout] 
[INFO] [stdout] 
[INFO] [stdout] failures:
[INFO] [stdout]     age_spec::counts_age
[INFO] [stdout]     age_spec::zero_if_birthdate_in_future
[INFO] [stdout] 
[INFO] [stdout] test result: FAILED. 0 passed; 2 failed; 0 ignored; 0 measured; 0 filtered out; finished in 0.01s
[INFO] [stdout] 
[INFO] [stderr] error: test failed, to rerun pass `-p step_3_3 --bin step_3_3`
[INFO] running `Command { std: "docker" "inspect" "73e535aeb54b469d093d70ae4af66992cbde6db2a2be0f92bbaeaa5273956a9c", kill_on_drop: false }`
[INFO] running `Command { std: "docker" "rm" "-f" "73e535aeb54b469d093d70ae4af66992cbde6db2a2be0f92bbaeaa5273956a9c", kill_on_drop: false }`
[INFO] [stdout] 73e535aeb54b469d093d70ae4af66992cbde6db2a2be0f92bbaeaa5273956a9c
