[INFO] cloning repository https://github.com/antoineviscardi/advent-of-code-2022
[INFO] running `Command { std: "git" "-c" "credential.helper=" "-c" "credential.helper=/workspace/cargo-home/bin/git-credential-null" "clone" "--bare" "https://github.com/antoineviscardi/advent-of-code-2022" "/workspace/cache/git-repos/https%3A%2F%2Fgithub.com%2Fantoineviscardi%2Fadvent-of-code-2022", kill_on_drop: false }`
[INFO] [stderr] Cloning into bare repository '/workspace/cache/git-repos/https%3A%2F%2Fgithub.com%2Fantoineviscardi%2Fadvent-of-code-2022'...
[INFO] running `Command { std: "git" "rev-parse" "HEAD", kill_on_drop: false }`
[INFO] [stdout] 73e18a8cc216627f1640706b969805fe7b551ac9
[INFO] testing antoineviscardi/advent-of-code-2022 against 1.75.0 for beta-1.76-1
[INFO] running `Command { std: "git" "clone" "/workspace/cache/git-repos/https%3A%2F%2Fgithub.com%2Fantoineviscardi%2Fadvent-of-code-2022" "/workspace/builds/worker-5-tc1/source", kill_on_drop: false }`
[INFO] [stderr] Cloning into '/workspace/builds/worker-5-tc1/source'...
[INFO] [stderr] done.
[INFO] validating manifest of git repo https://github.com/antoineviscardi/advent-of-code-2022 on toolchain 1.75.0
[INFO] running `Command { std: CARGO_HOME="/workspace/cargo-home" RUSTUP_HOME="/workspace/rustup-home" "/workspace/cargo-home/bin/cargo" "+1.75.0" "metadata" "--manifest-path" "Cargo.toml" "--no-deps", kill_on_drop: false }`
[INFO] started tweaking git repo https://github.com/antoineviscardi/advent-of-code-2022
[INFO] finished tweaking git repo https://github.com/antoineviscardi/advent-of-code-2022
[INFO] tweaked toml for git repo https://github.com/antoineviscardi/advent-of-code-2022 written to /workspace/builds/worker-5-tc1/source/Cargo.toml
[INFO] crate git repo https://github.com/antoineviscardi/advent-of-code-2022 already has a lockfile, it will not be regenerated
[INFO] running `Command { std: CARGO_HOME="/workspace/cargo-home" RUSTUP_HOME="/workspace/rustup-home" "/workspace/cargo-home/bin/cargo" "+1.75.0" "fetch" "--manifest-path" "Cargo.toml", kill_on_drop: false }`
[INFO] running `Command { std: "docker" "create" "-v" "/var/lib/crater-agent-workspace/builds/worker-5-tc1/target:/opt/rustwide/target:rw,Z" "-v" "/var/lib/crater-agent-workspace/builds/worker-5-tc1/source:/opt/rustwide/workdir:ro,Z" "-v" "/var/lib/crater-agent-workspace/cargo-home:/opt/rustwide/cargo-home:ro,Z" "-v" "/var/lib/crater-agent-workspace/rustup-home:/opt/rustwide/rustup-home:ro,Z" "-e" "SOURCE_DIR=/opt/rustwide/workdir" "-e" "CARGO_TARGET_DIR=/opt/rustwide/target" "-e" "CARGO_HOME=/opt/rustwide/cargo-home" "-e" "RUSTUP_HOME=/opt/rustwide/rustup-home" "-w" "/opt/rustwide/workdir" "-m" "1610612736" "--user" "0:0" "--network" "none" "ghcr.io/rust-lang/crates-build-env/linux@sha256:2788e3201cd34a07e3172128adcd8b3090168a8e3bcc40d7c032b9dda1df7d1c" "/opt/rustwide/cargo-home/bin/cargo" "+1.75.0" "metadata" "--no-deps" "--format-version=1", kill_on_drop: false }`
[INFO] [stdout] babd1c9c0fbfa23048c2cb58631eefd753e9e0abd82f05e4c763fa08c260a91f
[INFO] running `Command { std: "docker" "start" "-a" "babd1c9c0fbfa23048c2cb58631eefd753e9e0abd82f05e4c763fa08c260a91f", kill_on_drop: false }`
[INFO] running `Command { std: "docker" "inspect" "babd1c9c0fbfa23048c2cb58631eefd753e9e0abd82f05e4c763fa08c260a91f", kill_on_drop: false }`
[INFO] running `Command { std: "docker" "rm" "-f" "babd1c9c0fbfa23048c2cb58631eefd753e9e0abd82f05e4c763fa08c260a91f", kill_on_drop: false }`
[INFO] [stdout] babd1c9c0fbfa23048c2cb58631eefd753e9e0abd82f05e4c763fa08c260a91f
[INFO] running `Command { std: "docker" "create" "-v" "/var/lib/crater-agent-workspace/builds/worker-5-tc1/target:/opt/rustwide/target:rw,Z" "-v" "/var/lib/crater-agent-workspace/builds/worker-5-tc1/source:/opt/rustwide/workdir:ro,Z" "-v" "/var/lib/crater-agent-workspace/cargo-home:/opt/rustwide/cargo-home:ro,Z" "-v" "/var/lib/crater-agent-workspace/rustup-home:/opt/rustwide/rustup-home:ro,Z" "-e" "SOURCE_DIR=/opt/rustwide/workdir" "-e" "CARGO_TARGET_DIR=/opt/rustwide/target" "-e" "CARGO_INCREMENTAL=0" "-e" "RUST_BACKTRACE=full" "-e" "RUSTFLAGS=--cap-lints=warn" "-e" "RUSTDOCFLAGS=--cap-lints=warn" "-e" "CARGO_HOME=/opt/rustwide/cargo-home" "-e" "RUSTUP_HOME=/opt/rustwide/rustup-home" "-w" "/opt/rustwide/workdir" "-m" "1610612736" "--user" "0:0" "--network" "none" "ghcr.io/rust-lang/crates-build-env/linux@sha256:2788e3201cd34a07e3172128adcd8b3090168a8e3bcc40d7c032b9dda1df7d1c" "/opt/rustwide/cargo-home/bin/cargo" "+1.75.0" "build" "--frozen" "--message-format=json", kill_on_drop: false }`
[INFO] [stdout] ef9d97457870bd8639d96fecde259ea3838704c2f775ee63af5f68d485df6b37
[INFO] running `Command { std: "docker" "start" "-a" "ef9d97457870bd8639d96fecde259ea3838704c2f775ee63af5f68d485df6b37", kill_on_drop: false }`
[INFO] [stderr]    Compiling advent-of-code-2022 v0.1.0 (/opt/rustwide/workdir)
[INFO] [stdout] warning: unused variable: `input`
[INFO] [stdout]   --> src/challenges/day7/mod.rs:11:18
[INFO] [stdout]    |
[INFO] [stdout] 11 | pub fn solve_pt2(input: &str) -> String {
[INFO] [stdout]    |                  ^^^^^ help: if this is intentional, prefix it with an underscore: `_input`
[INFO] [stdout]    |
[INFO] [stdout]    = note: `#[warn(unused_variables)]` on by default
[INFO] [stdout] 
[INFO] [stdout] 
[INFO] [stdout] warning: struct `Filesystem` is never constructed
[INFO] [stdout]  --> src/challenges/day7/filesystem.rs:1:8
[INFO] [stdout]   |
[INFO] [stdout] 1 | struct Filesystem {
[INFO] [stdout]   |        ^^^^^^^^^^
[INFO] [stdout]   |
[INFO] [stdout]   = note: `#[warn(dead_code)]` on by default
[INFO] [stdout] 
[INFO] [stdout] 
[INFO] [stdout] warning: struct `Directory` is never constructed
[INFO] [stdout]  --> src/challenges/day7/filesystem.rs:5:8
[INFO] [stdout]   |
[INFO] [stdout] 5 | struct Directory {
[INFO] [stdout]   |        ^^^^^^^^^
[INFO] [stdout] 
[INFO] [stdout] 
[INFO] [stdout] warning: struct `File` is never constructed
[INFO] [stdout]   --> src/challenges/day7/filesystem.rs:11:8
[INFO] [stdout]    |
[INFO] [stdout] 11 | struct File {
[INFO] [stdout]    |        ^^^^
[INFO] [stdout] 
[INFO] [stdout] 
[INFO] [stdout] warning: associated function `new` is never used
[INFO] [stdout]   --> src/challenges/day7/filesystem.rs:17:12
[INFO] [stdout]    |
[INFO] [stdout] 16 | impl Filesystem {
[INFO] [stdout]    | --------------- associated function in this implementation
[INFO] [stdout] 17 |     pub fn new() -> Self {
[INFO] [stdout]    |            ^^^
[INFO] [stdout] 
[INFO] [stdout] 
[INFO] [stdout] warning: associated items `new` and `compute_size` are never used
[INFO] [stdout]   --> src/challenges/day7/filesystem.rs:24:12
[INFO] [stdout]    |
[INFO] [stdout] 23 | impl Directory {
[INFO] [stdout]    | -------------- associated items in this implementation
[INFO] [stdout] 24 |     pub fn new(name: String) -> Self {
[INFO] [stdout]    |            ^^^
[INFO] [stdout] ...
[INFO] [stdout] 32 |     pub fn compute_size(&self) -> u32 {
[INFO] [stdout]    |            ^^^^^^^^^^^^
[INFO] [stdout] 
[INFO] [stdout] 
[INFO] [stdout] warning: using `.clone()` on a double reference, which returns `&[Elf]` instead of cloning the inner type
[INFO] [stdout]   --> src/challenges/day1.rs:23:49
[INFO] [stdout]    |
[INFO] [stdout] 23 |           let mut elves_calories: Vec<u32> = elves
[INFO] [stdout]    |  _________________________________________________^
[INFO] [stdout] 24 | |             .clone()
[INFO] [stdout]    | |____________________^
[INFO] [stdout]    |
[INFO] [stdout]    = note: `#[warn(suspicious_double_ref_op)]` on by default
[INFO] [stdout] 
[INFO] [stdout] 
[INFO] [stdout] warning: 7 warnings emitted
[INFO] [stdout] 
[INFO] [stdout] 
[INFO] [stderr]     Finished dev [unoptimized + debuginfo] target(s) in 1.17s
[INFO] running `Command { std: "docker" "inspect" "ef9d97457870bd8639d96fecde259ea3838704c2f775ee63af5f68d485df6b37", kill_on_drop: false }`
[INFO] running `Command { std: "docker" "rm" "-f" "ef9d97457870bd8639d96fecde259ea3838704c2f775ee63af5f68d485df6b37", kill_on_drop: false }`
[INFO] [stdout] ef9d97457870bd8639d96fecde259ea3838704c2f775ee63af5f68d485df6b37
[INFO] running `Command { std: "docker" "create" "-v" "/var/lib/crater-agent-workspace/builds/worker-5-tc1/target:/opt/rustwide/target:rw,Z" "-v" "/var/lib/crater-agent-workspace/builds/worker-5-tc1/source:/opt/rustwide/workdir:ro,Z" "-v" "/var/lib/crater-agent-workspace/cargo-home:/opt/rustwide/cargo-home:ro,Z" "-v" "/var/lib/crater-agent-workspace/rustup-home:/opt/rustwide/rustup-home:ro,Z" "-e" "SOURCE_DIR=/opt/rustwide/workdir" "-e" "CARGO_TARGET_DIR=/opt/rustwide/target" "-e" "CARGO_INCREMENTAL=0" "-e" "RUST_BACKTRACE=full" "-e" "RUSTFLAGS=--cap-lints=warn" "-e" "RUSTDOCFLAGS=--cap-lints=warn" "-e" "CARGO_HOME=/opt/rustwide/cargo-home" "-e" "RUSTUP_HOME=/opt/rustwide/rustup-home" "-w" "/opt/rustwide/workdir" "-m" "1610612736" "--user" "0:0" "--network" "none" "ghcr.io/rust-lang/crates-build-env/linux@sha256:2788e3201cd34a07e3172128adcd8b3090168a8e3bcc40d7c032b9dda1df7d1c" "/opt/rustwide/cargo-home/bin/cargo" "+1.75.0" "test" "--frozen" "--no-run" "--message-format=json", kill_on_drop: false }`
[INFO] [stdout] f9403e1b35055234aad2e478f42b608bb0e84b46b18068a2c8828ba245938079
[INFO] running `Command { std: "docker" "start" "-a" "f9403e1b35055234aad2e478f42b608bb0e84b46b18068a2c8828ba245938079", kill_on_drop: false }`
[INFO] [stderr]    Compiling proc-macro2 v1.0.47
[INFO] [stderr]    Compiling unicode-ident v1.0.5
[INFO] [stderr]    Compiling quote v1.0.21
[INFO] [stderr]    Compiling version_check v0.9.4
[INFO] [stderr]    Compiling syn v1.0.105
[INFO] [stderr]    Compiling autocfg v1.1.0
[INFO] [stderr]    Compiling libc v0.2.138
[INFO] [stderr]    Compiling crossbeam-utils v0.8.14
[INFO] [stderr]    Compiling cfg-if v1.0.0
[INFO] [stderr]    Compiling proc-macro-hack v0.5.19
[INFO] [stderr]    Compiling strsim v0.9.3
[INFO] [stderr]    Compiling standback v0.2.17
[INFO] [stderr]    Compiling memoffset v0.7.1
[INFO] [stderr]    Compiling crossbeam-epoch v0.9.13
[INFO] [stderr]    Compiling fnv v1.0.7
[INFO] [stderr]    Compiling ident_case v1.0.1
[INFO] [stderr]    Compiling scopeguard v1.1.0
[INFO] [stderr]    Compiling const_fn v0.4.9
[INFO] [stderr]    Compiling rayon-core v1.10.1
[INFO] [stderr]    Compiling crossbeam-channel v0.5.6
[INFO] [stderr]    Compiling time v0.2.27
[INFO] [stderr]    Compiling derive_builder v0.9.0
[INFO] [stderr]    Compiling num_cpus v1.14.0
[INFO] [stderr]    Compiling crossbeam-deque v0.8.2
[INFO] [stderr]    Compiling atty v0.2.14
[INFO] [stderr]    Compiling lazy_static v1.4.0
[INFO] [stderr]    Compiling either v1.8.0
[INFO] [stdout] warning: unused variable: `input`
[INFO] [stdout]   --> src/challenges/day7/mod.rs:11:18
[INFO] [stdout]    |
[INFO] [stdout] 11 | pub fn solve_pt2(input: &str) -> String {
[INFO] [stdout]    |                  ^^^^^ help: if this is intentional, prefix it with an underscore: `_input`
[INFO] [stdout]    |
[INFO] [stdout]    = note: `#[warn(unused_variables)]` on by default
[INFO] [stdout] 
[INFO] [stdout] 
[INFO] [stdout] warning: struct `Filesystem` is never constructed
[INFO] [stdout]  --> src/challenges/day7/filesystem.rs:1:8
[INFO] [stdout]   |
[INFO] [stdout] 1 | struct Filesystem {
[INFO] [stdout]   |        ^^^^^^^^^^
[INFO] [stdout]   |
[INFO] [stdout]   = note: `#[warn(dead_code)]` on by default
[INFO] [stdout] 
[INFO] [stdout] 
[INFO] [stdout] warning: struct `Directory` is never constructed
[INFO] [stdout]  --> src/challenges/day7/filesystem.rs:5:8
[INFO] [stdout]   |
[INFO] [stdout] 5 | struct Directory {
[INFO] [stdout]   |        ^^^^^^^^^
[INFO] [stdout] 
[INFO] [stdout] 
[INFO] [stdout] warning: struct `File` is never constructed
[INFO] [stdout]   --> src/challenges/day7/filesystem.rs:11:8
[INFO] [stdout]    |
[INFO] [stdout] 11 | struct File {
[INFO] [stdout]    |        ^^^^
[INFO] [stdout] 
[INFO] [stdout] 
[INFO] [stdout] warning: associated function `new` is never used
[INFO] [stdout]   --> src/challenges/day7/filesystem.rs:17:12
[INFO] [stdout]    |
[INFO] [stdout] 16 | impl Filesystem {
[INFO] [stdout]    | --------------- associated function in this implementation
[INFO] [stdout] 17 |     pub fn new() -> Self {
[INFO] [stdout]    |            ^^^
[INFO] [stdout] 
[INFO] [stdout] 
[INFO] [stdout] warning: associated items `new` and `compute_size` are never used
[INFO] [stdout]   --> src/challenges/day7/filesystem.rs:24:12
[INFO] [stdout]    |
[INFO] [stdout] 23 | impl Directory {
[INFO] [stdout]    | -------------- associated items in this implementation
[INFO] [stdout] 24 |     pub fn new(name: String) -> Self {
[INFO] [stdout]    |            ^^^
[INFO] [stdout] ...
[INFO] [stdout] 32 |     pub fn compute_size(&self) -> u32 {
[INFO] [stdout]    |            ^^^^^^^^^^^^
[INFO] [stdout] 
[INFO] [stdout] 
[INFO] [stdout] warning: using `.clone()` on a double reference, which returns `&[Elf]` instead of cloning the inner type
[INFO] [stdout]   --> src/challenges/day1.rs:23:49
[INFO] [stdout]    |
[INFO] [stdout] 23 |           let mut elves_calories: Vec<u32> = elves
[INFO] [stdout]    |  _________________________________________________^
[INFO] [stdout] 24 | |             .clone()
[INFO] [stdout]    | |____________________^
[INFO] [stdout]    |
[INFO] [stdout]    = note: `#[warn(suspicious_double_ref_op)]` on by default
[INFO] [stdout] 
[INFO] [stdout] 
[INFO] [stdout] warning: 7 warnings emitted
[INFO] [stdout] 
[INFO] [stdout] 
[INFO] [stderr]    Compiling colored v2.0.0
[INFO] [stderr]    Compiling rayon v1.6.1
[INFO] [stderr]    Compiling darling_core v0.10.2
[INFO] [stderr]    Compiling time-macros-impl v0.1.2
[INFO] [stderr]    Compiling derive-new v0.5.9
[INFO] [stderr]    Compiling darling_macro v0.10.2
[INFO] [stderr]    Compiling time-macros v0.1.1
[INFO] [stderr]    Compiling darling v0.10.2
[INFO] [stderr]    Compiling derive_builder_core v0.9.0
[INFO] [stderr]    Compiling rspec v1.0.0
[INFO] [stderr]    Compiling advent-of-code-2022 v0.1.0 (/opt/rustwide/workdir)
[INFO] [stdout] warning: unused variable: `input`
[INFO] [stdout]   --> src/challenges/day7/mod.rs:11:18
[INFO] [stdout]    |
[INFO] [stdout] 11 | pub fn solve_pt2(input: &str) -> String {
[INFO] [stdout]    |                  ^^^^^ help: if this is intentional, prefix it with an underscore: `_input`
[INFO] [stdout]    |
[INFO] [stdout]    = note: `#[warn(unused_variables)]` on by default
[INFO] [stdout] 
[INFO] [stdout] 
[INFO] [stdout] warning: struct `Filesystem` is never constructed
[INFO] [stdout]  --> src/challenges/day7/filesystem.rs:1:8
[INFO] [stdout]   |
[INFO] [stdout] 1 | struct Filesystem {
[INFO] [stdout]   |        ^^^^^^^^^^
[INFO] [stdout]   |
[INFO] [stdout]   = note: `#[warn(dead_code)]` on by default
[INFO] [stdout] 
[INFO] [stdout] 
[INFO] [stdout] warning: struct `Directory` is never constructed
[INFO] [stdout]  --> src/challenges/day7/filesystem.rs:5:8
[INFO] [stdout]   |
[INFO] [stdout] 5 | struct Directory {
[INFO] [stdout]   |        ^^^^^^^^^
[INFO] [stdout] 
[INFO] [stdout] 
[INFO] [stdout] warning: struct `File` is never constructed
[INFO] [stdout]   --> src/challenges/day7/filesystem.rs:11:8
[INFO] [stdout]    |
[INFO] [stdout] 11 | struct File {
[INFO] [stdout]    |        ^^^^
[INFO] [stdout] 
[INFO] [stdout] 
[INFO] [stdout] warning: associated function `new` is never used
[INFO] [stdout]   --> src/challenges/day7/filesystem.rs:17:12
[INFO] [stdout]    |
[INFO] [stdout] 16 | impl Filesystem {
[INFO] [stdout]    | --------------- associated function in this implementation
[INFO] [stdout] 17 |     pub fn new() -> Self {
[INFO] [stdout]    |            ^^^
[INFO] [stdout] 
[INFO] [stdout] 
[INFO] [stdout] warning: associated items `new` and `compute_size` are never used
[INFO] [stdout]   --> src/challenges/day7/filesystem.rs:24:12
[INFO] [stdout]    |
[INFO] [stdout] 23 | impl Directory {
[INFO] [stdout]    | -------------- associated items in this implementation
[INFO] [stdout] 24 |     pub fn new(name: String) -> Self {
[INFO] [stdout]    |            ^^^
[INFO] [stdout] ...
[INFO] [stdout] 32 |     pub fn compute_size(&self) -> u32 {
[INFO] [stdout]    |            ^^^^^^^^^^^^
[INFO] [stdout] 
[INFO] [stdout] 
[INFO] [stdout] warning: using `.clone()` on a double reference, which returns `&[Elf]` instead of cloning the inner type
[INFO] [stdout]   --> src/challenges/day1.rs:23:49
[INFO] [stdout]    |
[INFO] [stdout] 23 |           let mut elves_calories: Vec<u32> = elves
[INFO] [stdout]    |  _________________________________________________^
[INFO] [stdout] 24 | |             .clone()
[INFO] [stdout]    | |____________________^
[INFO] [stdout]    |
[INFO] [stdout]    = note: `#[warn(suspicious_double_ref_op)]` on by default
[INFO] [stdout] 
[INFO] [stdout] 
[INFO] [stdout] warning: 7 warnings emitted
[INFO] [stdout] 
[INFO] [stdout] 
[INFO] [stderr]     Finished test [unoptimized + debuginfo] target(s) in 13.48s
[INFO] running `Command { std: "docker" "inspect" "f9403e1b35055234aad2e478f42b608bb0e84b46b18068a2c8828ba245938079", kill_on_drop: false }`
[INFO] running `Command { std: "docker" "rm" "-f" "f9403e1b35055234aad2e478f42b608bb0e84b46b18068a2c8828ba245938079", kill_on_drop: false }`
[INFO] [stdout] f9403e1b35055234aad2e478f42b608bb0e84b46b18068a2c8828ba245938079
[INFO] running `Command { std: "docker" "create" "-v" "/var/lib/crater-agent-workspace/builds/worker-5-tc1/target:/opt/rustwide/target:rw,Z" "-v" "/var/lib/crater-agent-workspace/builds/worker-5-tc1/source:/opt/rustwide/workdir:ro,Z" "-v" "/var/lib/crater-agent-workspace/cargo-home:/opt/rustwide/cargo-home:ro,Z" "-v" "/var/lib/crater-agent-workspace/rustup-home:/opt/rustwide/rustup-home:ro,Z" "-e" "SOURCE_DIR=/opt/rustwide/workdir" "-e" "CARGO_TARGET_DIR=/opt/rustwide/target" "-e" "CARGO_INCREMENTAL=0" "-e" "RUST_BACKTRACE=full" "-e" "RUSTFLAGS=--cap-lints=warn" "-e" "RUSTDOCFLAGS=--cap-lints=warn" "-e" "CARGO_HOME=/opt/rustwide/cargo-home" "-e" "RUSTUP_HOME=/opt/rustwide/rustup-home" "-w" "/opt/rustwide/workdir" "-m" "1610612736" "--user" "0:0" "--network" "none" "ghcr.io/rust-lang/crates-build-env/linux@sha256:2788e3201cd34a07e3172128adcd8b3090168a8e3bcc40d7c032b9dda1df7d1c" "/opt/rustwide/cargo-home/bin/cargo" "+1.75.0" "test" "--frozen", kill_on_drop: false }`
[INFO] [stdout] e3df647d9bf85cab373e9319a57f705522e079adac03b999fe75f226f11ca3de
[INFO] running `Command { std: "docker" "start" "-a" "e3df647d9bf85cab373e9319a57f705522e079adac03b999fe75f226f11ca3de", kill_on_drop: false }`
[INFO] [stderr] warning: unused variable: `input`
[INFO] [stderr]   --> src/challenges/day7/mod.rs:11:18
[INFO] [stderr]    |
[INFO] [stderr] 11 | pub fn solve_pt2(input: &str) -> String {
[INFO] [stderr]    |                  ^^^^^ help: if this is intentional, prefix it with an underscore: `_input`
[INFO] [stderr]    |
[INFO] [stderr]    = note: `#[warn(unused_variables)]` on by default
[INFO] [stderr] 
[INFO] [stderr] warning: struct `Filesystem` is never constructed
[INFO] [stderr]  --> src/challenges/day7/filesystem.rs:1:8
[INFO] [stderr]   |
[INFO] [stderr] 1 | struct Filesystem {
[INFO] [stderr]   |        ^^^^^^^^^^
[INFO] [stderr]   |
[INFO] [stderr]   = note: `#[warn(dead_code)]` on by default
[INFO] [stderr] 
[INFO] [stderr] warning: struct `Directory` is never constructed
[INFO] [stderr]  --> src/challenges/day7/filesystem.rs:5:8
[INFO] [stderr]   |
[INFO] [stderr] 5 | struct Directory {
[INFO] [stderr]   |        ^^^^^^^^^
[INFO] [stderr] 
[INFO] [stderr] warning: struct `File` is never constructed
[INFO] [stderr]   --> src/challenges/day7/filesystem.rs:11:8
[INFO] [stderr]    |
[INFO] [stderr] 11 | struct File {
[INFO] [stderr]    |        ^^^^
[INFO] [stderr] 
[INFO] [stderr] warning: associated function `new` is never used
[INFO] [stderr]   --> src/challenges/day7/filesystem.rs:17:12
[INFO] [stderr]    |
[INFO] [stderr] 16 | impl Filesystem {
[INFO] [stderr]    | --------------- associated function in this implementation
[INFO] [stderr] 17 |     pub fn new() -> Self {
[INFO] [stderr]    |            ^^^
[INFO] [stderr] 
[INFO] [stderr] warning: associated items `new` and `compute_size` are never used
[INFO] [stderr]   --> src/challenges/day7/filesystem.rs:24:12
[INFO] [stderr]    |
[INFO] [stderr] 23 | impl Directory {
[INFO] [stderr]    | -------------- associated items in this implementation
[INFO] [stderr] 24 |     pub fn new(name: String) -> Self {
[INFO] [stderr]    |            ^^^
[INFO] [stderr] ...
[INFO] [stderr] 32 |     pub fn compute_size(&self) -> u32 {
[INFO] [stderr]    |            ^^^^^^^^^^^^
[INFO] [stderr] 
[INFO] [stderr] warning: using `.clone()` on a double reference, which returns `&[Elf]` instead of cloning the inner type
[INFO] [stderr]   --> src/challenges/day1.rs:23:49
[INFO] [stderr]    |
[INFO] [stderr] 23 |           let mut elves_calories: Vec<u32> = elves
[INFO] [stderr]    |  _________________________________________________^
[INFO] [stderr] 24 | |             .clone()
[INFO] [stderr]    | |____________________^
[INFO] [stderr]    |
[INFO] [stderr]    = note: `#[warn(suspicious_double_ref_op)]` on by default
[INFO] [stderr] 
[INFO] [stderr] warning: `advent-of-code-2022` (lib) generated 7 warnings (run `cargo fix --lib -p advent-of-code-2022` to apply 1 suggestion)
[INFO] [stderr] warning: `advent-of-code-2022` (lib test) generated 7 warnings (7 duplicates)
[INFO] [stderr]     Finished test [unoptimized + debuginfo] target(s) in 0.06s
[INFO] [stderr]      Running unittests src/lib.rs (/opt/rustwide/target/debug/deps/advent_of_code_2022-8018847cc2b44339)
[INFO] [stdout] 
[INFO] [stdout] running 21 tests
[INFO] [stdout] test challenges::day4::tests::solve_pt1::it_should_generate_the_correct_result ... ok
[INFO] [stdout] test challenges::day4::tests::solve_pt2::it_should_generate_the_correct_result ... ok
[INFO] [stdout] test challenges::day4::section::tests::has_full_overlap_with::it_should_return_false_if_there_is_no_full_overlap ... ok
[INFO] [stdout] test challenges::day4::section::tests::has_overlap_with::it_should_return_true_if_there_id_overlap ... ok
[INFO] [stdout] test challenges::day5::movement::tests::test_execute_crane_9001 ... ok
[INFO] [stdout] test challenges::day4::section::tests::has_full_overlap_with::it_should_return_true_if_self_fully_overlaps_other ... ok
[INFO] [stdout] test challenges::day5::movement::tests::test_execute_crane_9000 ... ok
[INFO] [stdout] test challenges::day5::tests::test_solve_pt1 ... ok
[INFO] [stdout] test challenges::day5::pile::tests::test_parse_input_line ... ok
[INFO] [stdout] test challenges::day5::tests::test_solve_pt2 ... ok
[INFO] [stdout] test challenges::day4::section::tests::from_input_string::it_should_properly_parse_the_string ... ok
[INFO] [stdout] test challenges::day4::section::tests::has_overlap_with::it_should_return_false_if_there_is_no_overlap ... ok
[INFO] [stdout] test challenges::day6::signal::tests::test_is_marker ... ok
[INFO] [stdout] test challenges::day6::tests::test_solve_pt1 ... ok
[INFO] [stdout] test challenges::day4::section::tests::has_full_overlap_with::it_should_return_true_if_other_fully_overlaps_self ... ok
[INFO] [stdout] test challenges::day5::pile::tests::test_from_input ... ok
[INFO] [stdout] test challenges::day6::signal::tests::test_find_start_marker ... ok
[INFO] [stdout] test challenges::day5::movement::tests::test_parse ... ok
[INFO] [stdout] test challenges::day7::tests::test_solve_pt2 ... ok
[INFO] [stdout] test challenges::day6::tests::test_solve_pt2 ... ok
[INFO] [stderr] error: test failed, to rerun pass `--lib`
[INFO] [stdout] test challenges::day7::tests::test_solve_pt1 ... FAILED
[INFO] [stdout] 
[INFO] [stdout] failures:
[INFO] [stdout] 
[INFO] [stdout] ---- challenges::day7::tests::test_solve_pt1 stdout ----
[INFO] [stdout] $ cd /
[INFO] [stdout] $ ls
[INFO] [stdout] dir a
[INFO] [stdout] 14848514 b.txt
[INFO] [stdout] 8504156 c.dat
[INFO] [stdout] dir d
[INFO] [stdout] $ cd a
[INFO] [stdout] $ ls
[INFO] [stdout] dir e
[INFO] [stdout] 29116 f
[INFO] [stdout] 2557 g
[INFO] [stdout] 62596 h.lst
[INFO] [stdout] $ cd e
[INFO] [stdout] $ ls
[INFO] [stdout] 584 i
[INFO] [stdout] $ cd ..
[INFO] [stdout] $ cd ..
[INFO] [stdout] $ cd d
[INFO] [stdout] $ ls
[INFO] [stdout] 4060174 j
[INFO] [stdout] 8033020 d.log
[INFO] [stdout] 5626152 d.ext
[INFO] [stdout] 7214296 k
[INFO] [stdout] thread 'challenges::day7::tests::test_solve_pt1' panicked at src/challenges/day7/mod.rs:24:9:
[INFO] [stdout] assertion `left == right` failed
[INFO] [stdout]   left: ""
[INFO] [stdout]  right: "95437"
[INFO] [stdout] stack backtrace:
[INFO] [stdout]    0:     0x5635b6118a7c - std::backtrace_rs::backtrace::libunwind::trace::ha637c64ce894333a
[INFO] [stdout]                                at /rustc/82e1608dfa6e0b5569232559e3d385fea5a93112/library/std/src/../../backtrace/src/backtrace/libunwind.rs:104:5
[INFO] [stdout]    1:     0x5635b6118a7c - std::backtrace_rs::backtrace::trace_unsynchronized::h47f62dea28e0c88d
[INFO] [stdout]                                at /rustc/82e1608dfa6e0b5569232559e3d385fea5a93112/library/std/src/../../backtrace/src/backtrace/mod.rs:66:5
[INFO] [stdout]    2:     0x5635b6118a7c - std::sys_common::backtrace::_print_fmt::h9eef0abe20ede486
[INFO] [stdout]                                at /rustc/82e1608dfa6e0b5569232559e3d385fea5a93112/library/std/src/sys_common/backtrace.rs:67:5
[INFO] [stdout]    3:     0x5635b6118a7c - <std::sys_common::backtrace::_print::DisplayBacktrace as core::fmt::Display>::fmt::hed7f999df88cc644
[INFO] [stdout]                                at /rustc/82e1608dfa6e0b5569232559e3d385fea5a93112/library/std/src/sys_common/backtrace.rs:44:22
[INFO] [stdout]    4:     0x5635b61425c0 - core::fmt::rt::Argument::fmt::h1539a9308b8d058d
[INFO] [stdout]                                at /rustc/82e1608dfa6e0b5569232559e3d385fea5a93112/library/core/src/fmt/rt.rs:142:9
[INFO] [stdout]    5:     0x5635b61425c0 - core::fmt::write::h3a39390d8560d9c9
[INFO] [stdout]                                at /rustc/82e1608dfa6e0b5569232559e3d385fea5a93112/library/core/src/fmt/mod.rs:1120:17
[INFO] [stdout]    6:     0x5635b611642f - std::io::Write::write_fmt::h040b369f3a0f9cbc
[INFO] [stdout]                                at /rustc/82e1608dfa6e0b5569232559e3d385fea5a93112/library/std/src/io/mod.rs:1762:15
[INFO] [stdout]    7:     0x5635b6118864 - std::sys_common::backtrace::_print::h894006fb5c6f3d45
[INFO] [stdout]                                at /rustc/82e1608dfa6e0b5569232559e3d385fea5a93112/library/std/src/sys_common/backtrace.rs:47:5
[INFO] [stdout]    8:     0x5635b6118864 - std::sys_common::backtrace::print::h23a2d212c6fff936
[INFO] [stdout]                                at /rustc/82e1608dfa6e0b5569232559e3d385fea5a93112/library/std/src/sys_common/backtrace.rs:34:9
[INFO] [stdout]    9:     0x5635b611a527 - std::panicking::default_hook::{{closure}}::h8a1d2ee00185001a
[INFO] [stdout]   10:     0x5635b611a213 - std::panicking::default_hook::h6038f2eba384e475
[INFO] [stdout]                                at /rustc/82e1608dfa6e0b5569232559e3d385fea5a93112/library/std/src/panicking.rs:289:9
[INFO] [stdout]   11:     0x5635b60ea667 - <alloc::boxed::Box<F,A> as core::ops::function::Fn<Args>>::call::h0ad024c9bdc6d768
[INFO] [stdout]                                at /rustc/82e1608dfa6e0b5569232559e3d385fea5a93112/library/alloc/src/boxed.rs:2021:9
[INFO] [stdout]   12:     0x5635b60ea667 - test::test_main::{{closure}}::h7500b54257359db6
[INFO] [stdout]                                at /rustc/82e1608dfa6e0b5569232559e3d385fea5a93112/library/test/src/lib.rs:138:21
[INFO] [stdout]   13:     0x5635b611ab38 - <alloc::boxed::Box<F,A> as core::ops::function::Fn<Args>>::call::h1f8f335eaa9cfaee
[INFO] [stdout]                                at /rustc/82e1608dfa6e0b5569232559e3d385fea5a93112/library/alloc/src/boxed.rs:2021:9
[INFO] [stdout]   14:     0x5635b611ab38 - std::panicking::rust_panic_with_hook::h2b5517d590cab22e
[INFO] [stdout]                                at /rustc/82e1608dfa6e0b5569232559e3d385fea5a93112/library/std/src/panicking.rs:783:13
[INFO] [stdout]   15:     0x5635b611a88e - std::panicking::begin_panic_handler::{{closure}}::h233112c06e0ef43e
[INFO] [stdout]                                at /rustc/82e1608dfa6e0b5569232559e3d385fea5a93112/library/std/src/panicking.rs:657:13
[INFO] [stdout]   16:     0x5635b6118f46 - std::sys_common::backtrace::__rust_end_short_backtrace::h6e893f24d7ebbff8
[INFO] [stdout]                                at /rustc/82e1608dfa6e0b5569232559e3d385fea5a93112/library/std/src/sys_common/backtrace.rs:170:18
[INFO] [stdout]   17:     0x5635b611a5f2 - rust_begin_unwind
[INFO] [stdout]                                at /rustc/82e1608dfa6e0b5569232559e3d385fea5a93112/library/std/src/panicking.rs:645:5
[INFO] [stdout]   18:     0x5635b6093d75 - core::panicking::panic_fmt::hbf0e066aabfa482c
[INFO] [stdout]                                at /rustc/82e1608dfa6e0b5569232559e3d385fea5a93112/library/core/src/panicking.rs:72:14
[INFO] [stdout]   19:     0x5635b609418b - core::panicking::assert_failed_inner::h0bba8b7c26ee4492
[INFO] [stdout]   20:     0x5635b60a92e2 - core::panicking::assert_failed::h9a24a14d981b0b37
[INFO] [stdout]                                at /rustc/82e1608dfa6e0b5569232559e3d385fea5a93112/library/core/src/panicking.rs:279:5
[INFO] [stdout]   21:     0x5635b60aabe6 - advent_of_code_2022::challenges::day7::tests::test_solve_pt1::h0e7a6f5087eb065a
[INFO] [stdout]                                at /opt/rustwide/workdir/src/challenges/day7/mod.rs:24:9
[INFO] [stdout]   22:     0x5635b60aaa87 - advent_of_code_2022::challenges::day7::tests::test_solve_pt1::{{closure}}::he34057df6d67e29d
[INFO] [stdout]                                at /opt/rustwide/workdir/src/challenges/day7/mod.rs:21:24
[INFO] [stdout]   23:     0x5635b60b45d6 - core::ops::function::FnOnce::call_once::ha3190bc28046bf85
[INFO] [stdout]                                at /rustc/82e1608dfa6e0b5569232559e3d385fea5a93112/library/core/src/ops/function.rs:250:5
[INFO] [stdout]   24:     0x5635b60efcbf - core::ops::function::FnOnce::call_once::h2b5d431d5046312d
[INFO] [stdout]                                at /rustc/82e1608dfa6e0b5569232559e3d385fea5a93112/library/core/src/ops/function.rs:250:5
[INFO] [stdout]   25:     0x5635b60efcbf - test::__rust_begin_short_backtrace::h7714669af176e207
[INFO] [stdout]                                at /rustc/82e1608dfa6e0b5569232559e3d385fea5a93112/library/test/src/lib.rs:628:18
[INFO] [stdout]   26:     0x5635b60eecd5 - test::run_test_in_process::{{closure}}::h85218797dcbcec12
[INFO] [stdout]                                at /rustc/82e1608dfa6e0b5569232559e3d385fea5a93112/library/test/src/lib.rs:651:60
[INFO] [stdout]   27:     0x5635b60eecd5 - <core::panic::unwind_safe::AssertUnwindSafe<F> as core::ops::function::FnOnce<()>>::call_once::h76c106ea31c14d7b
[INFO] [stdout]                                at /rustc/82e1608dfa6e0b5569232559e3d385fea5a93112/library/core/src/panic/unwind_safe.rs:272:9
[INFO] [stdout]   28:     0x5635b60eecd5 - std::panicking::try::do_call::h3bd5d0f6620ee946
[INFO] [stdout]                                at /rustc/82e1608dfa6e0b5569232559e3d385fea5a93112/library/std/src/panicking.rs:552:40
[INFO] [stdout]   29:     0x5635b60eecd5 - std::panicking::try::h232e535e4744fe31
[INFO] [stdout]                                at /rustc/82e1608dfa6e0b5569232559e3d385fea5a93112/library/std/src/panicking.rs:516:19
[INFO] [stdout]   30:     0x5635b60eecd5 - std::panic::catch_unwind::h3ce3bd6ca8dbac68
[INFO] [stdout]                                at /rustc/82e1608dfa6e0b5569232559e3d385fea5a93112/library/std/src/panic.rs:142:14
[INFO] [stdout]   31:     0x5635b60eecd5 - test::run_test_in_process::hc97b257c9621286a
[INFO] [stdout]                                at /rustc/82e1608dfa6e0b5569232559e3d385fea5a93112/library/test/src/lib.rs:651:27
[INFO] [stdout]   32:     0x5635b60eecd5 - test::run_test::{{closure}}::h2aa798823a438d38
[INFO] [stdout]                                at /rustc/82e1608dfa6e0b5569232559e3d385fea5a93112/library/test/src/lib.rs:574:43
[INFO] [stdout]   33:     0x5635b60b6f96 - test::run_test::{{closure}}::h87d231c78fb59832
[INFO] [stdout]                                at /rustc/82e1608dfa6e0b5569232559e3d385fea5a93112/library/test/src/lib.rs:602:41
[INFO] [stdout]   34:     0x5635b60b6f96 - std::sys_common::backtrace::__rust_begin_short_backtrace::he6df152596625789
[INFO] [stdout]                                at /rustc/82e1608dfa6e0b5569232559e3d385fea5a93112/library/std/src/sys_common/backtrace.rs:154:18
[INFO] [stdout]   35:     0x5635b60bc047 - std::thread::Builder::spawn_unchecked_::{{closure}}::{{closure}}::ha94be15d1e0acf36
[INFO] [stdout]                                at /rustc/82e1608dfa6e0b5569232559e3d385fea5a93112/library/std/src/thread/mod.rs:529:17
[INFO] [stdout]   36:     0x5635b60bc047 - <core::panic::unwind_safe::AssertUnwindSafe<F> as core::ops::function::FnOnce<()>>::call_once::h9dc6bd6372f16606
[INFO] [stdout]                                at /rustc/82e1608dfa6e0b5569232559e3d385fea5a93112/library/core/src/panic/unwind_safe.rs:272:9
[INFO] [stdout]   37:     0x5635b60bc047 - std::panicking::try::do_call::h9057517f80303cd4
[INFO] [stdout]                                at /rustc/82e1608dfa6e0b5569232559e3d385fea5a93112/library/std/src/panicking.rs:552:40
[INFO] [stdout]   38:     0x5635b60bc047 - std::panicking::try::he3a30b11ee45340c
[INFO] [stdout]                                at /rustc/82e1608dfa6e0b5569232559e3d385fea5a93112/library/std/src/panicking.rs:516:19
[INFO] [stdout]   39:     0x5635b60bc047 - std::panic::catch_unwind::h410458cfd3528b8b
[INFO] [stdout]                                at /rustc/82e1608dfa6e0b5569232559e3d385fea5a93112/library/std/src/panic.rs:142:14
[INFO] [stdout]   40:     0x5635b60bc047 - std::thread::Builder::spawn_unchecked_::{{closure}}::h72ac3bdb567b737b
[INFO] [stdout]                                at /rustc/82e1608dfa6e0b5569232559e3d385fea5a93112/library/std/src/thread/mod.rs:528:30
[INFO] [stdout]   41:     0x5635b60bc047 - core::ops::function::FnOnce::call_once{{vtable.shim}}::h38f34da3654a8344
[INFO] [stdout]                                at /rustc/82e1608dfa6e0b5569232559e3d385fea5a93112/library/core/src/ops/function.rs:250:5
[INFO] [stdout]   42:     0x5635b611f5c5 - <alloc::boxed::Box<F,A> as core::ops::function::FnOnce<Args>>::call_once::hc7eafaff61e32df9
[INFO] [stdout]                                at /rustc/82e1608dfa6e0b5569232559e3d385fea5a93112/library/alloc/src/boxed.rs:2007:9
[INFO] [stdout]   43:     0x5635b611f5c5 - <alloc::boxed::Box<F,A> as core::ops::function::FnOnce<Args>>::call_once::h6ba4a5de48dd2304
[INFO] [stdout]                                at /rustc/82e1608dfa6e0b5569232559e3d385fea5a93112/library/alloc/src/boxed.rs:2007:9
[INFO] [stdout]   44:     0x5635b611f5c5 - std::sys::unix::thread::Thread::new::thread_start::he469335aef763e45
[INFO] [stdout]                                at /rustc/82e1608dfa6e0b5569232559e3d385fea5a93112/library/std/src/sys/unix/thread.rs:108:17
[INFO] [stdout]   45:     0x7f6e4ad1dac3 - <unknown>
[INFO] [stdout]   46:     0x7f6e4adaebf4 - __clone
[INFO] [stdout]   47:                0x0 - <unknown>
[INFO] [stdout] 
[INFO] [stdout] 
[INFO] [stdout] failures:
[INFO] [stdout]     challenges::day7::tests::test_solve_pt1
[INFO] [stdout] 
[INFO] [stdout] test result: FAILED. 20 passed; 1 failed; 0 ignored; 0 measured; 0 filtered out; finished in 0.05s
[INFO] [stdout] 
[INFO] running `Command { std: "docker" "inspect" "e3df647d9bf85cab373e9319a57f705522e079adac03b999fe75f226f11ca3de", kill_on_drop: false }`
[INFO] running `Command { std: "docker" "rm" "-f" "e3df647d9bf85cab373e9319a57f705522e079adac03b999fe75f226f11ca3de", kill_on_drop: false }`
[INFO] [stdout] e3df647d9bf85cab373e9319a57f705522e079adac03b999fe75f226f11ca3de
[INFO] testing antoineviscardi/advent-of-code-2022 against beta-2023-12-22 for beta-1.76-1
[INFO] running `Command { std: "git" "clone" "/workspace/cache/git-repos/https%3A%2F%2Fgithub.com%2Fantoineviscardi%2Fadvent-of-code-2022" "/workspace/builds/worker-5-tc2/source", kill_on_drop: false }`
[INFO] [stderr] Cloning into '/workspace/builds/worker-5-tc2/source'...
[INFO] [stderr] done.
[INFO] validating manifest of git repo https://github.com/antoineviscardi/advent-of-code-2022 on toolchain beta-2023-12-22
[INFO] running `Command { std: CARGO_HOME="/workspace/cargo-home" RUSTUP_HOME="/workspace/rustup-home" "/workspace/cargo-home/bin/cargo" "+beta-2023-12-22" "metadata" "--manifest-path" "Cargo.toml" "--no-deps", kill_on_drop: false }`
[INFO] started tweaking git repo https://github.com/antoineviscardi/advent-of-code-2022
[INFO] finished tweaking git repo https://github.com/antoineviscardi/advent-of-code-2022
[INFO] tweaked toml for git repo https://github.com/antoineviscardi/advent-of-code-2022 written to /workspace/builds/worker-5-tc2/source/Cargo.toml
[INFO] crate git repo https://github.com/antoineviscardi/advent-of-code-2022 already has a lockfile, it will not be regenerated
[INFO] running `Command { std: CARGO_HOME="/workspace/cargo-home" RUSTUP_HOME="/workspace/rustup-home" "/workspace/cargo-home/bin/cargo" "+beta-2023-12-22" "fetch" "--manifest-path" "Cargo.toml", kill_on_drop: false }`
[INFO] running `Command { std: "docker" "create" "-v" "/var/lib/crater-agent-workspace/builds/worker-5-tc2/target:/opt/rustwide/target:rw,Z" "-v" "/var/lib/crater-agent-workspace/builds/worker-5-tc2/source:/opt/rustwide/workdir:ro,Z" "-v" "/var/lib/crater-agent-workspace/cargo-home:/opt/rustwide/cargo-home:ro,Z" "-v" "/var/lib/crater-agent-workspace/rustup-home:/opt/rustwide/rustup-home:ro,Z" "-e" "SOURCE_DIR=/opt/rustwide/workdir" "-e" "CARGO_TARGET_DIR=/opt/rustwide/target" "-e" "CARGO_HOME=/opt/rustwide/cargo-home" "-e" "RUSTUP_HOME=/opt/rustwide/rustup-home" "-w" "/opt/rustwide/workdir" "-m" "1610612736" "--user" "0:0" "--network" "none" "ghcr.io/rust-lang/crates-build-env/linux@sha256:2788e3201cd34a07e3172128adcd8b3090168a8e3bcc40d7c032b9dda1df7d1c" "/opt/rustwide/cargo-home/bin/cargo" "+beta-2023-12-22" "metadata" "--no-deps" "--format-version=1", kill_on_drop: false }`
[INFO] [stdout] 85851a5eb1b258497b53c86d3521a9087f33e7c3fca940431f92497dcd700c82
[INFO] running `Command { std: "docker" "start" "-a" "85851a5eb1b258497b53c86d3521a9087f33e7c3fca940431f92497dcd700c82", kill_on_drop: false }`
[INFO] running `Command { std: "docker" "inspect" "85851a5eb1b258497b53c86d3521a9087f33e7c3fca940431f92497dcd700c82", kill_on_drop: false }`
[INFO] running `Command { std: "docker" "rm" "-f" "85851a5eb1b258497b53c86d3521a9087f33e7c3fca940431f92497dcd700c82", kill_on_drop: false }`
[INFO] [stdout] 85851a5eb1b258497b53c86d3521a9087f33e7c3fca940431f92497dcd700c82
[INFO] running `Command { std: "docker" "create" "-v" "/var/lib/crater-agent-workspace/builds/worker-5-tc2/target:/opt/rustwide/target:rw,Z" "-v" "/var/lib/crater-agent-workspace/builds/worker-5-tc2/source:/opt/rustwide/workdir:ro,Z" "-v" "/var/lib/crater-agent-workspace/cargo-home:/opt/rustwide/cargo-home:ro,Z" "-v" "/var/lib/crater-agent-workspace/rustup-home:/opt/rustwide/rustup-home:ro,Z" "-e" "SOURCE_DIR=/opt/rustwide/workdir" "-e" "CARGO_TARGET_DIR=/opt/rustwide/target" "-e" "CARGO_INCREMENTAL=0" "-e" "RUST_BACKTRACE=full" "-e" "RUSTFLAGS=--cap-lints=warn" "-e" "RUSTDOCFLAGS=--cap-lints=warn" "-e" "CARGO_HOME=/opt/rustwide/cargo-home" "-e" "RUSTUP_HOME=/opt/rustwide/rustup-home" "-w" "/opt/rustwide/workdir" "-m" "1610612736" "--user" "0:0" "--network" "none" "ghcr.io/rust-lang/crates-build-env/linux@sha256:2788e3201cd34a07e3172128adcd8b3090168a8e3bcc40d7c032b9dda1df7d1c" "/opt/rustwide/cargo-home/bin/cargo" "+beta-2023-12-22" "build" "--frozen" "--message-format=json", kill_on_drop: false }`
[INFO] [stdout] 8b39ab87219678a777cd6cfd9d6a7d2c0d083240ea811dc3d492067627542a13
[INFO] running `Command { std: "docker" "start" "-a" "8b39ab87219678a777cd6cfd9d6a7d2c0d083240ea811dc3d492067627542a13", kill_on_drop: false }`
[INFO] [stderr]    Compiling advent-of-code-2022 v0.1.0 (/opt/rustwide/workdir)
[INFO] [stdout] warning: unused variable: `input`
[INFO] [stdout]   --> src/challenges/day7/mod.rs:11:18
[INFO] [stdout]    |
[INFO] [stdout] 11 | pub fn solve_pt2(input: &str) -> String {
[INFO] [stdout]    |                  ^^^^^ help: if this is intentional, prefix it with an underscore: `_input`
[INFO] [stdout]    |
[INFO] [stdout]    = note: `#[warn(unused_variables)]` on by default
[INFO] [stdout] 
[INFO] [stdout] 
[INFO] [stdout] warning: struct `Filesystem` is never constructed
[INFO] [stdout]  --> src/challenges/day7/filesystem.rs:1:8
[INFO] [stdout]   |
[INFO] [stdout] 1 | struct Filesystem {
[INFO] [stdout]   |        ^^^^^^^^^^
[INFO] [stdout]   |
[INFO] [stdout]   = note: `#[warn(dead_code)]` on by default
[INFO] [stdout] 
[INFO] [stdout] 
[INFO] [stdout] warning: struct `Directory` is never constructed
[INFO] [stdout]  --> src/challenges/day7/filesystem.rs:5:8
[INFO] [stdout]   |
[INFO] [stdout] 5 | struct Directory {
[INFO] [stdout]   |        ^^^^^^^^^
[INFO] [stdout] 
[INFO] [stdout] 
[INFO] [stdout] warning: struct `File` is never constructed
[INFO] [stdout]   --> src/challenges/day7/filesystem.rs:11:8
[INFO] [stdout]    |
[INFO] [stdout] 11 | struct File {
[INFO] [stdout]    |        ^^^^
[INFO] [stdout] 
[INFO] [stdout] 
[INFO] [stdout] warning: associated function `new` is never used
[INFO] [stdout]   --> src/challenges/day7/filesystem.rs:17:12
[INFO] [stdout]    |
[INFO] [stdout] 16 | impl Filesystem {
[INFO] [stdout]    | --------------- associated function in this implementation
[INFO] [stdout] 17 |     pub fn new() -> Self {
[INFO] [stdout]    |            ^^^
[INFO] [stdout] 
[INFO] [stdout] 
[INFO] [stdout] warning: associated items `new` and `compute_size` are never used
[INFO] [stdout]   --> src/challenges/day7/filesystem.rs:24:12
[INFO] [stdout]    |
[INFO] [stdout] 23 | impl Directory {
[INFO] [stdout]    | -------------- associated items in this implementation
[INFO] [stdout] 24 |     pub fn new(name: String) -> Self {
[INFO] [stdout]    |            ^^^
[INFO] [stdout] ...
[INFO] [stdout] 32 |     pub fn compute_size(&self) -> u32 {
[INFO] [stdout]    |            ^^^^^^^^^^^^
[INFO] [stdout] 
[INFO] [stdout] 
[INFO] [stdout] warning: using `.clone()` on a double reference, which returns `&[Elf]` instead of cloning the inner type
[INFO] [stdout]   --> src/challenges/day1.rs:23:49
[INFO] [stdout]    |
[INFO] [stdout] 23 |           let mut elves_calories: Vec<u32> = elves
[INFO] [stdout]    |  _________________________________________________^
[INFO] [stdout] 24 | |             .clone()
[INFO] [stdout]    | |____________________^
[INFO] [stdout]    |
[INFO] [stdout]    = note: `#[warn(suspicious_double_ref_op)]` on by default
[INFO] [stdout] 
[INFO] [stdout] 
[INFO] [stdout] warning: 7 warnings emitted
[INFO] [stdout] 
[INFO] [stdout] 
[INFO] [stderr]     Finished dev [unoptimized + debuginfo] target(s) in 0.96s
[INFO] running `Command { std: "docker" "inspect" "8b39ab87219678a777cd6cfd9d6a7d2c0d083240ea811dc3d492067627542a13", kill_on_drop: false }`
[INFO] running `Command { std: "docker" "rm" "-f" "8b39ab87219678a777cd6cfd9d6a7d2c0d083240ea811dc3d492067627542a13", kill_on_drop: false }`
[INFO] [stdout] 8b39ab87219678a777cd6cfd9d6a7d2c0d083240ea811dc3d492067627542a13
[INFO] running `Command { std: "docker" "create" "-v" "/var/lib/crater-agent-workspace/builds/worker-5-tc2/target:/opt/rustwide/target:rw,Z" "-v" "/var/lib/crater-agent-workspace/builds/worker-5-tc2/source:/opt/rustwide/workdir:ro,Z" "-v" "/var/lib/crater-agent-workspace/cargo-home:/opt/rustwide/cargo-home:ro,Z" "-v" "/var/lib/crater-agent-workspace/rustup-home:/opt/rustwide/rustup-home:ro,Z" "-e" "SOURCE_DIR=/opt/rustwide/workdir" "-e" "CARGO_TARGET_DIR=/opt/rustwide/target" "-e" "CARGO_INCREMENTAL=0" "-e" "RUST_BACKTRACE=full" "-e" "RUSTFLAGS=--cap-lints=warn" "-e" "RUSTDOCFLAGS=--cap-lints=warn" "-e" "CARGO_HOME=/opt/rustwide/cargo-home" "-e" "RUSTUP_HOME=/opt/rustwide/rustup-home" "-w" "/opt/rustwide/workdir" "-m" "1610612736" "--user" "0:0" "--network" "none" "ghcr.io/rust-lang/crates-build-env/linux@sha256:2788e3201cd34a07e3172128adcd8b3090168a8e3bcc40d7c032b9dda1df7d1c" "/opt/rustwide/cargo-home/bin/cargo" "+beta-2023-12-22" "test" "--frozen" "--no-run" "--message-format=json", kill_on_drop: false }`
[INFO] [stdout] 4bc32d9863f205d619be05e52c98d35fc12221a6de22dfae18513697a7c6300f
[INFO] running `Command { std: "docker" "start" "-a" "4bc32d9863f205d619be05e52c98d35fc12221a6de22dfae18513697a7c6300f", kill_on_drop: false }`
[INFO] [stderr]    Compiling proc-macro2 v1.0.47
[INFO] [stderr]    Compiling quote v1.0.21
[INFO] [stderr]    Compiling unicode-ident v1.0.5
[INFO] [stderr]    Compiling syn v1.0.105
[INFO] [stderr]    Compiling version_check v0.9.4
[INFO] [stderr]    Compiling autocfg v1.1.0
[INFO] [stderr]    Compiling libc v0.2.138
[INFO] [stderr]    Compiling crossbeam-utils v0.8.14
[INFO] [stderr]    Compiling cfg-if v1.0.0
[INFO] [stderr]    Compiling ident_case v1.0.1
[INFO] [stderr]    Compiling fnv v1.0.7
[INFO] [stderr]    Compiling strsim v0.9.3
[INFO] [stderr]    Compiling standback v0.2.17
[INFO] [stderr]    Compiling proc-macro-hack v0.5.19
[INFO] [stderr]    Compiling memoffset v0.7.1
[INFO] [stderr]    Compiling crossbeam-epoch v0.9.13
[INFO] [stderr]    Compiling scopeguard v1.1.0
[INFO] [stderr]    Compiling rayon-core v1.10.1
[INFO] [stderr]    Compiling const_fn v0.4.9
[INFO] [stderr]    Compiling num_cpus v1.14.0
[INFO] [stderr]    Compiling crossbeam-channel v0.5.6
[INFO] [stderr]    Compiling time v0.2.27
[INFO] [stderr]    Compiling derive_builder v0.9.0
[INFO] [stderr]    Compiling crossbeam-deque v0.8.2
[INFO] [stderr]    Compiling atty v0.2.14
[INFO] [stderr]    Compiling lazy_static v1.4.0
[INFO] [stderr]    Compiling either v1.8.0
[INFO] [stdout] warning: unused variable: `input`
[INFO] [stdout]   --> src/challenges/day7/mod.rs:11:18
[INFO] [stdout]    |
[INFO] [stdout] 11 | pub fn solve_pt2(input: &str) -> String {
[INFO] [stdout]    |                  ^^^^^ help: if this is intentional, prefix it with an underscore: `_input`
[INFO] [stdout]    |
[INFO] [stdout]    = note: `#[warn(unused_variables)]` on by default
[INFO] [stdout] 
[INFO] [stdout] 
[INFO] [stdout] warning: struct `Filesystem` is never constructed
[INFO] [stdout]  --> src/challenges/day7/filesystem.rs:1:8
[INFO] [stdout]   |
[INFO] [stdout] 1 | struct Filesystem {
[INFO] [stdout]   |        ^^^^^^^^^^
[INFO] [stdout]   |
[INFO] [stdout]   = note: `#[warn(dead_code)]` on by default
[INFO] [stdout] 
[INFO] [stdout] 
[INFO] [stdout] warning: struct `Directory` is never constructed
[INFO] [stdout]  --> src/challenges/day7/filesystem.rs:5:8
[INFO] [stdout]   |
[INFO] [stdout] 5 | struct Directory {
[INFO] [stdout]   |        ^^^^^^^^^
[INFO] [stdout] 
[INFO] [stdout] 
[INFO] [stdout] warning: struct `File` is never constructed
[INFO] [stdout]   --> src/challenges/day7/filesystem.rs:11:8
[INFO] [stdout]    |
[INFO] [stdout] 11 | struct File {
[INFO] [stdout]    |        ^^^^
[INFO] [stdout] 
[INFO] [stdout] 
[INFO] [stdout] warning: associated function `new` is never used
[INFO] [stdout]   --> src/challenges/day7/filesystem.rs:17:12
[INFO] [stdout]    |
[INFO] [stdout] 16 | impl Filesystem {
[INFO] [stdout]    | --------------- associated function in this implementation
[INFO] [stdout] 17 |     pub fn new() -> Self {
[INFO] [stdout]    |            ^^^
[INFO] [stdout] 
[INFO] [stdout] 
[INFO] [stdout] warning: associated items `new` and `compute_size` are never used
[INFO] [stdout]   --> src/challenges/day7/filesystem.rs:24:12
[INFO] [stdout]    |
[INFO] [stdout] 23 | impl Directory {
[INFO] [stdout]    | -------------- associated items in this implementation
[INFO] [stdout] 24 |     pub fn new(name: String) -> Self {
[INFO] [stdout]    |            ^^^
[INFO] [stdout] ...
[INFO] [stdout] 32 |     pub fn compute_size(&self) -> u32 {
[INFO] [stdout]    |            ^^^^^^^^^^^^
[INFO] [stdout] 
[INFO] [stdout] 
[INFO] [stdout] warning: using `.clone()` on a double reference, which returns `&[Elf]` instead of cloning the inner type
[INFO] [stdout]   --> src/challenges/day1.rs:23:49
[INFO] [stdout]    |
[INFO] [stdout] 23 |           let mut elves_calories: Vec<u32> = elves
[INFO] [stdout]    |  _________________________________________________^
[INFO] [stdout] 24 | |             .clone()
[INFO] [stdout]    | |____________________^
[INFO] [stdout]    |
[INFO] [stdout]    = note: `#[warn(suspicious_double_ref_op)]` on by default
[INFO] [stdout] 
[INFO] [stdout] 
[INFO] [stdout] warning: 7 warnings emitted
[INFO] [stdout] 
[INFO] [stdout] 
[INFO] [stderr]    Compiling colored v2.0.0
[INFO] [stderr]    Compiling rayon v1.6.1
[INFO] [stderr]    Compiling darling_core v0.10.2
[INFO] [stderr]    Compiling time-macros-impl v0.1.2
[INFO] [stderr]    Compiling derive-new v0.5.9
[INFO] [stderr]    Compiling darling_macro v0.10.2
[INFO] [stderr]    Compiling time-macros v0.1.1
[INFO] [stderr]    Compiling darling v0.10.2
[INFO] [stderr]    Compiling derive_builder_core v0.9.0
[INFO] [stderr]    Compiling rspec v1.0.0
[INFO] [stderr]    Compiling advent-of-code-2022 v0.1.0 (/opt/rustwide/workdir)
[INFO] [stdout] warning: unused variable: `input`
[INFO] [stdout]   --> src/challenges/day7/mod.rs:11:18
[INFO] [stdout]    |
[INFO] [stdout] 11 | pub fn solve_pt2(input: &str) -> String {
[INFO] [stdout]    |                  ^^^^^ help: if this is intentional, prefix it with an underscore: `_input`
[INFO] [stdout]    |
[INFO] [stdout]    = note: `#[warn(unused_variables)]` on by default
[INFO] [stdout] 
[INFO] [stdout] 
[INFO] [stdout] warning: struct `Filesystem` is never constructed
[INFO] [stdout]  --> src/challenges/day7/filesystem.rs:1:8
[INFO] [stdout]   |
[INFO] [stdout] 1 | struct Filesystem {
[INFO] [stdout]   |        ^^^^^^^^^^
[INFO] [stdout]   |
[INFO] [stdout]   = note: `#[warn(dead_code)]` on by default
[INFO] [stdout] 
[INFO] [stdout] 
[INFO] [stdout] warning: struct `Directory` is never constructed
[INFO] [stdout]  --> src/challenges/day7/filesystem.rs:5:8
[INFO] [stdout]   |
[INFO] [stdout] 5 | struct Directory {
[INFO] [stdout]   |        ^^^^^^^^^
[INFO] [stdout] 
[INFO] [stdout] 
[INFO] [stdout] warning: struct `File` is never constructed
[INFO] [stdout]   --> src/challenges/day7/filesystem.rs:11:8
[INFO] [stdout]    |
[INFO] [stdout] 11 | struct File {
[INFO] [stdout]    |        ^^^^
[INFO] [stdout] 
[INFO] [stdout] 
[INFO] [stdout] warning: associated function `new` is never used
[INFO] [stdout]   --> src/challenges/day7/filesystem.rs:17:12
[INFO] [stdout]    |
[INFO] [stdout] 16 | impl Filesystem {
[INFO] [stdout]    | --------------- associated function in this implementation
[INFO] [stdout] 17 |     pub fn new() -> Self {
[INFO] [stdout]    |            ^^^
[INFO] [stdout] 
[INFO] [stdout] 
[INFO] [stdout] warning: associated items `new` and `compute_size` are never used
[INFO] [stdout]   --> src/challenges/day7/filesystem.rs:24:12
[INFO] [stdout]    |
[INFO] [stdout] 23 | impl Directory {
[INFO] [stdout]    | -------------- associated items in this implementation
[INFO] [stdout] 24 |     pub fn new(name: String) -> Self {
[INFO] [stdout]    |            ^^^
[INFO] [stdout] ...
[INFO] [stdout] 32 |     pub fn compute_size(&self) -> u32 {
[INFO] [stdout]    |            ^^^^^^^^^^^^
[INFO] [stdout] 
[INFO] [stdout] 
[INFO] [stdout] warning: using `.clone()` on a double reference, which returns `&[Elf]` instead of cloning the inner type
[INFO] [stdout]   --> src/challenges/day1.rs:23:49
[INFO] [stdout]    |
[INFO] [stdout] 23 |           let mut elves_calories: Vec<u32> = elves
[INFO] [stdout]    |  _________________________________________________^
[INFO] [stdout] 24 | |             .clone()
[INFO] [stdout]    | |____________________^
[INFO] [stdout]    |
[INFO] [stdout]    = note: `#[warn(suspicious_double_ref_op)]` on by default
[INFO] [stdout] 
[INFO] [stdout] 
[INFO] [stdout] warning: 7 warnings emitted
[INFO] [stdout] 
[INFO] [stdout] 
[INFO] [stderr]     Finished test [unoptimized + debuginfo] target(s) in 11.30s
[INFO] running `Command { std: "docker" "inspect" "4bc32d9863f205d619be05e52c98d35fc12221a6de22dfae18513697a7c6300f", kill_on_drop: false }`
[INFO] running `Command { std: "docker" "rm" "-f" "4bc32d9863f205d619be05e52c98d35fc12221a6de22dfae18513697a7c6300f", kill_on_drop: false }`
[INFO] [stdout] 4bc32d9863f205d619be05e52c98d35fc12221a6de22dfae18513697a7c6300f
[INFO] running `Command { std: "docker" "create" "-v" "/var/lib/crater-agent-workspace/builds/worker-5-tc2/target:/opt/rustwide/target:rw,Z" "-v" "/var/lib/crater-agent-workspace/builds/worker-5-tc2/source:/opt/rustwide/workdir:ro,Z" "-v" "/var/lib/crater-agent-workspace/cargo-home:/opt/rustwide/cargo-home:ro,Z" "-v" "/var/lib/crater-agent-workspace/rustup-home:/opt/rustwide/rustup-home:ro,Z" "-e" "SOURCE_DIR=/opt/rustwide/workdir" "-e" "CARGO_TARGET_DIR=/opt/rustwide/target" "-e" "CARGO_INCREMENTAL=0" "-e" "RUST_BACKTRACE=full" "-e" "RUSTFLAGS=--cap-lints=warn" "-e" "RUSTDOCFLAGS=--cap-lints=warn" "-e" "CARGO_HOME=/opt/rustwide/cargo-home" "-e" "RUSTUP_HOME=/opt/rustwide/rustup-home" "-w" "/opt/rustwide/workdir" "-m" "1610612736" "--user" "0:0" "--network" "none" "ghcr.io/rust-lang/crates-build-env/linux@sha256:2788e3201cd34a07e3172128adcd8b3090168a8e3bcc40d7c032b9dda1df7d1c" "/opt/rustwide/cargo-home/bin/cargo" "+beta-2023-12-22" "test" "--frozen", kill_on_drop: false }`
[INFO] [stdout] f8c8f51b959080240f8276103ade11d22b8a4d8e707f734d011962987188b2bb
[INFO] running `Command { std: "docker" "start" "-a" "f8c8f51b959080240f8276103ade11d22b8a4d8e707f734d011962987188b2bb", kill_on_drop: false }`
[INFO] [stderr] warning: unused variable: `input`
[INFO] [stderr]   --> src/challenges/day7/mod.rs:11:18
[INFO] [stderr]    |
[INFO] [stderr] 11 | pub fn solve_pt2(input: &str) -> String {
[INFO] [stderr]    |                  ^^^^^ help: if this is intentional, prefix it with an underscore: `_input`
[INFO] [stderr]    |
[INFO] [stderr]    = note: `#[warn(unused_variables)]` on by default
[INFO] [stderr] 
[INFO] [stderr] warning: struct `Filesystem` is never constructed
[INFO] [stderr]  --> src/challenges/day7/filesystem.rs:1:8
[INFO] [stderr]   |
[INFO] [stderr] 1 | struct Filesystem {
[INFO] [stderr]   |        ^^^^^^^^^^
[INFO] [stderr]   |
[INFO] [stderr]   = note: `#[warn(dead_code)]` on by default
[INFO] [stderr] 
[INFO] [stderr] warning: struct `Directory` is never constructed
[INFO] [stderr]  --> src/challenges/day7/filesystem.rs:5:8
[INFO] [stderr]   |
[INFO] [stderr] 5 | struct Directory {
[INFO] [stderr]   |        ^^^^^^^^^
[INFO] [stderr] 
[INFO] [stderr] warning: struct `File` is never constructed
[INFO] [stderr]   --> src/challenges/day7/filesystem.rs:11:8
[INFO] [stderr]    |
[INFO] [stderr] 11 | struct File {
[INFO] [stderr]    |        ^^^^
[INFO] [stderr] 
[INFO] [stderr] warning: associated function `new` is never used
[INFO] [stderr]   --> src/challenges/day7/filesystem.rs:17:12
[INFO] [stderr]    |
[INFO] [stderr] 16 | impl Filesystem {
[INFO] [stderr]    | --------------- associated function in this implementation
[INFO] [stderr] 17 |     pub fn new() -> Self {
[INFO] [stderr]    |            ^^^
[INFO] [stderr] 
[INFO] [stderr] warning: associated items `new` and `compute_size` are never used
[INFO] [stderr]   --> src/challenges/day7/filesystem.rs:24:12
[INFO] [stderr]    |
[INFO] [stderr] 23 | impl Directory {
[INFO] [stderr]    | -------------- associated items in this implementation
[INFO] [stderr] 24 |     pub fn new(name: String) -> Self {
[INFO] [stderr]    |            ^^^
[INFO] [stderr] ...
[INFO] [stderr] 32 |     pub fn compute_size(&self) -> u32 {
[INFO] [stderr]    |            ^^^^^^^^^^^^
[INFO] [stderr] 
[INFO] [stderr] warning: using `.clone()` on a double reference, which returns `&[Elf]` instead of cloning the inner type
[INFO] [stderr]   --> src/challenges/day1.rs:23:49
[INFO] [stderr]    |
[INFO] [stderr] 23 |           let mut elves_calories: Vec<u32> = elves
[INFO] [stderr]    |  _________________________________________________^
[INFO] [stderr] 24 | |             .clone()
[INFO] [stderr]    | |____________________^
[INFO] [stderr]    |
[INFO] [stderr]    = note: `#[warn(suspicious_double_ref_op)]` on by default
[INFO] [stderr] 
[INFO] [stderr] warning: `advent-of-code-2022` (lib) generated 7 warnings (run `cargo fix --lib -p advent-of-code-2022` to apply 1 suggestion)
[INFO] [stderr] warning: `advent-of-code-2022` (lib test) generated 7 warnings (7 duplicates)
[INFO] [stderr]     Finished test [unoptimized + debuginfo] target(s) in 0.05s
[INFO] [stderr]      Running unittests src/lib.rs (/opt/rustwide/target/debug/deps/advent_of_code_2022-caacbbb1a9125668)
[INFO] [stdout] 
[INFO] [stdout] running 21 tests
[INFO] [stdout] test challenges::day4::section::tests::from_input_string::it_should_properly_parse_the_string ... ok
[INFO] [stdout] test challenges::day4::section::tests::has_full_overlap_with::it_should_return_true_if_self_fully_overlaps_other ... ok
[INFO] [stdout] test challenges::day4::section::tests::has_overlap_with::it_should_return_false_if_there_is_no_overlap ... ok
[INFO] [stdout] test challenges::day4::tests::solve_pt1::it_should_generate_the_correct_result ... ok
[INFO] [stdout] test challenges::day5::movement::tests::test_execute_crane_9000 ... ok
[INFO] [stdout] test challenges::day5::movement::tests::test_parse ... ok
[INFO] [stdout] test challenges::day5::pile::tests::test_from_input ... ok
[INFO] [stdout] test challenges::day4::section::tests::has_overlap_with::it_should_return_true_if_there_id_overlap ... ok
[INFO] [stdout] test challenges::day5::tests::test_solve_pt2 ... ok
[INFO] [stdout] test challenges::day6::signal::tests::test_find_start_marker ... ok
[INFO] [stdout] test challenges::day6::signal::tests::test_is_marker ... ok
[INFO] [stdout] test challenges::day4::section::tests::has_full_overlap_with::it_should_return_true_if_other_fully_overlaps_self ... ok
[INFO] [stdout] test challenges::day5::tests::test_solve_pt1 ... ok
[INFO] [stdout] test challenges::day4::tests::solve_pt2::it_should_generate_the_correct_result ... ok
[INFO] [stdout] test challenges::day5::movement::tests::test_execute_crane_9001 ... ok
[INFO] [stdout] test challenges::day6::tests::test_solve_pt1 ... ok
[INFO] [stdout] test challenges::day7::tests::test_solve_pt2 ... ok
[INFO] [stdout] test challenges::day4::section::tests::has_full_overlap_with::it_should_return_false_if_there_is_no_full_overlap ... ok
[INFO] [stdout] test challenges::day6::tests::test_solve_pt2 ... ok
[INFO] [stdout] test challenges::day5::pile::tests::test_parse_input_line ... ok
[INFO] [stderr] error: test failed, to rerun pass `--lib`
[INFO] [stdout] test challenges::day7::tests::test_solve_pt1 ... FAILED
[INFO] [stdout] 
[INFO] [stdout] failures:
[INFO] [stdout] 
[INFO] [stdout] ---- challenges::day7::tests::test_solve_pt1 stdout ----
[INFO] [stdout] $ cd /
[INFO] [stdout] $ ls
[INFO] [stdout] dir a
[INFO] [stdout] 14848514 b.txt
[INFO] [stdout] 8504156 c.dat
[INFO] [stdout] dir d
[INFO] [stdout] $ cd a
[INFO] [stdout] $ ls
[INFO] [stdout] dir e
[INFO] [stdout] 29116 f
[INFO] [stdout] 2557 g
[INFO] [stdout] 62596 h.lst
[INFO] [stdout] $ cd e
[INFO] [stdout] $ ls
[INFO] [stdout] 584 i
[INFO] [stdout] $ cd ..
[INFO] [stdout] $ cd ..
[INFO] [stdout] $ cd d
[INFO] [stdout] $ ls
[INFO] [stdout] 4060174 j
[INFO] [stdout] 8033020 d.log
[INFO] [stdout] 5626152 d.ext
[INFO] [stdout] 7214296 k
[INFO] [stdout] thread 'challenges::day7::tests::test_solve_pt1' panicked at src/challenges/day7/mod.rs:24:9:
[INFO] [stdout] assertion `left == right` failed
[INFO] [stdout]   left: ""
[INFO] [stdout]  right: "95437"
[INFO] [stdout] stack backtrace:
[INFO] [stdout]    0:     0x5621046979a6 - std::backtrace_rs::backtrace::libunwind::trace::h261606ad26a499c1
[INFO] [stdout]                                at /rustc/0e09125c6c3c2fd70d7de961bcf0e51575235fad/library/std/src/../../backtrace/src/backtrace/libunwind.rs:104:5
[INFO] [stdout]    1:     0x5621046979a6 - std::backtrace_rs::backtrace::trace_unsynchronized::hd183f0625477fb28
[INFO] [stdout]                                at /rustc/0e09125c6c3c2fd70d7de961bcf0e51575235fad/library/std/src/../../backtrace/src/backtrace/mod.rs:66:5
[INFO] [stdout]    2:     0x5621046979a6 - std::sys_common::backtrace::_print_fmt::hd7f8fef21b4eda67
[INFO] [stdout]                                at /rustc/0e09125c6c3c2fd70d7de961bcf0e51575235fad/library/std/src/sys_common/backtrace.rs:68:5
[INFO] [stdout]    3:     0x5621046979a6 - <std::sys_common::backtrace::_print::DisplayBacktrace as core::fmt::Display>::fmt::h623d9b51f2f453f1
[INFO] [stdout]                                at /rustc/0e09125c6c3c2fd70d7de961bcf0e51575235fad/library/std/src/sys_common/backtrace.rs:44:22
[INFO] [stdout]    4:     0x5621046c07f0 - core::fmt::rt::Argument::fmt::h9f417ac76a86f368
[INFO] [stdout]                                at /rustc/0e09125c6c3c2fd70d7de961bcf0e51575235fad/library/core/src/fmt/rt.rs:142:9
[INFO] [stdout]    5:     0x5621046c07f0 - core::fmt::write::hc9b6faf4ac2aeff7
[INFO] [stdout]                                at /rustc/0e09125c6c3c2fd70d7de961bcf0e51575235fad/library/core/src/fmt/mod.rs:1120:17
[INFO] [stdout]    6:     0x56210469540f - std::io::Write::write_fmt::he04625a3a989fec3
[INFO] [stdout]                                at /rustc/0e09125c6c3c2fd70d7de961bcf0e51575235fad/library/std/src/io/mod.rs:1810:15
[INFO] [stdout]    7:     0x562104697784 - std::sys_common::backtrace::_print::hd5d66399c7df88a2
[INFO] [stdout]                                at /rustc/0e09125c6c3c2fd70d7de961bcf0e51575235fad/library/std/src/sys_common/backtrace.rs:47:5
[INFO] [stdout]    8:     0x562104697784 - std::sys_common::backtrace::print::he81ed2da642d37e5
[INFO] [stdout]                                at /rustc/0e09125c6c3c2fd70d7de961bcf0e51575235fad/library/std/src/sys_common/backtrace.rs:34:9
[INFO] [stdout]    9:     0x5621046994f7 - std::panicking::default_hook::{{closure}}::h85773f4fa117163d
[INFO] [stdout]   10:     0x5621046991dd - std::panicking::default_hook::h6a1694a91d09b278
[INFO] [stdout]                                at /rustc/0e09125c6c3c2fd70d7de961bcf0e51575235fad/library/std/src/panicking.rs:289:9
[INFO] [stdout]   11:     0x562104668cb7 - <alloc::boxed::Box<F,A> as core::ops::function::Fn<Args>>::call::h616ac37fa3cd6c8f
[INFO] [stdout]                                at /rustc/0e09125c6c3c2fd70d7de961bcf0e51575235fad/library/alloc/src/boxed.rs:2029:9
[INFO] [stdout]   12:     0x562104668cb7 - test::test_main::{{closure}}::h00d84697cefdcbb6
[INFO] [stdout]                                at /rustc/0e09125c6c3c2fd70d7de961bcf0e51575235fad/library/test/src/lib.rs:138:21
[INFO] [stdout]   13:     0x562104699b16 - <alloc::boxed::Box<F,A> as core::ops::function::Fn<Args>>::call::hcb3fe3b9bb537ba8
[INFO] [stdout]                                at /rustc/0e09125c6c3c2fd70d7de961bcf0e51575235fad/library/alloc/src/boxed.rs:2029:9
[INFO] [stdout]   14:     0x562104699b16 - std::panicking::rust_panic_with_hook::h0a7ad96e90f7145b
[INFO] [stdout]                                at /rustc/0e09125c6c3c2fd70d7de961bcf0e51575235fad/library/std/src/panicking.rs:783:13
[INFO] [stdout]   15:     0x562104699862 - std::panicking::begin_panic_handler::{{closure}}::h7919090525c6485e
[INFO] [stdout]                                at /rustc/0e09125c6c3c2fd70d7de961bcf0e51575235fad/library/std/src/panicking.rs:657:13
[INFO] [stdout]   16:     0x562104697ea6 - std::sys_common::backtrace::__rust_end_short_backtrace::hf3289479464f7dfe
[INFO] [stdout]                                at /rustc/0e09125c6c3c2fd70d7de961bcf0e51575235fad/library/std/src/sys_common/backtrace.rs:171:18
[INFO] [stdout]   17:     0x5621046995c0 - rust_begin_unwind
[INFO] [stdout]                                at /rustc/0e09125c6c3c2fd70d7de961bcf0e51575235fad/library/std/src/panicking.rs:645:5
[INFO] [stdout]   18:     0x56210460fd55 - core::panicking::panic_fmt::hcc9f77c5c132af55
[INFO] [stdout]                                at /rustc/0e09125c6c3c2fd70d7de961bcf0e51575235fad/library/core/src/panicking.rs:72:14
[INFO] [stdout]   19:     0x56210461018b - core::panicking::assert_failed_inner::h9f13e27dd63c3a08
[INFO] [stdout]                                at /rustc/0e09125c6c3c2fd70d7de961bcf0e51575235fad/library/core/src/panicking.rs:342:17
[INFO] [stdout]   20:     0x562104612d42 - core::panicking::assert_failed::h5583cecd33a5472a
[INFO] [stdout]                                at /rustc/0e09125c6c3c2fd70d7de961bcf0e51575235fad/library/core/src/panicking.rs:297:5
[INFO] [stdout]   21:     0x562104628756 - advent_of_code_2022::challenges::day7::tests::test_solve_pt1::he21f6dc72876f0f0
[INFO] [stdout]                                at /opt/rustwide/workdir/src/challenges/day7/mod.rs:24:9
[INFO] [stdout]   22:     0x5621046285f7 - advent_of_code_2022::challenges::day7::tests::test_solve_pt1::{{closure}}::h1e9bfe39d3e06ecf
[INFO] [stdout]                                at /opt/rustwide/workdir/src/challenges/day7/mod.rs:21:24
[INFO] [stdout]   23:     0x56210462d786 - core::ops::function::FnOnce::call_once::h169a469dd9cd3fae
[INFO] [stdout]                                at /rustc/0e09125c6c3c2fd70d7de961bcf0e51575235fad/library/core/src/ops/function.rs:250:5
[INFO] [stdout]   24:     0x56210466e58f - core::ops::function::FnOnce::call_once::hd64d26f405258157
[INFO] [stdout]                                at /rustc/0e09125c6c3c2fd70d7de961bcf0e51575235fad/library/core/src/ops/function.rs:250:5
[INFO] [stdout]   25:     0x56210466e58f - test::__rust_begin_short_backtrace::he21b0b7a6d731bf9
[INFO] [stdout]                                at /rustc/0e09125c6c3c2fd70d7de961bcf0e51575235fad/library/test/src/lib.rs:627:18
[INFO] [stdout]   26:     0x56210466d311 - test::run_test_in_process::{{closure}}::hf5c73986d7bdfde2
[INFO] [stdout]                                at /rustc/0e09125c6c3c2fd70d7de961bcf0e51575235fad/library/test/src/lib.rs:650:60
[INFO] [stdout]   27:     0x56210466d311 - <core::panic::unwind_safe::AssertUnwindSafe<F> as core::ops::function::FnOnce<()>>::call_once::h330011ad032aadc0
[INFO] [stdout]                                at /rustc/0e09125c6c3c2fd70d7de961bcf0e51575235fad/library/core/src/panic/unwind_safe.rs:272:9
[INFO] [stdout]   28:     0x56210466d311 - std::panicking::try::do_call::he61b0a958b795a41
[INFO] [stdout]                                at /rustc/0e09125c6c3c2fd70d7de961bcf0e51575235fad/library/std/src/panicking.rs:552:40
[INFO] [stdout]   29:     0x56210466d311 - std::panicking::try::h7309da130f906eb7
[INFO] [stdout]                                at /rustc/0e09125c6c3c2fd70d7de961bcf0e51575235fad/library/std/src/panicking.rs:516:19
[INFO] [stdout]   30:     0x56210466d311 - std::panic::catch_unwind::hc5c3a06fdaf0a92a
[INFO] [stdout]                                at /rustc/0e09125c6c3c2fd70d7de961bcf0e51575235fad/library/std/src/panic.rs:142:14
[INFO] [stdout]   31:     0x56210466d311 - test::run_test_in_process::h7e7b7c71c3324e0f
[INFO] [stdout]                                at /rustc/0e09125c6c3c2fd70d7de961bcf0e51575235fad/library/test/src/lib.rs:650:27
[INFO] [stdout]   32:     0x56210466d311 - test::run_test::{{closure}}::h1f509f28f5cf20b1
[INFO] [stdout]                                at /rustc/0e09125c6c3c2fd70d7de961bcf0e51575235fad/library/test/src/lib.rs:573:43
[INFO] [stdout]   33:     0x562104634646 - test::run_test::{{closure}}::h1754218abf443f6d
[INFO] [stdout]                                at /rustc/0e09125c6c3c2fd70d7de961bcf0e51575235fad/library/test/src/lib.rs:601:41
[INFO] [stdout]   34:     0x562104634646 - std::sys_common::backtrace::__rust_begin_short_backtrace::h2ee174b9d5954948
[INFO] [stdout]                                at /rustc/0e09125c6c3c2fd70d7de961bcf0e51575235fad/library/std/src/sys_common/backtrace.rs:155:18
[INFO] [stdout]   35:     0x5621046396a7 - std::thread::Builder::spawn_unchecked_::{{closure}}::{{closure}}::hf60bee9c1a17ef09
[INFO] [stdout]                                at /rustc/0e09125c6c3c2fd70d7de961bcf0e51575235fad/library/std/src/thread/mod.rs:529:17
[INFO] [stdout]   36:     0x5621046396a7 - <core::panic::unwind_safe::AssertUnwindSafe<F> as core::ops::function::FnOnce<()>>::call_once::h33d0dddec5216160
[INFO] [stdout]                                at /rustc/0e09125c6c3c2fd70d7de961bcf0e51575235fad/library/core/src/panic/unwind_safe.rs:272:9
[INFO] [stdout]   37:     0x5621046396a7 - std::panicking::try::do_call::h144b3048b546f835
[INFO] [stdout]                                at /rustc/0e09125c6c3c2fd70d7de961bcf0e51575235fad/library/std/src/panicking.rs:552:40
[INFO] [stdout]   38:     0x5621046396a7 - std::panicking::try::h978244d04646189f
[INFO] [stdout]                                at /rustc/0e09125c6c3c2fd70d7de961bcf0e51575235fad/library/std/src/panicking.rs:516:19
[INFO] [stdout]   39:     0x5621046396a7 - std::panic::catch_unwind::hdf436369d188fe86
[INFO] [stdout]                                at /rustc/0e09125c6c3c2fd70d7de961bcf0e51575235fad/library/std/src/panic.rs:142:14
[INFO] [stdout]   40:     0x5621046396a7 - std::thread::Builder::spawn_unchecked_::{{closure}}::h87329cbdd33c79ec
[INFO] [stdout]                                at /rustc/0e09125c6c3c2fd70d7de961bcf0e51575235fad/library/std/src/thread/mod.rs:528:30
[INFO] [stdout]   41:     0x5621046396a7 - core::ops::function::FnOnce::call_once{{vtable.shim}}::h401abbe67897d450
[INFO] [stdout]                                at /rustc/0e09125c6c3c2fd70d7de961bcf0e51575235fad/library/core/src/ops/function.rs:250:5
[INFO] [stdout]   42:     0x56210469e5c5 - <alloc::boxed::Box<F,A> as core::ops::function::FnOnce<Args>>::call_once::h5d7c8f150ab9c84c
[INFO] [stdout]                                at /rustc/0e09125c6c3c2fd70d7de961bcf0e51575235fad/library/alloc/src/boxed.rs:2015:9
[INFO] [stdout]   43:     0x56210469e5c5 - <alloc::boxed::Box<F,A> as core::ops::function::FnOnce<Args>>::call_once::h570d5b005c242c15
[INFO] [stdout]                                at /rustc/0e09125c6c3c2fd70d7de961bcf0e51575235fad/library/alloc/src/boxed.rs:2015:9
[INFO] [stdout]   44:     0x56210469e5c5 - std::sys::unix::thread::Thread::new::thread_start::h36b0a20c0b2361ad
[INFO] [stdout]                                at /rustc/0e09125c6c3c2fd70d7de961bcf0e51575235fad/library/std/src/sys/unix/thread.rs:108:17
[INFO] [stdout]   45:     0x7f331db10ac3 - <unknown>
[INFO] [stdout]   46:     0x7f331dba1bf4 - __clone
[INFO] [stdout]   47:                0x0 - <unknown>
[INFO] [stdout] 
[INFO] [stdout] 
[INFO] [stdout] failures:
[INFO] [stdout]     challenges::day7::tests::test_solve_pt1
[INFO] [stdout] 
[INFO] [stdout] test result: FAILED. 20 passed; 1 failed; 0 ignored; 0 measured; 0 filtered out; finished in 0.04s
[INFO] [stdout] 
[INFO] running `Command { std: "docker" "inspect" "f8c8f51b959080240f8276103ade11d22b8a4d8e707f734d011962987188b2bb", kill_on_drop: false }`
[INFO] running `Command { std: "docker" "rm" "-f" "f8c8f51b959080240f8276103ade11d22b8a4d8e707f734d011962987188b2bb", kill_on_drop: false }`
[INFO] [stdout] f8c8f51b959080240f8276103ade11d22b8a4d8e707f734d011962987188b2bb
