[INFO] cloning repository https://github.com/andrewbaxter/terrars
[INFO] running `Command { std: "git" "-c" "credential.helper=" "-c" "credential.helper=/workspace/cargo-home/bin/git-credential-null" "clone" "--bare" "https://github.com/andrewbaxter/terrars" "/workspace/cache/git-repos/https%3A%2F%2Fgithub.com%2Fandrewbaxter%2Fterrars", kill_on_drop: false }`
[INFO] [stderr] Cloning into bare repository '/workspace/cache/git-repos/https%3A%2F%2Fgithub.com%2Fandrewbaxter%2Fterrars'...
[INFO] running `Command { std: "git" "rev-parse" "HEAD", kill_on_drop: false }`
[INFO] [stdout] f37339c864ad4025eb01ccf9cd8ab2bcfb824062
[INFO] testing andrewbaxter/terrars against 1.75.0 for beta-1.76-1
[INFO] running `Command { std: "git" "clone" "/workspace/cache/git-repos/https%3A%2F%2Fgithub.com%2Fandrewbaxter%2Fterrars" "/workspace/builds/worker-2-tc1/source", kill_on_drop: false }`
[INFO] [stderr] Cloning into '/workspace/builds/worker-2-tc1/source'...
[INFO] [stderr] done.
[INFO] validating manifest of git repo https://github.com/andrewbaxter/terrars on toolchain 1.75.0
[INFO] running `Command { std: CARGO_HOME="/workspace/cargo-home" RUSTUP_HOME="/workspace/rustup-home" "/workspace/cargo-home/bin/cargo" "+1.75.0" "metadata" "--manifest-path" "Cargo.toml" "--no-deps", kill_on_drop: false }`
[INFO] started tweaking git repo https://github.com/andrewbaxter/terrars
[INFO] finished tweaking git repo https://github.com/andrewbaxter/terrars
[INFO] tweaked toml for git repo https://github.com/andrewbaxter/terrars written to /workspace/builds/worker-2-tc1/source/Cargo.toml
[INFO] crate git repo https://github.com/andrewbaxter/terrars already has a lockfile, it will not be regenerated
[INFO] running `Command { std: CARGO_HOME="/workspace/cargo-home" RUSTUP_HOME="/workspace/rustup-home" "/workspace/cargo-home/bin/cargo" "+1.75.0" "fetch" "--manifest-path" "Cargo.toml", kill_on_drop: false }`
[INFO] [stderr]     Updating crates.io index
[INFO] [stderr] warning: spurious network error (3 tries remaining): [28] Timeout was reached (Operation too slow. Less than 10 bytes/sec transferred the last 30 seconds)
[INFO] [stderr]  Downloading crates ...
[INFO] [stderr]   Downloaded comfy-table v7.1.0
[INFO] [stderr]   Downloaded unicode-id v0.3.3
[INFO] [stderr]   Downloaded loga v0.1.5
[INFO] [stderr]   Downloaded terrars-andrewbaxter-localrun v0.1.13
[INFO] [stderr]   Downloaded aargvark v0.0.6
[INFO] [stderr]   Downloaded cargo-manifest v0.7.1
[INFO] [stderr]   Downloaded terrars-andrewbaxter-fly v0.1.4
[INFO] [stderr]   Downloaded structre_proc_macros v0.0.1
[INFO] [stderr]   Downloaded structre v0.0.1
[INFO] [stderr]   Downloaded aargvark_proc_macros v0.0.3
[INFO] [stderr]   Downloaded terrars-andrewbaxter-dinker v0.1.19
[INFO] [stderr]   Downloaded markdown v1.0.0-alpha.5
[INFO] [stderr]   Downloaded genemichaels v0.1.21
[INFO] [stderr]   Downloaded terrars v0.1.12
[INFO] [stderr]   Downloaded cargo_toml v0.14.1
[INFO] running `Command { std: "docker" "create" "-v" "/var/lib/crater-agent-workspace/builds/worker-2-tc1/target:/opt/rustwide/target:rw,Z" "-v" "/var/lib/crater-agent-workspace/builds/worker-2-tc1/source:/opt/rustwide/workdir:ro,Z" "-v" "/var/lib/crater-agent-workspace/cargo-home:/opt/rustwide/cargo-home:ro,Z" "-v" "/var/lib/crater-agent-workspace/rustup-home:/opt/rustwide/rustup-home:ro,Z" "-e" "SOURCE_DIR=/opt/rustwide/workdir" "-e" "CARGO_TARGET_DIR=/opt/rustwide/target" "-e" "CARGO_HOME=/opt/rustwide/cargo-home" "-e" "RUSTUP_HOME=/opt/rustwide/rustup-home" "-w" "/opt/rustwide/workdir" "-m" "1610612736" "--user" "0:0" "--network" "none" "ghcr.io/rust-lang/crates-build-env/linux@sha256:2788e3201cd34a07e3172128adcd8b3090168a8e3bcc40d7c032b9dda1df7d1c" "/opt/rustwide/cargo-home/bin/cargo" "+1.75.0" "metadata" "--no-deps" "--format-version=1", kill_on_drop: false }`
[INFO] [stdout] 9d69312c758829e92a546cd08c288df81750c65bf65374156aec2278c93bfecd
[INFO] running `Command { std: "docker" "start" "-a" "9d69312c758829e92a546cd08c288df81750c65bf65374156aec2278c93bfecd", kill_on_drop: false }`
[INFO] running `Command { std: "docker" "inspect" "9d69312c758829e92a546cd08c288df81750c65bf65374156aec2278c93bfecd", kill_on_drop: false }`
[INFO] running `Command { std: "docker" "rm" "-f" "9d69312c758829e92a546cd08c288df81750c65bf65374156aec2278c93bfecd", kill_on_drop: false }`
[INFO] [stdout] 9d69312c758829e92a546cd08c288df81750c65bf65374156aec2278c93bfecd
[INFO] running `Command { std: "docker" "create" "-v" "/var/lib/crater-agent-workspace/builds/worker-2-tc1/target:/opt/rustwide/target:rw,Z" "-v" "/var/lib/crater-agent-workspace/builds/worker-2-tc1/source:/opt/rustwide/workdir:ro,Z" "-v" "/var/lib/crater-agent-workspace/cargo-home:/opt/rustwide/cargo-home:ro,Z" "-v" "/var/lib/crater-agent-workspace/rustup-home:/opt/rustwide/rustup-home:ro,Z" "-e" "SOURCE_DIR=/opt/rustwide/workdir" "-e" "CARGO_TARGET_DIR=/opt/rustwide/target" "-e" "CARGO_INCREMENTAL=0" "-e" "RUST_BACKTRACE=full" "-e" "RUSTFLAGS=--cap-lints=warn" "-e" "RUSTDOCFLAGS=--cap-lints=warn" "-e" "CARGO_HOME=/opt/rustwide/cargo-home" "-e" "RUSTUP_HOME=/opt/rustwide/rustup-home" "-w" "/opt/rustwide/workdir" "-m" "1610612736" "--user" "0:0" "--network" "none" "ghcr.io/rust-lang/crates-build-env/linux@sha256:2788e3201cd34a07e3172128adcd8b3090168a8e3bcc40d7c032b9dda1df7d1c" "/opt/rustwide/cargo-home/bin/cargo" "+1.75.0" "build" "--frozen" "--message-format=json", kill_on_drop: false }`
[INFO] [stdout] ddd7fba29c4f1b26aa7209614ecbe5d33a9563639c18d2b7336c2f0986ad3217
[INFO] running `Command { std: "docker" "start" "-a" "ddd7fba29c4f1b26aa7209614ecbe5d33a9563639c18d2b7336c2f0986ad3217", kill_on_drop: false }`
[INFO] [stderr]    Compiling unicode-ident v1.0.5
[INFO] [stderr]    Compiling proc-macro2 v1.0.70
[INFO] [stderr]    Compiling syn v1.0.109
[INFO] [stderr]    Compiling libc v0.2.140
[INFO] [stderr]    Compiling io-lifetimes v1.0.2
[INFO] [stderr]    Compiling serde_derive v1.0.155
[INFO] [stderr]    Compiling serde v1.0.155
[INFO] [stderr]    Compiling version_check v0.9.4
[INFO] [stderr]    Compiling heck v0.4.1
[INFO] [stderr]    Compiling rustix v0.36.5
[INFO] [stderr]    Compiling parking_lot_core v0.9.7
[INFO] [stderr]    Compiling unicode-width v0.1.10
[INFO] [stderr]    Compiling linux-raw-sys v0.1.3
[INFO] [stderr]    Compiling indexmap v1.9.2
[INFO] [stderr]    Compiling hashbrown v0.12.3
[INFO] [stderr]    Compiling rustversion v1.0.9
[INFO] [stderr]    Compiling rustix v0.37.7
[INFO] [stderr]    Compiling num-traits v0.2.15
[INFO] [stderr]    Compiling linux-raw-sys v0.3.8
[INFO] [stderr]    Compiling log v0.4.17
[INFO] [stderr]    Compiling anyhow v1.0.69
[INFO] [stderr]    Compiling regex-syntax v0.6.28
[INFO] [stderr]    Compiling proc-macro-error-attr v1.0.4
[INFO] [stderr]    Compiling proc-macro-error v1.0.4
[INFO] [stderr]    Compiling bitflags v2.4.1
[INFO] [stderr]    Compiling unicode-segmentation v1.10.1
[INFO] [stderr]    Compiling once_cell v1.17.1
[INFO] [stderr]    Compiling os_str_bytes v6.4.1
[INFO] [stderr]    Compiling quote v1.0.33
[INFO] [stderr]    Compiling litrs v0.2.3
[INFO] [stderr]    Compiling serde_json v1.0.94
[INFO] [stderr]    Compiling syn v2.0.40
[INFO] [stderr]    Compiling convert_case v0.6.0
[INFO] [stderr]    Compiling clap_lex v0.3.0
[INFO] [stderr]    Compiling convert_case v0.4.0
[INFO] [stderr]    Compiling ryu v1.0.11
[INFO] [stderr]    Compiling itoa v1.0.4
[INFO] [stderr]    Compiling iana-time-zone v0.1.53
[INFO] [stderr]    Compiling termcolor v1.1.3
[INFO] [stderr]    Compiling smawk v0.3.2
[INFO] [stderr]    Compiling strsim v0.10.0
[INFO] [stderr]    Compiling unicode-linebreak v0.1.5
[INFO] [stderr]    Compiling strum v0.25.0
[INFO] [stderr]    Compiling unicode-id v0.3.3
[INFO] [stderr]    Compiling erased-serde v0.3.25
[INFO] [stderr]    Compiling console v0.15.7
[INFO] [stderr]    Compiling num_cpus v1.15.0
[INFO] [stderr]    Compiling thiserror v1.0.39
[INFO] [stderr]    Compiling markdown v1.0.0-alpha.5
[INFO] [stderr]    Compiling parking_lot v0.12.1
[INFO] [stderr]    Compiling threadpool v1.8.1
[INFO] [stderr]    Compiling chrono v0.4.31
[INFO] [stderr]    Compiling fastrand v1.8.0
[INFO] [stderr]    Compiling crossterm v0.27.0
[INFO] [stderr]    Compiling regex v1.7.0
[INFO] [stderr]    Compiling terminal_size v0.2.6
[INFO] [stderr]    Compiling textwrap v0.16.0
[INFO] [stderr]    Compiling is-terminal v0.4.2
[INFO] [stderr]    Compiling tempfile v3.4.0
[INFO] [stderr]    Compiling loga v0.1.5
[INFO] [stderr]    Compiling strum_macros v0.25.3
[INFO] [stderr]    Compiling clap_derive v4.1.8
[INFO] [stderr]    Compiling structre_proc_macros v0.0.1
[INFO] [stderr]    Compiling aargvark_proc_macros v0.0.3
[INFO] [stderr]    Compiling thiserror-impl v1.0.39
[INFO] [stderr]    Compiling derive_more v0.99.17
[INFO] [stderr]    Compiling comfy-table v7.1.0
[INFO] [stderr]    Compiling structre v0.0.1
[INFO] [stderr]    Compiling clap v4.1.8
[INFO] [stderr]    Compiling toml v0.5.11
[INFO] [stderr]    Compiling aargvark v0.0.6
[INFO] [stderr]    Compiling cargo-manifest v0.7.1
[INFO] [stderr]    Compiling cargo_toml v0.14.1
[INFO] [stderr]    Compiling genemichaels v0.1.21
[INFO] [stderr]    Compiling terrars v0.1.12 (/opt/rustwide/workdir)
[INFO] [stderr]     Finished dev [unoptimized + debuginfo] target(s) in 17.34s
[INFO] running `Command { std: "docker" "inspect" "ddd7fba29c4f1b26aa7209614ecbe5d33a9563639c18d2b7336c2f0986ad3217", kill_on_drop: false }`
[INFO] running `Command { std: "docker" "rm" "-f" "ddd7fba29c4f1b26aa7209614ecbe5d33a9563639c18d2b7336c2f0986ad3217", kill_on_drop: false }`
[INFO] [stdout] ddd7fba29c4f1b26aa7209614ecbe5d33a9563639c18d2b7336c2f0986ad3217
[INFO] running `Command { std: "docker" "create" "-v" "/var/lib/crater-agent-workspace/builds/worker-2-tc1/target:/opt/rustwide/target:rw,Z" "-v" "/var/lib/crater-agent-workspace/builds/worker-2-tc1/source:/opt/rustwide/workdir:ro,Z" "-v" "/var/lib/crater-agent-workspace/cargo-home:/opt/rustwide/cargo-home:ro,Z" "-v" "/var/lib/crater-agent-workspace/rustup-home:/opt/rustwide/rustup-home:ro,Z" "-e" "SOURCE_DIR=/opt/rustwide/workdir" "-e" "CARGO_TARGET_DIR=/opt/rustwide/target" "-e" "CARGO_INCREMENTAL=0" "-e" "RUST_BACKTRACE=full" "-e" "RUSTFLAGS=--cap-lints=warn" "-e" "RUSTDOCFLAGS=--cap-lints=warn" "-e" "CARGO_HOME=/opt/rustwide/cargo-home" "-e" "RUSTUP_HOME=/opt/rustwide/rustup-home" "-w" "/opt/rustwide/workdir" "-m" "1610612736" "--user" "0:0" "--network" "none" "ghcr.io/rust-lang/crates-build-env/linux@sha256:2788e3201cd34a07e3172128adcd8b3090168a8e3bcc40d7c032b9dda1df7d1c" "/opt/rustwide/cargo-home/bin/cargo" "+1.75.0" "test" "--frozen" "--no-run" "--message-format=json", kill_on_drop: false }`
[INFO] [stdout] 1109a626bed958556b4b048095f70a832e780f8514703aeb7876642942bfc9b4
[INFO] running `Command { std: "docker" "start" "-a" "1109a626bed958556b4b048095f70a832e780f8514703aeb7876642942bfc9b4", kill_on_drop: false }`
[INFO] [stderr]    Compiling terrars v0.1.12 (/opt/rustwide/workdir)
[INFO] [stderr]     Finished test [unoptimized + debuginfo] target(s) in 0.85s
[INFO] running `Command { std: "docker" "inspect" "1109a626bed958556b4b048095f70a832e780f8514703aeb7876642942bfc9b4", kill_on_drop: false }`
[INFO] running `Command { std: "docker" "rm" "-f" "1109a626bed958556b4b048095f70a832e780f8514703aeb7876642942bfc9b4", kill_on_drop: false }`
[INFO] [stdout] 1109a626bed958556b4b048095f70a832e780f8514703aeb7876642942bfc9b4
[INFO] running `Command { std: "docker" "create" "-v" "/var/lib/crater-agent-workspace/builds/worker-2-tc1/target:/opt/rustwide/target:rw,Z" "-v" "/var/lib/crater-agent-workspace/builds/worker-2-tc1/source:/opt/rustwide/workdir:ro,Z" "-v" "/var/lib/crater-agent-workspace/cargo-home:/opt/rustwide/cargo-home:ro,Z" "-v" "/var/lib/crater-agent-workspace/rustup-home:/opt/rustwide/rustup-home:ro,Z" "-e" "SOURCE_DIR=/opt/rustwide/workdir" "-e" "CARGO_TARGET_DIR=/opt/rustwide/target" "-e" "CARGO_INCREMENTAL=0" "-e" "RUST_BACKTRACE=full" "-e" "RUSTFLAGS=--cap-lints=warn" "-e" "RUSTDOCFLAGS=--cap-lints=warn" "-e" "CARGO_HOME=/opt/rustwide/cargo-home" "-e" "RUSTUP_HOME=/opt/rustwide/rustup-home" "-w" "/opt/rustwide/workdir" "-m" "1610612736" "--user" "0:0" "--network" "none" "ghcr.io/rust-lang/crates-build-env/linux@sha256:2788e3201cd34a07e3172128adcd8b3090168a8e3bcc40d7c032b9dda1df7d1c" "/opt/rustwide/cargo-home/bin/cargo" "+1.75.0" "test" "--frozen", kill_on_drop: false }`
[INFO] [stdout] f6c82a8c09f9a8e4b817c78a72de7b15b7c1dccd1d5f8822523397dab2971e8f
[INFO] running `Command { std: "docker" "start" "-a" "f6c82a8c09f9a8e4b817c78a72de7b15b7c1dccd1d5f8822523397dab2971e8f", kill_on_drop: false }`
[INFO] [stderr]     Finished test [unoptimized + debuginfo] target(s) in 0.08s
[INFO] [stderr]      Running unittests src/lib.rs (/opt/rustwide/target/debug/deps/terrars-afd5116bd3b6226d)
[INFO] [stdout] 
[INFO] [stdout] running 0 tests
[INFO] [stdout] 
[INFO] [stdout] test result: ok. 0 passed; 0 failed; 0 ignored; 0 measured; 0 filtered out; finished in 0.00s
[INFO] [stdout] 
[INFO] [stderr]      Running unittests src/bin/terrars-generate.rs (/opt/rustwide/target/debug/deps/terrars_generate-e3b66b13de383cac)
[INFO] [stdout] 
[INFO] [stdout] running 0 tests
[INFO] [stdout] 
[INFO] [stdout] test result: ok. 0 passed; 0 failed; 0 ignored; 0 measured; 0 filtered out; finished in 0.00s
[INFO] [stdout] 
[INFO] [stderr]    Doc-tests terrars
[INFO] [stdout] 
[INFO] [stdout] running 5 tests
[INFO] [stdout] test src/lib.rs - (line 162) ... FAILED
[INFO] [stdout] test src/lib.rs - (line 113) ... FAILED
[INFO] [stdout] test src/lib.rs - (line 48) ... FAILED
[INFO] [stdout] test src/lib.rs - (line 59) ... FAILED
[INFO] [stdout] test src/lib.rs - (line 72) ... FAILED
[INFO] [stdout] 
[INFO] [stdout] failures:
[INFO] [stdout] 
[INFO] [stdout] ---- src/lib.rs - (line 162) stdout ----
[INFO] [stdout] error: mismatched closing delimiter: `)`
[INFO] [stdout]  --> src/lib.rs:162:74
[INFO] [stdout]   |
[INFO] [stdout] 2 | fn main() { #[allow(non_snake_case)] fn _doctest_main_src_lib_rs_162_0() {
[INFO] [stdout]   |                                                                          ^ unclosed delimiter
[INFO] [stdout] 3 | format!("{}{}", my_expr, verbatim_string))
[INFO] [stdout]   |                                          ^ mismatched closing delimiter
[INFO] [stdout] 
[INFO] [stdout] error: unexpected closing delimiter: `}`
[INFO] [stdout]  --> src/lib.rs:164:36
[INFO] [stdout]   |
[INFO] [stdout] 3 | format!("{}{}", my_expr, verbatim_string))
[INFO] [stdout]   |                                          - missing open `(` for this delimiter
[INFO] [stdout] 4 | } _doctest_main_src_lib_rs_162_0() }
[INFO] [stdout]   |                                    ^ unexpected closing delimiter
[INFO] [stdout] 
[INFO] [stdout] error: aborting due to 2 previous errors
[INFO] [stdout] 
[INFO] [stdout] Couldn't compile the test.
[INFO] [stdout] ---- src/lib.rs - (line 113) stdout ----
[INFO] [stdout] error: cannot declare a non-inline module inside a block unless it has a path attribute
[INFO] [stdout]  --> src/lib.rs:114:1
[INFO] [stdout]   |
[INFO] [stdout] 3 | pub mod aws;
[INFO] [stdout]   | ^^^^^^^^^^^^
[INFO] [stdout] 
[INFO] [stdout] error: aborting due to previous error
[INFO] [stdout] 
[INFO] [stdout] Couldn't compile the test.
[INFO] [stdout] ---- src/lib.rs - (line 48) stdout ----
[INFO] [stdout] error[E0422]: cannot find struct, variant or union type `BuildStack` in this scope
[INFO] [stdout]  --> src/lib.rs:49:22
[INFO] [stdout]   |
[INFO] [stdout] 3 | let mut stack = &mut BuildStack{}.build();
[INFO] [stdout]   |                      ^^^^^^^^^^ not found in this scope
[INFO] [stdout]   |
[INFO] [stdout] help: consider importing this struct
[INFO] [stdout]   |
[INFO] [stdout] 2 + use terrars::BuildStack;
[INFO] [stdout]   |
[INFO] [stdout] 
[INFO] [stdout] error[E0422]: cannot find struct, variant or union type `BuildProviderStripe` in this scope
[INFO] [stdout]  --> src/lib.rs:50:1
[INFO] [stdout]   |
[INFO] [stdout] 4 | BuildProviderStripe {
[INFO] [stdout]   | ^^^^^^^^^^^^^^^^^^^ not found in this scope
[INFO] [stdout] 
[INFO] [stdout] error[E0425]: cannot find value `STRIPE_TOKEN` in this scope
[INFO] [stdout]  --> src/lib.rs:51:12
[INFO] [stdout]   |
[INFO] [stdout] 5 |     token: STRIPE_TOKEN,
[INFO] [stdout]   |            ^^^^^^^^^^^^ not found in this scope
[INFO] [stdout] 
[INFO] [stdout] error: aborting due to 3 previous errors
[INFO] [stdout] 
[INFO] [stdout] Some errors have detailed explanations: E0422, E0425.
[INFO] [stdout] For more information about an error, try `rustc --explain E0422`.
[INFO] [stdout] Couldn't compile the test.
[INFO] [stdout] ---- src/lib.rs - (line 59) stdout ----
[INFO] [stdout] error: expected identifier, found `...`
[INFO] [stdout]  --> src/lib.rs:64:5
[INFO] [stdout]   |
[INFO] [stdout] 6 | let my_price = BuildPrice {
[INFO] [stdout]   |                ---------- while parsing this struct
[INFO] [stdout] 7 |     ...
[INFO] [stdout]   |     ^^^ expected identifier
[INFO] [stdout] 
[INFO] [stdout] error: unexpected token: `...`
[INFO] [stdout]   --> src/lib.rs:67:1
[INFO] [stdout]    |
[INFO] [stdout] 10 | ...
[INFO] [stdout]    | ^^^
[INFO] [stdout]    |
[INFO] [stdout] help: use `..` for an exclusive range
[INFO] [stdout]    |
[INFO] [stdout] 10 | ..
[INFO] [stdout]    |
[INFO] [stdout] help: or `..=` for an inclusive range
[INFO] [stdout]    |
[INFO] [stdout] 10 | ..=
[INFO] [stdout]    |
[INFO] [stdout] 
[INFO] [stdout] error[E0586]: inclusive range with no end
[INFO] [stdout]   --> src/lib.rs:67:1
[INFO] [stdout]    |
[INFO] [stdout] 10 | ...
[INFO] [stdout]    | ^^^ help: use `..` instead
[INFO] [stdout]    |
[INFO] [stdout]    = note: inclusive ranges must be bounded at the end (`..=b` or `a..=b`)
[INFO] [stdout] 
[INFO] [stdout] error[E0422]: cannot find struct, variant or union type `BuildProduct` in this scope
[INFO] [stdout]  --> src/lib.rs:60:18
[INFO] [stdout]   |
[INFO] [stdout] 3 | let my_product = BuildProduct {
[INFO] [stdout]   |                  ^^^^^^^^^^^^ not found in this scope
[INFO] [stdout] 
[INFO] [stdout] error[E0425]: cannot find value `stack` in this scope
[INFO] [stdout]  --> src/lib.rs:62:9
[INFO] [stdout]   |
[INFO] [stdout] 5 | }.build(stack);
[INFO] [stdout]   |         ^^^^^ not found in this scope
[INFO] [stdout] 
[INFO] [stdout] error[E0422]: cannot find struct, variant or union type `BuildPrice` in this scope
[INFO] [stdout]  --> src/lib.rs:63:16
[INFO] [stdout]   |
[INFO] [stdout] 6 | let my_price = BuildPrice {
[INFO] [stdout]   |                ^^^^^^^^^^ not found in this scope
[INFO] [stdout] 
[INFO] [stdout] error[E0425]: cannot find value `stack` in this scope
[INFO] [stdout]  --> src/lib.rs:65:9
[INFO] [stdout]   |
[INFO] [stdout] 8 | }.build(stack);
[INFO] [stdout]   |         ^^^^^ not found in this scope
[INFO] [stdout] 
[INFO] [stdout] error: aborting due to 7 previous errors
[INFO] [stdout] 
[INFO] [stdout] Some errors have detailed explanations: E0422, E0425, E0586.
[INFO] [stdout] For more information about an error, try `rustc --explain E0422`.
[INFO] [stdout] Couldn't compile the test.
[INFO] [stdout] ---- src/lib.rs - (line 72) stdout ----
[INFO] [stdout] error[E0433]: failed to resolve: use of undeclared crate or module `fs`
[INFO] [stdout]  --> src/lib.rs:73:1
[INFO] [stdout]   |
[INFO] [stdout] 3 | fs::write("mystack.tf.json", &stack.serialize("state.json")?)?;
[INFO] [stdout]   | ^^ use of undeclared crate or module `fs`
[INFO] [stdout]   |
[INFO] [stdout] help: consider importing this module
[INFO] [stdout]   |
[INFO] [stdout] 2 + use std::fs;
[INFO] [stdout]   |
[INFO] [stdout] 
[INFO] [stdout] error[E0425]: cannot find value `stack` in this scope
[INFO] [stdout]  --> src/lib.rs:73:31
[INFO] [stdout]   |
[INFO] [stdout] 3 | fs::write("mystack.tf.json", &stack.serialize("state.json")?)?;
[INFO] [stdout]   |                               ^^^^^ not found in this scope
[INFO] [stdout] 
[INFO] [stdout] error: aborting due to 2 previous errors
[INFO] [stdout] 
[INFO] [stdout] Some errors have detailed explanations: E0425, E0433.
[INFO] [stdout] For more information about an error, try `rustc --explain E0425`.
[INFO] [stdout] Couldn't compile the test.
[INFO] [stdout] 
[INFO] [stdout] failures:
[INFO] [stdout]     src/lib.rs - (line 113)
[INFO] [stdout]     src/lib.rs - (line 162)
[INFO] [stdout]     src/lib.rs - (line 48)
[INFO] [stdout]     src/lib.rs - (line 59)
[INFO] [stdout]     src/lib.rs - (line 72)
[INFO] [stdout] 
[INFO] [stdout] test result: FAILED. 0 passed; 5 failed; 0 ignored; 0 measured; 0 filtered out; finished in 0.06s
[INFO] [stdout] 
[INFO] [stderr] error: doctest failed, to rerun pass `--doc`
[INFO] running `Command { std: "docker" "inspect" "f6c82a8c09f9a8e4b817c78a72de7b15b7c1dccd1d5f8822523397dab2971e8f", kill_on_drop: false }`
[INFO] running `Command { std: "docker" "rm" "-f" "f6c82a8c09f9a8e4b817c78a72de7b15b7c1dccd1d5f8822523397dab2971e8f", kill_on_drop: false }`
[INFO] [stdout] f6c82a8c09f9a8e4b817c78a72de7b15b7c1dccd1d5f8822523397dab2971e8f
[INFO] testing andrewbaxter/terrars against beta-2023-12-22 for beta-1.76-1
[INFO] running `Command { std: "git" "clone" "/workspace/cache/git-repos/https%3A%2F%2Fgithub.com%2Fandrewbaxter%2Fterrars" "/workspace/builds/worker-2-tc2/source", kill_on_drop: false }`
[INFO] [stderr] Cloning into '/workspace/builds/worker-2-tc2/source'...
[INFO] [stderr] done.
[INFO] validating manifest of git repo https://github.com/andrewbaxter/terrars on toolchain beta-2023-12-22
[INFO] running `Command { std: CARGO_HOME="/workspace/cargo-home" RUSTUP_HOME="/workspace/rustup-home" "/workspace/cargo-home/bin/cargo" "+beta-2023-12-22" "metadata" "--manifest-path" "Cargo.toml" "--no-deps", kill_on_drop: false }`
[INFO] started tweaking git repo https://github.com/andrewbaxter/terrars
[INFO] finished tweaking git repo https://github.com/andrewbaxter/terrars
[INFO] tweaked toml for git repo https://github.com/andrewbaxter/terrars written to /workspace/builds/worker-2-tc2/source/Cargo.toml
[INFO] crate git repo https://github.com/andrewbaxter/terrars already has a lockfile, it will not be regenerated
[INFO] running `Command { std: CARGO_HOME="/workspace/cargo-home" RUSTUP_HOME="/workspace/rustup-home" "/workspace/cargo-home/bin/cargo" "+beta-2023-12-22" "fetch" "--manifest-path" "Cargo.toml", kill_on_drop: false }`
[INFO] running `Command { std: "docker" "create" "-v" "/var/lib/crater-agent-workspace/builds/worker-2-tc2/target:/opt/rustwide/target:rw,Z" "-v" "/var/lib/crater-agent-workspace/builds/worker-2-tc2/source:/opt/rustwide/workdir:ro,Z" "-v" "/var/lib/crater-agent-workspace/cargo-home:/opt/rustwide/cargo-home:ro,Z" "-v" "/var/lib/crater-agent-workspace/rustup-home:/opt/rustwide/rustup-home:ro,Z" "-e" "SOURCE_DIR=/opt/rustwide/workdir" "-e" "CARGO_TARGET_DIR=/opt/rustwide/target" "-e" "CARGO_HOME=/opt/rustwide/cargo-home" "-e" "RUSTUP_HOME=/opt/rustwide/rustup-home" "-w" "/opt/rustwide/workdir" "-m" "1610612736" "--user" "0:0" "--network" "none" "ghcr.io/rust-lang/crates-build-env/linux@sha256:2788e3201cd34a07e3172128adcd8b3090168a8e3bcc40d7c032b9dda1df7d1c" "/opt/rustwide/cargo-home/bin/cargo" "+beta-2023-12-22" "metadata" "--no-deps" "--format-version=1", kill_on_drop: false }`
[INFO] [stdout] 0bb747c61d9e47a45957675f5e402ba656bc18d484de4dd4e6f3d98c14f5742a
[INFO] running `Command { std: "docker" "start" "-a" "0bb747c61d9e47a45957675f5e402ba656bc18d484de4dd4e6f3d98c14f5742a", kill_on_drop: false }`
[INFO] running `Command { std: "docker" "inspect" "0bb747c61d9e47a45957675f5e402ba656bc18d484de4dd4e6f3d98c14f5742a", kill_on_drop: false }`
[INFO] running `Command { std: "docker" "rm" "-f" "0bb747c61d9e47a45957675f5e402ba656bc18d484de4dd4e6f3d98c14f5742a", kill_on_drop: false }`
[INFO] [stdout] 0bb747c61d9e47a45957675f5e402ba656bc18d484de4dd4e6f3d98c14f5742a
[INFO] running `Command { std: "docker" "create" "-v" "/var/lib/crater-agent-workspace/builds/worker-2-tc2/target:/opt/rustwide/target:rw,Z" "-v" "/var/lib/crater-agent-workspace/builds/worker-2-tc2/source:/opt/rustwide/workdir:ro,Z" "-v" "/var/lib/crater-agent-workspace/cargo-home:/opt/rustwide/cargo-home:ro,Z" "-v" "/var/lib/crater-agent-workspace/rustup-home:/opt/rustwide/rustup-home:ro,Z" "-e" "SOURCE_DIR=/opt/rustwide/workdir" "-e" "CARGO_TARGET_DIR=/opt/rustwide/target" "-e" "CARGO_INCREMENTAL=0" "-e" "RUST_BACKTRACE=full" "-e" "RUSTFLAGS=--cap-lints=warn" "-e" "RUSTDOCFLAGS=--cap-lints=warn" "-e" "CARGO_HOME=/opt/rustwide/cargo-home" "-e" "RUSTUP_HOME=/opt/rustwide/rustup-home" "-w" "/opt/rustwide/workdir" "-m" "1610612736" "--user" "0:0" "--network" "none" "ghcr.io/rust-lang/crates-build-env/linux@sha256:2788e3201cd34a07e3172128adcd8b3090168a8e3bcc40d7c032b9dda1df7d1c" "/opt/rustwide/cargo-home/bin/cargo" "+beta-2023-12-22" "build" "--frozen" "--message-format=json", kill_on_drop: false }`
[INFO] [stdout] 4b4ebe4494bcb541dc5dafc7298a54a66073ed961deb8dc5e5168390c14e8bba
[INFO] running `Command { std: "docker" "start" "-a" "4b4ebe4494bcb541dc5dafc7298a54a66073ed961deb8dc5e5168390c14e8bba", kill_on_drop: false }`
[INFO] [stderr]    Compiling unicode-ident v1.0.5
[INFO] [stderr]    Compiling proc-macro2 v1.0.70
[INFO] [stderr]    Compiling libc v0.2.140
[INFO] [stderr]    Compiling syn v1.0.109
[INFO] [stderr]    Compiling io-lifetimes v1.0.2
[INFO] [stderr]    Compiling serde_derive v1.0.155
[INFO] [stderr]    Compiling version_check v0.9.4
[INFO] [stderr]    Compiling serde v1.0.155
[INFO] [stderr]    Compiling parking_lot_core v0.9.7
[INFO] [stderr]    Compiling heck v0.4.1
[INFO] [stderr]    Compiling rustix v0.36.5
[INFO] [stderr]    Compiling rustversion v1.0.9
[INFO] [stderr]    Compiling indexmap v1.9.2
[INFO] [stderr]    Compiling unicode-width v0.1.10
[INFO] [stderr]    Compiling hashbrown v0.12.3
[INFO] [stderr]    Compiling linux-raw-sys v0.1.3
[INFO] [stderr]    Compiling rustix v0.37.7
[INFO] [stderr]    Compiling num-traits v0.2.15
[INFO] [stderr]    Compiling anyhow v1.0.69
[INFO] [stderr]    Compiling linux-raw-sys v0.3.8
[INFO] [stderr]    Compiling log v0.4.17
[INFO] [stderr]    Compiling regex-syntax v0.6.28
[INFO] [stderr]    Compiling proc-macro-error-attr v1.0.4
[INFO] [stderr]    Compiling proc-macro-error v1.0.4
[INFO] [stderr]    Compiling serde_json v1.0.94
[INFO] [stderr]    Compiling unicode-segmentation v1.10.1
[INFO] [stderr]    Compiling once_cell v1.17.1
[INFO] [stderr]    Compiling bitflags v2.4.1
[INFO] [stderr]    Compiling os_str_bytes v6.4.1
[INFO] [stderr]    Compiling quote v1.0.33
[INFO] [stderr]    Compiling litrs v0.2.3
[INFO] [stderr]    Compiling convert_case v0.6.0
[INFO] [stderr]    Compiling syn v2.0.40
[INFO] [stderr]    Compiling clap_lex v0.3.0
[INFO] [stderr]    Compiling termcolor v1.1.3
[INFO] [stderr]    Compiling unicode-id v0.3.3
[INFO] [stderr]    Compiling convert_case v0.4.0
[INFO] [stderr]    Compiling itoa v1.0.4
[INFO] [stderr]    Compiling erased-serde v0.3.25
[INFO] [stderr]    Compiling unicode-linebreak v0.1.5
[INFO] [stderr]    Compiling strum v0.25.0
[INFO] [stderr]    Compiling ryu v1.0.11
[INFO] [stderr]    Compiling thiserror v1.0.39
[INFO] [stderr]    Compiling iana-time-zone v0.1.53
[INFO] [stderr]    Compiling strsim v0.10.0
[INFO] [stderr]    Compiling smawk v0.3.2
[INFO] [stderr]    Compiling markdown v1.0.0-alpha.5
[INFO] [stderr]    Compiling fastrand v1.8.0
[INFO] [stderr]    Compiling chrono v0.4.31
[INFO] [stderr]    Compiling console v0.15.7
[INFO] [stderr]    Compiling num_cpus v1.15.0
[INFO] [stderr]    Compiling threadpool v1.8.1
[INFO] [stderr]    Compiling parking_lot v0.12.1
[INFO] [stderr]    Compiling crossterm v0.27.0
[INFO] [stderr]    Compiling regex v1.7.0
[INFO] [stderr]    Compiling terminal_size v0.2.6
[INFO] [stderr]    Compiling textwrap v0.16.0
[INFO] [stderr]    Compiling loga v0.1.5
[INFO] [stderr]    Compiling is-terminal v0.4.2
[INFO] [stderr]    Compiling tempfile v3.4.0
[INFO] [stderr]    Compiling strum_macros v0.25.3
[INFO] [stderr]    Compiling comfy-table v7.1.0
[INFO] [stderr]    Compiling structre_proc_macros v0.0.1
[INFO] [stderr]    Compiling clap_derive v4.1.8
[INFO] [stderr]    Compiling derive_more v0.99.17
[INFO] [stderr]    Compiling thiserror-impl v1.0.39
[INFO] [stderr]    Compiling aargvark_proc_macros v0.0.3
[INFO] [stderr]    Compiling structre v0.0.1
[INFO] [stderr]    Compiling clap v4.1.8
[INFO] [stderr]    Compiling toml v0.5.11
[INFO] [stderr]    Compiling aargvark v0.0.6
[INFO] [stderr]    Compiling cargo-manifest v0.7.1
[INFO] [stderr]    Compiling cargo_toml v0.14.1
[INFO] [stderr]    Compiling genemichaels v0.1.21
[INFO] [stderr]    Compiling terrars v0.1.12 (/opt/rustwide/workdir)
[INFO] [stderr]     Finished dev [unoptimized + debuginfo] target(s) in 16.34s
[INFO] running `Command { std: "docker" "inspect" "4b4ebe4494bcb541dc5dafc7298a54a66073ed961deb8dc5e5168390c14e8bba", kill_on_drop: false }`
[INFO] running `Command { std: "docker" "rm" "-f" "4b4ebe4494bcb541dc5dafc7298a54a66073ed961deb8dc5e5168390c14e8bba", kill_on_drop: false }`
[INFO] [stdout] 4b4ebe4494bcb541dc5dafc7298a54a66073ed961deb8dc5e5168390c14e8bba
[INFO] running `Command { std: "docker" "create" "-v" "/var/lib/crater-agent-workspace/builds/worker-2-tc2/target:/opt/rustwide/target:rw,Z" "-v" "/var/lib/crater-agent-workspace/builds/worker-2-tc2/source:/opt/rustwide/workdir:ro,Z" "-v" "/var/lib/crater-agent-workspace/cargo-home:/opt/rustwide/cargo-home:ro,Z" "-v" "/var/lib/crater-agent-workspace/rustup-home:/opt/rustwide/rustup-home:ro,Z" "-e" "SOURCE_DIR=/opt/rustwide/workdir" "-e" "CARGO_TARGET_DIR=/opt/rustwide/target" "-e" "CARGO_INCREMENTAL=0" "-e" "RUST_BACKTRACE=full" "-e" "RUSTFLAGS=--cap-lints=warn" "-e" "RUSTDOCFLAGS=--cap-lints=warn" "-e" "CARGO_HOME=/opt/rustwide/cargo-home" "-e" "RUSTUP_HOME=/opt/rustwide/rustup-home" "-w" "/opt/rustwide/workdir" "-m" "1610612736" "--user" "0:0" "--network" "none" "ghcr.io/rust-lang/crates-build-env/linux@sha256:2788e3201cd34a07e3172128adcd8b3090168a8e3bcc40d7c032b9dda1df7d1c" "/opt/rustwide/cargo-home/bin/cargo" "+beta-2023-12-22" "test" "--frozen" "--no-run" "--message-format=json", kill_on_drop: false }`
[INFO] [stdout] 713b14e3b4585c309780a56569e29a80b7dad3bb69362dcf2edbc28457e1761e
[INFO] running `Command { std: "docker" "start" "-a" "713b14e3b4585c309780a56569e29a80b7dad3bb69362dcf2edbc28457e1761e", kill_on_drop: false }`
[INFO] [stderr]    Compiling terrars v0.1.12 (/opt/rustwide/workdir)
[INFO] [stderr]     Finished test [unoptimized + debuginfo] target(s) in 0.80s
[INFO] running `Command { std: "docker" "inspect" "713b14e3b4585c309780a56569e29a80b7dad3bb69362dcf2edbc28457e1761e", kill_on_drop: false }`
[INFO] running `Command { std: "docker" "rm" "-f" "713b14e3b4585c309780a56569e29a80b7dad3bb69362dcf2edbc28457e1761e", kill_on_drop: false }`
[INFO] [stdout] 713b14e3b4585c309780a56569e29a80b7dad3bb69362dcf2edbc28457e1761e
[INFO] running `Command { std: "docker" "create" "-v" "/var/lib/crater-agent-workspace/builds/worker-2-tc2/target:/opt/rustwide/target:rw,Z" "-v" "/var/lib/crater-agent-workspace/builds/worker-2-tc2/source:/opt/rustwide/workdir:ro,Z" "-v" "/var/lib/crater-agent-workspace/cargo-home:/opt/rustwide/cargo-home:ro,Z" "-v" "/var/lib/crater-agent-workspace/rustup-home:/opt/rustwide/rustup-home:ro,Z" "-e" "SOURCE_DIR=/opt/rustwide/workdir" "-e" "CARGO_TARGET_DIR=/opt/rustwide/target" "-e" "CARGO_INCREMENTAL=0" "-e" "RUST_BACKTRACE=full" "-e" "RUSTFLAGS=--cap-lints=warn" "-e" "RUSTDOCFLAGS=--cap-lints=warn" "-e" "CARGO_HOME=/opt/rustwide/cargo-home" "-e" "RUSTUP_HOME=/opt/rustwide/rustup-home" "-w" "/opt/rustwide/workdir" "-m" "1610612736" "--user" "0:0" "--network" "none" "ghcr.io/rust-lang/crates-build-env/linux@sha256:2788e3201cd34a07e3172128adcd8b3090168a8e3bcc40d7c032b9dda1df7d1c" "/opt/rustwide/cargo-home/bin/cargo" "+beta-2023-12-22" "test" "--frozen", kill_on_drop: false }`
[INFO] [stdout] b0b3afde7dec063e55ed983c502c32582c3dda84f2e9f45f23e590eeac48134c
[INFO] running `Command { std: "docker" "start" "-a" "b0b3afde7dec063e55ed983c502c32582c3dda84f2e9f45f23e590eeac48134c", kill_on_drop: false }`
[INFO] [stderr]     Finished test [unoptimized + debuginfo] target(s) in 0.13s
[INFO] [stderr]      Running unittests src/lib.rs (/opt/rustwide/target/debug/deps/terrars-4014687ccd97c849)
[INFO] [stdout] 
[INFO] [stdout] running 0 tests
[INFO] [stdout] 
[INFO] [stdout] test result: ok. 0 passed; 0 failed; 0 ignored; 0 measured; 0 filtered out; finished in 0.00s
[INFO] [stdout] 
[INFO] [stderr]      Running unittests src/bin/terrars-generate.rs (/opt/rustwide/target/debug/deps/terrars_generate-959c1e16c048df31)
[INFO] [stdout] 
[INFO] [stdout] running 0 tests
[INFO] [stdout] 
[INFO] [stdout] test result: ok. 0 passed; 0 failed; 0 ignored; 0 measured; 0 filtered out; finished in 0.00s
[INFO] [stdout] 
[INFO] [stderr]    Doc-tests terrars
[INFO] [stdout] 
[INFO] [stdout] running 5 tests
[INFO] [stdout] test src/lib.rs - (line 162) ... FAILED
[INFO] [stdout] test src/lib.rs - (line 113) ... FAILED
[INFO] [stdout] test src/lib.rs - (line 59) ... FAILED
[INFO] [stdout] test src/lib.rs - (line 48) ... FAILED
[INFO] [stdout] test src/lib.rs - (line 72) ... FAILED
[INFO] [stdout] 
[INFO] [stdout] failures:
[INFO] [stdout] 
[INFO] [stdout] ---- src/lib.rs - (line 162) stdout ----
[INFO] [stdout] error: mismatched closing delimiter: `)`
[INFO] [stdout]  --> src/lib.rs:162:74
[INFO] [stdout]   |
[INFO] [stdout] 2 | fn main() { #[allow(non_snake_case)] fn _doctest_main_src_lib_rs_162_0() {
[INFO] [stdout]   |                                                                          ^ unclosed delimiter
[INFO] [stdout] 3 | format!("{}{}", my_expr, verbatim_string))
[INFO] [stdout]   |                                          ^ mismatched closing delimiter
[INFO] [stdout] 
[INFO] [stdout] error: unexpected closing delimiter: `}`
[INFO] [stdout]  --> src/lib.rs:164:36
[INFO] [stdout]   |
[INFO] [stdout] 3 | format!("{}{}", my_expr, verbatim_string))
[INFO] [stdout]   |                                          - missing open `(` for this delimiter
[INFO] [stdout] 4 | } _doctest_main_src_lib_rs_162_0() }
[INFO] [stdout]   |                                    ^ unexpected closing delimiter
[INFO] [stdout] 
[INFO] [stdout] error: aborting due to 2 previous errors
[INFO] [stdout] 
[INFO] [stdout] Couldn't compile the test.
[INFO] [stdout] ---- src/lib.rs - (line 113) stdout ----
[INFO] [stdout] error: cannot declare a non-inline module inside a block unless it has a path attribute
[INFO] [stdout]  --> src/lib.rs:114:1
[INFO] [stdout]   |
[INFO] [stdout] 3 | pub mod aws;
[INFO] [stdout]   | ^^^^^^^^^^^^
[INFO] [stdout] 
[INFO] [stdout] error: aborting due to 1 previous error
[INFO] [stdout] 
[INFO] [stdout] Couldn't compile the test.
[INFO] [stdout] ---- src/lib.rs - (line 59) stdout ----
[INFO] [stdout] error: expected identifier, found `...`
[INFO] [stdout]  --> src/lib.rs:64:5
[INFO] [stdout]   |
[INFO] [stdout] 6 | let my_price = BuildPrice {
[INFO] [stdout]   |                ---------- while parsing this struct
[INFO] [stdout] 7 |     ...
[INFO] [stdout]   |     ^^^ expected identifier
[INFO] [stdout] 
[INFO] [stdout] error: unexpected token: `...`
[INFO] [stdout]   --> src/lib.rs:67:1
[INFO] [stdout]    |
[INFO] [stdout] 10 | ...
[INFO] [stdout]    | ^^^
[INFO] [stdout]    |
[INFO] [stdout] help: use `..` for an exclusive range
[INFO] [stdout]    |
[INFO] [stdout] 10 | ..
[INFO] [stdout]    |
[INFO] [stdout] help: or `..=` for an inclusive range
[INFO] [stdout]    |
[INFO] [stdout] 10 | ..=
[INFO] [stdout]    |
[INFO] [stdout] 
[INFO] [stdout] error[E0586]: inclusive range with no end
[INFO] [stdout]   --> src/lib.rs:67:1
[INFO] [stdout]    |
[INFO] [stdout] 10 | ...
[INFO] [stdout]    | ^^^ help: use `..` instead
[INFO] [stdout]    |
[INFO] [stdout]    = note: inclusive ranges must be bounded at the end (`..=b` or `a..=b`)
[INFO] [stdout] 
[INFO] [stdout] error[E0422]: cannot find struct, variant or union type `BuildProduct` in this scope
[INFO] [stdout]  --> src/lib.rs:60:18
[INFO] [stdout]   |
[INFO] [stdout] 3 | let my_product = BuildProduct {
[INFO] [stdout]   |                  ^^^^^^^^^^^^ not found in this scope
[INFO] [stdout] 
[INFO] [stdout] error[E0425]: cannot find value `stack` in this scope
[INFO] [stdout]  --> src/lib.rs:62:9
[INFO] [stdout]   |
[INFO] [stdout] 5 | }.build(stack);
[INFO] [stdout]   |         ^^^^^ not found in this scope
[INFO] [stdout] 
[INFO] [stdout] error[E0422]: cannot find struct, variant or union type `BuildPrice` in this scope
[INFO] [stdout]  --> src/lib.rs:63:16
[INFO] [stdout]   |
[INFO] [stdout] 6 | let my_price = BuildPrice {
[INFO] [stdout]   |                ^^^^^^^^^^ not found in this scope
[INFO] [stdout] 
[INFO] [stdout] error[E0425]: cannot find value `stack` in this scope
[INFO] [stdout]  --> src/lib.rs:65:9
[INFO] [stdout]   |
[INFO] [stdout] 8 | }.build(stack);
[INFO] [stdout]   |         ^^^^^ not found in this scope
[INFO] [stdout] 
[INFO] [stdout] error: aborting due to 7 previous errors
[INFO] [stdout] 
[INFO] [stdout] Some errors have detailed explanations: E0422, E0425, E0586.
[INFO] [stdout] For more information about an error, try `rustc --explain E0422`.
[INFO] [stdout] Couldn't compile the test.
[INFO] [stdout] ---- src/lib.rs - (line 48) stdout ----
[INFO] [stdout] error[E0422]: cannot find struct, variant or union type `BuildStack` in this scope
[INFO] [stdout]  --> src/lib.rs:49:22
[INFO] [stdout]   |
[INFO] [stdout] 3 | let mut stack = &mut BuildStack{}.build();
[INFO] [stdout]   |                      ^^^^^^^^^^ not found in this scope
[INFO] [stdout]   |
[INFO] [stdout] help: consider importing this struct
[INFO] [stdout]   |
[INFO] [stdout] 2 + use terrars::BuildStack;
[INFO] [stdout]   |
[INFO] [stdout] 
[INFO] [stdout] error[E0422]: cannot find struct, variant or union type `BuildProviderStripe` in this scope
[INFO] [stdout]  --> src/lib.rs:50:1
[INFO] [stdout]   |
[INFO] [stdout] 4 | BuildProviderStripe {
[INFO] [stdout]   | ^^^^^^^^^^^^^^^^^^^ not found in this scope
[INFO] [stdout] 
[INFO] [stdout] error[E0425]: cannot find value `STRIPE_TOKEN` in this scope
[INFO] [stdout]  --> src/lib.rs:51:12
[INFO] [stdout]   |
[INFO] [stdout] 5 |     token: STRIPE_TOKEN,
[INFO] [stdout]   |            ^^^^^^^^^^^^ not found in this scope
[INFO] [stdout] 
[INFO] [stdout] error: aborting due to 3 previous errors
[INFO] [stdout] 
[INFO] [stdout] Some errors have detailed explanations: E0422, E0425.
[INFO] [stdout] For more information about an error, try `rustc --explain E0422`.
[INFO] [stdout] Couldn't compile the test.
[INFO] [stdout] ---- src/lib.rs - (line 72) stdout ----
[INFO] [stdout] error[E0433]: failed to resolve: use of undeclared crate or module `fs`
[INFO] [stdout]  --> src/lib.rs:73:1
[INFO] [stdout]   |
[INFO] [stdout] 3 | fs::write("mystack.tf.json", &stack.serialize("state.json")?)?;
[INFO] [stdout]   | ^^ use of undeclared crate or module `fs`
[INFO] [stdout]   |
[INFO] [stdout] help: consider importing this module
[INFO] [stdout]   |
[INFO] [stdout] 2 + use std::fs;
[INFO] [stdout]   |
[INFO] [stdout] 
[INFO] [stdout] error[E0425]: cannot find value `stack` in this scope
[INFO] [stdout]  --> src/lib.rs:73:31
[INFO] [stdout]   |
[INFO] [stdout] 3 | fs::write("mystack.tf.json", &stack.serialize("state.json")?)?;
[INFO] [stdout]   |                               ^^^^^ not found in this scope
[INFO] [stdout] 
[INFO] [stdout] error: aborting due to 2 previous errors
[INFO] [stdout] 
[INFO] [stdout] Some errors have detailed explanations: E0425, E0433.
[INFO] [stdout] For more information about an error, try `rustc --explain E0425`.
[INFO] [stdout] Couldn't compile the test.
[INFO] [stdout] 
[INFO] [stdout] failures:
[INFO] [stdout]     src/lib.rs - (line 113)
[INFO] [stdout]     src/lib.rs - (line 162)
[INFO] [stdout]     src/lib.rs - (line 48)
[INFO] [stdout]     src/lib.rs - (line 59)
[INFO] [stdout]     src/lib.rs - (line 72)
[INFO] [stdout] 
[INFO] [stdout] test result: FAILED. 0 passed; 5 failed; 0 ignored; 0 measured; 0 filtered out; finished in 0.11s
[INFO] [stdout] 
[INFO] [stderr] error: doctest failed, to rerun pass `--doc`
[INFO] running `Command { std: "docker" "inspect" "b0b3afde7dec063e55ed983c502c32582c3dda84f2e9f45f23e590eeac48134c", kill_on_drop: false }`
[INFO] running `Command { std: "docker" "rm" "-f" "b0b3afde7dec063e55ed983c502c32582c3dda84f2e9f45f23e590eeac48134c", kill_on_drop: false }`
[INFO] [stdout] b0b3afde7dec063e55ed983c502c32582c3dda84f2e9f45f23e590eeac48134c
