[INFO] cloning repository https://github.com/andresrsanchez/sqlite-lsm1-rust
[INFO] running `Command { std: "git" "-c" "credential.helper=" "-c" "credential.helper=/workspace/cargo-home/bin/git-credential-null" "clone" "--bare" "https://github.com/andresrsanchez/sqlite-lsm1-rust" "/workspace/cache/git-repos/https%3A%2F%2Fgithub.com%2Fandresrsanchez%2Fsqlite-lsm1-rust", kill_on_drop: false }`
[INFO] [stderr] Cloning into bare repository '/workspace/cache/git-repos/https%3A%2F%2Fgithub.com%2Fandresrsanchez%2Fsqlite-lsm1-rust'...
[INFO] running `Command { std: "git" "rev-parse" "HEAD", kill_on_drop: false }`
[INFO] [stdout] f87d9d4c8ae9d369044e820d3d189ab7ce103d01
[INFO] testing andresrsanchez/sqlite-lsm1-rust against 1.75.0 for beta-1.76-1
[INFO] running `Command { std: "git" "clone" "/workspace/cache/git-repos/https%3A%2F%2Fgithub.com%2Fandresrsanchez%2Fsqlite-lsm1-rust" "/workspace/builds/worker-0-tc1/source", kill_on_drop: false }`
[INFO] [stderr] Cloning into '/workspace/builds/worker-0-tc1/source'...
[INFO] [stderr] done.
[INFO] validating manifest of git repo https://github.com/andresrsanchez/sqlite-lsm1-rust on toolchain 1.75.0
[INFO] running `Command { std: CARGO_HOME="/workspace/cargo-home" RUSTUP_HOME="/workspace/rustup-home" "/workspace/cargo-home/bin/cargo" "+1.75.0" "metadata" "--manifest-path" "Cargo.toml" "--no-deps", kill_on_drop: false }`
[INFO] started tweaking git repo https://github.com/andresrsanchez/sqlite-lsm1-rust
[INFO] finished tweaking git repo https://github.com/andresrsanchez/sqlite-lsm1-rust
[INFO] tweaked toml for git repo https://github.com/andresrsanchez/sqlite-lsm1-rust written to /workspace/builds/worker-0-tc1/source/Cargo.toml
[INFO] crate git repo https://github.com/andresrsanchez/sqlite-lsm1-rust already has a lockfile, it will not be regenerated
[INFO] running `Command { std: CARGO_HOME="/workspace/cargo-home" RUSTUP_HOME="/workspace/rustup-home" "/workspace/cargo-home/bin/cargo" "+1.75.0" "fetch" "--manifest-path" "Cargo.toml", kill_on_drop: false }`
[INFO] running `Command { std: "docker" "create" "-v" "/var/lib/crater-agent-workspace/builds/worker-0-tc1/target:/opt/rustwide/target:rw,Z" "-v" "/var/lib/crater-agent-workspace/builds/worker-0-tc1/source:/opt/rustwide/workdir:ro,Z" "-v" "/var/lib/crater-agent-workspace/cargo-home:/opt/rustwide/cargo-home:ro,Z" "-v" "/var/lib/crater-agent-workspace/rustup-home:/opt/rustwide/rustup-home:ro,Z" "-e" "SOURCE_DIR=/opt/rustwide/workdir" "-e" "CARGO_TARGET_DIR=/opt/rustwide/target" "-e" "CARGO_HOME=/opt/rustwide/cargo-home" "-e" "RUSTUP_HOME=/opt/rustwide/rustup-home" "-w" "/opt/rustwide/workdir" "-m" "1610612736" "--user" "0:0" "--network" "none" "ghcr.io/rust-lang/crates-build-env/linux@sha256:2788e3201cd34a07e3172128adcd8b3090168a8e3bcc40d7c032b9dda1df7d1c" "/opt/rustwide/cargo-home/bin/cargo" "+1.75.0" "metadata" "--no-deps" "--format-version=1", kill_on_drop: false }`
[INFO] [stdout] e558d967e74cc7c09de3e872a7d24c0681cd9468322f0995289fe968785c37b2
[INFO] running `Command { std: "docker" "start" "-a" "e558d967e74cc7c09de3e872a7d24c0681cd9468322f0995289fe968785c37b2", kill_on_drop: false }`
[INFO] running `Command { std: "docker" "inspect" "e558d967e74cc7c09de3e872a7d24c0681cd9468322f0995289fe968785c37b2", kill_on_drop: false }`
[INFO] running `Command { std: "docker" "rm" "-f" "e558d967e74cc7c09de3e872a7d24c0681cd9468322f0995289fe968785c37b2", kill_on_drop: false }`
[INFO] [stdout] e558d967e74cc7c09de3e872a7d24c0681cd9468322f0995289fe968785c37b2
[INFO] running `Command { std: "docker" "create" "-v" "/var/lib/crater-agent-workspace/builds/worker-0-tc1/target:/opt/rustwide/target:rw,Z" "-v" "/var/lib/crater-agent-workspace/builds/worker-0-tc1/source:/opt/rustwide/workdir:ro,Z" "-v" "/var/lib/crater-agent-workspace/cargo-home:/opt/rustwide/cargo-home:ro,Z" "-v" "/var/lib/crater-agent-workspace/rustup-home:/opt/rustwide/rustup-home:ro,Z" "-e" "SOURCE_DIR=/opt/rustwide/workdir" "-e" "CARGO_TARGET_DIR=/opt/rustwide/target" "-e" "CARGO_INCREMENTAL=0" "-e" "RUST_BACKTRACE=full" "-e" "RUSTFLAGS=--cap-lints=warn" "-e" "RUSTDOCFLAGS=--cap-lints=warn" "-e" "CARGO_HOME=/opt/rustwide/cargo-home" "-e" "RUSTUP_HOME=/opt/rustwide/rustup-home" "-w" "/opt/rustwide/workdir" "-m" "1610612736" "--user" "0:0" "--network" "none" "ghcr.io/rust-lang/crates-build-env/linux@sha256:2788e3201cd34a07e3172128adcd8b3090168a8e3bcc40d7c032b9dda1df7d1c" "/opt/rustwide/cargo-home/bin/cargo" "+1.75.0" "build" "--frozen" "--message-format=json", kill_on_drop: false }`
[INFO] [stdout] b9d123d3b8a2e9068cc838ed80f0593696f288e40210fcb7efe132f4f18f27f6
[INFO] running `Command { std: "docker" "start" "-a" "b9d123d3b8a2e9068cc838ed80f0593696f288e40210fcb7efe132f4f18f27f6", kill_on_drop: false }`
[INFO] [stderr]    Compiling cc v1.0.73
[INFO] [stderr]    Compiling dummycrust v0.1.0 (/opt/rustwide/workdir)
[INFO] [stderr] warning: dummycrust@0.1.0: cc1: warning: src/lsmInt.h: not a directory
[INFO] [stderr] warning: dummycrust@0.1.0: cc1: warning: src/lsm.h: not a directory
[INFO] [stderr] warning: dummycrust@0.1.0: src/lsm_ckpt.c: In function 'lsmCheckpointLoad':
[INFO] [stderr] warning: dummycrust@0.1.0: src/lsm_ckpt.c:875:13: warning: comparison of integer expressions of different signedness: 'int' and 'long unsigned int' [-Wsign-compare]
[INFO] [stderr] warning: dummycrust@0.1.0:   875 |     if( nInt<=(LSM_META_RW_PAGE_SIZE / sizeof(u32)) ){
[INFO] [stderr] warning: dummycrust@0.1.0:       |             ^~
[INFO] [stderr] warning: dummycrust@0.1.0: src/lsm_ckpt.c:884:13: warning: comparison of integer expressions of different signedness: 'int' and 'long unsigned int' [-Wsign-compare]
[INFO] [stderr] warning: dummycrust@0.1.0:   884 |     if( nInt<=(LSM_META_RW_PAGE_SIZE / sizeof(u32)) ){
[INFO] [stderr] warning: dummycrust@0.1.0:       |             ^~
[INFO] [stderr] warning: dummycrust@0.1.0: src/lsm_ckpt.c: In function 'lsmCheckpointSynced':
[INFO] [stderr] warning: dummycrust@0.1.0: src/lsm_ckpt.c:1127:16: warning: comparison of integer expressions of different signedness: 'int' and 'long unsigned int' [-Wsign-compare]
[INFO] [stderr] warning: dummycrust@0.1.0:  1127 |       if( nCkpt<(LSM_META_RW_PAGE_SIZE/sizeof(u32)) ){
[INFO] [stderr] warning: dummycrust@0.1.0:       |                ^
[INFO] [stderr] warning: dummycrust@0.1.0: cc1: warning: src/lsmInt.h: not a directory
[INFO] [stderr] warning: dummycrust@0.1.0: cc1: warning: src/lsm.h: not a directory
[INFO] [stderr] warning: dummycrust@0.1.0: src/lsm_file.c: In function 'assert_lists_are_ok':
[INFO] [stderr] warning: dummycrust@0.1.0: src/lsm_file.c:337:45: warning: unused parameter 'pFS' [-Wunused-parameter]
[INFO] [stderr] warning: dummycrust@0.1.0:   337 | static void assert_lists_are_ok(FileSystem *pFS){
[INFO] [stderr] warning: dummycrust@0.1.0:       |                                 ~~~~~~~~~~~~^~~
[INFO] [stderr] warning: dummycrust@0.1.0: src/lsm_file.c: In function 'lsmFsSyncDb':
[INFO] [stderr] warning: dummycrust@0.1.0: src/lsm_file.c:1167:38: warning: unused parameter 'nBlock' [-Wunused-parameter]
[INFO] [stderr] warning: dummycrust@0.1.0:  1167 | int lsmFsSyncDb(FileSystem *pFS, int nBlock){
[INFO] [stderr] warning: dummycrust@0.1.0:       |                                  ~~~~^~~~~~
[INFO] [stderr] warning: dummycrust@0.1.0: src/lsm_file.c: In function 'lsmFsSortedAppend':
[INFO] [stderr] warning: dummycrust@0.1.0: src/lsm_file.c:2099:13: warning: unused parameter 'pSnapshot' [-Wunused-parameter]
[INFO] [stderr] warning: dummycrust@0.1.0:  2099 |   Snapshot *pSnapshot,
[INFO] [stderr] warning: dummycrust@0.1.0:       |   ~~~~~~~~~~^~~~~~~~~
[INFO] [stderr] warning: dummycrust@0.1.0: src/lsm_file.c: In function 'lsmFsSortedPadding':
[INFO] [stderr] warning: dummycrust@0.1.0: src/lsm_file.c:2807:13: warning: unused parameter 'pSnapshot' [-Wunused-parameter]
[INFO] [stderr] warning: dummycrust@0.1.0:  2807 |   Snapshot *pSnapshot,
[INFO] [stderr] warning: dummycrust@0.1.0:       |   ~~~~~~~~~~^~~~~~~~~
[INFO] [stderr] warning: dummycrust@0.1.0: src/lsm_file.c: In function 'lsmFsSegmentContainsPg':
[INFO] [stderr] warning: dummycrust@0.1.0: src/lsm_file.c:3043:11: warning: unused parameter 'iPg' [-Wunused-parameter]
[INFO] [stderr] warning: dummycrust@0.1.0:  3043 |   LsmPgno iPg,
[INFO] [stderr] warning: dummycrust@0.1.0:       |   ~~~~~~~~^~~
[INFO] [stderr] warning: dummycrust@0.1.0: src/lsm_file.c: In function 'checkBlocks':
[INFO] [stderr] warning: dummycrust@0.1.0: src/lsm_file.c:3155:7: warning: unused parameter 'nUsed' [-Wunused-parameter]
[INFO] [stderr] warning: dummycrust@0.1.0:  3155 |   int nUsed,
[INFO] [stderr] warning: dummycrust@0.1.0:       |   ~~~~^~~~~
[INFO] [stderr] warning: dummycrust@0.1.0: src/lsm_file.c: In function 'checkFreelistCb':
[INFO] [stderr] warning: dummycrust@0.1.0: src/lsm_file.c:3226:54: warning: unused parameter 'iSnapshot' [-Wunused-parameter]
[INFO] [stderr] warning: dummycrust@0.1.0:  3226 | static int checkFreelistCb(void *pCtx, int iBlk, i64 iSnapshot){
[INFO] [stderr] warning: dummycrust@0.1.0:       |                                                  ~~~~^~~~~~~~~
[INFO] [stderr] warning: dummycrust@0.1.0: cc1: warning: src/lsmInt.h: not a directory
[INFO] [stderr] warning: dummycrust@0.1.0: cc1: warning: src/lsm.h: not a directory
[INFO] [stderr] warning: dummycrust@0.1.0: cc1: warning: src/lsmInt.h: not a directory
[INFO] [stderr] warning: dummycrust@0.1.0: cc1: warning: src/lsm.h: not a directory
[INFO] [stderr] warning: dummycrust@0.1.0: cc1: warning: src/lsmInt.h: not a directory
[INFO] [stderr] warning: dummycrust@0.1.0: cc1: warning: src/lsm.h: not a directory
[INFO] [stderr] warning: dummycrust@0.1.0: cc1: warning: src/lsmInt.h: not a directory
[INFO] [stderr] warning: dummycrust@0.1.0: cc1: warning: src/lsm.h: not a directory
[INFO] [stderr] warning: dummycrust@0.1.0: cc1: warning: src/lsmInt.h: not a directory
[INFO] [stderr] warning: dummycrust@0.1.0: cc1: warning: src/lsm.h: not a directory
[INFO] [stderr] warning: dummycrust@0.1.0: src/lsm_shared.c: In function 'dbTruncate':
[INFO] [stderr] warning: dummycrust@0.1.0: src/lsm_shared.c:178:31: warning: unused parameter 'pDb' [-Wunused-parameter]
[INFO] [stderr] warning: dummycrust@0.1.0:   178 | static int dbTruncate(lsm_db *pDb, i64 iInUse){
[INFO] [stderr] warning: dummycrust@0.1.0:       |                       ~~~~~~~~^~~
[INFO] [stderr] warning: dummycrust@0.1.0: src/lsm_shared.c:178:40: warning: unused parameter 'iInUse' [-Wunused-parameter]
[INFO] [stderr] warning: dummycrust@0.1.0:   178 | static int dbTruncate(lsm_db *pDb, i64 iInUse){
[INFO] [stderr] warning: dummycrust@0.1.0:       |                                    ~~~~^~~~~~
[INFO] [stderr] warning: dummycrust@0.1.0: src/lsm_shared.c: In function 'lsmShmLock':
[INFO] [stderr] warning: dummycrust@0.1.0: src/lsm_shared.c:1782:7: warning: unused parameter 'bBlock' [-Wunused-parameter]
[INFO] [stderr] warning: dummycrust@0.1.0:  1782 |   int bBlock                      /* True for a blocking lock */
[INFO] [stderr] warning: dummycrust@0.1.0:       |   ~~~~^~~~~~
[INFO] [stderr] warning: dummycrust@0.1.0: cc1: warning: src/lsmInt.h: not a directory
[INFO] [stderr] warning: dummycrust@0.1.0: cc1: warning: src/lsm.h: not a directory
[INFO] [stderr] warning: dummycrust@0.1.0: src/lsm_sorted.c: In function 'btreeCursorRestore':
[INFO] [stderr] warning: dummycrust@0.1.0: src/lsm_sorted.c:869:7: warning: missing initializer for field 'nAlloc' of 'LsmBlob' [-Wmissing-field-initializers]
[INFO] [stderr] warning: dummycrust@0.1.0:   869 |       LsmBlob blob = {0,0,0};
[INFO] [stderr] warning: dummycrust@0.1.0:       |       ^~~~~~~
[INFO] [stderr] warning: dummycrust@0.1.0: src/lsm_sorted.c:113:7: note: 'nAlloc' declared here
[INFO] [stderr] warning: dummycrust@0.1.0:   113 |   int nAlloc;
[INFO] [stderr] warning: dummycrust@0.1.0:       |       ^~~~~~
[INFO] [stderr] warning: dummycrust@0.1.0: src/lsm_sorted.c: In function 'seekInBtree':
[INFO] [stderr] warning: dummycrust@0.1.0: src/lsm_sorted.c:1778:3: warning: missing initializer for field 'nAlloc' of 'LsmBlob' [-Wmissing-field-initializers]
[INFO] [stderr] warning: dummycrust@0.1.0:  1778 |   LsmBlob blob = {0, 0, 0};
[INFO] [stderr] warning: dummycrust@0.1.0:       |   ^~~~~~~
[INFO] [stderr] warning: dummycrust@0.1.0: src/lsm_sorted.c:113:7: note: 'nAlloc' declared here
[INFO] [stderr] warning: dummycrust@0.1.0:   113 |   int nAlloc;
[INFO] [stderr] warning: dummycrust@0.1.0:       |       ^~~~~~
[INFO] [stderr] warning: dummycrust@0.1.0: src/lsm_sorted.c: In function 'mergeWorkerMoveHierarchy':
[INFO] [stderr] warning: dummycrust@0.1.0: src/lsm_sorted.c:3396:7: warning: unused parameter 'bSep' [-Wunused-parameter]
[INFO] [stderr] warning: dummycrust@0.1.0:  3396 |   int bSep                        /* True for separators run */
[INFO] [stderr] warning: dummycrust@0.1.0:       |   ~~~~^~~~
[INFO] [stderr] warning: dummycrust@0.1.0: src/lsm_sorted.c: In function 'mergeWorkerData':
[INFO] [stderr] warning: dummycrust@0.1.0: src/lsm_sorted.c:3874:7: warning: unused parameter 'bSep' [-Wunused-parameter]
[INFO] [stderr] warning: dummycrust@0.1.0:  3874 |   int bSep,                       /* True to write to separators run */
[INFO] [stderr] warning: dummycrust@0.1.0:       |   ~~~~^~~~
[INFO] [stderr] warning: dummycrust@0.1.0: src/lsm_sorted.c: In function 'moveBlockCb':
[INFO] [stderr] warning: dummycrust@0.1.0: src/lsm_sorted.c:4770:50: warning: unused parameter 'iSnapshot' [-Wunused-parameter]
[INFO] [stderr] warning: dummycrust@0.1.0:  4770 | static int moveBlockCb(void *pCtx, int iBlk, i64 iSnapshot){
[INFO] [stderr] warning: dummycrust@0.1.0:       |                                              ~~~~^~~~~~~~~
[INFO] [stderr] warning: dummycrust@0.1.0: src/lsm_sorted.c: In function 'sortedDumpPage':
[INFO] [stderr] warning: dummycrust@0.1.0: src/lsm_sorted.c:5534:3: warning: missing initializer for field 'nAlloc' of 'LsmBlob' [-Wmissing-field-initializers]
[INFO] [stderr] warning: dummycrust@0.1.0:  5534 |   LsmBlob blob = {0, 0, 0};       /* LsmBlob used for keys */
[INFO] [stderr] warning: dummycrust@0.1.0:       |   ^~~~~~~
[INFO] [stderr] warning: dummycrust@0.1.0: src/lsm_sorted.c:113:7: note: 'nAlloc' declared here
[INFO] [stderr] warning: dummycrust@0.1.0:   113 |   int nAlloc;
[INFO] [stderr] warning: dummycrust@0.1.0:       |       ^~~~~~
[INFO] [stderr] warning: dummycrust@0.1.0: cc1: warning: src/lsmInt.h: not a directory
[INFO] [stderr] warning: dummycrust@0.1.0: cc1: warning: src/lsm.h: not a directory
[INFO] [stderr] warning: dummycrust@0.1.0: cc1: warning: src/lsmInt.h: not a directory
[INFO] [stderr] warning: dummycrust@0.1.0: cc1: warning: src/lsm.h: not a directory
[INFO] [stderr] warning: dummycrust@0.1.0: src/lsm_tree.c: In function 'intArrayFree':
[INFO] [stderr] warning: dummycrust@0.1.0: src/lsm_tree.c:240:35: warning: unused parameter 'pEnv' [-Wunused-parameter]
[INFO] [stderr] warning: dummycrust@0.1.0:   240 | static void intArrayFree(lsm_env *pEnv, IntArray *p){
[INFO] [stderr] warning: dummycrust@0.1.0:       |                          ~~~~~~~~~^~~~
[INFO] [stderr] warning: dummycrust@0.1.0: In file included from src/lsmInt.h:18,
[INFO] [stderr] warning: dummycrust@0.1.0:                  from src/lsm_tree.c:85:
[INFO] [stderr] warning: dummycrust@0.1.0: src/lsm_tree.c: In function 'getChildPtr':
[INFO] [stderr] warning: dummycrust@0.1.0: src/lsm_tree.c:282:28: warning: comparison of integer expressions of different signedness: 'int' and 'long unsigned int' [-Wsign-compare]
[INFO] [stderr] warning: dummycrust@0.1.0:   282 |   assert( iCell>=0 && iCell<=array_size(p->aiChildPtr) );
[INFO] [stderr] warning: dummycrust@0.1.0:       |                            ^~
[INFO] [stderr] warning: dummycrust@0.1.0: src/lsm_tree.c: In function 'treeShmalloc':
[INFO] [stderr] warning: dummycrust@0.1.0: src/lsm_tree.c:628:5: warning: 'static' is not at beginning of declaration [-Wold-style-declaration]
[INFO] [stderr] warning: dummycrust@0.1.0:   628 |     const static int CHUNK_SIZE = LSM_SHM_CHUNK_SIZE;
[INFO] [stderr] warning: dummycrust@0.1.0:       |     ^~~~~
[INFO] [stderr] warning: dummycrust@0.1.0: src/lsm_tree.c:629:5: warning: 'static' is not at beginning of declaration [-Wold-style-declaration]
[INFO] [stderr] warning: dummycrust@0.1.0:   629 |     const static int CHUNK_HDR = LSM_SHM_CHUNK_HDR;
[INFO] [stderr] warning: dummycrust@0.1.0:       |     ^~~~~
[INFO] [stderr] warning: dummycrust@0.1.0: src/lsm_tree.c: In function 'treeHeaderChecksum':
[INFO] [stderr] warning: dummycrust@0.1.0: src/lsm_tree.c:1147:13: warning: comparison of integer expressions of different signedness: 'int' and 'long unsigned int' [-Wsign-compare]
[INFO] [stderr] warning: dummycrust@0.1.0:  1147 |   for(i=0; i<(offsetof(TreeHeader, aCksum) / sizeof(u32)); i+=2){
[INFO] [stderr] warning: dummycrust@0.1.0:       |             ^
[INFO] [stderr] warning: dummycrust@0.1.0: src/lsm_tree.c: In function 'lsmTreeEndTransaction':
[INFO] [stderr] warning: dummycrust@0.1.0: src/lsm_tree.c:2411:44: warning: unused parameter 'bCommit' [-Wunused-parameter]
[INFO] [stderr] warning: dummycrust@0.1.0:  2411 | int lsmTreeEndTransaction(lsm_db *pDb, int bCommit){
[INFO] [stderr] warning: dummycrust@0.1.0:       |                                        ~~~~^~~~~~~
[INFO] [stderr] warning: dummycrust@0.1.0: cc1: warning: src/lsmInt.h: not a directory
[INFO] [stderr] warning: dummycrust@0.1.0: cc1: warning: src/lsm.h: not a directory
[INFO] [stderr] warning: dummycrust@0.1.0: src/lsm_unix.c: In function 'lsmPosixOsSectorSize':
[INFO] [stderr] warning: dummycrust@0.1.0: src/lsm_unix.c:193:43: warning: unused parameter 'pFile' [-Wunused-parameter]
[INFO] [stderr] warning: dummycrust@0.1.0:   193 | static int lsmPosixOsSectorSize(lsm_file *pFile){
[INFO] [stderr] warning: dummycrust@0.1.0:       |                                 ~~~~~~~~~~^~~~~
[INFO] [stderr] warning: dummycrust@0.1.0: src/lsm_unix.c: In function 'lsmPosixOsUnlink':
[INFO] [stderr] warning: dummycrust@0.1.0: src/lsm_unix.c:307:38: warning: unused parameter 'pEnv' [-Wunused-parameter]
[INFO] [stderr] warning: dummycrust@0.1.0:   307 | static int lsmPosixOsUnlink(lsm_env *pEnv, const char *zFile){
[INFO] [stderr] warning: dummycrust@0.1.0:       |                             ~~~~~~~~~^~~~
[INFO] [stderr] warning: dummycrust@0.1.0: In file included from src/lsmInt.h:18,
[INFO] [stderr] warning: dummycrust@0.1.0:                  from src/lsm_unix.c:42:
[INFO] [stderr] warning: dummycrust@0.1.0: src/lsm_unix.c: In function 'lsmPosixOsLock':
[INFO] [stderr] warning: dummycrust@0.1.0: src/lsm_unix.c:321:28: warning: comparison of integer expressions of different signedness: 'int' and 'long unsigned int' [-Wsign-compare]
[INFO] [stderr] warning: dummycrust@0.1.0:   321 |   assert( eType>=0 && eType<array_size(aType) );
[INFO] [stderr] warning: dummycrust@0.1.0:       |                            ^
[INFO] [stderr] warning: dummycrust@0.1.0: src/lsm_unix.c: In function 'lsmPosixOsTestLock':
[INFO] [stderr] warning: dummycrust@0.1.0: src/lsm_unix.c:351:28: warning: comparison of integer expressions of different signedness: 'int' and 'long unsigned int' [-Wsign-compare]
[INFO] [stderr] warning: dummycrust@0.1.0:   351 |   assert( eType>=0 && eType<array_size(aType) );
[INFO] [stderr] warning: dummycrust@0.1.0:       |                            ^
[INFO] [stderr] warning: dummycrust@0.1.0: src/lsm_unix.c: In function 'lsmPosixOsSleep':
[INFO] [stderr] warning: dummycrust@0.1.0: src/lsm_unix.c:458:37: warning: unused parameter 'pEnv' [-Wunused-parameter]
[INFO] [stderr] warning: dummycrust@0.1.0:   458 | static int lsmPosixOsSleep(lsm_env *pEnv, int us){
[INFO] [stderr] warning: dummycrust@0.1.0:       |                            ~~~~~~~~~^~~~
[INFO] [stderr] warning: dummycrust@0.1.0: src/lsm_unix.c: In function 'lsmPosixOsMalloc':
[INFO] [stderr] warning: dummycrust@0.1.0: src/lsm_unix.c:472:40: warning: unused parameter 'pEnv' [-Wunused-parameter]
[INFO] [stderr] warning: dummycrust@0.1.0:   472 | static void *lsmPosixOsMalloc(lsm_env *pEnv, size_t N){
[INFO] [stderr] warning: dummycrust@0.1.0:       |                               ~~~~~~~~~^~~~
[INFO] [stderr] warning: dummycrust@0.1.0: src/lsm_unix.c: In function 'lsmPosixOsFree':
[INFO] [stderr] warning: dummycrust@0.1.0: src/lsm_unix.c:480:37: warning: unused parameter 'pEnv' [-Wunused-parameter]
[INFO] [stderr] warning: dummycrust@0.1.0:   480 | static void lsmPosixOsFree(lsm_env *pEnv, void *p){
[INFO] [stderr] warning: dummycrust@0.1.0:       |                            ~~~~~~~~~^~~~
[INFO] [stderr] warning: dummycrust@0.1.0: src/lsm_unix.c: In function 'lsmPosixOsMSize':
[INFO] [stderr] warning: dummycrust@0.1.0: src/lsm_unix.c:513:40: warning: unused parameter 'pEnv' [-Wunused-parameter]
[INFO] [stderr] warning: dummycrust@0.1.0:   513 | static size_t lsmPosixOsMSize(lsm_env *pEnv, void *p){
[INFO] [stderr] warning: dummycrust@0.1.0:       |                               ~~~~~~~~~^~~~
[INFO] [stderr] warning: dummycrust@0.1.0: src/lsm_unix.c: In function 'lsmPosixOsMutexStatic':
[INFO] [stderr] warning: dummycrust@0.1.0: src/lsm_unix.c:647:12: warning: unused parameter 'pEnv' [-Wunused-parameter]
[INFO] [stderr] warning: dummycrust@0.1.0:   647 |   lsm_env *pEnv,
[INFO] [stderr] warning: dummycrust@0.1.0:       |   ~~~~~~~~~^~~~
[INFO] [stderr] warning: dummycrust@0.1.0: cc1: warning: src/lsmInt.h: not a directory
[INFO] [stderr] warning: dummycrust@0.1.0: cc1: warning: src/lsm.h: not a directory
[INFO] [stderr] warning: dummycrust@0.1.0: cc1: warning: src/lsmInt.h: not a directory
[INFO] [stderr] warning: dummycrust@0.1.0: cc1: warning: src/lsm.h: not a directory
[INFO] [stdout] warning: unused return value of `Box::<T>::from_raw` that must be used
[INFO] [stdout]   --> src/main.rs:28:21
[INFO] [stdout]    |
[INFO] [stdout] 28 |                     Box::from_raw(ptr);
[INFO] [stdout]    |                     ^^^^^^^^^^^^^^^^^^
[INFO] [stdout] ...
[INFO] [stdout] 42 | to_raw!(i8);
[INFO] [stdout]    | ----------- in this macro invocation
[INFO] [stdout]    |
[INFO] [stdout]    = note: call `drop(Box::from_raw(ptr))` if you intend to drop the `Box`
[INFO] [stdout]    = note: `#[warn(unused_must_use)]` on by default
[INFO] [stdout]    = note: this warning originates in the macro `to_raw` (in Nightly builds, run with -Z macro-backtrace for more info)
[INFO] [stdout] help: use `let _ = ...` to ignore the resulting value
[INFO] [stdout]    |
[INFO] [stdout] 28 |                     let _ = Box::from_raw(ptr);
[INFO] [stdout]    |                     +++++++
[INFO] [stdout] 
[INFO] [stdout] 
[INFO] [stdout] warning: unused return value of `Box::<T>::from_raw` that must be used
[INFO] [stdout]   --> src/main.rs:28:21
[INFO] [stdout]    |
[INFO] [stdout] 28 |                     Box::from_raw(ptr);
[INFO] [stdout]    |                     ^^^^^^^^^^^^^^^^^^
[INFO] [stdout] ...
[INFO] [stdout] 43 | to_raw!(i16);
[INFO] [stdout]    | ------------ in this macro invocation
[INFO] [stdout]    |
[INFO] [stdout]    = note: call `drop(Box::from_raw(ptr))` if you intend to drop the `Box`
[INFO] [stdout]    = note: this warning originates in the macro `to_raw` (in Nightly builds, run with -Z macro-backtrace for more info)
[INFO] [stdout] help: use `let _ = ...` to ignore the resulting value
[INFO] [stdout]    |
[INFO] [stdout] 28 |                     let _ = Box::from_raw(ptr);
[INFO] [stdout]    |                     +++++++
[INFO] [stdout] 
[INFO] [stdout] 
[INFO] [stdout] warning: unused return value of `Box::<T>::from_raw` that must be used
[INFO] [stdout]   --> src/main.rs:28:21
[INFO] [stdout]    |
[INFO] [stdout] 28 |                     Box::from_raw(ptr);
[INFO] [stdout]    |                     ^^^^^^^^^^^^^^^^^^
[INFO] [stdout] ...
[INFO] [stdout] 44 | to_raw!(i32);
[INFO] [stdout]    | ------------ in this macro invocation
[INFO] [stdout]    |
[INFO] [stdout]    = note: call `drop(Box::from_raw(ptr))` if you intend to drop the `Box`
[INFO] [stdout]    = note: this warning originates in the macro `to_raw` (in Nightly builds, run with -Z macro-backtrace for more info)
[INFO] [stdout] help: use `let _ = ...` to ignore the resulting value
[INFO] [stdout]    |
[INFO] [stdout] 28 |                     let _ = Box::from_raw(ptr);
[INFO] [stdout]    |                     +++++++
[INFO] [stdout] 
[INFO] [stdout] 
[INFO] [stdout] warning: unused return value of `Box::<T>::from_raw` that must be used
[INFO] [stdout]   --> src/main.rs:28:21
[INFO] [stdout]    |
[INFO] [stdout] 28 |                     Box::from_raw(ptr);
[INFO] [stdout]    |                     ^^^^^^^^^^^^^^^^^^
[INFO] [stdout] ...
[INFO] [stdout] 45 | to_raw!(i64); //test
[INFO] [stdout]    | ------------ in this macro invocation
[INFO] [stdout]    |
[INFO] [stdout]    = note: call `drop(Box::from_raw(ptr))` if you intend to drop the `Box`
[INFO] [stdout]    = note: this warning originates in the macro `to_raw` (in Nightly builds, run with -Z macro-backtrace for more info)
[INFO] [stdout] help: use `let _ = ...` to ignore the resulting value
[INFO] [stdout]    |
[INFO] [stdout] 28 |                     let _ = Box::from_raw(ptr);
[INFO] [stdout]    |                     +++++++
[INFO] [stdout] 
[INFO] [stdout] 
[INFO] [stdout] warning: unused return value of `Box::<T>::from_raw` that must be used
[INFO] [stdout]   --> src/main.rs:28:21
[INFO] [stdout]    |
[INFO] [stdout] 28 |                     Box::from_raw(ptr);
[INFO] [stdout]    |                     ^^^^^^^^^^^^^^^^^^
[INFO] [stdout] ...
[INFO] [stdout] 46 | to_raw!(u8);
[INFO] [stdout]    | ----------- in this macro invocation
[INFO] [stdout]    |
[INFO] [stdout]    = note: call `drop(Box::from_raw(ptr))` if you intend to drop the `Box`
[INFO] [stdout]    = note: this warning originates in the macro `to_raw` (in Nightly builds, run with -Z macro-backtrace for more info)
[INFO] [stdout] help: use `let _ = ...` to ignore the resulting value
[INFO] [stdout]    |
[INFO] [stdout] 28 |                     let _ = Box::from_raw(ptr);
[INFO] [stdout]    |                     +++++++
[INFO] [stdout] 
[INFO] [stdout] 
[INFO] [stdout] warning: unused return value of `Box::<T>::from_raw` that must be used
[INFO] [stdout]   --> src/main.rs:28:21
[INFO] [stdout]    |
[INFO] [stdout] 28 |                     Box::from_raw(ptr);
[INFO] [stdout]    |                     ^^^^^^^^^^^^^^^^^^
[INFO] [stdout] ...
[INFO] [stdout] 47 | to_raw!(u16);
[INFO] [stdout]    | ------------ in this macro invocation
[INFO] [stdout]    |
[INFO] [stdout]    = note: call `drop(Box::from_raw(ptr))` if you intend to drop the `Box`
[INFO] [stdout]    = note: this warning originates in the macro `to_raw` (in Nightly builds, run with -Z macro-backtrace for more info)
[INFO] [stdout] help: use `let _ = ...` to ignore the resulting value
[INFO] [stdout]    |
[INFO] [stdout] 28 |                     let _ = Box::from_raw(ptr);
[INFO] [stdout]    |                     +++++++
[INFO] [stdout] 
[INFO] [stdout] 
[INFO] [stdout] warning: unused return value of `Box::<T>::from_raw` that must be used
[INFO] [stdout]   --> src/main.rs:28:21
[INFO] [stdout]    |
[INFO] [stdout] 28 |                     Box::from_raw(ptr);
[INFO] [stdout]    |                     ^^^^^^^^^^^^^^^^^^
[INFO] [stdout] ...
[INFO] [stdout] 48 | to_raw!(u32);
[INFO] [stdout]    | ------------ in this macro invocation
[INFO] [stdout]    |
[INFO] [stdout]    = note: call `drop(Box::from_raw(ptr))` if you intend to drop the `Box`
[INFO] [stdout]    = note: this warning originates in the macro `to_raw` (in Nightly builds, run with -Z macro-backtrace for more info)
[INFO] [stdout] help: use `let _ = ...` to ignore the resulting value
[INFO] [stdout]    |
[INFO] [stdout] 28 |                     let _ = Box::from_raw(ptr);
[INFO] [stdout]    |                     +++++++
[INFO] [stdout] 
[INFO] [stdout] 
[INFO] [stdout] warning: unused return value of `Box::<T>::from_raw` that must be used
[INFO] [stdout]   --> src/main.rs:28:21
[INFO] [stdout]    |
[INFO] [stdout] 28 |                     Box::from_raw(ptr);
[INFO] [stdout]    |                     ^^^^^^^^^^^^^^^^^^
[INFO] [stdout] ...
[INFO] [stdout] 49 | to_raw!(u64); //test
[INFO] [stdout]    | ------------ in this macro invocation
[INFO] [stdout]    |
[INFO] [stdout]    = note: call `drop(Box::from_raw(ptr))` if you intend to drop the `Box`
[INFO] [stdout]    = note: this warning originates in the macro `to_raw` (in Nightly builds, run with -Z macro-backtrace for more info)
[INFO] [stdout] help: use `let _ = ...` to ignore the resulting value
[INFO] [stdout]    |
[INFO] [stdout] 28 |                     let _ = Box::from_raw(ptr);
[INFO] [stdout]    |                     +++++++
[INFO] [stdout] 
[INFO] [stdout] 
[INFO] [stdout] warning: 8 warnings emitted
[INFO] [stdout] 
[INFO] [stdout] 
[INFO] [stderr]     Finished dev [unoptimized + debuginfo] target(s) in 2.83s
[INFO] running `Command { std: "docker" "inspect" "b9d123d3b8a2e9068cc838ed80f0593696f288e40210fcb7efe132f4f18f27f6", kill_on_drop: false }`
[INFO] running `Command { std: "docker" "rm" "-f" "b9d123d3b8a2e9068cc838ed80f0593696f288e40210fcb7efe132f4f18f27f6", kill_on_drop: false }`
[INFO] [stdout] b9d123d3b8a2e9068cc838ed80f0593696f288e40210fcb7efe132f4f18f27f6
[INFO] running `Command { std: "docker" "create" "-v" "/var/lib/crater-agent-workspace/builds/worker-0-tc1/target:/opt/rustwide/target:rw,Z" "-v" "/var/lib/crater-agent-workspace/builds/worker-0-tc1/source:/opt/rustwide/workdir:ro,Z" "-v" "/var/lib/crater-agent-workspace/cargo-home:/opt/rustwide/cargo-home:ro,Z" "-v" "/var/lib/crater-agent-workspace/rustup-home:/opt/rustwide/rustup-home:ro,Z" "-e" "SOURCE_DIR=/opt/rustwide/workdir" "-e" "CARGO_TARGET_DIR=/opt/rustwide/target" "-e" "CARGO_INCREMENTAL=0" "-e" "RUST_BACKTRACE=full" "-e" "RUSTFLAGS=--cap-lints=warn" "-e" "RUSTDOCFLAGS=--cap-lints=warn" "-e" "CARGO_HOME=/opt/rustwide/cargo-home" "-e" "RUSTUP_HOME=/opt/rustwide/rustup-home" "-w" "/opt/rustwide/workdir" "-m" "1610612736" "--user" "0:0" "--network" "none" "ghcr.io/rust-lang/crates-build-env/linux@sha256:2788e3201cd34a07e3172128adcd8b3090168a8e3bcc40d7c032b9dda1df7d1c" "/opt/rustwide/cargo-home/bin/cargo" "+1.75.0" "test" "--frozen" "--no-run" "--message-format=json", kill_on_drop: false }`
[INFO] [stdout] 478b104667ef05c83ee7c704060e20f70886ebdc01b35746006f4f03662cef7d
[INFO] running `Command { std: "docker" "start" "-a" "478b104667ef05c83ee7c704060e20f70886ebdc01b35746006f4f03662cef7d", kill_on_drop: false }`
[INFO] [stderr] warning: dummycrust@0.1.0: cc1: warning: src/lsmInt.h: not a directory
[INFO] [stderr] warning: dummycrust@0.1.0: cc1: warning: src/lsm.h: not a directory
[INFO] [stderr] warning: dummycrust@0.1.0: src/lsm_ckpt.c: In function 'lsmCheckpointLoad':
[INFO] [stderr] warning: dummycrust@0.1.0: src/lsm_ckpt.c:875:13: warning: comparison of integer expressions of different signedness: 'int' and 'long unsigned int' [-Wsign-compare]
[INFO] [stderr] warning: dummycrust@0.1.0:   875 |     if( nInt<=(LSM_META_RW_PAGE_SIZE / sizeof(u32)) ){
[INFO] [stderr] warning: dummycrust@0.1.0:       |             ^~
[INFO] [stderr] warning: dummycrust@0.1.0: src/lsm_ckpt.c:884:13: warning: comparison of integer expressions of different signedness: 'int' and 'long unsigned int' [-Wsign-compare]
[INFO] [stderr] warning: dummycrust@0.1.0:   884 |     if( nInt<=(LSM_META_RW_PAGE_SIZE / sizeof(u32)) ){
[INFO] [stderr] warning: dummycrust@0.1.0:       |             ^~
[INFO] [stderr] warning: dummycrust@0.1.0: src/lsm_ckpt.c: In function 'lsmCheckpointSynced':
[INFO] [stderr] warning: dummycrust@0.1.0: src/lsm_ckpt.c:1127:16: warning: comparison of integer expressions of different signedness: 'int' and 'long unsigned int' [-Wsign-compare]
[INFO] [stderr] warning: dummycrust@0.1.0:  1127 |       if( nCkpt<(LSM_META_RW_PAGE_SIZE/sizeof(u32)) ){
[INFO] [stderr] warning: dummycrust@0.1.0:       |                ^
[INFO] [stderr] warning: dummycrust@0.1.0: cc1: warning: src/lsmInt.h: not a directory
[INFO] [stderr] warning: dummycrust@0.1.0: cc1: warning: src/lsm.h: not a directory
[INFO] [stderr] warning: dummycrust@0.1.0: src/lsm_file.c: In function 'assert_lists_are_ok':
[INFO] [stderr] warning: dummycrust@0.1.0: src/lsm_file.c:337:45: warning: unused parameter 'pFS' [-Wunused-parameter]
[INFO] [stderr] warning: dummycrust@0.1.0:   337 | static void assert_lists_are_ok(FileSystem *pFS){
[INFO] [stderr] warning: dummycrust@0.1.0:       |                                 ~~~~~~~~~~~~^~~
[INFO] [stderr] warning: dummycrust@0.1.0: src/lsm_file.c: In function 'lsmFsSyncDb':
[INFO] [stderr] warning: dummycrust@0.1.0: src/lsm_file.c:1167:38: warning: unused parameter 'nBlock' [-Wunused-parameter]
[INFO] [stderr] warning: dummycrust@0.1.0:  1167 | int lsmFsSyncDb(FileSystem *pFS, int nBlock){
[INFO] [stderr] warning: dummycrust@0.1.0:       |                                  ~~~~^~~~~~
[INFO] [stderr] warning: dummycrust@0.1.0: src/lsm_file.c: In function 'lsmFsSortedAppend':
[INFO] [stderr] warning: dummycrust@0.1.0: src/lsm_file.c:2099:13: warning: unused parameter 'pSnapshot' [-Wunused-parameter]
[INFO] [stderr] warning: dummycrust@0.1.0:  2099 |   Snapshot *pSnapshot,
[INFO] [stderr] warning: dummycrust@0.1.0:       |   ~~~~~~~~~~^~~~~~~~~
[INFO] [stderr] warning: dummycrust@0.1.0: src/lsm_file.c: In function 'lsmFsSortedPadding':
[INFO] [stderr] warning: dummycrust@0.1.0: src/lsm_file.c:2807:13: warning: unused parameter 'pSnapshot' [-Wunused-parameter]
[INFO] [stderr] warning: dummycrust@0.1.0:  2807 |   Snapshot *pSnapshot,
[INFO] [stderr] warning: dummycrust@0.1.0:       |   ~~~~~~~~~~^~~~~~~~~
[INFO] [stderr] warning: dummycrust@0.1.0: src/lsm_file.c: In function 'lsmFsSegmentContainsPg':
[INFO] [stderr] warning: dummycrust@0.1.0: src/lsm_file.c:3043:11: warning: unused parameter 'iPg' [-Wunused-parameter]
[INFO] [stderr] warning: dummycrust@0.1.0:  3043 |   LsmPgno iPg,
[INFO] [stderr] warning: dummycrust@0.1.0:       |   ~~~~~~~~^~~
[INFO] [stderr] warning: dummycrust@0.1.0: src/lsm_file.c: In function 'checkBlocks':
[INFO] [stderr] warning: dummycrust@0.1.0: src/lsm_file.c:3155:7: warning: unused parameter 'nUsed' [-Wunused-parameter]
[INFO] [stderr] warning: dummycrust@0.1.0:  3155 |   int nUsed,
[INFO] [stderr] warning: dummycrust@0.1.0:       |   ~~~~^~~~~
[INFO] [stderr] warning: dummycrust@0.1.0: src/lsm_file.c: In function 'checkFreelistCb':
[INFO] [stderr] warning: dummycrust@0.1.0: src/lsm_file.c:3226:54: warning: unused parameter 'iSnapshot' [-Wunused-parameter]
[INFO] [stderr] warning: dummycrust@0.1.0:  3226 | static int checkFreelistCb(void *pCtx, int iBlk, i64 iSnapshot){
[INFO] [stderr] warning: dummycrust@0.1.0:       |                                                  ~~~~^~~~~~~~~
[INFO] [stderr] warning: dummycrust@0.1.0: cc1: warning: src/lsmInt.h: not a directory
[INFO] [stderr] warning: dummycrust@0.1.0: cc1: warning: src/lsm.h: not a directory
[INFO] [stderr] warning: dummycrust@0.1.0: cc1: warning: src/lsmInt.h: not a directory
[INFO] [stderr] warning: dummycrust@0.1.0: cc1: warning: src/lsm.h: not a directory
[INFO] [stderr] warning: dummycrust@0.1.0: cc1: warning: src/lsmInt.h: not a directory
[INFO] [stderr] warning: dummycrust@0.1.0: cc1: warning: src/lsm.h: not a directory
[INFO] [stderr] warning: dummycrust@0.1.0: cc1: warning: src/lsmInt.h: not a directory
[INFO] [stderr] warning: dummycrust@0.1.0: cc1: warning: src/lsm.h: not a directory
[INFO] [stderr] warning: dummycrust@0.1.0: cc1: warning: src/lsmInt.h: not a directory
[INFO] [stderr] warning: dummycrust@0.1.0: cc1: warning: src/lsm.h: not a directory
[INFO] [stderr] warning: dummycrust@0.1.0: src/lsm_shared.c: In function 'dbTruncate':
[INFO] [stderr] warning: dummycrust@0.1.0: src/lsm_shared.c:178:31: warning: unused parameter 'pDb' [-Wunused-parameter]
[INFO] [stderr] warning: dummycrust@0.1.0:   178 | static int dbTruncate(lsm_db *pDb, i64 iInUse){
[INFO] [stderr] warning: dummycrust@0.1.0:       |                       ~~~~~~~~^~~
[INFO] [stderr] warning: dummycrust@0.1.0: src/lsm_shared.c:178:40: warning: unused parameter 'iInUse' [-Wunused-parameter]
[INFO] [stderr] warning: dummycrust@0.1.0:   178 | static int dbTruncate(lsm_db *pDb, i64 iInUse){
[INFO] [stderr] warning: dummycrust@0.1.0:       |                                    ~~~~^~~~~~
[INFO] [stderr] warning: dummycrust@0.1.0: src/lsm_shared.c: In function 'lsmShmLock':
[INFO] [stderr] warning: dummycrust@0.1.0: src/lsm_shared.c:1782:7: warning: unused parameter 'bBlock' [-Wunused-parameter]
[INFO] [stderr] warning: dummycrust@0.1.0:  1782 |   int bBlock                      /* True for a blocking lock */
[INFO] [stderr] warning: dummycrust@0.1.0:       |   ~~~~^~~~~~
[INFO] [stderr] warning: dummycrust@0.1.0: cc1: warning: src/lsmInt.h: not a directory
[INFO] [stderr] warning: dummycrust@0.1.0: cc1: warning: src/lsm.h: not a directory
[INFO] [stderr] warning: dummycrust@0.1.0: src/lsm_sorted.c: In function 'btreeCursorRestore':
[INFO] [stderr] warning: dummycrust@0.1.0: src/lsm_sorted.c:869:7: warning: missing initializer for field 'nAlloc' of 'LsmBlob' [-Wmissing-field-initializers]
[INFO] [stderr] warning: dummycrust@0.1.0:   869 |       LsmBlob blob = {0,0,0};
[INFO] [stderr] warning: dummycrust@0.1.0:       |       ^~~~~~~
[INFO] [stderr] warning: dummycrust@0.1.0: src/lsm_sorted.c:113:7: note: 'nAlloc' declared here
[INFO] [stderr] warning: dummycrust@0.1.0:   113 |   int nAlloc;
[INFO] [stderr] warning: dummycrust@0.1.0:       |       ^~~~~~
[INFO] [stderr] warning: dummycrust@0.1.0: src/lsm_sorted.c: In function 'seekInBtree':
[INFO] [stderr] warning: dummycrust@0.1.0: src/lsm_sorted.c:1778:3: warning: missing initializer for field 'nAlloc' of 'LsmBlob' [-Wmissing-field-initializers]
[INFO] [stderr] warning: dummycrust@0.1.0:  1778 |   LsmBlob blob = {0, 0, 0};
[INFO] [stderr] warning: dummycrust@0.1.0:       |   ^~~~~~~
[INFO] [stderr] warning: dummycrust@0.1.0: src/lsm_sorted.c:113:7: note: 'nAlloc' declared here
[INFO] [stderr] warning: dummycrust@0.1.0:   113 |   int nAlloc;
[INFO] [stderr] warning: dummycrust@0.1.0:       |       ^~~~~~
[INFO] [stderr] warning: dummycrust@0.1.0: src/lsm_sorted.c: In function 'mergeWorkerMoveHierarchy':
[INFO] [stderr] warning: dummycrust@0.1.0: src/lsm_sorted.c:3396:7: warning: unused parameter 'bSep' [-Wunused-parameter]
[INFO] [stderr] warning: dummycrust@0.1.0:  3396 |   int bSep                        /* True for separators run */
[INFO] [stderr] warning: dummycrust@0.1.0:       |   ~~~~^~~~
[INFO] [stderr] warning: dummycrust@0.1.0: src/lsm_sorted.c: In function 'mergeWorkerData':
[INFO] [stderr] warning: dummycrust@0.1.0: src/lsm_sorted.c:3874:7: warning: unused parameter 'bSep' [-Wunused-parameter]
[INFO] [stderr] warning: dummycrust@0.1.0:  3874 |   int bSep,                       /* True to write to separators run */
[INFO] [stderr] warning: dummycrust@0.1.0:       |   ~~~~^~~~
[INFO] [stderr] warning: dummycrust@0.1.0: src/lsm_sorted.c: In function 'moveBlockCb':
[INFO] [stderr] warning: dummycrust@0.1.0: src/lsm_sorted.c:4770:50: warning: unused parameter 'iSnapshot' [-Wunused-parameter]
[INFO] [stderr] warning: dummycrust@0.1.0:  4770 | static int moveBlockCb(void *pCtx, int iBlk, i64 iSnapshot){
[INFO] [stderr] warning: dummycrust@0.1.0:       |                                              ~~~~^~~~~~~~~
[INFO] [stderr] warning: dummycrust@0.1.0: src/lsm_sorted.c: In function 'sortedDumpPage':
[INFO] [stderr] warning: dummycrust@0.1.0: src/lsm_sorted.c:5534:3: warning: missing initializer for field 'nAlloc' of 'LsmBlob' [-Wmissing-field-initializers]
[INFO] [stderr] warning: dummycrust@0.1.0:  5534 |   LsmBlob blob = {0, 0, 0};       /* LsmBlob used for keys */
[INFO] [stderr] warning: dummycrust@0.1.0:       |   ^~~~~~~
[INFO] [stderr] warning: dummycrust@0.1.0: src/lsm_sorted.c:113:7: note: 'nAlloc' declared here
[INFO] [stderr] warning: dummycrust@0.1.0:   113 |   int nAlloc;
[INFO] [stderr] warning: dummycrust@0.1.0:       |       ^~~~~~
[INFO] [stderr] warning: dummycrust@0.1.0: cc1: warning: src/lsmInt.h: not a directory
[INFO] [stderr] warning: dummycrust@0.1.0: cc1: warning: src/lsm.h: not a directory
[INFO] [stderr] warning: dummycrust@0.1.0: cc1: warning: src/lsmInt.h: not a directory
[INFO] [stderr] warning: dummycrust@0.1.0: cc1: warning: src/lsm.h: not a directory
[INFO] [stderr] warning: dummycrust@0.1.0: src/lsm_tree.c: In function 'intArrayFree':
[INFO] [stderr] warning: dummycrust@0.1.0: src/lsm_tree.c:240:35: warning: unused parameter 'pEnv' [-Wunused-parameter]
[INFO] [stderr] warning: dummycrust@0.1.0:   240 | static void intArrayFree(lsm_env *pEnv, IntArray *p){
[INFO] [stderr] warning: dummycrust@0.1.0:       |                          ~~~~~~~~~^~~~
[INFO] [stderr] warning: dummycrust@0.1.0: In file included from src/lsmInt.h:18,
[INFO] [stderr] warning: dummycrust@0.1.0:                  from src/lsm_tree.c:85:
[INFO] [stderr] warning: dummycrust@0.1.0: src/lsm_tree.c: In function 'getChildPtr':
[INFO] [stderr] warning: dummycrust@0.1.0: src/lsm_tree.c:282:28: warning: comparison of integer expressions of different signedness: 'int' and 'long unsigned int' [-Wsign-compare]
[INFO] [stderr] warning: dummycrust@0.1.0:   282 |   assert( iCell>=0 && iCell<=array_size(p->aiChildPtr) );
[INFO] [stderr] warning: dummycrust@0.1.0:       |                            ^~
[INFO] [stderr] warning: dummycrust@0.1.0: src/lsm_tree.c: In function 'treeShmalloc':
[INFO] [stderr] warning: dummycrust@0.1.0: src/lsm_tree.c:628:5: warning: 'static' is not at beginning of declaration [-Wold-style-declaration]
[INFO] [stderr] warning: dummycrust@0.1.0:   628 |     const static int CHUNK_SIZE = LSM_SHM_CHUNK_SIZE;
[INFO] [stderr] warning: dummycrust@0.1.0:       |     ^~~~~
[INFO] [stderr] warning: dummycrust@0.1.0: src/lsm_tree.c:629:5: warning: 'static' is not at beginning of declaration [-Wold-style-declaration]
[INFO] [stderr] warning: dummycrust@0.1.0:   629 |     const static int CHUNK_HDR = LSM_SHM_CHUNK_HDR;
[INFO] [stderr] warning: dummycrust@0.1.0:       |     ^~~~~
[INFO] [stderr] warning: dummycrust@0.1.0: src/lsm_tree.c: In function 'treeHeaderChecksum':
[INFO] [stderr] warning: dummycrust@0.1.0: src/lsm_tree.c:1147:13: warning: comparison of integer expressions of different signedness: 'int' and 'long unsigned int' [-Wsign-compare]
[INFO] [stderr] warning: dummycrust@0.1.0:  1147 |   for(i=0; i<(offsetof(TreeHeader, aCksum) / sizeof(u32)); i+=2){
[INFO] [stderr] warning: dummycrust@0.1.0:       |             ^
[INFO] [stderr] warning: dummycrust@0.1.0: src/lsm_tree.c: In function 'lsmTreeEndTransaction':
[INFO] [stderr] warning: dummycrust@0.1.0: src/lsm_tree.c:2411:44: warning: unused parameter 'bCommit' [-Wunused-parameter]
[INFO] [stderr] warning: dummycrust@0.1.0:  2411 | int lsmTreeEndTransaction(lsm_db *pDb, int bCommit){
[INFO] [stderr] warning: dummycrust@0.1.0:       |                                        ~~~~^~~~~~~
[INFO] [stderr] warning: dummycrust@0.1.0: cc1: warning: src/lsmInt.h: not a directory
[INFO] [stderr] warning: dummycrust@0.1.0: cc1: warning: src/lsm.h: not a directory
[INFO] [stderr] warning: dummycrust@0.1.0: src/lsm_unix.c: In function 'lsmPosixOsSectorSize':
[INFO] [stderr] warning: dummycrust@0.1.0: src/lsm_unix.c:193:43: warning: unused parameter 'pFile' [-Wunused-parameter]
[INFO] [stderr] warning: dummycrust@0.1.0:   193 | static int lsmPosixOsSectorSize(lsm_file *pFile){
[INFO] [stderr] warning: dummycrust@0.1.0:       |                                 ~~~~~~~~~~^~~~~
[INFO] [stderr] warning: dummycrust@0.1.0: src/lsm_unix.c: In function 'lsmPosixOsUnlink':
[INFO] [stderr] warning: dummycrust@0.1.0: src/lsm_unix.c:307:38: warning: unused parameter 'pEnv' [-Wunused-parameter]
[INFO] [stderr] warning: dummycrust@0.1.0:   307 | static int lsmPosixOsUnlink(lsm_env *pEnv, const char *zFile){
[INFO] [stderr] warning: dummycrust@0.1.0:       |                             ~~~~~~~~~^~~~
[INFO] [stderr] warning: dummycrust@0.1.0: In file included from src/lsmInt.h:18,
[INFO] [stderr] warning: dummycrust@0.1.0:                  from src/lsm_unix.c:42:
[INFO] [stderr] warning: dummycrust@0.1.0: src/lsm_unix.c: In function 'lsmPosixOsLock':
[INFO] [stderr] warning: dummycrust@0.1.0: src/lsm_unix.c:321:28: warning: comparison of integer expressions of different signedness: 'int' and 'long unsigned int' [-Wsign-compare]
[INFO] [stderr] warning: dummycrust@0.1.0:   321 |   assert( eType>=0 && eType<array_size(aType) );
[INFO] [stderr] warning: dummycrust@0.1.0:       |                            ^
[INFO] [stderr] warning: dummycrust@0.1.0: src/lsm_unix.c: In function 'lsmPosixOsTestLock':
[INFO] [stderr] warning: dummycrust@0.1.0: src/lsm_unix.c:351:28: warning: comparison of integer expressions of different signedness: 'int' and 'long unsigned int' [-Wsign-compare]
[INFO] [stderr] warning: dummycrust@0.1.0:   351 |   assert( eType>=0 && eType<array_size(aType) );
[INFO] [stderr] warning: dummycrust@0.1.0:       |                            ^
[INFO] [stderr] warning: dummycrust@0.1.0: src/lsm_unix.c: In function 'lsmPosixOsSleep':
[INFO] [stderr] warning: dummycrust@0.1.0: src/lsm_unix.c:458:37: warning: unused parameter 'pEnv' [-Wunused-parameter]
[INFO] [stderr] warning: dummycrust@0.1.0:   458 | static int lsmPosixOsSleep(lsm_env *pEnv, int us){
[INFO] [stderr] warning: dummycrust@0.1.0:       |                            ~~~~~~~~~^~~~
[INFO] [stderr] warning: dummycrust@0.1.0: src/lsm_unix.c: In function 'lsmPosixOsMalloc':
[INFO] [stderr] warning: dummycrust@0.1.0: src/lsm_unix.c:472:40: warning: unused parameter 'pEnv' [-Wunused-parameter]
[INFO] [stderr] warning: dummycrust@0.1.0:   472 | static void *lsmPosixOsMalloc(lsm_env *pEnv, size_t N){
[INFO] [stderr] warning: dummycrust@0.1.0:       |                               ~~~~~~~~~^~~~
[INFO] [stderr] warning: dummycrust@0.1.0: src/lsm_unix.c: In function 'lsmPosixOsFree':
[INFO] [stderr] warning: dummycrust@0.1.0: src/lsm_unix.c:480:37: warning: unused parameter 'pEnv' [-Wunused-parameter]
[INFO] [stderr] warning: dummycrust@0.1.0:   480 | static void lsmPosixOsFree(lsm_env *pEnv, void *p){
[INFO] [stderr] warning: dummycrust@0.1.0:       |                            ~~~~~~~~~^~~~
[INFO] [stderr] warning: dummycrust@0.1.0: src/lsm_unix.c: In function 'lsmPosixOsMSize':
[INFO] [stderr] warning: dummycrust@0.1.0: src/lsm_unix.c:513:40: warning: unused parameter 'pEnv' [-Wunused-parameter]
[INFO] [stderr] warning: dummycrust@0.1.0:   513 | static size_t lsmPosixOsMSize(lsm_env *pEnv, void *p){
[INFO] [stderr] warning: dummycrust@0.1.0:       |                               ~~~~~~~~~^~~~
[INFO] [stderr] warning: dummycrust@0.1.0: src/lsm_unix.c: In function 'lsmPosixOsMutexStatic':
[INFO] [stderr] warning: dummycrust@0.1.0: src/lsm_unix.c:647:12: warning: unused parameter 'pEnv' [-Wunused-parameter]
[INFO] [stderr] warning: dummycrust@0.1.0:   647 |   lsm_env *pEnv,
[INFO] [stderr] warning: dummycrust@0.1.0:       |   ~~~~~~~~~^~~~
[INFO] [stderr] warning: dummycrust@0.1.0: cc1: warning: src/lsmInt.h: not a directory
[INFO] [stderr] warning: dummycrust@0.1.0: cc1: warning: src/lsm.h: not a directory
[INFO] [stderr] warning: dummycrust@0.1.0: cc1: warning: src/lsmInt.h: not a directory
[INFO] [stderr] warning: dummycrust@0.1.0: cc1: warning: src/lsm.h: not a directory
[INFO] [stderr]    Compiling dummycrust v0.1.0 (/opt/rustwide/workdir)
[INFO] [stdout] warning: unused return value of `Box::<T>::from_raw` that must be used
[INFO] [stdout]   --> src/main.rs:28:21
[INFO] [stdout]    |
[INFO] [stdout] 28 |                     Box::from_raw(ptr);
[INFO] [stdout]    |                     ^^^^^^^^^^^^^^^^^^
[INFO] [stdout] ...
[INFO] [stdout] 42 | to_raw!(i8);
[INFO] [stdout]    | ----------- in this macro invocation
[INFO] [stdout]    |
[INFO] [stdout]    = note: call `drop(Box::from_raw(ptr))` if you intend to drop the `Box`
[INFO] [stdout]    = note: `#[warn(unused_must_use)]` on by default
[INFO] [stdout]    = note: this warning originates in the macro `to_raw` (in Nightly builds, run with -Z macro-backtrace for more info)
[INFO] [stdout] help: use `let _ = ...` to ignore the resulting value
[INFO] [stdout]    |
[INFO] [stdout] 28 |                     let _ = Box::from_raw(ptr);
[INFO] [stdout]    |                     +++++++
[INFO] [stdout] 
[INFO] [stdout] 
[INFO] [stdout] warning: unused return value of `Box::<T>::from_raw` that must be used
[INFO] [stdout]   --> src/main.rs:28:21
[INFO] [stdout]    |
[INFO] [stdout] 28 |                     Box::from_raw(ptr);
[INFO] [stdout]    |                     ^^^^^^^^^^^^^^^^^^
[INFO] [stdout] ...
[INFO] [stdout] 43 | to_raw!(i16);
[INFO] [stdout]    | ------------ in this macro invocation
[INFO] [stdout]    |
[INFO] [stdout]    = note: call `drop(Box::from_raw(ptr))` if you intend to drop the `Box`
[INFO] [stdout]    = note: this warning originates in the macro `to_raw` (in Nightly builds, run with -Z macro-backtrace for more info)
[INFO] [stdout] help: use `let _ = ...` to ignore the resulting value
[INFO] [stdout]    |
[INFO] [stdout] 28 |                     let _ = Box::from_raw(ptr);
[INFO] [stdout]    |                     +++++++
[INFO] [stdout] 
[INFO] [stdout] 
[INFO] [stdout] warning: unused return value of `Box::<T>::from_raw` that must be used
[INFO] [stdout]   --> src/main.rs:28:21
[INFO] [stdout]    |
[INFO] [stdout] 28 |                     Box::from_raw(ptr);
[INFO] [stdout]    |                     ^^^^^^^^^^^^^^^^^^
[INFO] [stdout] ...
[INFO] [stdout] 44 | to_raw!(i32);
[INFO] [stdout]    | ------------ in this macro invocation
[INFO] [stdout]    |
[INFO] [stdout]    = note: call `drop(Box::from_raw(ptr))` if you intend to drop the `Box`
[INFO] [stdout]    = note: this warning originates in the macro `to_raw` (in Nightly builds, run with -Z macro-backtrace for more info)
[INFO] [stdout] help: use `let _ = ...` to ignore the resulting value
[INFO] [stdout]    |
[INFO] [stdout] 28 |                     let _ = Box::from_raw(ptr);
[INFO] [stdout]    |                     +++++++
[INFO] [stdout] 
[INFO] [stdout] 
[INFO] [stdout] warning: unused return value of `Box::<T>::from_raw` that must be used
[INFO] [stdout]   --> src/main.rs:28:21
[INFO] [stdout]    |
[INFO] [stdout] 28 |                     Box::from_raw(ptr);
[INFO] [stdout]    |                     ^^^^^^^^^^^^^^^^^^
[INFO] [stdout] ...
[INFO] [stdout] 45 | to_raw!(i64); //test
[INFO] [stdout]    | ------------ in this macro invocation
[INFO] [stdout]    |
[INFO] [stdout]    = note: call `drop(Box::from_raw(ptr))` if you intend to drop the `Box`
[INFO] [stdout]    = note: this warning originates in the macro `to_raw` (in Nightly builds, run with -Z macro-backtrace for more info)
[INFO] [stdout] help: use `let _ = ...` to ignore the resulting value
[INFO] [stdout]    |
[INFO] [stdout] 28 |                     let _ = Box::from_raw(ptr);
[INFO] [stdout]    |                     +++++++
[INFO] [stdout] 
[INFO] [stdout] 
[INFO] [stdout] warning: unused return value of `Box::<T>::from_raw` that must be used
[INFO] [stdout]   --> src/main.rs:28:21
[INFO] [stdout]    |
[INFO] [stdout] 28 |                     Box::from_raw(ptr);
[INFO] [stdout]    |                     ^^^^^^^^^^^^^^^^^^
[INFO] [stdout] ...
[INFO] [stdout] 46 | to_raw!(u8);
[INFO] [stdout]    | ----------- in this macro invocation
[INFO] [stdout]    |
[INFO] [stdout]    = note: call `drop(Box::from_raw(ptr))` if you intend to drop the `Box`
[INFO] [stdout]    = note: this warning originates in the macro `to_raw` (in Nightly builds, run with -Z macro-backtrace for more info)
[INFO] [stdout] help: use `let _ = ...` to ignore the resulting value
[INFO] [stdout]    |
[INFO] [stdout] 28 |                     let _ = Box::from_raw(ptr);
[INFO] [stdout]    |                     +++++++
[INFO] [stdout] 
[INFO] [stdout] 
[INFO] [stdout] warning: unused return value of `Box::<T>::from_raw` that must be used
[INFO] [stdout]   --> src/main.rs:28:21
[INFO] [stdout]    |
[INFO] [stdout] 28 |                     Box::from_raw(ptr);
[INFO] [stdout]    |                     ^^^^^^^^^^^^^^^^^^
[INFO] [stdout] ...
[INFO] [stdout] 47 | to_raw!(u16);
[INFO] [stdout]    | ------------ in this macro invocation
[INFO] [stdout]    |
[INFO] [stdout]    = note: call `drop(Box::from_raw(ptr))` if you intend to drop the `Box`
[INFO] [stdout]    = note: this warning originates in the macro `to_raw` (in Nightly builds, run with -Z macro-backtrace for more info)
[INFO] [stdout] help: use `let _ = ...` to ignore the resulting value
[INFO] [stdout]    |
[INFO] [stdout] 28 |                     let _ = Box::from_raw(ptr);
[INFO] [stdout]    |                     +++++++
[INFO] [stdout] 
[INFO] [stdout] 
[INFO] [stdout] warning: unused return value of `Box::<T>::from_raw` that must be used
[INFO] [stdout]   --> src/main.rs:28:21
[INFO] [stdout]    |
[INFO] [stdout] 28 |                     Box::from_raw(ptr);
[INFO] [stdout]    |                     ^^^^^^^^^^^^^^^^^^
[INFO] [stdout] ...
[INFO] [stdout] 48 | to_raw!(u32);
[INFO] [stdout]    | ------------ in this macro invocation
[INFO] [stdout]    |
[INFO] [stdout]    = note: call `drop(Box::from_raw(ptr))` if you intend to drop the `Box`
[INFO] [stdout]    = note: this warning originates in the macro `to_raw` (in Nightly builds, run with -Z macro-backtrace for more info)
[INFO] [stdout] help: use `let _ = ...` to ignore the resulting value
[INFO] [stdout]    |
[INFO] [stdout] 28 |                     let _ = Box::from_raw(ptr);
[INFO] [stdout]    |                     +++++++
[INFO] [stdout] 
[INFO] [stdout] 
[INFO] [stdout] warning: unused return value of `Box::<T>::from_raw` that must be used
[INFO] [stdout]   --> src/main.rs:28:21
[INFO] [stdout]    |
[INFO] [stdout] 28 |                     Box::from_raw(ptr);
[INFO] [stdout]    |                     ^^^^^^^^^^^^^^^^^^
[INFO] [stdout] ...
[INFO] [stdout] 49 | to_raw!(u64); //test
[INFO] [stdout]    | ------------ in this macro invocation
[INFO] [stdout]    |
[INFO] [stdout]    = note: call `drop(Box::from_raw(ptr))` if you intend to drop the `Box`
[INFO] [stdout]    = note: this warning originates in the macro `to_raw` (in Nightly builds, run with -Z macro-backtrace for more info)
[INFO] [stdout] help: use `let _ = ...` to ignore the resulting value
[INFO] [stdout]    |
[INFO] [stdout] 28 |                     let _ = Box::from_raw(ptr);
[INFO] [stdout]    |                     +++++++
[INFO] [stdout] 
[INFO] [stdout] 
[INFO] [stdout] warning: unused `Result` that must be used
[INFO] [stdout]    --> src/main.rs:306:9
[INFO] [stdout]     |
[INFO] [stdout] 306 |         lsm.insert("1", "1");
[INFO] [stdout]     |         ^^^^^^^^^^^^^^^^^^^^
[INFO] [stdout]     |
[INFO] [stdout]     = note: this `Result` may be an `Err` variant, which should be handled
[INFO] [stdout] help: use `let _ = ...` to ignore the resulting value
[INFO] [stdout]     |
[INFO] [stdout] 306 |         let _ = lsm.insert("1", "1");
[INFO] [stdout]     |         +++++++
[INFO] [stdout] 
[INFO] [stdout] 
[INFO] [stdout] warning: unused `Result` that must be used
[INFO] [stdout]    --> src/main.rs:307:9
[INFO] [stdout]     |
[INFO] [stdout] 307 |         lsm.insert("2", "2");
[INFO] [stdout]     |         ^^^^^^^^^^^^^^^^^^^^
[INFO] [stdout]     |
[INFO] [stdout]     = note: this `Result` may be an `Err` variant, which should be handled
[INFO] [stdout] help: use `let _ = ...` to ignore the resulting value
[INFO] [stdout]     |
[INFO] [stdout] 307 |         let _ = lsm.insert("2", "2");
[INFO] [stdout]     |         +++++++
[INFO] [stdout] 
[INFO] [stdout] 
[INFO] [stdout] warning: unused `Result` that must be used
[INFO] [stdout]    --> src/main.rs:318:9
[INFO] [stdout]     |
[INFO] [stdout] 318 |         lsm.insert("1".to_string(), "1".to_string());
[INFO] [stdout]     |         ^^^^^^^^^^^^^^^^^^^^^^^^^^^^^^^^^^^^^^^^^^^^
[INFO] [stdout]     |
[INFO] [stdout]     = note: this `Result` may be an `Err` variant, which should be handled
[INFO] [stdout] help: use `let _ = ...` to ignore the resulting value
[INFO] [stdout]     |
[INFO] [stdout] 318 |         let _ = lsm.insert("1".to_string(), "1".to_string());
[INFO] [stdout]     |         +++++++
[INFO] [stdout] 
[INFO] [stdout] 
[INFO] [stdout] warning: unused `Result` that must be used
[INFO] [stdout]    --> src/main.rs:319:9
[INFO] [stdout]     |
[INFO] [stdout] 319 |         lsm.insert("2".to_string(), "2".to_string());
[INFO] [stdout]     |         ^^^^^^^^^^^^^^^^^^^^^^^^^^^^^^^^^^^^^^^^^^^^
[INFO] [stdout]     |
[INFO] [stdout]     = note: this `Result` may be an `Err` variant, which should be handled
[INFO] [stdout] help: use `let _ = ...` to ignore the resulting value
[INFO] [stdout]     |
[INFO] [stdout] 319 |         let _ = lsm.insert("2".to_string(), "2".to_string());
[INFO] [stdout]     |         +++++++
[INFO] [stdout] 
[INFO] [stdout] 
[INFO] [stdout] warning: unused `Result` that must be used
[INFO] [stdout]    --> src/main.rs:338:13
[INFO] [stdout]     |
[INFO] [stdout] 338 |             lsm.insert(k.as_str(), v.as_str());
[INFO] [stdout]     |             ^^^^^^^^^^^^^^^^^^^^^^^^^^^^^^^^^^
[INFO] [stdout]     |
[INFO] [stdout]     = note: this `Result` may be an `Err` variant, which should be handled
[INFO] [stdout] help: use `let _ = ...` to ignore the resulting value
[INFO] [stdout]     |
[INFO] [stdout] 338 |             let _ = lsm.insert(k.as_str(), v.as_str());
[INFO] [stdout]     |             +++++++
[INFO] [stdout] 
[INFO] [stdout] 
[INFO] [stdout] warning: 13 warnings emitted
[INFO] [stdout] 
[INFO] [stdout] 
[INFO] [stderr]     Finished test [unoptimized + debuginfo] target(s) in 0.63s
[INFO] running `Command { std: "docker" "inspect" "478b104667ef05c83ee7c704060e20f70886ebdc01b35746006f4f03662cef7d", kill_on_drop: false }`
[INFO] running `Command { std: "docker" "rm" "-f" "478b104667ef05c83ee7c704060e20f70886ebdc01b35746006f4f03662cef7d", kill_on_drop: false }`
[INFO] [stdout] 478b104667ef05c83ee7c704060e20f70886ebdc01b35746006f4f03662cef7d
[INFO] running `Command { std: "docker" "create" "-v" "/var/lib/crater-agent-workspace/builds/worker-0-tc1/target:/opt/rustwide/target:rw,Z" "-v" "/var/lib/crater-agent-workspace/builds/worker-0-tc1/source:/opt/rustwide/workdir:ro,Z" "-v" "/var/lib/crater-agent-workspace/cargo-home:/opt/rustwide/cargo-home:ro,Z" "-v" "/var/lib/crater-agent-workspace/rustup-home:/opt/rustwide/rustup-home:ro,Z" "-e" "SOURCE_DIR=/opt/rustwide/workdir" "-e" "CARGO_TARGET_DIR=/opt/rustwide/target" "-e" "CARGO_INCREMENTAL=0" "-e" "RUST_BACKTRACE=full" "-e" "RUSTFLAGS=--cap-lints=warn" "-e" "RUSTDOCFLAGS=--cap-lints=warn" "-e" "CARGO_HOME=/opt/rustwide/cargo-home" "-e" "RUSTUP_HOME=/opt/rustwide/rustup-home" "-w" "/opt/rustwide/workdir" "-m" "1610612736" "--user" "0:0" "--network" "none" "ghcr.io/rust-lang/crates-build-env/linux@sha256:2788e3201cd34a07e3172128adcd8b3090168a8e3bcc40d7c032b9dda1df7d1c" "/opt/rustwide/cargo-home/bin/cargo" "+1.75.0" "test" "--frozen", kill_on_drop: false }`
[INFO] [stdout] 3d3b375d2f1f3565588d79f4e1c914f8c43b217e1432ad63c929247ceebdeee7
[INFO] running `Command { std: "docker" "start" "-a" "3d3b375d2f1f3565588d79f4e1c914f8c43b217e1432ad63c929247ceebdeee7", kill_on_drop: false }`
[INFO] [stderr] warning: dummycrust@0.1.0: cc1: warning: src/lsmInt.h: not a directory
[INFO] [stderr] warning: dummycrust@0.1.0: cc1: warning: src/lsm.h: not a directory
[INFO] [stderr] warning: dummycrust@0.1.0: src/lsm_ckpt.c: In function 'lsmCheckpointLoad':
[INFO] [stderr] warning: dummycrust@0.1.0: src/lsm_ckpt.c:875:13: warning: comparison of integer expressions of different signedness: 'int' and 'long unsigned int' [-Wsign-compare]
[INFO] [stderr] warning: dummycrust@0.1.0:   875 |     if( nInt<=(LSM_META_RW_PAGE_SIZE / sizeof(u32)) ){
[INFO] [stderr] warning: dummycrust@0.1.0:       |             ^~
[INFO] [stderr] warning: dummycrust@0.1.0: src/lsm_ckpt.c:884:13: warning: comparison of integer expressions of different signedness: 'int' and 'long unsigned int' [-Wsign-compare]
[INFO] [stderr] warning: dummycrust@0.1.0:   884 |     if( nInt<=(LSM_META_RW_PAGE_SIZE / sizeof(u32)) ){
[INFO] [stderr] warning: dummycrust@0.1.0:       |             ^~
[INFO] [stderr] warning: dummycrust@0.1.0: src/lsm_ckpt.c: In function 'lsmCheckpointSynced':
[INFO] [stderr] warning: dummycrust@0.1.0: src/lsm_ckpt.c:1127:16: warning: comparison of integer expressions of different signedness: 'int' and 'long unsigned int' [-Wsign-compare]
[INFO] [stderr] warning: dummycrust@0.1.0:  1127 |       if( nCkpt<(LSM_META_RW_PAGE_SIZE/sizeof(u32)) ){
[INFO] [stderr] warning: dummycrust@0.1.0:       |                ^
[INFO] [stderr] warning: dummycrust@0.1.0: cc1: warning: src/lsmInt.h: not a directory
[INFO] [stderr] warning: dummycrust@0.1.0: cc1: warning: src/lsm.h: not a directory
[INFO] [stderr] warning: dummycrust@0.1.0: src/lsm_file.c: In function 'assert_lists_are_ok':
[INFO] [stderr] warning: dummycrust@0.1.0: src/lsm_file.c:337:45: warning: unused parameter 'pFS' [-Wunused-parameter]
[INFO] [stderr] warning: dummycrust@0.1.0:   337 | static void assert_lists_are_ok(FileSystem *pFS){
[INFO] [stderr] warning: dummycrust@0.1.0:       |                                 ~~~~~~~~~~~~^~~
[INFO] [stderr] warning: dummycrust@0.1.0: src/lsm_file.c: In function 'lsmFsSyncDb':
[INFO] [stderr] warning: dummycrust@0.1.0: src/lsm_file.c:1167:38: warning: unused parameter 'nBlock' [-Wunused-parameter]
[INFO] [stderr] warning: dummycrust@0.1.0:  1167 | int lsmFsSyncDb(FileSystem *pFS, int nBlock){
[INFO] [stderr] warning: dummycrust@0.1.0:       |                                  ~~~~^~~~~~
[INFO] [stderr] warning: dummycrust@0.1.0: src/lsm_file.c: In function 'lsmFsSortedAppend':
[INFO] [stderr] warning: dummycrust@0.1.0: src/lsm_file.c:2099:13: warning: unused parameter 'pSnapshot' [-Wunused-parameter]
[INFO] [stderr] warning: dummycrust@0.1.0:  2099 |   Snapshot *pSnapshot,
[INFO] [stderr] warning: dummycrust@0.1.0:       |   ~~~~~~~~~~^~~~~~~~~
[INFO] [stderr] warning: dummycrust@0.1.0: src/lsm_file.c: In function 'lsmFsSortedPadding':
[INFO] [stderr] warning: dummycrust@0.1.0: src/lsm_file.c:2807:13: warning: unused parameter 'pSnapshot' [-Wunused-parameter]
[INFO] [stderr] warning: dummycrust@0.1.0:  2807 |   Snapshot *pSnapshot,
[INFO] [stderr] warning: dummycrust@0.1.0:       |   ~~~~~~~~~~^~~~~~~~~
[INFO] [stderr] warning: dummycrust@0.1.0: src/lsm_file.c: In function 'lsmFsSegmentContainsPg':
[INFO] [stderr] warning: dummycrust@0.1.0: src/lsm_file.c:3043:11: warning: unused parameter 'iPg' [-Wunused-parameter]
[INFO] [stderr] warning: dummycrust@0.1.0:  3043 |   LsmPgno iPg,
[INFO] [stderr] warning: dummycrust@0.1.0:       |   ~~~~~~~~^~~
[INFO] [stderr] warning: dummycrust@0.1.0: src/lsm_file.c: In function 'checkBlocks':
[INFO] [stderr] warning: dummycrust@0.1.0: src/lsm_file.c:3155:7: warning: unused parameter 'nUsed' [-Wunused-parameter]
[INFO] [stderr] warning: dummycrust@0.1.0:  3155 |   int nUsed,
[INFO] [stderr] warning: dummycrust@0.1.0:       |   ~~~~^~~~~
[INFO] [stderr] warning: dummycrust@0.1.0: src/lsm_file.c: In function 'checkFreelistCb':
[INFO] [stderr] warning: dummycrust@0.1.0: src/lsm_file.c:3226:54: warning: unused parameter 'iSnapshot' [-Wunused-parameter]
[INFO] [stderr] warning: dummycrust@0.1.0:  3226 | static int checkFreelistCb(void *pCtx, int iBlk, i64 iSnapshot){
[INFO] [stderr] warning: dummycrust@0.1.0:       |                                                  ~~~~^~~~~~~~~
[INFO] [stderr] warning: dummycrust@0.1.0: cc1: warning: src/lsmInt.h: not a directory
[INFO] [stderr] warning: dummycrust@0.1.0: cc1: warning: src/lsm.h: not a directory
[INFO] [stderr] warning: dummycrust@0.1.0: cc1: warning: src/lsmInt.h: not a directory
[INFO] [stderr] warning: dummycrust@0.1.0: cc1: warning: src/lsm.h: not a directory
[INFO] [stderr] warning: dummycrust@0.1.0: cc1: warning: src/lsmInt.h: not a directory
[INFO] [stderr] warning: dummycrust@0.1.0: cc1: warning: src/lsm.h: not a directory
[INFO] [stderr] warning: dummycrust@0.1.0: cc1: warning: src/lsmInt.h: not a directory
[INFO] [stderr] warning: dummycrust@0.1.0: cc1: warning: src/lsm.h: not a directory
[INFO] [stderr] warning: dummycrust@0.1.0: cc1: warning: src/lsmInt.h: not a directory
[INFO] [stderr] warning: dummycrust@0.1.0: cc1: warning: src/lsm.h: not a directory
[INFO] [stderr] warning: dummycrust@0.1.0: src/lsm_shared.c: In function 'dbTruncate':
[INFO] [stderr] warning: dummycrust@0.1.0: src/lsm_shared.c:178:31: warning: unused parameter 'pDb' [-Wunused-parameter]
[INFO] [stderr] warning: dummycrust@0.1.0:   178 | static int dbTruncate(lsm_db *pDb, i64 iInUse){
[INFO] [stderr] warning: dummycrust@0.1.0:       |                       ~~~~~~~~^~~
[INFO] [stderr] warning: dummycrust@0.1.0: src/lsm_shared.c:178:40: warning: unused parameter 'iInUse' [-Wunused-parameter]
[INFO] [stderr] warning: dummycrust@0.1.0:   178 | static int dbTruncate(lsm_db *pDb, i64 iInUse){
[INFO] [stderr] warning: dummycrust@0.1.0:       |                                    ~~~~^~~~~~
[INFO] [stderr] warning: dummycrust@0.1.0: src/lsm_shared.c: In function 'lsmShmLock':
[INFO] [stderr] warning: dummycrust@0.1.0: src/lsm_shared.c:1782:7: warning: unused parameter 'bBlock' [-Wunused-parameter]
[INFO] [stderr] warning: dummycrust@0.1.0:  1782 |   int bBlock                      /* True for a blocking lock */
[INFO] [stderr] warning: dummycrust@0.1.0:       |   ~~~~^~~~~~
[INFO] [stderr] warning: dummycrust@0.1.0: cc1: warning: src/lsmInt.h: not a directory
[INFO] [stderr] warning: dummycrust@0.1.0: cc1: warning: src/lsm.h: not a directory
[INFO] [stderr] warning: dummycrust@0.1.0: src/lsm_sorted.c: In function 'btreeCursorRestore':
[INFO] [stderr] warning: dummycrust@0.1.0: src/lsm_sorted.c:869:7: warning: missing initializer for field 'nAlloc' of 'LsmBlob' [-Wmissing-field-initializers]
[INFO] [stderr] warning: dummycrust@0.1.0:   869 |       LsmBlob blob = {0,0,0};
[INFO] [stderr] warning: dummycrust@0.1.0:       |       ^~~~~~~
[INFO] [stderr] warning: dummycrust@0.1.0: src/lsm_sorted.c:113:7: note: 'nAlloc' declared here
[INFO] [stderr] warning: dummycrust@0.1.0:   113 |   int nAlloc;
[INFO] [stderr] warning: dummycrust@0.1.0:       |       ^~~~~~
[INFO] [stderr] warning: dummycrust@0.1.0: src/lsm_sorted.c: In function 'seekInBtree':
[INFO] [stderr] warning: dummycrust@0.1.0: src/lsm_sorted.c:1778:3: warning: missing initializer for field 'nAlloc' of 'LsmBlob' [-Wmissing-field-initializers]
[INFO] [stderr] warning: dummycrust@0.1.0:  1778 |   LsmBlob blob = {0, 0, 0};
[INFO] [stderr] warning: dummycrust@0.1.0:       |   ^~~~~~~
[INFO] [stderr] warning: dummycrust@0.1.0: src/lsm_sorted.c:113:7: note: 'nAlloc' declared here
[INFO] [stderr] warning: dummycrust@0.1.0:   113 |   int nAlloc;
[INFO] [stderr] warning: dummycrust@0.1.0:       |       ^~~~~~
[INFO] [stderr] warning: dummycrust@0.1.0: src/lsm_sorted.c: In function 'mergeWorkerMoveHierarchy':
[INFO] [stderr] warning: dummycrust@0.1.0: src/lsm_sorted.c:3396:7: warning: unused parameter 'bSep' [-Wunused-parameter]
[INFO] [stderr] warning: dummycrust@0.1.0:  3396 |   int bSep                        /* True for separators run */
[INFO] [stderr] warning: dummycrust@0.1.0:       |   ~~~~^~~~
[INFO] [stderr] warning: dummycrust@0.1.0: src/lsm_sorted.c: In function 'mergeWorkerData':
[INFO] [stderr] warning: dummycrust@0.1.0: src/lsm_sorted.c:3874:7: warning: unused parameter 'bSep' [-Wunused-parameter]
[INFO] [stderr] warning: dummycrust@0.1.0:  3874 |   int bSep,                       /* True to write to separators run */
[INFO] [stderr] warning: dummycrust@0.1.0:       |   ~~~~^~~~
[INFO] [stderr] warning: dummycrust@0.1.0: src/lsm_sorted.c: In function 'moveBlockCb':
[INFO] [stderr] warning: dummycrust@0.1.0: src/lsm_sorted.c:4770:50: warning: unused parameter 'iSnapshot' [-Wunused-parameter]
[INFO] [stderr] warning: dummycrust@0.1.0:  4770 | static int moveBlockCb(void *pCtx, int iBlk, i64 iSnapshot){
[INFO] [stderr] warning: dummycrust@0.1.0:       |                                              ~~~~^~~~~~~~~
[INFO] [stderr] warning: dummycrust@0.1.0: src/lsm_sorted.c: In function 'sortedDumpPage':
[INFO] [stderr] warning: dummycrust@0.1.0: src/lsm_sorted.c:5534:3: warning: missing initializer for field 'nAlloc' of 'LsmBlob' [-Wmissing-field-initializers]
[INFO] [stderr] warning: dummycrust@0.1.0:  5534 |   LsmBlob blob = {0, 0, 0};       /* LsmBlob used for keys */
[INFO] [stderr] warning: dummycrust@0.1.0:       |   ^~~~~~~
[INFO] [stderr] warning: dummycrust@0.1.0: src/lsm_sorted.c:113:7: note: 'nAlloc' declared here
[INFO] [stderr] warning: dummycrust@0.1.0:   113 |   int nAlloc;
[INFO] [stderr] warning: dummycrust@0.1.0:       |       ^~~~~~
[INFO] [stderr] warning: dummycrust@0.1.0: cc1: warning: src/lsmInt.h: not a directory
[INFO] [stderr] warning: dummycrust@0.1.0: cc1: warning: src/lsm.h: not a directory
[INFO] [stderr] warning: dummycrust@0.1.0: cc1: warning: src/lsmInt.h: not a directory
[INFO] [stderr] warning: dummycrust@0.1.0: cc1: warning: src/lsm.h: not a directory
[INFO] [stderr] warning: dummycrust@0.1.0: src/lsm_tree.c: In function 'intArrayFree':
[INFO] [stderr] warning: dummycrust@0.1.0: src/lsm_tree.c:240:35: warning: unused parameter 'pEnv' [-Wunused-parameter]
[INFO] [stderr] warning: dummycrust@0.1.0:   240 | static void intArrayFree(lsm_env *pEnv, IntArray *p){
[INFO] [stderr] warning: dummycrust@0.1.0:       |                          ~~~~~~~~~^~~~
[INFO] [stderr] warning: dummycrust@0.1.0: In file included from src/lsmInt.h:18,
[INFO] [stderr] warning: dummycrust@0.1.0:                  from src/lsm_tree.c:85:
[INFO] [stderr] warning: dummycrust@0.1.0: src/lsm_tree.c: In function 'getChildPtr':
[INFO] [stderr] warning: dummycrust@0.1.0: src/lsm_tree.c:282:28: warning: comparison of integer expressions of different signedness: 'int' and 'long unsigned int' [-Wsign-compare]
[INFO] [stderr] warning: dummycrust@0.1.0:   282 |   assert( iCell>=0 && iCell<=array_size(p->aiChildPtr) );
[INFO] [stderr] warning: dummycrust@0.1.0:       |                            ^~
[INFO] [stderr] warning: dummycrust@0.1.0: src/lsm_tree.c: In function 'treeShmalloc':
[INFO] [stderr] warning: dummycrust@0.1.0: src/lsm_tree.c:628:5: warning: 'static' is not at beginning of declaration [-Wold-style-declaration]
[INFO] [stderr] warning: dummycrust@0.1.0:   628 |     const static int CHUNK_SIZE = LSM_SHM_CHUNK_SIZE;
[INFO] [stderr] warning: dummycrust@0.1.0:       |     ^~~~~
[INFO] [stderr] warning: dummycrust@0.1.0: src/lsm_tree.c:629:5: warning: 'static' is not at beginning of declaration [-Wold-style-declaration]
[INFO] [stderr] warning: dummycrust@0.1.0:   629 |     const static int CHUNK_HDR = LSM_SHM_CHUNK_HDR;
[INFO] [stderr] warning: dummycrust@0.1.0:       |     ^~~~~
[INFO] [stderr] warning: dummycrust@0.1.0: src/lsm_tree.c: In function 'treeHeaderChecksum':
[INFO] [stderr] warning: dummycrust@0.1.0: src/lsm_tree.c:1147:13: warning: comparison of integer expressions of different signedness: 'int' and 'long unsigned int' [-Wsign-compare]
[INFO] [stderr] warning: dummycrust@0.1.0:  1147 |   for(i=0; i<(offsetof(TreeHeader, aCksum) / sizeof(u32)); i+=2){
[INFO] [stderr] warning: dummycrust@0.1.0:       |             ^
[INFO] [stderr] warning: dummycrust@0.1.0: src/lsm_tree.c: In function 'lsmTreeEndTransaction':
[INFO] [stderr] warning: dummycrust@0.1.0: src/lsm_tree.c:2411:44: warning: unused parameter 'bCommit' [-Wunused-parameter]
[INFO] [stderr] warning: dummycrust@0.1.0:  2411 | int lsmTreeEndTransaction(lsm_db *pDb, int bCommit){
[INFO] [stderr] warning: dummycrust@0.1.0:       |                                        ~~~~^~~~~~~
[INFO] [stderr] warning: dummycrust@0.1.0: cc1: warning: src/lsmInt.h: not a directory
[INFO] [stderr] warning: dummycrust@0.1.0: cc1: warning: src/lsm.h: not a directory
[INFO] [stderr] warning: dummycrust@0.1.0: src/lsm_unix.c: In function 'lsmPosixOsSectorSize':
[INFO] [stderr] warning: dummycrust@0.1.0: src/lsm_unix.c:193:43: warning: unused parameter 'pFile' [-Wunused-parameter]
[INFO] [stderr] warning: dummycrust@0.1.0:   193 | static int lsmPosixOsSectorSize(lsm_file *pFile){
[INFO] [stderr] warning: dummycrust@0.1.0:       |                                 ~~~~~~~~~~^~~~~
[INFO] [stderr] warning: dummycrust@0.1.0: src/lsm_unix.c: In function 'lsmPosixOsUnlink':
[INFO] [stderr] warning: dummycrust@0.1.0: src/lsm_unix.c:307:38: warning: unused parameter 'pEnv' [-Wunused-parameter]
[INFO] [stderr] warning: dummycrust@0.1.0:   307 | static int lsmPosixOsUnlink(lsm_env *pEnv, const char *zFile){
[INFO] [stderr] warning: dummycrust@0.1.0:       |                             ~~~~~~~~~^~~~
[INFO] [stderr] warning: dummycrust@0.1.0: In file included from src/lsmInt.h:18,
[INFO] [stderr] warning: dummycrust@0.1.0:                  from src/lsm_unix.c:42:
[INFO] [stderr] warning: dummycrust@0.1.0: src/lsm_unix.c: In function 'lsmPosixOsLock':
[INFO] [stderr] warning: dummycrust@0.1.0: src/lsm_unix.c:321:28: warning: comparison of integer expressions of different signedness: 'int' and 'long unsigned int' [-Wsign-compare]
[INFO] [stderr] warning: dummycrust@0.1.0:   321 |   assert( eType>=0 && eType<array_size(aType) );
[INFO] [stderr] warning: dummycrust@0.1.0:       |                            ^
[INFO] [stderr] warning: dummycrust@0.1.0: src/lsm_unix.c: In function 'lsmPosixOsTestLock':
[INFO] [stderr] warning: dummycrust@0.1.0: src/lsm_unix.c:351:28: warning: comparison of integer expressions of different signedness: 'int' and 'long unsigned int' [-Wsign-compare]
[INFO] [stderr] warning: dummycrust@0.1.0:   351 |   assert( eType>=0 && eType<array_size(aType) );
[INFO] [stderr] warning: dummycrust@0.1.0:       |                            ^
[INFO] [stderr] warning: dummycrust@0.1.0: src/lsm_unix.c: In function 'lsmPosixOsSleep':
[INFO] [stderr] warning: dummycrust@0.1.0: src/lsm_unix.c:458:37: warning: unused parameter 'pEnv' [-Wunused-parameter]
[INFO] [stderr] warning: dummycrust@0.1.0:   458 | static int lsmPosixOsSleep(lsm_env *pEnv, int us){
[INFO] [stderr] warning: dummycrust@0.1.0:       |                            ~~~~~~~~~^~~~
[INFO] [stderr] warning: dummycrust@0.1.0: src/lsm_unix.c: In function 'lsmPosixOsMalloc':
[INFO] [stderr] warning: dummycrust@0.1.0: src/lsm_unix.c:472:40: warning: unused parameter 'pEnv' [-Wunused-parameter]
[INFO] [stderr] warning: dummycrust@0.1.0:   472 | static void *lsmPosixOsMalloc(lsm_env *pEnv, size_t N){
[INFO] [stderr] warning: dummycrust@0.1.0:       |                               ~~~~~~~~~^~~~
[INFO] [stderr] warning: dummycrust@0.1.0: src/lsm_unix.c: In function 'lsmPosixOsFree':
[INFO] [stderr] warning: dummycrust@0.1.0: src/lsm_unix.c:480:37: warning: unused parameter 'pEnv' [-Wunused-parameter]
[INFO] [stderr] warning: dummycrust@0.1.0:   480 | static void lsmPosixOsFree(lsm_env *pEnv, void *p){
[INFO] [stderr] warning: dummycrust@0.1.0:       |                            ~~~~~~~~~^~~~
[INFO] [stderr] warning: dummycrust@0.1.0: src/lsm_unix.c: In function 'lsmPosixOsMSize':
[INFO] [stderr] warning: dummycrust@0.1.0: src/lsm_unix.c:513:40: warning: unused parameter 'pEnv' [-Wunused-parameter]
[INFO] [stderr] warning: dummycrust@0.1.0:   513 | static size_t lsmPosixOsMSize(lsm_env *pEnv, void *p){
[INFO] [stderr] warning: dummycrust@0.1.0:       |                               ~~~~~~~~~^~~~
[INFO] [stderr] warning: dummycrust@0.1.0: src/lsm_unix.c: In function 'lsmPosixOsMutexStatic':
[INFO] [stderr] warning: dummycrust@0.1.0: src/lsm_unix.c:647:12: warning: unused parameter 'pEnv' [-Wunused-parameter]
[INFO] [stderr] warning: dummycrust@0.1.0:   647 |   lsm_env *pEnv,
[INFO] [stderr] warning: dummycrust@0.1.0:       |   ~~~~~~~~~^~~~
[INFO] [stderr] warning: dummycrust@0.1.0: cc1: warning: src/lsmInt.h: not a directory
[INFO] [stderr] warning: dummycrust@0.1.0: cc1: warning: src/lsm.h: not a directory
[INFO] [stderr] warning: dummycrust@0.1.0: cc1: warning: src/lsmInt.h: not a directory
[INFO] [stderr] warning: dummycrust@0.1.0: cc1: warning: src/lsm.h: not a directory
[INFO] [stderr] warning: unused return value of `Box::<T>::from_raw` that must be used
[INFO] [stderr]   --> src/main.rs:28:21
[INFO] [stderr]    |
[INFO] [stderr] 28 |                     Box::from_raw(ptr);
[INFO] [stderr]    |                     ^^^^^^^^^^^^^^^^^^
[INFO] [stderr] ...
[INFO] [stderr] 42 | to_raw!(i8);
[INFO] [stderr]    | ----------- in this macro invocation
[INFO] [stderr]    |
[INFO] [stderr]    = note: call `drop(Box::from_raw(ptr))` if you intend to drop the `Box`
[INFO] [stderr]    = note: `#[warn(unused_must_use)]` on by default
[INFO] [stderr]    = note: this warning originates in the macro `to_raw` (in Nightly builds, run with -Z macro-backtrace for more info)
[INFO] [stderr] help: use `let _ = ...` to ignore the resulting value
[INFO] [stderr]    |
[INFO] [stderr] 28 |                     let _ = Box::from_raw(ptr);
[INFO] [stderr]    |                     +++++++
[INFO] [stderr] 
[INFO] [stderr] warning: unused return value of `Box::<T>::from_raw` that must be used
[INFO] [stderr]   --> src/main.rs:28:21
[INFO] [stderr]    |
[INFO] [stderr] 28 |                     Box::from_raw(ptr);
[INFO] [stderr]    |                     ^^^^^^^^^^^^^^^^^^
[INFO] [stderr] ...
[INFO] [stderr] 43 | to_raw!(i16);
[INFO] [stderr]    | ------------ in this macro invocation
[INFO] [stderr]    |
[INFO] [stderr]    = note: call `drop(Box::from_raw(ptr))` if you intend to drop the `Box`
[INFO] [stderr]    = note: this warning originates in the macro `to_raw` (in Nightly builds, run with -Z macro-backtrace for more info)
[INFO] [stderr] help: use `let _ = ...` to ignore the resulting value
[INFO] [stderr]    |
[INFO] [stderr] 28 |                     let _ = Box::from_raw(ptr);
[INFO] [stderr]    |                     +++++++
[INFO] [stderr] 
[INFO] [stderr] warning: unused return value of `Box::<T>::from_raw` that must be used
[INFO] [stderr]   --> src/main.rs:28:21
[INFO] [stderr]    |
[INFO] [stderr] 28 |                     Box::from_raw(ptr);
[INFO] [stderr]    |                     ^^^^^^^^^^^^^^^^^^
[INFO] [stderr] ...
[INFO] [stderr] 44 | to_raw!(i32);
[INFO] [stderr]    | ------------ in this macro invocation
[INFO] [stderr]    |
[INFO] [stderr]    = note: call `drop(Box::from_raw(ptr))` if you intend to drop the `Box`
[INFO] [stderr]    = note: this warning originates in the macro `to_raw` (in Nightly builds, run with -Z macro-backtrace for more info)
[INFO] [stderr] help: use `let _ = ...` to ignore the resulting value
[INFO] [stderr]    |
[INFO] [stderr] 28 |                     let _ = Box::from_raw(ptr);
[INFO] [stderr]    |                     +++++++
[INFO] [stderr] 
[INFO] [stderr] warning: unused return value of `Box::<T>::from_raw` that must be used
[INFO] [stderr]   --> src/main.rs:28:21
[INFO] [stderr]    |
[INFO] [stderr] 28 |                     Box::from_raw(ptr);
[INFO] [stderr]    |                     ^^^^^^^^^^^^^^^^^^
[INFO] [stderr] ...
[INFO] [stderr] 45 | to_raw!(i64); //test
[INFO] [stderr]    | ------------ in this macro invocation
[INFO] [stderr]    |
[INFO] [stderr]    = note: call `drop(Box::from_raw(ptr))` if you intend to drop the `Box`
[INFO] [stderr]    = note: this warning originates in the macro `to_raw` (in Nightly builds, run with -Z macro-backtrace for more info)
[INFO] [stderr] help: use `let _ = ...` to ignore the resulting value
[INFO] [stderr]    |
[INFO] [stderr] 28 |                     let _ = Box::from_raw(ptr);
[INFO] [stderr]    |                     +++++++
[INFO] [stderr] 
[INFO] [stderr] warning: unused return value of `Box::<T>::from_raw` that must be used
[INFO] [stderr]   --> src/main.rs:28:21
[INFO] [stderr]    |
[INFO] [stderr] 28 |                     Box::from_raw(ptr);
[INFO] [stderr]    |                     ^^^^^^^^^^^^^^^^^^
[INFO] [stderr] ...
[INFO] [stderr] 46 | to_raw!(u8);
[INFO] [stderr]    | ----------- in this macro invocation
[INFO] [stderr]    |
[INFO] [stderr]    = note: call `drop(Box::from_raw(ptr))` if you intend to drop the `Box`
[INFO] [stderr]    = note: this warning originates in the macro `to_raw` (in Nightly builds, run with -Z macro-backtrace for more info)
[INFO] [stderr] help: use `let _ = ...` to ignore the resulting value
[INFO] [stderr]    |
[INFO] [stderr] 28 |                     let _ = Box::from_raw(ptr);
[INFO] [stderr]    |                     +++++++
[INFO] [stderr] 
[INFO] [stderr] warning: unused return value of `Box::<T>::from_raw` that must be used
[INFO] [stderr]   --> src/main.rs:28:21
[INFO] [stderr]    |
[INFO] [stderr] 28 |                     Box::from_raw(ptr);
[INFO] [stderr]    |                     ^^^^^^^^^^^^^^^^^^
[INFO] [stderr] ...
[INFO] [stderr] 47 | to_raw!(u16);
[INFO] [stderr]    | ------------ in this macro invocation
[INFO] [stderr]    |
[INFO] [stderr]    = note: call `drop(Box::from_raw(ptr))` if you intend to drop the `Box`
[INFO] [stderr]    = note: this warning originates in the macro `to_raw` (in Nightly builds, run with -Z macro-backtrace for more info)
[INFO] [stderr] help: use `let _ = ...` to ignore the resulting value
[INFO] [stderr]    |
[INFO] [stderr] 28 |                     let _ = Box::from_raw(ptr);
[INFO] [stderr]    |                     +++++++
[INFO] [stderr] 
[INFO] [stderr] warning: unused return value of `Box::<T>::from_raw` that must be used
[INFO] [stderr]   --> src/main.rs:28:21
[INFO] [stderr]    |
[INFO] [stderr] 28 |                     Box::from_raw(ptr);
[INFO] [stderr]    |                     ^^^^^^^^^^^^^^^^^^
[INFO] [stderr] ...
[INFO] [stderr] 48 | to_raw!(u32);
[INFO] [stderr]    | ------------ in this macro invocation
[INFO] [stderr]    |
[INFO] [stderr]    = note: call `drop(Box::from_raw(ptr))` if you intend to drop the `Box`
[INFO] [stderr]    = note: this warning originates in the macro `to_raw` (in Nightly builds, run with -Z macro-backtrace for more info)
[INFO] [stderr] help: use `let _ = ...` to ignore the resulting value
[INFO] [stderr]    |
[INFO] [stderr] 28 |                     let _ = Box::from_raw(ptr);
[INFO] [stderr]    |                     +++++++
[INFO] [stderr] 
[INFO] [stderr] warning: unused return value of `Box::<T>::from_raw` that must be used
[INFO] [stderr]   --> src/main.rs:28:21
[INFO] [stderr]    |
[INFO] [stderr] 28 |                     Box::from_raw(ptr);
[INFO] [stderr]    |                     ^^^^^^^^^^^^^^^^^^
[INFO] [stderr] ...
[INFO] [stderr] 49 | to_raw!(u64); //test
[INFO] [stderr]    | ------------ in this macro invocation
[INFO] [stderr]    |
[INFO] [stderr]    = note: call `drop(Box::from_raw(ptr))` if you intend to drop the `Box`
[INFO] [stderr]    = note: this warning originates in the macro `to_raw` (in Nightly builds, run with -Z macro-backtrace for more info)
[INFO] [stderr] help: use `let _ = ...` to ignore the resulting value
[INFO] [stderr]    |
[INFO] [stderr] 28 |                     let _ = Box::from_raw(ptr);
[INFO] [stderr]    |                     +++++++
[INFO] [stderr] 
[INFO] [stderr] warning: unused `Result` that must be used
[INFO] [stderr]    --> src/main.rs:306:9
[INFO] [stderr]     |
[INFO] [stderr] 306 |         lsm.insert("1", "1");
[INFO] [stderr]     |         ^^^^^^^^^^^^^^^^^^^^
[INFO] [stderr]     |
[INFO] [stderr]     = note: this `Result` may be an `Err` variant, which should be handled
[INFO] [stderr] help: use `let _ = ...` to ignore the resulting value
[INFO] [stderr]     |
[INFO] [stderr] 306 |         let _ = lsm.insert("1", "1");
[INFO] [stderr]     |         +++++++
[INFO] [stderr] 
[INFO] [stderr] warning: unused `Result` that must be used
[INFO] [stderr]    --> src/main.rs:307:9
[INFO] [stderr]     |
[INFO] [stderr] 307 |         lsm.insert("2", "2");
[INFO] [stderr]     |         ^^^^^^^^^^^^^^^^^^^^
[INFO] [stderr]     |
[INFO] [stderr]     = note: this `Result` may be an `Err` variant, which should be handled
[INFO] [stderr] help: use `let _ = ...` to ignore the resulting value
[INFO] [stderr]     |
[INFO] [stderr] 307 |         let _ = lsm.insert("2", "2");
[INFO] [stderr]     |         +++++++
[INFO] [stderr] 
[INFO] [stderr] warning: unused `Result` that must be used
[INFO] [stderr]    --> src/main.rs:318:9
[INFO] [stderr]     |
[INFO] [stderr] 318 |         lsm.insert("1".to_string(), "1".to_string());
[INFO] [stderr]     |         ^^^^^^^^^^^^^^^^^^^^^^^^^^^^^^^^^^^^^^^^^^^^
[INFO] [stderr]     |
[INFO] [stderr]     = note: this `Result` may be an `Err` variant, which should be handled
[INFO] [stderr] help: use `let _ = ...` to ignore the resulting value
[INFO] [stderr]     |
[INFO] [stderr] 318 |         let _ = lsm.insert("1".to_string(), "1".to_string());
[INFO] [stderr]     |         +++++++
[INFO] [stderr] 
[INFO] [stderr] warning: unused `Result` that must be used
[INFO] [stderr]    --> src/main.rs:319:9
[INFO] [stderr]     |
[INFO] [stderr] 319 |         lsm.insert("2".to_string(), "2".to_string());
[INFO] [stderr]     |         ^^^^^^^^^^^^^^^^^^^^^^^^^^^^^^^^^^^^^^^^^^^^
[INFO] [stderr]     |
[INFO] [stderr]     = note: this `Result` may be an `Err` variant, which should be handled
[INFO] [stderr] help: use `let _ = ...` to ignore the resulting value
[INFO] [stderr]     |
[INFO] [stderr] 319 |         let _ = lsm.insert("2".to_string(), "2".to_string());
[INFO] [stderr]     |         +++++++
[INFO] [stderr] 
[INFO] [stderr] warning: unused `Result` that must be used
[INFO] [stderr]    --> src/main.rs:338:13
[INFO] [stderr]     |
[INFO] [stderr] 338 |             lsm.insert(k.as_str(), v.as_str());
[INFO] [stderr]     |             ^^^^^^^^^^^^^^^^^^^^^^^^^^^^^^^^^^
[INFO] [stderr]     |
[INFO] [stderr]     = note: this `Result` may be an `Err` variant, which should be handled
[INFO] [stderr] help: use `let _ = ...` to ignore the resulting value
[INFO] [stderr]     |
[INFO] [stderr] 338 |             let _ = lsm.insert(k.as_str(), v.as_str());
[INFO] [stderr]     |             +++++++
[INFO] [stderr] 
[INFO] [stderr] warning: `dummycrust` (bin "dummycrust" test) generated 13 warnings
[INFO] [stderr]     Finished test [unoptimized + debuginfo] target(s) in 0.02s
[INFO] [stderr]      Running unittests src/main.rs (/opt/rustwide/target/debug/deps/dummycrust-f1466a57bffcb791)
[INFO] [stdout] 
[INFO] [stdout] running 6 tests
[INFO] [stdout] test ffi::bindgen_test_layout_lsm_env ... ok
[INFO] [stdout] test ffi::bindgen_test_layout_lsm_compress_factory ... ok
[INFO] [stdout] test ffi::bindgen_test_layout_lsm_compress ... ok
[INFO] [stdout] test tests::iterate_lil ... FAILED
[INFO] [stdout] test tests::iterate_lol ... FAILED
[INFO] [stdout] test tests::bench_add_two ... FAILED
[INFO] [stdout] 
[INFO] [stdout] failures:
[INFO] [stdout] 
[INFO] [stdout] ---- tests::iterate_lil stdout ----
[INFO] [stdout] thread 'tests::iterate_lil' panicked at src/main.rs:317:59:
[INFO] [stdout] cannot open db: Kind(Other)
[INFO] [stdout] stack backtrace:
[INFO] [stdout]    0:     0x5557c505321c - std::backtrace_rs::backtrace::libunwind::trace::ha637c64ce894333a
[INFO] [stdout]                                at /rustc/82e1608dfa6e0b5569232559e3d385fea5a93112/library/std/src/../../backtrace/src/backtrace/libunwind.rs:104:5
[INFO] [stdout]    1:     0x5557c505321c - std::backtrace_rs::backtrace::trace_unsynchronized::h47f62dea28e0c88d
[INFO] [stdout]                                at /rustc/82e1608dfa6e0b5569232559e3d385fea5a93112/library/std/src/../../backtrace/src/backtrace/mod.rs:66:5
[INFO] [stdout]    2:     0x5557c505321c - std::sys_common::backtrace::_print_fmt::h9eef0abe20ede486
[INFO] [stdout]                                at /rustc/82e1608dfa6e0b5569232559e3d385fea5a93112/library/std/src/sys_common/backtrace.rs:67:5
[INFO] [stdout]    3:     0x5557c505321c - <std::sys_common::backtrace::_print::DisplayBacktrace as core::fmt::Display>::fmt::hed7f999df88cc644
[INFO] [stdout]                                at /rustc/82e1608dfa6e0b5569232559e3d385fea5a93112/library/std/src/sys_common/backtrace.rs:44:22
[INFO] [stdout]    4:     0x5557c507d0a0 - core::fmt::rt::Argument::fmt::h1539a9308b8d058d
[INFO] [stdout]                                at /rustc/82e1608dfa6e0b5569232559e3d385fea5a93112/library/core/src/fmt/rt.rs:142:9
[INFO] [stdout]    5:     0x5557c507d0a0 - core::fmt::write::h3a39390d8560d9c9
[INFO] [stdout]                                at /rustc/82e1608dfa6e0b5569232559e3d385fea5a93112/library/core/src/fmt/mod.rs:1120:17
[INFO] [stdout]    6:     0x5557c5050bcf - std::io::Write::write_fmt::h040b369f3a0f9cbc
[INFO] [stdout]                                at /rustc/82e1608dfa6e0b5569232559e3d385fea5a93112/library/std/src/io/mod.rs:1762:15
[INFO] [stdout]    7:     0x5557c5053004 - std::sys_common::backtrace::_print::h894006fb5c6f3d45
[INFO] [stdout]                                at /rustc/82e1608dfa6e0b5569232559e3d385fea5a93112/library/std/src/sys_common/backtrace.rs:47:5
[INFO] [stdout]    8:     0x5557c5053004 - std::sys_common::backtrace::print::h23a2d212c6fff936
[INFO] [stdout]                                at /rustc/82e1608dfa6e0b5569232559e3d385fea5a93112/library/std/src/sys_common/backtrace.rs:34:9
[INFO] [stdout]    9:     0x5557c5054cc7 - std::panicking::default_hook::{{closure}}::h8a1d2ee00185001a
[INFO] [stdout]   10:     0x5557c50549b3 - std::panicking::default_hook::h6038f2eba384e475
[INFO] [stdout]                                at /rustc/82e1608dfa6e0b5569232559e3d385fea5a93112/library/std/src/panicking.rs:289:9
[INFO] [stdout]   11:     0x5557c50253c7 - <alloc::boxed::Box<F,A> as core::ops::function::Fn<Args>>::call::h0ad024c9bdc6d768
[INFO] [stdout]                                at /rustc/82e1608dfa6e0b5569232559e3d385fea5a93112/library/alloc/src/boxed.rs:2021:9
[INFO] [stdout]   12:     0x5557c50253c7 - test::test_main::{{closure}}::h7500b54257359db6
[INFO] [stdout]                                at /rustc/82e1608dfa6e0b5569232559e3d385fea5a93112/library/test/src/lib.rs:138:21
[INFO] [stdout]   13:     0x5557c50552d8 - <alloc::boxed::Box<F,A> as core::ops::function::Fn<Args>>::call::h1f8f335eaa9cfaee
[INFO] [stdout]                                at /rustc/82e1608dfa6e0b5569232559e3d385fea5a93112/library/alloc/src/boxed.rs:2021:9
[INFO] [stdout]   14:     0x5557c50552d8 - std::panicking::rust_panic_with_hook::h2b5517d590cab22e
[INFO] [stdout]                                at /rustc/82e1608dfa6e0b5569232559e3d385fea5a93112/library/std/src/panicking.rs:783:13
[INFO] [stdout]   15:     0x5557c505502e - std::panicking::begin_panic_handler::{{closure}}::h233112c06e0ef43e
[INFO] [stdout]                                at /rustc/82e1608dfa6e0b5569232559e3d385fea5a93112/library/std/src/panicking.rs:657:13
[INFO] [stdout]   16:     0x5557c50536e6 - std::sys_common::backtrace::__rust_end_short_backtrace::h6e893f24d7ebbff8
[INFO] [stdout]                                at /rustc/82e1608dfa6e0b5569232559e3d385fea5a93112/library/std/src/sys_common/backtrace.rs:170:18
[INFO] [stdout]   17:     0x5557c5054d92 - rust_begin_unwind
[INFO] [stdout]                                at /rustc/82e1608dfa6e0b5569232559e3d385fea5a93112/library/std/src/panicking.rs:645:5
[INFO] [stdout]   18:     0x5557c4fade25 - core::panicking::panic_fmt::hbf0e066aabfa482c
[INFO] [stdout]                                at /rustc/82e1608dfa6e0b5569232559e3d385fea5a93112/library/core/src/panicking.rs:72:14
[INFO] [stdout]   19:     0x5557c4fae2c3 - core::result::unwrap_failed::hddb4fea594200c52
[INFO] [stdout]                                at /rustc/82e1608dfa6e0b5569232559e3d385fea5a93112/library/core/src/result.rs:1653:5
[INFO] [stdout]   20:     0x5557c4fc3cfa - core::result::Result<T,E>::expect::hf7488a8ea4c8a4cf
[INFO] [stdout]                                at /rustc/82e1608dfa6e0b5569232559e3d385fea5a93112/library/core/src/result.rs:1034:23
[INFO] [stdout]   21:     0x5557c4fc0ee1 - dummycrust::tests::iterate_lil::hb9c702ce2260ecb3
[INFO] [stdout]                                at /opt/rustwide/workdir/src/main.rs:317:19
[INFO] [stdout]   22:     0x5557c4fc0e77 - dummycrust::tests::iterate_lil::{{closure}}::h1648bffeae6f4226
[INFO] [stdout]                                at /opt/rustwide/workdir/src/main.rs:316:21
[INFO] [stdout]   23:     0x5557c4fbd2b6 - core::ops::function::FnOnce::call_once::h536c6ef5f682b255
[INFO] [stdout]                                at /rustc/82e1608dfa6e0b5569232559e3d385fea5a93112/library/core/src/ops/function.rs:250:5
[INFO] [stdout]   24:     0x5557c502aa1f - core::ops::function::FnOnce::call_once::h2b5d431d5046312d
[INFO] [stdout]                                at /rustc/82e1608dfa6e0b5569232559e3d385fea5a93112/library/core/src/ops/function.rs:250:5
[INFO] [stdout]   25:     0x5557c502aa1f - test::__rust_begin_short_backtrace::h7714669af176e207
[INFO] [stdout]                                at /rustc/82e1608dfa6e0b5569232559e3d385fea5a93112/library/test/src/lib.rs:628:18
[INFO] [stdout]   26:     0x5557c5029a35 - test::run_test_in_process::{{closure}}::h85218797dcbcec12
[INFO] [stdout]                                at /rustc/82e1608dfa6e0b5569232559e3d385fea5a93112/library/test/src/lib.rs:651:60
[INFO] [stdout]   27:     0x5557c5029a35 - <core::panic::unwind_safe::AssertUnwindSafe<F> as core::ops::function::FnOnce<()>>::call_once::h76c106ea31c14d7b
[INFO] [stdout]                                at /rustc/82e1608dfa6e0b5569232559e3d385fea5a93112/library/core/src/panic/unwind_safe.rs:272:9
[INFO] [stdout]   28:     0x5557c5029a35 - std::panicking::try::do_call::h3bd5d0f6620ee946
[INFO] [stdout]                                at /rustc/82e1608dfa6e0b5569232559e3d385fea5a93112/library/std/src/panicking.rs:552:40
[INFO] [stdout]   29:     0x5557c5029a35 - std::panicking::try::h232e535e4744fe31
[INFO] [stdout]                                at /rustc/82e1608dfa6e0b5569232559e3d385fea5a93112/library/std/src/panicking.rs:516:19
[INFO] [stdout]   30:     0x5557c5029a35 - std::panic::catch_unwind::h3ce3bd6ca8dbac68
[INFO] [stdout]                                at /rustc/82e1608dfa6e0b5569232559e3d385fea5a93112/library/std/src/panic.rs:142:14
[INFO] [stdout]   31:     0x5557c5029a35 - test::run_test_in_process::hc97b257c9621286a
[INFO] [stdout]                                at /rustc/82e1608dfa6e0b5569232559e3d385fea5a93112/library/test/src/lib.rs:651:27
[INFO] [stdout]   32:     0x5557c5029a35 - test::run_test::{{closure}}::h2aa798823a438d38
[INFO] [stdout]                                at /rustc/82e1608dfa6e0b5569232559e3d385fea5a93112/library/test/src/lib.rs:574:43
[INFO] [stdout]   33:     0x5557c4ff1cf6 - test::run_test::{{closure}}::h87d231c78fb59832
[INFO] [stdout]                                at /rustc/82e1608dfa6e0b5569232559e3d385fea5a93112/library/test/src/lib.rs:602:41
[INFO] [stdout]   34:     0x5557c4ff1cf6 - std::sys_common::backtrace::__rust_begin_short_backtrace::he6df152596625789
[INFO] [stdout]                                at /rustc/82e1608dfa6e0b5569232559e3d385fea5a93112/library/std/src/sys_common/backtrace.rs:154:18
[INFO] [stdout]   35:     0x5557c4ff6da7 - std::thread::Builder::spawn_unchecked_::{{closure}}::{{closure}}::ha94be15d1e0acf36
[INFO] [stdout]                                at /rustc/82e1608dfa6e0b5569232559e3d385fea5a93112/library/std/src/thread/mod.rs:529:17
[INFO] [stdout]   36:     0x5557c4ff6da7 - <core::panic::unwind_safe::AssertUnwindSafe<F> as core::ops::function::FnOnce<()>>::call_once::h9dc6bd6372f16606
[INFO] [stdout]                                at /rustc/82e1608dfa6e0b5569232559e3d385fea5a93112/library/core/src/panic/unwind_safe.rs:272:9
[INFO] [stdout]   37:     0x5557c4ff6da7 - std::panicking::try::do_call::h9057517f80303cd4
[INFO] [stdout]                                at /rustc/82e1608dfa6e0b5569232559e3d385fea5a93112/library/std/src/panicking.rs:552:40
[INFO] [stdout]   38:     0x5557c4ff6da7 - std::panicking::try::he3a30b11ee45340c
[INFO] [stdout]                                at /rustc/82e1608dfa6e0b5569232559e3d385fea5a93112/library/std/src/panicking.rs:516:19
[INFO] [stdout]   39:     0x5557c4ff6da7 - std::panic::catch_unwind::h410458cfd3528b8b
[INFO] [stdout]                                at /rustc/82e1608dfa6e0b5569232559e3d385fea5a93112/library/std/src/panic.rs:142:14
[INFO] [stdout]   40:     0x5557c4ff6da7 - std::thread::Builder::spawn_unchecked_::{{closure}}::h72ac3bdb567b737b
[INFO] [stdout]                                at /rustc/82e1608dfa6e0b5569232559e3d385fea5a93112/library/std/src/thread/mod.rs:528:30
[INFO] [stdout]   41:     0x5557c4ff6da7 - core::ops::function::FnOnce::call_once{{vtable.shim}}::h38f34da3654a8344
[INFO] [stdout]                                at /rustc/82e1608dfa6e0b5569232559e3d385fea5a93112/library/core/src/ops/function.rs:250:5
[INFO] [stdout]   42:     0x5557c5059d65 - <alloc::boxed::Box<F,A> as core::ops::function::FnOnce<Args>>::call_once::hc7eafaff61e32df9
[INFO] [stdout]                                at /rustc/82e1608dfa6e0b5569232559e3d385fea5a93112/library/alloc/src/boxed.rs:2007:9
[INFO] [stdout]   43:     0x5557c5059d65 - <alloc::boxed::Box<F,A> as core::ops::function::FnOnce<Args>>::call_once::h6ba4a5de48dd2304
[INFO] [stdout]                                at /rustc/82e1608dfa6e0b5569232559e3d385fea5a93112/library/alloc/src/boxed.rs:2007:9
[INFO] [stdout]   44:     0x5557c5059d65 - std::sys::unix::thread::Thread::new::thread_start::he469335aef763e45
[INFO] [stdout]                                at /rustc/82e1608dfa6e0b5569232559e3d385fea5a93112/library/std/src/sys/unix/thread.rs:108:17
[INFO] [stdout]   45:     0x7f27ee784ac3 - <unknown>
[INFO] [stdout]   46:     0x7f27ee815bf4 - __clone
[INFO] [stdout]   47:                0x0 - <unknown>
[INFO] [stdout] 
[INFO] [stdout] ---- tests::iterate_lol stdout ----
[INFO] [stdout] thread 'tests::iterate_lol' panicked at src/main.rs:305:55:
[INFO] [stdout] cannot open db: Kind(Other)
[INFO] [stdout] stack backtrace:
[INFO] [stdout]    0:     0x5557c505321c - std::backtrace_rs::backtrace::libunwind::trace::ha637c64ce894333a
[INFO] [stdout]                                at /rustc/82e1608dfa6e0b5569232559e3d385fea5a93112/library/std/src/../../backtrace/src/backtrace/libunwind.rs:104:5
[INFO] [stdout]    1:     0x5557c505321c - std::backtrace_rs::backtrace::trace_unsynchronized::h47f62dea28e0c88d
[INFO] [stdout]                                at /rustc/82e1608dfa6e0b5569232559e3d385fea5a93112/library/std/src/../../backtrace/src/backtrace/mod.rs:66:5
[INFO] [stdout]    2:     0x5557c505321c - std::sys_common::backtrace::_print_fmt::h9eef0abe20ede486
[INFO] [stdout]                                at /rustc/82e1608dfa6e0b5569232559e3d385fea5a93112/library/std/src/sys_common/backtrace.rs:67:5
[INFO] [stdout]    3:     0x5557c505321c - <std::sys_common::backtrace::_print::DisplayBacktrace as core::fmt::Display>::fmt::hed7f999df88cc644
[INFO] [stdout]                                at /rustc/82e1608dfa6e0b5569232559e3d385fea5a93112/library/std/src/sys_common/backtrace.rs:44:22
[INFO] [stdout]    4:     0x5557c507d0a0 - core::fmt::rt::Argument::fmt::h1539a9308b8d058d
[INFO] [stdout]                                at /rustc/82e1608dfa6e0b5569232559e3d385fea5a93112/library/core/src/fmt/rt.rs:142:9
[INFO] [stdout]    5:     0x5557c507d0a0 - core::fmt::write::h3a39390d8560d9c9
[INFO] [stdout]                                at /rustc/82e1608dfa6e0b5569232559e3d385fea5a93112/library/core/src/fmt/mod.rs:1120:17
[INFO] [stdout]    6:     0x5557c5050bcf - std::io::Write::write_fmt::h040b369f3a0f9cbc
[INFO] [stdout]                                at /rustc/82e1608dfa6e0b5569232559e3d385fea5a93112/library/std/src/io/mod.rs:1762:15
[INFO] [stdout]    7:     0x5557c5053004 - std::sys_common::backtrace::_print::h894006fb5c6f3d45
[INFO] [stdout]                                at /rustc/82e1608dfa6e0b5569232559e3d385fea5a93112/library/std/src/sys_common/backtrace.rs:47:5
[INFO] [stdout]    8:     0x5557c5053004 - std::sys_common::backtrace::print::h23a2d212c6fff936
[INFO] [stdout]                                at /rustc/82e1608dfa6e0b5569232559e3d385fea5a93112/library/std/src/sys_common/backtrace.rs:34:9
[INFO] [stdout]    9:     0x5557c5054cc7 - std::panicking::default_hook::{{closure}}::h8a1d2ee00185001a
[INFO] [stdout]   10:     0x5557c50549b3 - std::panicking::default_hook::h6038f2eba384e475
[INFO] [stdout]                                at /rustc/82e1608dfa6e0b5569232559e3d385fea5a93112/library/std/src/panicking.rs:289:9
[INFO] [stdout]   11:     0x5557c50253c7 - <alloc::boxed::Box<F,A> as core::ops::function::Fn<Args>>::call::h0ad024c9bdc6d768
[INFO] [stdout]                                at /rustc/82e1608dfa6e0b5569232559e3d385fea5a93112/library/alloc/src/boxed.rs:2021:9
[INFO] [stdout]   12:     0x5557c50253c7 - test::test_main::{{closure}}::h7500b54257359db6
[INFO] [stdout]                                at /rustc/82e1608dfa6e0b5569232559e3d385fea5a93112/library/test/src/lib.rs:138:21
[INFO] [stdout]   13:     0x5557c50552d8 - <alloc::boxed::Box<F,A> as core::ops::function::Fn<Args>>::call::h1f8f335eaa9cfaee
[INFO] [stdout]                                at /rustc/82e1608dfa6e0b5569232559e3d385fea5a93112/library/alloc/src/boxed.rs:2021:9
[INFO] [stdout]   14:     0x5557c50552d8 - std::panicking::rust_panic_with_hook::h2b5517d590cab22e
[INFO] [stdout]                                at /rustc/82e1608dfa6e0b5569232559e3d385fea5a93112/library/std/src/panicking.rs:783:13
[INFO] [stdout]   15:     0x5557c505502e - std::panicking::begin_panic_handler::{{closure}}::h233112c06e0ef43e
[INFO] [stdout]                                at /rustc/82e1608dfa6e0b5569232559e3d385fea5a93112/library/std/src/panicking.rs:657:13
[INFO] [stdout]   16:     0x5557c50536e6 - std::sys_common::backtrace::__rust_end_short_backtrace::h6e893f24d7ebbff8
[INFO] [stdout]                                at /rustc/82e1608dfa6e0b5569232559e3d385fea5a93112/library/std/src/sys_common/backtrace.rs:170:18
[INFO] [stdout]   17:     0x5557c5054d92 - rust_begin_unwind
[INFO] [stdout]                                at /rustc/82e1608dfa6e0b5569232559e3d385fea5a93112/library/std/src/panicking.rs:645:5
[INFO] [stdout]   18:     0x5557c4fade25 - core::panicking::panic_fmt::hbf0e066aabfa482c
[INFO] [stdout]                                at /rustc/82e1608dfa6e0b5569232559e3d385fea5a93112/library/core/src/panicking.rs:72:14
[INFO] [stdout]   19:     0x5557c4fae2c3 - core::result::unwrap_failed::hddb4fea594200c52
[INFO] [stdout]                                at /rustc/82e1608dfa6e0b5569232559e3d385fea5a93112/library/core/src/result.rs:1653:5
[INFO] [stdout]   20:     0x5557c4fc3bba - core::result::Result<T,E>::expect::h4ac82c0fdf6f5a4d
[INFO] [stdout]                                at /rustc/82e1608dfa6e0b5569232559e3d385fea5a93112/library/core/src/result.rs:1034:23
[INFO] [stdout]   21:     0x5557c4fc0c31 - dummycrust::tests::iterate_lol::h977fd352fac50743
[INFO] [stdout]                                at /opt/rustwide/workdir/src/main.rs:305:19
[INFO] [stdout]   22:     0x5557c4fc0bd7 - dummycrust::tests::iterate_lol::{{closure}}::hf97c8f21ffbf88ce
[INFO] [stdout]                                at /opt/rustwide/workdir/src/main.rs:304:21
[INFO] [stdout]   23:     0x5557c4fbd5a6 - core::ops::function::FnOnce::call_once::h95b30a620f1ba4b8
[INFO] [stdout]                                at /rustc/82e1608dfa6e0b5569232559e3d385fea5a93112/library/core/src/ops/function.rs:250:5
[INFO] [stdout]   24:     0x5557c502aa1f - core::ops::function::FnOnce::call_once::h2b5d431d5046312d
[INFO] [stdout]                                at /rustc/82e1608dfa6e0b5569232559e3d385fea5a93112/library/core/src/ops/function.rs:250:5
[INFO] [stdout]   25:     0x5557c502aa1f - test::__rust_begin_short_backtrace::h7714669af176e207
[INFO] [stdout]                                at /rustc/82e1608dfa6e0b5569232559e3d385fea5a93112/library/test/src/lib.rs:628:18
[INFO] [stdout]   26:     0x5557c5029a35 - test::run_test_in_process::{{closure}}::h85218797dcbcec12
[INFO] [stdout]                                at /rustc/82e1608dfa6e0b5569232559e3d385fea5a93112/library/test/src/lib.rs:651:60
[INFO] [stdout]   27:     0x5557c5029a35 - <core::panic::unwind_safe::AssertUnwindSafe<F> as core::ops::function::FnOnce<()>>::call_once::h76c106ea31c14d7b
[INFO] [stdout]                                at /rustc/82e1608dfa6e0b5569232559e3d385fea5a93112/library/core/src/panic/unwind_safe.rs:272:9
[INFO] [stdout]   28:     0x5557c5029a35 - std::panicking::try::do_call::h3bd5d0f6620ee946
[INFO] [stdout]                                at /rustc/82e1608dfa6e0b5569232559e3d385fea5a93112/library/std/src/panicking.rs:552:40
[INFO] [stdout]   29:     0x5557c5029a35 - std::panicking::try::h232e535e4744fe31
[INFO] [stdout]                                at /rustc/82e1608dfa6e0b5569232559e3d385fea5a93112/library/std/src/panicking.rs:516:19
[INFO] [stdout]   30:     0x5557c5029a35 - std::panic::catch_unwind::h3ce3bd6ca8dbac68
[INFO] [stdout]                                at /rustc/82e1608dfa6e0b5569232559e3d385fea5a93112/library/std/src/panic.rs:142:14
[INFO] [stdout]   31:     0x5557c5029a35 - test::run_test_in_process::hc97b257c9621286a
[INFO] [stdout]                                at /rustc/82e1608dfa6e0b5569232559e3d385fea5a93112/library/test/src/lib.rs:651:27
[INFO] [stdout]   32:     0x5557c5029a35 - test::run_test::{{closure}}::h2aa798823a438d38
[INFO] [stdout]                                at /rustc/82e1608dfa6e0b5569232559e3d385fea5a93112/library/test/src/lib.rs:574:43
[INFO] [stdout]   33:     0x5557c4ff1cf6 - test::run_test::{{closure}}::h87d231c78fb59832
[INFO] [stdout]                                at /rustc/82e1608dfa6e0b5569232559e3d385fea5a93112/library/test/src/lib.rs:602:41
[INFO] [stdout]   34:     0x5557c4ff1cf6 - std::sys_common::backtrace::__rust_begin_short_backtrace::he6df152596625789
[INFO] [stdout]                                at /rustc/82e1608dfa6e0b5569232559e3d385fea5a93112/library/std/src/sys_common/backtrace.rs:154:18
[INFO] [stdout]   35:     0x5557c4ff6da7 - std::thread::Builder::spawn_unchecked_::{{closure}}::{{closure}}::ha94be15d1e0acf36
[INFO] [stdout]                                at /rustc/82e1608dfa6e0b5569232559e3d385fea5a93112/library/std/src/thread/mod.rs:529:17
[INFO] [stdout]   36:     0x5557c4ff6da7 - <core::panic::unwind_safe::AssertUnwindSafe<F> as core::ops::function::FnOnce<()>>::call_once::h9dc6bd6372f16606
[INFO] [stdout]                                at /rustc/82e1608dfa6e0b5569232559e3d385fea5a93112/library/core/src/panic/unwind_safe.rs:272:9
[INFO] [stdout]   37:     0x5557c4ff6da7 - std::panicking::try::do_call::h9057517f80303cd4
[INFO] [stdout]                                at /rustc/82e1608dfa6e0b5569232559e3d385fea5a93112/library/std/src/panicking.rs:552:40
[INFO] [stdout]   38:     0x5557c4ff6da7 - std::panicking::try::he3a30b11ee45340c
[INFO] [stdout]                                at /rustc/82e1608dfa6e0b5569232559e3d385fea5a93112/library/std/src/panicking.rs:516:19
[INFO] [stdout]   39:     0x5557c4ff6da7 - std::panic::catch_unwind::h410458cfd3528b8b
[INFO] [stdout]                                at /rustc/82e1608dfa6e0b5569232559e3d385fea5a93112/library/std/src/panic.rs:142:14
[INFO] [stdout]   40:     0x5557c4ff6da7 - std::thread::Builder::spawn_unchecked_::{{closure}}::h72ac3bdb567b737b
[INFO] [stdout]                                at /rustc/82e1608dfa6e0b5569232559e3d385fea5a93112/library/std/src/thread/mod.rs:528:30
[INFO] [stdout]   41:     0x5557c4ff6da7 - core::ops::function::FnOnce::call_once{{vtable.shim}}::h38f34da3654a8344
[INFO] [stdout]                                at /rustc/82e1608dfa6e0b5569232559e3d385fea5a93112/library/core/src/ops/function.rs:250:5
[INFO] [stdout]   42:     0x5557c5059d65 - <alloc::boxed::Box<F,A> as core::ops::function::FnOnce<Args>>::call_once::hc7eafaff61e32df9
[INFO] [stdout]                                at /rustc/82e1608dfa6e0b5569232559e3d385fea5a93112/library/alloc/src/boxed.rs:2007:9
[INFO] [stdout]   43:     0x5557c5059d65 - <alloc::boxed::Box<F,A> as core::ops::function::FnOnce<Args>>::call_once::h6ba4a5de48dd2304
[INFO] [stdout]                                at /rustc/82e1608dfa6e0b5569232559e3d385fea5a93112/library/alloc/src/boxed.rs:2007:9
[INFO] [stdout]   44:     0x5557c5059d65 - std::sys::unix::thread::Thread::new::thread_start::he469335aef763e45
[INFO] [stdout]                                at /rustc/82e1608dfa6e0b5569232559e3d385fea5a93112/library/std/src/sys/unix/thread.rs:108:17
[INFO] [stdout]   45:     0x7f27ee784ac3 - <unknown>
[INFO] [stdout]   46:     0x7f27ee815bf4 - __clone
[INFO] [stdout]   47:                0x0 - <unknown>
[INFO] [stdout] 
[INFO] [stdout] ---- tests::bench_add_two stdout ----
[INFO] [stdout] thread 'tests::bench_add_two' panicked at src/main.rs:335:55:
[INFO] [stdout] cannot open db: Kind(Other)
[INFO] [stdout] stack backtrace:
[INFO] [stdout]    0:     0x5557c505321c - std::backtrace_rs::backtrace::libunwind::trace::ha637c64ce894333a
[INFO] [stdout]                                at /rustc/82e1608dfa6e0b5569232559e3d385fea5a93112/library/std/src/../../backtrace/src/backtrace/libunwind.rs:104:5
[INFO] [stdout]    1:     0x5557c505321c - std::backtrace_rs::backtrace::trace_unsynchronized::h47f62dea28e0c88d
[INFO] [stdout]                                at /rustc/82e1608dfa6e0b5569232559e3d385fea5a93112/library/std/src/../../backtrace/src/backtrace/mod.rs:66:5
[INFO] [stdout]    2:     0x5557c505321c - std::sys_common::backtrace::_print_fmt::h9eef0abe20ede486
[INFO] [stdout]                                at /rustc/82e1608dfa6e0b5569232559e3d385fea5a93112/library/std/src/sys_common/backtrace.rs:67:5
[INFO] [stdout]    3:     0x5557c505321c - <std::sys_common::backtrace::_print::DisplayBacktrace as core::fmt::Display>::fmt::hed7f999df88cc644
[INFO] [stdout]                                at /rustc/82e1608dfa6e0b5569232559e3d385fea5a93112/library/std/src/sys_common/backtrace.rs:44:22
[INFO] [stdout]    4:     0x5557c507d0a0 - core::fmt::rt::Argument::fmt::h1539a9308b8d058d
[INFO] [stdout]                                at /rustc/82e1608dfa6e0b5569232559e3d385fea5a93112/library/core/src/fmt/rt.rs:142:9
[INFO] [stdout]    5:     0x5557c507d0a0 - core::fmt::write::h3a39390d8560d9c9
[INFO] [stdout]                                at /rustc/82e1608dfa6e0b5569232559e3d385fea5a93112/library/core/src/fmt/mod.rs:1120:17
[INFO] [stdout]    6:     0x5557c5050bcf - std::io::Write::write_fmt::h040b369f3a0f9cbc
[INFO] [stdout]                                at /rustc/82e1608dfa6e0b5569232559e3d385fea5a93112/library/std/src/io/mod.rs:1762:15
[INFO] [stdout]    7:     0x5557c5053004 - std::sys_common::backtrace::_print::h894006fb5c6f3d45
[INFO] [stdout]                                at /rustc/82e1608dfa6e0b5569232559e3d385fea5a93112/library/std/src/sys_common/backtrace.rs:47:5
[INFO] [stdout]    8:     0x5557c5053004 - std::sys_common::backtrace::print::h23a2d212c6fff936
[INFO] [stdout]                                at /rustc/82e1608dfa6e0b5569232559e3d385fea5a93112/library/std/src/sys_common/backtrace.rs:34:9
[INFO] [stdout]    9:     0x5557c5054cc7 - std::panicking::default_hook::{{closure}}::h8a1d2ee00185001a
[INFO] [stdout]   10:     0x5557c50549b3 - std::panicking::default_hook::h6038f2eba384e475
[INFO] [stdout]                                at /rustc/82e1608dfa6e0b5569232559e3d385fea5a93112/library/std/src/panicking.rs:289:9
[INFO] [stdout]   11:     0x5557c50253c7 - <alloc::boxed::Box<F,A> as core::ops::function::Fn<Args>>::call::h0ad024c9bdc6d768
[INFO] [stdout]                                at /rustc/82e1608dfa6e0b5569232559e3d385fea5a93112/library/alloc/src/boxed.rs:2021:9
[INFO] [stdout]   12:     0x5557c50253c7 - test::test_main::{{closure}}::h7500b54257359db6
[INFO] [stdout]                                at /rustc/82e1608dfa6e0b5569232559e3d385fea5a93112/library/test/src/lib.rs:138:21
[INFO] [stdout]   13:     0x5557c50552d8 - <alloc::boxed::Box<F,A> as core::ops::function::Fn<Args>>::call::h1f8f335eaa9cfaee
[INFO] [stdout]                                at /rustc/82e1608dfa6e0b5569232559e3d385fea5a93112/library/alloc/src/boxed.rs:2021:9
[INFO] [stdout]   14:     0x5557c50552d8 - std::panicking::rust_panic_with_hook::h2b5517d590cab22e
[INFO] [stdout]                                at /rustc/82e1608dfa6e0b5569232559e3d385fea5a93112/library/std/src/panicking.rs:783:13
[INFO] [stdout]   15:     0x5557c505502e - std::panicking::begin_panic_handler::{{closure}}::h233112c06e0ef43e
[INFO] [stdout]                                at /rustc/82e1608dfa6e0b5569232559e3d385fea5a93112/library/std/src/panicking.rs:657:13
[INFO] [stdout]   16:     0x5557c50536e6 - std::sys_common::backtrace::__rust_end_short_backtrace::h6e893f24d7ebbff8
[INFO] [stdout]                                at /rustc/82e1608dfa6e0b5569232559e3d385fea5a93112/library/std/src/sys_common/backtrace.rs:170:18
[INFO] [stdout]   17:     0x5557c5054d92 - rust_begin_unwind
[INFO] [stdout]                                at /rustc/82e1608dfa6e0b5569232559e3d385fea5a93112/library/std/src/panicking.rs:645:5
[INFO] [stdout]   18:     0x5557c4fade25 - core::panicking::panic_fmt::hbf0e066aabfa482c
[INFO] [stdout]                                at /rustc/82e1608dfa6e0b5569232559e3d385fea5a93112/library/core/src/panicking.rs:72:14
[INFO] [stdout]   19:     0x5557c4fae2c3 - core::result::unwrap_failed::hddb4fea594200c52
[INFO] [stdout]                                at /rustc/82e1608dfa6e0b5569232559e3d385fea5a93112/library/core/src/result.rs:1653:5
[INFO] [stdout]   20:     0x5557c4fc3bba - core::result::Result<T,E>::expect::h4ac82c0fdf6f5a4d
[INFO] [stdout]                                at /rustc/82e1608dfa6e0b5569232559e3d385fea5a93112/library/core/src/result.rs:1034:23
[INFO] [stdout]   21:     0x5557c4fc149e - dummycrust::tests::bench_add_two::h7e2fedf8fc16e6b9
[INFO] [stdout]                                at /opt/rustwide/workdir/src/main.rs:335:19
[INFO] [stdout]   22:     0x5557c4fc1317 - dummycrust::tests::bench_add_two::{{closure}}::h2c8c157fbbadbecc
[INFO] [stdout]                                at /opt/rustwide/workdir/src/main.rs:328:23
[INFO] [stdout]   23:     0x5557c4fbd466 - core::ops::function::FnOnce::call_once::h7773660996bcb9be
[INFO] [stdout]                                at /rustc/82e1608dfa6e0b5569232559e3d385fea5a93112/library/core/src/ops/function.rs:250:5
[INFO] [stdout]   24:     0x5557c502aa1f - core::ops::function::FnOnce::call_once::h2b5d431d5046312d
[INFO] [stdout]                                at /rustc/82e1608dfa6e0b5569232559e3d385fea5a93112/library/core/src/ops/function.rs:250:5
[INFO] [stdout]   25:     0x5557c502aa1f - test::__rust_begin_short_backtrace::h7714669af176e207
[INFO] [stdout]                                at /rustc/82e1608dfa6e0b5569232559e3d385fea5a93112/library/test/src/lib.rs:628:18
[INFO] [stdout]   26:     0x5557c5029a35 - test::run_test_in_process::{{closure}}::h85218797dcbcec12
[INFO] [stdout]                                at /rustc/82e1608dfa6e0b5569232559e3d385fea5a93112/library/test/src/lib.rs:651:60
[INFO] [stdout]   27:     0x5557c5029a35 - <core::panic::unwind_safe::AssertUnwindSafe<F> as core::ops::function::FnOnce<()>>::call_once::h76c106ea31c14d7b
[INFO] [stdout]                                at /rustc/82e1608dfa6e0b5569232559e3d385fea5a93112/library/core/src/panic/unwind_safe.rs:272:9
[INFO] [stdout]   28:     0x5557c5029a35 - std::panicking::try::do_call::h3bd5d0f6620ee946
[INFO] [stdout]                                at /rustc/82e1608dfa6e0b5569232559e3d385fea5a93112/library/std/src/panicking.rs:552:40
[INFO] [stdout]   29:     0x5557c5029a35 - std::panicking::try::h232e535e4744fe31
[INFO] [stdout]                                at /rustc/82e1608dfa6e0b5569232559e3d385fea5a93112/library/std/src/panicking.rs:516:19
[INFO] [stdout]   30:     0x5557c5029a35 - std::panic::catch_unwind::h3ce3bd6ca8dbac68
[INFO] [stdout]                                at /rustc/82e1608dfa6e0b5569232559e3d385fea5a93112/library/std/src/panic.rs:142:14
[INFO] [stdout]   31:     0x5557c5029a35 - test::run_test_in_process::hc97b257c9621286a
[INFO] [stdout]                                at /rustc/82e1608dfa6e0b5569232559e3d385fea5a93112/library/test/src/lib.rs:651:27
[INFO] [stdout]   32:     0x5557c5029a35 - test::run_test::{{closure}}::h2aa798823a438d38
[INFO] [stdout]                                at /rustc/82e1608dfa6e0b5569232559e3d385fea5a93112/library/test/src/lib.rs:574:43
[INFO] [stdout]   33:     0x5557c4ff1cf6 - test::run_test::{{closure}}::h87d231c78fb59832
[INFO] [stdout]                                at /rustc/82e1608dfa6e0b5569232559e3d385fea5a93112/library/test/src/lib.rs:602:41
[INFO] [stdout]   34:     0x5557c4ff1cf6 - std::sys_common::backtrace::__rust_begin_short_backtrace::he6df152596625789
[INFO] [stdout]                                at /rustc/82e1608dfa6e0b5569232559e3d385fea5a93112/library/std/src/sys_common/backtrace.rs:154:18
[INFO] [stdout]   35:     0x5557c4ff6da7 - std::thread::Builder::spawn_unchecked_::{{closure}}::{{closure}}::ha94be15d1e0acf36
[INFO] [stdout]                                at /rustc/82e1608dfa6e0b5569232559e3d385fea5a93112/library/std/src/thread/mod.rs:529:17
[INFO] [stdout]   36:     0x5557c4ff6da7 - <core::panic::unwind_safe::AssertUnwindSafe<F> as core::ops::function::FnOnce<()>>::call_once::h9dc6bd6372f16606
[INFO] [stdout]                                at /rustc/82e1608dfa6e0b5569232559e3d385fea5a93112/library/core/src/panic/unwind_safe.rs:272:9
[INFO] [stdout]   37:     0x5557c4ff6da7 - std::panicking::try::do_call::h9057517f80303cd4
[INFO] [stdout]                                at /rustc/82e1608dfa6e0b5569232559e3d385fea5a93112/library/std/src/panicking.rs:552:40
[INFO] [stdout]   38:     0x5557c4ff6da7 - std::panicking::try::he3a30b11ee45340c
[INFO] [stdout]                                at /rustc/82e1608dfa6e0b5569232559e3d385fea5a93112/library/std/src/panicking.rs:516:19
[INFO] [stdout]   39:     0x5557c4ff6da7 - std::panic::catch_unwind::h410458cfd3528b8b
[INFO] [stdout]                                at /rustc/82e1608dfa6e0b5569232559e3d385fea5a93112/library/std/src/panic.rs:142:14
[INFO] [stdout]   40:     0x5557c4ff6da7 - std::thread::Builder::spawn_unchecked_::{{closure}}::h72ac3bdb567b737b
[INFO] [stdout]                                at /rustc/82e1608dfa6e0b5569232559e3d385fea5a93112/library/std/src/thread/mod.rs:528:30
[INFO] [stdout]   41:     0x5557c4ff6da7 - core::ops::function::FnOnce::call_once{{vtable.shim}}::h38f34da3654a8344
[INFO] [stdout]                                at /rustc/82e1608dfa6e0b5569232559e3d385fea5a93112/library/core/src/ops/function.rs:250:5
[INFO] [stdout]   42:     0x5557c5059d65 - <alloc::boxed::Box<F,A> as core::ops::function::FnOnce<Args>>::call_once::hc7eafaff61e32df9
[INFO] [stdout]                                at /rustc/82e1608dfa6e0b5569232559e3d385fea5a93112/library/alloc/src/boxed.rs:2007:9
[INFO] [stdout]   43:     0x5557c5059d65 - <alloc::boxed::Box<F,A> as core::ops::function::FnOnce<Args>>::call_once::h6ba4a5de48dd2304
[INFO] [stdout]                                at /rustc/82e1608dfa6e0b5569232559e3d385fea5a93112/library/alloc/src/boxed.rs:2007:9
[INFO] [stdout]   44:     0x5557c5059d65 - std::sys::unix::thread::Thread::new::thread_start::he469335aef763e45
[INFO] [stdout]                                at /rustc/82e1608dfa6e0b5569232559e3d385fea5a93112/library/std/src/sys/unix/thread.rs:108:17
[INFO] [stdout]   45:     0x7f27ee784ac3 - <unknown>
[INFO] [stdout]   46:     0x7f27ee815bf4 - __clone
[INFO] [stdout]   47:                0x0 - <unknown>
[INFO] [stdout] 
[INFO] [stdout] 
[INFO] [stdout] failures:
[INFO] [stdout]     tests::bench_add_two
[INFO] [stdout]     tests::iterate_lil
[INFO] [stdout]     tests::iterate_lol
[INFO] [stdout] 
[INFO] [stdout] test result: FAILED. 3 passed; 3 failed; 0 ignored; 0 measured; 0 filtered out; finished in 0.25s
[INFO] [stdout] 
[INFO] [stderr] error: test failed, to rerun pass `--bin dummycrust`
[INFO] running `Command { std: "docker" "inspect" "3d3b375d2f1f3565588d79f4e1c914f8c43b217e1432ad63c929247ceebdeee7", kill_on_drop: false }`
[INFO] running `Command { std: "docker" "rm" "-f" "3d3b375d2f1f3565588d79f4e1c914f8c43b217e1432ad63c929247ceebdeee7", kill_on_drop: false }`
[INFO] [stdout] 3d3b375d2f1f3565588d79f4e1c914f8c43b217e1432ad63c929247ceebdeee7
[INFO] testing andresrsanchez/sqlite-lsm1-rust against beta-2023-12-22 for beta-1.76-1
[INFO] running `Command { std: "git" "clone" "/workspace/cache/git-repos/https%3A%2F%2Fgithub.com%2Fandresrsanchez%2Fsqlite-lsm1-rust" "/workspace/builds/worker-0-tc2/source", kill_on_drop: false }`
[INFO] [stderr] Cloning into '/workspace/builds/worker-0-tc2/source'...
[INFO] [stderr] done.
[INFO] validating manifest of git repo https://github.com/andresrsanchez/sqlite-lsm1-rust on toolchain beta-2023-12-22
[INFO] running `Command { std: CARGO_HOME="/workspace/cargo-home" RUSTUP_HOME="/workspace/rustup-home" "/workspace/cargo-home/bin/cargo" "+beta-2023-12-22" "metadata" "--manifest-path" "Cargo.toml" "--no-deps", kill_on_drop: false }`
[INFO] started tweaking git repo https://github.com/andresrsanchez/sqlite-lsm1-rust
[INFO] finished tweaking git repo https://github.com/andresrsanchez/sqlite-lsm1-rust
[INFO] tweaked toml for git repo https://github.com/andresrsanchez/sqlite-lsm1-rust written to /workspace/builds/worker-0-tc2/source/Cargo.toml
[INFO] crate git repo https://github.com/andresrsanchez/sqlite-lsm1-rust already has a lockfile, it will not be regenerated
[INFO] running `Command { std: CARGO_HOME="/workspace/cargo-home" RUSTUP_HOME="/workspace/rustup-home" "/workspace/cargo-home/bin/cargo" "+beta-2023-12-22" "fetch" "--manifest-path" "Cargo.toml", kill_on_drop: false }`
[INFO] running `Command { std: "docker" "create" "-v" "/var/lib/crater-agent-workspace/builds/worker-0-tc2/target:/opt/rustwide/target:rw,Z" "-v" "/var/lib/crater-agent-workspace/builds/worker-0-tc2/source:/opt/rustwide/workdir:ro,Z" "-v" "/var/lib/crater-agent-workspace/cargo-home:/opt/rustwide/cargo-home:ro,Z" "-v" "/var/lib/crater-agent-workspace/rustup-home:/opt/rustwide/rustup-home:ro,Z" "-e" "SOURCE_DIR=/opt/rustwide/workdir" "-e" "CARGO_TARGET_DIR=/opt/rustwide/target" "-e" "CARGO_HOME=/opt/rustwide/cargo-home" "-e" "RUSTUP_HOME=/opt/rustwide/rustup-home" "-w" "/opt/rustwide/workdir" "-m" "1610612736" "--user" "0:0" "--network" "none" "ghcr.io/rust-lang/crates-build-env/linux@sha256:2788e3201cd34a07e3172128adcd8b3090168a8e3bcc40d7c032b9dda1df7d1c" "/opt/rustwide/cargo-home/bin/cargo" "+beta-2023-12-22" "metadata" "--no-deps" "--format-version=1", kill_on_drop: false }`
[INFO] [stdout] 179d52623b6df8d97074ace518ca9f7b2bf94dabc12c1b3ae6bdcb7585af8593
[INFO] running `Command { std: "docker" "start" "-a" "179d52623b6df8d97074ace518ca9f7b2bf94dabc12c1b3ae6bdcb7585af8593", kill_on_drop: false }`
[INFO] running `Command { std: "docker" "inspect" "179d52623b6df8d97074ace518ca9f7b2bf94dabc12c1b3ae6bdcb7585af8593", kill_on_drop: false }`
[INFO] running `Command { std: "docker" "rm" "-f" "179d52623b6df8d97074ace518ca9f7b2bf94dabc12c1b3ae6bdcb7585af8593", kill_on_drop: false }`
[INFO] [stdout] 179d52623b6df8d97074ace518ca9f7b2bf94dabc12c1b3ae6bdcb7585af8593
[INFO] running `Command { std: "docker" "create" "-v" "/var/lib/crater-agent-workspace/builds/worker-0-tc2/target:/opt/rustwide/target:rw,Z" "-v" "/var/lib/crater-agent-workspace/builds/worker-0-tc2/source:/opt/rustwide/workdir:ro,Z" "-v" "/var/lib/crater-agent-workspace/cargo-home:/opt/rustwide/cargo-home:ro,Z" "-v" "/var/lib/crater-agent-workspace/rustup-home:/opt/rustwide/rustup-home:ro,Z" "-e" "SOURCE_DIR=/opt/rustwide/workdir" "-e" "CARGO_TARGET_DIR=/opt/rustwide/target" "-e" "CARGO_INCREMENTAL=0" "-e" "RUST_BACKTRACE=full" "-e" "RUSTFLAGS=--cap-lints=warn" "-e" "RUSTDOCFLAGS=--cap-lints=warn" "-e" "CARGO_HOME=/opt/rustwide/cargo-home" "-e" "RUSTUP_HOME=/opt/rustwide/rustup-home" "-w" "/opt/rustwide/workdir" "-m" "1610612736" "--user" "0:0" "--network" "none" "ghcr.io/rust-lang/crates-build-env/linux@sha256:2788e3201cd34a07e3172128adcd8b3090168a8e3bcc40d7c032b9dda1df7d1c" "/opt/rustwide/cargo-home/bin/cargo" "+beta-2023-12-22" "build" "--frozen" "--message-format=json", kill_on_drop: false }`
[INFO] [stdout] fc1e82b16c09632e196bcfd3c52b13bf239a266de221b84d85a9695acba17e82
[INFO] running `Command { std: "docker" "start" "-a" "fc1e82b16c09632e196bcfd3c52b13bf239a266de221b84d85a9695acba17e82", kill_on_drop: false }`
[INFO] [stderr]    Compiling cc v1.0.73
[INFO] [stderr]    Compiling dummycrust v0.1.0 (/opt/rustwide/workdir)
[INFO] [stderr] warning: dummycrust@0.1.0: cc1: warning: src/lsmInt.h: not a directory
[INFO] [stderr] warning: dummycrust@0.1.0: cc1: warning: src/lsm.h: not a directory
[INFO] [stderr] warning: dummycrust@0.1.0: src/lsm_ckpt.c: In function 'lsmCheckpointLoad':
[INFO] [stderr] warning: dummycrust@0.1.0: src/lsm_ckpt.c:875:13: warning: comparison of integer expressions of different signedness: 'int' and 'long unsigned int' [-Wsign-compare]
[INFO] [stderr] warning: dummycrust@0.1.0:   875 |     if( nInt<=(LSM_META_RW_PAGE_SIZE / sizeof(u32)) ){
[INFO] [stderr] warning: dummycrust@0.1.0:       |             ^~
[INFO] [stderr] warning: dummycrust@0.1.0: src/lsm_ckpt.c:884:13: warning: comparison of integer expressions of different signedness: 'int' and 'long unsigned int' [-Wsign-compare]
[INFO] [stderr] warning: dummycrust@0.1.0:   884 |     if( nInt<=(LSM_META_RW_PAGE_SIZE / sizeof(u32)) ){
[INFO] [stderr] warning: dummycrust@0.1.0:       |             ^~
[INFO] [stderr] warning: dummycrust@0.1.0: src/lsm_ckpt.c: In function 'lsmCheckpointSynced':
[INFO] [stderr] warning: dummycrust@0.1.0: src/lsm_ckpt.c:1127:16: warning: comparison of integer expressions of different signedness: 'int' and 'long unsigned int' [-Wsign-compare]
[INFO] [stderr] warning: dummycrust@0.1.0:  1127 |       if( nCkpt<(LSM_META_RW_PAGE_SIZE/sizeof(u32)) ){
[INFO] [stderr] warning: dummycrust@0.1.0:       |                ^
[INFO] [stderr] warning: dummycrust@0.1.0: cc1: warning: src/lsmInt.h: not a directory
[INFO] [stderr] warning: dummycrust@0.1.0: cc1: warning: src/lsm.h: not a directory
[INFO] [stderr] warning: dummycrust@0.1.0: src/lsm_file.c: In function 'assert_lists_are_ok':
[INFO] [stderr] warning: dummycrust@0.1.0: src/lsm_file.c:337:45: warning: unused parameter 'pFS' [-Wunused-parameter]
[INFO] [stderr] warning: dummycrust@0.1.0:   337 | static void assert_lists_are_ok(FileSystem *pFS){
[INFO] [stderr] warning: dummycrust@0.1.0:       |                                 ~~~~~~~~~~~~^~~
[INFO] [stderr] warning: dummycrust@0.1.0: src/lsm_file.c: In function 'lsmFsSyncDb':
[INFO] [stderr] warning: dummycrust@0.1.0: src/lsm_file.c:1167:38: warning: unused parameter 'nBlock' [-Wunused-parameter]
[INFO] [stderr] warning: dummycrust@0.1.0:  1167 | int lsmFsSyncDb(FileSystem *pFS, int nBlock){
[INFO] [stderr] warning: dummycrust@0.1.0:       |                                  ~~~~^~~~~~
[INFO] [stderr] warning: dummycrust@0.1.0: src/lsm_file.c: In function 'lsmFsSortedAppend':
[INFO] [stderr] warning: dummycrust@0.1.0: src/lsm_file.c:2099:13: warning: unused parameter 'pSnapshot' [-Wunused-parameter]
[INFO] [stderr] warning: dummycrust@0.1.0:  2099 |   Snapshot *pSnapshot,
[INFO] [stderr] warning: dummycrust@0.1.0:       |   ~~~~~~~~~~^~~~~~~~~
[INFO] [stderr] warning: dummycrust@0.1.0: src/lsm_file.c: In function 'lsmFsSortedPadding':
[INFO] [stderr] warning: dummycrust@0.1.0: src/lsm_file.c:2807:13: warning: unused parameter 'pSnapshot' [-Wunused-parameter]
[INFO] [stderr] warning: dummycrust@0.1.0:  2807 |   Snapshot *pSnapshot,
[INFO] [stderr] warning: dummycrust@0.1.0:       |   ~~~~~~~~~~^~~~~~~~~
[INFO] [stderr] warning: dummycrust@0.1.0: src/lsm_file.c: In function 'lsmFsSegmentContainsPg':
[INFO] [stderr] warning: dummycrust@0.1.0: src/lsm_file.c:3043:11: warning: unused parameter 'iPg' [-Wunused-parameter]
[INFO] [stderr] warning: dummycrust@0.1.0:  3043 |   LsmPgno iPg,
[INFO] [stderr] warning: dummycrust@0.1.0:       |   ~~~~~~~~^~~
[INFO] [stderr] warning: dummycrust@0.1.0: src/lsm_file.c: In function 'checkBlocks':
[INFO] [stderr] warning: dummycrust@0.1.0: src/lsm_file.c:3155:7: warning: unused parameter 'nUsed' [-Wunused-parameter]
[INFO] [stderr] warning: dummycrust@0.1.0:  3155 |   int nUsed,
[INFO] [stderr] warning: dummycrust@0.1.0:       |   ~~~~^~~~~
[INFO] [stderr] warning: dummycrust@0.1.0: src/lsm_file.c: In function 'checkFreelistCb':
[INFO] [stderr] warning: dummycrust@0.1.0: src/lsm_file.c:3226:54: warning: unused parameter 'iSnapshot' [-Wunused-parameter]
[INFO] [stderr] warning: dummycrust@0.1.0:  3226 | static int checkFreelistCb(void *pCtx, int iBlk, i64 iSnapshot){
[INFO] [stderr] warning: dummycrust@0.1.0:       |                                                  ~~~~^~~~~~~~~
[INFO] [stderr] warning: dummycrust@0.1.0: cc1: warning: src/lsmInt.h: not a directory
[INFO] [stderr] warning: dummycrust@0.1.0: cc1: warning: src/lsm.h: not a directory
[INFO] [stderr] warning: dummycrust@0.1.0: cc1: warning: src/lsmInt.h: not a directory
[INFO] [stderr] warning: dummycrust@0.1.0: cc1: warning: src/lsm.h: not a directory
[INFO] [stderr] warning: dummycrust@0.1.0: cc1: warning: src/lsmInt.h: not a directory
[INFO] [stderr] warning: dummycrust@0.1.0: cc1: warning: src/lsm.h: not a directory
[INFO] [stderr] warning: dummycrust@0.1.0: cc1: warning: src/lsmInt.h: not a directory
[INFO] [stderr] warning: dummycrust@0.1.0: cc1: warning: src/lsm.h: not a directory
[INFO] [stderr] warning: dummycrust@0.1.0: cc1: warning: src/lsmInt.h: not a directory
[INFO] [stderr] warning: dummycrust@0.1.0: cc1: warning: src/lsm.h: not a directory
[INFO] [stderr] warning: dummycrust@0.1.0: src/lsm_shared.c: In function 'dbTruncate':
[INFO] [stderr] warning: dummycrust@0.1.0: src/lsm_shared.c:178:31: warning: unused parameter 'pDb' [-Wunused-parameter]
[INFO] [stderr] warning: dummycrust@0.1.0:   178 | static int dbTruncate(lsm_db *pDb, i64 iInUse){
[INFO] [stderr] warning: dummycrust@0.1.0:       |                       ~~~~~~~~^~~
[INFO] [stderr] warning: dummycrust@0.1.0: src/lsm_shared.c:178:40: warning: unused parameter 'iInUse' [-Wunused-parameter]
[INFO] [stderr] warning: dummycrust@0.1.0:   178 | static int dbTruncate(lsm_db *pDb, i64 iInUse){
[INFO] [stderr] warning: dummycrust@0.1.0:       |                                    ~~~~^~~~~~
[INFO] [stderr] warning: dummycrust@0.1.0: src/lsm_shared.c: In function 'lsmShmLock':
[INFO] [stderr] warning: dummycrust@0.1.0: src/lsm_shared.c:1782:7: warning: unused parameter 'bBlock' [-Wunused-parameter]
[INFO] [stderr] warning: dummycrust@0.1.0:  1782 |   int bBlock                      /* True for a blocking lock */
[INFO] [stderr] warning: dummycrust@0.1.0:       |   ~~~~^~~~~~
[INFO] [stderr] warning: dummycrust@0.1.0: cc1: warning: src/lsmInt.h: not a directory
[INFO] [stderr] warning: dummycrust@0.1.0: cc1: warning: src/lsm.h: not a directory
[INFO] [stderr] warning: dummycrust@0.1.0: src/lsm_sorted.c: In function 'btreeCursorRestore':
[INFO] [stderr] warning: dummycrust@0.1.0: src/lsm_sorted.c:869:7: warning: missing initializer for field 'nAlloc' of 'LsmBlob' [-Wmissing-field-initializers]
[INFO] [stderr] warning: dummycrust@0.1.0:   869 |       LsmBlob blob = {0,0,0};
[INFO] [stderr] warning: dummycrust@0.1.0:       |       ^~~~~~~
[INFO] [stderr] warning: dummycrust@0.1.0: src/lsm_sorted.c:113:7: note: 'nAlloc' declared here
[INFO] [stderr] warning: dummycrust@0.1.0:   113 |   int nAlloc;
[INFO] [stderr] warning: dummycrust@0.1.0:       |       ^~~~~~
[INFO] [stderr] warning: dummycrust@0.1.0: src/lsm_sorted.c: In function 'seekInBtree':
[INFO] [stderr] warning: dummycrust@0.1.0: src/lsm_sorted.c:1778:3: warning: missing initializer for field 'nAlloc' of 'LsmBlob' [-Wmissing-field-initializers]
[INFO] [stderr] warning: dummycrust@0.1.0:  1778 |   LsmBlob blob = {0, 0, 0};
[INFO] [stderr] warning: dummycrust@0.1.0:       |   ^~~~~~~
[INFO] [stderr] warning: dummycrust@0.1.0: src/lsm_sorted.c:113:7: note: 'nAlloc' declared here
[INFO] [stderr] warning: dummycrust@0.1.0:   113 |   int nAlloc;
[INFO] [stderr] warning: dummycrust@0.1.0:       |       ^~~~~~
[INFO] [stderr] warning: dummycrust@0.1.0: src/lsm_sorted.c: In function 'mergeWorkerMoveHierarchy':
[INFO] [stderr] warning: dummycrust@0.1.0: src/lsm_sorted.c:3396:7: warning: unused parameter 'bSep' [-Wunused-parameter]
[INFO] [stderr] warning: dummycrust@0.1.0:  3396 |   int bSep                        /* True for separators run */
[INFO] [stderr] warning: dummycrust@0.1.0:       |   ~~~~^~~~
[INFO] [stderr] warning: dummycrust@0.1.0: src/lsm_sorted.c: In function 'mergeWorkerData':
[INFO] [stderr] warning: dummycrust@0.1.0: src/lsm_sorted.c:3874:7: warning: unused parameter 'bSep' [-Wunused-parameter]
[INFO] [stderr] warning: dummycrust@0.1.0:  3874 |   int bSep,                       /* True to write to separators run */
[INFO] [stderr] warning: dummycrust@0.1.0:       |   ~~~~^~~~
[INFO] [stderr] warning: dummycrust@0.1.0: src/lsm_sorted.c: In function 'moveBlockCb':
[INFO] [stderr] warning: dummycrust@0.1.0: src/lsm_sorted.c:4770:50: warning: unused parameter 'iSnapshot' [-Wunused-parameter]
[INFO] [stderr] warning: dummycrust@0.1.0:  4770 | static int moveBlockCb(void *pCtx, int iBlk, i64 iSnapshot){
[INFO] [stderr] warning: dummycrust@0.1.0:       |                                              ~~~~^~~~~~~~~
[INFO] [stderr] warning: dummycrust@0.1.0: src/lsm_sorted.c: In function 'sortedDumpPage':
[INFO] [stderr] warning: dummycrust@0.1.0: src/lsm_sorted.c:5534:3: warning: missing initializer for field 'nAlloc' of 'LsmBlob' [-Wmissing-field-initializers]
[INFO] [stderr] warning: dummycrust@0.1.0:  5534 |   LsmBlob blob = {0, 0, 0};       /* LsmBlob used for keys */
[INFO] [stderr] warning: dummycrust@0.1.0:       |   ^~~~~~~
[INFO] [stderr] warning: dummycrust@0.1.0: src/lsm_sorted.c:113:7: note: 'nAlloc' declared here
[INFO] [stderr] warning: dummycrust@0.1.0:   113 |   int nAlloc;
[INFO] [stderr] warning: dummycrust@0.1.0:       |       ^~~~~~
[INFO] [stderr] warning: dummycrust@0.1.0: cc1: warning: src/lsmInt.h: not a directory
[INFO] [stderr] warning: dummycrust@0.1.0: cc1: warning: src/lsm.h: not a directory
[INFO] [stderr] warning: dummycrust@0.1.0: cc1: warning: src/lsmInt.h: not a directory
[INFO] [stderr] warning: dummycrust@0.1.0: cc1: warning: src/lsm.h: not a directory
[INFO] [stderr] warning: dummycrust@0.1.0: src/lsm_tree.c: In function 'intArrayFree':
[INFO] [stderr] warning: dummycrust@0.1.0: src/lsm_tree.c:240:35: warning: unused parameter 'pEnv' [-Wunused-parameter]
[INFO] [stderr] warning: dummycrust@0.1.0:   240 | static void intArrayFree(lsm_env *pEnv, IntArray *p){
[INFO] [stderr] warning: dummycrust@0.1.0:       |                          ~~~~~~~~~^~~~
[INFO] [stderr] warning: dummycrust@0.1.0: In file included from src/lsmInt.h:18,
[INFO] [stderr] warning: dummycrust@0.1.0:                  from src/lsm_tree.c:85:
[INFO] [stderr] warning: dummycrust@0.1.0: src/lsm_tree.c: In function 'getChildPtr':
[INFO] [stderr] warning: dummycrust@0.1.0: src/lsm_tree.c:282:28: warning: comparison of integer expressions of different signedness: 'int' and 'long unsigned int' [-Wsign-compare]
[INFO] [stderr] warning: dummycrust@0.1.0:   282 |   assert( iCell>=0 && iCell<=array_size(p->aiChildPtr) );
[INFO] [stderr] warning: dummycrust@0.1.0:       |                            ^~
[INFO] [stderr] warning: dummycrust@0.1.0: src/lsm_tree.c: In function 'treeShmalloc':
[INFO] [stderr] warning: dummycrust@0.1.0: src/lsm_tree.c:628:5: warning: 'static' is not at beginning of declaration [-Wold-style-declaration]
[INFO] [stderr] warning: dummycrust@0.1.0:   628 |     const static int CHUNK_SIZE = LSM_SHM_CHUNK_SIZE;
[INFO] [stderr] warning: dummycrust@0.1.0:       |     ^~~~~
[INFO] [stderr] warning: dummycrust@0.1.0: src/lsm_tree.c:629:5: warning: 'static' is not at beginning of declaration [-Wold-style-declaration]
[INFO] [stderr] warning: dummycrust@0.1.0:   629 |     const static int CHUNK_HDR = LSM_SHM_CHUNK_HDR;
[INFO] [stderr] warning: dummycrust@0.1.0:       |     ^~~~~
[INFO] [stderr] warning: dummycrust@0.1.0: src/lsm_tree.c: In function 'treeHeaderChecksum':
[INFO] [stderr] warning: dummycrust@0.1.0: src/lsm_tree.c:1147:13: warning: comparison of integer expressions of different signedness: 'int' and 'long unsigned int' [-Wsign-compare]
[INFO] [stderr] warning: dummycrust@0.1.0:  1147 |   for(i=0; i<(offsetof(TreeHeader, aCksum) / sizeof(u32)); i+=2){
[INFO] [stderr] warning: dummycrust@0.1.0:       |             ^
[INFO] [stderr] warning: dummycrust@0.1.0: src/lsm_tree.c: In function 'lsmTreeEndTransaction':
[INFO] [stderr] warning: dummycrust@0.1.0: src/lsm_tree.c:2411:44: warning: unused parameter 'bCommit' [-Wunused-parameter]
[INFO] [stderr] warning: dummycrust@0.1.0:  2411 | int lsmTreeEndTransaction(lsm_db *pDb, int bCommit){
[INFO] [stderr] warning: dummycrust@0.1.0:       |                                        ~~~~^~~~~~~
[INFO] [stderr] warning: dummycrust@0.1.0: cc1: warning: src/lsmInt.h: not a directory
[INFO] [stderr] warning: dummycrust@0.1.0: cc1: warning: src/lsm.h: not a directory
[INFO] [stderr] warning: dummycrust@0.1.0: src/lsm_unix.c: In function 'lsmPosixOsSectorSize':
[INFO] [stderr] warning: dummycrust@0.1.0: src/lsm_unix.c:193:43: warning: unused parameter 'pFile' [-Wunused-parameter]
[INFO] [stderr] warning: dummycrust@0.1.0:   193 | static int lsmPosixOsSectorSize(lsm_file *pFile){
[INFO] [stderr] warning: dummycrust@0.1.0:       |                                 ~~~~~~~~~~^~~~~
[INFO] [stderr] warning: dummycrust@0.1.0: src/lsm_unix.c: In function 'lsmPosixOsUnlink':
[INFO] [stderr] warning: dummycrust@0.1.0: src/lsm_unix.c:307:38: warning: unused parameter 'pEnv' [-Wunused-parameter]
[INFO] [stderr] warning: dummycrust@0.1.0:   307 | static int lsmPosixOsUnlink(lsm_env *pEnv, const char *zFile){
[INFO] [stderr] warning: dummycrust@0.1.0:       |                             ~~~~~~~~~^~~~
[INFO] [stderr] warning: dummycrust@0.1.0: In file included from src/lsmInt.h:18,
[INFO] [stderr] warning: dummycrust@0.1.0:                  from src/lsm_unix.c:42:
[INFO] [stderr] warning: dummycrust@0.1.0: src/lsm_unix.c: In function 'lsmPosixOsLock':
[INFO] [stderr] warning: dummycrust@0.1.0: src/lsm_unix.c:321:28: warning: comparison of integer expressions of different signedness: 'int' and 'long unsigned int' [-Wsign-compare]
[INFO] [stderr] warning: dummycrust@0.1.0:   321 |   assert( eType>=0 && eType<array_size(aType) );
[INFO] [stderr] warning: dummycrust@0.1.0:       |                            ^
[INFO] [stderr] warning: dummycrust@0.1.0: src/lsm_unix.c: In function 'lsmPosixOsTestLock':
[INFO] [stderr] warning: dummycrust@0.1.0: src/lsm_unix.c:351:28: warning: comparison of integer expressions of different signedness: 'int' and 'long unsigned int' [-Wsign-compare]
[INFO] [stderr] warning: dummycrust@0.1.0:   351 |   assert( eType>=0 && eType<array_size(aType) );
[INFO] [stderr] warning: dummycrust@0.1.0:       |                            ^
[INFO] [stderr] warning: dummycrust@0.1.0: src/lsm_unix.c: In function 'lsmPosixOsSleep':
[INFO] [stderr] warning: dummycrust@0.1.0: src/lsm_unix.c:458:37: warning: unused parameter 'pEnv' [-Wunused-parameter]
[INFO] [stderr] warning: dummycrust@0.1.0:   458 | static int lsmPosixOsSleep(lsm_env *pEnv, int us){
[INFO] [stderr] warning: dummycrust@0.1.0:       |                            ~~~~~~~~~^~~~
[INFO] [stderr] warning: dummycrust@0.1.0: src/lsm_unix.c: In function 'lsmPosixOsMalloc':
[INFO] [stderr] warning: dummycrust@0.1.0: src/lsm_unix.c:472:40: warning: unused parameter 'pEnv' [-Wunused-parameter]
[INFO] [stderr] warning: dummycrust@0.1.0:   472 | static void *lsmPosixOsMalloc(lsm_env *pEnv, size_t N){
[INFO] [stderr] warning: dummycrust@0.1.0:       |                               ~~~~~~~~~^~~~
[INFO] [stderr] warning: dummycrust@0.1.0: src/lsm_unix.c: In function 'lsmPosixOsFree':
[INFO] [stderr] warning: dummycrust@0.1.0: src/lsm_unix.c:480:37: warning: unused parameter 'pEnv' [-Wunused-parameter]
[INFO] [stderr] warning: dummycrust@0.1.0:   480 | static void lsmPosixOsFree(lsm_env *pEnv, void *p){
[INFO] [stderr] warning: dummycrust@0.1.0:       |                            ~~~~~~~~~^~~~
[INFO] [stderr] warning: dummycrust@0.1.0: src/lsm_unix.c: In function 'lsmPosixOsMSize':
[INFO] [stderr] warning: dummycrust@0.1.0: src/lsm_unix.c:513:40: warning: unused parameter 'pEnv' [-Wunused-parameter]
[INFO] [stderr] warning: dummycrust@0.1.0:   513 | static size_t lsmPosixOsMSize(lsm_env *pEnv, void *p){
[INFO] [stderr] warning: dummycrust@0.1.0:       |                               ~~~~~~~~~^~~~
[INFO] [stderr] warning: dummycrust@0.1.0: src/lsm_unix.c: In function 'lsmPosixOsMutexStatic':
[INFO] [stderr] warning: dummycrust@0.1.0: src/lsm_unix.c:647:12: warning: unused parameter 'pEnv' [-Wunused-parameter]
[INFO] [stderr] warning: dummycrust@0.1.0:   647 |   lsm_env *pEnv,
[INFO] [stderr] warning: dummycrust@0.1.0:       |   ~~~~~~~~~^~~~
[INFO] [stderr] warning: dummycrust@0.1.0: cc1: warning: src/lsmInt.h: not a directory
[INFO] [stderr] warning: dummycrust@0.1.0: cc1: warning: src/lsm.h: not a directory
[INFO] [stderr] warning: dummycrust@0.1.0: cc1: warning: src/lsmInt.h: not a directory
[INFO] [stderr] warning: dummycrust@0.1.0: cc1: warning: src/lsm.h: not a directory
[INFO] [stdout] warning: unused return value of `Box::<T>::from_raw` that must be used
[INFO] [stdout]   --> src/main.rs:28:21
[INFO] [stdout]    |
[INFO] [stdout] 28 |                     Box::from_raw(ptr);
[INFO] [stdout]    |                     ^^^^^^^^^^^^^^^^^^
[INFO] [stdout] ...
[INFO] [stdout] 42 | to_raw!(i8);
[INFO] [stdout]    | ----------- in this macro invocation
[INFO] [stdout]    |
[INFO] [stdout]    = note: call `drop(Box::from_raw(ptr))` if you intend to drop the `Box`
[INFO] [stdout]    = note: `#[warn(unused_must_use)]` on by default
[INFO] [stdout]    = note: this warning originates in the macro `to_raw` (in Nightly builds, run with -Z macro-backtrace for more info)
[INFO] [stdout] help: use `let _ = ...` to ignore the resulting value
[INFO] [stdout]    |
[INFO] [stdout] 28 |                     let _ = Box::from_raw(ptr);
[INFO] [stdout]    |                     +++++++
[INFO] [stdout] 
[INFO] [stdout] 
[INFO] [stdout] warning: unused return value of `Box::<T>::from_raw` that must be used
[INFO] [stdout]   --> src/main.rs:28:21
[INFO] [stdout]    |
[INFO] [stdout] 28 |                     Box::from_raw(ptr);
[INFO] [stdout]    |                     ^^^^^^^^^^^^^^^^^^
[INFO] [stdout] ...
[INFO] [stdout] 43 | to_raw!(i16);
[INFO] [stdout]    | ------------ in this macro invocation
[INFO] [stdout]    |
[INFO] [stdout]    = note: call `drop(Box::from_raw(ptr))` if you intend to drop the `Box`
[INFO] [stdout]    = note: this warning originates in the macro `to_raw` (in Nightly builds, run with -Z macro-backtrace for more info)
[INFO] [stdout] help: use `let _ = ...` to ignore the resulting value
[INFO] [stdout]    |
[INFO] [stdout] 28 |                     let _ = Box::from_raw(ptr);
[INFO] [stdout]    |                     +++++++
[INFO] [stdout] 
[INFO] [stdout] 
[INFO] [stdout] warning: unused return value of `Box::<T>::from_raw` that must be used
[INFO] [stdout]   --> src/main.rs:28:21
[INFO] [stdout]    |
[INFO] [stdout] 28 |                     Box::from_raw(ptr);
[INFO] [stdout]    |                     ^^^^^^^^^^^^^^^^^^
[INFO] [stdout] ...
[INFO] [stdout] 44 | to_raw!(i32);
[INFO] [stdout]    | ------------ in this macro invocation
[INFO] [stdout]    |
[INFO] [stdout]    = note: call `drop(Box::from_raw(ptr))` if you intend to drop the `Box`
[INFO] [stdout]    = note: this warning originates in the macro `to_raw` (in Nightly builds, run with -Z macro-backtrace for more info)
[INFO] [stdout] help: use `let _ = ...` to ignore the resulting value
[INFO] [stdout]    |
[INFO] [stdout] 28 |                     let _ = Box::from_raw(ptr);
[INFO] [stdout]    |                     +++++++
[INFO] [stdout] 
[INFO] [stdout] 
[INFO] [stdout] warning: unused return value of `Box::<T>::from_raw` that must be used
[INFO] [stdout]   --> src/main.rs:28:21
[INFO] [stdout]    |
[INFO] [stdout] 28 |                     Box::from_raw(ptr);
[INFO] [stdout]    |                     ^^^^^^^^^^^^^^^^^^
[INFO] [stdout] ...
[INFO] [stdout] 45 | to_raw!(i64); //test
[INFO] [stdout]    | ------------ in this macro invocation
[INFO] [stdout]    |
[INFO] [stdout]    = note: call `drop(Box::from_raw(ptr))` if you intend to drop the `Box`
[INFO] [stdout]    = note: this warning originates in the macro `to_raw` (in Nightly builds, run with -Z macro-backtrace for more info)
[INFO] [stdout] help: use `let _ = ...` to ignore the resulting value
[INFO] [stdout]    |
[INFO] [stdout] 28 |                     let _ = Box::from_raw(ptr);
[INFO] [stdout]    |                     +++++++
[INFO] [stdout] 
[INFO] [stdout] 
[INFO] [stdout] warning: unused return value of `Box::<T>::from_raw` that must be used
[INFO] [stdout]   --> src/main.rs:28:21
[INFO] [stdout]    |
[INFO] [stdout] 28 |                     Box::from_raw(ptr);
[INFO] [stdout]    |                     ^^^^^^^^^^^^^^^^^^
[INFO] [stdout] ...
[INFO] [stdout] 46 | to_raw!(u8);
[INFO] [stdout]    | ----------- in this macro invocation
[INFO] [stdout]    |
[INFO] [stdout]    = note: call `drop(Box::from_raw(ptr))` if you intend to drop the `Box`
[INFO] [stdout]    = note: this warning originates in the macro `to_raw` (in Nightly builds, run with -Z macro-backtrace for more info)
[INFO] [stdout] help: use `let _ = ...` to ignore the resulting value
[INFO] [stdout]    |
[INFO] [stdout] 28 |                     let _ = Box::from_raw(ptr);
[INFO] [stdout]    |                     +++++++
[INFO] [stdout] 
[INFO] [stdout] 
[INFO] [stdout] warning: unused return value of `Box::<T>::from_raw` that must be used
[INFO] [stdout]   --> src/main.rs:28:21
[INFO] [stdout]    |
[INFO] [stdout] 28 |                     Box::from_raw(ptr);
[INFO] [stdout]    |                     ^^^^^^^^^^^^^^^^^^
[INFO] [stdout] ...
[INFO] [stdout] 47 | to_raw!(u16);
[INFO] [stdout]    | ------------ in this macro invocation
[INFO] [stdout]    |
[INFO] [stdout]    = note: call `drop(Box::from_raw(ptr))` if you intend to drop the `Box`
[INFO] [stdout]    = note: this warning originates in the macro `to_raw` (in Nightly builds, run with -Z macro-backtrace for more info)
[INFO] [stdout] help: use `let _ = ...` to ignore the resulting value
[INFO] [stdout]    |
[INFO] [stdout] 28 |                     let _ = Box::from_raw(ptr);
[INFO] [stdout]    |                     +++++++
[INFO] [stdout] 
[INFO] [stdout] 
[INFO] [stdout] warning: unused return value of `Box::<T>::from_raw` that must be used
[INFO] [stdout]   --> src/main.rs:28:21
[INFO] [stdout]    |
[INFO] [stdout] 28 |                     Box::from_raw(ptr);
[INFO] [stdout]    |                     ^^^^^^^^^^^^^^^^^^
[INFO] [stdout] ...
[INFO] [stdout] 48 | to_raw!(u32);
[INFO] [stdout]    | ------------ in this macro invocation
[INFO] [stdout]    |
[INFO] [stdout]    = note: call `drop(Box::from_raw(ptr))` if you intend to drop the `Box`
[INFO] [stdout]    = note: this warning originates in the macro `to_raw` (in Nightly builds, run with -Z macro-backtrace for more info)
[INFO] [stdout] help: use `let _ = ...` to ignore the resulting value
[INFO] [stdout]    |
[INFO] [stdout] 28 |                     let _ = Box::from_raw(ptr);
[INFO] [stdout]    |                     +++++++
[INFO] [stdout] 
[INFO] [stdout] 
[INFO] [stdout] warning: unused return value of `Box::<T>::from_raw` that must be used
[INFO] [stdout]   --> src/main.rs:28:21
[INFO] [stdout]    |
[INFO] [stdout] 28 |                     Box::from_raw(ptr);
[INFO] [stdout]    |                     ^^^^^^^^^^^^^^^^^^
[INFO] [stdout] ...
[INFO] [stdout] 49 | to_raw!(u64); //test
[INFO] [stdout]    | ------------ in this macro invocation
[INFO] [stdout]    |
[INFO] [stdout]    = note: call `drop(Box::from_raw(ptr))` if you intend to drop the `Box`
[INFO] [stdout]    = note: this warning originates in the macro `to_raw` (in Nightly builds, run with -Z macro-backtrace for more info)
[INFO] [stdout] help: use `let _ = ...` to ignore the resulting value
[INFO] [stdout]    |
[INFO] [stdout] 28 |                     let _ = Box::from_raw(ptr);
[INFO] [stdout]    |                     +++++++
[INFO] [stdout] 
[INFO] [stdout] 
[INFO] [stdout] warning: 8 warnings emitted
[INFO] [stdout] 
[INFO] [stdout] 
[INFO] [stderr]     Finished dev [unoptimized + debuginfo] target(s) in 2.11s
[INFO] running `Command { std: "docker" "inspect" "fc1e82b16c09632e196bcfd3c52b13bf239a266de221b84d85a9695acba17e82", kill_on_drop: false }`
[INFO] running `Command { std: "docker" "rm" "-f" "fc1e82b16c09632e196bcfd3c52b13bf239a266de221b84d85a9695acba17e82", kill_on_drop: false }`
[INFO] [stdout] fc1e82b16c09632e196bcfd3c52b13bf239a266de221b84d85a9695acba17e82
[INFO] running `Command { std: "docker" "create" "-v" "/var/lib/crater-agent-workspace/builds/worker-0-tc2/target:/opt/rustwide/target:rw,Z" "-v" "/var/lib/crater-agent-workspace/builds/worker-0-tc2/source:/opt/rustwide/workdir:ro,Z" "-v" "/var/lib/crater-agent-workspace/cargo-home:/opt/rustwide/cargo-home:ro,Z" "-v" "/var/lib/crater-agent-workspace/rustup-home:/opt/rustwide/rustup-home:ro,Z" "-e" "SOURCE_DIR=/opt/rustwide/workdir" "-e" "CARGO_TARGET_DIR=/opt/rustwide/target" "-e" "CARGO_INCREMENTAL=0" "-e" "RUST_BACKTRACE=full" "-e" "RUSTFLAGS=--cap-lints=warn" "-e" "RUSTDOCFLAGS=--cap-lints=warn" "-e" "CARGO_HOME=/opt/rustwide/cargo-home" "-e" "RUSTUP_HOME=/opt/rustwide/rustup-home" "-w" "/opt/rustwide/workdir" "-m" "1610612736" "--user" "0:0" "--network" "none" "ghcr.io/rust-lang/crates-build-env/linux@sha256:2788e3201cd34a07e3172128adcd8b3090168a8e3bcc40d7c032b9dda1df7d1c" "/opt/rustwide/cargo-home/bin/cargo" "+beta-2023-12-22" "test" "--frozen" "--no-run" "--message-format=json", kill_on_drop: false }`
[INFO] [stdout] 151fbafc37dc45c78146af9344ac44bb3b5801f662816fd868f22b013792ba3f
[INFO] running `Command { std: "docker" "start" "-a" "151fbafc37dc45c78146af9344ac44bb3b5801f662816fd868f22b013792ba3f", kill_on_drop: false }`
[INFO] [stderr] warning: dummycrust@0.1.0: cc1: warning: src/lsmInt.h: not a directory
[INFO] [stderr] warning: dummycrust@0.1.0: cc1: warning: src/lsm.h: not a directory
[INFO] [stderr] warning: dummycrust@0.1.0: src/lsm_ckpt.c: In function 'lsmCheckpointLoad':
[INFO] [stderr] warning: dummycrust@0.1.0: src/lsm_ckpt.c:875:13: warning: comparison of integer expressions of different signedness: 'int' and 'long unsigned int' [-Wsign-compare]
[INFO] [stderr] warning: dummycrust@0.1.0:   875 |     if( nInt<=(LSM_META_RW_PAGE_SIZE / sizeof(u32)) ){
[INFO] [stderr] warning: dummycrust@0.1.0:       |             ^~
[INFO] [stderr] warning: dummycrust@0.1.0: src/lsm_ckpt.c:884:13: warning: comparison of integer expressions of different signedness: 'int' and 'long unsigned int' [-Wsign-compare]
[INFO] [stderr] warning: dummycrust@0.1.0:   884 |     if( nInt<=(LSM_META_RW_PAGE_SIZE / sizeof(u32)) ){
[INFO] [stderr] warning: dummycrust@0.1.0:       |             ^~
[INFO] [stderr] warning: dummycrust@0.1.0: src/lsm_ckpt.c: In function 'lsmCheckpointSynced':
[INFO] [stderr] warning: dummycrust@0.1.0: src/lsm_ckpt.c:1127:16: warning: comparison of integer expressions of different signedness: 'int' and 'long unsigned int' [-Wsign-compare]
[INFO] [stderr] warning: dummycrust@0.1.0:  1127 |       if( nCkpt<(LSM_META_RW_PAGE_SIZE/sizeof(u32)) ){
[INFO] [stderr] warning: dummycrust@0.1.0:       |                ^
[INFO] [stderr] warning: dummycrust@0.1.0: cc1: warning: src/lsmInt.h: not a directory
[INFO] [stderr] warning: dummycrust@0.1.0: cc1: warning: src/lsm.h: not a directory
[INFO] [stderr] warning: dummycrust@0.1.0: src/lsm_file.c: In function 'assert_lists_are_ok':
[INFO] [stderr] warning: dummycrust@0.1.0: src/lsm_file.c:337:45: warning: unused parameter 'pFS' [-Wunused-parameter]
[INFO] [stderr] warning: dummycrust@0.1.0:   337 | static void assert_lists_are_ok(FileSystem *pFS){
[INFO] [stderr] warning: dummycrust@0.1.0:       |                                 ~~~~~~~~~~~~^~~
[INFO] [stderr] warning: dummycrust@0.1.0: src/lsm_file.c: In function 'lsmFsSyncDb':
[INFO] [stderr] warning: dummycrust@0.1.0: src/lsm_file.c:1167:38: warning: unused parameter 'nBlock' [-Wunused-parameter]
[INFO] [stderr] warning: dummycrust@0.1.0:  1167 | int lsmFsSyncDb(FileSystem *pFS, int nBlock){
[INFO] [stderr] warning: dummycrust@0.1.0:       |                                  ~~~~^~~~~~
[INFO] [stderr] warning: dummycrust@0.1.0: src/lsm_file.c: In function 'lsmFsSortedAppend':
[INFO] [stderr] warning: dummycrust@0.1.0: src/lsm_file.c:2099:13: warning: unused parameter 'pSnapshot' [-Wunused-parameter]
[INFO] [stderr] warning: dummycrust@0.1.0:  2099 |   Snapshot *pSnapshot,
[INFO] [stderr] warning: dummycrust@0.1.0:       |   ~~~~~~~~~~^~~~~~~~~
[INFO] [stderr] warning: dummycrust@0.1.0: src/lsm_file.c: In function 'lsmFsSortedPadding':
[INFO] [stderr] warning: dummycrust@0.1.0: src/lsm_file.c:2807:13: warning: unused parameter 'pSnapshot' [-Wunused-parameter]
[INFO] [stderr] warning: dummycrust@0.1.0:  2807 |   Snapshot *pSnapshot,
[INFO] [stderr] warning: dummycrust@0.1.0:       |   ~~~~~~~~~~^~~~~~~~~
[INFO] [stderr] warning: dummycrust@0.1.0: src/lsm_file.c: In function 'lsmFsSegmentContainsPg':
[INFO] [stderr] warning: dummycrust@0.1.0: src/lsm_file.c:3043:11: warning: unused parameter 'iPg' [-Wunused-parameter]
[INFO] [stderr] warning: dummycrust@0.1.0:  3043 |   LsmPgno iPg,
[INFO] [stderr] warning: dummycrust@0.1.0:       |   ~~~~~~~~^~~
[INFO] [stderr] warning: dummycrust@0.1.0: src/lsm_file.c: In function 'checkBlocks':
[INFO] [stderr] warning: dummycrust@0.1.0: src/lsm_file.c:3155:7: warning: unused parameter 'nUsed' [-Wunused-parameter]
[INFO] [stderr] warning: dummycrust@0.1.0:  3155 |   int nUsed,
[INFO] [stderr] warning: dummycrust@0.1.0:       |   ~~~~^~~~~
[INFO] [stderr] warning: dummycrust@0.1.0: src/lsm_file.c: In function 'checkFreelistCb':
[INFO] [stderr] warning: dummycrust@0.1.0: src/lsm_file.c:3226:54: warning: unused parameter 'iSnapshot' [-Wunused-parameter]
[INFO] [stderr] warning: dummycrust@0.1.0:  3226 | static int checkFreelistCb(void *pCtx, int iBlk, i64 iSnapshot){
[INFO] [stderr] warning: dummycrust@0.1.0:       |                                                  ~~~~^~~~~~~~~
[INFO] [stderr] warning: dummycrust@0.1.0: cc1: warning: src/lsmInt.h: not a directory
[INFO] [stderr] warning: dummycrust@0.1.0: cc1: warning: src/lsm.h: not a directory
[INFO] [stderr] warning: dummycrust@0.1.0: cc1: warning: src/lsmInt.h: not a directory
[INFO] [stderr] warning: dummycrust@0.1.0: cc1: warning: src/lsm.h: not a directory
[INFO] [stderr] warning: dummycrust@0.1.0: cc1: warning: src/lsmInt.h: not a directory
[INFO] [stderr] warning: dummycrust@0.1.0: cc1: warning: src/lsm.h: not a directory
[INFO] [stderr] warning: dummycrust@0.1.0: cc1: warning: src/lsmInt.h: not a directory
[INFO] [stderr] warning: dummycrust@0.1.0: cc1: warning: src/lsm.h: not a directory
[INFO] [stderr] warning: dummycrust@0.1.0: cc1: warning: src/lsmInt.h: not a directory
[INFO] [stderr] warning: dummycrust@0.1.0: cc1: warning: src/lsm.h: not a directory
[INFO] [stderr] warning: dummycrust@0.1.0: src/lsm_shared.c: In function 'dbTruncate':
[INFO] [stderr] warning: dummycrust@0.1.0: src/lsm_shared.c:178:31: warning: unused parameter 'pDb' [-Wunused-parameter]
[INFO] [stderr] warning: dummycrust@0.1.0:   178 | static int dbTruncate(lsm_db *pDb, i64 iInUse){
[INFO] [stderr] warning: dummycrust@0.1.0:       |                       ~~~~~~~~^~~
[INFO] [stderr] warning: dummycrust@0.1.0: src/lsm_shared.c:178:40: warning: unused parameter 'iInUse' [-Wunused-parameter]
[INFO] [stderr] warning: dummycrust@0.1.0:   178 | static int dbTruncate(lsm_db *pDb, i64 iInUse){
[INFO] [stderr] warning: dummycrust@0.1.0:       |                                    ~~~~^~~~~~
[INFO] [stderr] warning: dummycrust@0.1.0: src/lsm_shared.c: In function 'lsmShmLock':
[INFO] [stderr] warning: dummycrust@0.1.0: src/lsm_shared.c:1782:7: warning: unused parameter 'bBlock' [-Wunused-parameter]
[INFO] [stderr] warning: dummycrust@0.1.0:  1782 |   int bBlock                      /* True for a blocking lock */
[INFO] [stderr] warning: dummycrust@0.1.0:       |   ~~~~^~~~~~
[INFO] [stderr] warning: dummycrust@0.1.0: cc1: warning: src/lsmInt.h: not a directory
[INFO] [stderr] warning: dummycrust@0.1.0: cc1: warning: src/lsm.h: not a directory
[INFO] [stderr] warning: dummycrust@0.1.0: src/lsm_sorted.c: In function 'btreeCursorRestore':
[INFO] [stderr] warning: dummycrust@0.1.0: src/lsm_sorted.c:869:7: warning: missing initializer for field 'nAlloc' of 'LsmBlob' [-Wmissing-field-initializers]
[INFO] [stderr] warning: dummycrust@0.1.0:   869 |       LsmBlob blob = {0,0,0};
[INFO] [stderr] warning: dummycrust@0.1.0:       |       ^~~~~~~
[INFO] [stderr] warning: dummycrust@0.1.0: src/lsm_sorted.c:113:7: note: 'nAlloc' declared here
[INFO] [stderr] warning: dummycrust@0.1.0:   113 |   int nAlloc;
[INFO] [stderr] warning: dummycrust@0.1.0:       |       ^~~~~~
[INFO] [stderr] warning: dummycrust@0.1.0: src/lsm_sorted.c: In function 'seekInBtree':
[INFO] [stderr] warning: dummycrust@0.1.0: src/lsm_sorted.c:1778:3: warning: missing initializer for field 'nAlloc' of 'LsmBlob' [-Wmissing-field-initializers]
[INFO] [stderr] warning: dummycrust@0.1.0:  1778 |   LsmBlob blob = {0, 0, 0};
[INFO] [stderr] warning: dummycrust@0.1.0:       |   ^~~~~~~
[INFO] [stderr] warning: dummycrust@0.1.0: src/lsm_sorted.c:113:7: note: 'nAlloc' declared here
[INFO] [stderr] warning: dummycrust@0.1.0:   113 |   int nAlloc;
[INFO] [stderr] warning: dummycrust@0.1.0:       |       ^~~~~~
[INFO] [stderr] warning: dummycrust@0.1.0: src/lsm_sorted.c: In function 'mergeWorkerMoveHierarchy':
[INFO] [stderr] warning: dummycrust@0.1.0: src/lsm_sorted.c:3396:7: warning: unused parameter 'bSep' [-Wunused-parameter]
[INFO] [stderr] warning: dummycrust@0.1.0:  3396 |   int bSep                        /* True for separators run */
[INFO] [stderr] warning: dummycrust@0.1.0:       |   ~~~~^~~~
[INFO] [stderr] warning: dummycrust@0.1.0: src/lsm_sorted.c: In function 'mergeWorkerData':
[INFO] [stderr] warning: dummycrust@0.1.0: src/lsm_sorted.c:3874:7: warning: unused parameter 'bSep' [-Wunused-parameter]
[INFO] [stderr] warning: dummycrust@0.1.0:  3874 |   int bSep,                       /* True to write to separators run */
[INFO] [stderr] warning: dummycrust@0.1.0:       |   ~~~~^~~~
[INFO] [stderr] warning: dummycrust@0.1.0: src/lsm_sorted.c: In function 'moveBlockCb':
[INFO] [stderr] warning: dummycrust@0.1.0: src/lsm_sorted.c:4770:50: warning: unused parameter 'iSnapshot' [-Wunused-parameter]
[INFO] [stderr] warning: dummycrust@0.1.0:  4770 | static int moveBlockCb(void *pCtx, int iBlk, i64 iSnapshot){
[INFO] [stderr] warning: dummycrust@0.1.0:       |                                              ~~~~^~~~~~~~~
[INFO] [stderr] warning: dummycrust@0.1.0: src/lsm_sorted.c: In function 'sortedDumpPage':
[INFO] [stderr] warning: dummycrust@0.1.0: src/lsm_sorted.c:5534:3: warning: missing initializer for field 'nAlloc' of 'LsmBlob' [-Wmissing-field-initializers]
[INFO] [stderr] warning: dummycrust@0.1.0:  5534 |   LsmBlob blob = {0, 0, 0};       /* LsmBlob used for keys */
[INFO] [stderr] warning: dummycrust@0.1.0:       |   ^~~~~~~
[INFO] [stderr] warning: dummycrust@0.1.0: src/lsm_sorted.c:113:7: note: 'nAlloc' declared here
[INFO] [stderr] warning: dummycrust@0.1.0:   113 |   int nAlloc;
[INFO] [stderr] warning: dummycrust@0.1.0:       |       ^~~~~~
[INFO] [stderr] warning: dummycrust@0.1.0: cc1: warning: src/lsmInt.h: not a directory
[INFO] [stderr] warning: dummycrust@0.1.0: cc1: warning: src/lsm.h: not a directory
[INFO] [stderr] warning: dummycrust@0.1.0: cc1: warning: src/lsmInt.h: not a directory
[INFO] [stderr] warning: dummycrust@0.1.0: cc1: warning: src/lsm.h: not a directory
[INFO] [stderr] warning: dummycrust@0.1.0: src/lsm_tree.c: In function 'intArrayFree':
[INFO] [stderr] warning: dummycrust@0.1.0: src/lsm_tree.c:240:35: warning: unused parameter 'pEnv' [-Wunused-parameter]
[INFO] [stderr] warning: dummycrust@0.1.0:   240 | static void intArrayFree(lsm_env *pEnv, IntArray *p){
[INFO] [stderr] warning: dummycrust@0.1.0:       |                          ~~~~~~~~~^~~~
[INFO] [stderr] warning: dummycrust@0.1.0: In file included from src/lsmInt.h:18,
[INFO] [stderr] warning: dummycrust@0.1.0:                  from src/lsm_tree.c:85:
[INFO] [stderr] warning: dummycrust@0.1.0: src/lsm_tree.c: In function 'getChildPtr':
[INFO] [stderr] warning: dummycrust@0.1.0: src/lsm_tree.c:282:28: warning: comparison of integer expressions of different signedness: 'int' and 'long unsigned int' [-Wsign-compare]
[INFO] [stderr] warning: dummycrust@0.1.0:   282 |   assert( iCell>=0 && iCell<=array_size(p->aiChildPtr) );
[INFO] [stderr] warning: dummycrust@0.1.0:       |                            ^~
[INFO] [stderr] warning: dummycrust@0.1.0: src/lsm_tree.c: In function 'treeShmalloc':
[INFO] [stderr] warning: dummycrust@0.1.0: src/lsm_tree.c:628:5: warning: 'static' is not at beginning of declaration [-Wold-style-declaration]
[INFO] [stderr] warning: dummycrust@0.1.0:   628 |     const static int CHUNK_SIZE = LSM_SHM_CHUNK_SIZE;
[INFO] [stderr] warning: dummycrust@0.1.0:       |     ^~~~~
[INFO] [stderr] warning: dummycrust@0.1.0: src/lsm_tree.c:629:5: warning: 'static' is not at beginning of declaration [-Wold-style-declaration]
[INFO] [stderr] warning: dummycrust@0.1.0:   629 |     const static int CHUNK_HDR = LSM_SHM_CHUNK_HDR;
[INFO] [stderr] warning: dummycrust@0.1.0:       |     ^~~~~
[INFO] [stderr] warning: dummycrust@0.1.0: src/lsm_tree.c: In function 'treeHeaderChecksum':
[INFO] [stderr] warning: dummycrust@0.1.0: src/lsm_tree.c:1147:13: warning: comparison of integer expressions of different signedness: 'int' and 'long unsigned int' [-Wsign-compare]
[INFO] [stderr] warning: dummycrust@0.1.0:  1147 |   for(i=0; i<(offsetof(TreeHeader, aCksum) / sizeof(u32)); i+=2){
[INFO] [stderr] warning: dummycrust@0.1.0:       |             ^
[INFO] [stderr] warning: dummycrust@0.1.0: src/lsm_tree.c: In function 'lsmTreeEndTransaction':
[INFO] [stderr] warning: dummycrust@0.1.0: src/lsm_tree.c:2411:44: warning: unused parameter 'bCommit' [-Wunused-parameter]
[INFO] [stderr] warning: dummycrust@0.1.0:  2411 | int lsmTreeEndTransaction(lsm_db *pDb, int bCommit){
[INFO] [stderr] warning: dummycrust@0.1.0:       |                                        ~~~~^~~~~~~
[INFO] [stderr] warning: dummycrust@0.1.0: cc1: warning: src/lsmInt.h: not a directory
[INFO] [stderr] warning: dummycrust@0.1.0: cc1: warning: src/lsm.h: not a directory
[INFO] [stderr] warning: dummycrust@0.1.0: src/lsm_unix.c: In function 'lsmPosixOsSectorSize':
[INFO] [stderr] warning: dummycrust@0.1.0: src/lsm_unix.c:193:43: warning: unused parameter 'pFile' [-Wunused-parameter]
[INFO] [stderr] warning: dummycrust@0.1.0:   193 | static int lsmPosixOsSectorSize(lsm_file *pFile){
[INFO] [stderr] warning: dummycrust@0.1.0:       |                                 ~~~~~~~~~~^~~~~
[INFO] [stderr] warning: dummycrust@0.1.0: src/lsm_unix.c: In function 'lsmPosixOsUnlink':
[INFO] [stderr] warning: dummycrust@0.1.0: src/lsm_unix.c:307:38: warning: unused parameter 'pEnv' [-Wunused-parameter]
[INFO] [stderr] warning: dummycrust@0.1.0:   307 | static int lsmPosixOsUnlink(lsm_env *pEnv, const char *zFile){
[INFO] [stderr] warning: dummycrust@0.1.0:       |                             ~~~~~~~~~^~~~
[INFO] [stderr] warning: dummycrust@0.1.0: In file included from src/lsmInt.h:18,
[INFO] [stderr] warning: dummycrust@0.1.0:                  from src/lsm_unix.c:42:
[INFO] [stderr] warning: dummycrust@0.1.0: src/lsm_unix.c: In function 'lsmPosixOsLock':
[INFO] [stderr] warning: dummycrust@0.1.0: src/lsm_unix.c:321:28: warning: comparison of integer expressions of different signedness: 'int' and 'long unsigned int' [-Wsign-compare]
[INFO] [stderr] warning: dummycrust@0.1.0:   321 |   assert( eType>=0 && eType<array_size(aType) );
[INFO] [stderr] warning: dummycrust@0.1.0:       |                            ^
[INFO] [stderr] warning: dummycrust@0.1.0: src/lsm_unix.c: In function 'lsmPosixOsTestLock':
[INFO] [stderr] warning: dummycrust@0.1.0: src/lsm_unix.c:351:28: warning: comparison of integer expressions of different signedness: 'int' and 'long unsigned int' [-Wsign-compare]
[INFO] [stderr] warning: dummycrust@0.1.0:   351 |   assert( eType>=0 && eType<array_size(aType) );
[INFO] [stderr] warning: dummycrust@0.1.0:       |                            ^
[INFO] [stderr] warning: dummycrust@0.1.0: src/lsm_unix.c: In function 'lsmPosixOsSleep':
[INFO] [stderr] warning: dummycrust@0.1.0: src/lsm_unix.c:458:37: warning: unused parameter 'pEnv' [-Wunused-parameter]
[INFO] [stderr] warning: dummycrust@0.1.0:   458 | static int lsmPosixOsSleep(lsm_env *pEnv, int us){
[INFO] [stderr] warning: dummycrust@0.1.0:       |                            ~~~~~~~~~^~~~
[INFO] [stderr] warning: dummycrust@0.1.0: src/lsm_unix.c: In function 'lsmPosixOsMalloc':
[INFO] [stderr] warning: dummycrust@0.1.0: src/lsm_unix.c:472:40: warning: unused parameter 'pEnv' [-Wunused-parameter]
[INFO] [stderr] warning: dummycrust@0.1.0:   472 | static void *lsmPosixOsMalloc(lsm_env *pEnv, size_t N){
[INFO] [stderr] warning: dummycrust@0.1.0:       |                               ~~~~~~~~~^~~~
[INFO] [stderr] warning: dummycrust@0.1.0: src/lsm_unix.c: In function 'lsmPosixOsFree':
[INFO] [stderr] warning: dummycrust@0.1.0: src/lsm_unix.c:480:37: warning: unused parameter 'pEnv' [-Wunused-parameter]
[INFO] [stderr] warning: dummycrust@0.1.0:   480 | static void lsmPosixOsFree(lsm_env *pEnv, void *p){
[INFO] [stderr] warning: dummycrust@0.1.0:       |                            ~~~~~~~~~^~~~
[INFO] [stderr] warning: dummycrust@0.1.0: src/lsm_unix.c: In function 'lsmPosixOsMSize':
[INFO] [stderr] warning: dummycrust@0.1.0: src/lsm_unix.c:513:40: warning: unused parameter 'pEnv' [-Wunused-parameter]
[INFO] [stderr] warning: dummycrust@0.1.0:   513 | static size_t lsmPosixOsMSize(lsm_env *pEnv, void *p){
[INFO] [stderr] warning: dummycrust@0.1.0:       |                               ~~~~~~~~~^~~~
[INFO] [stderr] warning: dummycrust@0.1.0: src/lsm_unix.c: In function 'lsmPosixOsMutexStatic':
[INFO] [stderr] warning: dummycrust@0.1.0: src/lsm_unix.c:647:12: warning: unused parameter 'pEnv' [-Wunused-parameter]
[INFO] [stderr] warning: dummycrust@0.1.0:   647 |   lsm_env *pEnv,
[INFO] [stderr] warning: dummycrust@0.1.0:       |   ~~~~~~~~~^~~~
[INFO] [stderr] warning: dummycrust@0.1.0: cc1: warning: src/lsmInt.h: not a directory
[INFO] [stderr] warning: dummycrust@0.1.0: cc1: warning: src/lsm.h: not a directory
[INFO] [stderr] warning: dummycrust@0.1.0: cc1: warning: src/lsmInt.h: not a directory
[INFO] [stderr] warning: dummycrust@0.1.0: cc1: warning: src/lsm.h: not a directory
[INFO] [stderr]    Compiling dummycrust v0.1.0 (/opt/rustwide/workdir)
[INFO] [stdout] warning: unused return value of `Box::<T>::from_raw` that must be used
[INFO] [stdout]   --> src/main.rs:28:21
[INFO] [stdout]    |
[INFO] [stdout] 28 |                     Box::from_raw(ptr);
[INFO] [stdout]    |                     ^^^^^^^^^^^^^^^^^^
[INFO] [stdout] ...
[INFO] [stdout] 42 | to_raw!(i8);
[INFO] [stdout]    | ----------- in this macro invocation
[INFO] [stdout]    |
[INFO] [stdout]    = note: call `drop(Box::from_raw(ptr))` if you intend to drop the `Box`
[INFO] [stdout]    = note: `#[warn(unused_must_use)]` on by default
[INFO] [stdout]    = note: this warning originates in the macro `to_raw` (in Nightly builds, run with -Z macro-backtrace for more info)
[INFO] [stdout] help: use `let _ = ...` to ignore the resulting value
[INFO] [stdout]    |
[INFO] [stdout] 28 |                     let _ = Box::from_raw(ptr);
[INFO] [stdout]    |                     +++++++
[INFO] [stdout] 
[INFO] [stdout] 
[INFO] [stdout] warning: unused return value of `Box::<T>::from_raw` that must be used
[INFO] [stdout]   --> src/main.rs:28:21
[INFO] [stdout]    |
[INFO] [stdout] 28 |                     Box::from_raw(ptr);
[INFO] [stdout]    |                     ^^^^^^^^^^^^^^^^^^
[INFO] [stdout] ...
[INFO] [stdout] 43 | to_raw!(i16);
[INFO] [stdout]    | ------------ in this macro invocation
[INFO] [stdout]    |
[INFO] [stdout]    = note: call `drop(Box::from_raw(ptr))` if you intend to drop the `Box`
[INFO] [stdout]    = note: this warning originates in the macro `to_raw` (in Nightly builds, run with -Z macro-backtrace for more info)
[INFO] [stdout] help: use `let _ = ...` to ignore the resulting value
[INFO] [stdout]    |
[INFO] [stdout] 28 |                     let _ = Box::from_raw(ptr);
[INFO] [stdout]    |                     +++++++
[INFO] [stdout] 
[INFO] [stdout] 
[INFO] [stdout] warning: unused return value of `Box::<T>::from_raw` that must be used
[INFO] [stdout]   --> src/main.rs:28:21
[INFO] [stdout]    |
[INFO] [stdout] 28 |                     Box::from_raw(ptr);
[INFO] [stdout]    |                     ^^^^^^^^^^^^^^^^^^
[INFO] [stdout] ...
[INFO] [stdout] 44 | to_raw!(i32);
[INFO] [stdout]    | ------------ in this macro invocation
[INFO] [stdout]    |
[INFO] [stdout]    = note: call `drop(Box::from_raw(ptr))` if you intend to drop the `Box`
[INFO] [stdout]    = note: this warning originates in the macro `to_raw` (in Nightly builds, run with -Z macro-backtrace for more info)
[INFO] [stdout] help: use `let _ = ...` to ignore the resulting value
[INFO] [stdout]    |
[INFO] [stdout] 28 |                     let _ = Box::from_raw(ptr);
[INFO] [stdout]    |                     +++++++
[INFO] [stdout] 
[INFO] [stdout] 
[INFO] [stdout] warning: unused return value of `Box::<T>::from_raw` that must be used
[INFO] [stdout]   --> src/main.rs:28:21
[INFO] [stdout]    |
[INFO] [stdout] 28 |                     Box::from_raw(ptr);
[INFO] [stdout]    |                     ^^^^^^^^^^^^^^^^^^
[INFO] [stdout] ...
[INFO] [stdout] 45 | to_raw!(i64); //test
[INFO] [stdout]    | ------------ in this macro invocation
[INFO] [stdout]    |
[INFO] [stdout]    = note: call `drop(Box::from_raw(ptr))` if you intend to drop the `Box`
[INFO] [stdout]    = note: this warning originates in the macro `to_raw` (in Nightly builds, run with -Z macro-backtrace for more info)
[INFO] [stdout] help: use `let _ = ...` to ignore the resulting value
[INFO] [stdout]    |
[INFO] [stdout] 28 |                     let _ = Box::from_raw(ptr);
[INFO] [stdout]    |                     +++++++
[INFO] [stdout] 
[INFO] [stdout] 
[INFO] [stdout] warning: unused return value of `Box::<T>::from_raw` that must be used
[INFO] [stdout]   --> src/main.rs:28:21
[INFO] [stdout]    |
[INFO] [stdout] 28 |                     Box::from_raw(ptr);
[INFO] [stdout]    |                     ^^^^^^^^^^^^^^^^^^
[INFO] [stdout] ...
[INFO] [stdout] 46 | to_raw!(u8);
[INFO] [stdout]    | ----------- in this macro invocation
[INFO] [stdout]    |
[INFO] [stdout]    = note: call `drop(Box::from_raw(ptr))` if you intend to drop the `Box`
[INFO] [stdout]    = note: this warning originates in the macro `to_raw` (in Nightly builds, run with -Z macro-backtrace for more info)
[INFO] [stdout] help: use `let _ = ...` to ignore the resulting value
[INFO] [stdout]    |
[INFO] [stdout] 28 |                     let _ = Box::from_raw(ptr);
[INFO] [stdout]    |                     +++++++
[INFO] [stdout] 
[INFO] [stdout] 
[INFO] [stdout] warning: unused return value of `Box::<T>::from_raw` that must be used
[INFO] [stdout]   --> src/main.rs:28:21
[INFO] [stdout]    |
[INFO] [stdout] 28 |                     Box::from_raw(ptr);
[INFO] [stdout]    |                     ^^^^^^^^^^^^^^^^^^
[INFO] [stdout] ...
[INFO] [stdout] 47 | to_raw!(u16);
[INFO] [stdout]    | ------------ in this macro invocation
[INFO] [stdout]    |
[INFO] [stdout]    = note: call `drop(Box::from_raw(ptr))` if you intend to drop the `Box`
[INFO] [stdout]    = note: this warning originates in the macro `to_raw` (in Nightly builds, run with -Z macro-backtrace for more info)
[INFO] [stdout] help: use `let _ = ...` to ignore the resulting value
[INFO] [stdout]    |
[INFO] [stdout] 28 |                     let _ = Box::from_raw(ptr);
[INFO] [stdout]    |                     +++++++
[INFO] [stdout] 
[INFO] [stdout] 
[INFO] [stdout] warning: unused return value of `Box::<T>::from_raw` that must be used
[INFO] [stdout]   --> src/main.rs:28:21
[INFO] [stdout]    |
[INFO] [stdout] 28 |                     Box::from_raw(ptr);
[INFO] [stdout]    |                     ^^^^^^^^^^^^^^^^^^
[INFO] [stdout] ...
[INFO] [stdout] 48 | to_raw!(u32);
[INFO] [stdout]    | ------------ in this macro invocation
[INFO] [stdout]    |
[INFO] [stdout]    = note: call `drop(Box::from_raw(ptr))` if you intend to drop the `Box`
[INFO] [stdout]    = note: this warning originates in the macro `to_raw` (in Nightly builds, run with -Z macro-backtrace for more info)
[INFO] [stdout] help: use `let _ = ...` to ignore the resulting value
[INFO] [stdout]    |
[INFO] [stdout] 28 |                     let _ = Box::from_raw(ptr);
[INFO] [stdout]    |                     +++++++
[INFO] [stdout] 
[INFO] [stdout] 
[INFO] [stdout] warning: unused return value of `Box::<T>::from_raw` that must be used
[INFO] [stdout]   --> src/main.rs:28:21
[INFO] [stdout]    |
[INFO] [stdout] 28 |                     Box::from_raw(ptr);
[INFO] [stdout]    |                     ^^^^^^^^^^^^^^^^^^
[INFO] [stdout] ...
[INFO] [stdout] 49 | to_raw!(u64); //test
[INFO] [stdout]    | ------------ in this macro invocation
[INFO] [stdout]    |
[INFO] [stdout]    = note: call `drop(Box::from_raw(ptr))` if you intend to drop the `Box`
[INFO] [stdout]    = note: this warning originates in the macro `to_raw` (in Nightly builds, run with -Z macro-backtrace for more info)
[INFO] [stdout] help: use `let _ = ...` to ignore the resulting value
[INFO] [stdout]    |
[INFO] [stdout] 28 |                     let _ = Box::from_raw(ptr);
[INFO] [stdout]    |                     +++++++
[INFO] [stdout] 
[INFO] [stdout] 
[INFO] [stdout] warning: unused `Result` that must be used
[INFO] [stdout]    --> src/main.rs:306:9
[INFO] [stdout]     |
[INFO] [stdout] 306 |         lsm.insert("1", "1");
[INFO] [stdout]     |         ^^^^^^^^^^^^^^^^^^^^
[INFO] [stdout]     |
[INFO] [stdout]     = note: this `Result` may be an `Err` variant, which should be handled
[INFO] [stdout] help: use `let _ = ...` to ignore the resulting value
[INFO] [stdout]     |
[INFO] [stdout] 306 |         let _ = lsm.insert("1", "1");
[INFO] [stdout]     |         +++++++
[INFO] [stdout] 
[INFO] [stdout] 
[INFO] [stdout] warning: unused `Result` that must be used
[INFO] [stdout]    --> src/main.rs:307:9
[INFO] [stdout]     |
[INFO] [stdout] 307 |         lsm.insert("2", "2");
[INFO] [stdout]     |         ^^^^^^^^^^^^^^^^^^^^
[INFO] [stdout]     |
[INFO] [stdout]     = note: this `Result` may be an `Err` variant, which should be handled
[INFO] [stdout] help: use `let _ = ...` to ignore the resulting value
[INFO] [stdout]     |
[INFO] [stdout] 307 |         let _ = lsm.insert("2", "2");
[INFO] [stdout]     |         +++++++
[INFO] [stdout] 
[INFO] [stdout] 
[INFO] [stdout] warning: unused `Result` that must be used
[INFO] [stdout]    --> src/main.rs:318:9
[INFO] [stdout]     |
[INFO] [stdout] 318 |         lsm.insert("1".to_string(), "1".to_string());
[INFO] [stdout]     |         ^^^^^^^^^^^^^^^^^^^^^^^^^^^^^^^^^^^^^^^^^^^^
[INFO] [stdout]     |
[INFO] [stdout]     = note: this `Result` may be an `Err` variant, which should be handled
[INFO] [stdout] help: use `let _ = ...` to ignore the resulting value
[INFO] [stdout]     |
[INFO] [stdout] 318 |         let _ = lsm.insert("1".to_string(), "1".to_string());
[INFO] [stdout]     |         +++++++
[INFO] [stdout] 
[INFO] [stdout] 
[INFO] [stdout] warning: unused `Result` that must be used
[INFO] [stdout]    --> src/main.rs:319:9
[INFO] [stdout]     |
[INFO] [stdout] 319 |         lsm.insert("2".to_string(), "2".to_string());
[INFO] [stdout]     |         ^^^^^^^^^^^^^^^^^^^^^^^^^^^^^^^^^^^^^^^^^^^^
[INFO] [stdout]     |
[INFO] [stdout]     = note: this `Result` may be an `Err` variant, which should be handled
[INFO] [stdout] help: use `let _ = ...` to ignore the resulting value
[INFO] [stdout]     |
[INFO] [stdout] 319 |         let _ = lsm.insert("2".to_string(), "2".to_string());
[INFO] [stdout]     |         +++++++
[INFO] [stdout] 
[INFO] [stdout] 
[INFO] [stdout] warning: unused `Result` that must be used
[INFO] [stdout]    --> src/main.rs:338:13
[INFO] [stdout]     |
[INFO] [stdout] 338 |             lsm.insert(k.as_str(), v.as_str());
[INFO] [stdout]     |             ^^^^^^^^^^^^^^^^^^^^^^^^^^^^^^^^^^
[INFO] [stdout]     |
[INFO] [stdout]     = note: this `Result` may be an `Err` variant, which should be handled
[INFO] [stdout] help: use `let _ = ...` to ignore the resulting value
[INFO] [stdout]     |
[INFO] [stdout] 338 |             let _ = lsm.insert(k.as_str(), v.as_str());
[INFO] [stdout]     |             +++++++
[INFO] [stdout] 
[INFO] [stdout] 
[INFO] [stdout] warning: 13 warnings emitted
[INFO] [stdout] 
[INFO] [stdout] 
[INFO] [stderr]     Finished test [unoptimized + debuginfo] target(s) in 0.50s
[INFO] running `Command { std: "docker" "inspect" "151fbafc37dc45c78146af9344ac44bb3b5801f662816fd868f22b013792ba3f", kill_on_drop: false }`
[INFO] running `Command { std: "docker" "rm" "-f" "151fbafc37dc45c78146af9344ac44bb3b5801f662816fd868f22b013792ba3f", kill_on_drop: false }`
[INFO] [stdout] 151fbafc37dc45c78146af9344ac44bb3b5801f662816fd868f22b013792ba3f
[INFO] running `Command { std: "docker" "create" "-v" "/var/lib/crater-agent-workspace/builds/worker-0-tc2/target:/opt/rustwide/target:rw,Z" "-v" "/var/lib/crater-agent-workspace/builds/worker-0-tc2/source:/opt/rustwide/workdir:ro,Z" "-v" "/var/lib/crater-agent-workspace/cargo-home:/opt/rustwide/cargo-home:ro,Z" "-v" "/var/lib/crater-agent-workspace/rustup-home:/opt/rustwide/rustup-home:ro,Z" "-e" "SOURCE_DIR=/opt/rustwide/workdir" "-e" "CARGO_TARGET_DIR=/opt/rustwide/target" "-e" "CARGO_INCREMENTAL=0" "-e" "RUST_BACKTRACE=full" "-e" "RUSTFLAGS=--cap-lints=warn" "-e" "RUSTDOCFLAGS=--cap-lints=warn" "-e" "CARGO_HOME=/opt/rustwide/cargo-home" "-e" "RUSTUP_HOME=/opt/rustwide/rustup-home" "-w" "/opt/rustwide/workdir" "-m" "1610612736" "--user" "0:0" "--network" "none" "ghcr.io/rust-lang/crates-build-env/linux@sha256:2788e3201cd34a07e3172128adcd8b3090168a8e3bcc40d7c032b9dda1df7d1c" "/opt/rustwide/cargo-home/bin/cargo" "+beta-2023-12-22" "test" "--frozen", kill_on_drop: false }`
[INFO] [stdout] 78ff1c6e6776a493566e60ba7d647f07ec2540d439742afa0c633ae832eaf0b2
[INFO] running `Command { std: "docker" "start" "-a" "78ff1c6e6776a493566e60ba7d647f07ec2540d439742afa0c633ae832eaf0b2", kill_on_drop: false }`
[INFO] [stderr] warning: dummycrust@0.1.0: cc1: warning: src/lsmInt.h: not a directory
[INFO] [stderr] warning: dummycrust@0.1.0: cc1: warning: src/lsm.h: not a directory
[INFO] [stderr] warning: dummycrust@0.1.0: src/lsm_ckpt.c: In function 'lsmCheckpointLoad':
[INFO] [stderr] warning: dummycrust@0.1.0: src/lsm_ckpt.c:875:13: warning: comparison of integer expressions of different signedness: 'int' and 'long unsigned int' [-Wsign-compare]
[INFO] [stderr] warning: dummycrust@0.1.0:   875 |     if( nInt<=(LSM_META_RW_PAGE_SIZE / sizeof(u32)) ){
[INFO] [stderr] warning: dummycrust@0.1.0:       |             ^~
[INFO] [stderr] warning: dummycrust@0.1.0: src/lsm_ckpt.c:884:13: warning: comparison of integer expressions of different signedness: 'int' and 'long unsigned int' [-Wsign-compare]
[INFO] [stderr] warning: dummycrust@0.1.0:   884 |     if( nInt<=(LSM_META_RW_PAGE_SIZE / sizeof(u32)) ){
[INFO] [stderr] warning: dummycrust@0.1.0:       |             ^~
[INFO] [stderr] warning: dummycrust@0.1.0: src/lsm_ckpt.c: In function 'lsmCheckpointSynced':
[INFO] [stderr] warning: dummycrust@0.1.0: src/lsm_ckpt.c:1127:16: warning: comparison of integer expressions of different signedness: 'int' and 'long unsigned int' [-Wsign-compare]
[INFO] [stderr] warning: dummycrust@0.1.0:  1127 |       if( nCkpt<(LSM_META_RW_PAGE_SIZE/sizeof(u32)) ){
[INFO] [stderr] warning: dummycrust@0.1.0:       |                ^
[INFO] [stderr] warning: dummycrust@0.1.0: cc1: warning: src/lsmInt.h: not a directory
[INFO] [stderr] warning: dummycrust@0.1.0: cc1: warning: src/lsm.h: not a directory
[INFO] [stderr] warning: dummycrust@0.1.0: src/lsm_file.c: In function 'assert_lists_are_ok':
[INFO] [stderr] warning: dummycrust@0.1.0: src/lsm_file.c:337:45: warning: unused parameter 'pFS' [-Wunused-parameter]
[INFO] [stderr] warning: dummycrust@0.1.0:   337 | static void assert_lists_are_ok(FileSystem *pFS){
[INFO] [stderr] warning: dummycrust@0.1.0:       |                                 ~~~~~~~~~~~~^~~
[INFO] [stderr] warning: dummycrust@0.1.0: src/lsm_file.c: In function 'lsmFsSyncDb':
[INFO] [stderr] warning: dummycrust@0.1.0: src/lsm_file.c:1167:38: warning: unused parameter 'nBlock' [-Wunused-parameter]
[INFO] [stderr] warning: dummycrust@0.1.0:  1167 | int lsmFsSyncDb(FileSystem *pFS, int nBlock){
[INFO] [stderr] warning: dummycrust@0.1.0:       |                                  ~~~~^~~~~~
[INFO] [stderr] warning: dummycrust@0.1.0: src/lsm_file.c: In function 'lsmFsSortedAppend':
[INFO] [stderr] warning: dummycrust@0.1.0: src/lsm_file.c:2099:13: warning: unused parameter 'pSnapshot' [-Wunused-parameter]
[INFO] [stderr] warning: dummycrust@0.1.0:  2099 |   Snapshot *pSnapshot,
[INFO] [stderr] warning: dummycrust@0.1.0:       |   ~~~~~~~~~~^~~~~~~~~
[INFO] [stderr] warning: dummycrust@0.1.0: src/lsm_file.c: In function 'lsmFsSortedPadding':
[INFO] [stderr] warning: dummycrust@0.1.0: src/lsm_file.c:2807:13: warning: unused parameter 'pSnapshot' [-Wunused-parameter]
[INFO] [stderr] warning: dummycrust@0.1.0:  2807 |   Snapshot *pSnapshot,
[INFO] [stderr] warning: dummycrust@0.1.0:       |   ~~~~~~~~~~^~~~~~~~~
[INFO] [stderr] warning: dummycrust@0.1.0: src/lsm_file.c: In function 'lsmFsSegmentContainsPg':
[INFO] [stderr] warning: dummycrust@0.1.0: src/lsm_file.c:3043:11: warning: unused parameter 'iPg' [-Wunused-parameter]
[INFO] [stderr] warning: dummycrust@0.1.0:  3043 |   LsmPgno iPg,
[INFO] [stderr] warning: dummycrust@0.1.0:       |   ~~~~~~~~^~~
[INFO] [stderr] warning: dummycrust@0.1.0: src/lsm_file.c: In function 'checkBlocks':
[INFO] [stderr] warning: dummycrust@0.1.0: src/lsm_file.c:3155:7: warning: unused parameter 'nUsed' [-Wunused-parameter]
[INFO] [stderr] warning: dummycrust@0.1.0:  3155 |   int nUsed,
[INFO] [stderr] warning: dummycrust@0.1.0:       |   ~~~~^~~~~
[INFO] [stderr] warning: dummycrust@0.1.0: src/lsm_file.c: In function 'checkFreelistCb':
[INFO] [stderr] warning: dummycrust@0.1.0: src/lsm_file.c:3226:54: warning: unused parameter 'iSnapshot' [-Wunused-parameter]
[INFO] [stderr] warning: dummycrust@0.1.0:  3226 | static int checkFreelistCb(void *pCtx, int iBlk, i64 iSnapshot){
[INFO] [stderr] warning: dummycrust@0.1.0:       |                                                  ~~~~^~~~~~~~~
[INFO] [stderr] warning: dummycrust@0.1.0: cc1: warning: src/lsmInt.h: not a directory
[INFO] [stderr] warning: dummycrust@0.1.0: cc1: warning: src/lsm.h: not a directory
[INFO] [stderr] warning: dummycrust@0.1.0: cc1: warning: src/lsmInt.h: not a directory
[INFO] [stderr] warning: dummycrust@0.1.0: cc1: warning: src/lsm.h: not a directory
[INFO] [stderr] warning: dummycrust@0.1.0: cc1: warning: src/lsmInt.h: not a directory
[INFO] [stderr] warning: dummycrust@0.1.0: cc1: warning: src/lsm.h: not a directory
[INFO] [stderr] warning: dummycrust@0.1.0: cc1: warning: src/lsmInt.h: not a directory
[INFO] [stderr] warning: dummycrust@0.1.0: cc1: warning: src/lsm.h: not a directory
[INFO] [stderr] warning: dummycrust@0.1.0: cc1: warning: src/lsmInt.h: not a directory
[INFO] [stderr] warning: dummycrust@0.1.0: cc1: warning: src/lsm.h: not a directory
[INFO] [stderr] warning: dummycrust@0.1.0: src/lsm_shared.c: In function 'dbTruncate':
[INFO] [stderr] warning: dummycrust@0.1.0: src/lsm_shared.c:178:31: warning: unused parameter 'pDb' [-Wunused-parameter]
[INFO] [stderr] warning: dummycrust@0.1.0:   178 | static int dbTruncate(lsm_db *pDb, i64 iInUse){
[INFO] [stderr] warning: dummycrust@0.1.0:       |                       ~~~~~~~~^~~
[INFO] [stderr] warning: dummycrust@0.1.0: src/lsm_shared.c:178:40: warning: unused parameter 'iInUse' [-Wunused-parameter]
[INFO] [stderr] warning: dummycrust@0.1.0:   178 | static int dbTruncate(lsm_db *pDb, i64 iInUse){
[INFO] [stderr] warning: dummycrust@0.1.0:       |                                    ~~~~^~~~~~
[INFO] [stderr] warning: dummycrust@0.1.0: src/lsm_shared.c: In function 'lsmShmLock':
[INFO] [stderr] warning: dummycrust@0.1.0: src/lsm_shared.c:1782:7: warning: unused parameter 'bBlock' [-Wunused-parameter]
[INFO] [stderr] warning: dummycrust@0.1.0:  1782 |   int bBlock                      /* True for a blocking lock */
[INFO] [stderr] warning: dummycrust@0.1.0:       |   ~~~~^~~~~~
[INFO] [stderr] warning: dummycrust@0.1.0: cc1: warning: src/lsmInt.h: not a directory
[INFO] [stderr] warning: dummycrust@0.1.0: cc1: warning: src/lsm.h: not a directory
[INFO] [stderr] warning: dummycrust@0.1.0: src/lsm_sorted.c: In function 'btreeCursorRestore':
[INFO] [stderr] warning: dummycrust@0.1.0: src/lsm_sorted.c:869:7: warning: missing initializer for field 'nAlloc' of 'LsmBlob' [-Wmissing-field-initializers]
[INFO] [stderr] warning: dummycrust@0.1.0:   869 |       LsmBlob blob = {0,0,0};
[INFO] [stderr] warning: dummycrust@0.1.0:       |       ^~~~~~~
[INFO] [stderr] warning: dummycrust@0.1.0: src/lsm_sorted.c:113:7: note: 'nAlloc' declared here
[INFO] [stderr] warning: dummycrust@0.1.0:   113 |   int nAlloc;
[INFO] [stderr] warning: dummycrust@0.1.0:       |       ^~~~~~
[INFO] [stderr] warning: dummycrust@0.1.0: src/lsm_sorted.c: In function 'seekInBtree':
[INFO] [stderr] warning: dummycrust@0.1.0: src/lsm_sorted.c:1778:3: warning: missing initializer for field 'nAlloc' of 'LsmBlob' [-Wmissing-field-initializers]
[INFO] [stderr] warning: dummycrust@0.1.0:  1778 |   LsmBlob blob = {0, 0, 0};
[INFO] [stderr] warning: dummycrust@0.1.0:       |   ^~~~~~~
[INFO] [stderr] warning: dummycrust@0.1.0: src/lsm_sorted.c:113:7: note: 'nAlloc' declared here
[INFO] [stderr] warning: dummycrust@0.1.0:   113 |   int nAlloc;
[INFO] [stderr] warning: dummycrust@0.1.0:       |       ^~~~~~
[INFO] [stderr] warning: dummycrust@0.1.0: src/lsm_sorted.c: In function 'mergeWorkerMoveHierarchy':
[INFO] [stderr] warning: dummycrust@0.1.0: src/lsm_sorted.c:3396:7: warning: unused parameter 'bSep' [-Wunused-parameter]
[INFO] [stderr] warning: dummycrust@0.1.0:  3396 |   int bSep                        /* True for separators run */
[INFO] [stderr] warning: dummycrust@0.1.0:       |   ~~~~^~~~
[INFO] [stderr] warning: dummycrust@0.1.0: src/lsm_sorted.c: In function 'mergeWorkerData':
[INFO] [stderr] warning: dummycrust@0.1.0: src/lsm_sorted.c:3874:7: warning: unused parameter 'bSep' [-Wunused-parameter]
[INFO] [stderr] warning: dummycrust@0.1.0:  3874 |   int bSep,                       /* True to write to separators run */
[INFO] [stderr] warning: dummycrust@0.1.0:       |   ~~~~^~~~
[INFO] [stderr] warning: dummycrust@0.1.0: src/lsm_sorted.c: In function 'moveBlockCb':
[INFO] [stderr] warning: dummycrust@0.1.0: src/lsm_sorted.c:4770:50: warning: unused parameter 'iSnapshot' [-Wunused-parameter]
[INFO] [stderr] warning: dummycrust@0.1.0:  4770 | static int moveBlockCb(void *pCtx, int iBlk, i64 iSnapshot){
[INFO] [stderr] warning: dummycrust@0.1.0:       |                                              ~~~~^~~~~~~~~
[INFO] [stderr] warning: dummycrust@0.1.0: src/lsm_sorted.c: In function 'sortedDumpPage':
[INFO] [stderr] warning: dummycrust@0.1.0: src/lsm_sorted.c:5534:3: warning: missing initializer for field 'nAlloc' of 'LsmBlob' [-Wmissing-field-initializers]
[INFO] [stderr] warning: dummycrust@0.1.0:  5534 |   LsmBlob blob = {0, 0, 0};       /* LsmBlob used for keys */
[INFO] [stderr] warning: dummycrust@0.1.0:       |   ^~~~~~~
[INFO] [stderr] warning: dummycrust@0.1.0: src/lsm_sorted.c:113:7: note: 'nAlloc' declared here
[INFO] [stderr] warning: dummycrust@0.1.0:   113 |   int nAlloc;
[INFO] [stderr] warning: dummycrust@0.1.0:       |       ^~~~~~
[INFO] [stderr] warning: dummycrust@0.1.0: cc1: warning: src/lsmInt.h: not a directory
[INFO] [stderr] warning: dummycrust@0.1.0: cc1: warning: src/lsm.h: not a directory
[INFO] [stderr] warning: dummycrust@0.1.0: cc1: warning: src/lsmInt.h: not a directory
[INFO] [stderr] warning: dummycrust@0.1.0: cc1: warning: src/lsm.h: not a directory
[INFO] [stderr] warning: dummycrust@0.1.0: src/lsm_tree.c: In function 'intArrayFree':
[INFO] [stderr] warning: dummycrust@0.1.0: src/lsm_tree.c:240:35: warning: unused parameter 'pEnv' [-Wunused-parameter]
[INFO] [stderr] warning: dummycrust@0.1.0:   240 | static void intArrayFree(lsm_env *pEnv, IntArray *p){
[INFO] [stderr] warning: dummycrust@0.1.0:       |                          ~~~~~~~~~^~~~
[INFO] [stderr] warning: dummycrust@0.1.0: In file included from src/lsmInt.h:18,
[INFO] [stderr] warning: dummycrust@0.1.0:                  from src/lsm_tree.c:85:
[INFO] [stderr] warning: dummycrust@0.1.0: src/lsm_tree.c: In function 'getChildPtr':
[INFO] [stderr] warning: dummycrust@0.1.0: src/lsm_tree.c:282:28: warning: comparison of integer expressions of different signedness: 'int' and 'long unsigned int' [-Wsign-compare]
[INFO] [stderr] warning: dummycrust@0.1.0:   282 |   assert( iCell>=0 && iCell<=array_size(p->aiChildPtr) );
[INFO] [stderr] warning: dummycrust@0.1.0:       |                            ^~
[INFO] [stderr] warning: dummycrust@0.1.0: src/lsm_tree.c: In function 'treeShmalloc':
[INFO] [stderr] warning: dummycrust@0.1.0: src/lsm_tree.c:628:5: warning: 'static' is not at beginning of declaration [-Wold-style-declaration]
[INFO] [stderr] warning: dummycrust@0.1.0:   628 |     const static int CHUNK_SIZE = LSM_SHM_CHUNK_SIZE;
[INFO] [stderr] warning: dummycrust@0.1.0:       |     ^~~~~
[INFO] [stderr] warning: dummycrust@0.1.0: src/lsm_tree.c:629:5: warning: 'static' is not at beginning of declaration [-Wold-style-declaration]
[INFO] [stderr] warning: dummycrust@0.1.0:   629 |     const static int CHUNK_HDR = LSM_SHM_CHUNK_HDR;
[INFO] [stderr] warning: dummycrust@0.1.0:       |     ^~~~~
[INFO] [stderr] warning: dummycrust@0.1.0: src/lsm_tree.c: In function 'treeHeaderChecksum':
[INFO] [stderr] warning: dummycrust@0.1.0: src/lsm_tree.c:1147:13: warning: comparison of integer expressions of different signedness: 'int' and 'long unsigned int' [-Wsign-compare]
[INFO] [stderr] warning: dummycrust@0.1.0:  1147 |   for(i=0; i<(offsetof(TreeHeader, aCksum) / sizeof(u32)); i+=2){
[INFO] [stderr] warning: dummycrust@0.1.0:       |             ^
[INFO] [stderr] warning: dummycrust@0.1.0: src/lsm_tree.c: In function 'lsmTreeEndTransaction':
[INFO] [stderr] warning: dummycrust@0.1.0: src/lsm_tree.c:2411:44: warning: unused parameter 'bCommit' [-Wunused-parameter]
[INFO] [stderr] warning: dummycrust@0.1.0:  2411 | int lsmTreeEndTransaction(lsm_db *pDb, int bCommit){
[INFO] [stderr] warning: dummycrust@0.1.0:       |                                        ~~~~^~~~~~~
[INFO] [stderr] warning: dummycrust@0.1.0: cc1: warning: src/lsmInt.h: not a directory
[INFO] [stderr] warning: dummycrust@0.1.0: cc1: warning: src/lsm.h: not a directory
[INFO] [stderr] warning: dummycrust@0.1.0: src/lsm_unix.c: In function 'lsmPosixOsSectorSize':
[INFO] [stderr] warning: dummycrust@0.1.0: src/lsm_unix.c:193:43: warning: unused parameter 'pFile' [-Wunused-parameter]
[INFO] [stderr] warning: dummycrust@0.1.0:   193 | static int lsmPosixOsSectorSize(lsm_file *pFile){
[INFO] [stderr] warning: dummycrust@0.1.0:       |                                 ~~~~~~~~~~^~~~~
[INFO] [stderr] warning: dummycrust@0.1.0: src/lsm_unix.c: In function 'lsmPosixOsUnlink':
[INFO] [stderr] warning: dummycrust@0.1.0: src/lsm_unix.c:307:38: warning: unused parameter 'pEnv' [-Wunused-parameter]
[INFO] [stderr] warning: dummycrust@0.1.0:   307 | static int lsmPosixOsUnlink(lsm_env *pEnv, const char *zFile){
[INFO] [stderr] warning: dummycrust@0.1.0:       |                             ~~~~~~~~~^~~~
[INFO] [stderr] warning: dummycrust@0.1.0: In file included from src/lsmInt.h:18,
[INFO] [stderr] warning: dummycrust@0.1.0:                  from src/lsm_unix.c:42:
[INFO] [stderr] warning: dummycrust@0.1.0: src/lsm_unix.c: In function 'lsmPosixOsLock':
[INFO] [stderr] warning: dummycrust@0.1.0: src/lsm_unix.c:321:28: warning: comparison of integer expressions of different signedness: 'int' and 'long unsigned int' [-Wsign-compare]
[INFO] [stderr] warning: dummycrust@0.1.0:   321 |   assert( eType>=0 && eType<array_size(aType) );
[INFO] [stderr] warning: dummycrust@0.1.0:       |                            ^
[INFO] [stderr] warning: dummycrust@0.1.0: src/lsm_unix.c: In function 'lsmPosixOsTestLock':
[INFO] [stderr] warning: dummycrust@0.1.0: src/lsm_unix.c:351:28: warning: comparison of integer expressions of different signedness: 'int' and 'long unsigned int' [-Wsign-compare]
[INFO] [stderr] warning: dummycrust@0.1.0:   351 |   assert( eType>=0 && eType<array_size(aType) );
[INFO] [stderr] warning: dummycrust@0.1.0:       |                            ^
[INFO] [stderr] warning: dummycrust@0.1.0: src/lsm_unix.c: In function 'lsmPosixOsSleep':
[INFO] [stderr] warning: dummycrust@0.1.0: src/lsm_unix.c:458:37: warning: unused parameter 'pEnv' [-Wunused-parameter]
[INFO] [stderr] warning: dummycrust@0.1.0:   458 | static int lsmPosixOsSleep(lsm_env *pEnv, int us){
[INFO] [stderr] warning: dummycrust@0.1.0:       |                            ~~~~~~~~~^~~~
[INFO] [stderr] warning: dummycrust@0.1.0: src/lsm_unix.c: In function 'lsmPosixOsMalloc':
[INFO] [stderr] warning: dummycrust@0.1.0: src/lsm_unix.c:472:40: warning: unused parameter 'pEnv' [-Wunused-parameter]
[INFO] [stderr] warning: dummycrust@0.1.0:   472 | static void *lsmPosixOsMalloc(lsm_env *pEnv, size_t N){
[INFO] [stderr] warning: dummycrust@0.1.0:       |                               ~~~~~~~~~^~~~
[INFO] [stderr] warning: dummycrust@0.1.0: src/lsm_unix.c: In function 'lsmPosixOsFree':
[INFO] [stderr] warning: dummycrust@0.1.0: src/lsm_unix.c:480:37: warning: unused parameter 'pEnv' [-Wunused-parameter]
[INFO] [stderr] warning: dummycrust@0.1.0:   480 | static void lsmPosixOsFree(lsm_env *pEnv, void *p){
[INFO] [stderr] warning: dummycrust@0.1.0:       |                            ~~~~~~~~~^~~~
[INFO] [stderr] warning: dummycrust@0.1.0: src/lsm_unix.c: In function 'lsmPosixOsMSize':
[INFO] [stderr] warning: dummycrust@0.1.0: src/lsm_unix.c:513:40: warning: unused parameter 'pEnv' [-Wunused-parameter]
[INFO] [stderr] warning: dummycrust@0.1.0:   513 | static size_t lsmPosixOsMSize(lsm_env *pEnv, void *p){
[INFO] [stderr] warning: dummycrust@0.1.0:       |                               ~~~~~~~~~^~~~
[INFO] [stderr] warning: dummycrust@0.1.0: src/lsm_unix.c: In function 'lsmPosixOsMutexStatic':
[INFO] [stderr] warning: dummycrust@0.1.0: src/lsm_unix.c:647:12: warning: unused parameter 'pEnv' [-Wunused-parameter]
[INFO] [stderr] warning: dummycrust@0.1.0:   647 |   lsm_env *pEnv,
[INFO] [stderr] warning: dummycrust@0.1.0:       |   ~~~~~~~~~^~~~
[INFO] [stderr] warning: dummycrust@0.1.0: cc1: warning: src/lsmInt.h: not a directory
[INFO] [stderr] warning: dummycrust@0.1.0: cc1: warning: src/lsm.h: not a directory
[INFO] [stderr] warning: dummycrust@0.1.0: cc1: warning: src/lsmInt.h: not a directory
[INFO] [stderr] warning: dummycrust@0.1.0: cc1: warning: src/lsm.h: not a directory
[INFO] [stderr] warning: unused return value of `Box::<T>::from_raw` that must be used
[INFO] [stderr]   --> src/main.rs:28:21
[INFO] [stderr]    |
[INFO] [stderr] 28 |                     Box::from_raw(ptr);
[INFO] [stderr]    |                     ^^^^^^^^^^^^^^^^^^
[INFO] [stderr] ...
[INFO] [stderr] 42 | to_raw!(i8);
[INFO] [stderr]    | ----------- in this macro invocation
[INFO] [stderr]    |
[INFO] [stderr]    = note: call `drop(Box::from_raw(ptr))` if you intend to drop the `Box`
[INFO] [stderr]    = note: `#[warn(unused_must_use)]` on by default
[INFO] [stderr]    = note: this warning originates in the macro `to_raw` (in Nightly builds, run with -Z macro-backtrace for more info)
[INFO] [stderr] help: use `let _ = ...` to ignore the resulting value
[INFO] [stderr]    |
[INFO] [stderr] 28 |                     let _ = Box::from_raw(ptr);
[INFO] [stderr]    |                     +++++++
[INFO] [stderr] 
[INFO] [stderr] warning: unused return value of `Box::<T>::from_raw` that must be used
[INFO] [stderr]   --> src/main.rs:28:21
[INFO] [stderr]    |
[INFO] [stderr] 28 |                     Box::from_raw(ptr);
[INFO] [stderr]    |                     ^^^^^^^^^^^^^^^^^^
[INFO] [stderr] ...
[INFO] [stderr] 43 | to_raw!(i16);
[INFO] [stderr]    | ------------ in this macro invocation
[INFO] [stderr]    |
[INFO] [stderr]    = note: call `drop(Box::from_raw(ptr))` if you intend to drop the `Box`
[INFO] [stderr]    = note: this warning originates in the macro `to_raw` (in Nightly builds, run with -Z macro-backtrace for more info)
[INFO] [stderr] help: use `let _ = ...` to ignore the resulting value
[INFO] [stderr]    |
[INFO] [stderr] 28 |                     let _ = Box::from_raw(ptr);
[INFO] [stderr]    |                     +++++++
[INFO] [stderr] 
[INFO] [stderr] warning: unused return value of `Box::<T>::from_raw` that must be used
[INFO] [stderr]   --> src/main.rs:28:21
[INFO] [stderr]    |
[INFO] [stderr] 28 |                     Box::from_raw(ptr);
[INFO] [stderr]    |                     ^^^^^^^^^^^^^^^^^^
[INFO] [stderr] ...
[INFO] [stderr] 44 | to_raw!(i32);
[INFO] [stderr]    | ------------ in this macro invocation
[INFO] [stderr]    |
[INFO] [stderr]    = note: call `drop(Box::from_raw(ptr))` if you intend to drop the `Box`
[INFO] [stderr]    = note: this warning originates in the macro `to_raw` (in Nightly builds, run with -Z macro-backtrace for more info)
[INFO] [stderr] help: use `let _ = ...` to ignore the resulting value
[INFO] [stderr]    |
[INFO] [stderr] 28 |                     let _ = Box::from_raw(ptr);
[INFO] [stderr]    |                     +++++++
[INFO] [stderr] 
[INFO] [stderr] warning: unused return value of `Box::<T>::from_raw` that must be used
[INFO] [stderr]   --> src/main.rs:28:21
[INFO] [stderr]    |
[INFO] [stderr] 28 |                     Box::from_raw(ptr);
[INFO] [stderr]    |                     ^^^^^^^^^^^^^^^^^^
[INFO] [stderr] ...
[INFO] [stderr] 45 | to_raw!(i64); //test
[INFO] [stderr]    | ------------ in this macro invocation
[INFO] [stderr]    |
[INFO] [stderr]    = note: call `drop(Box::from_raw(ptr))` if you intend to drop the `Box`
[INFO] [stderr]    = note: this warning originates in the macro `to_raw` (in Nightly builds, run with -Z macro-backtrace for more info)
[INFO] [stderr] help: use `let _ = ...` to ignore the resulting value
[INFO] [stderr]    |
[INFO] [stderr] 28 |                     let _ = Box::from_raw(ptr);
[INFO] [stderr]    |                     +++++++
[INFO] [stderr] 
[INFO] [stderr] warning: unused return value of `Box::<T>::from_raw` that must be used
[INFO] [stderr]   --> src/main.rs:28:21
[INFO] [stderr]    |
[INFO] [stderr] 28 |                     Box::from_raw(ptr);
[INFO] [stderr]    |                     ^^^^^^^^^^^^^^^^^^
[INFO] [stderr] ...
[INFO] [stderr] 46 | to_raw!(u8);
[INFO] [stderr]    | ----------- in this macro invocation
[INFO] [stderr]    |
[INFO] [stderr]    = note: call `drop(Box::from_raw(ptr))` if you intend to drop the `Box`
[INFO] [stderr]    = note: this warning originates in the macro `to_raw` (in Nightly builds, run with -Z macro-backtrace for more info)
[INFO] [stderr] help: use `let _ = ...` to ignore the resulting value
[INFO] [stderr]    |
[INFO] [stderr] 28 |                     let _ = Box::from_raw(ptr);
[INFO] [stderr]    |                     +++++++
[INFO] [stderr] 
[INFO] [stderr] warning: unused return value of `Box::<T>::from_raw` that must be used
[INFO] [stderr]   --> src/main.rs:28:21
[INFO] [stderr]    |
[INFO] [stderr] 28 |                     Box::from_raw(ptr);
[INFO] [stderr]    |                     ^^^^^^^^^^^^^^^^^^
[INFO] [stderr] ...
[INFO] [stderr] 47 | to_raw!(u16);
[INFO] [stderr]    | ------------ in this macro invocation
[INFO] [stderr]    |
[INFO] [stderr]    = note: call `drop(Box::from_raw(ptr))` if you intend to drop the `Box`
[INFO] [stderr]    = note: this warning originates in the macro `to_raw` (in Nightly builds, run with -Z macro-backtrace for more info)
[INFO] [stderr] help: use `let _ = ...` to ignore the resulting value
[INFO] [stderr]    |
[INFO] [stderr] 28 |                     let _ = Box::from_raw(ptr);
[INFO] [stderr]    |                     +++++++
[INFO] [stderr] 
[INFO] [stderr] warning: unused return value of `Box::<T>::from_raw` that must be used
[INFO] [stderr]   --> src/main.rs:28:21
[INFO] [stderr]    |
[INFO] [stderr] 28 |                     Box::from_raw(ptr);
[INFO] [stderr]    |                     ^^^^^^^^^^^^^^^^^^
[INFO] [stderr] ...
[INFO] [stderr] 48 | to_raw!(u32);
[INFO] [stderr]    | ------------ in this macro invocation
[INFO] [stderr]    |
[INFO] [stderr]    = note: call `drop(Box::from_raw(ptr))` if you intend to drop the `Box`
[INFO] [stderr]    = note: this warning originates in the macro `to_raw` (in Nightly builds, run with -Z macro-backtrace for more info)
[INFO] [stderr] help: use `let _ = ...` to ignore the resulting value
[INFO] [stderr]    |
[INFO] [stderr] 28 |                     let _ = Box::from_raw(ptr);
[INFO] [stderr]    |                     +++++++
[INFO] [stderr] 
[INFO] [stderr] warning: unused return value of `Box::<T>::from_raw` that must be used
[INFO] [stderr]   --> src/main.rs:28:21
[INFO] [stderr]    |
[INFO] [stderr] 28 |                     Box::from_raw(ptr);
[INFO] [stderr]    |                     ^^^^^^^^^^^^^^^^^^
[INFO] [stderr] ...
[INFO] [stderr] 49 | to_raw!(u64); //test
[INFO] [stderr]    | ------------ in this macro invocation
[INFO] [stderr]    |
[INFO] [stderr]    = note: call `drop(Box::from_raw(ptr))` if you intend to drop the `Box`
[INFO] [stderr]    = note: this warning originates in the macro `to_raw` (in Nightly builds, run with -Z macro-backtrace for more info)
[INFO] [stderr] help: use `let _ = ...` to ignore the resulting value
[INFO] [stderr]    |
[INFO] [stderr] 28 |                     let _ = Box::from_raw(ptr);
[INFO] [stderr]    |                     +++++++
[INFO] [stderr] 
[INFO] [stderr] warning: unused `Result` that must be used
[INFO] [stderr]    --> src/main.rs:306:9
[INFO] [stderr]     |
[INFO] [stderr] 306 |         lsm.insert("1", "1");
[INFO] [stderr]     |         ^^^^^^^^^^^^^^^^^^^^
[INFO] [stderr]     |
[INFO] [stderr]     = note: this `Result` may be an `Err` variant, which should be handled
[INFO] [stderr] help: use `let _ = ...` to ignore the resulting value
[INFO] [stderr]     |
[INFO] [stderr] 306 |         let _ = lsm.insert("1", "1");
[INFO] [stderr]     |         +++++++
[INFO] [stderr] 
[INFO] [stderr] warning: unused `Result` that must be used
[INFO] [stderr]    --> src/main.rs:307:9
[INFO] [stderr]     |
[INFO] [stderr] 307 |         lsm.insert("2", "2");
[INFO] [stderr]     |         ^^^^^^^^^^^^^^^^^^^^
[INFO] [stderr]     |
[INFO] [stderr]     = note: this `Result` may be an `Err` variant, which should be handled
[INFO] [stderr] help: use `let _ = ...` to ignore the resulting value
[INFO] [stderr]     |
[INFO] [stderr] 307 |         let _ = lsm.insert("2", "2");
[INFO] [stderr]     |         +++++++
[INFO] [stderr] 
[INFO] [stderr] warning: unused `Result` that must be used
[INFO] [stderr]    --> src/main.rs:318:9
[INFO] [stderr]     |
[INFO] [stderr] 318 |         lsm.insert("1".to_string(), "1".to_string());
[INFO] [stderr]     |         ^^^^^^^^^^^^^^^^^^^^^^^^^^^^^^^^^^^^^^^^^^^^
[INFO] [stderr]     |
[INFO] [stderr]     = note: this `Result` may be an `Err` variant, which should be handled
[INFO] [stderr] help: use `let _ = ...` to ignore the resulting value
[INFO] [stderr]     |
[INFO] [stderr] 318 |         let _ = lsm.insert("1".to_string(), "1".to_string());
[INFO] [stderr]     |         +++++++
[INFO] [stderr] 
[INFO] [stderr] warning: unused `Result` that must be used
[INFO] [stderr]    --> src/main.rs:319:9
[INFO] [stderr]     |
[INFO] [stderr] 319 |         lsm.insert("2".to_string(), "2".to_string());
[INFO] [stderr]     |         ^^^^^^^^^^^^^^^^^^^^^^^^^^^^^^^^^^^^^^^^^^^^
[INFO] [stderr]     |
[INFO] [stderr]     = note: this `Result` may be an `Err` variant, which should be handled
[INFO] [stderr] help: use `let _ = ...` to ignore the resulting value
[INFO] [stderr]     |
[INFO] [stderr] 319 |         let _ = lsm.insert("2".to_string(), "2".to_string());
[INFO] [stderr]     |         +++++++
[INFO] [stderr] 
[INFO] [stderr] warning: unused `Result` that must be used
[INFO] [stderr]    --> src/main.rs:338:13
[INFO] [stderr]     |
[INFO] [stderr] 338 |             lsm.insert(k.as_str(), v.as_str());
[INFO] [stderr]     |             ^^^^^^^^^^^^^^^^^^^^^^^^^^^^^^^^^^
[INFO] [stderr]     |
[INFO] [stderr]     = note: this `Result` may be an `Err` variant, which should be handled
[INFO] [stderr] help: use `let _ = ...` to ignore the resulting value
[INFO] [stderr]     |
[INFO] [stderr] 338 |             let _ = lsm.insert(k.as_str(), v.as_str());
[INFO] [stderr]     |             +++++++
[INFO] [stderr] 
[INFO] [stderr] warning: `dummycrust` (bin "dummycrust" test) generated 13 warnings
[INFO] [stderr]     Finished test [unoptimized + debuginfo] target(s) in 0.01s
[INFO] [stderr]      Running unittests src/main.rs (/opt/rustwide/target/debug/deps/dummycrust-3cc857b9e81a0f65)
[INFO] [stdout] 
[INFO] [stdout] running 6 tests
[INFO] [stdout] test ffi::bindgen_test_layout_lsm_env ... ok
[INFO] [stdout] test ffi::bindgen_test_layout_lsm_compress_factory ... ok
[INFO] [stdout] test ffi::bindgen_test_layout_lsm_compress ... ok
[INFO] [stdout] test tests::iterate_lil ... FAILED
[INFO] [stdout] test tests::iterate_lol ... FAILED
[INFO] [stdout] test tests::bench_add_two ... FAILED
[INFO] [stdout] 
[INFO] [stdout] failures:
[INFO] [stdout] 
[INFO] [stdout] ---- tests::iterate_lil stdout ----
[INFO] [stdout] thread 'tests::iterate_lil' panicked at src/main.rs:317:59:
[INFO] [stdout] cannot open db: Kind(Other)
[INFO] [stdout] stack backtrace:
[INFO] [stdout]    0:     0x55d06f12b856 - std::backtrace_rs::backtrace::libunwind::trace::h261606ad26a499c1
[INFO] [stdout]                                at /rustc/0e09125c6c3c2fd70d7de961bcf0e51575235fad/library/std/src/../../backtrace/src/backtrace/libunwind.rs:104:5
[INFO] [stdout]    1:     0x55d06f12b856 - std::backtrace_rs::backtrace::trace_unsynchronized::hd183f0625477fb28
[INFO] [stdout]                                at /rustc/0e09125c6c3c2fd70d7de961bcf0e51575235fad/library/std/src/../../backtrace/src/backtrace/mod.rs:66:5
[INFO] [stdout]    2:     0x55d06f12b856 - std::sys_common::backtrace::_print_fmt::hd7f8fef21b4eda67
[INFO] [stdout]                                at /rustc/0e09125c6c3c2fd70d7de961bcf0e51575235fad/library/std/src/sys_common/backtrace.rs:68:5
[INFO] [stdout]    3:     0x55d06f12b856 - <std::sys_common::backtrace::_print::DisplayBacktrace as core::fmt::Display>::fmt::h623d9b51f2f453f1
[INFO] [stdout]                                at /rustc/0e09125c6c3c2fd70d7de961bcf0e51575235fad/library/std/src/sys_common/backtrace.rs:44:22
[INFO] [stdout]    4:     0x55d06f1549e0 - core::fmt::rt::Argument::fmt::h9f417ac76a86f368
[INFO] [stdout]                                at /rustc/0e09125c6c3c2fd70d7de961bcf0e51575235fad/library/core/src/fmt/rt.rs:142:9
[INFO] [stdout]    5:     0x55d06f1549e0 - core::fmt::write::hc9b6faf4ac2aeff7
[INFO] [stdout]                                at /rustc/0e09125c6c3c2fd70d7de961bcf0e51575235fad/library/core/src/fmt/mod.rs:1120:17
[INFO] [stdout]    6:     0x55d06f1292bf - std::io::Write::write_fmt::he04625a3a989fec3
[INFO] [stdout]                                at /rustc/0e09125c6c3c2fd70d7de961bcf0e51575235fad/library/std/src/io/mod.rs:1810:15
[INFO] [stdout]    7:     0x55d06f12b634 - std::sys_common::backtrace::_print::hd5d66399c7df88a2
[INFO] [stdout]                                at /rustc/0e09125c6c3c2fd70d7de961bcf0e51575235fad/library/std/src/sys_common/backtrace.rs:47:5
[INFO] [stdout]    8:     0x55d06f12b634 - std::sys_common::backtrace::print::he81ed2da642d37e5
[INFO] [stdout]                                at /rustc/0e09125c6c3c2fd70d7de961bcf0e51575235fad/library/std/src/sys_common/backtrace.rs:34:9
[INFO] [stdout]    9:     0x55d06f12d3a7 - std::panicking::default_hook::{{closure}}::h85773f4fa117163d
[INFO] [stdout]   10:     0x55d06f12d08d - std::panicking::default_hook::h6a1694a91d09b278
[INFO] [stdout]                                at /rustc/0e09125c6c3c2fd70d7de961bcf0e51575235fad/library/std/src/panicking.rs:289:9
[INFO] [stdout]   11:     0x55d06f0fd267 - <alloc::boxed::Box<F,A> as core::ops::function::Fn<Args>>::call::h616ac37fa3cd6c8f
[INFO] [stdout]                                at /rustc/0e09125c6c3c2fd70d7de961bcf0e51575235fad/library/alloc/src/boxed.rs:2029:9
[INFO] [stdout]   12:     0x55d06f0fd267 - test::test_main::{{closure}}::h00d84697cefdcbb6
[INFO] [stdout]                                at /rustc/0e09125c6c3c2fd70d7de961bcf0e51575235fad/library/test/src/lib.rs:138:21
[INFO] [stdout]   13:     0x55d06f12d9c6 - <alloc::boxed::Box<F,A> as core::ops::function::Fn<Args>>::call::hcb3fe3b9bb537ba8
[INFO] [stdout]                                at /rustc/0e09125c6c3c2fd70d7de961bcf0e51575235fad/library/alloc/src/boxed.rs:2029:9
[INFO] [stdout]   14:     0x55d06f12d9c6 - std::panicking::rust_panic_with_hook::h0a7ad96e90f7145b
[INFO] [stdout]                                at /rustc/0e09125c6c3c2fd70d7de961bcf0e51575235fad/library/std/src/panicking.rs:783:13
[INFO] [stdout]   15:     0x55d06f12d712 - std::panicking::begin_panic_handler::{{closure}}::h7919090525c6485e
[INFO] [stdout]                                at /rustc/0e09125c6c3c2fd70d7de961bcf0e51575235fad/library/std/src/panicking.rs:657:13
[INFO] [stdout]   16:     0x55d06f12bd56 - std::sys_common::backtrace::__rust_end_short_backtrace::hf3289479464f7dfe
[INFO] [stdout]                                at /rustc/0e09125c6c3c2fd70d7de961bcf0e51575235fad/library/std/src/sys_common/backtrace.rs:171:18
[INFO] [stdout]   17:     0x55d06f12d470 - rust_begin_unwind
[INFO] [stdout]                                at /rustc/0e09125c6c3c2fd70d7de961bcf0e51575235fad/library/std/src/panicking.rs:645:5
[INFO] [stdout]   18:     0x55d06f084e05 - core::panicking::panic_fmt::hcc9f77c5c132af55
[INFO] [stdout]                                at /rustc/0e09125c6c3c2fd70d7de961bcf0e51575235fad/library/core/src/panicking.rs:72:14
[INFO] [stdout]   19:     0x55d06f0852b3 - core::result::unwrap_failed::hbe14f498be1452f9
[INFO] [stdout]                                at /rustc/0e09125c6c3c2fd70d7de961bcf0e51575235fad/library/core/src/result.rs:1649:5
[INFO] [stdout]   20:     0x55d06f09b4da - core::result::Result<T,E>::expect::h78d7f153261951ed
[INFO] [stdout]                                at /rustc/0e09125c6c3c2fd70d7de961bcf0e51575235fad/library/core/src/result.rs:1030:23
[INFO] [stdout]   21:     0x55d06f0a1b51 - dummycrust::tests::iterate_lil::h8bab0e978e52ae38
[INFO] [stdout]                                at /opt/rustwide/workdir/src/main.rs:317:19
[INFO] [stdout]   22:     0x55d06f0a1ae7 - dummycrust::tests::iterate_lil::{{closure}}::h41d8eb57a6b0fd66
[INFO] [stdout]                                at /opt/rustwide/workdir/src/main.rs:316:21
[INFO] [stdout]   23:     0x55d06f0999d6 - core::ops::function::FnOnce::call_once::h8a819323eb2e585b
[INFO] [stdout]                                at /rustc/0e09125c6c3c2fd70d7de961bcf0e51575235fad/library/core/src/ops/function.rs:250:5
[INFO] [stdout]   24:     0x55d06f102b3f - core::ops::function::FnOnce::call_once::hd64d26f405258157
[INFO] [stdout]                                at /rustc/0e09125c6c3c2fd70d7de961bcf0e51575235fad/library/core/src/ops/function.rs:250:5
[INFO] [stdout]   25:     0x55d06f102b3f - test::__rust_begin_short_backtrace::he21b0b7a6d731bf9
[INFO] [stdout]                                at /rustc/0e09125c6c3c2fd70d7de961bcf0e51575235fad/library/test/src/lib.rs:627:18
[INFO] [stdout]   26:     0x55d06f1018c1 - test::run_test_in_process::{{closure}}::hf5c73986d7bdfde2
[INFO] [stdout]                                at /rustc/0e09125c6c3c2fd70d7de961bcf0e51575235fad/library/test/src/lib.rs:650:60
[INFO] [stdout]   27:     0x55d06f1018c1 - <core::panic::unwind_safe::AssertUnwindSafe<F> as core::ops::function::FnOnce<()>>::call_once::h330011ad032aadc0
[INFO] [stdout]                                at /rustc/0e09125c6c3c2fd70d7de961bcf0e51575235fad/library/core/src/panic/unwind_safe.rs:272:9
[INFO] [stdout]   28:     0x55d06f1018c1 - std::panicking::try::do_call::he61b0a958b795a41
[INFO] [stdout]                                at /rustc/0e09125c6c3c2fd70d7de961bcf0e51575235fad/library/std/src/panicking.rs:552:40
[INFO] [stdout]   29:     0x55d06f1018c1 - std::panicking::try::h7309da130f906eb7
[INFO] [stdout]                                at /rustc/0e09125c6c3c2fd70d7de961bcf0e51575235fad/library/std/src/panicking.rs:516:19
[INFO] [stdout]   30:     0x55d06f1018c1 - std::panic::catch_unwind::hc5c3a06fdaf0a92a
[INFO] [stdout]                                at /rustc/0e09125c6c3c2fd70d7de961bcf0e51575235fad/library/std/src/panic.rs:142:14
[INFO] [stdout]   31:     0x55d06f1018c1 - test::run_test_in_process::h7e7b7c71c3324e0f
[INFO] [stdout]                                at /rustc/0e09125c6c3c2fd70d7de961bcf0e51575235fad/library/test/src/lib.rs:650:27
[INFO] [stdout]   32:     0x55d06f1018c1 - test::run_test::{{closure}}::h1f509f28f5cf20b1
[INFO] [stdout]                                at /rustc/0e09125c6c3c2fd70d7de961bcf0e51575235fad/library/test/src/lib.rs:573:43
[INFO] [stdout]   33:     0x55d06f0c8bf6 - test::run_test::{{closure}}::h1754218abf443f6d
[INFO] [stdout]                                at /rustc/0e09125c6c3c2fd70d7de961bcf0e51575235fad/library/test/src/lib.rs:601:41
[INFO] [stdout]   34:     0x55d06f0c8bf6 - std::sys_common::backtrace::__rust_begin_short_backtrace::h2ee174b9d5954948
[INFO] [stdout]                                at /rustc/0e09125c6c3c2fd70d7de961bcf0e51575235fad/library/std/src/sys_common/backtrace.rs:155:18
[INFO] [stdout]   35:     0x55d06f0cdc57 - std::thread::Builder::spawn_unchecked_::{{closure}}::{{closure}}::hf60bee9c1a17ef09
[INFO] [stdout]                                at /rustc/0e09125c6c3c2fd70d7de961bcf0e51575235fad/library/std/src/thread/mod.rs:529:17
[INFO] [stdout]   36:     0x55d06f0cdc57 - <core::panic::unwind_safe::AssertUnwindSafe<F> as core::ops::function::FnOnce<()>>::call_once::h33d0dddec5216160
[INFO] [stdout]                                at /rustc/0e09125c6c3c2fd70d7de961bcf0e51575235fad/library/core/src/panic/unwind_safe.rs:272:9
[INFO] [stdout]   37:     0x55d06f0cdc57 - std::panicking::try::do_call::h144b3048b546f835
[INFO] [stdout]                                at /rustc/0e09125c6c3c2fd70d7de961bcf0e51575235fad/library/std/src/panicking.rs:552:40
[INFO] [stdout]   38:     0x55d06f0cdc57 - std::panicking::try::h978244d04646189f
[INFO] [stdout]                                at /rustc/0e09125c6c3c2fd70d7de961bcf0e51575235fad/library/std/src/panicking.rs:516:19
[INFO] [stdout]   39:     0x55d06f0cdc57 - std::panic::catch_unwind::hdf436369d188fe86
[INFO] [stdout]                                at /rustc/0e09125c6c3c2fd70d7de961bcf0e51575235fad/library/std/src/panic.rs:142:14
[INFO] [stdout]   40:     0x55d06f0cdc57 - std::thread::Builder::spawn_unchecked_::{{closure}}::h87329cbdd33c79ec
[INFO] [stdout]                                at /rustc/0e09125c6c3c2fd70d7de961bcf0e51575235fad/library/std/src/thread/mod.rs:528:30
[INFO] [stdout]   41:     0x55d06f0cdc57 - core::ops::function::FnOnce::call_once{{vtable.shim}}::h401abbe67897d450
[INFO] [stdout]                                at /rustc/0e09125c6c3c2fd70d7de961bcf0e51575235fad/library/core/src/ops/function.rs:250:5
[INFO] [stdout]   42:     0x55d06f132475 - <alloc::boxed::Box<F,A> as core::ops::function::FnOnce<Args>>::call_once::h5d7c8f150ab9c84c
[INFO] [stdout]                                at /rustc/0e09125c6c3c2fd70d7de961bcf0e51575235fad/library/alloc/src/boxed.rs:2015:9
[INFO] [stdout]   43:     0x55d06f132475 - <alloc::boxed::Box<F,A> as core::ops::function::FnOnce<Args>>::call_once::h570d5b005c242c15
[INFO] [stdout]                                at /rustc/0e09125c6c3c2fd70d7de961bcf0e51575235fad/library/alloc/src/boxed.rs:2015:9
[INFO] [stdout]   44:     0x55d06f132475 - std::sys::unix::thread::Thread::new::thread_start::h36b0a20c0b2361ad
[INFO] [stdout]                                at /rustc/0e09125c6c3c2fd70d7de961bcf0e51575235fad/library/std/src/sys/unix/thread.rs:108:17
[INFO] [stdout]   45:     0x7f2d72a75ac3 - <unknown>
[INFO] [stdout]   46:     0x7f2d72b06bf4 - __clone
[INFO] [stdout]   47:                0x0 - <unknown>
[INFO] [stdout] 
[INFO] [stdout] ---- tests::iterate_lol stdout ----
[INFO] [stdout] thread 'tests::iterate_lol' panicked at src/main.rs:305:55:
[INFO] [stdout] cannot open db: Kind(Other)
[INFO] [stdout] stack backtrace:
[INFO] [stdout]    0:     0x55d06f12b856 - std::backtrace_rs::backtrace::libunwind::trace::h261606ad26a499c1
[INFO] [stdout]                                at /rustc/0e09125c6c3c2fd70d7de961bcf0e51575235fad/library/std/src/../../backtrace/src/backtrace/libunwind.rs:104:5
[INFO] [stdout]    1:     0x55d06f12b856 - std::backtrace_rs::backtrace::trace_unsynchronized::hd183f0625477fb28
[INFO] [stdout]                                at /rustc/0e09125c6c3c2fd70d7de961bcf0e51575235fad/library/std/src/../../backtrace/src/backtrace/mod.rs:66:5
[INFO] [stdout]    2:     0x55d06f12b856 - std::sys_common::backtrace::_print_fmt::hd7f8fef21b4eda67
[INFO] [stdout]                                at /rustc/0e09125c6c3c2fd70d7de961bcf0e51575235fad/library/std/src/sys_common/backtrace.rs:68:5
[INFO] [stdout]    3:     0x55d06f12b856 - <std::sys_common::backtrace::_print::DisplayBacktrace as core::fmt::Display>::fmt::h623d9b51f2f453f1
[INFO] [stdout]                                at /rustc/0e09125c6c3c2fd70d7de961bcf0e51575235fad/library/std/src/sys_common/backtrace.rs:44:22
[INFO] [stdout]    4:     0x55d06f1549e0 - core::fmt::rt::Argument::fmt::h9f417ac76a86f368
[INFO] [stdout]                                at /rustc/0e09125c6c3c2fd70d7de961bcf0e51575235fad/library/core/src/fmt/rt.rs:142:9
[INFO] [stdout]    5:     0x55d06f1549e0 - core::fmt::write::hc9b6faf4ac2aeff7
[INFO] [stdout]                                at /rustc/0e09125c6c3c2fd70d7de961bcf0e51575235fad/library/core/src/fmt/mod.rs:1120:17
[INFO] [stdout]    6:     0x55d06f1292bf - std::io::Write::write_fmt::he04625a3a989fec3
[INFO] [stdout]                                at /rustc/0e09125c6c3c2fd70d7de961bcf0e51575235fad/library/std/src/io/mod.rs:1810:15
[INFO] [stdout]    7:     0x55d06f12b634 - std::sys_common::backtrace::_print::hd5d66399c7df88a2
[INFO] [stdout]                                at /rustc/0e09125c6c3c2fd70d7de961bcf0e51575235fad/library/std/src/sys_common/backtrace.rs:47:5
[INFO] [stdout]    8:     0x55d06f12b634 - std::sys_common::backtrace::print::he81ed2da642d37e5
[INFO] [stdout]                                at /rustc/0e09125c6c3c2fd70d7de961bcf0e51575235fad/library/std/src/sys_common/backtrace.rs:34:9
[INFO] [stdout]    9:     0x55d06f12d3a7 - std::panicking::default_hook::{{closure}}::h85773f4fa117163d
[INFO] [stdout]   10:     0x55d06f12d08d - std::panicking::default_hook::h6a1694a91d09b278
[INFO] [stdout]                                at /rustc/0e09125c6c3c2fd70d7de961bcf0e51575235fad/library/std/src/panicking.rs:289:9
[INFO] [stdout]   11:     0x55d06f0fd267 - <alloc::boxed::Box<F,A> as core::ops::function::Fn<Args>>::call::h616ac37fa3cd6c8f
[INFO] [stdout]                                at /rustc/0e09125c6c3c2fd70d7de961bcf0e51575235fad/library/alloc/src/boxed.rs:2029:9
[INFO] [stdout]   12:     0x55d06f0fd267 - test::test_main::{{closure}}::h00d84697cefdcbb6
[INFO] [stdout]                                at /rustc/0e09125c6c3c2fd70d7de961bcf0e51575235fad/library/test/src/lib.rs:138:21
[INFO] [stdout]   13:     0x55d06f12d9c6 - <alloc::boxed::Box<F,A> as core::ops::function::Fn<Args>>::call::hcb3fe3b9bb537ba8
[INFO] [stdout]                                at /rustc/0e09125c6c3c2fd70d7de961bcf0e51575235fad/library/alloc/src/boxed.rs:2029:9
[INFO] [stdout]   14:     0x55d06f12d9c6 - std::panicking::rust_panic_with_hook::h0a7ad96e90f7145b
[INFO] [stdout]                                at /rustc/0e09125c6c3c2fd70d7de961bcf0e51575235fad/library/std/src/panicking.rs:783:13
[INFO] [stdout]   15:     0x55d06f12d712 - std::panicking::begin_panic_handler::{{closure}}::h7919090525c6485e
[INFO] [stdout]                                at /rustc/0e09125c6c3c2fd70d7de961bcf0e51575235fad/library/std/src/panicking.rs:657:13
[INFO] [stdout]   16:     0x55d06f12bd56 - std::sys_common::backtrace::__rust_end_short_backtrace::hf3289479464f7dfe
[INFO] [stdout]                                at /rustc/0e09125c6c3c2fd70d7de961bcf0e51575235fad/library/std/src/sys_common/backtrace.rs:171:18
[INFO] [stdout]   17:     0x55d06f12d470 - rust_begin_unwind
[INFO] [stdout]                                at /rustc/0e09125c6c3c2fd70d7de961bcf0e51575235fad/library/std/src/panicking.rs:645:5
[INFO] [stdout]   18:     0x55d06f084e05 - core::panicking::panic_fmt::hcc9f77c5c132af55
[INFO] [stdout]                                at /rustc/0e09125c6c3c2fd70d7de961bcf0e51575235fad/library/core/src/panicking.rs:72:14
[INFO] [stdout]   19:     0x55d06f0852b3 - core::result::unwrap_failed::hbe14f498be1452f9
[INFO] [stdout]                                at /rustc/0e09125c6c3c2fd70d7de961bcf0e51575235fad/library/core/src/result.rs:1649:5
[INFO] [stdout]   20:     0x55d06f09b5fa - core::result::Result<T,E>::expect::ha3305304131a6d40
[INFO] [stdout]                                at /rustc/0e09125c6c3c2fd70d7de961bcf0e51575235fad/library/core/src/result.rs:1030:23
[INFO] [stdout]   21:     0x55d06f0a18a1 - dummycrust::tests::iterate_lol::h120d0864eadf0aca
[INFO] [stdout]                                at /opt/rustwide/workdir/src/main.rs:305:19
[INFO] [stdout]   22:     0x55d06f0a1847 - dummycrust::tests::iterate_lol::{{closure}}::hac815d7105c7035c
[INFO] [stdout]                                at /opt/rustwide/workdir/src/main.rs:304:21
[INFO] [stdout]   23:     0x55d06f099996 - core::ops::function::FnOnce::call_once::h8a7a8f25f6aec86a
[INFO] [stdout]                                at /rustc/0e09125c6c3c2fd70d7de961bcf0e51575235fad/library/core/src/ops/function.rs:250:5
[INFO] [stdout]   24:     0x55d06f102b3f - core::ops::function::FnOnce::call_once::hd64d26f405258157
[INFO] [stdout]                                at /rustc/0e09125c6c3c2fd70d7de961bcf0e51575235fad/library/core/src/ops/function.rs:250:5
[INFO] [stdout]   25:     0x55d06f102b3f - test::__rust_begin_short_backtrace::he21b0b7a6d731bf9
[INFO] [stdout]                                at /rustc/0e09125c6c3c2fd70d7de961bcf0e51575235fad/library/test/src/lib.rs:627:18
[INFO] [stdout]   26:     0x55d06f1018c1 - test::run_test_in_process::{{closure}}::hf5c73986d7bdfde2
[INFO] [stdout]                                at /rustc/0e09125c6c3c2fd70d7de961bcf0e51575235fad/library/test/src/lib.rs:650:60
[INFO] [stdout]   27:     0x55d06f1018c1 - <core::panic::unwind_safe::AssertUnwindSafe<F> as core::ops::function::FnOnce<()>>::call_once::h330011ad032aadc0
[INFO] [stdout]                                at /rustc/0e09125c6c3c2fd70d7de961bcf0e51575235fad/library/core/src/panic/unwind_safe.rs:272:9
[INFO] [stdout]   28:     0x55d06f1018c1 - std::panicking::try::do_call::he61b0a958b795a41
[INFO] [stdout]                                at /rustc/0e09125c6c3c2fd70d7de961bcf0e51575235fad/library/std/src/panicking.rs:552:40
[INFO] [stdout]   29:     0x55d06f1018c1 - std::panicking::try::h7309da130f906eb7
[INFO] [stdout]                                at /rustc/0e09125c6c3c2fd70d7de961bcf0e51575235fad/library/std/src/panicking.rs:516:19
[INFO] [stdout]   30:     0x55d06f1018c1 - std::panic::catch_unwind::hc5c3a06fdaf0a92a
[INFO] [stdout]                                at /rustc/0e09125c6c3c2fd70d7de961bcf0e51575235fad/library/std/src/panic.rs:142:14
[INFO] [stdout]   31:     0x55d06f1018c1 - test::run_test_in_process::h7e7b7c71c3324e0f
[INFO] [stdout]                                at /rustc/0e09125c6c3c2fd70d7de961bcf0e51575235fad/library/test/src/lib.rs:650:27
[INFO] [stdout]   32:     0x55d06f1018c1 - test::run_test::{{closure}}::h1f509f28f5cf20b1
[INFO] [stdout]                                at /rustc/0e09125c6c3c2fd70d7de961bcf0e51575235fad/library/test/src/lib.rs:573:43
[INFO] [stdout]   33:     0x55d06f0c8bf6 - test::run_test::{{closure}}::h1754218abf443f6d
[INFO] [stdout]                                at /rustc/0e09125c6c3c2fd70d7de961bcf0e51575235fad/library/test/src/lib.rs:601:41
[INFO] [stdout]   34:     0x55d06f0c8bf6 - std::sys_common::backtrace::__rust_begin_short_backtrace::h2ee174b9d5954948
[INFO] [stdout]                                at /rustc/0e09125c6c3c2fd70d7de961bcf0e51575235fad/library/std/src/sys_common/backtrace.rs:155:18
[INFO] [stdout]   35:     0x55d06f0cdc57 - std::thread::Builder::spawn_unchecked_::{{closure}}::{{closure}}::hf60bee9c1a17ef09
[INFO] [stdout]                                at /rustc/0e09125c6c3c2fd70d7de961bcf0e51575235fad/library/std/src/thread/mod.rs:529:17
[INFO] [stdout]   36:     0x55d06f0cdc57 - <core::panic::unwind_safe::AssertUnwindSafe<F> as core::ops::function::FnOnce<()>>::call_once::h33d0dddec5216160
[INFO] [stdout]                                at /rustc/0e09125c6c3c2fd70d7de961bcf0e51575235fad/library/core/src/panic/unwind_safe.rs:272:9
[INFO] [stdout]   37:     0x55d06f0cdc57 - std::panicking::try::do_call::h144b3048b546f835
[INFO] [stdout]                                at /rustc/0e09125c6c3c2fd70d7de961bcf0e51575235fad/library/std/src/panicking.rs:552:40
[INFO] [stdout]   38:     0x55d06f0cdc57 - std::panicking::try::h978244d04646189f
[INFO] [stdout]                                at /rustc/0e09125c6c3c2fd70d7de961bcf0e51575235fad/library/std/src/panicking.rs:516:19
[INFO] [stdout]   39:     0x55d06f0cdc57 - std::panic::catch_unwind::hdf436369d188fe86
[INFO] [stdout]                                at /rustc/0e09125c6c3c2fd70d7de961bcf0e51575235fad/library/std/src/panic.rs:142:14
[INFO] [stdout]   40:     0x55d06f0cdc57 - std::thread::Builder::spawn_unchecked_::{{closure}}::h87329cbdd33c79ec
[INFO] [stdout]                                at /rustc/0e09125c6c3c2fd70d7de961bcf0e51575235fad/library/std/src/thread/mod.rs:528:30
[INFO] [stdout]   41:     0x55d06f0cdc57 - core::ops::function::FnOnce::call_once{{vtable.shim}}::h401abbe67897d450
[INFO] [stdout]                                at /rustc/0e09125c6c3c2fd70d7de961bcf0e51575235fad/library/core/src/ops/function.rs:250:5
[INFO] [stdout]   42:     0x55d06f132475 - <alloc::boxed::Box<F,A> as core::ops::function::FnOnce<Args>>::call_once::h5d7c8f150ab9c84c
[INFO] [stdout]                                at /rustc/0e09125c6c3c2fd70d7de961bcf0e51575235fad/library/alloc/src/boxed.rs:2015:9
[INFO] [stdout]   43:     0x55d06f132475 - <alloc::boxed::Box<F,A> as core::ops::function::FnOnce<Args>>::call_once::h570d5b005c242c15
[INFO] [stdout]                                at /rustc/0e09125c6c3c2fd70d7de961bcf0e51575235fad/library/alloc/src/boxed.rs:2015:9
[INFO] [stdout]   44:     0x55d06f132475 - std::sys::unix::thread::Thread::new::thread_start::h36b0a20c0b2361ad
[INFO] [stdout]                                at /rustc/0e09125c6c3c2fd70d7de961bcf0e51575235fad/library/std/src/sys/unix/thread.rs:108:17
[INFO] [stdout]   45:     0x7f2d72a75ac3 - <unknown>
[INFO] [stdout]   46:     0x7f2d72b06bf4 - __clone
[INFO] [stdout]   47:                0x0 - <unknown>
[INFO] [stdout] 
[INFO] [stdout] ---- tests::bench_add_two stdout ----
[INFO] [stdout] thread 'tests::bench_add_two' panicked at src/main.rs:335:55:
[INFO] [stdout] cannot open db: Kind(Other)
[INFO] [stdout] stack backtrace:
[INFO] [stdout]    0:     0x55d06f12b856 - std::backtrace_rs::backtrace::libunwind::trace::h261606ad26a499c1
[INFO] [stdout]                                at /rustc/0e09125c6c3c2fd70d7de961bcf0e51575235fad/library/std/src/../../backtrace/src/backtrace/libunwind.rs:104:5
[INFO] [stdout]    1:     0x55d06f12b856 - std::backtrace_rs::backtrace::trace_unsynchronized::hd183f0625477fb28
[INFO] [stdout]                                at /rustc/0e09125c6c3c2fd70d7de961bcf0e51575235fad/library/std/src/../../backtrace/src/backtrace/mod.rs:66:5
[INFO] [stdout]    2:     0x55d06f12b856 - std::sys_common::backtrace::_print_fmt::hd7f8fef21b4eda67
[INFO] [stdout]                                at /rustc/0e09125c6c3c2fd70d7de961bcf0e51575235fad/library/std/src/sys_common/backtrace.rs:68:5
[INFO] [stdout]    3:     0x55d06f12b856 - <std::sys_common::backtrace::_print::DisplayBacktrace as core::fmt::Display>::fmt::h623d9b51f2f453f1
[INFO] [stdout]                                at /rustc/0e09125c6c3c2fd70d7de961bcf0e51575235fad/library/std/src/sys_common/backtrace.rs:44:22
[INFO] [stdout]    4:     0x55d06f1549e0 - core::fmt::rt::Argument::fmt::h9f417ac76a86f368
[INFO] [stdout]                                at /rustc/0e09125c6c3c2fd70d7de961bcf0e51575235fad/library/core/src/fmt/rt.rs:142:9
[INFO] [stdout]    5:     0x55d06f1549e0 - core::fmt::write::hc9b6faf4ac2aeff7
[INFO] [stdout]                                at /rustc/0e09125c6c3c2fd70d7de961bcf0e51575235fad/library/core/src/fmt/mod.rs:1120:17
[INFO] [stdout]    6:     0x55d06f1292bf - std::io::Write::write_fmt::he04625a3a989fec3
[INFO] [stdout]                                at /rustc/0e09125c6c3c2fd70d7de961bcf0e51575235fad/library/std/src/io/mod.rs:1810:15
[INFO] [stdout]    7:     0x55d06f12b634 - std::sys_common::backtrace::_print::hd5d66399c7df88a2
[INFO] [stdout]                                at /rustc/0e09125c6c3c2fd70d7de961bcf0e51575235fad/library/std/src/sys_common/backtrace.rs:47:5
[INFO] [stdout]    8:     0x55d06f12b634 - std::sys_common::backtrace::print::he81ed2da642d37e5
[INFO] [stdout]                                at /rustc/0e09125c6c3c2fd70d7de961bcf0e51575235fad/library/std/src/sys_common/backtrace.rs:34:9
[INFO] [stdout]    9:     0x55d06f12d3a7 - std::panicking::default_hook::{{closure}}::h85773f4fa117163d
[INFO] [stdout]   10:     0x55d06f12d08d - std::panicking::default_hook::h6a1694a91d09b278
[INFO] [stdout]                                at /rustc/0e09125c6c3c2fd70d7de961bcf0e51575235fad/library/std/src/panicking.rs:289:9
[INFO] [stdout]   11:     0x55d06f0fd267 - <alloc::boxed::Box<F,A> as core::ops::function::Fn<Args>>::call::h616ac37fa3cd6c8f
[INFO] [stdout]                                at /rustc/0e09125c6c3c2fd70d7de961bcf0e51575235fad/library/alloc/src/boxed.rs:2029:9
[INFO] [stdout]   12:     0x55d06f0fd267 - test::test_main::{{closure}}::h00d84697cefdcbb6
[INFO] [stdout]                                at /rustc/0e09125c6c3c2fd70d7de961bcf0e51575235fad/library/test/src/lib.rs:138:21
[INFO] [stdout]   13:     0x55d06f12d9c6 - <alloc::boxed::Box<F,A> as core::ops::function::Fn<Args>>::call::hcb3fe3b9bb537ba8
[INFO] [stdout]                                at /rustc/0e09125c6c3c2fd70d7de961bcf0e51575235fad/library/alloc/src/boxed.rs:2029:9
[INFO] [stdout]   14:     0x55d06f12d9c6 - std::panicking::rust_panic_with_hook::h0a7ad96e90f7145b
[INFO] [stdout]                                at /rustc/0e09125c6c3c2fd70d7de961bcf0e51575235fad/library/std/src/panicking.rs:783:13
[INFO] [stdout]   15:     0x55d06f12d712 - std::panicking::begin_panic_handler::{{closure}}::h7919090525c6485e
[INFO] [stdout]                                at /rustc/0e09125c6c3c2fd70d7de961bcf0e51575235fad/library/std/src/panicking.rs:657:13
[INFO] [stdout]   16:     0x55d06f12bd56 - std::sys_common::backtrace::__rust_end_short_backtrace::hf3289479464f7dfe
[INFO] [stdout]                                at /rustc/0e09125c6c3c2fd70d7de961bcf0e51575235fad/library/std/src/sys_common/backtrace.rs:171:18
[INFO] [stdout]   17:     0x55d06f12d470 - rust_begin_unwind
[INFO] [stdout]                                at /rustc/0e09125c6c3c2fd70d7de961bcf0e51575235fad/library/std/src/panicking.rs:645:5
[INFO] [stdout]   18:     0x55d06f084e05 - core::panicking::panic_fmt::hcc9f77c5c132af55
[INFO] [stdout]                                at /rustc/0e09125c6c3c2fd70d7de961bcf0e51575235fad/library/core/src/panicking.rs:72:14
[INFO] [stdout]   19:     0x55d06f0852b3 - core::result::unwrap_failed::hbe14f498be1452f9
[INFO] [stdout]                                at /rustc/0e09125c6c3c2fd70d7de961bcf0e51575235fad/library/core/src/result.rs:1649:5
[INFO] [stdout]   20:     0x55d06f09b5fa - core::result::Result<T,E>::expect::ha3305304131a6d40
[INFO] [stdout]                                at /rustc/0e09125c6c3c2fd70d7de961bcf0e51575235fad/library/core/src/result.rs:1030:23
[INFO] [stdout]   21:     0x55d06f0a210e - dummycrust::tests::bench_add_two::h0a3e5294b875a231
[INFO] [stdout]                                at /opt/rustwide/workdir/src/main.rs:335:19
[INFO] [stdout]   22:     0x55d06f0a1f87 - dummycrust::tests::bench_add_two::{{closure}}::h9b631464f7b69937
[INFO] [stdout]                                at /opt/rustwide/workdir/src/main.rs:328:23
[INFO] [stdout]   23:     0x55d06f099aa6 - core::ops::function::FnOnce::call_once::hb5eea91fa6623ac5
[INFO] [stdout]                                at /rustc/0e09125c6c3c2fd70d7de961bcf0e51575235fad/library/core/src/ops/function.rs:250:5
[INFO] [stdout]   24:     0x55d06f102b3f - core::ops::function::FnOnce::call_once::hd64d26f405258157
[INFO] [stdout]                                at /rustc/0e09125c6c3c2fd70d7de961bcf0e51575235fad/library/core/src/ops/function.rs:250:5
[INFO] [stdout]   25:     0x55d06f102b3f - test::__rust_begin_short_backtrace::he21b0b7a6d731bf9
[INFO] [stdout]                                at /rustc/0e09125c6c3c2fd70d7de961bcf0e51575235fad/library/test/src/lib.rs:627:18
[INFO] [stdout]   26:     0x55d06f1018c1 - test::run_test_in_process::{{closure}}::hf5c73986d7bdfde2
[INFO] [stdout]                                at /rustc/0e09125c6c3c2fd70d7de961bcf0e51575235fad/library/test/src/lib.rs:650:60
[INFO] [stdout]   27:     0x55d06f1018c1 - <core::panic::unwind_safe::AssertUnwindSafe<F> as core::ops::function::FnOnce<()>>::call_once::h330011ad032aadc0
[INFO] [stdout]                                at /rustc/0e09125c6c3c2fd70d7de961bcf0e51575235fad/library/core/src/panic/unwind_safe.rs:272:9
[INFO] [stdout]   28:     0x55d06f1018c1 - std::panicking::try::do_call::he61b0a958b795a41
[INFO] [stdout]                                at /rustc/0e09125c6c3c2fd70d7de961bcf0e51575235fad/library/std/src/panicking.rs:552:40
[INFO] [stdout]   29:     0x55d06f1018c1 - std::panicking::try::h7309da130f906eb7
[INFO] [stdout]                                at /rustc/0e09125c6c3c2fd70d7de961bcf0e51575235fad/library/std/src/panicking.rs:516:19
[INFO] [stdout]   30:     0x55d06f1018c1 - std::panic::catch_unwind::hc5c3a06fdaf0a92a
[INFO] [stdout]                                at /rustc/0e09125c6c3c2fd70d7de961bcf0e51575235fad/library/std/src/panic.rs:142:14
[INFO] [stdout]   31:     0x55d06f1018c1 - test::run_test_in_process::h7e7b7c71c3324e0f
[INFO] [stdout]                                at /rustc/0e09125c6c3c2fd70d7de961bcf0e51575235fad/library/test/src/lib.rs:650:27
[INFO] [stdout]   32:     0x55d06f1018c1 - test::run_test::{{closure}}::h1f509f28f5cf20b1
[INFO] [stdout]                                at /rustc/0e09125c6c3c2fd70d7de961bcf0e51575235fad/library/test/src/lib.rs:573:43
[INFO] [stdout]   33:     0x55d06f0c8bf6 - test::run_test::{{closure}}::h1754218abf443f6d
[INFO] [stdout]                                at /rustc/0e09125c6c3c2fd70d7de961bcf0e51575235fad/library/test/src/lib.rs:601:41
[INFO] [stdout]   34:     0x55d06f0c8bf6 - std::sys_common::backtrace::__rust_begin_short_backtrace::h2ee174b9d5954948
[INFO] [stdout]                                at /rustc/0e09125c6c3c2fd70d7de961bcf0e51575235fad/library/std/src/sys_common/backtrace.rs:155:18
[INFO] [stdout]   35:     0x55d06f0cdc57 - std::thread::Builder::spawn_unchecked_::{{closure}}::{{closure}}::hf60bee9c1a17ef09
[INFO] [stdout]                                at /rustc/0e09125c6c3c2fd70d7de961bcf0e51575235fad/library/std/src/thread/mod.rs:529:17
[INFO] [stdout]   36:     0x55d06f0cdc57 - <core::panic::unwind_safe::AssertUnwindSafe<F> as core::ops::function::FnOnce<()>>::call_once::h33d0dddec5216160
[INFO] [stdout]                                at /rustc/0e09125c6c3c2fd70d7de961bcf0e51575235fad/library/core/src/panic/unwind_safe.rs:272:9
[INFO] [stdout]   37:     0x55d06f0cdc57 - std::panicking::try::do_call::h144b3048b546f835
[INFO] [stdout]                                at /rustc/0e09125c6c3c2fd70d7de961bcf0e51575235fad/library/std/src/panicking.rs:552:40
[INFO] [stdout]   38:     0x55d06f0cdc57 - std::panicking::try::h978244d04646189f
[INFO] [stdout]                                at /rustc/0e09125c6c3c2fd70d7de961bcf0e51575235fad/library/std/src/panicking.rs:516:19
[INFO] [stdout]   39:     0x55d06f0cdc57 - std::panic::catch_unwind::hdf436369d188fe86
[INFO] [stdout]                                at /rustc/0e09125c6c3c2fd70d7de961bcf0e51575235fad/library/std/src/panic.rs:142:14
[INFO] [stdout]   40:     0x55d06f0cdc57 - std::thread::Builder::spawn_unchecked_::{{closure}}::h87329cbdd33c79ec
[INFO] [stdout]                                at /rustc/0e09125c6c3c2fd70d7de961bcf0e51575235fad/library/std/src/thread/mod.rs:528:30
[INFO] [stdout]   41:     0x55d06f0cdc57 - core::ops::function::FnOnce::call_once{{vtable.shim}}::h401abbe67897d450
[INFO] [stdout]                                at /rustc/0e09125c6c3c2fd70d7de961bcf0e51575235fad/library/core/src/ops/function.rs:250:5
[INFO] [stdout]   42:     0x55d06f132475 - <alloc::boxed::Box<F,A> as core::ops::function::FnOnce<Args>>::call_once::h5d7c8f150ab9c84c
[INFO] [stdout]                                at /rustc/0e09125c6c3c2fd70d7de961bcf0e51575235fad/library/alloc/src/boxed.rs:2015:9
[INFO] [stdout]   43:     0x55d06f132475 - <alloc::boxed::Box<F,A> as core::ops::function::FnOnce<Args>>::call_once::h570d5b005c242c15
[INFO] [stdout]                                at /rustc/0e09125c6c3c2fd70d7de961bcf0e51575235fad/library/alloc/src/boxed.rs:2015:9
[INFO] [stdout]   44:     0x55d06f132475 - std::sys::unix::thread::Thread::new::thread_start::h36b0a20c0b2361ad
[INFO] [stdout]                                at /rustc/0e09125c6c3c2fd70d7de961bcf0e51575235fad/library/std/src/sys/unix/thread.rs:108:17
[INFO] [stdout]   45:     0x7f2d72a75ac3 - <unknown>
[INFO] [stdout]   46:     0x7f2d72b06bf4 - __clone
[INFO] [stdout]   47:                0x0 - <unknown>
[INFO] [stdout] 
[INFO] [stdout] 
[INFO] [stdout] failures:
[INFO] [stdout]     tests::bench_add_two
[INFO] [stdout]     tests::iterate_lil
[INFO] [stdout]     tests::iterate_lol
[INFO] [stdout] 
[INFO] [stdout] test result: FAILED. 3 passed; 3 failed; 0 ignored; 0 measured; 0 filtered out; finished in 0.17s
[INFO] [stdout] 
[INFO] [stderr] error: test failed, to rerun pass `--bin dummycrust`
[INFO] running `Command { std: "docker" "inspect" "78ff1c6e6776a493566e60ba7d647f07ec2540d439742afa0c633ae832eaf0b2", kill_on_drop: false }`
[INFO] running `Command { std: "docker" "rm" "-f" "78ff1c6e6776a493566e60ba7d647f07ec2540d439742afa0c633ae832eaf0b2", kill_on_drop: false }`
[INFO] [stdout] 78ff1c6e6776a493566e60ba7d647f07ec2540d439742afa0c633ae832eaf0b2
