[INFO] cloning repository https://github.com/andreadimax/packet_sniffer
[INFO] running `Command { std: "git" "-c" "credential.helper=" "-c" "credential.helper=/workspace/cargo-home/bin/git-credential-null" "clone" "--bare" "https://github.com/andreadimax/packet_sniffer" "/workspace/cache/git-repos/https%3A%2F%2Fgithub.com%2Fandreadimax%2Fpacket_sniffer", kill_on_drop: false }`
[INFO] [stderr] Cloning into bare repository '/workspace/cache/git-repos/https%3A%2F%2Fgithub.com%2Fandreadimax%2Fpacket_sniffer'...
[INFO] running `Command { std: "git" "rev-parse" "HEAD", kill_on_drop: false }`
[INFO] [stdout] b1c440ae8e3b33e3e683f2ef06f252eca6542de0
[INFO] testing andreadimax/packet_sniffer against 1.75.0 for beta-1.76-1
[INFO] running `Command { std: "git" "clone" "/workspace/cache/git-repos/https%3A%2F%2Fgithub.com%2Fandreadimax%2Fpacket_sniffer" "/workspace/builds/worker-5-tc1/source", kill_on_drop: false }`
[INFO] [stderr] Cloning into '/workspace/builds/worker-5-tc1/source'...
[INFO] [stderr] done.
[INFO] validating manifest of git repo https://github.com/andreadimax/packet_sniffer on toolchain 1.75.0
[INFO] running `Command { std: CARGO_HOME="/workspace/cargo-home" RUSTUP_HOME="/workspace/rustup-home" "/workspace/cargo-home/bin/cargo" "+1.75.0" "metadata" "--manifest-path" "Cargo.toml" "--no-deps", kill_on_drop: false }`
[INFO] started tweaking git repo https://github.com/andreadimax/packet_sniffer
[INFO] finished tweaking git repo https://github.com/andreadimax/packet_sniffer
[INFO] tweaked toml for git repo https://github.com/andreadimax/packet_sniffer written to /workspace/builds/worker-5-tc1/source/Cargo.toml
[INFO] crate git repo https://github.com/andreadimax/packet_sniffer already has a lockfile, it will not be regenerated
[INFO] running `Command { std: CARGO_HOME="/workspace/cargo-home" RUSTUP_HOME="/workspace/rustup-home" "/workspace/cargo-home/bin/cargo" "+1.75.0" "fetch" "--manifest-path" "Cargo.toml", kill_on_drop: false }`
[INFO] [stderr]     Updating crates.io index
[INFO] [stderr]  Downloading crates ...
[INFO] [stderr]   Downloaded tls-parser v0.11.0
[INFO] [stderr]   Downloaded pktparse v0.7.1
[INFO] [stderr]   Downloaded nom-derive-impl v0.10.0
[INFO] [stderr]   Downloaded nom-derive v0.10.0
[INFO] [stderr]   Downloaded pcap v0.9.2
[INFO] [stderr]   Downloaded lopdf v0.26.0
[INFO] [stderr]   Downloaded genpdf v0.2.0
[INFO] [stderr]   Downloaded printpdf v0.3.4
[INFO] running `Command { std: "docker" "create" "-v" "/var/lib/crater-agent-workspace/builds/worker-5-tc1/target:/opt/rustwide/target:rw,Z" "-v" "/var/lib/crater-agent-workspace/builds/worker-5-tc1/source:/opt/rustwide/workdir:ro,Z" "-v" "/var/lib/crater-agent-workspace/cargo-home:/opt/rustwide/cargo-home:ro,Z" "-v" "/var/lib/crater-agent-workspace/rustup-home:/opt/rustwide/rustup-home:ro,Z" "-e" "SOURCE_DIR=/opt/rustwide/workdir" "-e" "CARGO_TARGET_DIR=/opt/rustwide/target" "-e" "CARGO_HOME=/opt/rustwide/cargo-home" "-e" "RUSTUP_HOME=/opt/rustwide/rustup-home" "-w" "/opt/rustwide/workdir" "-m" "1610612736" "--user" "0:0" "--network" "none" "ghcr.io/rust-lang/crates-build-env/linux@sha256:2788e3201cd34a07e3172128adcd8b3090168a8e3bcc40d7c032b9dda1df7d1c" "/opt/rustwide/cargo-home/bin/cargo" "+1.75.0" "metadata" "--no-deps" "--format-version=1", kill_on_drop: false }`
[INFO] [stdout] 6506e3cdfcda1d635214f797f9255893aa886c47eb0d1aef31cc43d4c060374d
[INFO] running `Command { std: "docker" "start" "-a" "6506e3cdfcda1d635214f797f9255893aa886c47eb0d1aef31cc43d4c060374d", kill_on_drop: false }`
[INFO] running `Command { std: "docker" "inspect" "6506e3cdfcda1d635214f797f9255893aa886c47eb0d1aef31cc43d4c060374d", kill_on_drop: false }`
[INFO] running `Command { std: "docker" "rm" "-f" "6506e3cdfcda1d635214f797f9255893aa886c47eb0d1aef31cc43d4c060374d", kill_on_drop: false }`
[INFO] [stdout] 6506e3cdfcda1d635214f797f9255893aa886c47eb0d1aef31cc43d4c060374d
[INFO] running `Command { std: "docker" "create" "-v" "/var/lib/crater-agent-workspace/builds/worker-5-tc1/target:/opt/rustwide/target:rw,Z" "-v" "/var/lib/crater-agent-workspace/builds/worker-5-tc1/source:/opt/rustwide/workdir:ro,Z" "-v" "/var/lib/crater-agent-workspace/cargo-home:/opt/rustwide/cargo-home:ro,Z" "-v" "/var/lib/crater-agent-workspace/rustup-home:/opt/rustwide/rustup-home:ro,Z" "-e" "SOURCE_DIR=/opt/rustwide/workdir" "-e" "CARGO_TARGET_DIR=/opt/rustwide/target" "-e" "CARGO_INCREMENTAL=0" "-e" "RUST_BACKTRACE=full" "-e" "RUSTFLAGS=--cap-lints=warn" "-e" "RUSTDOCFLAGS=--cap-lints=warn" "-e" "CARGO_HOME=/opt/rustwide/cargo-home" "-e" "RUSTUP_HOME=/opt/rustwide/rustup-home" "-w" "/opt/rustwide/workdir" "-m" "1610612736" "--user" "0:0" "--network" "none" "ghcr.io/rust-lang/crates-build-env/linux@sha256:2788e3201cd34a07e3172128adcd8b3090168a8e3bcc40d7c032b9dda1df7d1c" "/opt/rustwide/cargo-home/bin/cargo" "+1.75.0" "build" "--frozen" "--message-format=json", kill_on_drop: false }`
[INFO] [stdout] 5b4d1a8326a9e8d8ae73e3d8855b1941181e787cd3195f4f59ffda33d98568bf
[INFO] running `Command { std: "docker" "start" "-a" "5b4d1a8326a9e8d8ae73e3d8855b1941181e787cd3195f4f59ffda33d98568bf", kill_on_drop: false }`
[INFO] [stderr]    Compiling cfg-if v1.0.0
[INFO] [stderr]    Compiling autocfg v1.1.0
[INFO] [stderr]    Compiling libc v0.2.126
[INFO] [stderr]    Compiling version_check v0.9.4
[INFO] [stderr]    Compiling proc-macro2 v1.0.42
[INFO] [stderr]    Compiling unicode-ident v1.0.2
[INFO] [stderr]    Compiling quote v1.0.20
[INFO] [stderr]    Compiling syn v1.0.98
[INFO] [stderr]    Compiling encoding_index_tests v0.1.4
[INFO] [stderr]    Compiling proc-macro-hack v0.5.19
[INFO] [stderr]    Compiling log v0.4.17
[INFO] [stderr]    Compiling num-traits v0.2.15
[INFO] [stderr]    Compiling siphasher v0.3.10
[INFO] [stderr]    Compiling standback v0.2.17
[INFO] [stderr]    Compiling memchr v2.5.0
[INFO] [stderr]    Compiling ppv-lite86 v0.2.16
[INFO] [stderr]    Compiling getrandom v0.2.7
[INFO] [stderr]    Compiling time v0.1.44
[INFO] [stderr]    Compiling rand_core v0.6.3
[INFO] [stderr]    Compiling num-integer v0.1.45
[INFO] [stderr]    Compiling rand_chacha v0.3.1
[INFO] [stderr]    Compiling crc32fast v1.3.2
[INFO] [stderr]    Compiling const_fn v0.4.9
[INFO] [stderr]    Compiling rand v0.8.5
[INFO] [stderr]    Compiling phf_shared v0.10.0
[INFO] [stderr]    Compiling time v0.2.27
[INFO] [stderr]    Compiling minimal-lexical v0.2.1
[INFO] [stderr]    Compiling adler v1.0.2
[INFO] [stderr]    Compiling byteorder v1.4.3
[INFO] [stderr]    Compiling aho-corasick v0.7.18
[INFO] [stderr]    Compiling miniz_oxide v0.5.4
[INFO] [stderr]    Compiling nom v7.1.1
[INFO] [stderr]    Compiling phf_generator v0.10.0
[INFO] [stderr]    Compiling encoding-index-singlebyte v1.20141219.5
[INFO] [stderr]    Compiling encoding-index-tradchinese v1.20141219.5
[INFO] [stderr]    Compiling encoding-index-japanese v1.20141219.5
[INFO] [stderr]    Compiling encoding-index-simpchinese v1.20141219.5
[INFO] [stderr]    Compiling encoding-index-korean v1.20141219.5
[INFO] [stderr]    Compiling rustversion v1.0.9
[INFO] [stderr]    Compiling iana-time-zone v0.1.50
[INFO] [stderr]    Compiling regex-syntax v0.6.27
[INFO] [stderr]    Compiling phf_codegen v0.10.0
[INFO] [stderr]    Compiling encoding v0.2.33
[INFO] [stderr]    Compiling chrono v0.4.22
[INFO] [stderr]    Compiling flate2 v1.0.24
[INFO] [stderr]    Compiling stb_truetype v0.3.1
[INFO] [stderr]    Compiling approx v0.3.2
[INFO] [stderr]    Compiling ordered-float v1.1.1
[INFO] [stderr]    Compiling libloading v0.6.7
[INFO] [stderr]    Compiling pom v3.2.0
[INFO] [stderr]    Compiling linked-hash-map v0.5.6
[INFO] [stderr]    Compiling lzw v0.10.0
[INFO] [stderr]    Compiling itoa v0.4.8
[INFO] [stderr]    Compiling dtoa v0.4.8
[INFO] [stderr]    Compiling rusttype v0.8.3
[INFO] [stderr]    Compiling tls-parser v0.11.0
[INFO] [stderr]    Compiling num-traits v0.1.43
[INFO] [stderr]    Compiling log v0.3.9
[INFO] [stderr]    Compiling signal-hook v0.3.14
[INFO] [stderr]    Compiling phf v0.10.1
[INFO] [stderr]    Compiling syncbox v0.2.4
[INFO] [stderr]    Compiling enum_primitive v0.1.1
[INFO] [stderr]    Compiling regex v1.6.0
[INFO] [stderr]    Compiling rusticata-macros v4.1.0
[INFO] [stderr]    Compiling errno v0.2.8
[INFO] [stderr]    Compiling signal-hook-registry v1.4.0
[INFO] [stderr]    Compiling atty v0.2.14
[INFO] [stderr]    Compiling lazy_static v1.4.0
[INFO] [stderr]    Compiling quick-error v1.2.3
[INFO] [stderr]    Compiling colored v2.0.0
[INFO] [stderr]    Compiling eventual v0.1.7
[INFO] [stderr]    Compiling dns-parser v0.8.0
[INFO] [stderr]    Compiling pktparse v0.7.1
[INFO] [stderr]    Compiling time-macros-impl v0.1.2
[INFO] [stderr]    Compiling nom-derive-impl v0.10.0
[INFO] [stderr]    Compiling derive_more v0.99.17
[INFO] [stderr]    Compiling pcap v0.9.2
[INFO] [stderr]    Compiling time-macros v0.1.1
[INFO] [stderr]    Compiling nom-derive v0.10.0
[INFO] [stderr]    Compiling lopdf v0.26.0
[INFO] [stderr]    Compiling printpdf v0.3.4
[INFO] [stderr]    Compiling genpdf v0.2.0
[INFO] [stderr]    Compiling packet_sniffer v0.1.0 (/opt/rustwide/workdir)
[INFO] [stderr]     Finished dev [unoptimized + debuginfo] target(s) in 17.24s
[INFO] running `Command { std: "docker" "inspect" "5b4d1a8326a9e8d8ae73e3d8855b1941181e787cd3195f4f59ffda33d98568bf", kill_on_drop: false }`
[INFO] running `Command { std: "docker" "rm" "-f" "5b4d1a8326a9e8d8ae73e3d8855b1941181e787cd3195f4f59ffda33d98568bf", kill_on_drop: false }`
[INFO] [stdout] 5b4d1a8326a9e8d8ae73e3d8855b1941181e787cd3195f4f59ffda33d98568bf
[INFO] running `Command { std: "docker" "create" "-v" "/var/lib/crater-agent-workspace/builds/worker-5-tc1/target:/opt/rustwide/target:rw,Z" "-v" "/var/lib/crater-agent-workspace/builds/worker-5-tc1/source:/opt/rustwide/workdir:ro,Z" "-v" "/var/lib/crater-agent-workspace/cargo-home:/opt/rustwide/cargo-home:ro,Z" "-v" "/var/lib/crater-agent-workspace/rustup-home:/opt/rustwide/rustup-home:ro,Z" "-e" "SOURCE_DIR=/opt/rustwide/workdir" "-e" "CARGO_TARGET_DIR=/opt/rustwide/target" "-e" "CARGO_INCREMENTAL=0" "-e" "RUST_BACKTRACE=full" "-e" "RUSTFLAGS=--cap-lints=warn" "-e" "RUSTDOCFLAGS=--cap-lints=warn" "-e" "CARGO_HOME=/opt/rustwide/cargo-home" "-e" "RUSTUP_HOME=/opt/rustwide/rustup-home" "-w" "/opt/rustwide/workdir" "-m" "1610612736" "--user" "0:0" "--network" "none" "ghcr.io/rust-lang/crates-build-env/linux@sha256:2788e3201cd34a07e3172128adcd8b3090168a8e3bcc40d7c032b9dda1df7d1c" "/opt/rustwide/cargo-home/bin/cargo" "+1.75.0" "test" "--frozen" "--no-run" "--message-format=json", kill_on_drop: false }`
[INFO] [stdout] fa771086d44bcd1a481063c6ca01803c9f033df02a1cc32cd5862a7eb8bea6fd
[INFO] running `Command { std: "docker" "start" "-a" "fa771086d44bcd1a481063c6ca01803c9f033df02a1cc32cd5862a7eb8bea6fd", kill_on_drop: false }`
[INFO] [stderr]    Compiling packet_sniffer v0.1.0 (/opt/rustwide/workdir)
[INFO] [stdout] warning: static variable `icmp_echo_request` should have an upper case name
[INFO] [stdout]     --> src/lib.rs:1606:12
[INFO] [stdout]      |
[INFO] [stdout] 1606 |     static icmp_echo_request: [u8; 74] = [
[INFO] [stdout]      |            ^^^^^^^^^^^^^^^^^ help: convert the identifier to upper case: `ICMP_ECHO_REQUEST`
[INFO] [stdout]      |
[INFO] [stdout]      = note: `#[warn(non_upper_case_globals)]` on by default
[INFO] [stdout] 
[INFO] [stdout] 
[INFO] [stdout] warning: static variable `icmp_echo_reply` should have an upper case name
[INFO] [stdout]     --> src/lib.rs:1627:12
[INFO] [stdout]      |
[INFO] [stdout] 1627 |     static icmp_echo_reply: [u8; 74] = [
[INFO] [stdout]      |            ^^^^^^^^^^^^^^^ help: convert the identifier to upper case: `ICMP_ECHO_REPLY`
[INFO] [stdout] 
[INFO] [stdout] 
[INFO] [stdout] warning: static variable `dns_request` should have an upper case name
[INFO] [stdout]     --> src/lib.rs:1649:12
[INFO] [stdout]      |
[INFO] [stdout] 1649 |     static dns_request: [u8; 76] = [
[INFO] [stdout]      |            ^^^^^^^^^^^ help: convert the identifier to upper case: `DNS_REQUEST`
[INFO] [stdout] 
[INFO] [stdout] 
[INFO] [stdout] warning: static variable `dns_response` should have an upper case name
[INFO] [stdout]     --> src/lib.rs:1671:12
[INFO] [stdout]      |
[INFO] [stdout] 1671 |     static dns_response: [u8; 156] = [
[INFO] [stdout]      |            ^^^^^^^^^^^^ help: convert the identifier to upper case: `DNS_RESPONSE`
[INFO] [stdout] 
[INFO] [stdout] 
[INFO] [stdout] warning: static variable `tls_example_packet` should have an upper case name
[INFO] [stdout]     --> src/lib.rs:1699:12
[INFO] [stdout]      |
[INFO] [stdout] 1699 |     static tls_example_packet: [u8; 97] = [
[INFO] [stdout]      |            ^^^^^^^^^^^^^^^^^^ help: convert the identifier to upper case: `TLS_EXAMPLE_PACKET`
[INFO] [stdout] 
[INFO] [stdout] 
[INFO] [stdout] warning: static variable `arp_reply_example_packet` should have an upper case name
[INFO] [stdout]     --> src/lib.rs:1723:12
[INFO] [stdout]      |
[INFO] [stdout] 1723 |     static arp_reply_example_packet: [u8; 28] = [
[INFO] [stdout]      |            ^^^^^^^^^^^^^^^^^^^^^^^^ help: convert the identifier to upper case: `ARP_REPLY_EXAMPLE_PACKET`
[INFO] [stdout] 
[INFO] [stdout] 
[INFO] [stdout] warning: static variable `arp_request_example_packet` should have an upper case name
[INFO] [stdout]     --> src/lib.rs:1742:12
[INFO] [stdout]      |
[INFO] [stdout] 1742 |     static arp_request_example_packet: [u8; 28] = [
[INFO] [stdout]      |            ^^^^^^^^^^^^^^^^^^^^^^^^^^ help: convert the identifier to upper case: `ARP_REQUEST_EXAMPLE_PACKET`
[INFO] [stdout] 
[INFO] [stdout] 
[INFO] [stdout] warning: static variable `udp_with_ipv6_packet_example` should have an upper case name
[INFO] [stdout]     --> src/lib.rs:1759:12
[INFO] [stdout]      |
[INFO] [stdout] 1759 |     static udp_with_ipv6_packet_example: [u8; 718] = [
[INFO] [stdout]      |            ^^^^^^^^^^^^^^^^^^^^^^^^^^^^ help: convert the identifier to upper case: `UDP_WITH_IPV6_PACKET_EXAMPLE`
[INFO] [stdout] 
[INFO] [stdout] 
[INFO] [stdout] warning: static variable `arp_generic_operation` should have an upper case name
[INFO] [stdout]     --> src/lib.rs:2115:12
[INFO] [stdout]      |
[INFO] [stdout] 2115 |     static arp_generic_operation: [u8; 42] = [
[INFO] [stdout]      |            ^^^^^^^^^^^^^^^^^^^^^ help: convert the identifier to upper case: `ARP_GENERIC_OPERATION`
[INFO] [stdout] 
[INFO] [stdout] 
[INFO] [stdout] warning: static variable `icmp_dest_unreachable` should have an upper case name
[INFO] [stdout]     --> src/lib.rs:2121:12
[INFO] [stdout]      |
[INFO] [stdout] 2121 |     static icmp_dest_unreachable: [u8; 74] = [
[INFO] [stdout]      |            ^^^^^^^^^^^^^^^^^^^^^ help: convert the identifier to upper case: `ICMP_DEST_UNREACHABLE`
[INFO] [stdout] 
[INFO] [stdout] 
[INFO] [stdout] warning: static variable `icmp_redirect` should have an upper case name
[INFO] [stdout]     --> src/lib.rs:2129:12
[INFO] [stdout]      |
[INFO] [stdout] 2129 |     static icmp_redirect: [u8; 74] = [
[INFO] [stdout]      |            ^^^^^^^^^^^^^ help: convert the identifier to upper case: `ICMP_REDIRECT`
[INFO] [stdout] 
[INFO] [stdout] 
[INFO] [stdout] warning: static variable `icmp_router_solicitation` should have an upper case name
[INFO] [stdout]     --> src/lib.rs:2137:12
[INFO] [stdout]      |
[INFO] [stdout] 2137 |     static icmp_router_solicitation: [u8; 74] = [
[INFO] [stdout]      |            ^^^^^^^^^^^^^^^^^^^^^^^^ help: convert the identifier to upper case: `ICMP_ROUTER_SOLICITATION`
[INFO] [stdout] 
[INFO] [stdout] 
[INFO] [stdout] warning: static variable `icmp_router_advertisement` should have an upper case name
[INFO] [stdout]     --> src/lib.rs:2145:12
[INFO] [stdout]      |
[INFO] [stdout] 2145 |     static icmp_router_advertisement: [u8; 74] = [
[INFO] [stdout]      |            ^^^^^^^^^^^^^^^^^^^^^^^^^ help: convert the identifier to upper case: `ICMP_ROUTER_ADVERTISEMENT`
[INFO] [stdout] 
[INFO] [stdout] 
[INFO] [stdout] warning: static variable `icmp_time_exceeded` should have an upper case name
[INFO] [stdout]     --> src/lib.rs:2153:12
[INFO] [stdout]      |
[INFO] [stdout] 2153 |     static icmp_time_exceeded: [u8; 74] = [
[INFO] [stdout]      |            ^^^^^^^^^^^^^^^^^^ help: convert the identifier to upper case: `ICMP_TIME_EXCEEDED`
[INFO] [stdout] 
[INFO] [stdout] 
[INFO] [stdout] warning: static variable `dns_packet` should have an upper case name
[INFO] [stdout]     --> src/lib.rs:2161:12
[INFO] [stdout]      |
[INFO] [stdout] 2161 |     static dns_packet: [u8; 121] = [
[INFO] [stdout]      |            ^^^^^^^^^^ help: convert the identifier to upper case: `DNS_PACKET`
[INFO] [stdout] 
[INFO] [stdout] 
[INFO] [stdout] warning: static variable `tls_change_cipher` should have an upper case name
[INFO] [stdout]     --> src/lib.rs:2173:12
[INFO] [stdout]      |
[INFO] [stdout] 2173 |     static tls_change_cipher: [u8; 105] = [
[INFO] [stdout]      |            ^^^^^^^^^^^^^^^^^ help: convert the identifier to upper case: `TLS_CHANGE_CIPHER`
[INFO] [stdout] 
[INFO] [stdout] 
[INFO] [stdout] warning: static variable `tls_handshake` should have an upper case name
[INFO] [stdout]     --> src/lib.rs:2183:12
[INFO] [stdout]      |
[INFO] [stdout] 2183 |     static tls_handshake: [u8; 99] = [
[INFO] [stdout]      |            ^^^^^^^^^^^^^ help: convert the identifier to upper case: `TLS_HANDSHAKE`
[INFO] [stdout] 
[INFO] [stdout] 
[INFO] [stdout] warning: static variable `tls_heartbeat` should have an upper case name
[INFO] [stdout]     --> src/lib.rs:2193:12
[INFO] [stdout]      |
[INFO] [stdout] 2193 |     static tls_heartbeat: [u8; 99] = [
[INFO] [stdout]      |            ^^^^^^^^^^^^^ help: convert the identifier to upper case: `TLS_HEARTBEAT`
[INFO] [stdout] 
[INFO] [stdout] 
[INFO] [stdout] warning: static variable `udp_with_ipv6` should have an upper case name
[INFO] [stdout]     --> src/lib.rs:2203:12
[INFO] [stdout]      |
[INFO] [stdout] 2203 |     static udp_with_ipv6: [u8; 718] = [
[INFO] [stdout]      |            ^^^^^^^^^^^^^ help: convert the identifier to upper case: `UDP_WITH_IPV6`
[INFO] [stdout] 
[INFO] [stdout] 
[INFO] [stdout] warning: static variable `icmpv6` should have an upper case name
[INFO] [stdout]     --> src/lib.rs:2256:12
[INFO] [stdout]      |
[INFO] [stdout] 2256 |     static icmpv6: [u8; 70] = [
[INFO] [stdout]      |            ^^^^^^ help: convert the identifier to upper case: `ICMPV6`
[INFO] [stdout] 
[INFO] [stdout] 
[INFO] [stdout] warning: 20 warnings emitted
[INFO] [stdout] 
[INFO] [stdout] 
[INFO] [stderr]     Finished test [unoptimized + debuginfo] target(s) in 1.18s
[INFO] running `Command { std: "docker" "inspect" "fa771086d44bcd1a481063c6ca01803c9f033df02a1cc32cd5862a7eb8bea6fd", kill_on_drop: false }`
[INFO] running `Command { std: "docker" "rm" "-f" "fa771086d44bcd1a481063c6ca01803c9f033df02a1cc32cd5862a7eb8bea6fd", kill_on_drop: false }`
[INFO] [stdout] fa771086d44bcd1a481063c6ca01803c9f033df02a1cc32cd5862a7eb8bea6fd
[INFO] running `Command { std: "docker" "create" "-v" "/var/lib/crater-agent-workspace/builds/worker-5-tc1/target:/opt/rustwide/target:rw,Z" "-v" "/var/lib/crater-agent-workspace/builds/worker-5-tc1/source:/opt/rustwide/workdir:ro,Z" "-v" "/var/lib/crater-agent-workspace/cargo-home:/opt/rustwide/cargo-home:ro,Z" "-v" "/var/lib/crater-agent-workspace/rustup-home:/opt/rustwide/rustup-home:ro,Z" "-e" "SOURCE_DIR=/opt/rustwide/workdir" "-e" "CARGO_TARGET_DIR=/opt/rustwide/target" "-e" "CARGO_INCREMENTAL=0" "-e" "RUST_BACKTRACE=full" "-e" "RUSTFLAGS=--cap-lints=warn" "-e" "RUSTDOCFLAGS=--cap-lints=warn" "-e" "CARGO_HOME=/opt/rustwide/cargo-home" "-e" "RUSTUP_HOME=/opt/rustwide/rustup-home" "-w" "/opt/rustwide/workdir" "-m" "1610612736" "--user" "0:0" "--network" "none" "ghcr.io/rust-lang/crates-build-env/linux@sha256:2788e3201cd34a07e3172128adcd8b3090168a8e3bcc40d7c032b9dda1df7d1c" "/opt/rustwide/cargo-home/bin/cargo" "+1.75.0" "test" "--frozen", kill_on_drop: false }`
[INFO] [stdout] 8bb69ad658821fdbcd16e8b3cebda7b6e6ac0c453870aa54917528d65fa699d6
[INFO] running `Command { std: "docker" "start" "-a" "8bb69ad658821fdbcd16e8b3cebda7b6e6ac0c453870aa54917528d65fa699d6", kill_on_drop: false }`
[INFO] [stderr] warning: static variable `icmp_echo_request` should have an upper case name
[INFO] [stderr]     --> src/lib.rs:1606:12
[INFO] [stderr]      |
[INFO] [stderr] 1606 |     static icmp_echo_request: [u8; 74] = [
[INFO] [stderr]      |            ^^^^^^^^^^^^^^^^^ help: convert the identifier to upper case: `ICMP_ECHO_REQUEST`
[INFO] [stderr]      |
[INFO] [stderr]      = note: `#[warn(non_upper_case_globals)]` on by default
[INFO] [stderr] 
[INFO] [stderr] warning: static variable `icmp_echo_reply` should have an upper case name
[INFO] [stderr]     --> src/lib.rs:1627:12
[INFO] [stderr]      |
[INFO] [stderr] 1627 |     static icmp_echo_reply: [u8; 74] = [
[INFO] [stderr]      |            ^^^^^^^^^^^^^^^ help: convert the identifier to upper case: `ICMP_ECHO_REPLY`
[INFO] [stderr] 
[INFO] [stderr] warning: static variable `dns_request` should have an upper case name
[INFO] [stderr]     --> src/lib.rs:1649:12
[INFO] [stderr]      |
[INFO] [stderr] 1649 |     static dns_request: [u8; 76] = [
[INFO] [stderr]      |            ^^^^^^^^^^^ help: convert the identifier to upper case: `DNS_REQUEST`
[INFO] [stderr] 
[INFO] [stderr] warning: static variable `dns_response` should have an upper case name
[INFO] [stderr]     --> src/lib.rs:1671:12
[INFO] [stderr]      |
[INFO] [stderr] 1671 |     static dns_response: [u8; 156] = [
[INFO] [stderr]      |            ^^^^^^^^^^^^ help: convert the identifier to upper case: `DNS_RESPONSE`
[INFO] [stderr] 
[INFO] [stderr] warning: static variable `tls_example_packet` should have an upper case name
[INFO] [stderr]     --> src/lib.rs:1699:12
[INFO] [stderr]      |
[INFO] [stderr] 1699 |     static tls_example_packet: [u8; 97] = [
[INFO] [stderr]      |            ^^^^^^^^^^^^^^^^^^ help: convert the identifier to upper case: `TLS_EXAMPLE_PACKET`
[INFO] [stderr] 
[INFO] [stderr] warning: static variable `arp_reply_example_packet` should have an upper case name
[INFO] [stderr]     --> src/lib.rs:1723:12
[INFO] [stderr]      |
[INFO] [stderr] 1723 |     static arp_reply_example_packet: [u8; 28] = [
[INFO] [stderr]      |            ^^^^^^^^^^^^^^^^^^^^^^^^ help: convert the identifier to upper case: `ARP_REPLY_EXAMPLE_PACKET`
[INFO] [stderr] 
[INFO] [stderr] warning: static variable `arp_request_example_packet` should have an upper case name
[INFO] [stderr]     --> src/lib.rs:1742:12
[INFO] [stderr]      |
[INFO] [stderr] 1742 |     static arp_request_example_packet: [u8; 28] = [
[INFO] [stderr]      |            ^^^^^^^^^^^^^^^^^^^^^^^^^^ help: convert the identifier to upper case: `ARP_REQUEST_EXAMPLE_PACKET`
[INFO] [stderr] 
[INFO] [stderr] warning: static variable `udp_with_ipv6_packet_example` should have an upper case name
[INFO] [stderr]     --> src/lib.rs:1759:12
[INFO] [stderr]      |
[INFO] [stderr] 1759 |     static udp_with_ipv6_packet_example: [u8; 718] = [
[INFO] [stderr]      |            ^^^^^^^^^^^^^^^^^^^^^^^^^^^^ help: convert the identifier to upper case: `UDP_WITH_IPV6_PACKET_EXAMPLE`
[INFO] [stderr] 
[INFO] [stderr] warning: static variable `arp_generic_operation` should have an upper case name
[INFO] [stderr]     --> src/lib.rs:2115:12
[INFO] [stderr]      |
[INFO] [stderr] 2115 |     static arp_generic_operation: [u8; 42] = [
[INFO] [stderr]      |            ^^^^^^^^^^^^^^^^^^^^^ help: convert the identifier to upper case: `ARP_GENERIC_OPERATION`
[INFO] [stderr] 
[INFO] [stderr] warning: static variable `icmp_dest_unreachable` should have an upper case name
[INFO] [stderr]     --> src/lib.rs:2121:12
[INFO] [stderr]      |
[INFO] [stderr] 2121 |     static icmp_dest_unreachable: [u8; 74] = [
[INFO] [stderr]      |            ^^^^^^^^^^^^^^^^^^^^^ help: convert the identifier to upper case: `ICMP_DEST_UNREACHABLE`
[INFO] [stderr] 
[INFO] [stderr] warning: static variable `icmp_redirect` should have an upper case name
[INFO] [stderr]     --> src/lib.rs:2129:12
[INFO] [stderr]      |
[INFO] [stderr] 2129 |     static icmp_redirect: [u8; 74] = [
[INFO] [stderr]      |            ^^^^^^^^^^^^^ help: convert the identifier to upper case: `ICMP_REDIRECT`
[INFO] [stderr] 
[INFO] [stderr] warning: static variable `icmp_router_solicitation` should have an upper case name
[INFO] [stderr]     --> src/lib.rs:2137:12
[INFO] [stderr]      |
[INFO] [stderr] 2137 |     static icmp_router_solicitation: [u8; 74] = [
[INFO] [stderr]      |            ^^^^^^^^^^^^^^^^^^^^^^^^ help: convert the identifier to upper case: `ICMP_ROUTER_SOLICITATION`
[INFO] [stderr] 
[INFO] [stderr] warning: static variable `icmp_router_advertisement` should have an upper case name
[INFO] [stderr]     --> src/lib.rs:2145:12
[INFO] [stderr]      |
[INFO] [stderr] 2145 |     static icmp_router_advertisement: [u8; 74] = [
[INFO] [stderr]      |            ^^^^^^^^^^^^^^^^^^^^^^^^^ help: convert the identifier to upper case: `ICMP_ROUTER_ADVERTISEMENT`
[INFO] [stderr] 
[INFO] [stderr] warning: static variable `icmp_time_exceeded` should have an upper case name
[INFO] [stderr]     --> src/lib.rs:2153:12
[INFO] [stderr]      |
[INFO] [stderr] 2153 |     static icmp_time_exceeded: [u8; 74] = [
[INFO] [stderr]      |            ^^^^^^^^^^^^^^^^^^ help: convert the identifier to upper case: `ICMP_TIME_EXCEEDED`
[INFO] [stderr] 
[INFO] [stderr] warning: static variable `dns_packet` should have an upper case name
[INFO] [stderr]     --> src/lib.rs:2161:12
[INFO] [stderr]      |
[INFO] [stderr] 2161 |     static dns_packet: [u8; 121] = [
[INFO] [stderr]      |            ^^^^^^^^^^ help: convert the identifier to upper case: `DNS_PACKET`
[INFO] [stderr] 
[INFO] [stderr] warning: static variable `tls_change_cipher` should have an upper case name
[INFO] [stderr]     --> src/lib.rs:2173:12
[INFO] [stderr]      |
[INFO] [stderr] 2173 |     static tls_change_cipher: [u8; 105] = [
[INFO] [stderr]      |            ^^^^^^^^^^^^^^^^^ help: convert the identifier to upper case: `TLS_CHANGE_CIPHER`
[INFO] [stderr] 
[INFO] [stderr] warning: static variable `tls_handshake` should have an upper case name
[INFO] [stderr]     --> src/lib.rs:2183:12
[INFO] [stderr]      |
[INFO] [stderr] 2183 |     static tls_handshake: [u8; 99] = [
[INFO] [stderr]      |            ^^^^^^^^^^^^^ help: convert the identifier to upper case: `TLS_HANDSHAKE`
[INFO] [stderr] 
[INFO] [stderr] warning: static variable `tls_heartbeat` should have an upper case name
[INFO] [stderr]     --> src/lib.rs:2193:12
[INFO] [stderr]      |
[INFO] [stderr] 2193 |     static tls_heartbeat: [u8; 99] = [
[INFO] [stderr]      |            ^^^^^^^^^^^^^ help: convert the identifier to upper case: `TLS_HEARTBEAT`
[INFO] [stderr] 
[INFO] [stderr] warning: static variable `udp_with_ipv6` should have an upper case name
[INFO] [stderr]     --> src/lib.rs:2203:12
[INFO] [stderr]      |
[INFO] [stderr] 2203 |     static udp_with_ipv6: [u8; 718] = [
[INFO] [stderr]      |            ^^^^^^^^^^^^^ help: convert the identifier to upper case: `UDP_WITH_IPV6`
[INFO] [stderr] 
[INFO] [stderr] warning: static variable `icmpv6` should have an upper case name
[INFO] [stderr]     --> src/lib.rs:2256:12
[INFO] [stderr]      |
[INFO] [stderr] 2256 |     static icmpv6: [u8; 70] = [
[INFO] [stderr]      |            ^^^^^^ help: convert the identifier to upper case: `ICMPV6`
[INFO] [stderr] 
[INFO] [stderr] warning: `packet_sniffer` (lib test) generated 20 warnings
[INFO] [stderr]     Finished test [unoptimized + debuginfo] target(s) in 0.05s
[INFO] [stderr]      Running unittests src/lib.rs (/opt/rustwide/target/debug/deps/packet_sniffer-84828536df1509ac)
[INFO] [stdout] 
[INFO] [stdout] running 15 tests
[INFO] [stdout] test test::from_networks_testing ... ok
[INFO] [stdout] test test::get_connections_testing ... ok
[INFO] [stdout] test test::test_mac_address_to_string ... ok
[INFO] [stdout] test test::test_parse_arp ... ok
[INFO] [stdout] test test::test_parse_dns ... ok
[INFO] [stdout] test test::test_parse_ethernet ... ok
[INFO] [stdout] test test::test_parse_icmp ... ok
[INFO] [stdout] test test::test_parse_ipv4 ... ok
[INFO] [stdout] test test::test_parse_ipv6 ... ok
[INFO] [stdout] test test::test_parse_tcp ... ok
[INFO] [stdout] test test::test_parse_tls ... ok
[INFO] [stdout] test test::test_parse_udp ... ok
[INFO] [stdout] test test::test_parse_packets ... ok
[INFO] [stdout] test test::update_connections_testing ... ok
[INFO] [stdout] test test::get_report_testing ... FAILED
[INFO] [stdout] 
[INFO] [stdout] failures:
[INFO] [stdout] 
[INFO] [stdout] ---- test::get_report_testing stdout ----
[INFO] [stdout] thread 'test::get_report_testing' panicked at src/lib.rs:1187:26:
[INFO] [stdout] Could not find font directory
[INFO] [stdout] stack backtrace:
[INFO] [stdout]    0:     0x563cb5b2b98c - std::backtrace_rs::backtrace::libunwind::trace::ha637c64ce894333a
[INFO] [stdout]                                at /rustc/82e1608dfa6e0b5569232559e3d385fea5a93112/library/std/src/../../backtrace/src/backtrace/libunwind.rs:104:5
[INFO] [stdout]    1:     0x563cb5b2b98c - std::backtrace_rs::backtrace::trace_unsynchronized::h47f62dea28e0c88d
[INFO] [stdout]                                at /rustc/82e1608dfa6e0b5569232559e3d385fea5a93112/library/std/src/../../backtrace/src/backtrace/mod.rs:66:5
[INFO] [stdout]    2:     0x563cb5b2b98c - std::sys_common::backtrace::_print_fmt::h9eef0abe20ede486
[INFO] [stdout]                                at /rustc/82e1608dfa6e0b5569232559e3d385fea5a93112/library/std/src/sys_common/backtrace.rs:67:5
[INFO] [stdout]    3:     0x563cb5b2b98c - <std::sys_common::backtrace::_print::DisplayBacktrace as core::fmt::Display>::fmt::hed7f999df88cc644
[INFO] [stdout]                                at /rustc/82e1608dfa6e0b5569232559e3d385fea5a93112/library/std/src/sys_common/backtrace.rs:44:22
[INFO] [stdout]    4:     0x563cb5b57130 - core::fmt::rt::Argument::fmt::h1539a9308b8d058d
[INFO] [stdout]                                at /rustc/82e1608dfa6e0b5569232559e3d385fea5a93112/library/core/src/fmt/rt.rs:142:9
[INFO] [stdout]    5:     0x563cb5b57130 - core::fmt::write::h3a39390d8560d9c9
[INFO] [stdout]                                at /rustc/82e1608dfa6e0b5569232559e3d385fea5a93112/library/core/src/fmt/mod.rs:1120:17
[INFO] [stdout]    6:     0x563cb5b2912f - std::io::Write::write_fmt::h040b369f3a0f9cbc
[INFO] [stdout]                                at /rustc/82e1608dfa6e0b5569232559e3d385fea5a93112/library/std/src/io/mod.rs:1762:15
[INFO] [stdout]    7:     0x563cb5b2b774 - std::sys_common::backtrace::_print::h894006fb5c6f3d45
[INFO] [stdout]                                at /rustc/82e1608dfa6e0b5569232559e3d385fea5a93112/library/std/src/sys_common/backtrace.rs:47:5
[INFO] [stdout]    8:     0x563cb5b2b774 - std::sys_common::backtrace::print::h23a2d212c6fff936
[INFO] [stdout]                                at /rustc/82e1608dfa6e0b5569232559e3d385fea5a93112/library/std/src/sys_common/backtrace.rs:34:9
[INFO] [stdout]    9:     0x563cb5b2d437 - std::panicking::default_hook::{{closure}}::h8a1d2ee00185001a
[INFO] [stdout]   10:     0x563cb5b2d123 - std::panicking::default_hook::h6038f2eba384e475
[INFO] [stdout]                                at /rustc/82e1608dfa6e0b5569232559e3d385fea5a93112/library/std/src/panicking.rs:289:9
[INFO] [stdout]   11:     0x563cb59d4fd7 - <alloc::boxed::Box<F,A> as core::ops::function::Fn<Args>>::call::h0ad024c9bdc6d768
[INFO] [stdout]                                at /rustc/82e1608dfa6e0b5569232559e3d385fea5a93112/library/alloc/src/boxed.rs:2021:9
[INFO] [stdout]   12:     0x563cb59d4fd7 - test::test_main::{{closure}}::h7500b54257359db6
[INFO] [stdout]                                at /rustc/82e1608dfa6e0b5569232559e3d385fea5a93112/library/test/src/lib.rs:138:21
[INFO] [stdout]   13:     0x563cb5b2da48 - <alloc::boxed::Box<F,A> as core::ops::function::Fn<Args>>::call::h1f8f335eaa9cfaee
[INFO] [stdout]                                at /rustc/82e1608dfa6e0b5569232559e3d385fea5a93112/library/alloc/src/boxed.rs:2021:9
[INFO] [stdout]   14:     0x563cb5b2da48 - std::panicking::rust_panic_with_hook::h2b5517d590cab22e
[INFO] [stdout]                                at /rustc/82e1608dfa6e0b5569232559e3d385fea5a93112/library/std/src/panicking.rs:783:13
[INFO] [stdout]   15:     0x563cb5b2d79e - std::panicking::begin_panic_handler::{{closure}}::h233112c06e0ef43e
[INFO] [stdout]                                at /rustc/82e1608dfa6e0b5569232559e3d385fea5a93112/library/std/src/panicking.rs:657:13
[INFO] [stdout]   16:     0x563cb5b2be56 - std::sys_common::backtrace::__rust_end_short_backtrace::h6e893f24d7ebbff8
[INFO] [stdout]                                at /rustc/82e1608dfa6e0b5569232559e3d385fea5a93112/library/std/src/sys_common/backtrace.rs:170:18
[INFO] [stdout]   17:     0x563cb5b2d502 - rust_begin_unwind
[INFO] [stdout]                                at /rustc/82e1608dfa6e0b5569232559e3d385fea5a93112/library/std/src/panicking.rs:645:5
[INFO] [stdout]   18:     0x563cb593b085 - core::panicking::panic_fmt::hbf0e066aabfa482c
[INFO] [stdout]                                at /rustc/82e1608dfa6e0b5569232559e3d385fea5a93112/library/core/src/panicking.rs:72:14
[INFO] [stdout]   19:     0x563cb593b043 - core::panicking::panic_display::h68e6012a1c287ca5
[INFO] [stdout]                                at /rustc/82e1608dfa6e0b5569232559e3d385fea5a93112/library/core/src/panicking.rs:178:5
[INFO] [stdout]   20:     0x563cb593b043 - core::panicking::panic_str::h1ca8e3b0d2d70f80
[INFO] [stdout]                                at /rustc/82e1608dfa6e0b5569232559e3d385fea5a93112/library/core/src/panicking.rs:152:5
[INFO] [stdout]   21:     0x563cb593b043 - core::option::expect_failed::h1ae4bac6b7606972
[INFO] [stdout]                                at /rustc/82e1608dfa6e0b5569232559e3d385fea5a93112/library/core/src/option.rs:1985:5
[INFO] [stdout]   22:     0x563cb59863f2 - core::option::Option<T>::expect::hc8ea09f6675ef9f6
[INFO] [stdout]                                at /rustc/82e1608dfa6e0b5569232559e3d385fea5a93112/library/core/src/option.rs:894:21
[INFO] [stdout]   23:     0x563cb596595d - packet_sniffer::connection::Connection::get_report::hf20103ca2fea0d9f
[INFO] [stdout]                                at /opt/rustwide/workdir/src/lib.rs:1183:36
[INFO] [stdout]   24:     0x563cb5958be8 - packet_sniffer::test::get_report_testing::hce18ec807ef63781
[INFO] [stdout]                                at /opt/rustwide/workdir/src/lib.rs:2700:9
[INFO] [stdout]   25:     0x563cb59585e7 - packet_sniffer::test::get_report_testing::{{closure}}::ha0e513dd0707e3c3
[INFO] [stdout]                                at /opt/rustwide/workdir/src/lib.rs:2667:28
[INFO] [stdout]   26:     0x563cb598d5a6 - core::ops::function::FnOnce::call_once::hd2640f2ad11a3267
[INFO] [stdout]                                at /rustc/82e1608dfa6e0b5569232559e3d385fea5a93112/library/core/src/ops/function.rs:250:5
[INFO] [stdout]   27:     0x563cb59da62f - core::ops::function::FnOnce::call_once::h2b5d431d5046312d
[INFO] [stdout]                                at /rustc/82e1608dfa6e0b5569232559e3d385fea5a93112/library/core/src/ops/function.rs:250:5
[INFO] [stdout]   28:     0x563cb59da62f - test::__rust_begin_short_backtrace::h7714669af176e207
[INFO] [stdout]                                at /rustc/82e1608dfa6e0b5569232559e3d385fea5a93112/library/test/src/lib.rs:628:18
[INFO] [stdout]   29:     0x563cb59d9645 - test::run_test_in_process::{{closure}}::h85218797dcbcec12
[INFO] [stdout]                                at /rustc/82e1608dfa6e0b5569232559e3d385fea5a93112/library/test/src/lib.rs:651:60
[INFO] [stdout]   30:     0x563cb59d9645 - <core::panic::unwind_safe::AssertUnwindSafe<F> as core::ops::function::FnOnce<()>>::call_once::h76c106ea31c14d7b
[INFO] [stdout]                                at /rustc/82e1608dfa6e0b5569232559e3d385fea5a93112/library/core/src/panic/unwind_safe.rs:272:9
[INFO] [stdout]   31:     0x563cb59d9645 - std::panicking::try::do_call::h3bd5d0f6620ee946
[INFO] [stdout]                                at /rustc/82e1608dfa6e0b5569232559e3d385fea5a93112/library/std/src/panicking.rs:552:40
[INFO] [stdout]   32:     0x563cb59d9645 - std::panicking::try::h232e535e4744fe31
[INFO] [stdout]                                at /rustc/82e1608dfa6e0b5569232559e3d385fea5a93112/library/std/src/panicking.rs:516:19
[INFO] [stdout]   33:     0x563cb59d9645 - std::panic::catch_unwind::h3ce3bd6ca8dbac68
[INFO] [stdout]                                at /rustc/82e1608dfa6e0b5569232559e3d385fea5a93112/library/std/src/panic.rs:142:14
[INFO] [stdout]   34:     0x563cb59d9645 - test::run_test_in_process::hc97b257c9621286a
[INFO] [stdout]                                at /rustc/82e1608dfa6e0b5569232559e3d385fea5a93112/library/test/src/lib.rs:651:27
[INFO] [stdout]   35:     0x563cb59d9645 - test::run_test::{{closure}}::h2aa798823a438d38
[INFO] [stdout]                                at /rustc/82e1608dfa6e0b5569232559e3d385fea5a93112/library/test/src/lib.rs:574:43
[INFO] [stdout]   36:     0x563cb59a1906 - test::run_test::{{closure}}::h87d231c78fb59832
[INFO] [stdout]                                at /rustc/82e1608dfa6e0b5569232559e3d385fea5a93112/library/test/src/lib.rs:602:41
[INFO] [stdout]   37:     0x563cb59a1906 - std::sys_common::backtrace::__rust_begin_short_backtrace::he6df152596625789
[INFO] [stdout]                                at /rustc/82e1608dfa6e0b5569232559e3d385fea5a93112/library/std/src/sys_common/backtrace.rs:154:18
[INFO] [stdout]   38:     0x563cb59a69b7 - std::thread::Builder::spawn_unchecked_::{{closure}}::{{closure}}::ha94be15d1e0acf36
[INFO] [stdout]                                at /rustc/82e1608dfa6e0b5569232559e3d385fea5a93112/library/std/src/thread/mod.rs:529:17
[INFO] [stdout]   39:     0x563cb59a69b7 - <core::panic::unwind_safe::AssertUnwindSafe<F> as core::ops::function::FnOnce<()>>::call_once::h9dc6bd6372f16606
[INFO] [stdout]                                at /rustc/82e1608dfa6e0b5569232559e3d385fea5a93112/library/core/src/panic/unwind_safe.rs:272:9
[INFO] [stdout]   40:     0x563cb59a69b7 - std::panicking::try::do_call::h9057517f80303cd4
[INFO] [stdout]                                at /rustc/82e1608dfa6e0b5569232559e3d385fea5a93112/library/std/src/panicking.rs:552:40
[INFO] [stdout]   41:     0x563cb59a69b7 - std::panicking::try::he3a30b11ee45340c
[INFO] [stdout]                                at /rustc/82e1608dfa6e0b5569232559e3d385fea5a93112/library/std/src/panicking.rs:516:19
[INFO] [stdout]   42:     0x563cb59a69b7 - std::panic::catch_unwind::h410458cfd3528b8b
[INFO] [stdout]                                at /rustc/82e1608dfa6e0b5569232559e3d385fea5a93112/library/std/src/panic.rs:142:14
[INFO] [stdout]   43:     0x563cb59a69b7 - std::thread::Builder::spawn_unchecked_::{{closure}}::h72ac3bdb567b737b
[INFO] [stdout]                                at /rustc/82e1608dfa6e0b5569232559e3d385fea5a93112/library/std/src/thread/mod.rs:528:30
[INFO] [stdout]   44:     0x563cb59a69b7 - core::ops::function::FnOnce::call_once{{vtable.shim}}::h38f34da3654a8344
[INFO] [stdout]                                at /rustc/82e1608dfa6e0b5569232559e3d385fea5a93112/library/core/src/ops/function.rs:250:5
[INFO] [stdout]   45:     0x563cb5b32725 - <alloc::boxed::Box<F,A> as core::ops::function::FnOnce<Args>>::call_once::hc7eafaff61e32df9
[INFO] [stdout]                                at /rustc/82e1608dfa6e0b5569232559e3d385fea5a93112/library/alloc/src/boxed.rs:2007:9
[INFO] [stdout]   46:     0x563cb5b32725 - <alloc::boxed::Box<F,A> as core::ops::function::FnOnce<Args>>::call_once::h6ba4a5de48dd2304
[INFO] [stdout]                                at /rustc/82e1608dfa6e0b5569232559e3d385fea5a93112/library/alloc/src/boxed.rs:2007:9
[INFO] [stdout]   47:     0x563cb5b32725 - std::sys::unix::thread::Thread::new::thread_start::he469335aef763e45
[INFO] [stdout]                                at /rustc/82e1608dfa6e0b5569232559e3d385fea5a93112/library/std/src/sys/unix/thread.rs:108:17
[INFO] [stdout]   48:     0x7f29a65deac3 - <unknown>
[INFO] [stdout]   49:     0x7f29a666fbf4 - __clone
[INFO] [stdout]   50:                0x0 - <unknown>
[INFO] [stdout] 
[INFO] [stdout] 
[INFO] [stdout] failures:
[INFO] [stdout]     test::get_report_testing
[INFO] [stdout] 
[INFO] [stdout] test result: FAILED. 14 passed; 1 failed; 0 ignored; 0 measured; 0 filtered out; finished in 0.02s
[INFO] [stdout] 
[INFO] [stderr] error: test failed, to rerun pass `--lib`
[INFO] running `Command { std: "docker" "inspect" "8bb69ad658821fdbcd16e8b3cebda7b6e6ac0c453870aa54917528d65fa699d6", kill_on_drop: false }`
[INFO] running `Command { std: "docker" "rm" "-f" "8bb69ad658821fdbcd16e8b3cebda7b6e6ac0c453870aa54917528d65fa699d6", kill_on_drop: false }`
[INFO] [stdout] 8bb69ad658821fdbcd16e8b3cebda7b6e6ac0c453870aa54917528d65fa699d6
[INFO] testing andreadimax/packet_sniffer against beta-2023-12-22 for beta-1.76-1
[INFO] running `Command { std: "git" "clone" "/workspace/cache/git-repos/https%3A%2F%2Fgithub.com%2Fandreadimax%2Fpacket_sniffer" "/workspace/builds/worker-5-tc2/source", kill_on_drop: false }`
[INFO] [stderr] Cloning into '/workspace/builds/worker-5-tc2/source'...
[INFO] [stderr] done.
[INFO] validating manifest of git repo https://github.com/andreadimax/packet_sniffer on toolchain beta-2023-12-22
[INFO] running `Command { std: CARGO_HOME="/workspace/cargo-home" RUSTUP_HOME="/workspace/rustup-home" "/workspace/cargo-home/bin/cargo" "+beta-2023-12-22" "metadata" "--manifest-path" "Cargo.toml" "--no-deps", kill_on_drop: false }`
[INFO] started tweaking git repo https://github.com/andreadimax/packet_sniffer
[INFO] finished tweaking git repo https://github.com/andreadimax/packet_sniffer
[INFO] tweaked toml for git repo https://github.com/andreadimax/packet_sniffer written to /workspace/builds/worker-5-tc2/source/Cargo.toml
[INFO] crate git repo https://github.com/andreadimax/packet_sniffer already has a lockfile, it will not be regenerated
[INFO] running `Command { std: CARGO_HOME="/workspace/cargo-home" RUSTUP_HOME="/workspace/rustup-home" "/workspace/cargo-home/bin/cargo" "+beta-2023-12-22" "fetch" "--manifest-path" "Cargo.toml", kill_on_drop: false }`
[INFO] running `Command { std: "docker" "create" "-v" "/var/lib/crater-agent-workspace/builds/worker-5-tc2/target:/opt/rustwide/target:rw,Z" "-v" "/var/lib/crater-agent-workspace/builds/worker-5-tc2/source:/opt/rustwide/workdir:ro,Z" "-v" "/var/lib/crater-agent-workspace/cargo-home:/opt/rustwide/cargo-home:ro,Z" "-v" "/var/lib/crater-agent-workspace/rustup-home:/opt/rustwide/rustup-home:ro,Z" "-e" "SOURCE_DIR=/opt/rustwide/workdir" "-e" "CARGO_TARGET_DIR=/opt/rustwide/target" "-e" "CARGO_HOME=/opt/rustwide/cargo-home" "-e" "RUSTUP_HOME=/opt/rustwide/rustup-home" "-w" "/opt/rustwide/workdir" "-m" "1610612736" "--user" "0:0" "--network" "none" "ghcr.io/rust-lang/crates-build-env/linux@sha256:2788e3201cd34a07e3172128adcd8b3090168a8e3bcc40d7c032b9dda1df7d1c" "/opt/rustwide/cargo-home/bin/cargo" "+beta-2023-12-22" "metadata" "--no-deps" "--format-version=1", kill_on_drop: false }`
[INFO] [stdout] 8bfb892e2146c68ba6b05b3d1c94e947c8a4029b04c097b85460f593a5937b55
[INFO] running `Command { std: "docker" "start" "-a" "8bfb892e2146c68ba6b05b3d1c94e947c8a4029b04c097b85460f593a5937b55", kill_on_drop: false }`
[INFO] running `Command { std: "docker" "inspect" "8bfb892e2146c68ba6b05b3d1c94e947c8a4029b04c097b85460f593a5937b55", kill_on_drop: false }`
[INFO] running `Command { std: "docker" "rm" "-f" "8bfb892e2146c68ba6b05b3d1c94e947c8a4029b04c097b85460f593a5937b55", kill_on_drop: false }`
[INFO] [stdout] 8bfb892e2146c68ba6b05b3d1c94e947c8a4029b04c097b85460f593a5937b55
[INFO] running `Command { std: "docker" "create" "-v" "/var/lib/crater-agent-workspace/builds/worker-5-tc2/target:/opt/rustwide/target:rw,Z" "-v" "/var/lib/crater-agent-workspace/builds/worker-5-tc2/source:/opt/rustwide/workdir:ro,Z" "-v" "/var/lib/crater-agent-workspace/cargo-home:/opt/rustwide/cargo-home:ro,Z" "-v" "/var/lib/crater-agent-workspace/rustup-home:/opt/rustwide/rustup-home:ro,Z" "-e" "SOURCE_DIR=/opt/rustwide/workdir" "-e" "CARGO_TARGET_DIR=/opt/rustwide/target" "-e" "CARGO_INCREMENTAL=0" "-e" "RUST_BACKTRACE=full" "-e" "RUSTFLAGS=--cap-lints=warn" "-e" "RUSTDOCFLAGS=--cap-lints=warn" "-e" "CARGO_HOME=/opt/rustwide/cargo-home" "-e" "RUSTUP_HOME=/opt/rustwide/rustup-home" "-w" "/opt/rustwide/workdir" "-m" "1610612736" "--user" "0:0" "--network" "none" "ghcr.io/rust-lang/crates-build-env/linux@sha256:2788e3201cd34a07e3172128adcd8b3090168a8e3bcc40d7c032b9dda1df7d1c" "/opt/rustwide/cargo-home/bin/cargo" "+beta-2023-12-22" "build" "--frozen" "--message-format=json", kill_on_drop: false }`
[INFO] [stdout] 90e5ad30d9fe1a8a9eeb1f94c4e94ab79abfc2ffe52c0d429ccf9611fc8d086d
[INFO] running `Command { std: "docker" "start" "-a" "90e5ad30d9fe1a8a9eeb1f94c4e94ab79abfc2ffe52c0d429ccf9611fc8d086d", kill_on_drop: false }`
[INFO] [stderr]    Compiling cfg-if v1.0.0
[INFO] [stderr]    Compiling libc v0.2.126
[INFO] [stderr]    Compiling autocfg v1.1.0
[INFO] [stderr]    Compiling version_check v0.9.4
[INFO] [stderr]    Compiling proc-macro2 v1.0.42
[INFO] [stderr]    Compiling unicode-ident v1.0.2
[INFO] [stderr]    Compiling quote v1.0.20
[INFO] [stderr]    Compiling syn v1.0.98
[INFO] [stderr]    Compiling encoding_index_tests v0.1.4
[INFO] [stderr]    Compiling proc-macro-hack v0.5.19
[INFO] [stderr]    Compiling standback v0.2.17
[INFO] [stderr]    Compiling log v0.4.17
[INFO] [stderr]    Compiling siphasher v0.3.10
[INFO] [stderr]    Compiling num-traits v0.2.15
[INFO] [stderr]    Compiling ppv-lite86 v0.2.16
[INFO] [stderr]    Compiling memchr v2.5.0
[INFO] [stderr]    Compiling num-integer v0.1.45
[INFO] [stderr]    Compiling getrandom v0.2.7
[INFO] [stderr]    Compiling time v0.1.44
[INFO] [stderr]    Compiling rand_core v0.6.3
[INFO] [stderr]    Compiling crc32fast v1.3.2
[INFO] [stderr]    Compiling const_fn v0.4.9
[INFO] [stderr]    Compiling rand_chacha v0.3.1
[INFO] [stderr]    Compiling rand v0.8.5
[INFO] [stderr]    Compiling phf_shared v0.10.0
[INFO] [stderr]    Compiling time v0.2.27
[INFO] [stderr]    Compiling adler v1.0.2
[INFO] [stderr]    Compiling minimal-lexical v0.2.1
[INFO] [stderr]    Compiling byteorder v1.4.3
[INFO] [stderr]    Compiling miniz_oxide v0.5.4
[INFO] [stderr]    Compiling aho-corasick v0.7.18
[INFO] [stderr]    Compiling nom v7.1.1
[INFO] [stderr]    Compiling phf_generator v0.10.0
[INFO] [stderr]    Compiling encoding-index-tradchinese v1.20141219.5
[INFO] [stderr]    Compiling encoding-index-japanese v1.20141219.5
[INFO] [stderr]    Compiling encoding-index-simpchinese v1.20141219.5
[INFO] [stderr]    Compiling encoding-index-korean v1.20141219.5
[INFO] [stderr]    Compiling encoding-index-singlebyte v1.20141219.5
[INFO] [stderr]    Compiling regex-syntax v0.6.27
[INFO] [stderr]    Compiling iana-time-zone v0.1.50
[INFO] [stderr]    Compiling rustversion v1.0.9
[INFO] [stderr]    Compiling encoding v0.2.33
[INFO] [stderr]    Compiling chrono v0.4.22
[INFO] [stderr]    Compiling flate2 v1.0.24
[INFO] [stderr]    Compiling phf_codegen v0.10.0
[INFO] [stderr]    Compiling stb_truetype v0.3.1
[INFO] [stderr]    Compiling approx v0.3.2
[INFO] [stderr]    Compiling ordered-float v1.1.1
[INFO] [stderr]    Compiling libloading v0.6.7
[INFO] [stderr]    Compiling linked-hash-map v0.5.6
[INFO] [stderr]    Compiling itoa v0.4.8
[INFO] [stderr]    Compiling lzw v0.10.0
[INFO] [stderr]    Compiling dtoa v0.4.8
[INFO] [stderr]    Compiling pom v3.2.0
[INFO] [stderr]    Compiling rusttype v0.8.3
[INFO] [stderr]    Compiling tls-parser v0.11.0
[INFO] [stderr]    Compiling num-traits v0.1.43
[INFO] [stderr]    Compiling log v0.3.9
[INFO] [stderr]    Compiling signal-hook v0.3.14
[INFO] [stderr]    Compiling phf v0.10.1
[INFO] [stderr]    Compiling syncbox v0.2.4
[INFO] [stderr]    Compiling enum_primitive v0.1.1
[INFO] [stderr]    Compiling rusticata-macros v4.1.0
[INFO] [stderr]    Compiling errno v0.2.8
[INFO] [stderr]    Compiling regex v1.6.0
[INFO] [stderr]    Compiling signal-hook-registry v1.4.0
[INFO] [stderr]    Compiling atty v0.2.14
[INFO] [stderr]    Compiling quick-error v1.2.3
[INFO] [stderr]    Compiling lazy_static v1.4.0
[INFO] [stderr]    Compiling dns-parser v0.8.0
[INFO] [stderr]    Compiling colored v2.0.0
[INFO] [stderr]    Compiling eventual v0.1.7
[INFO] [stderr]    Compiling pktparse v0.7.1
[INFO] [stderr]    Compiling time-macros-impl v0.1.2
[INFO] [stderr]    Compiling nom-derive-impl v0.10.0
[INFO] [stderr]    Compiling derive_more v0.99.17
[INFO] [stderr]    Compiling pcap v0.9.2
[INFO] [stderr]    Compiling time-macros v0.1.1
[INFO] [stderr]    Compiling nom-derive v0.10.0
[INFO] [stderr]    Compiling lopdf v0.26.0
[INFO] [stderr]    Compiling printpdf v0.3.4
[INFO] [stderr]    Compiling genpdf v0.2.0
[INFO] [stderr]    Compiling packet_sniffer v0.1.0 (/opt/rustwide/workdir)
[INFO] [stderr]     Finished dev [unoptimized + debuginfo] target(s) in 8.75s
[INFO] running `Command { std: "docker" "inspect" "90e5ad30d9fe1a8a9eeb1f94c4e94ab79abfc2ffe52c0d429ccf9611fc8d086d", kill_on_drop: false }`
[INFO] running `Command { std: "docker" "rm" "-f" "90e5ad30d9fe1a8a9eeb1f94c4e94ab79abfc2ffe52c0d429ccf9611fc8d086d", kill_on_drop: false }`
[INFO] [stdout] 90e5ad30d9fe1a8a9eeb1f94c4e94ab79abfc2ffe52c0d429ccf9611fc8d086d
[INFO] running `Command { std: "docker" "create" "-v" "/var/lib/crater-agent-workspace/builds/worker-5-tc2/target:/opt/rustwide/target:rw,Z" "-v" "/var/lib/crater-agent-workspace/builds/worker-5-tc2/source:/opt/rustwide/workdir:ro,Z" "-v" "/var/lib/crater-agent-workspace/cargo-home:/opt/rustwide/cargo-home:ro,Z" "-v" "/var/lib/crater-agent-workspace/rustup-home:/opt/rustwide/rustup-home:ro,Z" "-e" "SOURCE_DIR=/opt/rustwide/workdir" "-e" "CARGO_TARGET_DIR=/opt/rustwide/target" "-e" "CARGO_INCREMENTAL=0" "-e" "RUST_BACKTRACE=full" "-e" "RUSTFLAGS=--cap-lints=warn" "-e" "RUSTDOCFLAGS=--cap-lints=warn" "-e" "CARGO_HOME=/opt/rustwide/cargo-home" "-e" "RUSTUP_HOME=/opt/rustwide/rustup-home" "-w" "/opt/rustwide/workdir" "-m" "1610612736" "--user" "0:0" "--network" "none" "ghcr.io/rust-lang/crates-build-env/linux@sha256:2788e3201cd34a07e3172128adcd8b3090168a8e3bcc40d7c032b9dda1df7d1c" "/opt/rustwide/cargo-home/bin/cargo" "+beta-2023-12-22" "test" "--frozen" "--no-run" "--message-format=json", kill_on_drop: false }`
[INFO] [stdout] 85e4aad6899a9d41b441260689c415a8b02ad7d4142497e46986814b06ecb2be
[INFO] running `Command { std: "docker" "start" "-a" "85e4aad6899a9d41b441260689c415a8b02ad7d4142497e46986814b06ecb2be", kill_on_drop: false }`
[INFO] [stderr]    Compiling packet_sniffer v0.1.0 (/opt/rustwide/workdir)
[INFO] [stdout] warning: static variable `icmp_echo_request` should have an upper case name
[INFO] [stdout]     --> src/lib.rs:1606:12
[INFO] [stdout]      |
[INFO] [stdout] 1606 |     static icmp_echo_request: [u8; 74] = [
[INFO] [stdout]      |            ^^^^^^^^^^^^^^^^^ help: convert the identifier to upper case: `ICMP_ECHO_REQUEST`
[INFO] [stdout]      |
[INFO] [stdout]      = note: `#[warn(non_upper_case_globals)]` on by default
[INFO] [stdout] 
[INFO] [stdout] 
[INFO] [stdout] warning: static variable `icmp_echo_reply` should have an upper case name
[INFO] [stdout]     --> src/lib.rs:1627:12
[INFO] [stdout]      |
[INFO] [stdout] 1627 |     static icmp_echo_reply: [u8; 74] = [
[INFO] [stdout]      |            ^^^^^^^^^^^^^^^ help: convert the identifier to upper case: `ICMP_ECHO_REPLY`
[INFO] [stdout] 
[INFO] [stdout] 
[INFO] [stdout] warning: static variable `dns_request` should have an upper case name
[INFO] [stdout]     --> src/lib.rs:1649:12
[INFO] [stdout]      |
[INFO] [stdout] 1649 |     static dns_request: [u8; 76] = [
[INFO] [stdout]      |            ^^^^^^^^^^^ help: convert the identifier to upper case: `DNS_REQUEST`
[INFO] [stdout] 
[INFO] [stdout] 
[INFO] [stdout] warning: static variable `dns_response` should have an upper case name
[INFO] [stdout]     --> src/lib.rs:1671:12
[INFO] [stdout]      |
[INFO] [stdout] 1671 |     static dns_response: [u8; 156] = [
[INFO] [stdout]      |            ^^^^^^^^^^^^ help: convert the identifier to upper case: `DNS_RESPONSE`
[INFO] [stdout] 
[INFO] [stdout] 
[INFO] [stdout] warning: static variable `tls_example_packet` should have an upper case name
[INFO] [stdout]     --> src/lib.rs:1699:12
[INFO] [stdout]      |
[INFO] [stdout] 1699 |     static tls_example_packet: [u8; 97] = [
[INFO] [stdout]      |            ^^^^^^^^^^^^^^^^^^ help: convert the identifier to upper case: `TLS_EXAMPLE_PACKET`
[INFO] [stdout] 
[INFO] [stdout] 
[INFO] [stdout] warning: static variable `arp_reply_example_packet` should have an upper case name
[INFO] [stdout]     --> src/lib.rs:1723:12
[INFO] [stdout]      |
[INFO] [stdout] 1723 |     static arp_reply_example_packet: [u8; 28] = [
[INFO] [stdout]      |            ^^^^^^^^^^^^^^^^^^^^^^^^ help: convert the identifier to upper case: `ARP_REPLY_EXAMPLE_PACKET`
[INFO] [stdout] 
[INFO] [stdout] 
[INFO] [stdout] warning: static variable `arp_request_example_packet` should have an upper case name
[INFO] [stdout]     --> src/lib.rs:1742:12
[INFO] [stdout]      |
[INFO] [stdout] 1742 |     static arp_request_example_packet: [u8; 28] = [
[INFO] [stdout]      |            ^^^^^^^^^^^^^^^^^^^^^^^^^^ help: convert the identifier to upper case: `ARP_REQUEST_EXAMPLE_PACKET`
[INFO] [stdout] 
[INFO] [stdout] 
[INFO] [stdout] warning: static variable `udp_with_ipv6_packet_example` should have an upper case name
[INFO] [stdout]     --> src/lib.rs:1759:12
[INFO] [stdout]      |
[INFO] [stdout] 1759 |     static udp_with_ipv6_packet_example: [u8; 718] = [
[INFO] [stdout]      |            ^^^^^^^^^^^^^^^^^^^^^^^^^^^^ help: convert the identifier to upper case: `UDP_WITH_IPV6_PACKET_EXAMPLE`
[INFO] [stdout] 
[INFO] [stdout] 
[INFO] [stdout] warning: static variable `arp_generic_operation` should have an upper case name
[INFO] [stdout]     --> src/lib.rs:2115:12
[INFO] [stdout]      |
[INFO] [stdout] 2115 |     static arp_generic_operation: [u8; 42] = [
[INFO] [stdout]      |            ^^^^^^^^^^^^^^^^^^^^^ help: convert the identifier to upper case: `ARP_GENERIC_OPERATION`
[INFO] [stdout] 
[INFO] [stdout] 
[INFO] [stdout] warning: static variable `icmp_dest_unreachable` should have an upper case name
[INFO] [stdout]     --> src/lib.rs:2121:12
[INFO] [stdout]      |
[INFO] [stdout] 2121 |     static icmp_dest_unreachable: [u8; 74] = [
[INFO] [stdout]      |            ^^^^^^^^^^^^^^^^^^^^^ help: convert the identifier to upper case: `ICMP_DEST_UNREACHABLE`
[INFO] [stdout] 
[INFO] [stdout] 
[INFO] [stdout] warning: static variable `icmp_redirect` should have an upper case name
[INFO] [stdout]     --> src/lib.rs:2129:12
[INFO] [stdout]      |
[INFO] [stdout] 2129 |     static icmp_redirect: [u8; 74] = [
[INFO] [stdout]      |            ^^^^^^^^^^^^^ help: convert the identifier to upper case: `ICMP_REDIRECT`
[INFO] [stdout] 
[INFO] [stdout] 
[INFO] [stdout] warning: static variable `icmp_router_solicitation` should have an upper case name
[INFO] [stdout]     --> src/lib.rs:2137:12
[INFO] [stdout]      |
[INFO] [stdout] 2137 |     static icmp_router_solicitation: [u8; 74] = [
[INFO] [stdout]      |            ^^^^^^^^^^^^^^^^^^^^^^^^ help: convert the identifier to upper case: `ICMP_ROUTER_SOLICITATION`
[INFO] [stdout] 
[INFO] [stdout] 
[INFO] [stdout] warning: static variable `icmp_router_advertisement` should have an upper case name
[INFO] [stdout]     --> src/lib.rs:2145:12
[INFO] [stdout]      |
[INFO] [stdout] 2145 |     static icmp_router_advertisement: [u8; 74] = [
[INFO] [stdout]      |            ^^^^^^^^^^^^^^^^^^^^^^^^^ help: convert the identifier to upper case: `ICMP_ROUTER_ADVERTISEMENT`
[INFO] [stdout] 
[INFO] [stdout] 
[INFO] [stdout] warning: static variable `icmp_time_exceeded` should have an upper case name
[INFO] [stdout]     --> src/lib.rs:2153:12
[INFO] [stdout]      |
[INFO] [stdout] 2153 |     static icmp_time_exceeded: [u8; 74] = [
[INFO] [stdout]      |            ^^^^^^^^^^^^^^^^^^ help: convert the identifier to upper case: `ICMP_TIME_EXCEEDED`
[INFO] [stdout] 
[INFO] [stdout] 
[INFO] [stdout] warning: static variable `dns_packet` should have an upper case name
[INFO] [stdout]     --> src/lib.rs:2161:12
[INFO] [stdout]      |
[INFO] [stdout] 2161 |     static dns_packet: [u8; 121] = [
[INFO] [stdout]      |            ^^^^^^^^^^ help: convert the identifier to upper case: `DNS_PACKET`
[INFO] [stdout] 
[INFO] [stdout] 
[INFO] [stdout] warning: static variable `tls_change_cipher` should have an upper case name
[INFO] [stdout]     --> src/lib.rs:2173:12
[INFO] [stdout]      |
[INFO] [stdout] 2173 |     static tls_change_cipher: [u8; 105] = [
[INFO] [stdout]      |            ^^^^^^^^^^^^^^^^^ help: convert the identifier to upper case: `TLS_CHANGE_CIPHER`
[INFO] [stdout] 
[INFO] [stdout] 
[INFO] [stdout] warning: static variable `tls_handshake` should have an upper case name
[INFO] [stdout]     --> src/lib.rs:2183:12
[INFO] [stdout]      |
[INFO] [stdout] 2183 |     static tls_handshake: [u8; 99] = [
[INFO] [stdout]      |            ^^^^^^^^^^^^^ help: convert the identifier to upper case: `TLS_HANDSHAKE`
[INFO] [stdout] 
[INFO] [stdout] 
[INFO] [stdout] warning: static variable `tls_heartbeat` should have an upper case name
[INFO] [stdout]     --> src/lib.rs:2193:12
[INFO] [stdout]      |
[INFO] [stdout] 2193 |     static tls_heartbeat: [u8; 99] = [
[INFO] [stdout]      |            ^^^^^^^^^^^^^ help: convert the identifier to upper case: `TLS_HEARTBEAT`
[INFO] [stdout] 
[INFO] [stdout] 
[INFO] [stdout] warning: static variable `udp_with_ipv6` should have an upper case name
[INFO] [stdout]     --> src/lib.rs:2203:12
[INFO] [stdout]      |
[INFO] [stdout] 2203 |     static udp_with_ipv6: [u8; 718] = [
[INFO] [stdout]      |            ^^^^^^^^^^^^^ help: convert the identifier to upper case: `UDP_WITH_IPV6`
[INFO] [stdout] 
[INFO] [stdout] 
[INFO] [stdout] warning: static variable `icmpv6` should have an upper case name
[INFO] [stdout]     --> src/lib.rs:2256:12
[INFO] [stdout]      |
[INFO] [stdout] 2256 |     static icmpv6: [u8; 70] = [
[INFO] [stdout]      |            ^^^^^^ help: convert the identifier to upper case: `ICMPV6`
[INFO] [stdout] 
[INFO] [stdout] 
[INFO] [stdout] warning: 20 warnings emitted
[INFO] [stdout] 
[INFO] [stdout] 
[INFO] [stderr]     Finished test [unoptimized + debuginfo] target(s) in 1.33s
[INFO] running `Command { std: "docker" "inspect" "85e4aad6899a9d41b441260689c415a8b02ad7d4142497e46986814b06ecb2be", kill_on_drop: false }`
[INFO] running `Command { std: "docker" "rm" "-f" "85e4aad6899a9d41b441260689c415a8b02ad7d4142497e46986814b06ecb2be", kill_on_drop: false }`
[INFO] [stdout] 85e4aad6899a9d41b441260689c415a8b02ad7d4142497e46986814b06ecb2be
[INFO] running `Command { std: "docker" "create" "-v" "/var/lib/crater-agent-workspace/builds/worker-5-tc2/target:/opt/rustwide/target:rw,Z" "-v" "/var/lib/crater-agent-workspace/builds/worker-5-tc2/source:/opt/rustwide/workdir:ro,Z" "-v" "/var/lib/crater-agent-workspace/cargo-home:/opt/rustwide/cargo-home:ro,Z" "-v" "/var/lib/crater-agent-workspace/rustup-home:/opt/rustwide/rustup-home:ro,Z" "-e" "SOURCE_DIR=/opt/rustwide/workdir" "-e" "CARGO_TARGET_DIR=/opt/rustwide/target" "-e" "CARGO_INCREMENTAL=0" "-e" "RUST_BACKTRACE=full" "-e" "RUSTFLAGS=--cap-lints=warn" "-e" "RUSTDOCFLAGS=--cap-lints=warn" "-e" "CARGO_HOME=/opt/rustwide/cargo-home" "-e" "RUSTUP_HOME=/opt/rustwide/rustup-home" "-w" "/opt/rustwide/workdir" "-m" "1610612736" "--user" "0:0" "--network" "none" "ghcr.io/rust-lang/crates-build-env/linux@sha256:2788e3201cd34a07e3172128adcd8b3090168a8e3bcc40d7c032b9dda1df7d1c" "/opt/rustwide/cargo-home/bin/cargo" "+beta-2023-12-22" "test" "--frozen", kill_on_drop: false }`
[INFO] [stdout] 2c406298a7101289e62ede73e9fceb654c465839b0b923eaa68a23613fd105b9
[INFO] running `Command { std: "docker" "start" "-a" "2c406298a7101289e62ede73e9fceb654c465839b0b923eaa68a23613fd105b9", kill_on_drop: false }`
[INFO] [stderr] warning: static variable `icmp_echo_request` should have an upper case name
[INFO] [stderr]     --> src/lib.rs:1606:12
[INFO] [stderr]      |
[INFO] [stderr] 1606 |     static icmp_echo_request: [u8; 74] = [
[INFO] [stderr]      |            ^^^^^^^^^^^^^^^^^ help: convert the identifier to upper case: `ICMP_ECHO_REQUEST`
[INFO] [stderr]      |
[INFO] [stderr]      = note: `#[warn(non_upper_case_globals)]` on by default
[INFO] [stderr] 
[INFO] [stderr] warning: static variable `icmp_echo_reply` should have an upper case name
[INFO] [stderr]     --> src/lib.rs:1627:12
[INFO] [stderr]      |
[INFO] [stderr] 1627 |     static icmp_echo_reply: [u8; 74] = [
[INFO] [stderr]      |            ^^^^^^^^^^^^^^^ help: convert the identifier to upper case: `ICMP_ECHO_REPLY`
[INFO] [stderr] 
[INFO] [stderr] warning: static variable `dns_request` should have an upper case name
[INFO] [stderr]     --> src/lib.rs:1649:12
[INFO] [stderr]      |
[INFO] [stderr] 1649 |     static dns_request: [u8; 76] = [
[INFO] [stderr]      |            ^^^^^^^^^^^ help: convert the identifier to upper case: `DNS_REQUEST`
[INFO] [stderr] 
[INFO] [stderr] warning: static variable `dns_response` should have an upper case name
[INFO] [stderr]     --> src/lib.rs:1671:12
[INFO] [stderr]      |
[INFO] [stderr] 1671 |     static dns_response: [u8; 156] = [
[INFO] [stderr]      |            ^^^^^^^^^^^^ help: convert the identifier to upper case: `DNS_RESPONSE`
[INFO] [stderr] 
[INFO] [stderr] warning: static variable `tls_example_packet` should have an upper case name
[INFO] [stderr]     --> src/lib.rs:1699:12
[INFO] [stderr]      |
[INFO] [stderr] 1699 |     static tls_example_packet: [u8; 97] = [
[INFO] [stderr]      |            ^^^^^^^^^^^^^^^^^^ help: convert the identifier to upper case: `TLS_EXAMPLE_PACKET`
[INFO] [stderr] 
[INFO] [stderr] warning: static variable `arp_reply_example_packet` should have an upper case name
[INFO] [stderr]     --> src/lib.rs:1723:12
[INFO] [stderr]      |
[INFO] [stderr] 1723 |     static arp_reply_example_packet: [u8; 28] = [
[INFO] [stderr]      |            ^^^^^^^^^^^^^^^^^^^^^^^^ help: convert the identifier to upper case: `ARP_REPLY_EXAMPLE_PACKET`
[INFO] [stderr] 
[INFO] [stderr] warning: static variable `arp_request_example_packet` should have an upper case name
[INFO] [stderr]     --> src/lib.rs:1742:12
[INFO] [stderr]      |
[INFO] [stderr] 1742 |     static arp_request_example_packet: [u8; 28] = [
[INFO] [stderr]      |            ^^^^^^^^^^^^^^^^^^^^^^^^^^ help: convert the identifier to upper case: `ARP_REQUEST_EXAMPLE_PACKET`
[INFO] [stderr] 
[INFO] [stderr] warning: static variable `udp_with_ipv6_packet_example` should have an upper case name
[INFO] [stderr]     --> src/lib.rs:1759:12
[INFO] [stderr]      |
[INFO] [stderr] 1759 |     static udp_with_ipv6_packet_example: [u8; 718] = [
[INFO] [stderr]      |            ^^^^^^^^^^^^^^^^^^^^^^^^^^^^ help: convert the identifier to upper case: `UDP_WITH_IPV6_PACKET_EXAMPLE`
[INFO] [stderr] 
[INFO] [stderr] warning: static variable `arp_generic_operation` should have an upper case name
[INFO] [stderr]     --> src/lib.rs:2115:12
[INFO] [stderr]      |
[INFO] [stderr] 2115 |     static arp_generic_operation: [u8; 42] = [
[INFO] [stderr]      |            ^^^^^^^^^^^^^^^^^^^^^ help: convert the identifier to upper case: `ARP_GENERIC_OPERATION`
[INFO] [stderr] 
[INFO] [stderr] warning: static variable `icmp_dest_unreachable` should have an upper case name
[INFO] [stderr]     --> src/lib.rs:2121:12
[INFO] [stderr]      |
[INFO] [stderr] 2121 |     static icmp_dest_unreachable: [u8; 74] = [
[INFO] [stderr]      |            ^^^^^^^^^^^^^^^^^^^^^ help: convert the identifier to upper case: `ICMP_DEST_UNREACHABLE`
[INFO] [stderr] 
[INFO] [stderr] warning: static variable `icmp_redirect` should have an upper case name
[INFO] [stderr]     --> src/lib.rs:2129:12
[INFO] [stderr]      |
[INFO] [stderr] 2129 |     static icmp_redirect: [u8; 74] = [
[INFO] [stderr]      |            ^^^^^^^^^^^^^ help: convert the identifier to upper case: `ICMP_REDIRECT`
[INFO] [stderr] 
[INFO] [stderr] warning: static variable `icmp_router_solicitation` should have an upper case name
[INFO] [stderr]     --> src/lib.rs:2137:12
[INFO] [stderr]      |
[INFO] [stderr] 2137 |     static icmp_router_solicitation: [u8; 74] = [
[INFO] [stderr]      |            ^^^^^^^^^^^^^^^^^^^^^^^^ help: convert the identifier to upper case: `ICMP_ROUTER_SOLICITATION`
[INFO] [stderr] 
[INFO] [stderr] warning: static variable `icmp_router_advertisement` should have an upper case name
[INFO] [stderr]     --> src/lib.rs:2145:12
[INFO] [stderr]      |
[INFO] [stderr] 2145 |     static icmp_router_advertisement: [u8; 74] = [
[INFO] [stderr]      |            ^^^^^^^^^^^^^^^^^^^^^^^^^ help: convert the identifier to upper case: `ICMP_ROUTER_ADVERTISEMENT`
[INFO] [stderr] 
[INFO] [stderr] warning: static variable `icmp_time_exceeded` should have an upper case name
[INFO] [stderr]     --> src/lib.rs:2153:12
[INFO] [stderr]      |
[INFO] [stderr] 2153 |     static icmp_time_exceeded: [u8; 74] = [
[INFO] [stderr]      |            ^^^^^^^^^^^^^^^^^^ help: convert the identifier to upper case: `ICMP_TIME_EXCEEDED`
[INFO] [stderr] 
[INFO] [stderr] warning: static variable `dns_packet` should have an upper case name
[INFO] [stderr]     --> src/lib.rs:2161:12
[INFO] [stderr]      |
[INFO] [stderr] 2161 |     static dns_packet: [u8; 121] = [
[INFO] [stderr]      |            ^^^^^^^^^^ help: convert the identifier to upper case: `DNS_PACKET`
[INFO] [stderr] 
[INFO] [stderr] warning: static variable `tls_change_cipher` should have an upper case name
[INFO] [stderr]     --> src/lib.rs:2173:12
[INFO] [stderr]      |
[INFO] [stderr] 2173 |     static tls_change_cipher: [u8; 105] = [
[INFO] [stderr]      |            ^^^^^^^^^^^^^^^^^ help: convert the identifier to upper case: `TLS_CHANGE_CIPHER`
[INFO] [stderr] 
[INFO] [stderr] warning: static variable `tls_handshake` should have an upper case name
[INFO] [stderr]     --> src/lib.rs:2183:12
[INFO] [stderr]      |
[INFO] [stderr] 2183 |     static tls_handshake: [u8; 99] = [
[INFO] [stderr]      |            ^^^^^^^^^^^^^ help: convert the identifier to upper case: `TLS_HANDSHAKE`
[INFO] [stderr] 
[INFO] [stderr] warning: static variable `tls_heartbeat` should have an upper case name
[INFO] [stderr]     --> src/lib.rs:2193:12
[INFO] [stderr]      |
[INFO] [stderr] 2193 |     static tls_heartbeat: [u8; 99] = [
[INFO] [stderr]      |            ^^^^^^^^^^^^^ help: convert the identifier to upper case: `TLS_HEARTBEAT`
[INFO] [stderr] 
[INFO] [stderr] warning: static variable `udp_with_ipv6` should have an upper case name
[INFO] [stderr]     --> src/lib.rs:2203:12
[INFO] [stderr]      |
[INFO] [stderr] 2203 |     static udp_with_ipv6: [u8; 718] = [
[INFO] [stderr]      |            ^^^^^^^^^^^^^ help: convert the identifier to upper case: `UDP_WITH_IPV6`
[INFO] [stderr] 
[INFO] [stderr] warning: static variable `icmpv6` should have an upper case name
[INFO] [stderr]     --> src/lib.rs:2256:12
[INFO] [stderr]      |
[INFO] [stderr] 2256 |     static icmpv6: [u8; 70] = [
[INFO] [stderr]      |            ^^^^^^ help: convert the identifier to upper case: `ICMPV6`
[INFO] [stderr] 
[INFO] [stderr] warning: `packet_sniffer` (lib test) generated 20 warnings
[INFO] [stderr]     Finished test [unoptimized + debuginfo] target(s) in 0.05s
[INFO] [stderr]      Running unittests src/lib.rs (/opt/rustwide/target/debug/deps/packet_sniffer-73781bf1005b958e)
[INFO] [stdout] 
[INFO] [stdout] running 15 tests
[INFO] [stdout] test test::from_networks_testing ... ok
[INFO] [stdout] test test::get_connections_testing ... ok
[INFO] [stdout] test test::test_mac_address_to_string ... ok
[INFO] [stdout] test test::test_parse_icmp ... ok
[INFO] [stdout] test test::test_parse_arp ... ok
[INFO] [stdout] test test::test_parse_ethernet ... ok
[INFO] [stdout] test test::test_parse_ipv4 ... ok
[INFO] [stdout] test test::test_parse_dns ... ok
[INFO] [stdout] test test::test_parse_tcp ... ok
[INFO] [stdout] test test::test_parse_ipv6 ... ok
[INFO] [stdout] test test::test_parse_udp ... ok
[INFO] [stdout] test test::test_parse_tls ... ok
[INFO] [stdout] test test::update_connections_testing ... ok
[INFO] [stdout] test test::test_parse_packets ... ok
[INFO] [stdout] test test::get_report_testing ... FAILED
[INFO] [stdout] 
[INFO] [stdout] failures:
[INFO] [stdout] 
[INFO] [stdout] ---- test::get_report_testing stdout ----
[INFO] [stdout] thread 'test::get_report_testing' panicked at src/lib.rs:1187:26:
[INFO] [stdout] Could not find font directory
[INFO] [stdout] stack backtrace:
[INFO] [stdout]    0:     0x563856070e96 - std::backtrace_rs::backtrace::libunwind::trace::h261606ad26a499c1
[INFO] [stdout]                                at /rustc/0e09125c6c3c2fd70d7de961bcf0e51575235fad/library/std/src/../../backtrace/src/backtrace/libunwind.rs:104:5
[INFO] [stdout]    1:     0x563856070e96 - std::backtrace_rs::backtrace::trace_unsynchronized::hd183f0625477fb28
[INFO] [stdout]                                at /rustc/0e09125c6c3c2fd70d7de961bcf0e51575235fad/library/std/src/../../backtrace/src/backtrace/mod.rs:66:5
[INFO] [stdout]    2:     0x563856070e96 - std::sys_common::backtrace::_print_fmt::hd7f8fef21b4eda67
[INFO] [stdout]                                at /rustc/0e09125c6c3c2fd70d7de961bcf0e51575235fad/library/std/src/sys_common/backtrace.rs:68:5
[INFO] [stdout]    3:     0x563856070e96 - <std::sys_common::backtrace::_print::DisplayBacktrace as core::fmt::Display>::fmt::h623d9b51f2f453f1
[INFO] [stdout]                                at /rustc/0e09125c6c3c2fd70d7de961bcf0e51575235fad/library/std/src/sys_common/backtrace.rs:44:22
[INFO] [stdout]    4:     0x56385609b950 - core::fmt::rt::Argument::fmt::h9f417ac76a86f368
[INFO] [stdout]                                at /rustc/0e09125c6c3c2fd70d7de961bcf0e51575235fad/library/core/src/fmt/rt.rs:142:9
[INFO] [stdout]    5:     0x56385609b950 - core::fmt::write::hc9b6faf4ac2aeff7
[INFO] [stdout]                                at /rustc/0e09125c6c3c2fd70d7de961bcf0e51575235fad/library/core/src/fmt/mod.rs:1120:17
[INFO] [stdout]    6:     0x56385606e6ef - std::io::Write::write_fmt::he04625a3a989fec3
[INFO] [stdout]                                at /rustc/0e09125c6c3c2fd70d7de961bcf0e51575235fad/library/std/src/io/mod.rs:1810:15
[INFO] [stdout]    7:     0x563856070c74 - std::sys_common::backtrace::_print::hd5d66399c7df88a2
[INFO] [stdout]                                at /rustc/0e09125c6c3c2fd70d7de961bcf0e51575235fad/library/std/src/sys_common/backtrace.rs:47:5
[INFO] [stdout]    8:     0x563856070c74 - std::sys_common::backtrace::print::he81ed2da642d37e5
[INFO] [stdout]                                at /rustc/0e09125c6c3c2fd70d7de961bcf0e51575235fad/library/std/src/sys_common/backtrace.rs:34:9
[INFO] [stdout]    9:     0x5638560729e7 - std::panicking::default_hook::{{closure}}::h85773f4fa117163d
[INFO] [stdout]   10:     0x5638560726cd - std::panicking::default_hook::h6a1694a91d09b278
[INFO] [stdout]                                at /rustc/0e09125c6c3c2fd70d7de961bcf0e51575235fad/library/std/src/panicking.rs:289:9
[INFO] [stdout]   11:     0x563855f17087 - <alloc::boxed::Box<F,A> as core::ops::function::Fn<Args>>::call::h616ac37fa3cd6c8f
[INFO] [stdout]                                at /rustc/0e09125c6c3c2fd70d7de961bcf0e51575235fad/library/alloc/src/boxed.rs:2029:9
[INFO] [stdout]   12:     0x563855f17087 - test::test_main::{{closure}}::h00d84697cefdcbb6
[INFO] [stdout]                                at /rustc/0e09125c6c3c2fd70d7de961bcf0e51575235fad/library/test/src/lib.rs:138:21
[INFO] [stdout]   13:     0x563856073006 - <alloc::boxed::Box<F,A> as core::ops::function::Fn<Args>>::call::hcb3fe3b9bb537ba8
[INFO] [stdout]                                at /rustc/0e09125c6c3c2fd70d7de961bcf0e51575235fad/library/alloc/src/boxed.rs:2029:9
[INFO] [stdout]   14:     0x563856073006 - std::panicking::rust_panic_with_hook::h0a7ad96e90f7145b
[INFO] [stdout]                                at /rustc/0e09125c6c3c2fd70d7de961bcf0e51575235fad/library/std/src/panicking.rs:783:13
[INFO] [stdout]   15:     0x563856072d52 - std::panicking::begin_panic_handler::{{closure}}::h7919090525c6485e
[INFO] [stdout]                                at /rustc/0e09125c6c3c2fd70d7de961bcf0e51575235fad/library/std/src/panicking.rs:657:13
[INFO] [stdout]   16:     0x563856071396 - std::sys_common::backtrace::__rust_end_short_backtrace::hf3289479464f7dfe
[INFO] [stdout]                                at /rustc/0e09125c6c3c2fd70d7de961bcf0e51575235fad/library/std/src/sys_common/backtrace.rs:171:18
[INFO] [stdout]   17:     0x563856072ab0 - rust_begin_unwind
[INFO] [stdout]                                at /rustc/0e09125c6c3c2fd70d7de961bcf0e51575235fad/library/std/src/panicking.rs:645:5
[INFO] [stdout]   18:     0x563855e7b065 - core::panicking::panic_fmt::hcc9f77c5c132af55
[INFO] [stdout]                                at /rustc/0e09125c6c3c2fd70d7de961bcf0e51575235fad/library/core/src/panicking.rs:72:14
[INFO] [stdout]   19:     0x563855e7b023 - core::panicking::panic_display::h0204da5f51c86759
[INFO] [stdout]                                at /rustc/0e09125c6c3c2fd70d7de961bcf0e51575235fad/library/core/src/panicking.rs:196:5
[INFO] [stdout]   20:     0x563855e7b023 - core::panicking::panic_str::h384c8d5de2012701
[INFO] [stdout]                                at /rustc/0e09125c6c3c2fd70d7de961bcf0e51575235fad/library/core/src/panicking.rs:171:5
[INFO] [stdout]   21:     0x563855e7b023 - core::option::expect_failed::h6b23844cf3a4e381
[INFO] [stdout]                                at /rustc/0e09125c6c3c2fd70d7de961bcf0e51575235fad/library/core/src/option.rs:1980:5
[INFO] [stdout]   22:     0x563855ec10f2 - core::option::Option<T>::expect::he95cc47f075f6719
[INFO] [stdout]                                at /rustc/0e09125c6c3c2fd70d7de961bcf0e51575235fad/library/core/src/option.rs:894:21
[INFO] [stdout]   23:     0x563855ecdf3d - packet_sniffer::connection::Connection::get_report::he58f59d8d1760e74
[INFO] [stdout]                                at /opt/rustwide/workdir/src/lib.rs:1183:36
[INFO] [stdout]   24:     0x563855e99118 - packet_sniffer::test::get_report_testing::hcdd3be949d49eaa8
[INFO] [stdout]                                at /opt/rustwide/workdir/src/lib.rs:2700:9
[INFO] [stdout]   25:     0x563855e98b17 - packet_sniffer::test::get_report_testing::{{closure}}::h956a49b69a68e826
[INFO] [stdout]                                at /opt/rustwide/workdir/src/lib.rs:2667:28
[INFO] [stdout]   26:     0x563855ed5306 - core::ops::function::FnOnce::call_once::h2f96fc5a0aa1ad14
[INFO] [stdout]                                at /rustc/0e09125c6c3c2fd70d7de961bcf0e51575235fad/library/core/src/ops/function.rs:250:5
[INFO] [stdout]   27:     0x563855f1c95f - core::ops::function::FnOnce::call_once::hd64d26f405258157
[INFO] [stdout]                                at /rustc/0e09125c6c3c2fd70d7de961bcf0e51575235fad/library/core/src/ops/function.rs:250:5
[INFO] [stdout]   28:     0x563855f1c95f - test::__rust_begin_short_backtrace::he21b0b7a6d731bf9
[INFO] [stdout]                                at /rustc/0e09125c6c3c2fd70d7de961bcf0e51575235fad/library/test/src/lib.rs:627:18
[INFO] [stdout]   29:     0x563855f1b6e1 - test::run_test_in_process::{{closure}}::hf5c73986d7bdfde2
[INFO] [stdout]                                at /rustc/0e09125c6c3c2fd70d7de961bcf0e51575235fad/library/test/src/lib.rs:650:60
[INFO] [stdout]   30:     0x563855f1b6e1 - <core::panic::unwind_safe::AssertUnwindSafe<F> as core::ops::function::FnOnce<()>>::call_once::h330011ad032aadc0
[INFO] [stdout]                                at /rustc/0e09125c6c3c2fd70d7de961bcf0e51575235fad/library/core/src/panic/unwind_safe.rs:272:9
[INFO] [stdout]   31:     0x563855f1b6e1 - std::panicking::try::do_call::he61b0a958b795a41
[INFO] [stdout]                                at /rustc/0e09125c6c3c2fd70d7de961bcf0e51575235fad/library/std/src/panicking.rs:552:40
[INFO] [stdout]   32:     0x563855f1b6e1 - std::panicking::try::h7309da130f906eb7
[INFO] [stdout]                                at /rustc/0e09125c6c3c2fd70d7de961bcf0e51575235fad/library/std/src/panicking.rs:516:19
[INFO] [stdout]   33:     0x563855f1b6e1 - std::panic::catch_unwind::hc5c3a06fdaf0a92a
[INFO] [stdout]                                at /rustc/0e09125c6c3c2fd70d7de961bcf0e51575235fad/library/std/src/panic.rs:142:14
[INFO] [stdout]   34:     0x563855f1b6e1 - test::run_test_in_process::h7e7b7c71c3324e0f
[INFO] [stdout]                                at /rustc/0e09125c6c3c2fd70d7de961bcf0e51575235fad/library/test/src/lib.rs:650:27
[INFO] [stdout]   35:     0x563855f1b6e1 - test::run_test::{{closure}}::h1f509f28f5cf20b1
[INFO] [stdout]                                at /rustc/0e09125c6c3c2fd70d7de961bcf0e51575235fad/library/test/src/lib.rs:573:43
[INFO] [stdout]   36:     0x563855ee2a16 - test::run_test::{{closure}}::h1754218abf443f6d
[INFO] [stdout]                                at /rustc/0e09125c6c3c2fd70d7de961bcf0e51575235fad/library/test/src/lib.rs:601:41
[INFO] [stdout]   37:     0x563855ee2a16 - std::sys_common::backtrace::__rust_begin_short_backtrace::h2ee174b9d5954948
[INFO] [stdout]                                at /rustc/0e09125c6c3c2fd70d7de961bcf0e51575235fad/library/std/src/sys_common/backtrace.rs:155:18
[INFO] [stdout]   38:     0x563855ee7a77 - std::thread::Builder::spawn_unchecked_::{{closure}}::{{closure}}::hf60bee9c1a17ef09
[INFO] [stdout]                                at /rustc/0e09125c6c3c2fd70d7de961bcf0e51575235fad/library/std/src/thread/mod.rs:529:17
[INFO] [stdout]   39:     0x563855ee7a77 - <core::panic::unwind_safe::AssertUnwindSafe<F> as core::ops::function::FnOnce<()>>::call_once::h33d0dddec5216160
[INFO] [stdout]                                at /rustc/0e09125c6c3c2fd70d7de961bcf0e51575235fad/library/core/src/panic/unwind_safe.rs:272:9
[INFO] [stdout]   40:     0x563855ee7a77 - std::panicking::try::do_call::h144b3048b546f835
[INFO] [stdout]                                at /rustc/0e09125c6c3c2fd70d7de961bcf0e51575235fad/library/std/src/panicking.rs:552:40
[INFO] [stdout]   41:     0x563855ee7a77 - std::panicking::try::h978244d04646189f
[INFO] [stdout]                                at /rustc/0e09125c6c3c2fd70d7de961bcf0e51575235fad/library/std/src/panicking.rs:516:19
[INFO] [stdout]   42:     0x563855ee7a77 - std::panic::catch_unwind::hdf436369d188fe86
[INFO] [stdout]                                at /rustc/0e09125c6c3c2fd70d7de961bcf0e51575235fad/library/std/src/panic.rs:142:14
[INFO] [stdout]   43:     0x563855ee7a77 - std::thread::Builder::spawn_unchecked_::{{closure}}::h87329cbdd33c79ec
[INFO] [stdout]                                at /rustc/0e09125c6c3c2fd70d7de961bcf0e51575235fad/library/std/src/thread/mod.rs:528:30
[INFO] [stdout]   44:     0x563855ee7a77 - core::ops::function::FnOnce::call_once{{vtable.shim}}::h401abbe67897d450
[INFO] [stdout]                                at /rustc/0e09125c6c3c2fd70d7de961bcf0e51575235fad/library/core/src/ops/function.rs:250:5
[INFO] [stdout]   45:     0x563856077d35 - <alloc::boxed::Box<F,A> as core::ops::function::FnOnce<Args>>::call_once::h5d7c8f150ab9c84c
[INFO] [stdout]                                at /rustc/0e09125c6c3c2fd70d7de961bcf0e51575235fad/library/alloc/src/boxed.rs:2015:9
[INFO] [stdout]   46:     0x563856077d35 - <alloc::boxed::Box<F,A> as core::ops::function::FnOnce<Args>>::call_once::h570d5b005c242c15
[INFO] [stdout]                                at /rustc/0e09125c6c3c2fd70d7de961bcf0e51575235fad/library/alloc/src/boxed.rs:2015:9
[INFO] [stdout]   47:     0x563856077d35 - std::sys::unix::thread::Thread::new::thread_start::h36b0a20c0b2361ad
[INFO] [stdout]                                at /rustc/0e09125c6c3c2fd70d7de961bcf0e51575235fad/library/std/src/sys/unix/thread.rs:108:17
[INFO] [stdout]   48:     0x7f933af8bac3 - <unknown>
[INFO] [stdout]   49:     0x7f933b01cbf4 - __clone
[INFO] [stdout]   50:                0x0 - <unknown>
[INFO] [stdout] 
[INFO] [stdout] 
[INFO] [stdout] failures:
[INFO] [stdout]     test::get_report_testing
[INFO] [stdout] 
[INFO] [stdout] test result: FAILED. 14 passed; 1 failed; 0 ignored; 0 measured; 0 filtered out; finished in 0.02s
[INFO] [stdout] 
[INFO] [stderr] error: test failed, to rerun pass `--lib`
[INFO] running `Command { std: "docker" "inspect" "2c406298a7101289e62ede73e9fceb654c465839b0b923eaa68a23613fd105b9", kill_on_drop: false }`
[INFO] running `Command { std: "docker" "rm" "-f" "2c406298a7101289e62ede73e9fceb654c465839b0b923eaa68a23613fd105b9", kill_on_drop: false }`
[INFO] [stdout] 2c406298a7101289e62ede73e9fceb654c465839b0b923eaa68a23613fd105b9
