[INFO] cloning repository https://github.com/andre4ik3/Launcher
[INFO] running `Command { std: "git" "-c" "credential.helper=" "-c" "credential.helper=/workspace/cargo-home/bin/git-credential-null" "clone" "--bare" "https://github.com/andre4ik3/Launcher" "/workspace/cache/git-repos/https%3A%2F%2Fgithub.com%2Fandre4ik3%2FLauncher", kill_on_drop: false }`
[INFO] [stderr] Cloning into bare repository '/workspace/cache/git-repos/https%3A%2F%2Fgithub.com%2Fandre4ik3%2FLauncher'...
[INFO] running `Command { std: "git" "rev-parse" "HEAD", kill_on_drop: false }`
[INFO] [stdout] b6f2edf8fffe66a7a59eeb28ac4a4874d5ce1f81
[INFO] testing andre4ik3/Launcher against 1.75.0 for beta-1.76-1
[INFO] running `Command { std: "git" "clone" "/workspace/cache/git-repos/https%3A%2F%2Fgithub.com%2Fandre4ik3%2FLauncher" "/workspace/builds/worker-3-tc1/source", kill_on_drop: false }`
[INFO] [stderr] Cloning into '/workspace/builds/worker-3-tc1/source'...
[INFO] [stderr] done.
[INFO] validating manifest of git repo https://github.com/andre4ik3/Launcher on toolchain 1.75.0
[INFO] running `Command { std: CARGO_HOME="/workspace/cargo-home" RUSTUP_HOME="/workspace/rustup-home" "/workspace/cargo-home/bin/cargo" "+1.75.0" "metadata" "--manifest-path" "Cargo.toml" "--no-deps", kill_on_drop: false }`
[INFO] started tweaking git repo https://github.com/andre4ik3/Launcher
[INFO] finished tweaking git repo https://github.com/andre4ik3/Launcher
[INFO] tweaked toml for git repo https://github.com/andre4ik3/Launcher written to /workspace/builds/worker-3-tc1/source/Cargo.toml
[INFO] crate git repo https://github.com/andre4ik3/Launcher already has a lockfile, it will not be regenerated
[INFO] running `Command { std: CARGO_HOME="/workspace/cargo-home" RUSTUP_HOME="/workspace/rustup-home" "/workspace/cargo-home/bin/cargo" "+1.75.0" "fetch" "--manifest-path" "Cargo.toml", kill_on_drop: false }`
[INFO] [stderr]  Downloading crates ...
[INFO] [stderr]   Downloaded keyring v2.0.5
[INFO] running `Command { std: "docker" "create" "-v" "/var/lib/crater-agent-workspace/builds/worker-3-tc1/target:/opt/rustwide/target:rw,Z" "-v" "/var/lib/crater-agent-workspace/builds/worker-3-tc1/source:/opt/rustwide/workdir:ro,Z" "-v" "/var/lib/crater-agent-workspace/cargo-home:/opt/rustwide/cargo-home:ro,Z" "-v" "/var/lib/crater-agent-workspace/rustup-home:/opt/rustwide/rustup-home:ro,Z" "-e" "SOURCE_DIR=/opt/rustwide/workdir" "-e" "CARGO_TARGET_DIR=/opt/rustwide/target" "-e" "CARGO_HOME=/opt/rustwide/cargo-home" "-e" "RUSTUP_HOME=/opt/rustwide/rustup-home" "-w" "/opt/rustwide/workdir" "-m" "1610612736" "--user" "0:0" "--network" "none" "ghcr.io/rust-lang/crates-build-env/linux@sha256:2788e3201cd34a07e3172128adcd8b3090168a8e3bcc40d7c032b9dda1df7d1c" "/opt/rustwide/cargo-home/bin/cargo" "+1.75.0" "metadata" "--no-deps" "--format-version=1", kill_on_drop: false }`
[INFO] [stdout] b885db1e05a033a77ee073bddf4adb31ae20b268ac6b70ef1520a6196fa1ae47
[INFO] running `Command { std: "docker" "start" "-a" "b885db1e05a033a77ee073bddf4adb31ae20b268ac6b70ef1520a6196fa1ae47", kill_on_drop: false }`
[INFO] running `Command { std: "docker" "inspect" "b885db1e05a033a77ee073bddf4adb31ae20b268ac6b70ef1520a6196fa1ae47", kill_on_drop: false }`
[INFO] running `Command { std: "docker" "rm" "-f" "b885db1e05a033a77ee073bddf4adb31ae20b268ac6b70ef1520a6196fa1ae47", kill_on_drop: false }`
[INFO] [stdout] b885db1e05a033a77ee073bddf4adb31ae20b268ac6b70ef1520a6196fa1ae47
[INFO] running `Command { std: "docker" "create" "-v" "/var/lib/crater-agent-workspace/builds/worker-3-tc1/target:/opt/rustwide/target:rw,Z" "-v" "/var/lib/crater-agent-workspace/builds/worker-3-tc1/source:/opt/rustwide/workdir:ro,Z" "-v" "/var/lib/crater-agent-workspace/cargo-home:/opt/rustwide/cargo-home:ro,Z" "-v" "/var/lib/crater-agent-workspace/rustup-home:/opt/rustwide/rustup-home:ro,Z" "-e" "SOURCE_DIR=/opt/rustwide/workdir" "-e" "CARGO_TARGET_DIR=/opt/rustwide/target" "-e" "CARGO_INCREMENTAL=0" "-e" "RUST_BACKTRACE=full" "-e" "RUSTFLAGS=--cap-lints=warn" "-e" "RUSTDOCFLAGS=--cap-lints=warn" "-e" "CARGO_HOME=/opt/rustwide/cargo-home" "-e" "RUSTUP_HOME=/opt/rustwide/rustup-home" "-w" "/opt/rustwide/workdir" "-m" "1610612736" "--user" "0:0" "--network" "none" "ghcr.io/rust-lang/crates-build-env/linux@sha256:2788e3201cd34a07e3172128adcd8b3090168a8e3bcc40d7c032b9dda1df7d1c" "/opt/rustwide/cargo-home/bin/cargo" "+1.75.0" "build" "--frozen" "--message-format=json", kill_on_drop: false }`
[INFO] [stdout] a8b520928ad0f085406e61eb94342b907ed4e82ffff293b3e69f9acf93006480
[INFO] running `Command { std: "docker" "start" "-a" "a8b520928ad0f085406e61eb94342b907ed4e82ffff293b3e69f9acf93006480", kill_on_drop: false }`
[INFO] [stderr]    Compiling libc v0.2.147
[INFO] [stderr]    Compiling proc-macro2 v1.0.66
[INFO] [stderr]    Compiling unicode-ident v1.0.11
[INFO] [stderr]    Compiling typenum v1.16.0
[INFO] [stderr]    Compiling generic-array v0.14.7
[INFO] [stderr]    Compiling pkg-config v0.3.27
[INFO] [stderr]    Compiling once_cell v1.18.0
[INFO] [stderr]    Compiling serde v1.0.183
[INFO] [stderr]    Compiling serde_derive v1.0.183
[INFO] [stderr]    Compiling lock_api v0.4.10
[INFO] [stderr]    Compiling parking_lot_core v0.9.8
[INFO] [stderr]    Compiling subtle v2.5.0
[INFO] [stderr]    Compiling smallvec v1.11.0
[INFO] [stderr]    Compiling pin-project-lite v0.2.12
[INFO] [stderr]    Compiling scopeguard v1.2.0
[INFO] [stderr]    Compiling futures-core v0.3.28
[INFO] [stderr]    Compiling quote v1.0.32
[INFO] [stderr]    Compiling syn v2.0.28
[INFO] [stderr]    Compiling bytes v1.4.0
[INFO] [stderr]    Compiling jobserver v0.1.26
[INFO] [stderr]    Compiling tracing-core v0.1.31
[INFO] [stderr]    Compiling cc v1.0.82
[INFO] [stderr]    Compiling cpufeatures v0.2.9
[INFO] [stderr]    Compiling itoa v1.0.9
[INFO] [stderr]    Compiling num-traits v0.2.16
[INFO] [stderr]    Compiling getrandom v0.2.10
[INFO] [stderr]    Compiling socket2 v0.5.3
[INFO] [stderr]    Compiling rand_core v0.6.4
[INFO] [stderr]    Compiling parking_lot v0.12.1
[INFO] [stderr]    Compiling signal-hook-registry v1.4.1
[INFO] [stderr]    Compiling crypto-common v0.1.6
[INFO] [stderr]    Compiling mio v0.8.8
[INFO] [stderr]    Compiling num_cpus v1.16.0
[INFO] [stderr]    Compiling block-buffer v0.10.4
[INFO] [stderr]    Compiling log v0.4.19
[INFO] [stderr]    Compiling digest v0.10.7
[INFO] [stderr]    Compiling slab v0.4.8
[INFO] [stderr]    Compiling equivalent v1.0.1
[INFO] [stderr]    Compiling hashbrown v0.14.0
[INFO] [stderr]    Compiling futures-task v0.3.28
[INFO] [stderr]    Compiling futures-util v0.3.28
[INFO] [stderr]    Compiling winnow v0.5.4
[INFO] [stderr]    Compiling futures-sink v0.3.28
[INFO] [stderr]    Compiling vcpkg v0.2.15
[INFO] [stderr]    Compiling syn v1.0.109
[INFO] [stderr]    Compiling indexmap v2.0.0
[INFO] [stderr]    Compiling toml_datetime v0.6.3
[INFO] [stderr]    Compiling num-integer v0.1.45
[INFO] [stderr]    Compiling memoffset v0.7.1
[INFO] [stderr]    Compiling indexmap v1.9.3
[INFO] [stderr]    Compiling rustix v0.38.7
[INFO] [stderr]    Compiling crc32fast v1.3.2
[INFO] [stderr]    Compiling openssl v0.10.56
[INFO] [stderr]    Compiling openssl-sys v0.9.91
[INFO] [stderr]    Compiling tinyvec_macros v0.1.1
[INFO] [stderr]    Compiling foreign-types-shared v0.1.1
[INFO] [stderr]    Compiling http v0.2.9
[INFO] [stderr]    Compiling foreign-types v0.3.2
[INFO] [stderr]    Compiling tinyvec v1.6.0
[INFO] [stderr]    Compiling aho-corasick v1.0.3
[INFO] [stderr]    Compiling toml_edit v0.19.14
[INFO] [stderr]    Compiling sha1 v0.10.5
[INFO] [stderr]    Compiling sha2 v0.10.7
[INFO] [stderr]    Compiling num-bigint v0.4.3
[INFO] [stderr]    Compiling async-trait v0.1.72
[INFO] [stderr]    Compiling linux-raw-sys v0.4.5
[INFO] [stderr]    Compiling futures-channel v0.3.28
[INFO] [stderr]    Compiling crossbeam-utils v0.8.16
[INFO] [stderr]    Compiling alloc-no-stdlib v2.0.4
[INFO] [stderr]    Compiling percent-encoding v2.3.0
[INFO] [stderr]    Compiling httparse v1.8.0
[INFO] [stderr]    Compiling bitflags v2.3.3
[INFO] [stderr]    Compiling hashbrown v0.12.3
[INFO] [stderr]    Compiling proc-macro-crate v1.3.1
[INFO] [stderr]    Compiling regex-syntax v0.7.4
[INFO] [stderr]    Compiling native-tls v0.2.11
[INFO] [stderr]    Compiling form_urlencoded v1.2.0
[INFO] [stderr]    Compiling alloc-stdlib v0.2.2
[INFO] [stderr]    Compiling miniz_oxide v0.7.1
[INFO] [stderr]    Compiling unicode-normalization v0.1.22
[INFO] [stderr]    Compiling tokio-macros v2.1.0
[INFO] [stderr]    Compiling tracing-attributes v0.1.26
[INFO] [stderr]    Compiling futures-macro v0.3.28
[INFO] [stderr]    Compiling zvariant_utils v1.0.1
[INFO] [stderr]    Compiling enumflags2_derive v0.7.7
[INFO] [stderr]    Compiling openssl-macros v0.1.1
[INFO] [stderr]    Compiling tokio v1.30.0
[INFO] [stderr]    Compiling enumflags2 v0.7.7
[INFO] [stderr]    Compiling regex-automata v0.3.6
[INFO] [stderr]    Compiling tracing v0.1.37
[INFO] [stderr]    Compiling hmac v0.12.1
[INFO] [stderr]    Compiling zstd-sys v2.0.8+zstd.1.5.5
[INFO] [stderr]    Compiling inout v0.1.3
[INFO] [stderr]    Compiling num-iter v0.1.43
[INFO] [stderr]    Compiling num-rational v0.4.1
[INFO] [stderr]    Compiling openssl-probe v0.1.5
[INFO] [stderr]    Compiling thiserror v1.0.44
[INFO] [stderr]    Compiling time-core v0.1.1
[INFO] [stderr]    Compiling overload v0.1.1
[INFO] [stderr]    Compiling unicode-bidi v0.3.13
[INFO] [stderr]    Compiling deranged v0.3.7
[INFO] [stderr]    Compiling zvariant_derive v3.15.0
[INFO] [stderr]    Compiling try-lock v0.2.4
[INFO] [stderr]    Compiling want v0.3.1
[INFO] [stderr]    Compiling idna v0.4.0
[INFO] [stderr]    Compiling time v0.3.25
[INFO] [stderr]    Compiling nu-ansi-term v0.46.0
[INFO] [stderr]    Compiling regex v1.9.3
[INFO] [stderr]    Compiling rand_chacha v0.3.1
[INFO] [stderr]    Compiling cipher v0.4.4
[INFO] [stderr]    Compiling zvariant v3.15.0
[INFO] [stderr]    Compiling flate2 v1.0.26
[INFO] [stderr]    Compiling nix v0.26.2
[INFO] [stderr]    Compiling thiserror-impl v1.0.44
[INFO] [stderr]    Compiling tokio-util v0.7.8
[INFO] [stderr]    Compiling brotli-decompressor v2.3.4
[INFO] [stderr]    Compiling h2 v0.3.20
[INFO] [stderr]    Compiling http-body v0.4.5
[INFO] [stderr]    Compiling sharded-slab v0.1.4
[INFO] [stderr]    Compiling tracing-log v0.1.3
[INFO] [stderr]    Compiling cipher v0.3.0
[INFO] [stderr]    Compiling socket2 v0.4.9
[INFO] [stderr]    Compiling thread_local v1.1.7
[INFO] [stderr]    Compiling serde_json v1.0.104
[INFO] [stderr]    Compiling event-listener v2.5.3
[INFO] [stderr]    Compiling httpdate v1.0.2
[INFO] [stderr]    Compiling tower-service v0.3.2
[INFO] [stderr]    Compiling option-ext v0.2.0
[INFO] [stderr]    Compiling ryu v1.0.15
[INFO] [stderr]    Compiling dirs-sys v0.4.1
[INFO] [stderr]    Compiling async-broadcast v0.5.1
[INFO] [stderr]    Compiling tracing-subscriber v0.3.17
[INFO] [stderr]    Compiling brotli v3.3.4
[INFO] [stderr]    Compiling crossbeam-channel v0.5.8
[INFO] [stderr]    Compiling zbus_names v2.6.0
[INFO] [stderr]    Compiling zbus_macros v3.14.1
[INFO] [stderr]    Compiling xdg-home v1.0.0
[INFO] [stderr]    Compiling tokio-native-tls v0.3.1
[INFO] [stderr]    Compiling rand v0.8.5
[INFO] [stderr]    Compiling url v2.4.0
[INFO] [stderr]    Compiling derivative v2.2.0
[INFO] [stderr]    Compiling hyper v0.14.27
[INFO] [stderr]    Compiling serde_repr v0.1.16
[INFO] [stderr]    Compiling async-recursion v1.0.4
[INFO] [stderr]    Compiling num-complex v0.4.3
[INFO] [stderr]    Compiling hex v0.4.3
[INFO] [stderr]    Compiling bzip2-sys v0.1.11+1.0.8
[INFO] [stderr]    Compiling lzma-sys v0.1.20
[INFO] [stderr]    Compiling universal-hash v0.5.1
[INFO] [stderr]    Compiling iovec v0.1.4
[INFO] [stderr]    Compiling ordered-stream v0.2.0
[INFO] [stderr]    Compiling semver v1.0.18
[INFO] [stderr]    Compiling zstd-safe v5.0.2+zstd.1.5.2
[INFO] [stderr]    Compiling platforms v3.0.2
[INFO] [stderr]    Compiling block-modes v0.8.1
[INFO] [stderr]    Compiling bytes v0.4.12
[INFO] [stderr]    Compiling async-compression v0.4.1
[INFO] [stderr]    Compiling polyval v0.6.1
[INFO] [stderr]    Compiling num v0.4.1
[INFO] [stderr]    Compiling tracing-appender v0.2.2
[INFO] [stderr]    Compiling directories v5.0.1
[INFO] [stderr]    Compiling hyper-tls v0.5.0
[INFO] [stderr]    Compiling serde_urlencoded v0.7.1
[INFO] [stderr]    Compiling aes v0.7.5
[INFO] [stderr]    Compiling aes v0.8.3
[INFO] [stderr]    Compiling hkdf v0.12.3
[INFO] [stderr]    Compiling serde_spanned v0.6.3
[INFO] [stderr]    Compiling md-5 v0.10.5
[INFO] [stderr]    Compiling encoding_rs v0.8.32
[INFO] [stderr]    Compiling utf8parse v0.2.1
[INFO] [stderr]    Compiling mime v0.3.17
[INFO] [stderr]    Compiling ipnet v2.8.0
[INFO] [stderr]    Compiling base64 v0.21.2
[INFO] [stderr]    Compiling iana-time-zone v0.1.57
[INFO] [stderr]    Compiling base64ct v1.6.0
[INFO] [stderr]    Compiling anyhow v1.0.72
[INFO] [stderr]    Compiling password-hash v0.4.2
[INFO] [stderr]    Compiling chrono v0.4.26
[INFO] [stderr]    Compiling tokio-io v0.1.13
[INFO] [stderr]    Compiling anstyle-parse v0.2.1
[INFO] [stderr]    Compiling launcher-utils v0.0.1 (/opt/rustwide/workdir/modules/utils)
[INFO] [stderr]    Compiling ghash v0.5.0
[INFO] [stderr]    Compiling reqwest v0.11.18
[INFO] [stderr]    Compiling zbus v3.14.1
[INFO] [stderr]    Compiling ctr v0.9.2
[INFO] [stderr]    Compiling is-terminal v0.4.9
[INFO] [stderr]    Compiling aead v0.5.2
[INFO] [stderr]    Compiling xattr v1.0.1
[INFO] [stderr]    Compiling linux-keyutils v0.2.3
[INFO] [stderr]    Compiling filetime v0.2.22
[INFO] [stderr]    Compiling anstyle-query v1.0.0
[INFO] [stderr]    Compiling anstyle v1.0.1
[INFO] [stderr]    Compiling portable-atomic v1.4.2
[INFO] [stderr]    Compiling colorchoice v1.0.0
[INFO] [stderr]    Compiling ron v0.8.0
[INFO] [stderr]    Compiling anstream v0.3.2
[INFO] [stderr]    Compiling launcher-net v0.0.1 (/opt/rustwide/workdir/modules/net)
[INFO] [stderr]    Compiling tar v0.4.40
[INFO] [stderr]    Compiling launcher-data v0.0.1 (/opt/rustwide/workdir/modules/data)
[INFO] [stderr]    Compiling toml v0.7.6
[INFO] [stderr]    Compiling aes-gcm v0.10.2
[INFO] [stdout] warning: unused import: `crate::core::conditional::Conditional`
[INFO] [stdout]   --> modules/data/src/core/library.rs:16:5
[INFO] [stdout]    |
[INFO] [stdout] 16 | use crate::core::conditional::Conditional;
[INFO] [stdout]    |     ^^^^^^^^^^^^^^^^^^^^^^^^^^^^^^^^^^^^^
[INFO] [stdout]    |
[INFO] [stdout]    = note: `#[warn(unused_imports)]` on by default
[INFO] [stdout] 
[INFO] [stdout] 
[INFO] [stderr]    Compiling xz2 v0.1.7
[INFO] [stderr]    Compiling pbkdf2 v0.11.0
[INFO] [stderr]    Compiling clap_lex v0.5.0
[INFO] [stderr]    Compiling strsim v0.10.0
[INFO] [stderr]    Compiling heck v0.4.1
[INFO] [stderr]    Compiling unicode-width v0.1.10
[INFO] [stdout] warning: 1 warning emitted
[INFO] [stdout] 
[INFO] [stdout] 
[INFO] [stderr]    Compiling fastrand v2.0.0
[INFO] [stderr]    Compiling async-once-cell v0.5.3
[INFO] [stderr]    Compiling console v0.15.7
[INFO] [stderr]    Compiling clap_derive v4.3.12
[INFO] [stderr]    Compiling tempfile v3.7.1
[INFO] [stderr]    Compiling clap_builder v4.3.21
[INFO] [stderr]    Compiling os_info v3.7.0
[INFO] [stderr]    Compiling uuid v1.4.1
[INFO] [stderr]    Compiling async_once v0.2.6
[INFO] [stderr]    Compiling number_prefix v0.4.0
[INFO] [stderr]    Compiling indicatif v0.17.6
[INFO] [stderr]    Compiling secret-service v3.0.1
[INFO] [stderr]    Compiling clap v4.3.21
[INFO] [stderr]    Compiling keyring v2.0.5
[INFO] [stderr]    Compiling bzip2 v0.4.4
[INFO] [stderr]    Compiling launcher-persistence v0.0.1 (/opt/rustwide/workdir/modules/persistence)
[INFO] [stderr]    Compiling silo v0.0.1 (/opt/rustwide/workdir/silo)
[INFO] [stdout] warning: unused import: `data::silo::game::GameVersionLegacy`
[INFO] [stdout]   --> silo/src/main.rs:27:5
[INFO] [stdout]    |
[INFO] [stdout] 27 | use data::silo::game::GameVersionLegacy;
[INFO] [stdout]    |     ^^^^^^^^^^^^^^^^^^^^^^^^^^^^^^^^^^^
[INFO] [stdout]    |
[INFO] [stdout]    = note: `#[warn(unused_imports)]` on by default
[INFO] [stdout] 
[INFO] [stdout] 
[INFO] [stdout] warning: unused import: `task::*`
[INFO] [stdout]   --> silo/src/main.rs:33:5
[INFO] [stdout]    |
[INFO] [stdout] 33 | use task::*;
[INFO] [stdout]    |     ^^^^^^^
[INFO] [stdout] 
[INFO] [stdout] 
[INFO] [stdout] warning: unused import: `std::collections::HashSet`
[INFO] [stdout]   --> silo/src/cli.rs:16:5
[INFO] [stdout]    |
[INFO] [stdout] 16 | use std::collections::HashSet;
[INFO] [stdout]    |     ^^^^^^^^^^^^^^^^^^^^^^^^^
[INFO] [stdout] 
[INFO] [stdout] 
[INFO] [stdout] warning: unused import: `game_versions::TaskGameVersions`
[INFO] [stdout]   --> silo/src/task.rs:16:9
[INFO] [stdout]    |
[INFO] [stdout] 16 | pub use game_versions::TaskGameVersions;
[INFO] [stdout]    |         ^^^^^^^^^^^^^^^^^^^^^^^^^^^^^^^
[INFO] [stdout] 
[INFO] [stdout] 
[INFO] [stderr]    Compiling zstd v0.11.2+zstd.1.5.2
[INFO] [stderr]    Compiling zip v0.6.6
[INFO] [stderr]    Compiling launcher-core v0.0.1 (/opt/rustwide/workdir/core)
[INFO] [stdout] warning: unused import: `archive::*`
[INFO] [stdout]   --> core/src/utils/mod.rs:23:9
[INFO] [stdout]    |
[INFO] [stdout] 23 | pub use archive::*;
[INFO] [stdout]    |         ^^^^^^^^^^
[INFO] [stdout]    |
[INFO] [stdout]    = note: `#[warn(unused_imports)]` on by default
[INFO] [stdout] 
[INFO] [stdout] 
[INFO] [stdout] warning: unused variable: `client`
[INFO] [stdout]   --> core/src/net/download/assets.rs:23:5
[INFO] [stdout]    |
[INFO] [stdout] 23 |     client: &Client,
[INFO] [stdout]    |     ^^^^^^ help: if this is intentional, prefix it with an underscore: `_client`
[INFO] [stdout]    |
[INFO] [stdout]    = note: `#[warn(unused_variables)]` on by default
[INFO] [stdout] 
[INFO] [stdout] 
[INFO] [stdout] warning: unused variable: `index`
[INFO] [stdout]   --> core/src/net/download/assets.rs:24:5
[INFO] [stdout]    |
[INFO] [stdout] 24 |     index: GameAssetIndex,
[INFO] [stdout]    |     ^^^^^ help: if this is intentional, prefix it with an underscore: `_index`
[INFO] [stdout] 
[INFO] [stdout] 
[INFO] [stdout] warning: 4 warnings emitted
[INFO] [stdout] 
[INFO] [stdout] 
[INFO] [stdout] warning: function `sha256` is never used
[INFO] [stdout]   --> core/src/utils/mod.rs:29:8
[INFO] [stdout]    |
[INFO] [stdout] 29 | pub fn sha256(data: impl Deref<Target = [u8]>) -> Result<impl AsRef<[u8]>> {
[INFO] [stdout]    |        ^^^^^^
[INFO] [stdout]    |
[INFO] [stdout]    = note: `#[warn(dead_code)]` on by default
[INFO] [stdout] 
[INFO] [stdout] 
[INFO] [stdout] warning: function `sha1` is never used
[INFO] [stdout]   --> core/src/utils/mod.rs:40:8
[INFO] [stdout]    |
[INFO] [stdout] 40 | pub fn sha1(data: impl Deref<Target = [u8]>) -> Result<impl AsRef<[u8]>> {
[INFO] [stdout]    |        ^^^^
[INFO] [stdout] 
[INFO] [stdout] 
[INFO] [stdout] warning: function `extract` is never used
[INFO] [stdout]   --> core/src/utils/archive.rs:30:14
[INFO] [stdout]    |
[INFO] [stdout] 30 | pub async fn extract(data: Bytes, format: ArchiveFormat, dest: impl AsRef<Path>) -> Result<()> {
[INFO] [stdout]    |              ^^^^^^^
[INFO] [stdout] 
[INFO] [stdout] 
[INFO] [stdout] warning: function `extract_tar` is never used
[INFO] [stdout]   --> core/src/utils/archive.rs:42:10
[INFO] [stdout]    |
[INFO] [stdout] 42 | async fn extract_tar<T: Read + Send + 'static>(
[INFO] [stdout]    |          ^^^^^^^^^^^
[INFO] [stdout] 
[INFO] [stdout] 
[INFO] [stdout] warning: function `extract_tar_gz` is never used
[INFO] [stdout]   --> core/src/utils/archive.rs:50:10
[INFO] [stdout]    |
[INFO] [stdout] 50 | async fn extract_tar_gz(data: Bytes, dest: PathBuf) -> Result<()> {
[INFO] [stdout]    |          ^^^^^^^^^^^^^^
[INFO] [stdout] 
[INFO] [stdout] 
[INFO] [stdout] warning: function `extract_tar_xz` is never used
[INFO] [stdout]   --> core/src/utils/archive.rs:56:10
[INFO] [stdout]    |
[INFO] [stdout] 56 | async fn extract_tar_xz(data: Bytes, dest: PathBuf) -> Result<()> {
[INFO] [stdout]    |          ^^^^^^^^^^^^^^
[INFO] [stdout] 
[INFO] [stdout] 
[INFO] [stdout] warning: function `extract_zip` is never used
[INFO] [stdout]   --> core/src/utils/archive.rs:62:10
[INFO] [stdout]    |
[INFO] [stdout] 62 | async fn extract_zip(data: Bytes, dest: PathBuf) -> Result<()> {
[INFO] [stdout]    |          ^^^^^^^^^^^
[INFO] [stdout] 
[INFO] [stdout] 
[INFO] [stdout] warning: 10 warnings emitted
[INFO] [stdout] 
[INFO] [stdout] 
[INFO] [stderr]     Finished dev [unoptimized + debuginfo] target(s) in 44.64s
[INFO] running `Command { std: "docker" "inspect" "a8b520928ad0f085406e61eb94342b907ed4e82ffff293b3e69f9acf93006480", kill_on_drop: false }`
[INFO] running `Command { std: "docker" "rm" "-f" "a8b520928ad0f085406e61eb94342b907ed4e82ffff293b3e69f9acf93006480", kill_on_drop: false }`
[INFO] [stdout] a8b520928ad0f085406e61eb94342b907ed4e82ffff293b3e69f9acf93006480
[INFO] running `Command { std: "docker" "create" "-v" "/var/lib/crater-agent-workspace/builds/worker-3-tc1/target:/opt/rustwide/target:rw,Z" "-v" "/var/lib/crater-agent-workspace/builds/worker-3-tc1/source:/opt/rustwide/workdir:ro,Z" "-v" "/var/lib/crater-agent-workspace/cargo-home:/opt/rustwide/cargo-home:ro,Z" "-v" "/var/lib/crater-agent-workspace/rustup-home:/opt/rustwide/rustup-home:ro,Z" "-e" "SOURCE_DIR=/opt/rustwide/workdir" "-e" "CARGO_TARGET_DIR=/opt/rustwide/target" "-e" "CARGO_INCREMENTAL=0" "-e" "RUST_BACKTRACE=full" "-e" "RUSTFLAGS=--cap-lints=warn" "-e" "RUSTDOCFLAGS=--cap-lints=warn" "-e" "CARGO_HOME=/opt/rustwide/cargo-home" "-e" "RUSTUP_HOME=/opt/rustwide/rustup-home" "-w" "/opt/rustwide/workdir" "-m" "1610612736" "--user" "0:0" "--network" "none" "ghcr.io/rust-lang/crates-build-env/linux@sha256:2788e3201cd34a07e3172128adcd8b3090168a8e3bcc40d7c032b9dda1df7d1c" "/opt/rustwide/cargo-home/bin/cargo" "+1.75.0" "test" "--frozen" "--no-run" "--message-format=json", kill_on_drop: false }`
[INFO] [stdout] d21158b37fc6e459e3f2e52f12d2e8df248e41cf6ad8ba3258556e48f6b64b13
[INFO] running `Command { std: "docker" "start" "-a" "d21158b37fc6e459e3f2e52f12d2e8df248e41cf6ad8ba3258556e48f6b64b13", kill_on_drop: false }`
[INFO] [stdout] warning: unused import: `crate::core::conditional::Conditional`
[INFO] [stdout]   --> modules/data/src/core/library.rs:16:5
[INFO] [stdout]    |
[INFO] [stdout] 16 | use crate::core::conditional::Conditional;
[INFO] [stdout]    |     ^^^^^^^^^^^^^^^^^^^^^^^^^^^^^^^^^^^^^
[INFO] [stdout]    |
[INFO] [stdout]    = note: `#[warn(unused_imports)]` on by default
[INFO] [stdout] 
[INFO] [stdout] 
[INFO] [stdout] warning: 1 warning emitted
[INFO] [stdout] 
[INFO] [stdout] 
[INFO] [stdout] warning: unused import: `archive::*`
[INFO] [stdout]   --> core/src/utils/mod.rs:23:9
[INFO] [stdout]    |
[INFO] [stdout] 23 | pub use archive::*;
[INFO] [stdout]    |         ^^^^^^^^^^
[INFO] [stdout]    |
[INFO] [stdout]    = note: `#[warn(unused_imports)]` on by default
[INFO] [stdout] 
[INFO] [stdout] 
[INFO] [stdout] warning: unused variable: `client`
[INFO] [stdout]   --> core/src/net/download/assets.rs:23:5
[INFO] [stdout]    |
[INFO] [stdout] 23 |     client: &Client,
[INFO] [stdout]    |     ^^^^^^ help: if this is intentional, prefix it with an underscore: `_client`
[INFO] [stdout]    |
[INFO] [stdout]    = note: `#[warn(unused_variables)]` on by default
[INFO] [stdout] 
[INFO] [stdout] 
[INFO] [stdout] warning: unused variable: `index`
[INFO] [stdout]   --> core/src/net/download/assets.rs:24:5
[INFO] [stdout]    |
[INFO] [stdout] 24 |     index: GameAssetIndex,
[INFO] [stdout]    |     ^^^^^ help: if this is intentional, prefix it with an underscore: `_index`
[INFO] [stdout] 
[INFO] [stdout] 
[INFO] [stdout] warning: function `sha256` is never used
[INFO] [stdout]   --> core/src/utils/mod.rs:29:8
[INFO] [stdout]    |
[INFO] [stdout] 29 | pub fn sha256(data: impl Deref<Target = [u8]>) -> Result<impl AsRef<[u8]>> {
[INFO] [stdout]    |        ^^^^^^
[INFO] [stdout]    |
[INFO] [stdout]    = note: `#[warn(dead_code)]` on by default
[INFO] [stdout] 
[INFO] [stdout] 
[INFO] [stdout] warning: function `sha1` is never used
[INFO] [stdout]   --> core/src/utils/mod.rs:40:8
[INFO] [stdout]    |
[INFO] [stdout] 40 | pub fn sha1(data: impl Deref<Target = [u8]>) -> Result<impl AsRef<[u8]>> {
[INFO] [stdout]    |        ^^^^
[INFO] [stdout] 
[INFO] [stdout] 
[INFO] [stdout] warning: function `extract` is never used
[INFO] [stdout]   --> core/src/utils/archive.rs:30:14
[INFO] [stdout]    |
[INFO] [stdout] 30 | pub async fn extract(data: Bytes, format: ArchiveFormat, dest: impl AsRef<Path>) -> Result<()> {
[INFO] [stdout]    |              ^^^^^^^
[INFO] [stdout] 
[INFO] [stdout] 
[INFO] [stdout] warning: function `extract_tar` is never used
[INFO] [stdout]   --> core/src/utils/archive.rs:42:10
[INFO] [stdout]    |
[INFO] [stdout] 42 | async fn extract_tar<T: Read + Send + 'static>(
[INFO] [stdout]    |          ^^^^^^^^^^^
[INFO] [stdout] 
[INFO] [stdout] 
[INFO] [stdout] warning: function `extract_tar_gz` is never used
[INFO] [stdout]   --> core/src/utils/archive.rs:50:10
[INFO] [stdout]    |
[INFO] [stdout] 50 | async fn extract_tar_gz(data: Bytes, dest: PathBuf) -> Result<()> {
[INFO] [stdout]    |          ^^^^^^^^^^^^^^
[INFO] [stdout] 
[INFO] [stdout] 
[INFO] [stdout] warning: function `extract_tar_xz` is never used
[INFO] [stdout]   --> core/src/utils/archive.rs:56:10
[INFO] [stdout]    |
[INFO] [stdout] 56 | async fn extract_tar_xz(data: Bytes, dest: PathBuf) -> Result<()> {
[INFO] [stdout]    |          ^^^^^^^^^^^^^^
[INFO] [stdout] 
[INFO] [stdout] 
[INFO] [stderr]    Compiling launcher-core v0.0.1 (/opt/rustwide/workdir/core)
[INFO] [stdout] warning: function `extract_zip` is never used
[INFO] [stdout]   --> core/src/utils/archive.rs:62:10
[INFO] [stdout]    |
[INFO] [stdout] 62 | async fn extract_zip(data: Bytes, dest: PathBuf) -> Result<()> {
[INFO] [stdout]    |          ^^^^^^^^^^^
[INFO] [stdout] 
[INFO] [stdout] 
[INFO] [stdout] warning: 10 warnings emitted
[INFO] [stdout] 
[INFO] [stdout] 
[INFO] [stderr]    Compiling launcher-persistence v0.0.1 (/opt/rustwide/workdir/modules/persistence)
[INFO] [stderr]    Compiling launcher-net v0.0.1 (/opt/rustwide/workdir/modules/net)
[INFO] [stderr]    Compiling silo v0.0.1 (/opt/rustwide/workdir/silo)
[INFO] [stderr]    Compiling launcher-data v0.0.1 (/opt/rustwide/workdir/modules/data)
[INFO] [stderr]    Compiling launcher-utils v0.0.1 (/opt/rustwide/workdir/modules/utils)
[INFO] [stdout] warning: unused import: `data::silo::game::GameVersionLegacy`
[INFO] [stdout]   --> silo/src/main.rs:27:5
[INFO] [stdout]    |
[INFO] [stdout] 27 | use data::silo::game::GameVersionLegacy;
[INFO] [stdout]    |     ^^^^^^^^^^^^^^^^^^^^^^^^^^^^^^^^^^^
[INFO] [stdout]    |
[INFO] [stdout]    = note: `#[warn(unused_imports)]` on by default
[INFO] [stdout] 
[INFO] [stdout] 
[INFO] [stdout] warning: unused import: `task::*`
[INFO] [stdout]   --> silo/src/main.rs:33:5
[INFO] [stdout]    |
[INFO] [stdout] 33 | use task::*;
[INFO] [stdout]    |     ^^^^^^^
[INFO] [stdout] 
[INFO] [stdout] 
[INFO] [stdout] warning: unused import: `std::collections::HashSet`
[INFO] [stdout]   --> silo/src/cli.rs:16:5
[INFO] [stdout]    |
[INFO] [stdout] 16 | use std::collections::HashSet;
[INFO] [stdout]    |     ^^^^^^^^^^^^^^^^^^^^^^^^^
[INFO] [stdout] 
[INFO] [stdout] 
[INFO] [stdout] warning: unused import: `game_versions::TaskGameVersions`
[INFO] [stdout]   --> silo/src/task.rs:16:9
[INFO] [stdout]    |
[INFO] [stdout] 16 | pub use game_versions::TaskGameVersions;
[INFO] [stdout]    |         ^^^^^^^^^^^^^^^^^^^^^^^^^^^^^^^
[INFO] [stdout] 
[INFO] [stdout] 
[INFO] [stdout] warning: unused import: `crate::core::conditional::Conditional`
[INFO] [stdout]   --> modules/data/src/core/library.rs:16:5
[INFO] [stdout]    |
[INFO] [stdout] 16 | use crate::core::conditional::Conditional;
[INFO] [stdout]    |     ^^^^^^^^^^^^^^^^^^^^^^^^^^^^^^^^^^^^^
[INFO] [stdout]    |
[INFO] [stdout]    = note: `#[warn(unused_imports)]` on by default
[INFO] [stdout] 
[INFO] [stdout] 
[INFO] [stdout] warning: unused import: `archive::*`
[INFO] [stdout]   --> core/src/utils/mod.rs:23:9
[INFO] [stdout]    |
[INFO] [stdout] 23 | pub use archive::*;
[INFO] [stdout]    |         ^^^^^^^^^^
[INFO] [stdout]    |
[INFO] [stdout]    = note: `#[warn(unused_imports)]` on by default
[INFO] [stdout] 
[INFO] [stdout] 
[INFO] [stdout] warning: unused variable: `client`
[INFO] [stdout]   --> core/src/net/download/assets.rs:23:5
[INFO] [stdout]    |
[INFO] [stdout] 23 |     client: &Client,
[INFO] [stdout]    |     ^^^^^^ help: if this is intentional, prefix it with an underscore: `_client`
[INFO] [stdout]    |
[INFO] [stdout]    = note: `#[warn(unused_variables)]` on by default
[INFO] [stdout] 
[INFO] [stdout] 
[INFO] [stdout] warning: unused variable: `index`
[INFO] [stdout]   --> core/src/net/download/assets.rs:24:5
[INFO] [stdout]    |
[INFO] [stdout] 24 |     index: GameAssetIndex,
[INFO] [stdout]    |     ^^^^^ help: if this is intentional, prefix it with an underscore: `_index`
[INFO] [stdout] 
[INFO] [stdout] 
[INFO] [stdout] warning: 1 warning emitted
[INFO] [stdout] 
[INFO] [stdout] 
[INFO] [stdout] warning: function `sha256` is never used
[INFO] [stdout]   --> core/src/utils/mod.rs:29:8
[INFO] [stdout]    |
[INFO] [stdout] 29 | pub fn sha256(data: impl Deref<Target = [u8]>) -> Result<impl AsRef<[u8]>> {
[INFO] [stdout]    |        ^^^^^^
[INFO] [stdout]    |
[INFO] [stdout]    = note: `#[warn(dead_code)]` on by default
[INFO] [stdout] 
[INFO] [stdout] 
[INFO] [stdout] warning: function `sha1` is never used
[INFO] [stdout]   --> core/src/utils/mod.rs:40:8
[INFO] [stdout]    |
[INFO] [stdout] 40 | pub fn sha1(data: impl Deref<Target = [u8]>) -> Result<impl AsRef<[u8]>> {
[INFO] [stdout]    |        ^^^^
[INFO] [stdout] 
[INFO] [stdout] 
[INFO] [stdout] warning: function `extract` is never used
[INFO] [stdout]   --> core/src/utils/archive.rs:30:14
[INFO] [stdout]    |
[INFO] [stdout] 30 | pub async fn extract(data: Bytes, format: ArchiveFormat, dest: impl AsRef<Path>) -> Result<()> {
[INFO] [stdout]    |              ^^^^^^^
[INFO] [stdout] 
[INFO] [stdout] 
[INFO] [stdout] warning: function `extract_tar` is never used
[INFO] [stdout]   --> core/src/utils/archive.rs:42:10
[INFO] [stdout]    |
[INFO] [stdout] 42 | async fn extract_tar<T: Read + Send + 'static>(
[INFO] [stdout]    |          ^^^^^^^^^^^
[INFO] [stdout] 
[INFO] [stdout] 
[INFO] [stdout] warning: function `extract_tar_gz` is never used
[INFO] [stdout]   --> core/src/utils/archive.rs:50:10
[INFO] [stdout]    |
[INFO] [stdout] 50 | async fn extract_tar_gz(data: Bytes, dest: PathBuf) -> Result<()> {
[INFO] [stdout]    |          ^^^^^^^^^^^^^^
[INFO] [stdout] 
[INFO] [stdout] 
[INFO] [stdout] warning: function `extract_tar_xz` is never used
[INFO] [stdout]   --> core/src/utils/archive.rs:56:10
[INFO] [stdout]    |
[INFO] [stdout] 56 | async fn extract_tar_xz(data: Bytes, dest: PathBuf) -> Result<()> {
[INFO] [stdout]    |          ^^^^^^^^^^^^^^
[INFO] [stdout] 
[INFO] [stdout] 
[INFO] [stdout] warning: function `extract_zip` is never used
[INFO] [stdout]   --> core/src/utils/archive.rs:62:10
[INFO] [stdout]    |
[INFO] [stdout] 62 | async fn extract_zip(data: Bytes, dest: PathBuf) -> Result<()> {
[INFO] [stdout]    |          ^^^^^^^^^^^
[INFO] [stdout] 
[INFO] [stdout] 
[INFO] [stdout] warning: 10 warnings emitted
[INFO] [stdout] 
[INFO] [stdout] 
[INFO] [stdout] warning: 4 warnings emitted
[INFO] [stdout] 
[INFO] [stdout] 
[INFO] [stderr]     Finished test [unoptimized + debuginfo] target(s) in 5.86s
[INFO] running `Command { std: "docker" "inspect" "d21158b37fc6e459e3f2e52f12d2e8df248e41cf6ad8ba3258556e48f6b64b13", kill_on_drop: false }`
[INFO] running `Command { std: "docker" "rm" "-f" "d21158b37fc6e459e3f2e52f12d2e8df248e41cf6ad8ba3258556e48f6b64b13", kill_on_drop: false }`
[INFO] [stdout] d21158b37fc6e459e3f2e52f12d2e8df248e41cf6ad8ba3258556e48f6b64b13
[INFO] running `Command { std: "docker" "create" "-v" "/var/lib/crater-agent-workspace/builds/worker-3-tc1/target:/opt/rustwide/target:rw,Z" "-v" "/var/lib/crater-agent-workspace/builds/worker-3-tc1/source:/opt/rustwide/workdir:ro,Z" "-v" "/var/lib/crater-agent-workspace/cargo-home:/opt/rustwide/cargo-home:ro,Z" "-v" "/var/lib/crater-agent-workspace/rustup-home:/opt/rustwide/rustup-home:ro,Z" "-e" "SOURCE_DIR=/opt/rustwide/workdir" "-e" "CARGO_TARGET_DIR=/opt/rustwide/target" "-e" "CARGO_INCREMENTAL=0" "-e" "RUST_BACKTRACE=full" "-e" "RUSTFLAGS=--cap-lints=warn" "-e" "RUSTDOCFLAGS=--cap-lints=warn" "-e" "CARGO_HOME=/opt/rustwide/cargo-home" "-e" "RUSTUP_HOME=/opt/rustwide/rustup-home" "-w" "/opt/rustwide/workdir" "-m" "1610612736" "--user" "0:0" "--network" "none" "ghcr.io/rust-lang/crates-build-env/linux@sha256:2788e3201cd34a07e3172128adcd8b3090168a8e3bcc40d7c032b9dda1df7d1c" "/opt/rustwide/cargo-home/bin/cargo" "+1.75.0" "test" "--frozen", kill_on_drop: false }`
[INFO] [stdout] 1924a5b0cac8bce4901df643611826778f93f553f5e8217ff2477b9a08acecd1
[INFO] running `Command { std: "docker" "start" "-a" "1924a5b0cac8bce4901df643611826778f93f553f5e8217ff2477b9a08acecd1", kill_on_drop: false }`
[INFO] [stderr] warning: unused import: `crate::core::conditional::Conditional`
[INFO] [stderr]   --> modules/data/src/core/library.rs:16:5
[INFO] [stderr]    |
[INFO] [stderr] 16 | use crate::core::conditional::Conditional;
[INFO] [stderr]    |     ^^^^^^^^^^^^^^^^^^^^^^^^^^^^^^^^^^^^^
[INFO] [stderr]    |
[INFO] [stderr]    = note: `#[warn(unused_imports)]` on by default
[INFO] [stderr] 
[INFO] [stderr] warning: `launcher-data` (lib) generated 1 warning (run `cargo fix --lib -p launcher-data` to apply 1 suggestion)
[INFO] [stderr] warning: unused import: `archive::*`
[INFO] [stderr]   --> core/src/utils/mod.rs:23:9
[INFO] [stderr]    |
[INFO] [stderr] 23 | pub use archive::*;
[INFO] [stderr]    |         ^^^^^^^^^^
[INFO] [stderr]    |
[INFO] [stderr]    = note: `#[warn(unused_imports)]` on by default
[INFO] [stderr] 
[INFO] [stderr] warning: unused variable: `client`
[INFO] [stderr]   --> core/src/net/download/assets.rs:23:5
[INFO] [stderr]    |
[INFO] [stderr] 23 |     client: &Client,
[INFO] [stderr]    |     ^^^^^^ help: if this is intentional, prefix it with an underscore: `_client`
[INFO] [stderr]    |
[INFO] [stderr]    = note: `#[warn(unused_variables)]` on by default
[INFO] [stderr] 
[INFO] [stderr] warning: unused variable: `index`
[INFO] [stderr]   --> core/src/net/download/assets.rs:24:5
[INFO] [stderr]    |
[INFO] [stderr] 24 |     index: GameAssetIndex,
[INFO] [stderr]    |     ^^^^^ help: if this is intentional, prefix it with an underscore: `_index`
[INFO] [stderr] 
[INFO] [stderr] warning: function `sha256` is never used
[INFO] [stderr]   --> core/src/utils/mod.rs:29:8
[INFO] [stderr]    |
[INFO] [stderr] 29 | pub fn sha256(data: impl Deref<Target = [u8]>) -> Result<impl AsRef<[u8]>> {
[INFO] [stderr]    |        ^^^^^^
[INFO] [stderr]    |
[INFO] [stderr]    = note: `#[warn(dead_code)]` on by default
[INFO] [stderr] 
[INFO] [stderr] warning: function `sha1` is never used
[INFO] [stderr]   --> core/src/utils/mod.rs:40:8
[INFO] [stderr]    |
[INFO] [stderr] 40 | pub fn sha1(data: impl Deref<Target = [u8]>) -> Result<impl AsRef<[u8]>> {
[INFO] [stderr]    |        ^^^^
[INFO] [stderr] 
[INFO] [stderr] warning: function `extract` is never used
[INFO] [stderr]   --> core/src/utils/archive.rs:30:14
[INFO] [stderr]    |
[INFO] [stderr] 30 | pub async fn extract(data: Bytes, format: ArchiveFormat, dest: impl AsRef<Path>) -> Result<()> {
[INFO] [stderr]    |              ^^^^^^^
[INFO] [stderr] 
[INFO] [stderr] warning: function `extract_tar` is never used
[INFO] [stderr]   --> core/src/utils/archive.rs:42:10
[INFO] [stderr]    |
[INFO] [stderr] 42 | async fn extract_tar<T: Read + Send + 'static>(
[INFO] [stderr]    |          ^^^^^^^^^^^
[INFO] [stderr] 
[INFO] [stderr] warning: function `extract_tar_gz` is never used
[INFO] [stderr]   --> core/src/utils/archive.rs:50:10
[INFO] [stderr]    |
[INFO] [stderr] 50 | async fn extract_tar_gz(data: Bytes, dest: PathBuf) -> Result<()> {
[INFO] [stderr]    |          ^^^^^^^^^^^^^^
[INFO] [stderr] 
[INFO] [stderr] warning: function `extract_tar_xz` is never used
[INFO] [stderr]   --> core/src/utils/archive.rs:56:10
[INFO] [stderr]    |
[INFO] [stderr] 56 | async fn extract_tar_xz(data: Bytes, dest: PathBuf) -> Result<()> {
[INFO] [stderr]    |          ^^^^^^^^^^^^^^
[INFO] [stderr] 
[INFO] [stderr] warning: function `extract_zip` is never used
[INFO] [stderr]   --> core/src/utils/archive.rs:62:10
[INFO] [stderr]    |
[INFO] [stderr] 62 | async fn extract_zip(data: Bytes, dest: PathBuf) -> Result<()> {
[INFO] [stderr]    |          ^^^^^^^^^^^
[INFO] [stderr] 
[INFO] [stderr] warning: `launcher-core` (lib) generated 10 warnings (run `cargo fix --lib -p launcher-core` to apply 3 suggestions)
[INFO] [stderr] warning: `launcher-core` (lib test) generated 10 warnings (10 duplicates)
[INFO] [stderr] warning: `launcher-data` (lib test) generated 1 warning (1 duplicate)
[INFO] [stderr] warning: unused import: `data::silo::game::GameVersionLegacy`
[INFO] [stderr]   --> silo/src/main.rs:27:5
[INFO] [stderr]    |
[INFO] [stderr] 27 | use data::silo::game::GameVersionLegacy;
[INFO] [stderr]    |     ^^^^^^^^^^^^^^^^^^^^^^^^^^^^^^^^^^^
[INFO] [stderr]    |
[INFO] [stderr]    = note: `#[warn(unused_imports)]` on by default
[INFO] [stderr] 
[INFO] [stderr] warning: unused import: `task::*`
[INFO] [stderr]   --> silo/src/main.rs:33:5
[INFO] [stderr]    |
[INFO] [stderr] 33 | use task::*;
[INFO] [stderr]    |     ^^^^^^^
[INFO] [stderr] 
[INFO] [stderr] warning: unused import: `std::collections::HashSet`
[INFO] [stderr]   --> silo/src/cli.rs:16:5
[INFO] [stderr]    |
[INFO] [stderr] 16 | use std::collections::HashSet;
[INFO] [stderr]    |     ^^^^^^^^^^^^^^^^^^^^^^^^^
[INFO] [stderr] 
[INFO] [stderr] warning: unused import: `game_versions::TaskGameVersions`
[INFO] [stderr]   --> silo/src/task.rs:16:9
[INFO] [stderr]    |
[INFO] [stderr] 16 | pub use game_versions::TaskGameVersions;
[INFO] [stderr]    |         ^^^^^^^^^^^^^^^^^^^^^^^^^^^^^^^
[INFO] [stderr] 
[INFO] [stderr] warning: `silo` (bin "silo" test) generated 4 warnings (run `cargo fix --bin "silo" --tests` to apply 4 suggestions)
[INFO] [stderr]     Finished test [unoptimized + debuginfo] target(s) in 0.43s
[INFO] [stderr]      Running unittests src/lib.rs (/opt/rustwide/target/debug/deps/launcher_core-f5e732adf7d8cd1f)
[INFO] [stdout] 
[INFO] [stdout] running 0 tests
[INFO] [stdout] 
[INFO] [stdout] test result: ok. 0 passed; 0 failed; 0 ignored; 0 measured; 0 filtered out; finished in 0.00s
[INFO] [stdout] 
[INFO] [stderr]      Running unittests src/bin/playground.rs (/opt/rustwide/target/debug/deps/playground-df94bedc8b90c33f)
[INFO] [stdout] 
[INFO] [stdout] running 0 tests
[INFO] [stdout] 
[INFO] [stdout] test result: ok. 0 passed; 0 failed; 0 ignored; 0 measured; 0 filtered out; finished in 0.00s
[INFO] [stdout] 
[INFO] [stderr]      Running unittests src/lib.rs (/opt/rustwide/target/debug/deps/launcher_data-49c7424bc6118931)
[INFO] [stdout] 
[INFO] [stdout] running 2 tests
[INFO] [stdout] test core::conditional::tests::simplify ... ok
[INFO] [stdout] test core::conditional::tests::eval ... ok
[INFO] [stdout] 
[INFO] [stdout] test result: ok. 2 passed; 0 failed; 0 ignored; 0 measured; 0 filtered out; finished in 0.00s
[INFO] [stdout] 
[INFO] [stderr]      Running unittests src/lib.rs (/opt/rustwide/target/debug/deps/launcher_net-671c7bc054f17bcc)
[INFO] [stdout] 
[INFO] [stdout] running 2 tests
[INFO] [stdout] test tests::queue ... FAILED
[INFO] [stdout] test tests::client ... FAILED
[INFO] [stdout] 
[INFO] [stderr] error: test failed, to rerun pass `-p launcher-net --lib`
[INFO] [stdout] failures:
[INFO] [stdout] 
[INFO] [stdout] ---- tests::queue stdout ----
[INFO] [stdout] Error: Network(reqwest::Error { kind: Request, url: Url { scheme: "https", cannot_be_a_base: false, username: "", password: None, host: Some(Domain("httpbingo.org")), port: None, path: "/base64/dGVzdGluZyBzdWNjZXNzZnVsCg==", query: None, fragment: None }, source: hyper::Error(Connect, ConnectError("dns error", Custom { kind: Uncategorized, error: "failed to lookup address information: Temporary failure in name resolution" })) })
[INFO] [stdout] 
[INFO] [stdout] ---- tests::client stdout ----
[INFO] [stdout] Error: RequestAttemptsExhausted(3, Network(reqwest::Error { kind: Request, url: Url { scheme: "https", cannot_be_a_base: false, username: "", password: None, host: Some(Domain("httpbingo.org")), port: None, path: "/base64/dGVzdGluZyBzdWNjZXNzZnVsCg==", query: None, fragment: None }, source: hyper::Error(Connect, ConnectError("dns error", Custom { kind: Uncategorized, error: "failed to lookup address information: Temporary failure in name resolution" })) }))
[INFO] [stdout] 
[INFO] [stdout] 
[INFO] [stdout] failures:
[INFO] [stdout]     tests::client
[INFO] [stdout]     tests::queue
[INFO] [stdout] 
[INFO] [stdout] test result: FAILED. 0 passed; 2 failed; 0 ignored; 0 measured; 0 filtered out; finished in 10.16s
[INFO] [stdout] 
[INFO] running `Command { std: "docker" "inspect" "1924a5b0cac8bce4901df643611826778f93f553f5e8217ff2477b9a08acecd1", kill_on_drop: false }`
[INFO] running `Command { std: "docker" "rm" "-f" "1924a5b0cac8bce4901df643611826778f93f553f5e8217ff2477b9a08acecd1", kill_on_drop: false }`
[INFO] [stdout] 1924a5b0cac8bce4901df643611826778f93f553f5e8217ff2477b9a08acecd1
[INFO] testing andre4ik3/Launcher against beta-2023-12-22 for beta-1.76-1
[INFO] running `Command { std: "git" "clone" "/workspace/cache/git-repos/https%3A%2F%2Fgithub.com%2Fandre4ik3%2FLauncher" "/workspace/builds/worker-3-tc2/source", kill_on_drop: false }`
[INFO] [stderr] Cloning into '/workspace/builds/worker-3-tc2/source'...
[INFO] [stderr] done.
[INFO] validating manifest of git repo https://github.com/andre4ik3/Launcher on toolchain beta-2023-12-22
[INFO] running `Command { std: CARGO_HOME="/workspace/cargo-home" RUSTUP_HOME="/workspace/rustup-home" "/workspace/cargo-home/bin/cargo" "+beta-2023-12-22" "metadata" "--manifest-path" "Cargo.toml" "--no-deps", kill_on_drop: false }`
[INFO] started tweaking git repo https://github.com/andre4ik3/Launcher
[INFO] finished tweaking git repo https://github.com/andre4ik3/Launcher
[INFO] tweaked toml for git repo https://github.com/andre4ik3/Launcher written to /workspace/builds/worker-3-tc2/source/Cargo.toml
[INFO] crate git repo https://github.com/andre4ik3/Launcher already has a lockfile, it will not be regenerated
[INFO] running `Command { std: CARGO_HOME="/workspace/cargo-home" RUSTUP_HOME="/workspace/rustup-home" "/workspace/cargo-home/bin/cargo" "+beta-2023-12-22" "fetch" "--manifest-path" "Cargo.toml", kill_on_drop: false }`
[INFO] running `Command { std: "docker" "create" "-v" "/var/lib/crater-agent-workspace/builds/worker-3-tc2/target:/opt/rustwide/target:rw,Z" "-v" "/var/lib/crater-agent-workspace/builds/worker-3-tc2/source:/opt/rustwide/workdir:ro,Z" "-v" "/var/lib/crater-agent-workspace/cargo-home:/opt/rustwide/cargo-home:ro,Z" "-v" "/var/lib/crater-agent-workspace/rustup-home:/opt/rustwide/rustup-home:ro,Z" "-e" "SOURCE_DIR=/opt/rustwide/workdir" "-e" "CARGO_TARGET_DIR=/opt/rustwide/target" "-e" "CARGO_HOME=/opt/rustwide/cargo-home" "-e" "RUSTUP_HOME=/opt/rustwide/rustup-home" "-w" "/opt/rustwide/workdir" "-m" "1610612736" "--user" "0:0" "--network" "none" "ghcr.io/rust-lang/crates-build-env/linux@sha256:2788e3201cd34a07e3172128adcd8b3090168a8e3bcc40d7c032b9dda1df7d1c" "/opt/rustwide/cargo-home/bin/cargo" "+beta-2023-12-22" "metadata" "--no-deps" "--format-version=1", kill_on_drop: false }`
[INFO] [stdout] 3fd9f11345f00924a5dd8b35cbe4b7819b32303f1f448c2a6a273c7d188ace71
[INFO] running `Command { std: "docker" "start" "-a" "3fd9f11345f00924a5dd8b35cbe4b7819b32303f1f448c2a6a273c7d188ace71", kill_on_drop: false }`
[INFO] running `Command { std: "docker" "inspect" "3fd9f11345f00924a5dd8b35cbe4b7819b32303f1f448c2a6a273c7d188ace71", kill_on_drop: false }`
[INFO] running `Command { std: "docker" "rm" "-f" "3fd9f11345f00924a5dd8b35cbe4b7819b32303f1f448c2a6a273c7d188ace71", kill_on_drop: false }`
[INFO] [stdout] 3fd9f11345f00924a5dd8b35cbe4b7819b32303f1f448c2a6a273c7d188ace71
[INFO] running `Command { std: "docker" "create" "-v" "/var/lib/crater-agent-workspace/builds/worker-3-tc2/target:/opt/rustwide/target:rw,Z" "-v" "/var/lib/crater-agent-workspace/builds/worker-3-tc2/source:/opt/rustwide/workdir:ro,Z" "-v" "/var/lib/crater-agent-workspace/cargo-home:/opt/rustwide/cargo-home:ro,Z" "-v" "/var/lib/crater-agent-workspace/rustup-home:/opt/rustwide/rustup-home:ro,Z" "-e" "SOURCE_DIR=/opt/rustwide/workdir" "-e" "CARGO_TARGET_DIR=/opt/rustwide/target" "-e" "CARGO_INCREMENTAL=0" "-e" "RUST_BACKTRACE=full" "-e" "RUSTFLAGS=--cap-lints=warn" "-e" "RUSTDOCFLAGS=--cap-lints=warn" "-e" "CARGO_HOME=/opt/rustwide/cargo-home" "-e" "RUSTUP_HOME=/opt/rustwide/rustup-home" "-w" "/opt/rustwide/workdir" "-m" "1610612736" "--user" "0:0" "--network" "none" "ghcr.io/rust-lang/crates-build-env/linux@sha256:2788e3201cd34a07e3172128adcd8b3090168a8e3bcc40d7c032b9dda1df7d1c" "/opt/rustwide/cargo-home/bin/cargo" "+beta-2023-12-22" "build" "--frozen" "--message-format=json", kill_on_drop: false }`
[INFO] [stdout] a76b56549dba5ecefa6942641f032f76142248af4a429d22ea718c44d1bb66a7
[INFO] running `Command { std: "docker" "start" "-a" "a76b56549dba5ecefa6942641f032f76142248af4a429d22ea718c44d1bb66a7", kill_on_drop: false }`
[INFO] [stderr]    Compiling libc v0.2.147
[INFO] [stderr]    Compiling proc-macro2 v1.0.66
[INFO] [stderr]    Compiling unicode-ident v1.0.11
[INFO] [stderr]    Compiling typenum v1.16.0
[INFO] [stderr]    Compiling once_cell v1.18.0
[INFO] [stderr]    Compiling generic-array v0.14.7
[INFO] [stderr]    Compiling pkg-config v0.3.27
[INFO] [stderr]    Compiling serde v1.0.183
[INFO] [stderr]    Compiling serde_derive v1.0.183
[INFO] [stderr]    Compiling lock_api v0.4.10
[INFO] [stderr]    Compiling parking_lot_core v0.9.8
[INFO] [stderr]    Compiling subtle v2.5.0
[INFO] [stderr]    Compiling quote v1.0.32
[INFO] [stderr]    Compiling pin-project-lite v0.2.12
[INFO] [stderr]    Compiling scopeguard v1.2.0
[INFO] [stderr]    Compiling smallvec v1.11.0
[INFO] [stderr]    Compiling syn v2.0.28
[INFO] [stderr]    Compiling futures-core v0.3.28
[INFO] [stderr]    Compiling bytes v1.4.0
[INFO] [stderr]    Compiling tracing-core v0.1.31
[INFO] [stderr]    Compiling jobserver v0.1.26
[INFO] [stderr]    Compiling cc v1.0.82
[INFO] [stderr]    Compiling cpufeatures v0.2.9
[INFO] [stderr]    Compiling getrandom v0.2.10
[INFO] [stderr]    Compiling rand_core v0.6.4
[INFO] [stderr]    Compiling signal-hook-registry v1.4.1
[INFO] [stderr]    Compiling parking_lot v0.12.1
[INFO] [stderr]    Compiling mio v0.8.8
[INFO] [stderr]    Compiling crypto-common v0.1.6
[INFO] [stderr]    Compiling num_cpus v1.16.0
[INFO] [stderr]    Compiling socket2 v0.5.3
[INFO] [stderr]    Compiling itoa v1.0.9
[INFO] [stderr]    Compiling block-buffer v0.10.4
[INFO] [stderr]    Compiling num-traits v0.2.16
[INFO] [stderr]    Compiling log v0.4.19
[INFO] [stderr]    Compiling slab v0.4.8
[INFO] [stderr]    Compiling digest v0.10.7
[INFO] [stderr]    Compiling futures-task v0.3.28
[INFO] [stderr]    Compiling equivalent v1.0.1
[INFO] [stderr]    Compiling hashbrown v0.14.0
[INFO] [stderr]    Compiling vcpkg v0.2.15
[INFO] [stderr]    Compiling futures-sink v0.3.28
[INFO] [stderr]    Compiling winnow v0.5.4
[INFO] [stderr]    Compiling syn v1.0.109
[INFO] [stderr]    Compiling futures-util v0.3.28
[INFO] [stderr]    Compiling indexmap v2.0.0
[INFO] [stderr]    Compiling toml_datetime v0.6.3
[INFO] [stderr]    Compiling num-integer v0.1.45
[INFO] [stderr]    Compiling memoffset v0.7.1
[INFO] [stderr]    Compiling indexmap v1.9.3
[INFO] [stderr]    Compiling rustix v0.38.7
[INFO] [stderr]    Compiling openssl-sys v0.9.91
[INFO] [stderr]    Compiling foreign-types-shared v0.1.1
[INFO] [stderr]    Compiling crc32fast v1.3.2
[INFO] [stderr]    Compiling openssl v0.10.56
[INFO] [stderr]    Compiling tinyvec_macros v0.1.1
[INFO] [stderr]    Compiling tinyvec v1.6.0
[INFO] [stderr]    Compiling http v0.2.9
[INFO] [stderr]    Compiling foreign-types v0.3.2
[INFO] [stderr]    Compiling aho-corasick v1.0.3
[INFO] [stderr]    Compiling sha2 v0.10.7
[INFO] [stderr]    Compiling toml_edit v0.19.14
[INFO] [stderr]    Compiling sha1 v0.10.5
[INFO] [stderr]    Compiling num-bigint v0.4.3
[INFO] [stderr]    Compiling alloc-no-stdlib v2.0.4
[INFO] [stderr]    Compiling async-trait v0.1.72
[INFO] [stderr]    Compiling hashbrown v0.12.3
[INFO] [stderr]    Compiling linux-raw-sys v0.4.5
[INFO] [stderr]    Compiling percent-encoding v2.3.0
[INFO] [stderr]    Compiling futures-channel v0.3.28
[INFO] [stderr]    Compiling native-tls v0.2.11
[INFO] [stderr]    Compiling proc-macro-crate v1.3.1
[INFO] [stderr]    Compiling httparse v1.8.0
[INFO] [stderr]    Compiling bitflags v2.3.3
[INFO] [stderr]    Compiling regex-syntax v0.7.4
[INFO] [stderr]    Compiling crossbeam-utils v0.8.16
[INFO] [stderr]    Compiling miniz_oxide v0.7.1
[INFO] [stderr]    Compiling form_urlencoded v1.2.0
[INFO] [stderr]    Compiling tokio-macros v2.1.0
[INFO] [stderr]    Compiling tracing-attributes v0.1.26
[INFO] [stderr]    Compiling futures-macro v0.3.28
[INFO] [stderr]    Compiling zvariant_utils v1.0.1
[INFO] [stderr]    Compiling enumflags2_derive v0.7.7
[INFO] [stderr]    Compiling openssl-macros v0.1.1
[INFO] [stderr]    Compiling tokio v1.30.0
[INFO] [stderr]    Compiling enumflags2 v0.7.7
[INFO] [stderr]    Compiling tracing v0.1.37
[INFO] [stderr]    Compiling regex-automata v0.3.6
[INFO] [stderr]    Compiling alloc-stdlib v0.2.2
[INFO] [stderr]    Compiling unicode-normalization v0.1.22
[INFO] [stderr]    Compiling hmac v0.12.1
[INFO] [stderr]    Compiling zstd-sys v2.0.8+zstd.1.5.5
[INFO] [stderr]    Compiling inout v0.1.3
[INFO] [stderr]    Compiling num-iter v0.1.43
[INFO] [stderr]    Compiling num-rational v0.4.1
[INFO] [stderr]    Compiling thiserror v1.0.44
[INFO] [stderr]    Compiling unicode-bidi v0.3.13
[INFO] [stderr]    Compiling openssl-probe v0.1.5
[INFO] [stderr]    Compiling deranged v0.3.7
[INFO] [stderr]    Compiling time-core v0.1.1
[INFO] [stderr]    Compiling overload v0.1.1
[INFO] [stderr]    Compiling zvariant_derive v3.15.0
[INFO] [stderr]    Compiling try-lock v0.2.4
[INFO] [stderr]    Compiling want v0.3.1
[INFO] [stderr]    Compiling idna v0.4.0
[INFO] [stderr]    Compiling nu-ansi-term v0.46.0
[INFO] [stderr]    Compiling regex v1.9.3
[INFO] [stderr]    Compiling time v0.3.25
[INFO] [stderr]    Compiling rand_chacha v0.3.1
[INFO] [stderr]    Compiling zvariant v3.15.0
[INFO] [stderr]    Compiling cipher v0.4.4
[INFO] [stderr]    Compiling flate2 v1.0.26
[INFO] [stderr]    Compiling nix v0.26.2
[INFO] [stderr]    Compiling tokio-util v0.7.8
[INFO] [stderr]    Compiling h2 v0.3.20
[INFO] [stderr]    Compiling brotli-decompressor v2.3.4
[INFO] [stderr]    Compiling thiserror-impl v1.0.44
[INFO] [stderr]    Compiling http-body v0.4.5
[INFO] [stderr]    Compiling sharded-slab v0.1.4
[INFO] [stderr]    Compiling tracing-log v0.1.3
[INFO] [stderr]    Compiling cipher v0.3.0
[INFO] [stderr]    Compiling socket2 v0.4.9
[INFO] [stderr]    Compiling thread_local v1.1.7
[INFO] [stderr]    Compiling ryu v1.0.15
[INFO] [stderr]    Compiling option-ext v0.2.0
[INFO] [stderr]    Compiling tower-service v0.3.2
[INFO] [stderr]    Compiling serde_json v1.0.104
[INFO] [stderr]    Compiling httpdate v1.0.2
[INFO] [stderr]    Compiling event-listener v2.5.3
[INFO] [stderr]    Compiling dirs-sys v0.4.1
[INFO] [stderr]    Compiling async-broadcast v0.5.1
[INFO] [stderr]    Compiling tracing-subscriber v0.3.17
[INFO] [stderr]    Compiling brotli v3.3.4
[INFO] [stderr]    Compiling crossbeam-channel v0.5.8
[INFO] [stderr]    Compiling hyper v0.14.27
[INFO] [stderr]    Compiling zbus_macros v3.14.1
[INFO] [stderr]    Compiling zbus_names v2.6.0
[INFO] [stderr]    Compiling xdg-home v1.0.0
[INFO] [stderr]    Compiling tokio-native-tls v0.3.1
[INFO] [stderr]    Compiling rand v0.8.5
[INFO] [stderr]    Compiling url v2.4.0
[INFO] [stderr]    Compiling derivative v2.2.0
[INFO] [stderr]    Compiling serde_repr v0.1.16
[INFO] [stderr]    Compiling async-recursion v1.0.4
[INFO] [stderr]    Compiling num-complex v0.4.3
[INFO] [stderr]    Compiling hex v0.4.3
[INFO] [stderr]    Compiling bzip2-sys v0.1.11+1.0.8
[INFO] [stderr]    Compiling lzma-sys v0.1.20
[INFO] [stderr]    Compiling universal-hash v0.5.1
[INFO] [stderr]    Compiling iovec v0.1.4
[INFO] [stderr]    Compiling ordered-stream v0.2.0
[INFO] [stderr]    Compiling semver v1.0.18
[INFO] [stderr]    Compiling platforms v3.0.2
[INFO] [stderr]    Compiling zstd-safe v5.0.2+zstd.1.5.2
[INFO] [stderr]    Compiling block-modes v0.8.1
[INFO] [stderr]    Compiling async-compression v0.4.1
[INFO] [stderr]    Compiling bytes v0.4.12
[INFO] [stderr]    Compiling polyval v0.6.1
[INFO] [stderr]    Compiling num v0.4.1
[INFO] [stderr]    Compiling hyper-tls v0.5.0
[INFO] [stderr]    Compiling tracing-appender v0.2.2
[INFO] [stderr]    Compiling directories v5.0.1
[INFO] [stderr]    Compiling serde_urlencoded v0.7.1
[INFO] [stderr]    Compiling aes v0.7.5
[INFO] [stderr]    Compiling aes v0.8.3
[INFO] [stderr]    Compiling hkdf v0.12.3
[INFO] [stderr]    Compiling serde_spanned v0.6.3
[INFO] [stderr]    Compiling md-5 v0.10.5
[INFO] [stderr]    Compiling encoding_rs v0.8.32
[INFO] [stderr]    Compiling base64 v0.21.2
[INFO] [stderr]    Compiling mime v0.3.17
[INFO] [stderr]    Compiling anyhow v1.0.72
[INFO] [stderr]    Compiling iana-time-zone v0.1.57
[INFO] [stderr]    Compiling ipnet v2.8.0
[INFO] [stderr]    Compiling base64ct v1.6.0
[INFO] [stderr]    Compiling utf8parse v0.2.1
[INFO] [stderr]    Compiling anstyle-parse v0.2.1
[INFO] [stderr]    Compiling tokio-io v0.1.13
[INFO] [stderr]    Compiling password-hash v0.4.2
[INFO] [stderr]    Compiling chrono v0.4.26
[INFO] [stderr]    Compiling launcher-utils v0.0.1 (/opt/rustwide/workdir/modules/utils)
[INFO] [stderr]    Compiling ghash v0.5.0
[INFO] [stderr]    Compiling reqwest v0.11.18
[INFO] [stderr]    Compiling ctr v0.9.2
[INFO] [stderr]    Compiling is-terminal v0.4.9
[INFO] [stderr]    Compiling linux-keyutils v0.2.3
[INFO] [stderr]    Compiling aead v0.5.2
[INFO] [stderr]    Compiling xattr v1.0.1
[INFO] [stderr]    Compiling zbus v3.14.1
[INFO] [stderr]    Compiling filetime v0.2.22
[INFO] [stderr]    Compiling portable-atomic v1.4.2
[INFO] [stderr]    Compiling anstyle-query v1.0.0
[INFO] [stderr]    Compiling anstyle v1.0.1
[INFO] [stderr]    Compiling colorchoice v1.0.0
[INFO] [stderr]    Compiling ron v0.8.0
[INFO] [stderr]    Compiling anstream v0.3.2
[INFO] [stderr]    Compiling toml v0.7.6
[INFO] [stderr]    Compiling launcher-net v0.0.1 (/opt/rustwide/workdir/modules/net)
[INFO] [stderr]    Compiling tar v0.4.40
[INFO] [stderr]    Compiling launcher-data v0.0.1 (/opt/rustwide/workdir/modules/data)
[INFO] [stderr]    Compiling aes-gcm v0.10.2
[INFO] [stderr]    Compiling xz2 v0.1.7
[INFO] [stdout] warning: unused import: `crate::core::conditional::Conditional`
[INFO] [stdout]   --> modules/data/src/core/library.rs:16:5
[INFO] [stdout]    |
[INFO] [stdout] 16 | use crate::core::conditional::Conditional;
[INFO] [stdout]    |     ^^^^^^^^^^^^^^^^^^^^^^^^^^^^^^^^^^^^^
[INFO] [stdout]    |
[INFO] [stdout]    = note: `#[warn(unused_imports)]` on by default
[INFO] [stdout] 
[INFO] [stdout] 
[INFO] [stderr]    Compiling pbkdf2 v0.11.0
[INFO] [stderr]    Compiling fastrand v2.0.0
[INFO] [stderr]    Compiling async-once-cell v0.5.3
[INFO] [stderr]    Compiling unicode-width v0.1.10
[INFO] [stderr]    Compiling strsim v0.10.0
[INFO] [stderr]    Compiling clap_lex v0.5.0
[INFO] [stderr]    Compiling heck v0.4.1
[INFO] [stdout] warning: 1 warning emitted
[INFO] [stdout] 
[INFO] [stdout] 
[INFO] [stderr]    Compiling clap_builder v4.3.21
[INFO] [stderr]    Compiling console v0.15.7
[INFO] [stderr]    Compiling clap_derive v4.3.12
[INFO] [stderr]    Compiling tempfile v3.7.1
[INFO] [stderr]    Compiling os_info v3.7.0
[INFO] [stderr]    Compiling uuid v1.4.1
[INFO] [stderr]    Compiling number_prefix v0.4.0
[INFO] [stderr]    Compiling async_once v0.2.6
[INFO] [stderr]    Compiling indicatif v0.17.6
[INFO] [stderr]    Compiling clap v4.3.21
[INFO] [stderr]    Compiling secret-service v3.0.1
[INFO] [stderr]    Compiling bzip2 v0.4.4
[INFO] [stderr]    Compiling keyring v2.0.5
[INFO] [stderr]    Compiling launcher-persistence v0.0.1 (/opt/rustwide/workdir/modules/persistence)
[INFO] [stderr]    Compiling silo v0.0.1 (/opt/rustwide/workdir/silo)
[INFO] [stdout] warning: unused import: `data::silo::game::GameVersionLegacy`
[INFO] [stdout]   --> silo/src/main.rs:27:5
[INFO] [stdout]    |
[INFO] [stdout] 27 | use data::silo::game::GameVersionLegacy;
[INFO] [stdout]    |     ^^^^^^^^^^^^^^^^^^^^^^^^^^^^^^^^^^^
[INFO] [stdout]    |
[INFO] [stdout]    = note: `#[warn(unused_imports)]` on by default
[INFO] [stdout] 
[INFO] [stdout] 
[INFO] [stdout] warning: unused import: `task::*`
[INFO] [stdout]   --> silo/src/main.rs:33:5
[INFO] [stdout]    |
[INFO] [stdout] 33 | use task::*;
[INFO] [stdout]    |     ^^^^^^^
[INFO] [stdout] 
[INFO] [stdout] 
[INFO] [stdout] warning: unused import: `std::collections::HashSet`
[INFO] [stdout]   --> silo/src/cli.rs:16:5
[INFO] [stdout]    |
[INFO] [stdout] 16 | use std::collections::HashSet;
[INFO] [stdout]    |     ^^^^^^^^^^^^^^^^^^^^^^^^^
[INFO] [stdout] 
[INFO] [stdout] 
[INFO] [stdout] warning: unused import: `game_versions::TaskGameVersions`
[INFO] [stdout]   --> silo/src/task.rs:16:9
[INFO] [stdout]    |
[INFO] [stdout] 16 | pub use game_versions::TaskGameVersions;
[INFO] [stdout]    |         ^^^^^^^^^^^^^^^^^^^^^^^^^^^^^^^
[INFO] [stdout] 
[INFO] [stdout] 
[INFO] [stderr]    Compiling zstd v0.11.2+zstd.1.5.2
[INFO] [stderr]    Compiling zip v0.6.6
[INFO] [stderr]    Compiling launcher-core v0.0.1 (/opt/rustwide/workdir/core)
[INFO] [stdout] warning: unused import: `archive::*`
[INFO] [stdout]   --> core/src/utils/mod.rs:23:9
[INFO] [stdout]    |
[INFO] [stdout] 23 | pub use archive::*;
[INFO] [stdout]    |         ^^^^^^^^^^
[INFO] [stdout]    |
[INFO] [stdout]    = note: `#[warn(unused_imports)]` on by default
[INFO] [stdout] 
[INFO] [stdout] 
[INFO] [stdout] warning: unused variable: `client`
[INFO] [stdout]   --> core/src/net/download/assets.rs:23:5
[INFO] [stdout]    |
[INFO] [stdout] 23 |     client: &Client,
[INFO] [stdout]    |     ^^^^^^ help: if this is intentional, prefix it with an underscore: `_client`
[INFO] [stdout]    |
[INFO] [stdout]    = note: `#[warn(unused_variables)]` on by default
[INFO] [stdout] 
[INFO] [stdout] 
[INFO] [stdout] warning: unused variable: `index`
[INFO] [stdout]   --> core/src/net/download/assets.rs:24:5
[INFO] [stdout]    |
[INFO] [stdout] 24 |     index: GameAssetIndex,
[INFO] [stdout]    |     ^^^^^ help: if this is intentional, prefix it with an underscore: `_index`
[INFO] [stdout] 
[INFO] [stdout] 
[INFO] [stdout] warning: function `sha256` is never used
[INFO] [stdout]   --> core/src/utils/mod.rs:29:8
[INFO] [stdout]    |
[INFO] [stdout] 29 | pub fn sha256(data: impl Deref<Target = [u8]>) -> Result<impl AsRef<[u8]>> {
[INFO] [stdout]    |        ^^^^^^
[INFO] [stdout]    |
[INFO] [stdout]    = note: `#[warn(dead_code)]` on by default
[INFO] [stdout] 
[INFO] [stdout] 
[INFO] [stdout] warning: function `sha1` is never used
[INFO] [stdout]   --> core/src/utils/mod.rs:40:8
[INFO] [stdout]    |
[INFO] [stdout] 40 | pub fn sha1(data: impl Deref<Target = [u8]>) -> Result<impl AsRef<[u8]>> {
[INFO] [stdout]    |        ^^^^
[INFO] [stdout] 
[INFO] [stdout] 
[INFO] [stdout] warning: function `extract` is never used
[INFO] [stdout]   --> core/src/utils/archive.rs:30:14
[INFO] [stdout]    |
[INFO] [stdout] 30 | pub async fn extract(data: Bytes, format: ArchiveFormat, dest: impl AsRef<Path>) -> Result<()> {
[INFO] [stdout]    |              ^^^^^^^
[INFO] [stdout] 
[INFO] [stdout] 
[INFO] [stdout] warning: function `extract_tar` is never used
[INFO] [stdout]   --> core/src/utils/archive.rs:42:10
[INFO] [stdout]    |
[INFO] [stdout] 42 | async fn extract_tar<T: Read + Send + 'static>(
[INFO] [stdout]    |          ^^^^^^^^^^^
[INFO] [stdout] 
[INFO] [stdout] 
[INFO] [stdout] warning: function `extract_tar_gz` is never used
[INFO] [stdout]   --> core/src/utils/archive.rs:50:10
[INFO] [stdout]    |
[INFO] [stdout] 50 | async fn extract_tar_gz(data: Bytes, dest: PathBuf) -> Result<()> {
[INFO] [stdout]    |          ^^^^^^^^^^^^^^
[INFO] [stdout] 
[INFO] [stdout] 
[INFO] [stdout] warning: function `extract_tar_xz` is never used
[INFO] [stdout]   --> core/src/utils/archive.rs:56:10
[INFO] [stdout]    |
[INFO] [stdout] 56 | async fn extract_tar_xz(data: Bytes, dest: PathBuf) -> Result<()> {
[INFO] [stdout]    |          ^^^^^^^^^^^^^^
[INFO] [stdout] 
[INFO] [stdout] 
[INFO] [stdout] warning: function `extract_zip` is never used
[INFO] [stdout]   --> core/src/utils/archive.rs:62:10
[INFO] [stdout]    |
[INFO] [stdout] 62 | async fn extract_zip(data: Bytes, dest: PathBuf) -> Result<()> {
[INFO] [stdout]    |          ^^^^^^^^^^^
[INFO] [stdout] 
[INFO] [stdout] 
[INFO] [stdout] warning: 4 warnings emitted
[INFO] [stdout] 
[INFO] [stdout] 
[INFO] [stdout] warning: 10 warnings emitted
[INFO] [stdout] 
[INFO] [stdout] 
[INFO] [stderr]     Finished dev [unoptimized + debuginfo] target(s) in 47.82s
[INFO] running `Command { std: "docker" "inspect" "a76b56549dba5ecefa6942641f032f76142248af4a429d22ea718c44d1bb66a7", kill_on_drop: false }`
[INFO] running `Command { std: "docker" "rm" "-f" "a76b56549dba5ecefa6942641f032f76142248af4a429d22ea718c44d1bb66a7", kill_on_drop: false }`
[INFO] [stdout] a76b56549dba5ecefa6942641f032f76142248af4a429d22ea718c44d1bb66a7
[INFO] running `Command { std: "docker" "create" "-v" "/var/lib/crater-agent-workspace/builds/worker-3-tc2/target:/opt/rustwide/target:rw,Z" "-v" "/var/lib/crater-agent-workspace/builds/worker-3-tc2/source:/opt/rustwide/workdir:ro,Z" "-v" "/var/lib/crater-agent-workspace/cargo-home:/opt/rustwide/cargo-home:ro,Z" "-v" "/var/lib/crater-agent-workspace/rustup-home:/opt/rustwide/rustup-home:ro,Z" "-e" "SOURCE_DIR=/opt/rustwide/workdir" "-e" "CARGO_TARGET_DIR=/opt/rustwide/target" "-e" "CARGO_INCREMENTAL=0" "-e" "RUST_BACKTRACE=full" "-e" "RUSTFLAGS=--cap-lints=warn" "-e" "RUSTDOCFLAGS=--cap-lints=warn" "-e" "CARGO_HOME=/opt/rustwide/cargo-home" "-e" "RUSTUP_HOME=/opt/rustwide/rustup-home" "-w" "/opt/rustwide/workdir" "-m" "1610612736" "--user" "0:0" "--network" "none" "ghcr.io/rust-lang/crates-build-env/linux@sha256:2788e3201cd34a07e3172128adcd8b3090168a8e3bcc40d7c032b9dda1df7d1c" "/opt/rustwide/cargo-home/bin/cargo" "+beta-2023-12-22" "test" "--frozen" "--no-run" "--message-format=json", kill_on_drop: false }`
[INFO] [stdout] a4c0208a2978bb7a4673c0b40dd2bdea60e8a63456299720de66f93ffa8b2180
[INFO] running `Command { std: "docker" "start" "-a" "a4c0208a2978bb7a4673c0b40dd2bdea60e8a63456299720de66f93ffa8b2180", kill_on_drop: false }`
[INFO] [stdout] warning: unused import: `crate::core::conditional::Conditional`
[INFO] [stdout]   --> modules/data/src/core/library.rs:16:5
[INFO] [stdout]    |
[INFO] [stdout] 16 | use crate::core::conditional::Conditional;
[INFO] [stdout]    |     ^^^^^^^^^^^^^^^^^^^^^^^^^^^^^^^^^^^^^
[INFO] [stdout]    |
[INFO] [stdout]    = note: `#[warn(unused_imports)]` on by default
[INFO] [stdout] 
[INFO] [stdout] 
[INFO] [stdout] warning: 1 warning emitted
[INFO] [stdout] 
[INFO] [stdout] 
[INFO] [stdout] warning: unused import: `archive::*`
[INFO] [stdout]   --> core/src/utils/mod.rs:23:9
[INFO] [stdout]    |
[INFO] [stdout] 23 | pub use archive::*;
[INFO] [stdout]    |         ^^^^^^^^^^
[INFO] [stdout]    |
[INFO] [stdout]    = note: `#[warn(unused_imports)]` on by default
[INFO] [stdout] 
[INFO] [stdout] 
[INFO] [stdout] warning: unused variable: `client`
[INFO] [stdout]   --> core/src/net/download/assets.rs:23:5
[INFO] [stdout]    |
[INFO] [stdout] 23 |     client: &Client,
[INFO] [stdout]    |     ^^^^^^ help: if this is intentional, prefix it with an underscore: `_client`
[INFO] [stdout]    |
[INFO] [stdout]    = note: `#[warn(unused_variables)]` on by default
[INFO] [stdout] 
[INFO] [stdout] 
[INFO] [stdout] warning: unused variable: `index`
[INFO] [stdout]   --> core/src/net/download/assets.rs:24:5
[INFO] [stdout]    |
[INFO] [stdout] 24 |     index: GameAssetIndex,
[INFO] [stdout]    |     ^^^^^ help: if this is intentional, prefix it with an underscore: `_index`
[INFO] [stdout] 
[INFO] [stdout] 
[INFO] [stdout] warning: function `sha256` is never used
[INFO] [stdout]   --> core/src/utils/mod.rs:29:8
[INFO] [stdout]    |
[INFO] [stdout] 29 | pub fn sha256(data: impl Deref<Target = [u8]>) -> Result<impl AsRef<[u8]>> {
[INFO] [stdout]    |        ^^^^^^
[INFO] [stdout]    |
[INFO] [stdout]    = note: `#[warn(dead_code)]` on by default
[INFO] [stdout] 
[INFO] [stdout] 
[INFO] [stdout] warning: function `sha1` is never used
[INFO] [stdout]   --> core/src/utils/mod.rs:40:8
[INFO] [stdout]    |
[INFO] [stdout] 40 | pub fn sha1(data: impl Deref<Target = [u8]>) -> Result<impl AsRef<[u8]>> {
[INFO] [stdout]    |        ^^^^
[INFO] [stdout] 
[INFO] [stdout] 
[INFO] [stdout] warning: function `extract` is never used
[INFO] [stdout]   --> core/src/utils/archive.rs:30:14
[INFO] [stdout]    |
[INFO] [stdout] 30 | pub async fn extract(data: Bytes, format: ArchiveFormat, dest: impl AsRef<Path>) -> Result<()> {
[INFO] [stdout]    |              ^^^^^^^
[INFO] [stdout] 
[INFO] [stdout] 
[INFO] [stdout] warning: function `extract_tar` is never used
[INFO] [stdout]   --> core/src/utils/archive.rs:42:10
[INFO] [stdout]    |
[INFO] [stdout] 42 | async fn extract_tar<T: Read + Send + 'static>(
[INFO] [stdout]    |          ^^^^^^^^^^^
[INFO] [stdout] 
[INFO] [stdout] 
[INFO] [stdout] warning: function `extract_tar_gz` is never used
[INFO] [stdout]   --> core/src/utils/archive.rs:50:10
[INFO] [stdout]    |
[INFO] [stdout] 50 | async fn extract_tar_gz(data: Bytes, dest: PathBuf) -> Result<()> {
[INFO] [stdout]    |          ^^^^^^^^^^^^^^
[INFO] [stdout] 
[INFO] [stdout] 
[INFO] [stdout] warning: function `extract_tar_xz` is never used
[INFO] [stdout]   --> core/src/utils/archive.rs:56:10
[INFO] [stdout]    |
[INFO] [stdout] 56 | async fn extract_tar_xz(data: Bytes, dest: PathBuf) -> Result<()> {
[INFO] [stdout]    |          ^^^^^^^^^^^^^^
[INFO] [stdout] 
[INFO] [stdout] 
[INFO] [stdout] warning: function `extract_zip` is never used
[INFO] [stdout]   --> core/src/utils/archive.rs:62:10
[INFO] [stdout]    |
[INFO] [stdout] 62 | async fn extract_zip(data: Bytes, dest: PathBuf) -> Result<()> {
[INFO] [stdout]    |          ^^^^^^^^^^^
[INFO] [stdout] 
[INFO] [stdout] 
[INFO] [stderr]    Compiling launcher-core v0.0.1 (/opt/rustwide/workdir/core)
[INFO] [stdout] warning: 10 warnings emitted
[INFO] [stdout] 
[INFO] [stdout] 
[INFO] [stderr]    Compiling launcher-persistence v0.0.1 (/opt/rustwide/workdir/modules/persistence)
[INFO] [stderr]    Compiling launcher-net v0.0.1 (/opt/rustwide/workdir/modules/net)
[INFO] [stderr]    Compiling launcher-data v0.0.1 (/opt/rustwide/workdir/modules/data)
[INFO] [stderr]    Compiling silo v0.0.1 (/opt/rustwide/workdir/silo)
[INFO] [stderr]    Compiling launcher-utils v0.0.1 (/opt/rustwide/workdir/modules/utils)
[INFO] [stdout] warning: unused import: `data::silo::game::GameVersionLegacy`
[INFO] [stdout]   --> silo/src/main.rs:27:5
[INFO] [stdout]    |
[INFO] [stdout] 27 | use data::silo::game::GameVersionLegacy;
[INFO] [stdout]    |     ^^^^^^^^^^^^^^^^^^^^^^^^^^^^^^^^^^^
[INFO] [stdout]    |
[INFO] [stdout]    = note: `#[warn(unused_imports)]` on by default
[INFO] [stdout] 
[INFO] [stdout] 
[INFO] [stdout] warning: unused import: `task::*`
[INFO] [stdout]   --> silo/src/main.rs:33:5
[INFO] [stdout]    |
[INFO] [stdout] 33 | use task::*;
[INFO] [stdout]    |     ^^^^^^^
[INFO] [stdout] 
[INFO] [stdout] 
[INFO] [stdout] warning: unused import: `std::collections::HashSet`
[INFO] [stdout]   --> silo/src/cli.rs:16:5
[INFO] [stdout]    |
[INFO] [stdout] 16 | use std::collections::HashSet;
[INFO] [stdout]    |     ^^^^^^^^^^^^^^^^^^^^^^^^^
[INFO] [stdout] 
[INFO] [stdout] 
[INFO] [stdout] warning: unused import: `game_versions::TaskGameVersions`
[INFO] [stdout]   --> silo/src/task.rs:16:9
[INFO] [stdout]    |
[INFO] [stdout] 16 | pub use game_versions::TaskGameVersions;
[INFO] [stdout]    |         ^^^^^^^^^^^^^^^^^^^^^^^^^^^^^^^
[INFO] [stdout] 
[INFO] [stdout] 
[INFO] [stdout] warning: unused import: `crate::core::conditional::Conditional`
[INFO] [stdout]   --> modules/data/src/core/library.rs:16:5
[INFO] [stdout]    |
[INFO] [stdout] 16 | use crate::core::conditional::Conditional;
[INFO] [stdout]    |     ^^^^^^^^^^^^^^^^^^^^^^^^^^^^^^^^^^^^^
[INFO] [stdout]    |
[INFO] [stdout]    = note: `#[warn(unused_imports)]` on by default
[INFO] [stdout] 
[INFO] [stdout] 
[INFO] [stdout] warning: unused import: `archive::*`
[INFO] [stdout]   --> core/src/utils/mod.rs:23:9
[INFO] [stdout]    |
[INFO] [stdout] 23 | pub use archive::*;
[INFO] [stdout]    |         ^^^^^^^^^^
[INFO] [stdout]    |
[INFO] [stdout]    = note: `#[warn(unused_imports)]` on by default
[INFO] [stdout] 
[INFO] [stdout] 
[INFO] [stdout] warning: unused variable: `client`
[INFO] [stdout]   --> core/src/net/download/assets.rs:23:5
[INFO] [stdout]    |
[INFO] [stdout] 23 |     client: &Client,
[INFO] [stdout]    |     ^^^^^^ help: if this is intentional, prefix it with an underscore: `_client`
[INFO] [stdout]    |
[INFO] [stdout]    = note: `#[warn(unused_variables)]` on by default
[INFO] [stdout] 
[INFO] [stdout] 
[INFO] [stdout] warning: unused variable: `index`
[INFO] [stdout]   --> core/src/net/download/assets.rs:24:5
[INFO] [stdout]    |
[INFO] [stdout] 24 |     index: GameAssetIndex,
[INFO] [stdout]    |     ^^^^^ help: if this is intentional, prefix it with an underscore: `_index`
[INFO] [stdout] 
[INFO] [stdout] 
[INFO] [stdout] warning: function `sha256` is never used
[INFO] [stdout]   --> core/src/utils/mod.rs:29:8
[INFO] [stdout]    |
[INFO] [stdout] 29 | pub fn sha256(data: impl Deref<Target = [u8]>) -> Result<impl AsRef<[u8]>> {
[INFO] [stdout]    |        ^^^^^^
[INFO] [stdout]    |
[INFO] [stdout]    = note: `#[warn(dead_code)]` on by default
[INFO] [stdout] 
[INFO] [stdout] 
[INFO] [stdout] warning: function `sha1` is never used
[INFO] [stdout]   --> core/src/utils/mod.rs:40:8
[INFO] [stdout]    |
[INFO] [stdout] 40 | pub fn sha1(data: impl Deref<Target = [u8]>) -> Result<impl AsRef<[u8]>> {
[INFO] [stdout]    |        ^^^^
[INFO] [stdout] 
[INFO] [stdout] 
[INFO] [stdout] warning: function `extract` is never used
[INFO] [stdout]   --> core/src/utils/archive.rs:30:14
[INFO] [stdout]    |
[INFO] [stdout] 30 | pub async fn extract(data: Bytes, format: ArchiveFormat, dest: impl AsRef<Path>) -> Result<()> {
[INFO] [stdout]    |              ^^^^^^^
[INFO] [stdout] 
[INFO] [stdout] 
[INFO] [stdout] warning: function `extract_tar` is never used
[INFO] [stdout]   --> core/src/utils/archive.rs:42:10
[INFO] [stdout]    |
[INFO] [stdout] 42 | async fn extract_tar<T: Read + Send + 'static>(
[INFO] [stdout]    |          ^^^^^^^^^^^
[INFO] [stdout] 
[INFO] [stdout] 
[INFO] [stdout] warning: function `extract_tar_gz` is never used
[INFO] [stdout]   --> core/src/utils/archive.rs:50:10
[INFO] [stdout]    |
[INFO] [stdout] 50 | async fn extract_tar_gz(data: Bytes, dest: PathBuf) -> Result<()> {
[INFO] [stdout]    |          ^^^^^^^^^^^^^^
[INFO] [stdout] 
[INFO] [stdout] 
[INFO] [stdout] warning: function `extract_tar_xz` is never used
[INFO] [stdout]   --> core/src/utils/archive.rs:56:10
[INFO] [stdout]    |
[INFO] [stdout] 56 | async fn extract_tar_xz(data: Bytes, dest: PathBuf) -> Result<()> {
[INFO] [stdout]    |          ^^^^^^^^^^^^^^
[INFO] [stdout] 
[INFO] [stdout] 
[INFO] [stdout] warning: function `extract_zip` is never used
[INFO] [stdout]   --> core/src/utils/archive.rs:62:10
[INFO] [stdout]    |
[INFO] [stdout] 62 | async fn extract_zip(data: Bytes, dest: PathBuf) -> Result<()> {
[INFO] [stdout]    |          ^^^^^^^^^^^
[INFO] [stdout] 
[INFO] [stdout] 
[INFO] [stdout] warning: 1 warning emitted
[INFO] [stdout] 
[INFO] [stdout] 
[INFO] [stdout] warning: 10 warnings emitted
[INFO] [stdout] 
[INFO] [stdout] 
[INFO] [stdout] warning: 4 warnings emitted
[INFO] [stdout] 
[INFO] [stdout] 
[INFO] [stderr]     Finished test [unoptimized + debuginfo] target(s) in 2.84s
[INFO] running `Command { std: "docker" "inspect" "a4c0208a2978bb7a4673c0b40dd2bdea60e8a63456299720de66f93ffa8b2180", kill_on_drop: false }`
[INFO] running `Command { std: "docker" "rm" "-f" "a4c0208a2978bb7a4673c0b40dd2bdea60e8a63456299720de66f93ffa8b2180", kill_on_drop: false }`
[INFO] [stdout] a4c0208a2978bb7a4673c0b40dd2bdea60e8a63456299720de66f93ffa8b2180
[INFO] running `Command { std: "docker" "create" "-v" "/var/lib/crater-agent-workspace/builds/worker-3-tc2/target:/opt/rustwide/target:rw,Z" "-v" "/var/lib/crater-agent-workspace/builds/worker-3-tc2/source:/opt/rustwide/workdir:ro,Z" "-v" "/var/lib/crater-agent-workspace/cargo-home:/opt/rustwide/cargo-home:ro,Z" "-v" "/var/lib/crater-agent-workspace/rustup-home:/opt/rustwide/rustup-home:ro,Z" "-e" "SOURCE_DIR=/opt/rustwide/workdir" "-e" "CARGO_TARGET_DIR=/opt/rustwide/target" "-e" "CARGO_INCREMENTAL=0" "-e" "RUST_BACKTRACE=full" "-e" "RUSTFLAGS=--cap-lints=warn" "-e" "RUSTDOCFLAGS=--cap-lints=warn" "-e" "CARGO_HOME=/opt/rustwide/cargo-home" "-e" "RUSTUP_HOME=/opt/rustwide/rustup-home" "-w" "/opt/rustwide/workdir" "-m" "1610612736" "--user" "0:0" "--network" "none" "ghcr.io/rust-lang/crates-build-env/linux@sha256:2788e3201cd34a07e3172128adcd8b3090168a8e3bcc40d7c032b9dda1df7d1c" "/opt/rustwide/cargo-home/bin/cargo" "+beta-2023-12-22" "test" "--frozen", kill_on_drop: false }`
[INFO] [stdout] 10c8ed644de73eff10be8cc1d134f0070533098287c4a703ae6b5516981c3f58
[INFO] running `Command { std: "docker" "start" "-a" "10c8ed644de73eff10be8cc1d134f0070533098287c4a703ae6b5516981c3f58", kill_on_drop: false }`
[INFO] [stderr] warning: unused import: `crate::core::conditional::Conditional`
[INFO] [stderr]   --> modules/data/src/core/library.rs:16:5
[INFO] [stderr]    |
[INFO] [stderr] 16 | use crate::core::conditional::Conditional;
[INFO] [stderr]    |     ^^^^^^^^^^^^^^^^^^^^^^^^^^^^^^^^^^^^^
[INFO] [stderr]    |
[INFO] [stderr]    = note: `#[warn(unused_imports)]` on by default
[INFO] [stderr] 
[INFO] [stderr] warning: `launcher-data` (lib) generated 1 warning (run `cargo fix --lib -p launcher-data` to apply 1 suggestion)
[INFO] [stderr] warning: unused import: `archive::*`
[INFO] [stderr]   --> core/src/utils/mod.rs:23:9
[INFO] [stderr]    |
[INFO] [stderr] 23 | pub use archive::*;
[INFO] [stderr]    |         ^^^^^^^^^^
[INFO] [stderr]    |
[INFO] [stderr]    = note: `#[warn(unused_imports)]` on by default
[INFO] [stderr] 
[INFO] [stderr] warning: unused variable: `client`
[INFO] [stderr]   --> core/src/net/download/assets.rs:23:5
[INFO] [stderr]    |
[INFO] [stderr] 23 |     client: &Client,
[INFO] [stderr]    |     ^^^^^^ help: if this is intentional, prefix it with an underscore: `_client`
[INFO] [stderr]    |
[INFO] [stderr]    = note: `#[warn(unused_variables)]` on by default
[INFO] [stderr] 
[INFO] [stderr] warning: unused variable: `index`
[INFO] [stderr]   --> core/src/net/download/assets.rs:24:5
[INFO] [stderr]    |
[INFO] [stderr] 24 |     index: GameAssetIndex,
[INFO] [stderr]    |     ^^^^^ help: if this is intentional, prefix it with an underscore: `_index`
[INFO] [stderr] 
[INFO] [stderr] warning: function `sha256` is never used
[INFO] [stderr]   --> core/src/utils/mod.rs:29:8
[INFO] [stderr]    |
[INFO] [stderr] 29 | pub fn sha256(data: impl Deref<Target = [u8]>) -> Result<impl AsRef<[u8]>> {
[INFO] [stderr]    |        ^^^^^^
[INFO] [stderr]    |
[INFO] [stderr]    = note: `#[warn(dead_code)]` on by default
[INFO] [stderr] 
[INFO] [stderr] warning: function `sha1` is never used
[INFO] [stderr]   --> core/src/utils/mod.rs:40:8
[INFO] [stderr]    |
[INFO] [stderr] 40 | pub fn sha1(data: impl Deref<Target = [u8]>) -> Result<impl AsRef<[u8]>> {
[INFO] [stderr]    |        ^^^^
[INFO] [stderr] 
[INFO] [stderr] warning: function `extract` is never used
[INFO] [stderr]   --> core/src/utils/archive.rs:30:14
[INFO] [stderr]    |
[INFO] [stderr] 30 | pub async fn extract(data: Bytes, format: ArchiveFormat, dest: impl AsRef<Path>) -> Result<()> {
[INFO] [stderr]    |              ^^^^^^^
[INFO] [stderr] 
[INFO] [stderr] warning: function `extract_tar` is never used
[INFO] [stderr]   --> core/src/utils/archive.rs:42:10
[INFO] [stderr]    |
[INFO] [stderr] 42 | async fn extract_tar<T: Read + Send + 'static>(
[INFO] [stderr]    |          ^^^^^^^^^^^
[INFO] [stderr] 
[INFO] [stderr] warning: function `extract_tar_gz` is never used
[INFO] [stderr]   --> core/src/utils/archive.rs:50:10
[INFO] [stderr]    |
[INFO] [stderr] 50 | async fn extract_tar_gz(data: Bytes, dest: PathBuf) -> Result<()> {
[INFO] [stderr]    |          ^^^^^^^^^^^^^^
[INFO] [stderr] 
[INFO] [stderr] warning: function `extract_tar_xz` is never used
[INFO] [stderr]   --> core/src/utils/archive.rs:56:10
[INFO] [stderr]    |
[INFO] [stderr] 56 | async fn extract_tar_xz(data: Bytes, dest: PathBuf) -> Result<()> {
[INFO] [stderr]    |          ^^^^^^^^^^^^^^
[INFO] [stderr] 
[INFO] [stderr] warning: function `extract_zip` is never used
[INFO] [stderr]   --> core/src/utils/archive.rs:62:10
[INFO] [stderr]    |
[INFO] [stderr] 62 | async fn extract_zip(data: Bytes, dest: PathBuf) -> Result<()> {
[INFO] [stderr]    |          ^^^^^^^^^^^
[INFO] [stderr] 
[INFO] [stderr] warning: `launcher-core` (lib) generated 10 warnings (run `cargo fix --lib -p launcher-core` to apply 3 suggestions)
[INFO] [stderr] warning: `launcher-core` (lib test) generated 10 warnings (10 duplicates)
[INFO] [stderr] warning: `launcher-data` (lib test) generated 1 warning (1 duplicate)
[INFO] [stderr] warning: unused import: `data::silo::game::GameVersionLegacy`
[INFO] [stderr]   --> silo/src/main.rs:27:5
[INFO] [stderr]    |
[INFO] [stderr] 27 | use data::silo::game::GameVersionLegacy;
[INFO] [stderr]    |     ^^^^^^^^^^^^^^^^^^^^^^^^^^^^^^^^^^^
[INFO] [stderr]    |
[INFO] [stderr]    = note: `#[warn(unused_imports)]` on by default
[INFO] [stderr] 
[INFO] [stderr] warning: unused import: `task::*`
[INFO] [stderr]   --> silo/src/main.rs:33:5
[INFO] [stderr]    |
[INFO] [stderr] 33 | use task::*;
[INFO] [stderr]    |     ^^^^^^^
[INFO] [stderr] 
[INFO] [stderr] warning: unused import: `std::collections::HashSet`
[INFO] [stderr]   --> silo/src/cli.rs:16:5
[INFO] [stderr]    |
[INFO] [stderr] 16 | use std::collections::HashSet;
[INFO] [stderr]    |     ^^^^^^^^^^^^^^^^^^^^^^^^^
[INFO] [stderr] 
[INFO] [stderr] warning: unused import: `game_versions::TaskGameVersions`
[INFO] [stderr]   --> silo/src/task.rs:16:9
[INFO] [stderr]    |
[INFO] [stderr] 16 | pub use game_versions::TaskGameVersions;
[INFO] [stderr]    |         ^^^^^^^^^^^^^^^^^^^^^^^^^^^^^^^
[INFO] [stderr] 
[INFO] [stderr] warning: `silo` (bin "silo" test) generated 4 warnings (run `cargo fix --bin "silo" --tests` to apply 4 suggestions)
[INFO] [stderr]     Finished test [unoptimized + debuginfo] target(s) in 0.14s
[INFO] [stderr]      Running unittests src/lib.rs (/opt/rustwide/target/debug/deps/launcher_core-178eb05f11b1ad64)
[INFO] [stdout] 
[INFO] [stdout] running 0 tests
[INFO] [stdout] 
[INFO] [stdout] test result: ok. 0 passed; 0 failed; 0 ignored; 0 measured; 0 filtered out; finished in 0.00s
[INFO] [stdout] 
[INFO] [stderr]      Running unittests src/bin/playground.rs (/opt/rustwide/target/debug/deps/playground-826700702efcb370)
[INFO] [stdout] 
[INFO] [stdout] running 0 tests
[INFO] [stdout] 
[INFO] [stdout] test result: ok. 0 passed; 0 failed; 0 ignored; 0 measured; 0 filtered out; finished in 0.00s
[INFO] [stdout] 
[INFO] [stderr]      Running unittests src/lib.rs (/opt/rustwide/target/debug/deps/launcher_data-2934744b4c5fc7a6)
[INFO] [stdout] 
[INFO] [stdout] running 2 tests
[INFO] [stdout] test core::conditional::tests::eval ... ok
[INFO] [stdout] test core::conditional::tests::simplify ... ok
[INFO] [stdout] 
[INFO] [stdout] test result: ok. 2 passed; 0 failed; 0 ignored; 0 measured; 0 filtered out; finished in 0.00s
[INFO] [stdout] 
[INFO] [stderr]      Running unittests src/lib.rs (/opt/rustwide/target/debug/deps/launcher_net-04d8e583032a14de)
[INFO] [stdout] 
[INFO] [stdout] running 2 tests
[INFO] [stdout] test tests::queue ... FAILED
[INFO] [stdout] test tests::client ... FAILED
[INFO] [stdout] 
[INFO] [stdout] failures:
[INFO] [stdout] 
[INFO] [stdout] ---- tests::queue stdout ----
[INFO] [stdout] Error: Network(reqwest::Error { kind: Request, url: Url { scheme: "https", cannot_be_a_base: false, username: "", password: None, host: Some(Domain("httpbingo.org")), port: None, path: "/base64/dGVzdGluZyBzdWNjZXNzZnVsCg==", query: None, fragment: None }, source: hyper::Error(Connect, ConnectError("dns error", Custom { kind: Uncategorized, error: "failed to lookup address information: Temporary failure in name resolution" })) })
[INFO] [stdout] 
[INFO] [stdout] ---- tests::client stdout ----
[INFO] [stdout] Error: RequestAttemptsExhausted(3, Network(reqwest::Error { kind: Request, url: Url { scheme: "https", cannot_be_a_base: false, username: "", password: None, host: Some(Domain("httpbingo.org")), port: None, path: "/base64/dGVzdGluZyBzdWNjZXNzZnVsCg==", query: None, fragment: None }, source: hyper::Error(Connect, ConnectError("dns error", Custom { kind: Uncategorized, error: "failed to lookup address information: Temporary failure in name resolution" })) }))
[INFO] [stdout] 
[INFO] [stdout] 
[INFO] [stdout] failures:
[INFO] [stdout]     tests::client
[INFO] [stdout]     tests::queue
[INFO] [stdout] 
[INFO] [stdout] test result: FAILED. 0 passed; 2 failed; 0 ignored; 0 measured; 0 filtered out; finished in 10.14s
[INFO] [stdout] 
[INFO] [stderr] error: test failed, to rerun pass `-p launcher-net --lib`
[INFO] running `Command { std: "docker" "inspect" "10c8ed644de73eff10be8cc1d134f0070533098287c4a703ae6b5516981c3f58", kill_on_drop: false }`
[INFO] running `Command { std: "docker" "rm" "-f" "10c8ed644de73eff10be8cc1d134f0070533098287c4a703ae6b5516981c3f58", kill_on_drop: false }`
[INFO] [stdout] 10c8ed644de73eff10be8cc1d134f0070533098287c4a703ae6b5516981c3f58
