[INFO] cloning repository https://github.com/andesyv/aoc22
[INFO] running `Command { std: "git" "-c" "credential.helper=" "-c" "credential.helper=/workspace/cargo-home/bin/git-credential-null" "clone" "--bare" "https://github.com/andesyv/aoc22" "/workspace/cache/git-repos/https%3A%2F%2Fgithub.com%2Fandesyv%2Faoc22", kill_on_drop: false }`
[INFO] [stderr] Cloning into bare repository '/workspace/cache/git-repos/https%3A%2F%2Fgithub.com%2Fandesyv%2Faoc22'...
[INFO] running `Command { std: "git" "rev-parse" "HEAD", kill_on_drop: false }`
[INFO] [stdout] 56b0cf97013ab12ad1641b26290af5a067f3f66e
[INFO] testing andesyv/aoc22 against 1.75.0 for beta-1.76-1
[INFO] running `Command { std: "git" "clone" "/workspace/cache/git-repos/https%3A%2F%2Fgithub.com%2Fandesyv%2Faoc22" "/workspace/builds/worker-3-tc1/source", kill_on_drop: false }`
[INFO] [stderr] Cloning into '/workspace/builds/worker-3-tc1/source'...
[INFO] [stderr] done.
[INFO] validating manifest of git repo https://github.com/andesyv/aoc22 on toolchain 1.75.0
[INFO] running `Command { std: CARGO_HOME="/workspace/cargo-home" RUSTUP_HOME="/workspace/rustup-home" "/workspace/cargo-home/bin/cargo" "+1.75.0" "metadata" "--manifest-path" "Cargo.toml" "--no-deps", kill_on_drop: false }`
[INFO] started tweaking git repo https://github.com/andesyv/aoc22
[INFO] finished tweaking git repo https://github.com/andesyv/aoc22
[INFO] tweaked toml for git repo https://github.com/andesyv/aoc22 written to /workspace/builds/worker-3-tc1/source/Cargo.toml
[INFO] crate git repo https://github.com/andesyv/aoc22 already has a lockfile, it will not be regenerated
[INFO] running `Command { std: CARGO_HOME="/workspace/cargo-home" RUSTUP_HOME="/workspace/rustup-home" "/workspace/cargo-home/bin/cargo" "+1.75.0" "fetch" "--manifest-path" "Cargo.toml", kill_on_drop: false }`
[INFO] [stderr]  Downloading crates ...
[INFO] [stderr]   Downloaded evalexpr v8.1.0
[INFO] running `Command { std: "docker" "create" "-v" "/var/lib/crater-agent-workspace/builds/worker-3-tc1/target:/opt/rustwide/target:rw,Z" "-v" "/var/lib/crater-agent-workspace/builds/worker-3-tc1/source:/opt/rustwide/workdir:ro,Z" "-v" "/var/lib/crater-agent-workspace/cargo-home:/opt/rustwide/cargo-home:ro,Z" "-v" "/var/lib/crater-agent-workspace/rustup-home:/opt/rustwide/rustup-home:ro,Z" "-e" "SOURCE_DIR=/opt/rustwide/workdir" "-e" "CARGO_TARGET_DIR=/opt/rustwide/target" "-e" "CARGO_HOME=/opt/rustwide/cargo-home" "-e" "RUSTUP_HOME=/opt/rustwide/rustup-home" "-w" "/opt/rustwide/workdir" "-m" "1610612736" "--user" "0:0" "--network" "none" "ghcr.io/rust-lang/crates-build-env/linux@sha256:2788e3201cd34a07e3172128adcd8b3090168a8e3bcc40d7c032b9dda1df7d1c" "/opt/rustwide/cargo-home/bin/cargo" "+1.75.0" "metadata" "--no-deps" "--format-version=1", kill_on_drop: false }`
[INFO] [stdout] ce80d8d2cb5aaa9559397c56cce62ed2e8192415118c1d33ff635d4724430715
[INFO] running `Command { std: "docker" "start" "-a" "ce80d8d2cb5aaa9559397c56cce62ed2e8192415118c1d33ff635d4724430715", kill_on_drop: false }`
[INFO] running `Command { std: "docker" "inspect" "ce80d8d2cb5aaa9559397c56cce62ed2e8192415118c1d33ff635d4724430715", kill_on_drop: false }`
[INFO] running `Command { std: "docker" "rm" "-f" "ce80d8d2cb5aaa9559397c56cce62ed2e8192415118c1d33ff635d4724430715", kill_on_drop: false }`
[INFO] [stdout] ce80d8d2cb5aaa9559397c56cce62ed2e8192415118c1d33ff635d4724430715
[INFO] running `Command { std: "docker" "create" "-v" "/var/lib/crater-agent-workspace/builds/worker-3-tc1/target:/opt/rustwide/target:rw,Z" "-v" "/var/lib/crater-agent-workspace/builds/worker-3-tc1/source:/opt/rustwide/workdir:ro,Z" "-v" "/var/lib/crater-agent-workspace/cargo-home:/opt/rustwide/cargo-home:ro,Z" "-v" "/var/lib/crater-agent-workspace/rustup-home:/opt/rustwide/rustup-home:ro,Z" "-e" "SOURCE_DIR=/opt/rustwide/workdir" "-e" "CARGO_TARGET_DIR=/opt/rustwide/target" "-e" "CARGO_INCREMENTAL=0" "-e" "RUST_BACKTRACE=full" "-e" "RUSTFLAGS=--cap-lints=warn" "-e" "RUSTDOCFLAGS=--cap-lints=warn" "-e" "CARGO_HOME=/opt/rustwide/cargo-home" "-e" "RUSTUP_HOME=/opt/rustwide/rustup-home" "-w" "/opt/rustwide/workdir" "-m" "1610612736" "--user" "0:0" "--network" "none" "ghcr.io/rust-lang/crates-build-env/linux@sha256:2788e3201cd34a07e3172128adcd8b3090168a8e3bcc40d7c032b9dda1df7d1c" "/opt/rustwide/cargo-home/bin/cargo" "+1.75.0" "build" "--frozen" "--message-format=json", kill_on_drop: false }`
[INFO] [stdout] e3c5da49f7f17123dc218902f3fe6131ca3e5221b40d9a5d8e3a3e2615f473e9
[INFO] running `Command { std: "docker" "start" "-a" "e3c5da49f7f17123dc218902f3fe6131ca3e5221b40d9a5d8e3a3e2615f473e9", kill_on_drop: false }`
[INFO] [stderr]    Compiling proc-macro2 v1.0.47
[INFO] [stderr]    Compiling quote v1.0.21
[INFO] [stderr]    Compiling unicode-ident v1.0.5
[INFO] [stderr]    Compiling syn v1.0.105
[INFO] [stderr]    Compiling num-traits v0.2.15
[INFO] [stderr]    Compiling memchr v2.5.0
[INFO] [stderr]    Compiling indexmap v1.9.2
[INFO] [stderr]    Compiling thiserror v1.0.37
[INFO] [stderr]    Compiling either v1.8.0
[INFO] [stderr]    Compiling rustc-hash v1.1.0
[INFO] [stderr]    Compiling itertools v0.10.5
[INFO] [stderr]    Compiling regex-syntax v0.6.28
[INFO] [stderr]    Compiling fixedbitset v0.4.2
[INFO] [stderr]    Compiling evalexpr v8.1.0
[INFO] [stderr]    Compiling aho-corasick v0.7.20
[INFO] [stderr]    Compiling integer-sqrt v0.1.5
[INFO] [stderr]    Compiling regex v1.7.0
[INFO] [stderr]    Compiling thiserror-impl v1.0.37
[INFO] [stderr]    Compiling pathfinding v4.0.0
[INFO] [stderr]    Compiling aoc22 v0.1.0 (/opt/rustwide/workdir)
[INFO] [stdout] warning: constant `EXAMPLE_INPUT` is never used
[INFO] [stdout]    --> src/bin/2.rs:112:7
[INFO] [stdout]     |
[INFO] [stdout] 112 | const EXAMPLE_INPUT: &str = "A Y
[INFO] [stdout]     |       ^^^^^^^^^^^^^
[INFO] [stdout]     |
[INFO] [stdout]     = note: `#[warn(dead_code)]` on by default
[INFO] [stdout] 
[INFO] [stdout] 
[INFO] [stdout] warning: constant `EXAMPLE_INPUT` is never used
[INFO] [stdout]   --> src/bin/1.rs:36:7
[INFO] [stdout]    |
[INFO] [stdout] 36 | const EXAMPLE_INPUT: &str = "1000
[INFO] [stdout]    |       ^^^^^^^^^^^^^
[INFO] [stdout]    |
[INFO] [stdout]    = note: `#[warn(dead_code)]` on by default
[INFO] [stdout] 
[INFO] [stdout] 
[INFO] [stdout] warning: unused import: `itertools::Itertools`
[INFO] [stdout]  --> src/bin/7.rs:1:5
[INFO] [stdout]   |
[INFO] [stdout] 1 | use itertools::Itertools;
[INFO] [stdout]   |     ^^^^^^^^^^^^^^^^^^^^
[INFO] [stdout]   |
[INFO] [stdout]   = note: `#[warn(unused_imports)]` on by default
[INFO] [stdout] 
[INFO] [stdout] 
[INFO] [stdout] warning: unused import: `char::MAX`
[INFO] [stdout]  --> src/bin/14.rs:2:5
[INFO] [stdout]   |
[INFO] [stdout] 2 |     char::MAX,
[INFO] [stdout]   |     ^^^^^^^^^
[INFO] [stdout]   |
[INFO] [stdout]   = note: `#[warn(unused_imports)]` on by default
[INFO] [stdout] 
[INFO] [stdout] 
[INFO] [stdout] warning: unused variable: `i`
[INFO] [stdout]  --> src/bin/6.rs:7:17
[INFO] [stdout]   |
[INFO] [stdout] 7 |         .find(|(i, pattern)| pattern.into_iter().unique().count() == N)
[INFO] [stdout]   |                 ^ help: if this is intentional, prefix it with an underscore: `_i`
[INFO] [stdout]   |
[INFO] [stdout]   = note: `#[warn(unused_variables)]` on by default
[INFO] [stdout] 
[INFO] [stdout] 
[INFO] [stdout] warning: constant `EXAMPLE_INPUT` is never used
[INFO] [stdout]   --> src/bin/8.rs:95:7
[INFO] [stdout]    |
[INFO] [stdout] 95 | const EXAMPLE_INPUT: &str = "30373
[INFO] [stdout]    |       ^^^^^^^^^^^^^
[INFO] [stdout]    |
[INFO] [stdout]    = note: `#[warn(dead_code)]` on by default
[INFO] [stdout] 
[INFO] [stdout] 
[INFO] [stdout] warning: constant `EXAMPLE_INPUTS` is never used
[INFO] [stdout]   --> src/bin/6.rs:27:7
[INFO] [stdout]    |
[INFO] [stdout] 27 | const EXAMPLE_INPUTS: [&str; 5] = [
[INFO] [stdout]    |       ^^^^^^^^^^^^^^
[INFO] [stdout]    |
[INFO] [stdout]    = note: `#[warn(dead_code)]` on by default
[INFO] [stdout] 
[INFO] [stdout] 
[INFO] [stdout] warning: constant `find_start_of_packet` should have an upper case name
[INFO] [stdout]   --> src/bin/6.rs:11:7
[INFO] [stdout]    |
[INFO] [stdout] 11 | const find_start_of_packet: fn(&str) -> Option<usize> = find_start_marker::<4>;
[INFO] [stdout]    |       ^^^^^^^^^^^^^^^^^^^^ help: convert the identifier to upper case: `FIND_START_OF_PACKET`
[INFO] [stdout]    |
[INFO] [stdout]    = note: `#[warn(non_upper_case_globals)]` on by default
[INFO] [stdout] 
[INFO] [stdout] 
[INFO] [stdout] warning: constant `find_start_of_message` should have an upper case name
[INFO] [stdout]   --> src/bin/6.rs:12:7
[INFO] [stdout]    |
[INFO] [stdout] 12 | const find_start_of_message: fn(&str) -> Option<usize> = find_start_marker::<14>;
[INFO] [stdout]    |       ^^^^^^^^^^^^^^^^^^^^^ help: convert the identifier to upper case: `FIND_START_OF_MESSAGE`
[INFO] [stdout] 
[INFO] [stdout] 
[INFO] [stdout] warning: enum `Command` is never used
[INFO] [stdout]  --> src/bin/7.rs:9:6
[INFO] [stdout]   |
[INFO] [stdout] 9 | enum Command<'a> {
[INFO] [stdout]   |      ^^^^^^^
[INFO] [stdout]   |
[INFO] [stdout]   = note: `#[warn(dead_code)]` on by default
[INFO] [stdout] 
[INFO] [stdout] 
[INFO] [stdout] warning: function `parse_command` is never used
[INFO] [stdout]   --> src/bin/7.rs:37:4
[INFO] [stdout]    |
[INFO] [stdout] 37 | fn parse_command<'a>(line: &'a [&'a str]) -> Option<Command<'a>> {
[INFO] [stdout]    |    ^^^^^^^^^^^^^
[INFO] [stdout] 
[INFO] [stdout] 
[INFO] [stdout] warning: constant `EXAMPLE_INPUT` is never used
[INFO] [stdout]    --> src/bin/7.rs:107:7
[INFO] [stdout]     |
[INFO] [stdout] 107 | const EXAMPLE_INPUT: &str = "$ cd /
[INFO] [stdout]     |       ^^^^^^^^^^^^^
[INFO] [stdout] 
[INFO] [stdout] 
[INFO] [stdout] warning: constant `EXAMPLE_INPUT` is never used
[INFO] [stdout]   --> src/bin/5.rs:89:7
[INFO] [stdout]    |
[INFO] [stdout] 89 | const EXAMPLE_INPUT: &str = "
[INFO] [stdout]    |       ^^^^^^^^^^^^^
[INFO] [stdout]    |
[INFO] [stdout]    = note: `#[warn(dead_code)]` on by default
[INFO] [stdout] 
[INFO] [stdout] 
[INFO] [stdout] warning: function `example_2` is never used
[INFO] [stdout]    --> src/bin/5.rs:116:4
[INFO] [stdout]     |
[INFO] [stdout] 116 | fn example_2() {
[INFO] [stdout]     |    ^^^^^^^^^
[INFO] [stdout] 
[INFO] [stdout] 
[INFO] [stdout] warning: constant `EXAMPLE_INPUT` is never used
[INFO] [stdout]    --> src/bin/14.rs:186:7
[INFO] [stdout]     |
[INFO] [stdout] 186 | const EXAMPLE_INPUT: &str = "498,4 -> 498,6 -> 496,6
[INFO] [stdout]     |       ^^^^^^^^^^^^^
[INFO] [stdout]     |
[INFO] [stdout]     = note: `#[warn(dead_code)]` on by default
[INFO] [stdout] 
[INFO] [stdout] 
[INFO] [stdout] warning: function `get_monkey_items` is never used
[INFO] [stdout]    --> src/bin/11.rs:115:4
[INFO] [stdout]     |
[INFO] [stdout] 115 | fn get_monkey_items(monkeys: &Vec<Monkey>) -> Vec<Vec<u64>> {
[INFO] [stdout]     |    ^^^^^^^^^^^^^^^^
[INFO] [stdout]     |
[INFO] [stdout]     = note: `#[warn(dead_code)]` on by default
[INFO] [stdout] 
[INFO] [stdout] 
[INFO] [stdout] warning: function `get_monkey_business_after_10000_rounds` is never used
[INFO] [stdout]    --> src/bin/11.rs:137:4
[INFO] [stdout]     |
[INFO] [stdout] 137 | fn get_monkey_business_after_10000_rounds(input: &str) -> usize {
[INFO] [stdout]     |    ^^^^^^^^^^^^^^^^^^^^^^^^^^^^^^^^^^^^^^
[INFO] [stdout] 
[INFO] [stdout] 
[INFO] [stdout] warning: constant `EXAMPLE_INPUT` is never used
[INFO] [stdout]    --> src/bin/11.rs:160:7
[INFO] [stdout]     |
[INFO] [stdout] 160 | const EXAMPLE_INPUT: &str = "Monkey 0:
[INFO] [stdout]     |       ^^^^^^^^^^^^^
[INFO] [stdout] 
[INFO] [stdout] 
[INFO] [stdout] warning: 1 warning emitted
[INFO] [stdout] 
[INFO] [stdout] 
[INFO] [stdout] warning: 4 warnings emitted
[INFO] [stdout] 
[INFO] [stdout] 
[INFO] [stdout] warning: 1 warning emitted
[INFO] [stdout] 
[INFO] [stdout] 
[INFO] [stdout] warning: unused import: `HashMap`
[INFO] [stdout]  --> src/bin/9.rs:2:19
[INFO] [stdout]   |
[INFO] [stdout] 2 |     collections::{HashMap, HashSet},
[INFO] [stdout]   |                   ^^^^^^^
[INFO] [stdout]   |
[INFO] [stdout]   = note: `#[warn(unused_imports)]` on by default
[INFO] [stdout] 
[INFO] [stdout] 
[INFO] [stdout] warning: unused import: `itertools::Itertools`
[INFO] [stdout]  --> src/bin/9.rs:6:5
[INFO] [stdout]   |
[INFO] [stdout] 6 | use itertools::Itertools;
[INFO] [stdout]   |     ^^^^^^^^^^^^^^^^^^^^
[INFO] [stdout] 
[INFO] [stdout] 
[INFO] [stdout] warning: function `debug_pos` is never used
[INFO] [stdout]   --> src/bin/9.rs:60:4
[INFO] [stdout]    |
[INFO] [stdout] 60 | fn debug_pos(rope: &Vec<Pos>) {
[INFO] [stdout]    |    ^^^^^^^^^
[INFO] [stdout]    |
[INFO] [stdout]    = note: `#[warn(dead_code)]` on by default
[INFO] [stdout] 
[INFO] [stdout] 
[INFO] [stdout] warning: constant `EXAMPLE_INPUT` is never used
[INFO] [stdout]    --> src/bin/9.rs:112:7
[INFO] [stdout]     |
[INFO] [stdout] 112 | const EXAMPLE_INPUT: &str = "R 4
[INFO] [stdout]     |       ^^^^^^^^^^^^^
[INFO] [stdout] 
[INFO] [stdout] 
[INFO] [stdout] warning: constant `EXAMPLE_INPUT_2` is never used
[INFO] [stdout]    --> src/bin/9.rs:121:7
[INFO] [stdout]     |
[INFO] [stdout] 121 | const EXAMPLE_INPUT_2: &str = "R 5
[INFO] [stdout]     |       ^^^^^^^^^^^^^^^
[INFO] [stdout] 
[INFO] [stdout] 
[INFO] [stdout] warning: 1 warning emitted
[INFO] [stdout] 
[INFO] [stdout] 
[INFO] [stdout] warning: constant `EXAMPLE_INPUT` is never used
[INFO] [stdout]   --> src/bin/3.rs:86:7
[INFO] [stdout]    |
[INFO] [stdout] 86 | const EXAMPLE_INPUT: &str = "vJrwpWtwJgWrhcsFMMfFFhFp
[INFO] [stdout]    |       ^^^^^^^^^^^^^
[INFO] [stdout]    |
[INFO] [stdout]    = note: `#[warn(dead_code)]` on by default
[INFO] [stdout] 
[INFO] [stdout] 
[INFO] [stdout] warning: 4 warnings emitted
[INFO] [stdout] 
[INFO] [stdout] 
[INFO] [stdout] warning: constant `EXAMPLE_INPUT` is never used
[INFO] [stdout]    --> src/bin/13.rs:118:7
[INFO] [stdout]     |
[INFO] [stdout] 118 | const EXAMPLE_INPUT: &str = "[1,1,3,1,1]
[INFO] [stdout]     |       ^^^^^^^^^^^^^
[INFO] [stdout]     |
[INFO] [stdout]     = note: `#[warn(dead_code)]` on by default
[INFO] [stdout] 
[INFO] [stdout] 
[INFO] [stdout] warning: unused import: `iter::Successors`
[INFO] [stdout]  --> src/bin/12.rs:1:45
[INFO] [stdout]   |
[INFO] [stdout] 1 | use std::{collections::HashSet, hash::Hash, iter::Successors, rc::Rc};
[INFO] [stdout]   |                                             ^^^^^^^^^^^^^^^^
[INFO] [stdout]   |
[INFO] [stdout]   = note: `#[warn(unused_imports)]` on by default
[INFO] [stdout] 
[INFO] [stdout] 
[INFO] [stdout] warning: unused import: `itertools::Itertools`
[INFO] [stdout]  --> src/bin/12.rs:3:5
[INFO] [stdout]   |
[INFO] [stdout] 3 | use itertools::Itertools;
[INFO] [stdout]   |     ^^^^^^^^^^^^^^^^^^^^
[INFO] [stdout] 
[INFO] [stdout] 
[INFO] [stdout] warning: constant `SMALL_EXAMPLE` is never used
[INFO] [stdout]   --> src/bin/10.rs:95:7
[INFO] [stdout]    |
[INFO] [stdout] 95 | const SMALL_EXAMPLE: &str = "noop
[INFO] [stdout]    |       ^^^^^^^^^^^^^
[INFO] [stdout]    |
[INFO] [stdout]    = note: `#[warn(dead_code)]` on by default
[INFO] [stdout] 
[INFO] [stdout] 
[INFO] [stdout] warning: constant `LARGER_EXAMPLE` is never used
[INFO] [stdout]   --> src/bin/10.rs:99:7
[INFO] [stdout]    |
[INFO] [stdout] 99 | const LARGER_EXAMPLE: &str = include_str!("../inputs/10-example.txt");
[INFO] [stdout]    |       ^^^^^^^^^^^^^^
[INFO] [stdout] 
[INFO] [stdout] 
[INFO] [stdout] warning: fields `steps` and `traversed_positions` are never read
[INFO] [stdout]   --> src/bin/12.rs:11:5
[INFO] [stdout]    |
[INFO] [stdout] 10 | struct Path {
[INFO] [stdout]    |        ---- fields in this struct
[INFO] [stdout] 11 |     steps: Vec<Pos>,
[INFO] [stdout]    |     ^^^^^
[INFO] [stdout] 12 |     traversed_positions: HashSet<Pos>,
[INFO] [stdout]    |     ^^^^^^^^^^^^^^^^^^^
[INFO] [stdout]    |
[INFO] [stdout]    = note: `Path` has derived impls for the traits `Clone` and `Debug`, but these are intentionally ignored during dead code analysis
[INFO] [stdout]    = note: `#[warn(dead_code)]` on by default
[INFO] [stdout] 
[INFO] [stdout] 
[INFO] [stdout] warning: constant `EXAMPLE_INPUT` is never used
[INFO] [stdout]    --> src/bin/12.rs:174:7
[INFO] [stdout]     |
[INFO] [stdout] 174 | const EXAMPLE_INPUT: &str = "Sabqponm
[INFO] [stdout]     |       ^^^^^^^^^^^^^
[INFO] [stdout] 
[INFO] [stdout] 
[INFO] [stdout] warning: 2 warnings emitted
[INFO] [stdout] 
[INFO] [stdout] 
[INFO] [stdout] warning: 2 warnings emitted
[INFO] [stdout] 
[INFO] [stdout] 
[INFO] [stdout] warning: constant `EXAMPLE_INPUT` is never used
[INFO] [stdout]   --> src/bin/4.rs:54:7
[INFO] [stdout]    |
[INFO] [stdout] 54 | const EXAMPLE_INPUT: &str = "2-4,6-8
[INFO] [stdout]    |       ^^^^^^^^^^^^^
[INFO] [stdout]    |
[INFO] [stdout]    = note: `#[warn(dead_code)]` on by default
[INFO] [stdout] 
[INFO] [stdout] 
[INFO] [stdout] warning: 5 warnings emitted
[INFO] [stdout] 
[INFO] [stdout] 
[INFO] [stdout] warning: 3 warnings emitted
[INFO] [stdout] 
[INFO] [stdout] 
[INFO] [stdout] warning: 2 warnings emitted
[INFO] [stdout] 
[INFO] [stdout] 
[INFO] [stdout] warning: 1 warning emitted
[INFO] [stdout] 
[INFO] [stdout] 
[INFO] [stdout] warning: 1 warning emitted
[INFO] [stdout] 
[INFO] [stdout] 
[INFO] [stdout] warning: 1 warning emitted
[INFO] [stdout] 
[INFO] [stdout] 
[INFO] [stdout] warning: 4 warnings emitted
[INFO] [stdout] 
[INFO] [stdout] 
[INFO] [stderr]     Finished dev [unoptimized + debuginfo] target(s) in 8.36s
[INFO] running `Command { std: "docker" "inspect" "e3c5da49f7f17123dc218902f3fe6131ca3e5221b40d9a5d8e3a3e2615f473e9", kill_on_drop: false }`
[INFO] running `Command { std: "docker" "rm" "-f" "e3c5da49f7f17123dc218902f3fe6131ca3e5221b40d9a5d8e3a3e2615f473e9", kill_on_drop: false }`
[INFO] [stdout] e3c5da49f7f17123dc218902f3fe6131ca3e5221b40d9a5d8e3a3e2615f473e9
[INFO] running `Command { std: "docker" "create" "-v" "/var/lib/crater-agent-workspace/builds/worker-3-tc1/target:/opt/rustwide/target:rw,Z" "-v" "/var/lib/crater-agent-workspace/builds/worker-3-tc1/source:/opt/rustwide/workdir:ro,Z" "-v" "/var/lib/crater-agent-workspace/cargo-home:/opt/rustwide/cargo-home:ro,Z" "-v" "/var/lib/crater-agent-workspace/rustup-home:/opt/rustwide/rustup-home:ro,Z" "-e" "SOURCE_DIR=/opt/rustwide/workdir" "-e" "CARGO_TARGET_DIR=/opt/rustwide/target" "-e" "CARGO_INCREMENTAL=0" "-e" "RUST_BACKTRACE=full" "-e" "RUSTFLAGS=--cap-lints=warn" "-e" "RUSTDOCFLAGS=--cap-lints=warn" "-e" "CARGO_HOME=/opt/rustwide/cargo-home" "-e" "RUSTUP_HOME=/opt/rustwide/rustup-home" "-w" "/opt/rustwide/workdir" "-m" "1610612736" "--user" "0:0" "--network" "none" "ghcr.io/rust-lang/crates-build-env/linux@sha256:2788e3201cd34a07e3172128adcd8b3090168a8e3bcc40d7c032b9dda1df7d1c" "/opt/rustwide/cargo-home/bin/cargo" "+1.75.0" "test" "--frozen" "--no-run" "--message-format=json", kill_on_drop: false }`
[INFO] [stdout] a6a29f109ade261563a8a412fd0b6b97d9bc6a3d37a6df1820bad31ac96c2610
[INFO] running `Command { std: "docker" "start" "-a" "a6a29f109ade261563a8a412fd0b6b97d9bc6a3d37a6df1820bad31ac96c2610", kill_on_drop: false }`
[INFO] [stderr]    Compiling aoc22 v0.1.0 (/opt/rustwide/workdir)
[INFO] [stdout] warning: unused import: `char::MAX`
[INFO] [stdout]  --> src/bin/14.rs:2:5
[INFO] [stdout]   |
[INFO] [stdout] 2 |     char::MAX,
[INFO] [stdout]   |     ^^^^^^^^^
[INFO] [stdout]   |
[INFO] [stdout]   = note: `#[warn(unused_imports)]` on by default
[INFO] [stdout] 
[INFO] [stdout] 
[INFO] [stdout] warning: unused import: `iter::Successors`
[INFO] [stdout]  --> src/bin/12.rs:1:45
[INFO] [stdout]   |
[INFO] [stdout] 1 | use std::{collections::HashSet, hash::Hash, iter::Successors, rc::Rc};
[INFO] [stdout]   |                                             ^^^^^^^^^^^^^^^^
[INFO] [stdout]   |
[INFO] [stdout]   = note: `#[warn(unused_imports)]` on by default
[INFO] [stdout] 
[INFO] [stdout] 
[INFO] [stdout] warning: unused import: `itertools::Itertools`
[INFO] [stdout]  --> src/bin/12.rs:3:5
[INFO] [stdout]   |
[INFO] [stdout] 3 | use itertools::Itertools;
[INFO] [stdout]   |     ^^^^^^^^^^^^^^^^^^^^
[INFO] [stdout] 
[INFO] [stdout] 
[INFO] [stdout] warning: unused variable: `i`
[INFO] [stdout]  --> src/bin/6.rs:7:17
[INFO] [stdout]   |
[INFO] [stdout] 7 |         .find(|(i, pattern)| pattern.into_iter().unique().count() == N)
[INFO] [stdout]   |                 ^ help: if this is intentional, prefix it with an underscore: `_i`
[INFO] [stdout]   |
[INFO] [stdout]   = note: `#[warn(unused_variables)]` on by default
[INFO] [stdout] 
[INFO] [stdout] 
[INFO] [stdout] warning: constant `find_start_of_packet` should have an upper case name
[INFO] [stdout]   --> src/bin/6.rs:11:7
[INFO] [stdout]    |
[INFO] [stdout] 11 | const find_start_of_packet: fn(&str) -> Option<usize> = find_start_marker::<4>;
[INFO] [stdout]    |       ^^^^^^^^^^^^^^^^^^^^ help: convert the identifier to upper case: `FIND_START_OF_PACKET`
[INFO] [stdout]    |
[INFO] [stdout]    = note: `#[warn(non_upper_case_globals)]` on by default
[INFO] [stdout] 
[INFO] [stdout] 
[INFO] [stdout] warning: constant `find_start_of_message` should have an upper case name
[INFO] [stdout]   --> src/bin/6.rs:12:7
[INFO] [stdout]    |
[INFO] [stdout] 12 | const find_start_of_message: fn(&str) -> Option<usize> = find_start_marker::<14>;
[INFO] [stdout]    |       ^^^^^^^^^^^^^^^^^^^^^ help: convert the identifier to upper case: `FIND_START_OF_MESSAGE`
[INFO] [stdout] 
[INFO] [stdout] 
[INFO] [stdout] warning: function `example_2` is never used
[INFO] [stdout]    --> src/bin/5.rs:116:4
[INFO] [stdout]     |
[INFO] [stdout] 116 | fn example_2() {
[INFO] [stdout]     |    ^^^^^^^^^
[INFO] [stdout]     |
[INFO] [stdout]     = note: `#[warn(dead_code)]` on by default
[INFO] [stdout] 
[INFO] [stdout] 
[INFO] [stdout] warning: fields `steps` and `traversed_positions` are never read
[INFO] [stdout]   --> src/bin/12.rs:11:5
[INFO] [stdout]    |
[INFO] [stdout] 10 | struct Path {
[INFO] [stdout]    |        ---- fields in this struct
[INFO] [stdout] 11 |     steps: Vec<Pos>,
[INFO] [stdout]    |     ^^^^^
[INFO] [stdout] 12 |     traversed_positions: HashSet<Pos>,
[INFO] [stdout]    |     ^^^^^^^^^^^^^^^^^^^
[INFO] [stdout]    |
[INFO] [stdout]    = note: `Path` has derived impls for the traits `Clone` and `Debug`, but these are intentionally ignored during dead code analysis
[INFO] [stdout]    = note: `#[warn(dead_code)]` on by default
[INFO] [stdout] 
[INFO] [stdout] 
[INFO] [stdout] warning: 3 warnings emitted
[INFO] [stdout] 
[INFO] [stdout] 
[INFO] [stdout] warning: unused import: `itertools::Itertools`
[INFO] [stdout]  --> src/bin/7.rs:1:5
[INFO] [stdout]   |
[INFO] [stdout] 1 | use itertools::Itertools;
[INFO] [stdout]   |     ^^^^^^^^^^^^^^^^^^^^
[INFO] [stdout]   |
[INFO] [stdout]   = note: `#[warn(unused_imports)]` on by default
[INFO] [stdout] 
[INFO] [stdout] 
[INFO] [stdout] warning: enum `Command` is never used
[INFO] [stdout]  --> src/bin/7.rs:9:6
[INFO] [stdout]   |
[INFO] [stdout] 9 | enum Command<'a> {
[INFO] [stdout]   |      ^^^^^^^
[INFO] [stdout]   |
[INFO] [stdout]   = note: `#[warn(dead_code)]` on by default
[INFO] [stdout] 
[INFO] [stdout] 
[INFO] [stdout] warning: function `parse_command` is never used
[INFO] [stdout]   --> src/bin/7.rs:37:4
[INFO] [stdout]    |
[INFO] [stdout] 37 | fn parse_command<'a>(line: &'a [&'a str]) -> Option<Command<'a>> {
[INFO] [stdout]    |    ^^^^^^^^^^^^^
[INFO] [stdout] 
[INFO] [stdout] 
[INFO] [stdout] warning: unused import: `itertools::Itertools`
[INFO] [stdout]  --> src/bin/9.rs:6:5
[INFO] [stdout]   |
[INFO] [stdout] 6 | use itertools::Itertools;
[INFO] [stdout]   |     ^^^^^^^^^^^^^^^^^^^^
[INFO] [stdout]   |
[INFO] [stdout]   = note: `#[warn(unused_imports)]` on by default
[INFO] [stdout] 
[INFO] [stdout] 
[INFO] [stdout] warning: function `debug_pos` is never used
[INFO] [stdout]   --> src/bin/9.rs:60:4
[INFO] [stdout]    |
[INFO] [stdout] 60 | fn debug_pos(rope: &Vec<Pos>) {
[INFO] [stdout]    |    ^^^^^^^^^
[INFO] [stdout]    |
[INFO] [stdout]    = note: `#[warn(dead_code)]` on by default
[INFO] [stdout] 
[INFO] [stdout] 
[INFO] [stdout] warning: 1 warning emitted
[INFO] [stdout] 
[INFO] [stdout] 
[INFO] [stdout] warning: 3 warnings emitted
[INFO] [stdout] 
[INFO] [stdout] 
[INFO] [stdout] warning: 1 warning emitted
[INFO] [stdout] 
[INFO] [stdout] 
[INFO] [stdout] warning: 3 warnings emitted
[INFO] [stdout] 
[INFO] [stdout] 
[INFO] [stdout] warning: 2 warnings emitted
[INFO] [stdout] 
[INFO] [stdout] 
[INFO] [stderr]     Finished test [unoptimized + debuginfo] target(s) in 1.69s
[INFO] running `Command { std: "docker" "inspect" "a6a29f109ade261563a8a412fd0b6b97d9bc6a3d37a6df1820bad31ac96c2610", kill_on_drop: false }`
[INFO] running `Command { std: "docker" "rm" "-f" "a6a29f109ade261563a8a412fd0b6b97d9bc6a3d37a6df1820bad31ac96c2610", kill_on_drop: false }`
[INFO] [stdout] a6a29f109ade261563a8a412fd0b6b97d9bc6a3d37a6df1820bad31ac96c2610
[INFO] running `Command { std: "docker" "create" "-v" "/var/lib/crater-agent-workspace/builds/worker-3-tc1/target:/opt/rustwide/target:rw,Z" "-v" "/var/lib/crater-agent-workspace/builds/worker-3-tc1/source:/opt/rustwide/workdir:ro,Z" "-v" "/var/lib/crater-agent-workspace/cargo-home:/opt/rustwide/cargo-home:ro,Z" "-v" "/var/lib/crater-agent-workspace/rustup-home:/opt/rustwide/rustup-home:ro,Z" "-e" "SOURCE_DIR=/opt/rustwide/workdir" "-e" "CARGO_TARGET_DIR=/opt/rustwide/target" "-e" "CARGO_INCREMENTAL=0" "-e" "RUST_BACKTRACE=full" "-e" "RUSTFLAGS=--cap-lints=warn" "-e" "RUSTDOCFLAGS=--cap-lints=warn" "-e" "CARGO_HOME=/opt/rustwide/cargo-home" "-e" "RUSTUP_HOME=/opt/rustwide/rustup-home" "-w" "/opt/rustwide/workdir" "-m" "1610612736" "--user" "0:0" "--network" "none" "ghcr.io/rust-lang/crates-build-env/linux@sha256:2788e3201cd34a07e3172128adcd8b3090168a8e3bcc40d7c032b9dda1df7d1c" "/opt/rustwide/cargo-home/bin/cargo" "+1.75.0" "test" "--frozen", kill_on_drop: false }`
[INFO] [stdout] 8c37402742a31664b98c88194b033700db20c0a47af257d049a2260b413405e7
[INFO] running `Command { std: "docker" "start" "-a" "8c37402742a31664b98c88194b033700db20c0a47af257d049a2260b413405e7", kill_on_drop: false }`
[INFO] [stderr] warning: unused import: `itertools::Itertools`
[INFO] [stderr]  --> src/bin/7.rs:1:5
[INFO] [stderr]   |
[INFO] [stderr] 1 | use itertools::Itertools;
[INFO] [stderr]   |     ^^^^^^^^^^^^^^^^^^^^
[INFO] [stderr]   |
[INFO] [stderr]   = note: `#[warn(unused_imports)]` on by default
[INFO] [stderr] 
[INFO] [stderr] warning: enum `Command` is never used
[INFO] [stderr]  --> src/bin/7.rs:9:6
[INFO] [stderr]   |
[INFO] [stderr] 9 | enum Command<'a> {
[INFO] [stderr]   |      ^^^^^^^
[INFO] [stderr]   |
[INFO] [stderr]   = note: `#[warn(dead_code)]` on by default
[INFO] [stderr] 
[INFO] [stderr] warning: function `parse_command` is never used
[INFO] [stderr]   --> src/bin/7.rs:37:4
[INFO] [stderr]    |
[INFO] [stderr] 37 | fn parse_command<'a>(line: &'a [&'a str]) -> Option<Command<'a>> {
[INFO] [stderr]    |    ^^^^^^^^^^^^^
[INFO] [stderr] 
[INFO] [stderr] warning: unused import: `iter::Successors`
[INFO] [stderr]  --> src/bin/12.rs:1:45
[INFO] [stderr]   |
[INFO] [stderr] 1 | use std::{collections::HashSet, hash::Hash, iter::Successors, rc::Rc};
[INFO] [stderr]   |                                             ^^^^^^^^^^^^^^^^
[INFO] [stderr]   |
[INFO] [stderr]   = note: `#[warn(unused_imports)]` on by default
[INFO] [stderr] 
[INFO] [stderr] warning: unused import: `itertools::Itertools`
[INFO] [stderr]  --> src/bin/12.rs:3:5
[INFO] [stderr]   |
[INFO] [stderr] 3 | use itertools::Itertools;
[INFO] [stderr]   |     ^^^^^^^^^^^^^^^^^^^^
[INFO] [stderr] 
[INFO] [stderr] warning: fields `steps` and `traversed_positions` are never read
[INFO] [stderr]   --> src/bin/12.rs:11:5
[INFO] [stderr]    |
[INFO] [stderr] 10 | struct Path {
[INFO] [stderr]    |        ---- fields in this struct
[INFO] [stderr] 11 |     steps: Vec<Pos>,
[INFO] [stderr]    |     ^^^^^
[INFO] [stderr] 12 |     traversed_positions: HashSet<Pos>,
[INFO] [stderr]    |     ^^^^^^^^^^^^^^^^^^^
[INFO] [stderr]    |
[INFO] [stderr]    = note: `Path` has derived impls for the traits `Clone` and `Debug`, but these are intentionally ignored during dead code analysis
[INFO] [stderr]    = note: `#[warn(dead_code)]` on by default
[INFO] [stderr] 
[INFO] [stderr] warning: `aoc22` (bin "7" test) generated 3 warnings (run `cargo fix --bin "7" --tests` to apply 1 suggestion)
[INFO] [stderr] warning: `aoc22` (bin "12" test) generated 3 warnings (run `cargo fix --bin "12" --tests` to apply 2 suggestions)
[INFO] [stderr] warning: unused import: `char::MAX`
[INFO] [stderr]  --> src/bin/14.rs:2:5
[INFO] [stderr]   |
[INFO] [stderr] 2 |     char::MAX,
[INFO] [stderr]   |     ^^^^^^^^^
[INFO] [stderr]   |
[INFO] [stderr]   = note: `#[warn(unused_imports)]` on by default
[INFO] [stderr] 
[INFO] [stderr] warning: function `example_2` is never used
[INFO] [stderr]    --> src/bin/5.rs:116:4
[INFO] [stderr]     |
[INFO] [stderr] 116 | fn example_2() {
[INFO] [stderr]     |    ^^^^^^^^^
[INFO] [stderr]     |
[INFO] [stderr]     = note: `#[warn(dead_code)]` on by default
[INFO] [stderr] 
[INFO] [stderr] warning: unused variable: `i`
[INFO] [stderr]  --> src/bin/6.rs:7:17
[INFO] [stderr]   |
[INFO] [stderr] 7 |         .find(|(i, pattern)| pattern.into_iter().unique().count() == N)
[INFO] [stderr]   |                 ^ help: if this is intentional, prefix it with an underscore: `_i`
[INFO] [stderr]   |
[INFO] [stderr]   = note: `#[warn(unused_variables)]` on by default
[INFO] [stderr] 
[INFO] [stderr] warning: constant `find_start_of_packet` should have an upper case name
[INFO] [stderr]   --> src/bin/6.rs:11:7
[INFO] [stderr]    |
[INFO] [stderr] 11 | const find_start_of_packet: fn(&str) -> Option<usize> = find_start_marker::<4>;
[INFO] [stderr]    |       ^^^^^^^^^^^^^^^^^^^^ help: convert the identifier to upper case: `FIND_START_OF_PACKET`
[INFO] [stderr]    |
[INFO] [stderr]    = note: `#[warn(non_upper_case_globals)]` on by default
[INFO] [stderr] 
[INFO] [stderr] warning: constant `find_start_of_message` should have an upper case name
[INFO] [stderr]   --> src/bin/6.rs:12:7
[INFO] [stderr]    |
[INFO] [stderr] 12 | const find_start_of_message: fn(&str) -> Option<usize> = find_start_marker::<14>;
[INFO] [stderr]    |       ^^^^^^^^^^^^^^^^^^^^^ help: convert the identifier to upper case: `FIND_START_OF_MESSAGE`
[INFO] [stderr] 
[INFO] [stderr] warning: unused import: `itertools::Itertools`
[INFO] [stderr]  --> src/bin/9.rs:6:5
[INFO] [stderr]   |
[INFO] [stderr] 6 | use itertools::Itertools;
[INFO] [stderr]   |     ^^^^^^^^^^^^^^^^^^^^
[INFO] [stderr]   |
[INFO] [stderr]   = note: `#[warn(unused_imports)]` on by default
[INFO] [stderr] 
[INFO] [stderr] warning: function `debug_pos` is never used
[INFO] [stderr]   --> src/bin/9.rs:60:4
[INFO] [stderr]    |
[INFO] [stderr] 60 | fn debug_pos(rope: &Vec<Pos>) {
[INFO] [stderr]    |    ^^^^^^^^^
[INFO] [stderr]    |
[INFO] [stderr]    = note: `#[warn(dead_code)]` on by default
[INFO] [stderr] 
[INFO] [stderr] warning: `aoc22` (bin "14" test) generated 1 warning (run `cargo fix --bin "14" --tests` to apply 1 suggestion)
[INFO] [stderr] warning: `aoc22` (bin "5" test) generated 1 warning
[INFO] [stderr] warning: `aoc22` (bin "6" test) generated 3 warnings (run `cargo fix --bin "6" --tests` to apply 1 suggestion)
[INFO] [stderr] warning: `aoc22` (bin "9" test) generated 2 warnings (run `cargo fix --bin "9" --tests` to apply 1 suggestion)
[INFO] [stderr]     Finished test [unoptimized + debuginfo] target(s) in 0.02s
[INFO] [stderr]      Running unittests src/bin/1.rs (/opt/rustwide/target/debug/deps/1-da894785c19d4778)
[INFO] [stdout] 
[INFO] [stdout] running 3 tests
[INFO] [stdout] test example_1 ... ok
[INFO] [stdout] test example_2 ... ok
[INFO] [stdout] test test_parse ... ok
[INFO] [stdout] 
[INFO] [stdout] test result: ok. 3 passed; 0 failed; 0 ignored; 0 measured; 0 filtered out; finished in 0.00s
[INFO] [stdout] 
[INFO] [stderr]      Running unittests src/bin/10.rs (/opt/rustwide/target/debug/deps/10-994009b5afc8b72d)
[INFO] [stdout] 
[INFO] [stdout] running 3 tests
[INFO] [stdout] test parse_test ... ok
[INFO] [stdout] test example_2 ... ok
[INFO] [stdout] test example_1 ... ok
[INFO] [stderr]      Running unittests src/bin/11.rs (/opt/rustwide/target/debug/deps/11-625aaafac54bc54c)
[INFO] [stdout] 
[INFO] [stdout] test result: ok. 3 passed; 0 failed; 0 ignored; 0 measured; 0 filtered out; finished in 0.00s
[INFO] [stdout] 
[INFO] [stdout] 
[INFO] [stdout] running 6 tests
[INFO] [stdout] test example_1_round ... ok
[INFO] [stdout] test example_2_rounds ... ok
[INFO] [stdout] test test_parse ... ok
[INFO] [stdout] test example_monkey_business ... ok
[INFO] [stdout] test example_20_rounds_increased_worryness ... FAILED
[INFO] [stdout] test example_monkey_business_2 ... FAILED
[INFO] [stdout] 
[INFO] [stdout] failures:
[INFO] [stdout] 
[INFO] [stdout] ---- example_20_rounds_increased_worryness stdout ----
[INFO] [stdout] thread 'example_20_rounds_increased_worryness' panicked at src/bin/11.rs:23:14:
[INFO] [stdout] called `Result::unwrap()` on an `Err` value: MultiplicationError { multiplicand: Int(3740147530), multiplier: Int(3740147530) }
[INFO] [stdout] stack backtrace:
[INFO] [stdout]    0:     0x55e29d77509c - std::backtrace_rs::backtrace::libunwind::trace::ha637c64ce894333a
[INFO] [stdout]                                at /rustc/82e1608dfa6e0b5569232559e3d385fea5a93112/library/std/src/../../backtrace/src/backtrace/libunwind.rs:104:5
[INFO] [stdout]    1:     0x55e29d77509c - std::backtrace_rs::backtrace::trace_unsynchronized::h47f62dea28e0c88d
[INFO] [stdout]                                at /rustc/82e1608dfa6e0b5569232559e3d385fea5a93112/library/std/src/../../backtrace/src/backtrace/mod.rs:66:5
[INFO] [stdout]    2:     0x55e29d77509c - std::sys_common::backtrace::_print_fmt::h9eef0abe20ede486
[INFO] [stdout]                                at /rustc/82e1608dfa6e0b5569232559e3d385fea5a93112/library/std/src/sys_common/backtrace.rs:67:5
[INFO] [stdout]    3:     0x55e29d77509c - <std::sys_common::backtrace::_print::DisplayBacktrace as core::fmt::Display>::fmt::hed7f999df88cc644
[INFO] [stdout]                                at /rustc/82e1608dfa6e0b5569232559e3d385fea5a93112/library/std/src/sys_common/backtrace.rs:44:22
[INFO] [stdout]    4:     0x55e29d7a0dd0 - core::fmt::rt::Argument::fmt::h1539a9308b8d058d
[INFO] [stdout]                                at /rustc/82e1608dfa6e0b5569232559e3d385fea5a93112/library/core/src/fmt/rt.rs:142:9
[INFO] [stdout]    5:     0x55e29d7a0dd0 - core::fmt::write::h3a39390d8560d9c9
[INFO] [stdout]                                at /rustc/82e1608dfa6e0b5569232559e3d385fea5a93112/library/core/src/fmt/mod.rs:1120:17
[INFO] [stdout]    6:     0x55e29d772a4f - std::io::Write::write_fmt::h040b369f3a0f9cbc
[INFO] [stdout]                                at /rustc/82e1608dfa6e0b5569232559e3d385fea5a93112/library/std/src/io/mod.rs:1762:15
[INFO] [stdout]    7:     0x55e29d774e84 - std::sys_common::backtrace::_print::h894006fb5c6f3d45
[INFO] [stdout]                                at /rustc/82e1608dfa6e0b5569232559e3d385fea5a93112/library/std/src/sys_common/backtrace.rs:47:5
[INFO] [stdout]    8:     0x55e29d774e84 - std::sys_common::backtrace::print::h23a2d212c6fff936
[INFO] [stdout]                                at /rustc/82e1608dfa6e0b5569232559e3d385fea5a93112/library/std/src/sys_common/backtrace.rs:34:9
[INFO] [stdout]    9:     0x55e29d776b47 - std::panicking::default_hook::{{closure}}::h8a1d2ee00185001a
[INFO] [stdout]   10:     0x55e29d776833 - std::panicking::default_hook::h6038f2eba384e475
[INFO] [stdout]                                at /rustc/82e1608dfa6e0b5569232559e3d385fea5a93112/library/std/src/panicking.rs:289:9
[INFO] [stdout]   11:     0x55e29d5a2e57 - <alloc::boxed::Box<F,A> as core::ops::function::Fn<Args>>::call::h0ad024c9bdc6d768
[INFO] [stdout]                                at /rustc/82e1608dfa6e0b5569232559e3d385fea5a93112/library/alloc/src/boxed.rs:2021:9
[INFO] [stdout]   12:     0x55e29d5a2e57 - test::test_main::{{closure}}::h7500b54257359db6
[INFO] [stdout]                                at /rustc/82e1608dfa6e0b5569232559e3d385fea5a93112/library/test/src/lib.rs:138:21
[INFO] [stdout]   13:     0x55e29d777158 - <alloc::boxed::Box<F,A> as core::ops::function::Fn<Args>>::call::h1f8f335eaa9cfaee
[INFO] [stdout]                                at /rustc/82e1608dfa6e0b5569232559e3d385fea5a93112/library/alloc/src/boxed.rs:2021:9
[INFO] [stdout]   14:     0x55e29d777158 - std::panicking::rust_panic_with_hook::h2b5517d590cab22e
[INFO] [stdout]                                at /rustc/82e1608dfa6e0b5569232559e3d385fea5a93112/library/std/src/panicking.rs:783:13
[INFO] [stdout]   15:     0x55e29d776eae - std::panicking::begin_panic_handler::{{closure}}::h233112c06e0ef43e
[INFO] [stdout]                                at /rustc/82e1608dfa6e0b5569232559e3d385fea5a93112/library/std/src/panicking.rs:657:13
[INFO] [stdout]   16:     0x55e29d775566 - std::sys_common::backtrace::__rust_end_short_backtrace::h6e893f24d7ebbff8
[INFO] [stdout]                                at /rustc/82e1608dfa6e0b5569232559e3d385fea5a93112/library/std/src/sys_common/backtrace.rs:170:18
[INFO] [stdout]   17:     0x55e29d776c12 - rust_begin_unwind
[INFO] [stdout]                                at /rustc/82e1608dfa6e0b5569232559e3d385fea5a93112/library/std/src/panicking.rs:645:5
[INFO] [stdout]   18:     0x55e29d5572a5 - core::panicking::panic_fmt::hbf0e066aabfa482c
[INFO] [stdout]                                at /rustc/82e1608dfa6e0b5569232559e3d385fea5a93112/library/core/src/panicking.rs:72:14
[INFO] [stdout]   19:     0x55e29d557873 - core::result::unwrap_failed::hddb4fea594200c52
[INFO] [stdout]                                at /rustc/82e1608dfa6e0b5569232559e3d385fea5a93112/library/core/src/result.rs:1653:5
[INFO] [stdout]   20:     0x55e29d56daea - core::result::Result<T,E>::unwrap::he11ec6a9bbba2485
[INFO] [stdout]                                at /rustc/82e1608dfa6e0b5569232559e3d385fea5a93112/library/core/src/result.rs:1077:23
[INFO] [stdout]   21:     0x55e29d55cb5c - _11::parse_op::{{closure}}::h968eac2e90b7d96e
[INFO] [stdout]                                at /opt/rustwide/workdir/src/bin/11.rs:22:9
[INFO] [stdout]   22:     0x55e29d55d8e3 - _11::play_round::h9a81b84e1255f04a
[INFO] [stdout]                                at /opt/rustwide/workdir/src/bin/11.rs:96:24
[INFO] [stdout]   23:     0x55e29d55f5d3 - _11::example_20_rounds_increased_worryness::h5109c8bcd916a356
[INFO] [stdout]                                at /opt/rustwide/workdir/src/bin/11.rs:246:9
[INFO] [stdout]   24:     0x55e29d55f4d7 - _11::example_20_rounds_increased_worryness::{{closure}}::hdc62d57edbf5af53
[INFO] [stdout]                                at /opt/rustwide/workdir/src/bin/11.rs:243:43
[INFO] [stdout]   25:     0x55e29d5640b6 - core::ops::function::FnOnce::call_once::h09b8cd8eafcb945d
[INFO] [stdout]                                at /rustc/82e1608dfa6e0b5569232559e3d385fea5a93112/library/core/src/ops/function.rs:250:5
[INFO] [stdout]   26:     0x55e29d5a84af - core::ops::function::FnOnce::call_once::h2b5d431d5046312d
[INFO] [stdout]                                at /rustc/82e1608dfa6e0b5569232559e3d385fea5a93112/library/core/src/ops/function.rs:250:5
[INFO] [stdout]   27:     0x55e29d5a84af - test::__rust_begin_short_backtrace::h7714669af176e207
[INFO] [stdout]                                at /rustc/82e1608dfa6e0b5569232559e3d385fea5a93112/library/test/src/lib.rs:628:18
[INFO] [stdout]   28:     0x55e29d5a74c5 - test::run_test_in_process::{{closure}}::h85218797dcbcec12
[INFO] [stdout]                                at /rustc/82e1608dfa6e0b5569232559e3d385fea5a93112/library/test/src/lib.rs:651:60
[INFO] [stdout]   29:     0x55e29d5a74c5 - <core::panic::unwind_safe::AssertUnwindSafe<F> as core::ops::function::FnOnce<()>>::call_once::h76c106ea31c14d7b
[INFO] [stdout]                                at /rustc/82e1608dfa6e0b5569232559e3d385fea5a93112/library/core/src/panic/unwind_safe.rs:272:9
[INFO] [stdout]   30:     0x55e29d5a74c5 - std::panicking::try::do_call::h3bd5d0f6620ee946
[INFO] [stdout]                                at /rustc/82e1608dfa6e0b5569232559e3d385fea5a93112/library/std/src/panicking.rs:552:40
[INFO] [stdout]   31:     0x55e29d5a74c5 - std::panicking::try::h232e535e4744fe31
[INFO] [stdout]                                at /rustc/82e1608dfa6e0b5569232559e3d385fea5a93112/library/std/src/panicking.rs:516:19
[INFO] [stdout]   32:     0x55e29d5a74c5 - std::panic::catch_unwind::h3ce3bd6ca8dbac68
[INFO] [stdout]                                at /rustc/82e1608dfa6e0b5569232559e3d385fea5a93112/library/std/src/panic.rs:142:14
[INFO] [stdout]   33:     0x55e29d5a74c5 - test::run_test_in_process::hc97b257c9621286a
[INFO] [stdout]                                at /rustc/82e1608dfa6e0b5569232559e3d385fea5a93112/library/test/src/lib.rs:651:27
[INFO] [stdout]   34:     0x55e29d5a74c5 - test::run_test::{{closure}}::h2aa798823a438d38
[INFO] [stdout]                                at /rustc/82e1608dfa6e0b5569232559e3d385fea5a93112/library/test/src/lib.rs:574:43
[INFO] [stdout]   35:     0x55e29d56f786 - test::run_test::{{closure}}::h87d231c78fb59832
[INFO] [stdout]                                at /rustc/82e1608dfa6e0b5569232559e3d385fea5a93112/library/test/src/lib.rs:602:41
[INFO] [stdout]   36:     0x55e29d56f786 - std::sys_common::backtrace::__rust_begin_short_backtrace::he6df152596625789
[INFO] [stdout]                                at /rustc/82e1608dfa6e0b5569232559e3d385fea5a93112/library/std/src/sys_common/backtrace.rs:154:18
[INFO] [stdout]   37:     0x55e29d574837 - std::thread::Builder::spawn_unchecked_::{{closure}}::{{closure}}::ha94be15d1e0acf36
[INFO] [stdout]                                at /rustc/82e1608dfa6e0b5569232559e3d385fea5a93112/library/std/src/thread/mod.rs:529:17
[INFO] [stdout]   38:     0x55e29d574837 - <core::panic::unwind_safe::AssertUnwindSafe<F> as core::ops::function::FnOnce<()>>::call_once::h9dc6bd6372f16606
[INFO] [stdout]                                at /rustc/82e1608dfa6e0b5569232559e3d385fea5a93112/library/core/src/panic/unwind_safe.rs:272:9
[INFO] [stdout]   39:     0x55e29d574837 - std::panicking::try::do_call::h9057517f80303cd4
[INFO] [stdout]                                at /rustc/82e1608dfa6e0b5569232559e3d385fea5a93112/library/std/src/panicking.rs:552:40
[INFO] [stdout]   40:     0x55e29d574837 - std::panicking::try::he3a30b11ee45340c
[INFO] [stdout]                                at /rustc/82e1608dfa6e0b5569232559e3d385fea5a93112/library/std/src/panicking.rs:516:19
[INFO] [stdout]   41:     0x55e29d574837 - std::panic::catch_unwind::h410458cfd3528b8b
[INFO] [stdout]                                at /rustc/82e1608dfa6e0b5569232559e3d385fea5a93112/library/std/src/panic.rs:142:14
[INFO] [stdout]   42:     0x55e29d574837 - std::thread::Builder::spawn_unchecked_::{{closure}}::h72ac3bdb567b737b
[INFO] [stdout]                                at /rustc/82e1608dfa6e0b5569232559e3d385fea5a93112/library/std/src/thread/mod.rs:528:30
[INFO] [stdout]   43:     0x55e29d574837 - core::ops::function::FnOnce::call_once{{vtable.shim}}::h38f34da3654a8344
[INFO] [stdout]                                at /rustc/82e1608dfa6e0b5569232559e3d385fea5a93112/library/core/src/ops/function.rs:250:5
[INFO] [stdout]   44:     0x55e29d77bbe5 - <alloc::boxed::Box<F,A> as core::ops::function::FnOnce<Args>>::call_once::hc7eafaff61e32df9
[INFO] [stdout]                                at /rustc/82e1608dfa6e0b5569232559e3d385fea5a93112/library/alloc/src/boxed.rs:2007:9
[INFO] [stdout]   45:     0x55e29d77bbe5 - <alloc::boxed::Box<F,A> as core::ops::function::FnOnce<Args>>::call_once::h6ba4a5de48dd2304
[INFO] [stdout]                                at /rustc/82e1608dfa6e0b5569232559e3d385fea5a93112/library/alloc/src/boxed.rs:2007:9
[INFO] [stdout]   46:     0x55e29d77bbe5 - std::sys::unix::thread::Thread::new::thread_start::he469335aef763e45
[INFO] [stdout]                                at /rustc/82e1608dfa6e0b5569232559e3d385fea5a93112/library/std/src/sys/unix/thread.rs:108:17
[INFO] [stdout]   47:     0x7f5c97d5aac3 - <unknown>
[INFO] [stdout]   48:     0x7f5c97debbf4 - __clone
[INFO] [stdout]   49:                0x0 - <unknown>
[INFO] [stdout] 
[INFO] [stdout] ---- example_monkey_business_2 stdout ----
[INFO] [stdout] thread 'example_monkey_business_2' panicked at src/bin/11.rs:23:14:
[INFO] [stdout] called `Result::unwrap()` on an `Err` value: MultiplicationError { multiplicand: Int(3740147530), multiplier: Int(3740147530) }
[INFO] [stdout] stack backtrace:
[INFO] [stdout]    0:     0x55e29d77509c - std::backtrace_rs::backtrace::libunwind::trace::ha637c64ce894333a
[INFO] [stdout]                                at /rustc/82e1608dfa6e0b5569232559e3d385fea5a93112/library/std/src/../../backtrace/src/backtrace/libunwind.rs:104:5
[INFO] [stdout]    1:     0x55e29d77509c - std::backtrace_rs::backtrace::trace_unsynchronized::h47f62dea28e0c88d
[INFO] [stdout]                                at /rustc/82e1608dfa6e0b5569232559e3d385fea5a93112/library/std/src/../../backtrace/src/backtrace/mod.rs:66:5
[INFO] [stdout]    2:     0x55e29d77509c - std::sys_common::backtrace::_print_fmt::h9eef0abe20ede486
[INFO] [stdout]                                at /rustc/82e1608dfa6e0b5569232559e3d385fea5a93112/library/std/src/sys_common/backtrace.rs:67:5
[INFO] [stdout]    3:     0x55e29d77509c - <std::sys_common::backtrace::_print::DisplayBacktrace as core::fmt::Display>::fmt::hed7f999df88cc644
[INFO] [stdout]                                at /rustc/82e1608dfa6e0b5569232559e3d385fea5a93112/library/std/src/sys_common/backtrace.rs:44:22
[INFO] [stdout]    4:     0x55e29d7a0dd0 - core::fmt::rt::Argument::fmt::h1539a9308b8d058d
[INFO] [stdout]                                at /rustc/82e1608dfa6e0b5569232559e3d385fea5a93112/library/core/src/fmt/rt.rs:142:9
[INFO] [stdout]    5:     0x55e29d7a0dd0 - core::fmt::write::h3a39390d8560d9c9
[INFO] [stdout]                                at /rustc/82e1608dfa6e0b5569232559e3d385fea5a93112/library/core/src/fmt/mod.rs:1120:17
[INFO] [stdout]    6:     0x55e29d772a4f - std::io::Write::write_fmt::h040b369f3a0f9cbc
[INFO] [stdout]                                at /rustc/82e1608dfa6e0b5569232559e3d385fea5a93112/library/std/src/io/mod.rs:1762:15
[INFO] [stdout]    7:     0x55e29d774e84 - std::sys_common::backtrace::_print::h894006fb5c6f3d45
[INFO] [stdout]                                at /rustc/82e1608dfa6e0b5569232559e3d385fea5a93112/library/std/src/sys_common/backtrace.rs:47:5
[INFO] [stdout]    8:     0x55e29d774e84 - std::sys_common::backtrace::print::h23a2d212c6fff936
[INFO] [stdout]                                at /rustc/82e1608dfa6e0b5569232559e3d385fea5a93112/library/std/src/sys_common/backtrace.rs:34:9
[INFO] [stdout]    9:     0x55e29d776b47 - std::panicking::default_hook::{{closure}}::h8a1d2ee00185001a
[INFO] [stdout]   10:     0x55e29d776833 - std::panicking::default_hook::h6038f2eba384e475
[INFO] [stdout]                                at /rustc/82e1608dfa6e0b5569232559e3d385fea5a93112/library/std/src/panicking.rs:289:9
[INFO] [stdout]   11:     0x55e29d5a2e57 - <alloc::boxed::Box<F,A> as core::ops::function::Fn<Args>>::call::h0ad024c9bdc6d768
[INFO] [stdout]                                at /rustc/82e1608dfa6e0b5569232559e3d385fea5a93112/library/alloc/src/boxed.rs:2021:9
[INFO] [stdout]   12:     0x55e29d5a2e57 - test::test_main::{{closure}}::h7500b54257359db6
[INFO] [stdout]                                at /rustc/82e1608dfa6e0b5569232559e3d385fea5a93112/library/test/src/lib.rs:138:21
[INFO] [stdout]   13:     0x55e29d777158 - <alloc::boxed::Box<F,A> as core::ops::function::Fn<Args>>::call::h1f8f335eaa9cfaee
[INFO] [stdout]                                at /rustc/82e1608dfa6e0b5569232559e3d385fea5a93112/library/alloc/src/boxed.rs:2021:9
[INFO] [stdout]   14:     0x55e29d777158 - std::panicking::rust_panic_with_hook::h2b5517d590cab22e
[INFO] [stdout]                                at /rustc/82e1608dfa6e0b5569232559e3d385fea5a93112/library/std/src/panicking.rs:783:13
[INFO] [stdout]   15:     0x55e29d776eae - std::panicking::begin_panic_handler::{{closure}}::h233112c06e0ef43e
[INFO] [stdout]                                at /rustc/82e1608dfa6e0b5569232559e3d385fea5a93112/library/std/src/panicking.rs:657:13
[INFO] [stdout]   16:     0x55e29d775566 - std::sys_common::backtrace::__rust_end_short_backtrace::h6e893f24d7ebbff8
[INFO] [stdout]                                at /rustc/82e1608dfa6e0b5569232559e3d385fea5a93112/library/std/src/sys_common/backtrace.rs:170:18
[INFO] [stdout]   17:     0x55e29d776c12 - rust_begin_unwind
[INFO] [stdout]                                at /rustc/82e1608dfa6e0b5569232559e3d385fea5a93112/library/std/src/panicking.rs:645:5
[INFO] [stdout]   18:     0x55e29d5572a5 - core::panicking::panic_fmt::hbf0e066aabfa482c
[INFO] [stdout]                                at /rustc/82e1608dfa6e0b5569232559e3d385fea5a93112/library/core/src/panicking.rs:72:14
[INFO] [stdout]   19:     0x55e29d557873 - core::result::unwrap_failed::hddb4fea594200c52
[INFO] [stdout]                                at /rustc/82e1608dfa6e0b5569232559e3d385fea5a93112/library/core/src/result.rs:1653:5
[INFO] [stdout]   20:     0x55e29d56daea - core::result::Result<T,E>::unwrap::he11ec6a9bbba2485
[INFO] [stdout]                                at /rustc/82e1608dfa6e0b5569232559e3d385fea5a93112/library/core/src/result.rs:1077:23
[INFO] [stdout]   21:     0x55e29d55cb5c - _11::parse_op::{{closure}}::h968eac2e90b7d96e
[INFO] [stdout]                                at /opt/rustwide/workdir/src/bin/11.rs:22:9
[INFO] [stdout]   22:     0x55e29d55d8e3 - _11::play_round::h9a81b84e1255f04a
[INFO] [stdout]                                at /opt/rustwide/workdir/src/bin/11.rs:96:24
[INFO] [stdout]   23:     0x55e29d55de62 - _11::get_monkey_business_after_10000_rounds::hb1de10e0c08ba205
[INFO] [stdout]                                at /opt/rustwide/workdir/src/bin/11.rs:140:9
[INFO] [stdout]   24:     0x55e29d55f855 - _11::example_monkey_business_2::h937bd7bff45616bb
[INFO] [stdout]                                at /opt/rustwide/workdir/src/bin/11.rs:264:9
[INFO] [stdout]   25:     0x55e29d55f827 - _11::example_monkey_business_2::{{closure}}::hbc9bc523de87973e
[INFO] [stdout]                                at /opt/rustwide/workdir/src/bin/11.rs:262:31
[INFO] [stdout]   26:     0x55e29d564176 - core::ops::function::FnOnce::call_once::h38abed62c7e5c7bf
[INFO] [stdout]                                at /rustc/82e1608dfa6e0b5569232559e3d385fea5a93112/library/core/src/ops/function.rs:250:5
[INFO] [stdout]   27:     0x55e29d5a84af - core::ops::function::FnOnce::call_once::h2b5d431d5046312d
[INFO] [stdout]                                at /rustc/82e1608dfa6e0b5569232559e3d385fea5a93112/library/core/src/ops/function.rs:250:5
[INFO] [stdout]   28:     0x55e29d5a84af - test::__rust_begin_short_backtrace::h7714669af176e207
[INFO] [stdout]                                at /rustc/82e1608dfa6e0b5569232559e3d385fea5a93112/library/test/src/lib.rs:628:18
[INFO] [stdout]   29:     0x55e29d5a74c5 - test::run_test_in_process::{{closure}}::h85218797dcbcec12
[INFO] [stdout]                                at /rustc/82e1608dfa6e0b5569232559e3d385fea5a93112/library/test/src/lib.rs:651:60
[INFO] [stdout]   30:     0x55e29d5a74c5 - <core::panic::unwind_safe::AssertUnwindSafe<F> as core::ops::function::FnOnce<()>>::call_once::h76c106ea31c14d7b
[INFO] [stdout]                                at /rustc/82e1608dfa6e0b5569232559e3d385fea5a93112/library/core/src/panic/unwind_safe.rs:272:9
[INFO] [stdout]   31:     0x55e29d5a74c5 - std::panicking::try::do_call::h3bd5d0f6620ee946
[INFO] [stdout]                                at /rustc/82e1608dfa6e0b5569232559e3d385fea5a93112/library/std/src/panicking.rs:552:40
[INFO] [stdout]   32:     0x55e29d5a74c5 - std::panicking::try::h232e535e4744fe31
[INFO] [stdout]                                at /rustc/82e1608dfa6e0b5569232559e3d385fea5a93112/library/std/src/panicking.rs:516:19
[INFO] [stdout]   33:     0x55e29d5a74c5 - std::panic::catch_unwind::h3ce3bd6ca8dbac68
[INFO] [stdout]                                at /rustc/82e1608dfa6e0b5569232559e3d385fea5a93112/library/std/src/panic.rs:142:14
[INFO] [stdout]   34:     0x55e29d5a74c5 - test::run_test_in_process::hc97b257c9621286a
[INFO] [stdout]                                at /rustc/82e1608dfa6e0b5569232559e3d385fea5a93112/library/test/src/lib.rs:651:27
[INFO] [stdout]   35:     0x55e29d5a74c5 - test::run_test::{{closure}}::h2aa798823a438d38
[INFO] [stdout]                                at /rustc/82e1608dfa6e0b5569232559e3d385fea5a93112/library/test/src/lib.rs:574:43
[INFO] [stdout]   36:     0x55e29d56f786 - test::run_test::{{closure}}::h87d231c78fb59832
[INFO] [stdout]                                at /rustc/82e1608dfa6e0b5569232559e3d385fea5a93112/library/test/src/lib.rs:602:41
[INFO] [stdout]   37:     0x55e29d56f786 - std::sys_common::backtrace::__rust_begin_short_backtrace::he6df152596625789
[INFO] [stdout]                                at /rustc/82e1608dfa6e0b5569232559e3d385fea5a93112/library/std/src/sys_common/backtrace.rs:154:18
[INFO] [stdout]   38:     0x55e29d574837 - std::thread::Builder::spawn_unchecked_::{{closure}}::{{closure}}::ha94be15d1e0acf36
[INFO] [stdout]                                at /rustc/82e1608dfa6e0b5569232559e3d385fea5a93112/library/std/src/thread/mod.rs:529:17
[INFO] [stdout]   39:     0x55e29d574837 - <core::panic::unwind_safe::AssertUnwindSafe<F> as core::ops::function::FnOnce<()>>::call_once::h9dc6bd6372f16606
[INFO] [stdout]                                at /rustc/82e1608dfa6e0b5569232559e3d385fea5a93112/library/core/src/panic/unwind_safe.rs:272:9
[INFO] [stdout]   40:     0x55e29d574837 - std::panicking::try::do_call::h9057517f80303cd4
[INFO] [stdout]                                at /rustc/82e1608dfa6e0b5569232559e3d385fea5a93112/library/std/src/panicking.rs:552:40
[INFO] [stdout]   41:     0x55e29d574837 - std::panicking::try::he3a30b11ee45340c
[INFO] [stdout]                                at /rustc/82e1608dfa6e0b5569232559e3d385fea5a93112/library/std/src/panicking.rs:516:19
[INFO] [stdout]   42:     0x55e29d574837 - std::panic::catch_unwind::h410458cfd3528b8b
[INFO] [stdout]                                at /rustc/82e1608dfa6e0b5569232559e3d385fea5a93112/library/std/src/panic.rs:142:14
[INFO] [stdout]   43:     0x55e29d574837 - std::thread::Builder::spawn_unchecked_::{{closure}}::h72ac3bdb567b737b
[INFO] [stdout]                                at /rustc/82e1608dfa6e0b5569232559e3d385fea5a93112/library/std/src/thread/mod.rs:528:30
[INFO] [stdout]   44:     0x55e29d574837 - core::ops::function::FnOnce::call_once{{vtable.shim}}::h38f34da3654a8344
[INFO] [stdout]                                at /rustc/82e1608dfa6e0b5569232559e3d385fea5a93112/library/core/src/ops/function.rs:250:5
[INFO] [stdout]   45:     0x55e29d77bbe5 - <alloc::boxed::Box<F,A> as core::ops::function::FnOnce<Args>>::call_once::hc7eafaff61e32df9
[INFO] [stdout]                                at /rustc/82e1608dfa6e0b5569232559e3d385fea5a93112/library/alloc/src/boxed.rs:2007:9
[INFO] [stdout]   46:     0x55e29d77bbe5 - <alloc::boxed::Box<F,A> as core::ops::function::FnOnce<Args>>::call_once::h6ba4a5de48dd2304
[INFO] [stdout]                                at /rustc/82e1608dfa6e0b5569232559e3d385fea5a93112/library/alloc/src/boxed.rs:2007:9
[INFO] [stdout]   47:     0x55e29d77bbe5 - std::sys::unix::thread::Thread::new::thread_start::he469335aef763e45
[INFO] [stdout]                                at /rustc/82e1608dfa6e0b5569232559e3d385fea5a93112/library/std/src/sys/unix/thread.rs:108:17
[INFO] [stdout]   48:     0x7f5c97d5aac3 - <unknown>
[INFO] [stdout]   49:     0x7f5c97debbf4 - __clone
[INFO] [stdout]   50:                0x0 - <unknown>
[INFO] [stdout] 
[INFO] [stdout] 
[INFO] [stdout] failures:
[INFO] [stdout]     example_20_rounds_increased_worryness
[INFO] [stdout]     example_monkey_business_2
[INFO] [stdout] 
[INFO] [stdout] test result: FAILED. 4 passed; 2 failed; 0 ignored; 0 measured; 0 filtered out; finished in 0.02s
[INFO] [stdout] 
[INFO] [stderr] error: test failed, to rerun pass `--bin 11`
[INFO] running `Command { std: "docker" "inspect" "8c37402742a31664b98c88194b033700db20c0a47af257d049a2260b413405e7", kill_on_drop: false }`
[INFO] running `Command { std: "docker" "rm" "-f" "8c37402742a31664b98c88194b033700db20c0a47af257d049a2260b413405e7", kill_on_drop: false }`
[INFO] [stdout] 8c37402742a31664b98c88194b033700db20c0a47af257d049a2260b413405e7
[INFO] testing andesyv/aoc22 against beta-2023-12-22 for beta-1.76-1
[INFO] running `Command { std: "git" "clone" "/workspace/cache/git-repos/https%3A%2F%2Fgithub.com%2Fandesyv%2Faoc22" "/workspace/builds/worker-3-tc2/source", kill_on_drop: false }`
[INFO] [stderr] Cloning into '/workspace/builds/worker-3-tc2/source'...
[INFO] [stderr] done.
[INFO] validating manifest of git repo https://github.com/andesyv/aoc22 on toolchain beta-2023-12-22
[INFO] running `Command { std: CARGO_HOME="/workspace/cargo-home" RUSTUP_HOME="/workspace/rustup-home" "/workspace/cargo-home/bin/cargo" "+beta-2023-12-22" "metadata" "--manifest-path" "Cargo.toml" "--no-deps", kill_on_drop: false }`
[INFO] started tweaking git repo https://github.com/andesyv/aoc22
[INFO] finished tweaking git repo https://github.com/andesyv/aoc22
[INFO] tweaked toml for git repo https://github.com/andesyv/aoc22 written to /workspace/builds/worker-3-tc2/source/Cargo.toml
[INFO] crate git repo https://github.com/andesyv/aoc22 already has a lockfile, it will not be regenerated
[INFO] running `Command { std: CARGO_HOME="/workspace/cargo-home" RUSTUP_HOME="/workspace/rustup-home" "/workspace/cargo-home/bin/cargo" "+beta-2023-12-22" "fetch" "--manifest-path" "Cargo.toml", kill_on_drop: false }`
[INFO] running `Command { std: "docker" "create" "-v" "/var/lib/crater-agent-workspace/builds/worker-3-tc2/target:/opt/rustwide/target:rw,Z" "-v" "/var/lib/crater-agent-workspace/builds/worker-3-tc2/source:/opt/rustwide/workdir:ro,Z" "-v" "/var/lib/crater-agent-workspace/cargo-home:/opt/rustwide/cargo-home:ro,Z" "-v" "/var/lib/crater-agent-workspace/rustup-home:/opt/rustwide/rustup-home:ro,Z" "-e" "SOURCE_DIR=/opt/rustwide/workdir" "-e" "CARGO_TARGET_DIR=/opt/rustwide/target" "-e" "CARGO_HOME=/opt/rustwide/cargo-home" "-e" "RUSTUP_HOME=/opt/rustwide/rustup-home" "-w" "/opt/rustwide/workdir" "-m" "1610612736" "--user" "0:0" "--network" "none" "ghcr.io/rust-lang/crates-build-env/linux@sha256:2788e3201cd34a07e3172128adcd8b3090168a8e3bcc40d7c032b9dda1df7d1c" "/opt/rustwide/cargo-home/bin/cargo" "+beta-2023-12-22" "metadata" "--no-deps" "--format-version=1", kill_on_drop: false }`
[INFO] [stdout] f895e098e2c6d6b5385e2e097561ca3317b94bd4c047d8da45ebd5e0e5958693
[INFO] running `Command { std: "docker" "start" "-a" "f895e098e2c6d6b5385e2e097561ca3317b94bd4c047d8da45ebd5e0e5958693", kill_on_drop: false }`
[INFO] running `Command { std: "docker" "inspect" "f895e098e2c6d6b5385e2e097561ca3317b94bd4c047d8da45ebd5e0e5958693", kill_on_drop: false }`
[INFO] running `Command { std: "docker" "rm" "-f" "f895e098e2c6d6b5385e2e097561ca3317b94bd4c047d8da45ebd5e0e5958693", kill_on_drop: false }`
[INFO] [stdout] f895e098e2c6d6b5385e2e097561ca3317b94bd4c047d8da45ebd5e0e5958693
[INFO] running `Command { std: "docker" "create" "-v" "/var/lib/crater-agent-workspace/builds/worker-3-tc2/target:/opt/rustwide/target:rw,Z" "-v" "/var/lib/crater-agent-workspace/builds/worker-3-tc2/source:/opt/rustwide/workdir:ro,Z" "-v" "/var/lib/crater-agent-workspace/cargo-home:/opt/rustwide/cargo-home:ro,Z" "-v" "/var/lib/crater-agent-workspace/rustup-home:/opt/rustwide/rustup-home:ro,Z" "-e" "SOURCE_DIR=/opt/rustwide/workdir" "-e" "CARGO_TARGET_DIR=/opt/rustwide/target" "-e" "CARGO_INCREMENTAL=0" "-e" "RUST_BACKTRACE=full" "-e" "RUSTFLAGS=--cap-lints=warn" "-e" "RUSTDOCFLAGS=--cap-lints=warn" "-e" "CARGO_HOME=/opt/rustwide/cargo-home" "-e" "RUSTUP_HOME=/opt/rustwide/rustup-home" "-w" "/opt/rustwide/workdir" "-m" "1610612736" "--user" "0:0" "--network" "none" "ghcr.io/rust-lang/crates-build-env/linux@sha256:2788e3201cd34a07e3172128adcd8b3090168a8e3bcc40d7c032b9dda1df7d1c" "/opt/rustwide/cargo-home/bin/cargo" "+beta-2023-12-22" "build" "--frozen" "--message-format=json", kill_on_drop: false }`
[INFO] [stdout] ea115c8c27274f6ab4d21a8690139d41a2fb8468417418c3841c817a486ff8b3
[INFO] running `Command { std: "docker" "start" "-a" "ea115c8c27274f6ab4d21a8690139d41a2fb8468417418c3841c817a486ff8b3", kill_on_drop: false }`
[INFO] [stderr]    Compiling proc-macro2 v1.0.47
[INFO] [stderr]    Compiling quote v1.0.21
[INFO] [stderr]    Compiling unicode-ident v1.0.5
[INFO] [stderr]    Compiling syn v1.0.105
[INFO] [stderr]    Compiling num-traits v0.2.15
[INFO] [stderr]    Compiling memchr v2.5.0
[INFO] [stderr]    Compiling indexmap v1.9.2
[INFO] [stderr]    Compiling thiserror v1.0.37
[INFO] [stderr]    Compiling either v1.8.0
[INFO] [stderr]    Compiling itertools v0.10.5
[INFO] [stderr]    Compiling rustc-hash v1.1.0
[INFO] [stderr]    Compiling regex-syntax v0.6.28
[INFO] [stderr]    Compiling fixedbitset v0.4.2
[INFO] [stderr]    Compiling evalexpr v8.1.0
[INFO] [stderr]    Compiling aho-corasick v0.7.20
[INFO] [stderr]    Compiling integer-sqrt v0.1.5
[INFO] [stderr]    Compiling regex v1.7.0
[INFO] [stderr]    Compiling thiserror-impl v1.0.37
[INFO] [stderr]    Compiling pathfinding v4.0.0
[INFO] [stderr]    Compiling aoc22 v0.1.0 (/opt/rustwide/workdir)
[INFO] [stdout] warning: unused import: `itertools::Itertools`
[INFO] [stdout]  --> src/bin/7.rs:1:5
[INFO] [stdout]   |
[INFO] [stdout] 1 | use itertools::Itertools;
[INFO] [stdout]   |     ^^^^^^^^^^^^^^^^^^^^
[INFO] [stdout]   |
[INFO] [stdout]   = note: `#[warn(unused_imports)]` on by default
[INFO] [stdout] 
[INFO] [stdout] 
[INFO] [stdout] warning: unused import: `char::MAX`
[INFO] [stdout]  --> src/bin/14.rs:2:5
[INFO] [stdout]   |
[INFO] [stdout] 2 |     char::MAX,
[INFO] [stdout]   |     ^^^^^^^^^
[INFO] [stdout]   |
[INFO] [stdout]   = note: `#[warn(unused_imports)]` on by default
[INFO] [stdout] 
[INFO] [stdout] 
[INFO] [stdout] warning: unused import: `HashMap`
[INFO] [stdout]  --> src/bin/9.rs:2:19
[INFO] [stdout]   |
[INFO] [stdout] 2 |     collections::{HashMap, HashSet},
[INFO] [stdout]   |                   ^^^^^^^
[INFO] [stdout]   |
[INFO] [stdout]   = note: `#[warn(unused_imports)]` on by default
[INFO] [stdout] 
[INFO] [stdout] 
[INFO] [stdout] warning: unused import: `itertools::Itertools`
[INFO] [stdout]  --> src/bin/9.rs:6:5
[INFO] [stdout]   |
[INFO] [stdout] 6 | use itertools::Itertools;
[INFO] [stdout]   |     ^^^^^^^^^^^^^^^^^^^^
[INFO] [stdout] 
[INFO] [stdout] 
[INFO] [stdout] warning: unused import: `iter::Successors`
[INFO] [stdout]  --> src/bin/12.rs:1:45
[INFO] [stdout]   |
[INFO] [stdout] 1 | use std::{collections::HashSet, hash::Hash, iter::Successors, rc::Rc};
[INFO] [stdout]   |                                             ^^^^^^^^^^^^^^^^
[INFO] [stdout]   |
[INFO] [stdout]   = note: `#[warn(unused_imports)]` on by default
[INFO] [stdout] 
[INFO] [stdout] 
[INFO] [stdout] warning: constant `EXAMPLE_INPUT` is never used
[INFO] [stdout]   --> src/bin/1.rs:36:7
[INFO] [stdout]    |
[INFO] [stdout] 36 | const EXAMPLE_INPUT: &str = "1000
[INFO] [stdout]    |       ^^^^^^^^^^^^^
[INFO] [stdout]    |
[INFO] [stdout]    = note: `#[warn(dead_code)]` on by default
[INFO] [stdout] 
[INFO] [stdout] 
[INFO] [stdout] warning: constant `EXAMPLE_INPUT` is never used
[INFO] [stdout]   --> src/bin/8.rs:95:7
[INFO] [stdout]    |
[INFO] [stdout] 95 | const EXAMPLE_INPUT: &str = "30373
[INFO] [stdout]    |       ^^^^^^^^^^^^^
[INFO] [stdout]    |
[INFO] [stdout]    = note: `#[warn(dead_code)]` on by default
[INFO] [stdout] 
[INFO] [stdout] 
[INFO] [stdout] warning: unused import: `itertools::Itertools`
[INFO] [stdout]  --> src/bin/12.rs:3:5
[INFO] [stdout]   |
[INFO] [stdout] 3 | use itertools::Itertools;
[INFO] [stdout]   |     ^^^^^^^^^^^^^^^^^^^^
[INFO] [stdout] 
[INFO] [stdout] 
[INFO] [stdout] warning: unused variable: `i`
[INFO] [stdout]  --> src/bin/6.rs:7:17
[INFO] [stdout]   |
[INFO] [stdout] 7 |         .find(|(i, pattern)| pattern.into_iter().unique().count() == N)
[INFO] [stdout]   |                 ^ help: if this is intentional, prefix it with an underscore: `_i`
[INFO] [stdout]   |
[INFO] [stdout]   = note: `#[warn(unused_variables)]` on by default
[INFO] [stdout] 
[INFO] [stdout] 
[INFO] [stdout] warning: constant `EXAMPLE_INPUTS` is never used
[INFO] [stdout]   --> src/bin/6.rs:27:7
[INFO] [stdout]    |
[INFO] [stdout] 27 | const EXAMPLE_INPUTS: [&str; 5] = [
[INFO] [stdout]    |       ^^^^^^^^^^^^^^
[INFO] [stdout]    |
[INFO] [stdout]    = note: `#[warn(dead_code)]` on by default
[INFO] [stdout] 
[INFO] [stdout] 
[INFO] [stdout] warning: constant `find_start_of_packet` should have an upper case name
[INFO] [stdout]   --> src/bin/6.rs:11:7
[INFO] [stdout]    |
[INFO] [stdout] 11 | const find_start_of_packet: fn(&str) -> Option<usize> = find_start_marker::<4>;
[INFO] [stdout]    |       ^^^^^^^^^^^^^^^^^^^^ help: convert the identifier to upper case: `FIND_START_OF_PACKET`
[INFO] [stdout]    |
[INFO] [stdout]    = note: `#[warn(non_upper_case_globals)]` on by default
[INFO] [stdout] 
[INFO] [stdout] 
[INFO] [stdout] warning: constant `find_start_of_message` should have an upper case name
[INFO] [stdout]   --> src/bin/6.rs:12:7
[INFO] [stdout]    |
[INFO] [stdout] 12 | const find_start_of_message: fn(&str) -> Option<usize> = find_start_marker::<14>;
[INFO] [stdout]    |       ^^^^^^^^^^^^^^^^^^^^^ help: convert the identifier to upper case: `FIND_START_OF_MESSAGE`
[INFO] [stdout] 
[INFO] [stdout] 
[INFO] [stdout] warning: enum `Command` is never used
[INFO] [stdout]  --> src/bin/7.rs:9:6
[INFO] [stdout]   |
[INFO] [stdout] 9 | enum Command<'a> {
[INFO] [stdout]   |      ^^^^^^^
[INFO] [stdout]   |
[INFO] [stdout]   = note: `#[warn(dead_code)]` on by default
[INFO] [stdout] 
[INFO] [stdout] 
[INFO] [stdout] warning: function `parse_command` is never used
[INFO] [stdout]   --> src/bin/7.rs:37:4
[INFO] [stdout]    |
[INFO] [stdout] 37 | fn parse_command<'a>(line: &'a [&'a str]) -> Option<Command<'a>> {
[INFO] [stdout]    |    ^^^^^^^^^^^^^
[INFO] [stdout] 
[INFO] [stdout] 
[INFO] [stdout] warning: constant `EXAMPLE_INPUT` is never used
[INFO] [stdout]    --> src/bin/7.rs:107:7
[INFO] [stdout]     |
[INFO] [stdout] 107 | const EXAMPLE_INPUT: &str = "$ cd /
[INFO] [stdout]     |       ^^^^^^^^^^^^^
[INFO] [stdout] 
[INFO] [stdout] 
[INFO] [stdout] warning: function `debug_pos` is never used
[INFO] [stdout]   --> src/bin/9.rs:60:4
[INFO] [stdout]    |
[INFO] [stdout] 60 | fn debug_pos(rope: &Vec<Pos>) {
[INFO] [stdout]    |    ^^^^^^^^^
[INFO] [stdout]    |
[INFO] [stdout]    = note: `#[warn(dead_code)]` on by default
[INFO] [stdout] 
[INFO] [stdout] 
[INFO] [stdout] warning: constant `EXAMPLE_INPUT` is never used
[INFO] [stdout]    --> src/bin/9.rs:112:7
[INFO] [stdout]     |
[INFO] [stdout] 112 | const EXAMPLE_INPUT: &str = "R 4
[INFO] [stdout]     |       ^^^^^^^^^^^^^
[INFO] [stdout] 
[INFO] [stdout] 
[INFO] [stdout] warning: constant `EXAMPLE_INPUT_2` is never used
[INFO] [stdout]    --> src/bin/9.rs:121:7
[INFO] [stdout]     |
[INFO] [stdout] 121 | const EXAMPLE_INPUT_2: &str = "R 5
[INFO] [stdout]     |       ^^^^^^^^^^^^^^^
[INFO] [stdout] 
[INFO] [stdout] 
[INFO] [stdout] warning: constant `EXAMPLE_INPUT` is never used
[INFO] [stdout]    --> src/bin/14.rs:186:7
[INFO] [stdout]     |
[INFO] [stdout] 186 | const EXAMPLE_INPUT: &str = "498,4 -> 498,6 -> 496,6
[INFO] [stdout]     |       ^^^^^^^^^^^^^
[INFO] [stdout]     |
[INFO] [stdout]     = note: `#[warn(dead_code)]` on by default
[INFO] [stdout] 
[INFO] [stdout] 
[INFO] [stdout] warning: constant `EXAMPLE_INPUT` is never used
[INFO] [stdout]    --> src/bin/13.rs:118:7
[INFO] [stdout]     |
[INFO] [stdout] 118 | const EXAMPLE_INPUT: &str = "[1,1,3,1,1]
[INFO] [stdout]     |       ^^^^^^^^^^^^^
[INFO] [stdout]     |
[INFO] [stdout]     = note: `#[warn(dead_code)]` on by default
[INFO] [stdout] 
[INFO] [stdout] 
[INFO] [stdout] warning: fields `steps` and `traversed_positions` are never read
[INFO] [stdout]   --> src/bin/12.rs:11:5
[INFO] [stdout]    |
[INFO] [stdout] 10 | struct Path {
[INFO] [stdout]    |        ---- fields in this struct
[INFO] [stdout] 11 |     steps: Vec<Pos>,
[INFO] [stdout]    |     ^^^^^
[INFO] [stdout] 12 |     traversed_positions: HashSet<Pos>,
[INFO] [stdout]    |     ^^^^^^^^^^^^^^^^^^^
[INFO] [stdout]    |
[INFO] [stdout]    = note: `Path` has derived impls for the traits `Clone` and `Debug`, but these are intentionally ignored during dead code analysis
[INFO] [stdout]    = note: `#[warn(dead_code)]` on by default
[INFO] [stdout] 
[INFO] [stdout] 
[INFO] [stdout] warning: constant `EXAMPLE_INPUT` is never used
[INFO] [stdout]    --> src/bin/12.rs:174:7
[INFO] [stdout]     |
[INFO] [stdout] 174 | const EXAMPLE_INPUT: &str = "Sabqponm
[INFO] [stdout]     |       ^^^^^^^^^^^^^
[INFO] [stdout] 
[INFO] [stdout] 
[INFO] [stdout] warning: 1 warning emitted
[INFO] [stdout] 
[INFO] [stdout] 
[INFO] [stdout] warning: 4 warnings emitted
[INFO] [stdout] 
[INFO] [stdout] 
[INFO] [stdout] warning: 4 warnings emitted
[INFO] [stdout] 
[INFO] [stdout] 
[INFO] [stdout] warning: constant `EXAMPLE_INPUT` is never used
[INFO] [stdout]   --> src/bin/3.rs:86:7
[INFO] [stdout]    |
[INFO] [stdout] 86 | const EXAMPLE_INPUT: &str = "vJrwpWtwJgWrhcsFMMfFFhFp
[INFO] [stdout]    |       ^^^^^^^^^^^^^
[INFO] [stdout]    |
[INFO] [stdout]    = note: `#[warn(dead_code)]` on by default
[INFO] [stdout] 
[INFO] [stdout] 
[INFO] [stdout] warning: 1 warning emitted
[INFO] [stdout] 
[INFO] [stdout] 
[INFO] [stdout] warning: function `get_monkey_items` is never used
[INFO] [stdout]    --> src/bin/11.rs:115:4
[INFO] [stdout]     |
[INFO] [stdout] 115 | fn get_monkey_items(monkeys: &Vec<Monkey>) -> Vec<Vec<u64>> {
[INFO] [stdout]     |    ^^^^^^^^^^^^^^^^
[INFO] [stdout]     |
[INFO] [stdout]     = note: `#[warn(dead_code)]` on by default
[INFO] [stdout] 
[INFO] [stdout] 
[INFO] [stdout] warning: function `get_monkey_business_after_10000_rounds` is never used
[INFO] [stdout]    --> src/bin/11.rs:137:4
[INFO] [stdout]     |
[INFO] [stdout] 137 | fn get_monkey_business_after_10000_rounds(input: &str) -> usize {
[INFO] [stdout]     |    ^^^^^^^^^^^^^^^^^^^^^^^^^^^^^^^^^^^^^^
[INFO] [stdout] 
[INFO] [stdout] 
[INFO] [stdout] warning: constant `EXAMPLE_INPUT` is never used
[INFO] [stdout]    --> src/bin/11.rs:160:7
[INFO] [stdout]     |
[INFO] [stdout] 160 | const EXAMPLE_INPUT: &str = "Monkey 0:
[INFO] [stdout]     |       ^^^^^^^^^^^^^
[INFO] [stdout] 
[INFO] [stdout] 
[INFO] [stdout] warning: constant `SMALL_EXAMPLE` is never used
[INFO] [stdout]   --> src/bin/10.rs:95:7
[INFO] [stdout]    |
[INFO] [stdout] 95 | const SMALL_EXAMPLE: &str = "noop
[INFO] [stdout]    |       ^^^^^^^^^^^^^
[INFO] [stdout]    |
[INFO] [stdout]    = note: `#[warn(dead_code)]` on by default
[INFO] [stdout] 
[INFO] [stdout] 
[INFO] [stdout] warning: constant `LARGER_EXAMPLE` is never used
[INFO] [stdout]   --> src/bin/10.rs:99:7
[INFO] [stdout]    |
[INFO] [stdout] 99 | const LARGER_EXAMPLE: &str = include_str!("../inputs/10-example.txt");
[INFO] [stdout]    |       ^^^^^^^^^^^^^^
[INFO] [stdout] 
[INFO] [stdout] 
[INFO] [stdout] warning: constant `EXAMPLE_INPUT` is never used
[INFO] [stdout]   --> src/bin/5.rs:89:7
[INFO] [stdout]    |
[INFO] [stdout] 89 | const EXAMPLE_INPUT: &str = "
[INFO] [stdout]    |       ^^^^^^^^^^^^^
[INFO] [stdout]    |
[INFO] [stdout]    = note: `#[warn(dead_code)]` on by default
[INFO] [stdout] 
[INFO] [stdout] 
[INFO] [stdout] warning: function `example_2` is never used
[INFO] [stdout]    --> src/bin/5.rs:116:4
[INFO] [stdout]     |
[INFO] [stdout] 116 | fn example_2() {
[INFO] [stdout]     |    ^^^^^^^^^
[INFO] [stdout] 
[INFO] [stdout] 
[INFO] [stdout] warning: 5 warnings emitted
[INFO] [stdout] 
[INFO] [stdout] 
[INFO] [stdout] warning: 1 warning emitted
[INFO] [stdout] 
[INFO] [stdout] 
[INFO] [stdout] warning: constant `EXAMPLE_INPUT` is never used
[INFO] [stdout]    --> src/bin/2.rs:112:7
[INFO] [stdout]     |
[INFO] [stdout] 112 | const EXAMPLE_INPUT: &str = "A Y
[INFO] [stdout]     |       ^^^^^^^^^^^^^
[INFO] [stdout]     |
[INFO] [stdout]     = note: `#[warn(dead_code)]` on by default
[INFO] [stdout] 
[INFO] [stdout] 
[INFO] [stdout] warning: constant `EXAMPLE_INPUT` is never used
[INFO] [stdout]   --> src/bin/4.rs:54:7
[INFO] [stdout]    |
[INFO] [stdout] 54 | const EXAMPLE_INPUT: &str = "2-4,6-8
[INFO] [stdout]    |       ^^^^^^^^^^^^^
[INFO] [stdout]    |
[INFO] [stdout]    = note: `#[warn(dead_code)]` on by default
[INFO] [stdout] 
[INFO] [stdout] 
[INFO] [stdout] warning: 2 warnings emitted
[INFO] [stdout] 
[INFO] [stdout] 
[INFO] [stdout] warning: 4 warnings emitted
[INFO] [stdout] 
[INFO] [stdout] 
[INFO] [stdout] warning: 2 warnings emitted
[INFO] [stdout] 
[INFO] [stdout] 
[INFO] [stdout] warning: 1 warning emitted
[INFO] [stdout] 
[INFO] [stdout] 
[INFO] [stdout] warning: 1 warning emitted
[INFO] [stdout] 
[INFO] [stdout] 
[INFO] [stdout] warning: 1 warning emitted
[INFO] [stdout] 
[INFO] [stdout] 
[INFO] [stdout] warning: 2 warnings emitted
[INFO] [stdout] 
[INFO] [stdout] 
[INFO] [stdout] warning: 3 warnings emitted
[INFO] [stdout] 
[INFO] [stdout] 
[INFO] [stderr]     Finished dev [unoptimized + debuginfo] target(s) in 5.18s
[INFO] running `Command { std: "docker" "inspect" "ea115c8c27274f6ab4d21a8690139d41a2fb8468417418c3841c817a486ff8b3", kill_on_drop: false }`
[INFO] running `Command { std: "docker" "rm" "-f" "ea115c8c27274f6ab4d21a8690139d41a2fb8468417418c3841c817a486ff8b3", kill_on_drop: false }`
[INFO] [stdout] ea115c8c27274f6ab4d21a8690139d41a2fb8468417418c3841c817a486ff8b3
[INFO] running `Command { std: "docker" "create" "-v" "/var/lib/crater-agent-workspace/builds/worker-3-tc2/target:/opt/rustwide/target:rw,Z" "-v" "/var/lib/crater-agent-workspace/builds/worker-3-tc2/source:/opt/rustwide/workdir:ro,Z" "-v" "/var/lib/crater-agent-workspace/cargo-home:/opt/rustwide/cargo-home:ro,Z" "-v" "/var/lib/crater-agent-workspace/rustup-home:/opt/rustwide/rustup-home:ro,Z" "-e" "SOURCE_DIR=/opt/rustwide/workdir" "-e" "CARGO_TARGET_DIR=/opt/rustwide/target" "-e" "CARGO_INCREMENTAL=0" "-e" "RUST_BACKTRACE=full" "-e" "RUSTFLAGS=--cap-lints=warn" "-e" "RUSTDOCFLAGS=--cap-lints=warn" "-e" "CARGO_HOME=/opt/rustwide/cargo-home" "-e" "RUSTUP_HOME=/opt/rustwide/rustup-home" "-w" "/opt/rustwide/workdir" "-m" "1610612736" "--user" "0:0" "--network" "none" "ghcr.io/rust-lang/crates-build-env/linux@sha256:2788e3201cd34a07e3172128adcd8b3090168a8e3bcc40d7c032b9dda1df7d1c" "/opt/rustwide/cargo-home/bin/cargo" "+beta-2023-12-22" "test" "--frozen" "--no-run" "--message-format=json", kill_on_drop: false }`
[INFO] [stdout] 5972d5b5da34e480d09387e95de740030349558288b1d868d3eefcd09cc11982
[INFO] running `Command { std: "docker" "start" "-a" "5972d5b5da34e480d09387e95de740030349558288b1d868d3eefcd09cc11982", kill_on_drop: false }`
[INFO] [stderr]    Compiling aoc22 v0.1.0 (/opt/rustwide/workdir)
[INFO] [stdout] warning: unused import: `itertools::Itertools`
[INFO] [stdout]  --> src/bin/7.rs:1:5
[INFO] [stdout]   |
[INFO] [stdout] 1 | use itertools::Itertools;
[INFO] [stdout]   |     ^^^^^^^^^^^^^^^^^^^^
[INFO] [stdout]   |
[INFO] [stdout]   = note: `#[warn(unused_imports)]` on by default
[INFO] [stdout] 
[INFO] [stdout] 
[INFO] [stdout] warning: unused variable: `i`
[INFO] [stdout]  --> src/bin/6.rs:7:17
[INFO] [stdout]   |
[INFO] [stdout] 7 |         .find(|(i, pattern)| pattern.into_iter().unique().count() == N)
[INFO] [stdout]   |                 ^ help: if this is intentional, prefix it with an underscore: `_i`
[INFO] [stdout]   |
[INFO] [stdout]   = note: `#[warn(unused_variables)]` on by default
[INFO] [stdout] 
[INFO] [stdout] 
[INFO] [stdout] warning: unused import: `itertools::Itertools`
[INFO] [stdout]  --> src/bin/9.rs:6:5
[INFO] [stdout]   |
[INFO] [stdout] 6 | use itertools::Itertools;
[INFO] [stdout]   |     ^^^^^^^^^^^^^^^^^^^^
[INFO] [stdout]   |
[INFO] [stdout]   = note: `#[warn(unused_imports)]` on by default
[INFO] [stdout] 
[INFO] [stdout] 
[INFO] [stdout] warning: constant `find_start_of_packet` should have an upper case name
[INFO] [stdout]   --> src/bin/6.rs:11:7
[INFO] [stdout]    |
[INFO] [stdout] 11 | const find_start_of_packet: fn(&str) -> Option<usize> = find_start_marker::<4>;
[INFO] [stdout]    |       ^^^^^^^^^^^^^^^^^^^^ help: convert the identifier to upper case: `FIND_START_OF_PACKET`
[INFO] [stdout]    |
[INFO] [stdout]    = note: `#[warn(non_upper_case_globals)]` on by default
[INFO] [stdout] 
[INFO] [stdout] 
[INFO] [stdout] warning: constant `find_start_of_message` should have an upper case name
[INFO] [stdout]   --> src/bin/6.rs:12:7
[INFO] [stdout]    |
[INFO] [stdout] 12 | const find_start_of_message: fn(&str) -> Option<usize> = find_start_marker::<14>;
[INFO] [stdout]    |       ^^^^^^^^^^^^^^^^^^^^^ help: convert the identifier to upper case: `FIND_START_OF_MESSAGE`
[INFO] [stdout] 
[INFO] [stdout] 
[INFO] [stdout] warning: enum `Command` is never used
[INFO] [stdout]  --> src/bin/7.rs:9:6
[INFO] [stdout]   |
[INFO] [stdout] 9 | enum Command<'a> {
[INFO] [stdout]   |      ^^^^^^^
[INFO] [stdout]   |
[INFO] [stdout]   = note: `#[warn(dead_code)]` on by default
[INFO] [stdout] 
[INFO] [stdout] 
[INFO] [stdout] warning: function `parse_command` is never used
[INFO] [stdout]   --> src/bin/7.rs:37:4
[INFO] [stdout]    |
[INFO] [stdout] 37 | fn parse_command<'a>(line: &'a [&'a str]) -> Option<Command<'a>> {
[INFO] [stdout]    |    ^^^^^^^^^^^^^
[INFO] [stdout] 
[INFO] [stdout] 
[INFO] [stdout] warning: function `debug_pos` is never used
[INFO] [stdout]   --> src/bin/9.rs:60:4
[INFO] [stdout]    |
[INFO] [stdout] 60 | fn debug_pos(rope: &Vec<Pos>) {
[INFO] [stdout]    |    ^^^^^^^^^
[INFO] [stdout]    |
[INFO] [stdout]    = note: `#[warn(dead_code)]` on by default
[INFO] [stdout] 
[INFO] [stdout] 
[INFO] [stdout] warning: 3 warnings emitted
[INFO] [stdout] 
[INFO] [stdout] 
[INFO] [stdout] warning: unused import: `char::MAX`
[INFO] [stdout]  --> src/bin/14.rs:2:5
[INFO] [stdout]   |
[INFO] [stdout] 2 |     char::MAX,
[INFO] [stdout]   |     ^^^^^^^^^
[INFO] [stdout]   |
[INFO] [stdout]   = note: `#[warn(unused_imports)]` on by default
[INFO] [stdout] 
[INFO] [stdout] 
[INFO] [stdout] warning: function `example_2` is never used
[INFO] [stdout]    --> src/bin/5.rs:116:4
[INFO] [stdout]     |
[INFO] [stdout] 116 | fn example_2() {
[INFO] [stdout]     |    ^^^^^^^^^
[INFO] [stdout]     |
[INFO] [stdout]     = note: `#[warn(dead_code)]` on by default
[INFO] [stdout] 
[INFO] [stdout] 
[INFO] [stdout] warning: 3 warnings emitted
[INFO] [stdout] 
[INFO] [stdout] 
[INFO] [stdout] warning: unused import: `iter::Successors`
[INFO] [stdout]  --> src/bin/12.rs:1:45
[INFO] [stdout]   |
[INFO] [stdout] 1 | use std::{collections::HashSet, hash::Hash, iter::Successors, rc::Rc};
[INFO] [stdout]   |                                             ^^^^^^^^^^^^^^^^
[INFO] [stdout]   |
[INFO] [stdout]   = note: `#[warn(unused_imports)]` on by default
[INFO] [stdout] 
[INFO] [stdout] 
[INFO] [stdout] warning: unused import: `itertools::Itertools`
[INFO] [stdout]  --> src/bin/12.rs:3:5
[INFO] [stdout]   |
[INFO] [stdout] 3 | use itertools::Itertools;
[INFO] [stdout]   |     ^^^^^^^^^^^^^^^^^^^^
[INFO] [stdout] 
[INFO] [stdout] 
[INFO] [stdout] warning: fields `steps` and `traversed_positions` are never read
[INFO] [stdout]   --> src/bin/12.rs:11:5
[INFO] [stdout]    |
[INFO] [stdout] 10 | struct Path {
[INFO] [stdout]    |        ---- fields in this struct
[INFO] [stdout] 11 |     steps: Vec<Pos>,
[INFO] [stdout]    |     ^^^^^
[INFO] [stdout] 12 |     traversed_positions: HashSet<Pos>,
[INFO] [stdout]    |     ^^^^^^^^^^^^^^^^^^^
[INFO] [stdout]    |
[INFO] [stdout]    = note: `Path` has derived impls for the traits `Clone` and `Debug`, but these are intentionally ignored during dead code analysis
[INFO] [stdout]    = note: `#[warn(dead_code)]` on by default
[INFO] [stdout] 
[INFO] [stdout] 
[INFO] [stdout] warning: 2 warnings emitted
[INFO] [stdout] 
[INFO] [stdout] 
[INFO] [stdout] warning: 1 warning emitted
[INFO] [stdout] 
[INFO] [stdout] 
[INFO] [stdout] warning: 1 warning emitted
[INFO] [stdout] 
[INFO] [stdout] 
[INFO] [stdout] warning: 3 warnings emitted
[INFO] [stdout] 
[INFO] [stdout] 
[INFO] [stderr]     Finished test [unoptimized + debuginfo] target(s) in 1.59s
[INFO] running `Command { std: "docker" "inspect" "5972d5b5da34e480d09387e95de740030349558288b1d868d3eefcd09cc11982", kill_on_drop: false }`
[INFO] running `Command { std: "docker" "rm" "-f" "5972d5b5da34e480d09387e95de740030349558288b1d868d3eefcd09cc11982", kill_on_drop: false }`
[INFO] [stdout] 5972d5b5da34e480d09387e95de740030349558288b1d868d3eefcd09cc11982
[INFO] running `Command { std: "docker" "create" "-v" "/var/lib/crater-agent-workspace/builds/worker-3-tc2/target:/opt/rustwide/target:rw,Z" "-v" "/var/lib/crater-agent-workspace/builds/worker-3-tc2/source:/opt/rustwide/workdir:ro,Z" "-v" "/var/lib/crater-agent-workspace/cargo-home:/opt/rustwide/cargo-home:ro,Z" "-v" "/var/lib/crater-agent-workspace/rustup-home:/opt/rustwide/rustup-home:ro,Z" "-e" "SOURCE_DIR=/opt/rustwide/workdir" "-e" "CARGO_TARGET_DIR=/opt/rustwide/target" "-e" "CARGO_INCREMENTAL=0" "-e" "RUST_BACKTRACE=full" "-e" "RUSTFLAGS=--cap-lints=warn" "-e" "RUSTDOCFLAGS=--cap-lints=warn" "-e" "CARGO_HOME=/opt/rustwide/cargo-home" "-e" "RUSTUP_HOME=/opt/rustwide/rustup-home" "-w" "/opt/rustwide/workdir" "-m" "1610612736" "--user" "0:0" "--network" "none" "ghcr.io/rust-lang/crates-build-env/linux@sha256:2788e3201cd34a07e3172128adcd8b3090168a8e3bcc40d7c032b9dda1df7d1c" "/opt/rustwide/cargo-home/bin/cargo" "+beta-2023-12-22" "test" "--frozen", kill_on_drop: false }`
[INFO] [stdout] 2873ffd4b93ca13f49501cce0063f284557cc3ab727f609e69a32a6f30ce65cd
[INFO] running `Command { std: "docker" "start" "-a" "2873ffd4b93ca13f49501cce0063f284557cc3ab727f609e69a32a6f30ce65cd", kill_on_drop: false }`
[INFO] [stderr] warning: unused import: `char::MAX`
[INFO] [stderr]  --> src/bin/14.rs:2:5
[INFO] [stderr]   |
[INFO] [stderr] 2 |     char::MAX,
[INFO] [stderr]   |     ^^^^^^^^^
[INFO] [stderr]   |
[INFO] [stderr]   = note: `#[warn(unused_imports)]` on by default
[INFO] [stderr] 
[INFO] [stderr] warning: unused variable: `i`
[INFO] [stderr]  --> src/bin/6.rs:7:17
[INFO] [stderr]   |
[INFO] [stderr] 7 |         .find(|(i, pattern)| pattern.into_iter().unique().count() == N)
[INFO] [stderr]   |                 ^ help: if this is intentional, prefix it with an underscore: `_i`
[INFO] [stderr]   |
[INFO] [stderr]   = note: `#[warn(unused_variables)]` on by default
[INFO] [stderr] 
[INFO] [stderr] warning: constant `find_start_of_packet` should have an upper case name
[INFO] [stderr]   --> src/bin/6.rs:11:7
[INFO] [stderr]    |
[INFO] [stderr] 11 | const find_start_of_packet: fn(&str) -> Option<usize> = find_start_marker::<4>;
[INFO] [stderr]    |       ^^^^^^^^^^^^^^^^^^^^ help: convert the identifier to upper case: `FIND_START_OF_PACKET`
[INFO] [stderr]    |
[INFO] [stderr]    = note: `#[warn(non_upper_case_globals)]` on by default
[INFO] [stderr] 
[INFO] [stderr] warning: constant `find_start_of_message` should have an upper case name
[INFO] [stderr]   --> src/bin/6.rs:12:7
[INFO] [stderr]    |
[INFO] [stderr] 12 | const find_start_of_message: fn(&str) -> Option<usize> = find_start_marker::<14>;
[INFO] [stderr]    |       ^^^^^^^^^^^^^^^^^^^^^ help: convert the identifier to upper case: `FIND_START_OF_MESSAGE`
[INFO] [stderr] 
[INFO] [stderr] warning: unused import: `itertools::Itertools`
[INFO] [stderr]  --> src/bin/7.rs:1:5
[INFO] [stderr]   |
[INFO] [stderr] 1 | use itertools::Itertools;
[INFO] [stderr]   |     ^^^^^^^^^^^^^^^^^^^^
[INFO] [stderr]   |
[INFO] [stderr]   = note: `#[warn(unused_imports)]` on by default
[INFO] [stderr] 
[INFO] [stderr] warning: enum `Command` is never used
[INFO] [stderr]  --> src/bin/7.rs:9:6
[INFO] [stderr]   |
[INFO] [stderr] 9 | enum Command<'a> {
[INFO] [stderr]   |      ^^^^^^^
[INFO] [stderr]   |
[INFO] [stderr]   = note: `#[warn(dead_code)]` on by default
[INFO] [stderr] 
[INFO] [stderr] warning: function `parse_command` is never used
[INFO] [stderr]   --> src/bin/7.rs:37:4
[INFO] [stderr]    |
[INFO] [stderr] 37 | fn parse_command<'a>(line: &'a [&'a str]) -> Option<Command<'a>> {
[INFO] [stderr]    |    ^^^^^^^^^^^^^
[INFO] [stderr] 
[INFO] [stderr] warning: unused import: `itertools::Itertools`
[INFO] [stderr]  --> src/bin/9.rs:6:5
[INFO] [stderr]   |
[INFO] [stderr] 6 | use itertools::Itertools;
[INFO] [stderr]   |     ^^^^^^^^^^^^^^^^^^^^
[INFO] [stderr]   |
[INFO] [stderr]   = note: `#[warn(unused_imports)]` on by default
[INFO] [stderr] 
[INFO] [stderr] warning: function `debug_pos` is never used
[INFO] [stderr]   --> src/bin/9.rs:60:4
[INFO] [stderr]    |
[INFO] [stderr] 60 | fn debug_pos(rope: &Vec<Pos>) {
[INFO] [stderr]    |    ^^^^^^^^^
[INFO] [stderr]    |
[INFO] [stderr]    = note: `#[warn(dead_code)]` on by default
[INFO] [stderr] 
[INFO] [stderr] warning: function `example_2` is never used
[INFO] [stderr]    --> src/bin/5.rs:116:4
[INFO] [stderr]     |
[INFO] [stderr] 116 | fn example_2() {
[INFO] [stderr]     |    ^^^^^^^^^
[INFO] [stderr]     |
[INFO] [stderr]     = note: `#[warn(dead_code)]` on by default
[INFO] [stderr] 
[INFO] [stderr] warning: `aoc22` (bin "14" test) generated 1 warning (run `cargo fix --bin "14" --tests` to apply 1 suggestion)
[INFO] [stderr] warning: `aoc22` (bin "6" test) generated 3 warnings (run `cargo fix --bin "6" --tests` to apply 1 suggestion)
[INFO] [stderr] warning: `aoc22` (bin "7" test) generated 3 warnings (run `cargo fix --bin "7" --tests` to apply 1 suggestion)
[INFO] [stderr] warning: `aoc22` (bin "9" test) generated 2 warnings (run `cargo fix --bin "9" --tests` to apply 1 suggestion)
[INFO] [stderr] warning: `aoc22` (bin "5" test) generated 1 warning
[INFO] [stderr] warning: unused import: `iter::Successors`
[INFO] [stderr]  --> src/bin/12.rs:1:45
[INFO] [stderr]   |
[INFO] [stderr] 1 | use std::{collections::HashSet, hash::Hash, iter::Successors, rc::Rc};
[INFO] [stderr]   |                                             ^^^^^^^^^^^^^^^^
[INFO] [stderr]   |
[INFO] [stderr]   = note: `#[warn(unused_imports)]` on by default
[INFO] [stderr] 
[INFO] [stderr] warning: unused import: `itertools::Itertools`
[INFO] [stderr]  --> src/bin/12.rs:3:5
[INFO] [stderr]   |
[INFO] [stderr] 3 | use itertools::Itertools;
[INFO] [stderr]   |     ^^^^^^^^^^^^^^^^^^^^
[INFO] [stderr] 
[INFO] [stderr] warning: fields `steps` and `traversed_positions` are never read
[INFO] [stderr]   --> src/bin/12.rs:11:5
[INFO] [stderr]    |
[INFO] [stderr] 10 | struct Path {
[INFO] [stderr]    |        ---- fields in this struct
[INFO] [stderr] 11 |     steps: Vec<Pos>,
[INFO] [stderr]    |     ^^^^^
[INFO] [stderr] 12 |     traversed_positions: HashSet<Pos>,
[INFO] [stderr]    |     ^^^^^^^^^^^^^^^^^^^
[INFO] [stderr]    |
[INFO] [stderr]    = note: `Path` has derived impls for the traits `Clone` and `Debug`, but these are intentionally ignored during dead code analysis
[INFO] [stderr]    = note: `#[warn(dead_code)]` on by default
[INFO] [stderr] 
[INFO] [stderr] warning: `aoc22` (bin "12" test) generated 3 warnings (run `cargo fix --bin "12" --tests` to apply 2 suggestions)
[INFO] [stderr]     Finished test [unoptimized + debuginfo] target(s) in 0.02s
[INFO] [stderr]      Running unittests src/bin/1.rs (/opt/rustwide/target/debug/deps/1-32fac964cc6aeb78)
[INFO] [stdout] 
[INFO] [stdout] running 3 tests
[INFO] [stdout] test example_1 ... ok
[INFO] [stdout] test test_parse ... ok
[INFO] [stdout] test example_2 ... ok
[INFO] [stdout] 
[INFO] [stdout] test result: ok. 3 passed; 0 failed; 0 ignored; 0 measured; 0 filtered out; finished in 0.00s
[INFO] [stdout] 
[INFO] [stderr]      Running unittests src/bin/10.rs (/opt/rustwide/target/debug/deps/10-be38d35869c46cc4)
[INFO] [stdout] 
[INFO] [stdout] running 3 tests
[INFO] [stdout] test parse_test ... ok
[INFO] [stdout] test example_1 ... ok
[INFO] [stdout] test example_2 ... ok
[INFO] [stdout] 
[INFO] [stdout] test result: ok. 3 passed; 0 failed; 0 ignored; 0 measured; 0 filtered out; finished in 0.00s
[INFO] [stdout] 
[INFO] [stderr]      Running unittests src/bin/11.rs (/opt/rustwide/target/debug/deps/11-c5f47e6cacd18be7)
[INFO] [stdout] 
[INFO] [stdout] running 6 tests
[INFO] [stdout] test example_1_round ... ok
[INFO] [stdout] test test_parse ... ok
[INFO] [stdout] test example_2_rounds ... ok
[INFO] [stdout] test example_monkey_business ... ok
[INFO] [stdout] test example_20_rounds_increased_worryness ... FAILED
[INFO] [stdout] test example_monkey_business_2 ... FAILED
[INFO] [stdout] 
[INFO] [stdout] failures:
[INFO] [stdout] 
[INFO] [stdout] ---- example_20_rounds_increased_worryness stdout ----
[INFO] [stdout] thread 'example_20_rounds_increased_worryness' panicked at src/bin/11.rs:23:14:
[INFO] [stdout] called `Result::unwrap()` on an `Err` value: MultiplicationError { multiplicand: Int(3740147530), multiplier: Int(3740147530) }
[INFO] [stdout] stack backtrace:
[INFO] [stdout]    0:     0x55af9ae6c926 - std::backtrace_rs::backtrace::libunwind::trace::h261606ad26a499c1
[INFO] [stdout]                                at /rustc/0e09125c6c3c2fd70d7de961bcf0e51575235fad/library/std/src/../../backtrace/src/backtrace/libunwind.rs:104:5
[INFO] [stdout]    1:     0x55af9ae6c926 - std::backtrace_rs::backtrace::trace_unsynchronized::hd183f0625477fb28
[INFO] [stdout]                                at /rustc/0e09125c6c3c2fd70d7de961bcf0e51575235fad/library/std/src/../../backtrace/src/backtrace/mod.rs:66:5
[INFO] [stdout]    2:     0x55af9ae6c926 - std::sys_common::backtrace::_print_fmt::hd7f8fef21b4eda67
[INFO] [stdout]                                at /rustc/0e09125c6c3c2fd70d7de961bcf0e51575235fad/library/std/src/sys_common/backtrace.rs:68:5
[INFO] [stdout]    3:     0x55af9ae6c926 - <std::sys_common::backtrace::_print::DisplayBacktrace as core::fmt::Display>::fmt::h623d9b51f2f453f1
[INFO] [stdout]                                at /rustc/0e09125c6c3c2fd70d7de961bcf0e51575235fad/library/std/src/sys_common/backtrace.rs:44:22
[INFO] [stdout]    4:     0x55af9ae97940 - core::fmt::rt::Argument::fmt::h9f417ac76a86f368
[INFO] [stdout]                                at /rustc/0e09125c6c3c2fd70d7de961bcf0e51575235fad/library/core/src/fmt/rt.rs:142:9
[INFO] [stdout]    5:     0x55af9ae97940 - core::fmt::write::hc9b6faf4ac2aeff7
[INFO] [stdout]                                at /rustc/0e09125c6c3c2fd70d7de961bcf0e51575235fad/library/core/src/fmt/mod.rs:1120:17
[INFO] [stdout]    6:     0x55af9ae6a38f - std::io::Write::write_fmt::he04625a3a989fec3
[INFO] [stdout]                                at /rustc/0e09125c6c3c2fd70d7de961bcf0e51575235fad/library/std/src/io/mod.rs:1810:15
[INFO] [stdout]    7:     0x55af9ae6c704 - std::sys_common::backtrace::_print::hd5d66399c7df88a2
[INFO] [stdout]                                at /rustc/0e09125c6c3c2fd70d7de961bcf0e51575235fad/library/std/src/sys_common/backtrace.rs:47:5
[INFO] [stdout]    8:     0x55af9ae6c704 - std::sys_common::backtrace::print::he81ed2da642d37e5
[INFO] [stdout]                                at /rustc/0e09125c6c3c2fd70d7de961bcf0e51575235fad/library/std/src/sys_common/backtrace.rs:34:9
[INFO] [stdout]    9:     0x55af9ae6e477 - std::panicking::default_hook::{{closure}}::h85773f4fa117163d
[INFO] [stdout]   10:     0x55af9ae6e15d - std::panicking::default_hook::h6a1694a91d09b278
[INFO] [stdout]                                at /rustc/0e09125c6c3c2fd70d7de961bcf0e51575235fad/library/std/src/panicking.rs:289:9
[INFO] [stdout]   11:     0x55af9ac97aa7 - <alloc::boxed::Box<F,A> as core::ops::function::Fn<Args>>::call::h616ac37fa3cd6c8f
[INFO] [stdout]                                at /rustc/0e09125c6c3c2fd70d7de961bcf0e51575235fad/library/alloc/src/boxed.rs:2029:9
[INFO] [stdout]   12:     0x55af9ac97aa7 - test::test_main::{{closure}}::h00d84697cefdcbb6
[INFO] [stdout]                                at /rustc/0e09125c6c3c2fd70d7de961bcf0e51575235fad/library/test/src/lib.rs:138:21
[INFO] [stdout]   13:     0x55af9ae6ea96 - <alloc::boxed::Box<F,A> as core::ops::function::Fn<Args>>::call::hcb3fe3b9bb537ba8
[INFO] [stdout]                                at /rustc/0e09125c6c3c2fd70d7de961bcf0e51575235fad/library/alloc/src/boxed.rs:2029:9
[INFO] [stdout]   14:     0x55af9ae6ea96 - std::panicking::rust_panic_with_hook::h0a7ad96e90f7145b
[INFO] [stdout]                                at /rustc/0e09125c6c3c2fd70d7de961bcf0e51575235fad/library/std/src/panicking.rs:783:13
[INFO] [stdout]   15:     0x55af9ae6e7e2 - std::panicking::begin_panic_handler::{{closure}}::h7919090525c6485e
[INFO] [stdout]                                at /rustc/0e09125c6c3c2fd70d7de961bcf0e51575235fad/library/std/src/panicking.rs:657:13
[INFO] [stdout]   16:     0x55af9ae6ce26 - std::sys_common::backtrace::__rust_end_short_backtrace::hf3289479464f7dfe
[INFO] [stdout]                                at /rustc/0e09125c6c3c2fd70d7de961bcf0e51575235fad/library/std/src/sys_common/backtrace.rs:171:18
[INFO] [stdout]   17:     0x55af9ae6e540 - rust_begin_unwind
[INFO] [stdout]                                at /rustc/0e09125c6c3c2fd70d7de961bcf0e51575235fad/library/std/src/panicking.rs:645:5
[INFO] [stdout]   18:     0x55af9ac4a285 - core::panicking::panic_fmt::hcc9f77c5c132af55
[INFO] [stdout]                                at /rustc/0e09125c6c3c2fd70d7de961bcf0e51575235fad/library/core/src/panicking.rs:72:14
[INFO] [stdout]   19:     0x55af9ac4a863 - core::result::unwrap_failed::hbe14f498be1452f9
[INFO] [stdout]                                at /rustc/0e09125c6c3c2fd70d7de961bcf0e51575235fad/library/core/src/result.rs:1649:5
[INFO] [stdout]   20:     0x55af9ac5cb9a - core::result::Result<T,E>::unwrap::h48e638d5f91901cb
[INFO] [stdout]                                at /rustc/0e09125c6c3c2fd70d7de961bcf0e51575235fad/library/core/src/result.rs:1073:23
[INFO] [stdout]   21:     0x55af9ac4f66c - _11::parse_op::{{closure}}::he8cec2610102f06d
[INFO] [stdout]                                at /opt/rustwide/workdir/src/bin/11.rs:22:9
[INFO] [stdout]   22:     0x55af9ac503e3 - _11::play_round::hff248ee8d2fecfd1
[INFO] [stdout]                                at /opt/rustwide/workdir/src/bin/11.rs:96:24
[INFO] [stdout]   23:     0x55af9ac520b3 - _11::example_20_rounds_increased_worryness::h02e59721324dd25b
[INFO] [stdout]                                at /opt/rustwide/workdir/src/bin/11.rs:246:9
[INFO] [stdout]   24:     0x55af9ac51fb7 - _11::example_20_rounds_increased_worryness::{{closure}}::h0113f6688f21a68a
[INFO] [stdout]                                at /opt/rustwide/workdir/src/bin/11.rs:243:43
[INFO] [stdout]   25:     0x55af9ac5ab66 - core::ops::function::FnOnce::call_once::hff63249b7eb09a85
[INFO] [stdout]                                at /rustc/0e09125c6c3c2fd70d7de961bcf0e51575235fad/library/core/src/ops/function.rs:250:5
[INFO] [stdout]   26:     0x55af9ac9d37f - core::ops::function::FnOnce::call_once::hd64d26f405258157
[INFO] [stdout]                                at /rustc/0e09125c6c3c2fd70d7de961bcf0e51575235fad/library/core/src/ops/function.rs:250:5
[INFO] [stdout]   27:     0x55af9ac9d37f - test::__rust_begin_short_backtrace::he21b0b7a6d731bf9
[INFO] [stdout]                                at /rustc/0e09125c6c3c2fd70d7de961bcf0e51575235fad/library/test/src/lib.rs:627:18
[INFO] [stdout]   28:     0x55af9ac9c101 - test::run_test_in_process::{{closure}}::hf5c73986d7bdfde2
[INFO] [stdout]                                at /rustc/0e09125c6c3c2fd70d7de961bcf0e51575235fad/library/test/src/lib.rs:650:60
[INFO] [stdout]   29:     0x55af9ac9c101 - <core::panic::unwind_safe::AssertUnwindSafe<F> as core::ops::function::FnOnce<()>>::call_once::h330011ad032aadc0
[INFO] [stdout]                                at /rustc/0e09125c6c3c2fd70d7de961bcf0e51575235fad/library/core/src/panic/unwind_safe.rs:272:9
[INFO] [stdout]   30:     0x55af9ac9c101 - std::panicking::try::do_call::he61b0a958b795a41
[INFO] [stdout]                                at /rustc/0e09125c6c3c2fd70d7de961bcf0e51575235fad/library/std/src/panicking.rs:552:40
[INFO] [stdout]   31:     0x55af9ac9c101 - std::panicking::try::h7309da130f906eb7
[INFO] [stdout]                                at /rustc/0e09125c6c3c2fd70d7de961bcf0e51575235fad/library/std/src/panicking.rs:516:19
[INFO] [stdout]   32:     0x55af9ac9c101 - std::panic::catch_unwind::hc5c3a06fdaf0a92a
[INFO] [stdout]                                at /rustc/0e09125c6c3c2fd70d7de961bcf0e51575235fad/library/std/src/panic.rs:142:14
[INFO] [stdout]   33:     0x55af9ac9c101 - test::run_test_in_process::h7e7b7c71c3324e0f
[INFO] [stdout]                                at /rustc/0e09125c6c3c2fd70d7de961bcf0e51575235fad/library/test/src/lib.rs:650:27
[INFO] [stdout]   34:     0x55af9ac9c101 - test::run_test::{{closure}}::h1f509f28f5cf20b1
[INFO] [stdout]                                at /rustc/0e09125c6c3c2fd70d7de961bcf0e51575235fad/library/test/src/lib.rs:573:43
[INFO] [stdout]   35:     0x55af9ac63436 - test::run_test::{{closure}}::h1754218abf443f6d
[INFO] [stdout]                                at /rustc/0e09125c6c3c2fd70d7de961bcf0e51575235fad/library/test/src/lib.rs:601:41
[INFO] [stdout]   36:     0x55af9ac63436 - std::sys_common::backtrace::__rust_begin_short_backtrace::h2ee174b9d5954948
[INFO] [stdout]                                at /rustc/0e09125c6c3c2fd70d7de961bcf0e51575235fad/library/std/src/sys_common/backtrace.rs:155:18
[INFO] [stdout]   37:     0x55af9ac68497 - std::thread::Builder::spawn_unchecked_::{{closure}}::{{closure}}::hf60bee9c1a17ef09
[INFO] [stdout]                                at /rustc/0e09125c6c3c2fd70d7de961bcf0e51575235fad/library/std/src/thread/mod.rs:529:17
[INFO] [stdout]   38:     0x55af9ac68497 - <core::panic::unwind_safe::AssertUnwindSafe<F> as core::ops::function::FnOnce<()>>::call_once::h33d0dddec5216160
[INFO] [stdout]                                at /rustc/0e09125c6c3c2fd70d7de961bcf0e51575235fad/library/core/src/panic/unwind_safe.rs:272:9
[INFO] [stdout]   39:     0x55af9ac68497 - std::panicking::try::do_call::h144b3048b546f835
[INFO] [stdout]                                at /rustc/0e09125c6c3c2fd70d7de961bcf0e51575235fad/library/std/src/panicking.rs:552:40
[INFO] [stdout]   40:     0x55af9ac68497 - std::panicking::try::h978244d04646189f
[INFO] [stdout]                                at /rustc/0e09125c6c3c2fd70d7de961bcf0e51575235fad/library/std/src/panicking.rs:516:19
[INFO] [stdout]   41:     0x55af9ac68497 - std::panic::catch_unwind::hdf436369d188fe86
[INFO] [stdout]                                at /rustc/0e09125c6c3c2fd70d7de961bcf0e51575235fad/library/std/src/panic.rs:142:14
[INFO] [stdout]   42:     0x55af9ac68497 - std::thread::Builder::spawn_unchecked_::{{closure}}::h87329cbdd33c79ec
[INFO] [stdout]                                at /rustc/0e09125c6c3c2fd70d7de961bcf0e51575235fad/library/std/src/thread/mod.rs:528:30
[INFO] [stdout]   43:     0x55af9ac68497 - core::ops::function::FnOnce::call_once{{vtable.shim}}::h401abbe67897d450
[INFO] [stdout]                                at /rustc/0e09125c6c3c2fd70d7de961bcf0e51575235fad/library/core/src/ops/function.rs:250:5
[INFO] [stdout]   44:     0x55af9ae73545 - <alloc::boxed::Box<F,A> as core::ops::function::FnOnce<Args>>::call_once::h5d7c8f150ab9c84c
[INFO] [stdout]                                at /rustc/0e09125c6c3c2fd70d7de961bcf0e51575235fad/library/alloc/src/boxed.rs:2015:9
[INFO] [stdout]   45:     0x55af9ae73545 - <alloc::boxed::Box<F,A> as core::ops::function::FnOnce<Args>>::call_once::h570d5b005c242c15
[INFO] [stdout]                                at /rustc/0e09125c6c3c2fd70d7de961bcf0e51575235fad/library/alloc/src/boxed.rs:2015:9
[INFO] [stdout]   46:     0x55af9ae73545 - std::sys::unix::thread::Thread::new::thread_start::h36b0a20c0b2361ad
[INFO] [stdout]                                at /rustc/0e09125c6c3c2fd70d7de961bcf0e51575235fad/library/std/src/sys/unix/thread.rs:108:17
[INFO] [stdout]   47:     0x7efc19924ac3 - <unknown>
[INFO] [stdout]   48:     0x7efc199b5bf4 - __clone
[INFO] [stdout]   49:                0x0 - <unknown>
[INFO] [stdout] 
[INFO] [stdout] ---- example_monkey_business_2 stdout ----
[INFO] [stdout] thread 'example_monkey_business_2' panicked at src/bin/11.rs:23:14:
[INFO] [stdout] called `Result::unwrap()` on an `Err` value: MultiplicationError { multiplicand: Int(3740147530), multiplier: Int(3740147530) }
[INFO] [stdout] stack backtrace:
[INFO] [stdout]    0:     0x55af9ae6c926 - std::backtrace_rs::backtrace::libunwind::trace::h261606ad26a499c1
[INFO] [stdout]                                at /rustc/0e09125c6c3c2fd70d7de961bcf0e51575235fad/library/std/src/../../backtrace/src/backtrace/libunwind.rs:104:5
[INFO] [stdout]    1:     0x55af9ae6c926 - std::backtrace_rs::backtrace::trace_unsynchronized::hd183f0625477fb28
[INFO] [stdout]                                at /rustc/0e09125c6c3c2fd70d7de961bcf0e51575235fad/library/std/src/../../backtrace/src/backtrace/mod.rs:66:5
[INFO] [stdout]    2:     0x55af9ae6c926 - std::sys_common::backtrace::_print_fmt::hd7f8fef21b4eda67
[INFO] [stdout]                                at /rustc/0e09125c6c3c2fd70d7de961bcf0e51575235fad/library/std/src/sys_common/backtrace.rs:68:5
[INFO] [stdout]    3:     0x55af9ae6c926 - <std::sys_common::backtrace::_print::DisplayBacktrace as core::fmt::Display>::fmt::h623d9b51f2f453f1
[INFO] [stdout]                                at /rustc/0e09125c6c3c2fd70d7de961bcf0e51575235fad/library/std/src/sys_common/backtrace.rs:44:22
[INFO] [stdout]    4:     0x55af9ae97940 - core::fmt::rt::Argument::fmt::h9f417ac76a86f368
[INFO] [stdout]                                at /rustc/0e09125c6c3c2fd70d7de961bcf0e51575235fad/library/core/src/fmt/rt.rs:142:9
[INFO] [stdout]    5:     0x55af9ae97940 - core::fmt::write::hc9b6faf4ac2aeff7
[INFO] [stdout]                                at /rustc/0e09125c6c3c2fd70d7de961bcf0e51575235fad/library/core/src/fmt/mod.rs:1120:17
[INFO] [stdout]    6:     0x55af9ae6a38f - std::io::Write::write_fmt::he04625a3a989fec3
[INFO] [stdout]                                at /rustc/0e09125c6c3c2fd70d7de961bcf0e51575235fad/library/std/src/io/mod.rs:1810:15
[INFO] [stdout]    7:     0x55af9ae6c704 - std::sys_common::backtrace::_print::hd5d66399c7df88a2
[INFO] [stdout]                                at /rustc/0e09125c6c3c2fd70d7de961bcf0e51575235fad/library/std/src/sys_common/backtrace.rs:47:5
[INFO] [stdout]    8:     0x55af9ae6c704 - std::sys_common::backtrace::print::he81ed2da642d37e5
[INFO] [stdout]                                at /rustc/0e09125c6c3c2fd70d7de961bcf0e51575235fad/library/std/src/sys_common/backtrace.rs:34:9
[INFO] [stdout]    9:     0x55af9ae6e477 - std::panicking::default_hook::{{closure}}::h85773f4fa117163d
[INFO] [stdout]   10:     0x55af9ae6e15d - std::panicking::default_hook::h6a1694a91d09b278
[INFO] [stdout]                                at /rustc/0e09125c6c3c2fd70d7de961bcf0e51575235fad/library/std/src/panicking.rs:289:9
[INFO] [stdout]   11:     0x55af9ac97aa7 - <alloc::boxed::Box<F,A> as core::ops::function::Fn<Args>>::call::h616ac37fa3cd6c8f
[INFO] [stdout]                                at /rustc/0e09125c6c3c2fd70d7de961bcf0e51575235fad/library/alloc/src/boxed.rs:2029:9
[INFO] [stdout]   12:     0x55af9ac97aa7 - test::test_main::{{closure}}::h00d84697cefdcbb6
[INFO] [stdout]                                at /rustc/0e09125c6c3c2fd70d7de961bcf0e51575235fad/library/test/src/lib.rs:138:21
[INFO] [stdout]   13:     0x55af9ae6ea96 - <alloc::boxed::Box<F,A> as core::ops::function::Fn<Args>>::call::hcb3fe3b9bb537ba8
[INFO] [stdout]                                at /rustc/0e09125c6c3c2fd70d7de961bcf0e51575235fad/library/alloc/src/boxed.rs:2029:9
[INFO] [stdout]   14:     0x55af9ae6ea96 - std::panicking::rust_panic_with_hook::h0a7ad96e90f7145b
[INFO] [stdout]                                at /rustc/0e09125c6c3c2fd70d7de961bcf0e51575235fad/library/std/src/panicking.rs:783:13
[INFO] [stdout]   15:     0x55af9ae6e7e2 - std::panicking::begin_panic_handler::{{closure}}::h7919090525c6485e
[INFO] [stdout]                                at /rustc/0e09125c6c3c2fd70d7de961bcf0e51575235fad/library/std/src/panicking.rs:657:13
[INFO] [stdout]   16:     0x55af9ae6ce26 - std::sys_common::backtrace::__rust_end_short_backtrace::hf3289479464f7dfe
[INFO] [stdout]                                at /rustc/0e09125c6c3c2fd70d7de961bcf0e51575235fad/library/std/src/sys_common/backtrace.rs:171:18
[INFO] [stdout]   17:     0x55af9ae6e540 - rust_begin_unwind
[INFO] [stdout]                                at /rustc/0e09125c6c3c2fd70d7de961bcf0e51575235fad/library/std/src/panicking.rs:645:5
[INFO] [stdout]   18:     0x55af9ac4a285 - core::panicking::panic_fmt::hcc9f77c5c132af55
[INFO] [stdout]                                at /rustc/0e09125c6c3c2fd70d7de961bcf0e51575235fad/library/core/src/panicking.rs:72:14
[INFO] [stdout]   19:     0x55af9ac4a863 - core::result::unwrap_failed::hbe14f498be1452f9
[INFO] [stdout]                                at /rustc/0e09125c6c3c2fd70d7de961bcf0e51575235fad/library/core/src/result.rs:1649:5
[INFO] [stdout]   20:     0x55af9ac5cb9a - core::result::Result<T,E>::unwrap::h48e638d5f91901cb
[INFO] [stdout]                                at /rustc/0e09125c6c3c2fd70d7de961bcf0e51575235fad/library/core/src/result.rs:1073:23
[INFO] [stdout]   21:     0x55af9ac4f66c - _11::parse_op::{{closure}}::he8cec2610102f06d
[INFO] [stdout]                                at /opt/rustwide/workdir/src/bin/11.rs:22:9
[INFO] [stdout]   22:     0x55af9ac503e3 - _11::play_round::hff248ee8d2fecfd1
[INFO] [stdout]                                at /opt/rustwide/workdir/src/bin/11.rs:96:24
[INFO] [stdout]   23:     0x55af9ac50962 - _11::get_monkey_business_after_10000_rounds::h671b66b6fe96bece
[INFO] [stdout]                                at /opt/rustwide/workdir/src/bin/11.rs:140:9
[INFO] [stdout]   24:     0x55af9ac52325 - _11::example_monkey_business_2::hbbb99aeca91b2050
[INFO] [stdout]                                at /opt/rustwide/workdir/src/bin/11.rs:264:9
[INFO] [stdout]   25:     0x55af9ac522f7 - _11::example_monkey_business_2::{{closure}}::h79707ae7e3f7aafc
[INFO] [stdout]                                at /opt/rustwide/workdir/src/bin/11.rs:262:31
[INFO] [stdout]   26:     0x55af9ac5ab26 - core::ops::function::FnOnce::call_once::he8f776e6e418564d
[INFO] [stdout]                                at /rustc/0e09125c6c3c2fd70d7de961bcf0e51575235fad/library/core/src/ops/function.rs:250:5
[INFO] [stdout]   27:     0x55af9ac9d37f - core::ops::function::FnOnce::call_once::hd64d26f405258157
[INFO] [stdout]                                at /rustc/0e09125c6c3c2fd70d7de961bcf0e51575235fad/library/core/src/ops/function.rs:250:5
[INFO] [stdout]   28:     0x55af9ac9d37f - test::__rust_begin_short_backtrace::he21b0b7a6d731bf9
[INFO] [stdout]                                at /rustc/0e09125c6c3c2fd70d7de961bcf0e51575235fad/library/test/src/lib.rs:627:18
[INFO] [stdout]   29:     0x55af9ac9c101 - test::run_test_in_process::{{closure}}::hf5c73986d7bdfde2
[INFO] [stdout]                                at /rustc/0e09125c6c3c2fd70d7de961bcf0e51575235fad/library/test/src/lib.rs:650:60
[INFO] [stdout]   30:     0x55af9ac9c101 - <core::panic::unwind_safe::AssertUnwindSafe<F> as core::ops::function::FnOnce<()>>::call_once::h330011ad032aadc0
[INFO] [stdout]                                at /rustc/0e09125c6c3c2fd70d7de961bcf0e51575235fad/library/core/src/panic/unwind_safe.rs:272:9
[INFO] [stdout]   31:     0x55af9ac9c101 - std::panicking::try::do_call::he61b0a958b795a41
[INFO] [stdout]                                at /rustc/0e09125c6c3c2fd70d7de961bcf0e51575235fad/library/std/src/panicking.rs:552:40
[INFO] [stdout]   32:     0x55af9ac9c101 - std::panicking::try::h7309da130f906eb7
[INFO] [stdout]                                at /rustc/0e09125c6c3c2fd70d7de961bcf0e51575235fad/library/std/src/panicking.rs:516:19
[INFO] [stdout]   33:     0x55af9ac9c101 - std::panic::catch_unwind::hc5c3a06fdaf0a92a
[INFO] [stdout]                                at /rustc/0e09125c6c3c2fd70d7de961bcf0e51575235fad/library/std/src/panic.rs:142:14
[INFO] [stdout]   34:     0x55af9ac9c101 - test::run_test_in_process::h7e7b7c71c3324e0f
[INFO] [stdout]                                at /rustc/0e09125c6c3c2fd70d7de961bcf0e51575235fad/library/test/src/lib.rs:650:27
[INFO] [stdout]   35:     0x55af9ac9c101 - test::run_test::{{closure}}::h1f509f28f5cf20b1
[INFO] [stdout]                                at /rustc/0e09125c6c3c2fd70d7de961bcf0e51575235fad/library/test/src/lib.rs:573:43
[INFO] [stdout]   36:     0x55af9ac63436 - test::run_test::{{closure}}::h1754218abf443f6d
[INFO] [stdout]                                at /rustc/0e09125c6c3c2fd70d7de961bcf0e51575235fad/library/test/src/lib.rs:601:41
[INFO] [stdout]   37:     0x55af9ac63436 - std::sys_common::backtrace::__rust_begin_short_backtrace::h2ee174b9d5954948
[INFO] [stdout]                                at /rustc/0e09125c6c3c2fd70d7de961bcf0e51575235fad/library/std/src/sys_common/backtrace.rs:155:18
[INFO] [stdout]   38:     0x55af9ac68497 - std::thread::Builder::spawn_unchecked_::{{closure}}::{{closure}}::hf60bee9c1a17ef09
[INFO] [stdout]                                at /rustc/0e09125c6c3c2fd70d7de961bcf0e51575235fad/library/std/src/thread/mod.rs:529:17
[INFO] [stdout]   39:     0x55af9ac68497 - <core::panic::unwind_safe::AssertUnwindSafe<F> as core::ops::function::FnOnce<()>>::call_once::h33d0dddec5216160
[INFO] [stdout]                                at /rustc/0e09125c6c3c2fd70d7de961bcf0e51575235fad/library/core/src/panic/unwind_safe.rs:272:9
[INFO] [stdout]   40:     0x55af9ac68497 - std::panicking::try::do_call::h144b3048b546f835
[INFO] [stdout]                                at /rustc/0e09125c6c3c2fd70d7de961bcf0e51575235fad/library/std/src/panicking.rs:552:40
[INFO] [stdout]   41:     0x55af9ac68497 - std::panicking::try::h978244d04646189f
[INFO] [stdout]                                at /rustc/0e09125c6c3c2fd70d7de961bcf0e51575235fad/library/std/src/panicking.rs:516:19
[INFO] [stdout]   42:     0x55af9ac68497 - std::panic::catch_unwind::hdf436369d188fe86
[INFO] [stdout]                                at /rustc/0e09125c6c3c2fd70d7de961bcf0e51575235fad/library/std/src/panic.rs:142:14
[INFO] [stdout]   43:     0x55af9ac68497 - std::thread::Builder::spawn_unchecked_::{{closure}}::h87329cbdd33c79ec
[INFO] [stdout]                                at /rustc/0e09125c6c3c2fd70d7de961bcf0e51575235fad/library/std/src/thread/mod.rs:528:30
[INFO] [stdout]   44:     0x55af9ac68497 - core::ops::function::FnOnce::call_once{{vtable.shim}}::h401abbe67897d450
[INFO] [stdout]                                at /rustc/0e09125c6c3c2fd70d7de961bcf0e51575235fad/library/core/src/ops/function.rs:250:5
[INFO] [stdout]   45:     0x55af9ae73545 - <alloc::boxed::Box<F,A> as core::ops::function::FnOnce<Args>>::call_once::h5d7c8f150ab9c84c
[INFO] [stdout]                                at /rustc/0e09125c6c3c2fd70d7de961bcf0e51575235fad/library/alloc/src/boxed.rs:2015:9
[INFO] [stdout]   46:     0x55af9ae73545 - <alloc::boxed::Box<F,A> as core::ops::function::FnOnce<Args>>::call_once::h570d5b005c242c15
[INFO] [stdout]                                at /rustc/0e09125c6c3c2fd70d7de961bcf0e51575235fad/library/alloc/src/boxed.rs:2015:9
[INFO] [stdout]   47:     0x55af9ae73545 - std::sys::unix::thread::Thread::new::thread_start::h36b0a20c0b2361ad
[INFO] [stdout]                                at /rustc/0e09125c6c3c2fd70d7de961bcf0e51575235fad/library/std/src/sys/unix/thread.rs:108:17
[INFO] [stdout]   48:     0x7efc19924ac3 - <unknown>
[INFO] [stdout]   49:     0x7efc199b5bf4 - __clone
[INFO] [stdout]   50:                0x0 - <unknown>
[INFO] [stdout] 
[INFO] [stdout] 
[INFO] [stdout] failures:
[INFO] [stdout]     example_20_rounds_increased_worryness
[INFO] [stdout]     example_monkey_business_2
[INFO] [stdout] 
[INFO] [stdout] test result: FAILED. 4 passed; 2 failed; 0 ignored; 0 measured; 0 filtered out; finished in 0.02s
[INFO] [stdout] 
[INFO] [stderr] error: test failed, to rerun pass `--bin 11`
[INFO] running `Command { std: "docker" "inspect" "2873ffd4b93ca13f49501cce0063f284557cc3ab727f609e69a32a6f30ce65cd", kill_on_drop: false }`
[INFO] running `Command { std: "docker" "rm" "-f" "2873ffd4b93ca13f49501cce0063f284557cc3ab727f609e69a32a6f30ce65cd", kill_on_drop: false }`
[INFO] [stdout] 2873ffd4b93ca13f49501cce0063f284557cc3ab727f609e69a32a6f30ce65cd
