[INFO] cloning repository https://github.com/anatse/diadro_ws
[INFO] running `Command { std: "git" "-c" "credential.helper=" "-c" "credential.helper=/workspace/cargo-home/bin/git-credential-null" "clone" "--bare" "https://github.com/anatse/diadro_ws" "/workspace/cache/git-repos/https%3A%2F%2Fgithub.com%2Fanatse%2Fdiadro_ws", kill_on_drop: false }`
[INFO] [stderr] Cloning into bare repository '/workspace/cache/git-repos/https%3A%2F%2Fgithub.com%2Fanatse%2Fdiadro_ws'...
[INFO] running `Command { std: "git" "rev-parse" "HEAD", kill_on_drop: false }`
[INFO] [stdout] db04b37f4b7c1c201d1fc4261fa1bfd790b09b27
[INFO] testing anatse/diadro_ws against 1.75.0 for beta-1.76-1
[INFO] running `Command { std: "git" "clone" "/workspace/cache/git-repos/https%3A%2F%2Fgithub.com%2Fanatse%2Fdiadro_ws" "/workspace/builds/worker-0-tc1/source", kill_on_drop: false }`
[INFO] [stderr] Cloning into '/workspace/builds/worker-0-tc1/source'...
[INFO] [stderr] done.
[INFO] validating manifest of git repo https://github.com/anatse/diadro_ws on toolchain 1.75.0
[INFO] running `Command { std: CARGO_HOME="/workspace/cargo-home" RUSTUP_HOME="/workspace/rustup-home" "/workspace/cargo-home/bin/cargo" "+1.75.0" "metadata" "--manifest-path" "Cargo.toml" "--no-deps", kill_on_drop: false }`
[INFO] started tweaking git repo https://github.com/anatse/diadro_ws
[INFO] finished tweaking git repo https://github.com/anatse/diadro_ws
[INFO] tweaked toml for git repo https://github.com/anatse/diadro_ws written to /workspace/builds/worker-0-tc1/source/Cargo.toml
[INFO] crate git repo https://github.com/anatse/diadro_ws already has a lockfile, it will not be regenerated
[INFO] running `Command { std: CARGO_HOME="/workspace/cargo-home" RUSTUP_HOME="/workspace/rustup-home" "/workspace/cargo-home/bin/cargo" "+1.75.0" "fetch" "--manifest-path" "Cargo.toml", kill_on_drop: false }`
[INFO] [stderr] warning: virtual workspace defaulting to `resolver = "1"` despite one or more workspace members being on edition 2021 which implies `resolver = "2"`
[INFO] [stderr] note: to keep the current resolver, specify `workspace.resolver = "1"` in the workspace root's manifest
[INFO] [stderr] note: to use the edition 2021 resolver, specify `workspace.resolver = "2"` in the workspace root's manifest
[INFO] [stderr] note: for more details see https://doc.rust-lang.org/cargo/reference/resolver.html#resolver-versions
[INFO] [stderr]     Updating crates.io index
[INFO] [stderr]  Downloading crates ...
[INFO] [stderr]   Downloaded egui-winit v0.18.0
[INFO] [stderr]   Downloaded cached v0.34.0
[INFO] [stderr]   Downloaded arboard v2.1.0
[INFO] [stderr]   Downloaded minidom v0.14.0
[INFO] [stderr]   Downloaded cached_proc_macro v0.12.0
[INFO] [stderr]   Downloaded egui_glow v0.18.0
[INFO] [stderr]   Downloaded actix-files v0.6.0
[INFO] [stderr]   Downloaded eframe v0.18.0
[INFO] [stderr]   Downloaded nalgebra v0.31.0
[INFO] [stderr]   Downloaded uuid v1.0.0
[INFO] [stderr]   Downloaded clipboard-win v4.4.1
[INFO] [stderr]   Downloaded wasm-sockets v0.2.2
[INFO] [stderr]   Downloaded futures_cbor_codec v0.3.1
[INFO] running `Command { std: "docker" "create" "-v" "/var/lib/crater-agent-workspace/builds/worker-0-tc1/target:/opt/rustwide/target:rw,Z" "-v" "/var/lib/crater-agent-workspace/builds/worker-0-tc1/source:/opt/rustwide/workdir:ro,Z" "-v" "/var/lib/crater-agent-workspace/cargo-home:/opt/rustwide/cargo-home:ro,Z" "-v" "/var/lib/crater-agent-workspace/rustup-home:/opt/rustwide/rustup-home:ro,Z" "-e" "SOURCE_DIR=/opt/rustwide/workdir" "-e" "CARGO_TARGET_DIR=/opt/rustwide/target" "-e" "CARGO_HOME=/opt/rustwide/cargo-home" "-e" "RUSTUP_HOME=/opt/rustwide/rustup-home" "-w" "/opt/rustwide/workdir" "-m" "1610612736" "--user" "0:0" "--network" "none" "ghcr.io/rust-lang/crates-build-env/linux@sha256:2788e3201cd34a07e3172128adcd8b3090168a8e3bcc40d7c032b9dda1df7d1c" "/opt/rustwide/cargo-home/bin/cargo" "+1.75.0" "metadata" "--no-deps" "--format-version=1", kill_on_drop: false }`
[INFO] [stdout] 801eed0b80865f5a880509103313efcead938928b26da051594b644e1278febc
[INFO] running `Command { std: "docker" "start" "-a" "801eed0b80865f5a880509103313efcead938928b26da051594b644e1278febc", kill_on_drop: false }`
[INFO] running `Command { std: "docker" "inspect" "801eed0b80865f5a880509103313efcead938928b26da051594b644e1278febc", kill_on_drop: false }`
[INFO] running `Command { std: "docker" "rm" "-f" "801eed0b80865f5a880509103313efcead938928b26da051594b644e1278febc", kill_on_drop: false }`
[INFO] [stdout] 801eed0b80865f5a880509103313efcead938928b26da051594b644e1278febc
[INFO] running `Command { std: "docker" "create" "-v" "/var/lib/crater-agent-workspace/builds/worker-0-tc1/target:/opt/rustwide/target:rw,Z" "-v" "/var/lib/crater-agent-workspace/builds/worker-0-tc1/source:/opt/rustwide/workdir:ro,Z" "-v" "/var/lib/crater-agent-workspace/cargo-home:/opt/rustwide/cargo-home:ro,Z" "-v" "/var/lib/crater-agent-workspace/rustup-home:/opt/rustwide/rustup-home:ro,Z" "-e" "SOURCE_DIR=/opt/rustwide/workdir" "-e" "CARGO_TARGET_DIR=/opt/rustwide/target" "-e" "CARGO_INCREMENTAL=0" "-e" "RUST_BACKTRACE=full" "-e" "RUSTFLAGS=--cap-lints=warn" "-e" "RUSTDOCFLAGS=--cap-lints=warn" "-e" "CARGO_HOME=/opt/rustwide/cargo-home" "-e" "RUSTUP_HOME=/opt/rustwide/rustup-home" "-w" "/opt/rustwide/workdir" "-m" "1610612736" "--user" "0:0" "--network" "none" "ghcr.io/rust-lang/crates-build-env/linux@sha256:2788e3201cd34a07e3172128adcd8b3090168a8e3bcc40d7c032b9dda1df7d1c" "/opt/rustwide/cargo-home/bin/cargo" "+1.75.0" "build" "--frozen" "--message-format=json", kill_on_drop: false }`
[INFO] [stdout] ddadaf9f4bd839afcc96146a60c882cbf054391b1dd27e1bb962827ae4ea6a21
[INFO] running `Command { std: "docker" "start" "-a" "ddadaf9f4bd839afcc96146a60c882cbf054391b1dd27e1bb962827ae4ea6a21", kill_on_drop: false }`
[INFO] [stderr] warning: virtual workspace defaulting to `resolver = "1"` despite one or more workspace members being on edition 2021 which implies `resolver = "2"`
[INFO] [stderr] note: to keep the current resolver, specify `workspace.resolver = "1"` in the workspace root's manifest
[INFO] [stderr] note: to use the edition 2021 resolver, specify `workspace.resolver = "2"` in the workspace root's manifest
[INFO] [stderr] note: for more details see https://doc.rust-lang.org/cargo/reference/resolver.html#resolver-versions
[INFO] [stderr]    Compiling libc v0.2.125
[INFO] [stderr]    Compiling proc-macro2 v1.0.37
[INFO] [stderr]    Compiling unicode-xid v0.2.3
[INFO] [stderr]    Compiling syn v1.0.92
[INFO] [stderr]    Compiling autocfg v1.1.0
[INFO] [stderr]    Compiling log v0.4.17
[INFO] [stderr]    Compiling memchr v2.5.0
[INFO] [stderr]    Compiling once_cell v1.10.0
[INFO] [stderr]    Compiling smallvec v1.8.0
[INFO] [stderr]    Compiling version_check v0.9.4
[INFO] [stderr]    Compiling pin-project-lite v0.2.9
[INFO] [stderr]    Compiling lock_api v0.4.7
[INFO] [stderr]    Compiling bitflags v1.3.2
[INFO] [stderr]    Compiling parking_lot_core v0.9.3
[INFO] [stderr]    Compiling futures-core v0.3.21
[INFO] [stderr]    Compiling serde_derive v1.0.137
[INFO] [stderr]    Compiling xml-rs v0.8.4
[INFO] [stderr]    Compiling quote v1.0.18
[INFO] [stderr]    Compiling bytes v1.1.0
[INFO] [stderr]    Compiling serde v1.0.137
[INFO] [stderr]    Compiling memoffset v0.6.5
[INFO] [stderr]    Compiling futures-sink v0.3.21
[INFO] [stderr]    Compiling pkg-config v0.3.25
[INFO] [stderr]    Compiling tracing-core v0.1.26
[INFO] [stderr]    Compiling futures-task v0.3.21
[INFO] [stderr]    Compiling futures-channel v0.3.21
[INFO] [stderr]    Compiling futures-util v0.3.21
[INFO] [stderr]    Compiling pin-utils v0.1.0
[INFO] [stderr]    Compiling futures-io v0.3.21
[INFO] [stderr]    Compiling slab v0.4.6
[INFO] [stderr]    Compiling wayland-scanner v0.29.4
[INFO] [stderr]    Compiling itoa v1.0.1
[INFO] [stderr]    Compiling jobserver v0.1.24
[INFO] [stderr]    Compiling mio v0.8.2
[INFO] [stderr]    Compiling signal-hook-registry v1.4.0
[INFO] [stderr]    Compiling getrandom v0.2.6
[INFO] [stderr]    Compiling parking_lot v0.12.0
[INFO] [stderr]    Compiling cc v1.0.73
[INFO] [stderr]    Compiling socket2 v0.4.4
[INFO] [stderr]    Compiling num_cpus v1.13.1
[INFO] [stderr]    Compiling nix v0.22.3
[INFO] [stderr]    Compiling typenum v1.15.0
[INFO] [stderr]    Compiling wayland-sys v0.29.4
[INFO] [stderr]    Compiling ahash v0.7.6
[INFO] [stderr]    Compiling libloading v0.7.3
[INFO] [stderr]    Compiling base64 v0.13.0
[INFO] [stderr]    Compiling dlib v0.5.0
[INFO] [stderr]    Compiling tinyvec_macros v0.1.0
[INFO] [stderr]    Compiling matches v0.1.9
[INFO] [stderr]    Compiling khronos_api v3.1.0
[INFO] [stderr]    Compiling tinyvec v1.6.0
[INFO] [stderr]    Compiling ring v0.16.20
[INFO] [stderr]    Compiling wayland-client v0.29.4
[INFO] [stderr]    Compiling paste v1.0.7
[INFO] [stderr]    Compiling spin v0.5.2
[INFO] [stderr]    Compiling untrusted v0.7.1
[INFO] [stderr]    Compiling form_urlencoded v1.0.1
[INFO] [stderr]    Compiling generic-array v0.14.5
[INFO] [stderr]    Compiling num-traits v0.2.15
[INFO] [stderr]    Compiling unicode-normalization v0.1.19
[INFO] [stderr]    Compiling parking_lot_core v0.8.5
[INFO] [stderr]    Compiling crc32fast v1.3.2
[INFO] [stderr]    Compiling downcast-rs v1.2.0
[INFO] [stderr]    Compiling unicode-bidi v0.3.8
[INFO] [stderr]    Compiling gl_generator v0.14.0
[INFO] [stderr]    Compiling idna v0.2.3
[INFO] [stderr]    Compiling zstd-sys v1.6.3+zstd.1.5.2
[INFO] [stderr]    Compiling instant v0.1.12
[INFO] [stderr]    Compiling minimal-lexical v0.2.1
[INFO] [stderr]    Compiling url v2.2.2
[INFO] [stderr]    Compiling nom v7.1.1
[INFO] [stderr]    Compiling wayland-commons v0.29.4
[INFO] [stderr]    Compiling wayland-protocols v0.29.4
[INFO] [stderr]    Compiling x11-dl v2.19.1
[INFO] [stderr]    Compiling ttf-parser v0.15.0
[INFO] [stderr]    Compiling rustls v0.20.4
[INFO] [stderr]    Compiling adler v1.0.2
[INFO] [stderr]    Compiling local-waker v0.1.3
[INFO] [stderr]    Compiling miniz_oxide v0.5.1
[INFO] [stderr]    Compiling parking_lot v0.11.2
[INFO] [stderr]    Compiling webpki v0.22.0
[INFO] [stderr]    Compiling xcursor v0.3.4
[INFO] [stderr]    Compiling sct v0.7.0
[INFO] [stderr]    Compiling http v0.2.7
[INFO] [stderr]    Compiling smithay-client-toolkit v0.15.4
[INFO] [stderr]    Compiling indexmap v1.8.1
[INFO] [stderr]    Compiling semver v1.0.9
[INFO] [stderr]    Compiling ab_glyph_rasterizer v0.1.5
[INFO] [stderr]    Compiling zstd-safe v4.1.4+zstd.1.5.2
[INFO] [stderr]    Compiling ryu v1.0.9
[INFO] [stderr]    Compiling serde_json v1.0.81
[INFO] [stderr]    Compiling crossbeam-utils v0.8.8
[INFO] [stderr]    Compiling alloc-no-stdlib v2.0.3
[INFO] [stderr]    Compiling owned_ttf_parser v0.15.0
[INFO] [stderr]    Compiling futures-macro v0.3.21
[INFO] [stderr]    Compiling tracing-attributes v0.1.21
[INFO] [stderr]    Compiling tokio-macros v1.7.0
[INFO] [stderr]    Compiling bytemuck_derive v1.1.0
[INFO] [stderr]    Compiling thiserror-impl v1.0.31
[INFO] [stderr]    Compiling tokio v1.18.1
[INFO] [stderr]    Compiling ab_glyph v0.2.15
[INFO] [stderr]    Compiling bytemuck v1.9.1
[INFO] [stderr]    Compiling alloc-stdlib v0.2.1
[INFO] [stderr]    Compiling wayland-cursor v0.29.4
[INFO] [stderr]    Compiling tracing v0.1.34
[INFO] [stderr]    Compiling flate2 v1.0.23
[INFO] [stderr]    Compiling thiserror v1.0.31
[INFO] [stderr]    Compiling actix-utils v3.0.0
[INFO] [stderr]    Compiling block-buffer v0.10.2
[INFO] [stderr]    Compiling crypto-common v0.1.3
[INFO] [stderr]    Compiling calloop v0.9.3
[INFO] [stderr]    Compiling actix-service v2.0.2
[INFO] [stderr]    Compiling rand_core v0.6.3
[INFO] [stderr]    Compiling memmap2 v0.3.1
[INFO] [stderr]    Compiling bytestring v1.0.0
[INFO] [stderr]    Compiling aho-corasick v0.7.18
[INFO] [stderr]    Compiling unicase v2.6.0
[INFO] [stderr]    Compiling num-integer v0.1.45
[INFO] [stderr]    Compiling encoding_rs v0.8.31
[INFO] [stderr]    Compiling nohash-hasher v0.2.0
[INFO] [stderr]    Compiling hashbrown v0.11.2
[INFO] [stderr]    Compiling ppv-lite86 v0.2.16
[INFO] [stderr]    Compiling httparse v1.7.1
[INFO] [stderr]    Compiling regex-syntax v0.6.25
[INFO] [stderr]    Compiling rand_chacha v0.3.1
[INFO] [stderr]    Compiling futures-executor v0.3.21
[INFO] [stderr]    Compiling tokio-util v0.7.1
[INFO] [stderr]    Compiling actix-rt v2.7.0
[INFO] [stderr]    Compiling tokio-rustls v0.23.3
[INFO] [stderr]    Compiling digest v0.10.3
[INFO] [stderr]    Compiling actix-codec v0.5.0
[INFO] [stderr]    Compiling brotli-decompressor v2.3.2
[INFO] [stderr]    Compiling regex v1.5.5
[INFO] [stderr]    Compiling webpki-roots v0.22.3
[INFO] [stderr]    Compiling glutin_glx_sys v0.1.7
[INFO] [stderr]    Compiling glutin_egl_sys v0.1.5
[INFO] [stderr]    Compiling gethostname v0.2.3
[INFO] [stderr]    Compiling cookie v0.16.0
[INFO] [stderr]    Compiling cpufeatures v0.2.2
[INFO] [stderr]    Compiling time-macros v0.2.4
[INFO] [stderr]    Compiling emath v0.18.0
[INFO] [stderr]    Compiling ron v0.7.0
[INFO] [stderr]    Compiling ident_case v1.0.1
[INFO] [stderr]    Compiling strsim v0.10.0
[INFO] [stderr]    Compiling pin-project-internal v0.4.29
[INFO] [stderr]    Compiling epaint v0.18.1
[INFO] [stderr]    Compiling mime v0.3.16
[INFO] [stderr]    Compiling num_threads v0.1.5
[INFO] [stderr]    Compiling firestorm v0.5.0
[INFO] [stderr]    Compiling convert_case v0.4.0
[INFO] [stderr]    Compiling actix-router v0.5.0
[INFO] [stderr]    Compiling derive_more v0.99.17
[INFO] [stderr]    Compiling time v0.3.9
[INFO] [stderr]    Compiling darling_core v0.13.4
[INFO] [stderr]    Compiling sha-1 v0.10.0
[INFO] [stderr]    Compiling x11rb v0.9.0
[INFO] [stderr]    Compiling actix-tls v3.0.3
[INFO] [stderr]    Compiling brotli v3.3.4
[INFO] [stderr]    Compiling rustc_version v0.4.0
[INFO] [stderr]    Compiling h2 v0.3.13
[INFO] [stderr]    Compiling egui v0.18.1
[INFO] [stderr]    Compiling futures v0.3.21
[INFO] [stderr]    Compiling rand v0.8.5
[INFO] [stderr]    Compiling local-channel v0.1.3
[INFO] [stderr]    Compiling safe_arch v0.6.0
[INFO] [stderr]    Compiling shared_library v0.1.9
[INFO] [stderr]    Compiling num-rational v0.4.0
[INFO] [stderr]    Compiling httpdate v1.0.2
[INFO] [stderr]    Compiling language-tags v0.3.2
[INFO] [stderr]    Compiling osmesa-sys v0.1.2
[INFO] [stderr]    Compiling wide v0.7.4
[INFO] [stderr]    Compiling arboard v2.1.0
[INFO] [stderr]    Compiling mime_guess v2.0.4
[INFO] [stderr]    Compiling darling_macro v0.13.4
[INFO] [stderr]    Compiling futures_cbor_codec v0.3.1
[INFO] [stderr]    Compiling actix-web-codegen v4.0.0
[INFO] [stderr]    Compiling serde_urlencoded v0.7.1
[INFO] [stderr]    Compiling actix-server v2.1.1
[INFO] [stderr]    Compiling actix-macros v0.2.3
[INFO] [stderr]    Compiling wayland-egl v0.29.4
[INFO] [stderr]    Compiling approx v0.5.1
[INFO] [stderr]    Compiling num-complex v0.4.1
[INFO] [stderr]    Compiling webbrowser v0.7.1
[INFO] [stderr]    Compiling dirs-sys-next v0.1.2
[INFO] [stderr]    Compiling crossbeam-epoch v0.9.8
[INFO] [stderr]    Compiling async-trait v0.1.53
[INFO] [stderr]    Compiling half v1.8.2
[INFO] [stderr]    Compiling egui_glow v0.18.0
[INFO] [stderr]    Compiling serde_cbor v0.11.2
[INFO] [stderr]    Compiling matrixmultiply v0.3.2
[INFO] [stderr]    Compiling directories-next v2.0.0
[INFO] [stderr]    Compiling simba v0.7.1
[INFO] [stderr]    Compiling darling v0.13.4
[INFO] [stderr]    Compiling crossbeam-channel v0.5.4
[INFO] [stderr]    Compiling asynchronous-codec v0.6.0
[INFO] [stderr]    Compiling pin-project v0.4.29
[INFO] [stderr]    Compiling nalgebra-macros v0.1.0
[INFO] [stderr]    Compiling actix_derive v0.6.0
[INFO] [stderr]    Compiling quick-xml v0.22.0
[INFO] [stderr]    Compiling cached_proc_macro_types v0.1.0
[INFO] [stderr]    Compiling byteorder v1.4.3
[INFO] [stderr]    Compiling anyhow v1.0.57
[INFO] [stderr]    Compiling bytes v0.5.6
[INFO] [stderr]    Compiling fxhash v0.2.1
[INFO] [stderr]    Compiling minidom v0.14.0
[INFO] [stderr]    Compiling cached_proc_macro v0.12.0
[INFO] [stderr]    Compiling actix v0.13.0
[INFO] [stderr]    Compiling futures_codec v0.4.1
[INFO] [stderr]    Compiling chrono v0.4.19
[INFO] [stderr]    Compiling rustls-pemfile v1.0.0
[INFO] [stderr]    Compiling uuid v1.0.0
[INFO] [stderr]    Compiling fs2 v0.4.3
[INFO] [stderr]    Compiling tracing-log v0.1.3
[INFO] [stderr]    Compiling thread_local v1.1.4
[INFO] [stderr]    Compiling sharded-slab v0.1.4
[INFO] [stderr]    Compiling ansi_term v0.12.1
[INFO] [stderr]    Compiling http-range v0.1.5
[INFO] [stderr]    Compiling askama_escape v0.10.3
[INFO] [stderr]    Compiling hashbrown v0.12.1
[INFO] [stderr]    Compiling urlencoding v2.1.0
[INFO] [stderr]    Compiling openssl-probe v0.1.5
[INFO] [stderr]    Compiling async_once v0.2.6
[INFO] [stderr]    Compiling rustls-native-certs v0.6.2
[INFO] [stderr]    Compiling sled v0.34.7
[INFO] [stderr]    Compiling tracing-subscriber v0.3.11
[INFO] [stderr]    Compiling cached v0.34.0
[INFO] [stderr]    Compiling nalgebra v0.31.0
[INFO] [stderr]    Compiling zstd v0.10.0+zstd.1.5.2
[INFO] [stderr]    Compiling actix-http v3.0.4
[INFO] [stderr]    Compiling actix-web v4.0.1
[INFO] [stderr]    Compiling actix-web-actors v4.1.0
[INFO] [stderr]    Compiling actix-files v0.6.0
[INFO] [stderr]    Compiling dserver v0.1.0 (/opt/rustwide/workdir/dserver)
[INFO] [stderr]    Compiling winit v0.26.1
[INFO] [stderr]    Compiling egui-winit v0.18.0
[INFO] [stderr]    Compiling glutin v0.28.0
[INFO] [stderr]    Compiling eframe v0.18.0
[INFO] [stderr]    Compiling diadro v0.1.0 (/opt/rustwide/workdir/diadro)
[INFO] [stderr]     Finished dev [unoptimized + debuginfo] target(s) in 2m 13s
[INFO] [stderr] warning: the following packages contain code that will be rejected by a future version of Rust: quick-xml v0.22.0
[INFO] [stderr] note: to see what the problems were, use the option `--future-incompat-report`, or run `cargo report future-incompatibilities --id 2`
[INFO] running `Command { std: "docker" "inspect" "ddadaf9f4bd839afcc96146a60c882cbf054391b1dd27e1bb962827ae4ea6a21", kill_on_drop: false }`
[INFO] running `Command { std: "docker" "rm" "-f" "ddadaf9f4bd839afcc96146a60c882cbf054391b1dd27e1bb962827ae4ea6a21", kill_on_drop: false }`
[INFO] [stdout] ddadaf9f4bd839afcc96146a60c882cbf054391b1dd27e1bb962827ae4ea6a21
[INFO] running `Command { std: "docker" "create" "-v" "/var/lib/crater-agent-workspace/builds/worker-0-tc1/target:/opt/rustwide/target:rw,Z" "-v" "/var/lib/crater-agent-workspace/builds/worker-0-tc1/source:/opt/rustwide/workdir:ro,Z" "-v" "/var/lib/crater-agent-workspace/cargo-home:/opt/rustwide/cargo-home:ro,Z" "-v" "/var/lib/crater-agent-workspace/rustup-home:/opt/rustwide/rustup-home:ro,Z" "-e" "SOURCE_DIR=/opt/rustwide/workdir" "-e" "CARGO_TARGET_DIR=/opt/rustwide/target" "-e" "CARGO_INCREMENTAL=0" "-e" "RUST_BACKTRACE=full" "-e" "RUSTFLAGS=--cap-lints=warn" "-e" "RUSTDOCFLAGS=--cap-lints=warn" "-e" "CARGO_HOME=/opt/rustwide/cargo-home" "-e" "RUSTUP_HOME=/opt/rustwide/rustup-home" "-w" "/opt/rustwide/workdir" "-m" "1610612736" "--user" "0:0" "--network" "none" "ghcr.io/rust-lang/crates-build-env/linux@sha256:2788e3201cd34a07e3172128adcd8b3090168a8e3bcc40d7c032b9dda1df7d1c" "/opt/rustwide/cargo-home/bin/cargo" "+1.75.0" "test" "--frozen" "--no-run" "--message-format=json", kill_on_drop: false }`
[INFO] [stdout] b8d861f992778f423d12c5130b4abe8534783ea1d1f461f27a44b55ea6133cad
[INFO] running `Command { std: "docker" "start" "-a" "b8d861f992778f423d12c5130b4abe8534783ea1d1f461f27a44b55ea6133cad", kill_on_drop: false }`
[INFO] [stderr] warning: virtual workspace defaulting to `resolver = "1"` despite one or more workspace members being on edition 2021 which implies `resolver = "2"`
[INFO] [stderr] note: to keep the current resolver, specify `workspace.resolver = "1"` in the workspace root's manifest
[INFO] [stderr] note: to use the edition 2021 resolver, specify `workspace.resolver = "2"` in the workspace root's manifest
[INFO] [stderr] note: for more details see https://doc.rust-lang.org/cargo/reference/resolver.html#resolver-versions
[INFO] [stderr]    Compiling diadro v0.1.0 (/opt/rustwide/workdir/diadro)
[INFO] [stderr]    Compiling dserver v0.1.0 (/opt/rustwide/workdir/dserver)
[INFO] [stderr]     Finished test [unoptimized + debuginfo] target(s) in 5.95s
[INFO] [stderr] warning: the following packages contain code that will be rejected by a future version of Rust: quick-xml v0.22.0
[INFO] [stderr] note: to see what the problems were, use the option `--future-incompat-report`, or run `cargo report future-incompatibilities --id 2`
[INFO] running `Command { std: "docker" "inspect" "b8d861f992778f423d12c5130b4abe8534783ea1d1f461f27a44b55ea6133cad", kill_on_drop: false }`
[INFO] running `Command { std: "docker" "rm" "-f" "b8d861f992778f423d12c5130b4abe8534783ea1d1f461f27a44b55ea6133cad", kill_on_drop: false }`
[INFO] [stdout] b8d861f992778f423d12c5130b4abe8534783ea1d1f461f27a44b55ea6133cad
[INFO] running `Command { std: "docker" "create" "-v" "/var/lib/crater-agent-workspace/builds/worker-0-tc1/target:/opt/rustwide/target:rw,Z" "-v" "/var/lib/crater-agent-workspace/builds/worker-0-tc1/source:/opt/rustwide/workdir:ro,Z" "-v" "/var/lib/crater-agent-workspace/cargo-home:/opt/rustwide/cargo-home:ro,Z" "-v" "/var/lib/crater-agent-workspace/rustup-home:/opt/rustwide/rustup-home:ro,Z" "-e" "SOURCE_DIR=/opt/rustwide/workdir" "-e" "CARGO_TARGET_DIR=/opt/rustwide/target" "-e" "CARGO_INCREMENTAL=0" "-e" "RUST_BACKTRACE=full" "-e" "RUSTFLAGS=--cap-lints=warn" "-e" "RUSTDOCFLAGS=--cap-lints=warn" "-e" "CARGO_HOME=/opt/rustwide/cargo-home" "-e" "RUSTUP_HOME=/opt/rustwide/rustup-home" "-w" "/opt/rustwide/workdir" "-m" "1610612736" "--user" "0:0" "--network" "none" "ghcr.io/rust-lang/crates-build-env/linux@sha256:2788e3201cd34a07e3172128adcd8b3090168a8e3bcc40d7c032b9dda1df7d1c" "/opt/rustwide/cargo-home/bin/cargo" "+1.75.0" "test" "--frozen", kill_on_drop: false }`
[INFO] [stdout] 503409f12c13612df4dca71c26c2078439b27b9dfa77dfb1c3f4cce1f2e4fe7f
[INFO] running `Command { std: "docker" "start" "-a" "503409f12c13612df4dca71c26c2078439b27b9dfa77dfb1c3f4cce1f2e4fe7f", kill_on_drop: false }`
[INFO] [stderr] warning: virtual workspace defaulting to `resolver = "1"` despite one or more workspace members being on edition 2021 which implies `resolver = "2"`
[INFO] [stderr] note: to keep the current resolver, specify `workspace.resolver = "1"` in the workspace root's manifest
[INFO] [stderr] note: to use the edition 2021 resolver, specify `workspace.resolver = "2"` in the workspace root's manifest
[INFO] [stderr] note: for more details see https://doc.rust-lang.org/cargo/reference/resolver.html#resolver-versions
[INFO] [stderr]     Finished test [unoptimized + debuginfo] target(s) in 0.24s
[INFO] [stderr] warning: the following packages contain code that will be rejected by a future version of Rust: quick-xml v0.22.0
[INFO] [stderr] note: to see what the problems were, use the option `--future-incompat-report`, or run `cargo report future-incompatibilities --id 2`
[INFO] [stderr]      Running unittests src/lib.rs (/opt/rustwide/target/debug/deps/diadro-299d3fb0264f68b5)
[INFO] [stdout] 
[INFO] [stdout] running 21 tests
[INFO] [stdout] test graph::utils::tests::test_in_line ... ok
[INFO] [stdout] test graph::arrow::tests::test_arrow_figure_compute_nearest_point ... ok
[INFO] [stdout] test graph::shapes::tests::shadow_place_check_flag ... ok
[INFO] [stdout] test graph::utils::tests::test_line_split ... ok
[INFO] [stdout] test graph::utils::tests::test_pos_zoom ... ok
[INFO] [stdout] test graph::shapes::tests::shadow_place_from ... ok
[INFO] [stdout] test graph::utils::tests::test_over ... ok
[INFO] [stdout] test graph::utils::tests::test_shift_line ... ok
[INFO] [stdout] test graph::shapes::tests::shadow_place_into_u8 ... ok
[INFO] [stdout] test graph::utils::tests::test_rect ... ok
[INFO] [stdout] test rgraph::algo::tests::test_find_map ... ok
[INFO] [stdout] test graph::utils::tests::test_vec_zoom ... ok
[INFO] [stdout] test rgraph::ucell::tests::test_contains ... ok
[INFO] [stdout] test rgraph::ucell::tests::test_rc_properly ... ok
[INFO] [stdout] test rgraph::ucell::tests::test_multiline_contains ... ok
[INFO] [stdout] test rgraph::ucell::tests::test_multiline_contains_cp ... ok
[INFO] [stdout] test rgraph::ucell::tests::serialization_test ... ok
[INFO] [stdout] test rgraph::ucell::tests::test_refs_properly ... ok
[INFO] [stdout] test graph::utils::tests::test_read_mxgraph_compressed_xml ... FAILED
[INFO] [stdout] test rgraph::ucell::tests::test_rc_wrong - should panic ... ok
[INFO] [stdout] test rgraph::ucell::tests::test_refs_wrong - should panic ... ok
[INFO] [stderr] error: test failed, to rerun pass `-p diadro --lib`
[INFO] [stdout] 
[INFO] [stdout] failures:
[INFO] [stdout] 
[INFO] [stdout] ---- graph::utils::tests::test_read_mxgraph_compressed_xml stdout ----
[INFO] [stdout] thread 'graph::utils::tests::test_read_mxgraph_compressed_xml' panicked at diadro/src/graph/utils.rs:357:14:
[INFO] [stdout] File not open: Os { code: 2, kind: NotFound, message: "No such file or directory" }
[INFO] [stdout] stack backtrace:
[INFO] [stdout]    0:     0x55b0852c566c - std::backtrace_rs::backtrace::libunwind::trace::ha637c64ce894333a
[INFO] [stdout]                                at /rustc/82e1608dfa6e0b5569232559e3d385fea5a93112/library/std/src/../../backtrace/src/backtrace/libunwind.rs:104:5
[INFO] [stdout]    1:     0x55b0852c566c - std::backtrace_rs::backtrace::trace_unsynchronized::h47f62dea28e0c88d
[INFO] [stdout]                                at /rustc/82e1608dfa6e0b5569232559e3d385fea5a93112/library/std/src/../../backtrace/src/backtrace/mod.rs:66:5
[INFO] [stdout]    2:     0x55b0852c566c - std::sys_common::backtrace::_print_fmt::h9eef0abe20ede486
[INFO] [stdout]                                at /rustc/82e1608dfa6e0b5569232559e3d385fea5a93112/library/std/src/sys_common/backtrace.rs:67:5
[INFO] [stdout]    3:     0x55b0852c566c - <std::sys_common::backtrace::_print::DisplayBacktrace as core::fmt::Display>::fmt::hed7f999df88cc644
[INFO] [stdout]                                at /rustc/82e1608dfa6e0b5569232559e3d385fea5a93112/library/std/src/sys_common/backtrace.rs:44:22
[INFO] [stdout]    4:     0x55b0852efee0 - core::fmt::rt::Argument::fmt::h1539a9308b8d058d
[INFO] [stdout]                                at /rustc/82e1608dfa6e0b5569232559e3d385fea5a93112/library/core/src/fmt/rt.rs:142:9
[INFO] [stdout]    5:     0x55b0852efee0 - core::fmt::write::h3a39390d8560d9c9
[INFO] [stdout]                                at /rustc/82e1608dfa6e0b5569232559e3d385fea5a93112/library/core/src/fmt/mod.rs:1120:17
[INFO] [stdout]    6:     0x55b0852c301f - std::io::Write::write_fmt::h040b369f3a0f9cbc
[INFO] [stdout]                                at /rustc/82e1608dfa6e0b5569232559e3d385fea5a93112/library/std/src/io/mod.rs:1762:15
[INFO] [stdout]    7:     0x55b0852c5454 - std::sys_common::backtrace::_print::h894006fb5c6f3d45
[INFO] [stdout]                                at /rustc/82e1608dfa6e0b5569232559e3d385fea5a93112/library/std/src/sys_common/backtrace.rs:47:5
[INFO] [stdout]    8:     0x55b0852c5454 - std::sys_common::backtrace::print::h23a2d212c6fff936
[INFO] [stdout]                                at /rustc/82e1608dfa6e0b5569232559e3d385fea5a93112/library/std/src/sys_common/backtrace.rs:34:9
[INFO] [stdout]    9:     0x55b0852c7117 - std::panicking::default_hook::{{closure}}::h8a1d2ee00185001a
[INFO] [stdout]   10:     0x55b0852c6e03 - std::panicking::default_hook::h6038f2eba384e475
[INFO] [stdout]                                at /rustc/82e1608dfa6e0b5569232559e3d385fea5a93112/library/std/src/panicking.rs:289:9
[INFO] [stdout]   11:     0x55b08526f7f7 - <alloc::boxed::Box<F,A> as core::ops::function::Fn<Args>>::call::h0ad024c9bdc6d768
[INFO] [stdout]                                at /rustc/82e1608dfa6e0b5569232559e3d385fea5a93112/library/alloc/src/boxed.rs:2021:9
[INFO] [stdout]   12:     0x55b08526f7f7 - test::test_main::{{closure}}::h7500b54257359db6
[INFO] [stdout]                                at /rustc/82e1608dfa6e0b5569232559e3d385fea5a93112/library/test/src/lib.rs:138:21
[INFO] [stdout]   13:     0x55b0852c7728 - <alloc::boxed::Box<F,A> as core::ops::function::Fn<Args>>::call::h1f8f335eaa9cfaee
[INFO] [stdout]                                at /rustc/82e1608dfa6e0b5569232559e3d385fea5a93112/library/alloc/src/boxed.rs:2021:9
[INFO] [stdout]   14:     0x55b0852c7728 - std::panicking::rust_panic_with_hook::h2b5517d590cab22e
[INFO] [stdout]                                at /rustc/82e1608dfa6e0b5569232559e3d385fea5a93112/library/std/src/panicking.rs:783:13
[INFO] [stdout]   15:     0x55b0852c747e - std::panicking::begin_panic_handler::{{closure}}::h233112c06e0ef43e
[INFO] [stdout]                                at /rustc/82e1608dfa6e0b5569232559e3d385fea5a93112/library/std/src/panicking.rs:657:13
[INFO] [stdout]   16:     0x55b0852c5b36 - std::sys_common::backtrace::__rust_end_short_backtrace::h6e893f24d7ebbff8
[INFO] [stdout]                                at /rustc/82e1608dfa6e0b5569232559e3d385fea5a93112/library/std/src/sys_common/backtrace.rs:170:18
[INFO] [stdout]   17:     0x55b0852c71e2 - rust_begin_unwind
[INFO] [stdout]                                at /rustc/82e1608dfa6e0b5569232559e3d385fea5a93112/library/std/src/panicking.rs:645:5
[INFO] [stdout]   18:     0x55b0851a9225 - core::panicking::panic_fmt::hbf0e066aabfa482c
[INFO] [stdout]                                at /rustc/82e1608dfa6e0b5569232559e3d385fea5a93112/library/core/src/panicking.rs:72:14
[INFO] [stdout]   19:     0x55b0851a97f3 - core::result::unwrap_failed::hddb4fea594200c52
[INFO] [stdout]                                at /rustc/82e1608dfa6e0b5569232559e3d385fea5a93112/library/core/src/result.rs:1653:5
[INFO] [stdout]   20:     0x55b0851ce36e - core::result::Result<T,E>::expect::hedb62cff3331bd57
[INFO] [stdout]                                at /rustc/82e1608dfa6e0b5569232559e3d385fea5a93112/library/core/src/result.rs:1034:23
[INFO] [stdout]   21:     0x55b0851c933f - diadro::graph::utils::tests::test_read_mxgraph_compressed_xml::h9eed309bcbd656d8
[INFO] [stdout]                                at /opt/rustwide/workdir/diadro/src/graph/utils.rs:356:23
[INFO] [stdout]   22:     0x55b0851c92d7 - diadro::graph::utils::tests::test_read_mxgraph_compressed_xml::{{closure}}::hf2db0b7f9084b358
[INFO] [stdout]                                at /opt/rustwide/workdir/diadro/src/graph/utils.rs:353:42
[INFO] [stdout]   23:     0x55b0851aa666 - core::ops::function::FnOnce::call_once::h167c59b0be3bfafe
[INFO] [stdout]                                at /rustc/82e1608dfa6e0b5569232559e3d385fea5a93112/library/core/src/ops/function.rs:250:5
[INFO] [stdout]   24:     0x55b085274e4f - core::ops::function::FnOnce::call_once::h2b5d431d5046312d
[INFO] [stdout]                                at /rustc/82e1608dfa6e0b5569232559e3d385fea5a93112/library/core/src/ops/function.rs:250:5
[INFO] [stdout]   25:     0x55b085274e4f - test::__rust_begin_short_backtrace::h7714669af176e207
[INFO] [stdout]                                at /rustc/82e1608dfa6e0b5569232559e3d385fea5a93112/library/test/src/lib.rs:628:18
[INFO] [stdout]   26:     0x55b085273e65 - test::run_test_in_process::{{closure}}::h85218797dcbcec12
[INFO] [stdout]                                at /rustc/82e1608dfa6e0b5569232559e3d385fea5a93112/library/test/src/lib.rs:651:60
[INFO] [stdout]   27:     0x55b085273e65 - <core::panic::unwind_safe::AssertUnwindSafe<F> as core::ops::function::FnOnce<()>>::call_once::h76c106ea31c14d7b
[INFO] [stdout]                                at /rustc/82e1608dfa6e0b5569232559e3d385fea5a93112/library/core/src/panic/unwind_safe.rs:272:9
[INFO] [stdout]   28:     0x55b085273e65 - std::panicking::try::do_call::h3bd5d0f6620ee946
[INFO] [stdout]                                at /rustc/82e1608dfa6e0b5569232559e3d385fea5a93112/library/std/src/panicking.rs:552:40
[INFO] [stdout]   29:     0x55b085273e65 - std::panicking::try::h232e535e4744fe31
[INFO] [stdout]                                at /rustc/82e1608dfa6e0b5569232559e3d385fea5a93112/library/std/src/panicking.rs:516:19
[INFO] [stdout]   30:     0x55b085273e65 - std::panic::catch_unwind::h3ce3bd6ca8dbac68
[INFO] [stdout]                                at /rustc/82e1608dfa6e0b5569232559e3d385fea5a93112/library/std/src/panic.rs:142:14
[INFO] [stdout]   31:     0x55b085273e65 - test::run_test_in_process::hc97b257c9621286a
[INFO] [stdout]                                at /rustc/82e1608dfa6e0b5569232559e3d385fea5a93112/library/test/src/lib.rs:651:27
[INFO] [stdout]   32:     0x55b085273e65 - test::run_test::{{closure}}::h2aa798823a438d38
[INFO] [stdout]                                at /rustc/82e1608dfa6e0b5569232559e3d385fea5a93112/library/test/src/lib.rs:574:43
[INFO] [stdout]   33:     0x55b08523c126 - test::run_test::{{closure}}::h87d231c78fb59832
[INFO] [stdout]                                at /rustc/82e1608dfa6e0b5569232559e3d385fea5a93112/library/test/src/lib.rs:602:41
[INFO] [stdout]   34:     0x55b08523c126 - std::sys_common::backtrace::__rust_begin_short_backtrace::he6df152596625789
[INFO] [stdout]                                at /rustc/82e1608dfa6e0b5569232559e3d385fea5a93112/library/std/src/sys_common/backtrace.rs:154:18
[INFO] [stdout]   35:     0x55b0852411d7 - std::thread::Builder::spawn_unchecked_::{{closure}}::{{closure}}::ha94be15d1e0acf36
[INFO] [stdout]                                at /rustc/82e1608dfa6e0b5569232559e3d385fea5a93112/library/std/src/thread/mod.rs:529:17
[INFO] [stdout]   36:     0x55b0852411d7 - <core::panic::unwind_safe::AssertUnwindSafe<F> as core::ops::function::FnOnce<()>>::call_once::h9dc6bd6372f16606
[INFO] [stdout]                                at /rustc/82e1608dfa6e0b5569232559e3d385fea5a93112/library/core/src/panic/unwind_safe.rs:272:9
[INFO] [stdout]   37:     0x55b0852411d7 - std::panicking::try::do_call::h9057517f80303cd4
[INFO] [stdout]                                at /rustc/82e1608dfa6e0b5569232559e3d385fea5a93112/library/std/src/panicking.rs:552:40
[INFO] [stdout]   38:     0x55b0852411d7 - std::panicking::try::he3a30b11ee45340c
[INFO] [stdout]                                at /rustc/82e1608dfa6e0b5569232559e3d385fea5a93112/library/std/src/panicking.rs:516:19
[INFO] [stdout]   39:     0x55b0852411d7 - std::panic::catch_unwind::h410458cfd3528b8b
[INFO] [stdout]                                at /rustc/82e1608dfa6e0b5569232559e3d385fea5a93112/library/std/src/panic.rs:142:14
[INFO] [stdout]   40:     0x55b0852411d7 - std::thread::Builder::spawn_unchecked_::{{closure}}::h72ac3bdb567b737b
[INFO] [stdout]                                at /rustc/82e1608dfa6e0b5569232559e3d385fea5a93112/library/std/src/thread/mod.rs:528:30
[INFO] [stdout]   41:     0x55b0852411d7 - core::ops::function::FnOnce::call_once{{vtable.shim}}::h38f34da3654a8344
[INFO] [stdout]                                at /rustc/82e1608dfa6e0b5569232559e3d385fea5a93112/library/core/src/ops/function.rs:250:5
[INFO] [stdout]   42:     0x55b0852cc1b5 - <alloc::boxed::Box<F,A> as core::ops::function::FnOnce<Args>>::call_once::hc7eafaff61e32df9
[INFO] [stdout]                                at /rustc/82e1608dfa6e0b5569232559e3d385fea5a93112/library/alloc/src/boxed.rs:2007:9
[INFO] [stdout]   43:     0x55b0852cc1b5 - <alloc::boxed::Box<F,A> as core::ops::function::FnOnce<Args>>::call_once::h6ba4a5de48dd2304
[INFO] [stdout]                                at /rustc/82e1608dfa6e0b5569232559e3d385fea5a93112/library/alloc/src/boxed.rs:2007:9
[INFO] [stdout]   44:     0x55b0852cc1b5 - std::sys::unix::thread::Thread::new::thread_start::he469335aef763e45
[INFO] [stdout]                                at /rustc/82e1608dfa6e0b5569232559e3d385fea5a93112/library/std/src/sys/unix/thread.rs:108:17
[INFO] [stdout]   45:     0x7f2e0692fac3 - <unknown>
[INFO] [stdout]   46:     0x7f2e069c0bf4 - __clone
[INFO] [stdout]   47:                0x0 - <unknown>
[INFO] [stdout] 
[INFO] [stdout] 
[INFO] [stdout] failures:
[INFO] [stdout]     graph::utils::tests::test_read_mxgraph_compressed_xml
[INFO] [stdout] 
[INFO] [stdout] test result: FAILED. 20 passed; 1 failed; 0 ignored; 0 measured; 0 filtered out; finished in 0.20s
[INFO] [stdout] 
[INFO] running `Command { std: "docker" "inspect" "503409f12c13612df4dca71c26c2078439b27b9dfa77dfb1c3f4cce1f2e4fe7f", kill_on_drop: false }`
[INFO] running `Command { std: "docker" "rm" "-f" "503409f12c13612df4dca71c26c2078439b27b9dfa77dfb1c3f4cce1f2e4fe7f", kill_on_drop: false }`
[INFO] [stdout] 503409f12c13612df4dca71c26c2078439b27b9dfa77dfb1c3f4cce1f2e4fe7f
[INFO] testing anatse/diadro_ws against beta-2023-12-22 for beta-1.76-1
[INFO] running `Command { std: "git" "clone" "/workspace/cache/git-repos/https%3A%2F%2Fgithub.com%2Fanatse%2Fdiadro_ws" "/workspace/builds/worker-0-tc2/source", kill_on_drop: false }`
[INFO] [stderr] Cloning into '/workspace/builds/worker-0-tc2/source'...
[INFO] [stderr] done.
[INFO] validating manifest of git repo https://github.com/anatse/diadro_ws on toolchain beta-2023-12-22
[INFO] running `Command { std: CARGO_HOME="/workspace/cargo-home" RUSTUP_HOME="/workspace/rustup-home" "/workspace/cargo-home/bin/cargo" "+beta-2023-12-22" "metadata" "--manifest-path" "Cargo.toml" "--no-deps", kill_on_drop: false }`
[INFO] started tweaking git repo https://github.com/anatse/diadro_ws
[INFO] finished tweaking git repo https://github.com/anatse/diadro_ws
[INFO] tweaked toml for git repo https://github.com/anatse/diadro_ws written to /workspace/builds/worker-0-tc2/source/Cargo.toml
[INFO] crate git repo https://github.com/anatse/diadro_ws already has a lockfile, it will not be regenerated
[INFO] running `Command { std: CARGO_HOME="/workspace/cargo-home" RUSTUP_HOME="/workspace/rustup-home" "/workspace/cargo-home/bin/cargo" "+beta-2023-12-22" "fetch" "--manifest-path" "Cargo.toml", kill_on_drop: false }`
[INFO] [stderr] warning: virtual workspace defaulting to `resolver = "1"` despite one or more workspace members being on edition 2021 which implies `resolver = "2"`
[INFO] [stderr] note: to keep the current resolver, specify `workspace.resolver = "1"` in the workspace root's manifest
[INFO] [stderr] note: to use the edition 2021 resolver, specify `workspace.resolver = "2"` in the workspace root's manifest
[INFO] [stderr] note: for more details see https://doc.rust-lang.org/cargo/reference/resolver.html#resolver-versions
[INFO] running `Command { std: "docker" "create" "-v" "/var/lib/crater-agent-workspace/builds/worker-0-tc2/target:/opt/rustwide/target:rw,Z" "-v" "/var/lib/crater-agent-workspace/builds/worker-0-tc2/source:/opt/rustwide/workdir:ro,Z" "-v" "/var/lib/crater-agent-workspace/cargo-home:/opt/rustwide/cargo-home:ro,Z" "-v" "/var/lib/crater-agent-workspace/rustup-home:/opt/rustwide/rustup-home:ro,Z" "-e" "SOURCE_DIR=/opt/rustwide/workdir" "-e" "CARGO_TARGET_DIR=/opt/rustwide/target" "-e" "CARGO_HOME=/opt/rustwide/cargo-home" "-e" "RUSTUP_HOME=/opt/rustwide/rustup-home" "-w" "/opt/rustwide/workdir" "-m" "1610612736" "--user" "0:0" "--network" "none" "ghcr.io/rust-lang/crates-build-env/linux@sha256:2788e3201cd34a07e3172128adcd8b3090168a8e3bcc40d7c032b9dda1df7d1c" "/opt/rustwide/cargo-home/bin/cargo" "+beta-2023-12-22" "metadata" "--no-deps" "--format-version=1", kill_on_drop: false }`
[INFO] [stdout] 7be004a4b71edf9dff870ed9110a007fb5b5e5f9760c3eeb4a69c2913c684d4e
[INFO] running `Command { std: "docker" "start" "-a" "7be004a4b71edf9dff870ed9110a007fb5b5e5f9760c3eeb4a69c2913c684d4e", kill_on_drop: false }`
[INFO] running `Command { std: "docker" "inspect" "7be004a4b71edf9dff870ed9110a007fb5b5e5f9760c3eeb4a69c2913c684d4e", kill_on_drop: false }`
[INFO] running `Command { std: "docker" "rm" "-f" "7be004a4b71edf9dff870ed9110a007fb5b5e5f9760c3eeb4a69c2913c684d4e", kill_on_drop: false }`
[INFO] [stdout] 7be004a4b71edf9dff870ed9110a007fb5b5e5f9760c3eeb4a69c2913c684d4e
[INFO] running `Command { std: "docker" "create" "-v" "/var/lib/crater-agent-workspace/builds/worker-0-tc2/target:/opt/rustwide/target:rw,Z" "-v" "/var/lib/crater-agent-workspace/builds/worker-0-tc2/source:/opt/rustwide/workdir:ro,Z" "-v" "/var/lib/crater-agent-workspace/cargo-home:/opt/rustwide/cargo-home:ro,Z" "-v" "/var/lib/crater-agent-workspace/rustup-home:/opt/rustwide/rustup-home:ro,Z" "-e" "SOURCE_DIR=/opt/rustwide/workdir" "-e" "CARGO_TARGET_DIR=/opt/rustwide/target" "-e" "CARGO_INCREMENTAL=0" "-e" "RUST_BACKTRACE=full" "-e" "RUSTFLAGS=--cap-lints=warn" "-e" "RUSTDOCFLAGS=--cap-lints=warn" "-e" "CARGO_HOME=/opt/rustwide/cargo-home" "-e" "RUSTUP_HOME=/opt/rustwide/rustup-home" "-w" "/opt/rustwide/workdir" "-m" "1610612736" "--user" "0:0" "--network" "none" "ghcr.io/rust-lang/crates-build-env/linux@sha256:2788e3201cd34a07e3172128adcd8b3090168a8e3bcc40d7c032b9dda1df7d1c" "/opt/rustwide/cargo-home/bin/cargo" "+beta-2023-12-22" "build" "--frozen" "--message-format=json", kill_on_drop: false }`
[INFO] [stdout] ed2d7247733afdb5ef74af99214cf8f8d65722149b5f13501943730c0912abb8
[INFO] running `Command { std: "docker" "start" "-a" "ed2d7247733afdb5ef74af99214cf8f8d65722149b5f13501943730c0912abb8", kill_on_drop: false }`
[INFO] [stderr] warning: virtual workspace defaulting to `resolver = "1"` despite one or more workspace members being on edition 2021 which implies `resolver = "2"`
[INFO] [stderr] note: to keep the current resolver, specify `workspace.resolver = "1"` in the workspace root's manifest
[INFO] [stderr] note: to use the edition 2021 resolver, specify `workspace.resolver = "2"` in the workspace root's manifest
[INFO] [stderr] note: for more details see https://doc.rust-lang.org/cargo/reference/resolver.html#resolver-versions
[INFO] [stderr]    Compiling libc v0.2.125
[INFO] [stderr]    Compiling proc-macro2 v1.0.37
[INFO] [stderr]    Compiling unicode-xid v0.2.3
[INFO] [stderr]    Compiling syn v1.0.92
[INFO] [stderr]    Compiling autocfg v1.1.0
[INFO] [stderr]    Compiling log v0.4.17
[INFO] [stderr]    Compiling memchr v2.5.0
[INFO] [stderr]    Compiling once_cell v1.10.0
[INFO] [stderr]    Compiling smallvec v1.8.0
[INFO] [stderr]    Compiling version_check v0.9.4
[INFO] [stderr]    Compiling pin-project-lite v0.2.9
[INFO] [stderr]    Compiling lock_api v0.4.7
[INFO] [stderr]    Compiling bitflags v1.3.2
[INFO] [stderr]    Compiling futures-core v0.3.21
[INFO] [stderr]    Compiling parking_lot_core v0.9.3
[INFO] [stderr]    Compiling serde_derive v1.0.137
[INFO] [stderr]    Compiling bytes v1.1.0
[INFO] [stderr]    Compiling xml-rs v0.8.4
[INFO] [stderr]    Compiling serde v1.0.137
[INFO] [stderr]    Compiling quote v1.0.18
[INFO] [stderr]    Compiling memoffset v0.6.5
[INFO] [stderr]    Compiling futures-sink v0.3.21
[INFO] [stderr]    Compiling pkg-config v0.3.25
[INFO] [stderr]    Compiling tracing-core v0.1.26
[INFO] [stderr]    Compiling futures-channel v0.3.21
[INFO] [stderr]    Compiling jobserver v0.1.24
[INFO] [stderr]    Compiling mio v0.8.2
[INFO] [stderr]    Compiling parking_lot v0.12.0
[INFO] [stderr]    Compiling cc v1.0.73
[INFO] [stderr]    Compiling futures-task v0.3.21
[INFO] [stderr]    Compiling futures-util v0.3.21
[INFO] [stderr]    Compiling slab v0.4.6
[INFO] [stderr]    Compiling futures-io v0.3.21
[INFO] [stderr]    Compiling pin-utils v0.1.0
[INFO] [stderr]    Compiling socket2 v0.4.4
[INFO] [stderr]    Compiling num_cpus v1.13.1
[INFO] [stderr]    Compiling getrandom v0.2.6
[INFO] [stderr]    Compiling signal-hook-registry v1.4.0
[INFO] [stderr]    Compiling nix v0.22.3
[INFO] [stderr]    Compiling wayland-scanner v0.29.4
[INFO] [stderr]    Compiling itoa v1.0.1
[INFO] [stderr]    Compiling typenum v1.15.0
[INFO] [stderr]    Compiling wayland-sys v0.29.4
[INFO] [stderr]    Compiling ahash v0.7.6
[INFO] [stderr]    Compiling libloading v0.7.3
[INFO] [stderr]    Compiling base64 v0.13.0
[INFO] [stderr]    Compiling ring v0.16.20
[INFO] [stderr]    Compiling dlib v0.5.0
[INFO] [stderr]    Compiling matches v0.1.9
[INFO] [stderr]    Compiling tinyvec_macros v0.1.0
[INFO] [stderr]    Compiling khronos_api v3.1.0
[INFO] [stderr]    Compiling tinyvec v1.6.0
[INFO] [stderr]    Compiling spin v0.5.2
[INFO] [stderr]    Compiling untrusted v0.7.1
[INFO] [stderr]    Compiling paste v1.0.7
[INFO] [stderr]    Compiling wayland-client v0.29.4
[INFO] [stderr]    Compiling form_urlencoded v1.0.1
[INFO] [stderr]    Compiling generic-array v0.14.5
[INFO] [stderr]    Compiling num-traits v0.2.15
[INFO] [stderr]    Compiling unicode-normalization v0.1.19
[INFO] [stderr]    Compiling parking_lot_core v0.8.5
[INFO] [stderr]    Compiling downcast-rs v1.2.0
[INFO] [stderr]    Compiling unicode-bidi v0.3.8
[INFO] [stderr]    Compiling crc32fast v1.3.2
[INFO] [stderr]    Compiling gl_generator v0.14.0
[INFO] [stderr]    Compiling idna v0.2.3
[INFO] [stderr]    Compiling zstd-sys v1.6.3+zstd.1.5.2
[INFO] [stderr]    Compiling instant v0.1.12
[INFO] [stderr]    Compiling minimal-lexical v0.2.1
[INFO] [stderr]    Compiling url v2.2.2
[INFO] [stderr]    Compiling nom v7.1.1
[INFO] [stderr]    Compiling wayland-commons v0.29.4
[INFO] [stderr]    Compiling wayland-protocols v0.29.4
[INFO] [stderr]    Compiling x11-dl v2.19.1
[INFO] [stderr]    Compiling rustls v0.20.4
[INFO] [stderr]    Compiling ttf-parser v0.15.0
[INFO] [stderr]    Compiling adler v1.0.2
[INFO] [stderr]    Compiling local-waker v0.1.3
[INFO] [stderr]    Compiling miniz_oxide v0.5.1
[INFO] [stderr]    Compiling xcursor v0.3.4
[INFO] [stderr]    Compiling parking_lot v0.11.2
[INFO] [stderr]    Compiling tracing-attributes v0.1.21
[INFO] [stderr]    Compiling futures-macro v0.3.21
[INFO] [stderr]    Compiling tokio-macros v1.7.0
[INFO] [stderr]    Compiling bytemuck_derive v1.1.0
[INFO] [stderr]    Compiling tokio v1.18.1
[INFO] [stderr]    Compiling webpki v0.22.0
[INFO] [stderr]    Compiling owned_ttf_parser v0.15.0
[INFO] [stderr]    Compiling tracing v0.1.34
[INFO] [stderr]    Compiling sct v0.7.0
[INFO] [stderr]    Compiling bytemuck v1.9.1
[INFO] [stderr]    Compiling thiserror-impl v1.0.31
[INFO] [stderr]    Compiling http v0.2.7
[INFO] [stderr]    Compiling smithay-client-toolkit v0.15.4
[INFO] [stderr]    Compiling indexmap v1.8.1
[INFO] [stderr]    Compiling serde_json v1.0.81
[INFO] [stderr]    Compiling alloc-no-stdlib v2.0.3
[INFO] [stderr]    Compiling ab_glyph_rasterizer v0.1.5
[INFO] [stderr]    Compiling ryu v1.0.9
[INFO] [stderr]    Compiling crossbeam-utils v0.8.8
[INFO] [stderr]    Compiling semver v1.0.9
[INFO] [stderr]    Compiling zstd-safe v4.1.4+zstd.1.5.2
[INFO] [stderr]    Compiling ab_glyph v0.2.15
[INFO] [stderr]    Compiling alloc-stdlib v0.2.1
[INFO] [stderr]    Compiling flate2 v1.0.23
[INFO] [stderr]    Compiling thiserror v1.0.31
[INFO] [stderr]    Compiling wayland-cursor v0.29.4
[INFO] [stderr]    Compiling actix-utils v3.0.0
[INFO] [stderr]    Compiling crypto-common v0.1.3
[INFO] [stderr]    Compiling block-buffer v0.10.2
[INFO] [stderr]    Compiling calloop v0.9.3
[INFO] [stderr]    Compiling actix-service v2.0.2
[INFO] [stderr]    Compiling tokio-util v0.7.1
[INFO] [stderr]    Compiling actix-rt v2.7.0
[INFO] [stderr]    Compiling rand_core v0.6.3
[INFO] [stderr]    Compiling memmap2 v0.3.1
[INFO] [stderr]    Compiling aho-corasick v0.7.18
[INFO] [stderr]    Compiling bytestring v1.0.0
[INFO] [stderr]    Compiling unicase v2.6.0
[INFO] [stderr]    Compiling num-integer v0.1.45
[INFO] [stderr]    Compiling hashbrown v0.11.2
[INFO] [stderr]    Compiling httparse v1.7.1
[INFO] [stderr]    Compiling nohash-hasher v0.2.0
[INFO] [stderr]    Compiling encoding_rs v0.8.31
[INFO] [stderr]    Compiling ppv-lite86 v0.2.16
[INFO] [stderr]    Compiling regex-syntax v0.6.25
[INFO] [stderr]    Compiling tokio-rustls v0.23.3
[INFO] [stderr]    Compiling rand_chacha v0.3.1
[INFO] [stderr]    Compiling actix-codec v0.5.0
[INFO] [stderr]    Compiling digest v0.10.3
[INFO] [stderr]    Compiling futures-executor v0.3.21
[INFO] [stderr]    Compiling brotli-decompressor v2.3.2
[INFO] [stderr]    Compiling emath v0.18.0
[INFO] [stderr]    Compiling ron v0.7.0
[INFO] [stderr]    Compiling epaint v0.18.1
[INFO] [stderr]    Compiling regex v1.5.5
[INFO] [stderr]    Compiling webpki-roots v0.22.3
[INFO] [stderr]    Compiling glutin_glx_sys v0.1.7
[INFO] [stderr]    Compiling glutin_egl_sys v0.1.5
[INFO] [stderr]    Compiling gethostname v0.2.3
[INFO] [stderr]    Compiling cookie v0.16.0
[INFO] [stderr]    Compiling num_threads v0.1.5
[INFO] [stderr]    Compiling firestorm v0.5.0
[INFO] [stderr]    Compiling mime v0.3.16
[INFO] [stderr]    Compiling ident_case v1.0.1
[INFO] [stderr]    Compiling strsim v0.10.0
[INFO] [stderr]    Compiling time-macros v0.2.4
[INFO] [stderr]    Compiling convert_case v0.4.0
[INFO] [stderr]    Compiling pin-project-internal v0.4.29
[INFO] [stderr]    Compiling cpufeatures v0.2.2
[INFO] [stderr]    Compiling sha-1 v0.10.0
[INFO] [stderr]    Compiling derive_more v0.99.17
[INFO] [stderr]    Compiling egui v0.18.1
[INFO] [stderr]    Compiling actix-router v0.5.0
[INFO] [stderr]    Compiling darling_core v0.13.4
[INFO] [stderr]    Compiling x11rb v0.9.0
[INFO] [stderr]    Compiling time v0.3.9
[INFO] [stderr]    Compiling actix-tls v3.0.3
[INFO] [stderr]    Compiling brotli v3.3.4
[INFO] [stderr]    Compiling rustc_version v0.4.0
[INFO] [stderr]    Compiling futures v0.3.21
[INFO] [stderr]    Compiling rand v0.8.5
[INFO] [stderr]    Compiling h2 v0.3.13
[INFO] [stderr]    Compiling local-channel v0.1.3
[INFO] [stderr]    Compiling safe_arch v0.6.0
[INFO] [stderr]    Compiling shared_library v0.1.9
[INFO] [stderr]    Compiling num-rational v0.4.0
[INFO] [stderr]    Compiling language-tags v0.3.2
[INFO] [stderr]    Compiling httpdate v1.0.2
[INFO] [stderr]    Compiling osmesa-sys v0.1.2
[INFO] [stderr]    Compiling wide v0.7.4
[INFO] [stderr]    Compiling mime_guess v2.0.4
[INFO] [stderr]    Compiling darling_macro v0.13.4
[INFO] [stderr]    Compiling arboard v2.1.0
[INFO] [stderr]    Compiling futures_cbor_codec v0.3.1
[INFO] [stderr]    Compiling actix-web-codegen v4.0.0
[INFO] [stderr]    Compiling serde_urlencoded v0.7.1
[INFO] [stderr]    Compiling actix-server v2.1.1
[INFO] [stderr]    Compiling actix-macros v0.2.3
[INFO] [stderr]    Compiling wayland-egl v0.29.4
[INFO] [stderr]    Compiling approx v0.5.1
[INFO] [stderr]    Compiling num-complex v0.4.1
[INFO] [stderr]    Compiling webbrowser v0.7.1
[INFO] [stderr]    Compiling dirs-sys-next v0.1.2
[INFO] [stderr]    Compiling crossbeam-epoch v0.9.8
[INFO] [stderr]    Compiling async-trait v0.1.53
[INFO] [stderr]    Compiling half v1.8.2
[INFO] [stderr]    Compiling directories-next v2.0.0
[INFO] [stderr]    Compiling serde_cbor v0.11.2
[INFO] [stderr]    Compiling egui_glow v0.18.0
[INFO] [stderr]    Compiling matrixmultiply v0.3.2
[INFO] [stderr]    Compiling simba v0.7.1
[INFO] [stderr]    Compiling pin-project v0.4.29
[INFO] [stderr]    Compiling darling v0.13.4
[INFO] [stderr]    Compiling crossbeam-channel v0.5.4
[INFO] [stderr]    Compiling asynchronous-codec v0.6.0
[INFO] [stderr]    Compiling actix_derive v0.6.0
[INFO] [stderr]    Compiling nalgebra-macros v0.1.0
[INFO] [stderr]    Compiling quick-xml v0.22.0
[INFO] [stderr]    Compiling byteorder v1.4.3
[INFO] [stderr]    Compiling anyhow v1.0.57
[INFO] [stderr]    Compiling cached_proc_macro_types v0.1.0
[INFO] [stderr]    Compiling bytes v0.5.6
[INFO] [stderr]    Compiling cached_proc_macro v0.12.0
[INFO] [stderr]    Compiling actix v0.13.0
[INFO] [stderr]    Compiling fxhash v0.2.1
[INFO] [stderr]    Compiling minidom v0.14.0
[INFO] [stderr]    Compiling futures_codec v0.4.1
[INFO] [stderr]    Compiling chrono v0.4.19
[INFO] [stderr]    Compiling rustls-pemfile v1.0.0
[INFO] [stderr]    Compiling uuid v1.0.0
[INFO] [stderr]    Compiling tracing-log v0.1.3
[INFO] [stderr]    Compiling fs2 v0.4.3
[INFO] [stderr]    Compiling thread_local v1.1.4
[INFO] [stderr]    Compiling sharded-slab v0.1.4
[INFO] [stderr]    Compiling async_once v0.2.6
[INFO] [stderr]    Compiling askama_escape v0.10.3
[INFO] [stderr]    Compiling http-range v0.1.5
[INFO] [stderr]    Compiling ansi_term v0.12.1
[INFO] [stderr]    Compiling hashbrown v0.12.1
[INFO] [stderr]    Compiling urlencoding v2.1.0
[INFO] [stderr]    Compiling openssl-probe v0.1.5
[INFO] [stderr]    Compiling rustls-native-certs v0.6.2
[INFO] [stderr]    Compiling tracing-subscriber v0.3.11
[INFO] [stderr]    Compiling sled v0.34.7
[INFO] [stderr]    Compiling cached v0.34.0
[INFO] [stderr]    Compiling nalgebra v0.31.0
[INFO] [stderr]    Compiling zstd v0.10.0+zstd.1.5.2
[INFO] [stderr]    Compiling actix-http v3.0.4
[INFO] [stderr]    Compiling actix-web v4.0.1
[INFO] [stderr]    Compiling actix-web-actors v4.1.0
[INFO] [stderr]    Compiling actix-files v0.6.0
[INFO] [stderr]    Compiling dserver v0.1.0 (/opt/rustwide/workdir/dserver)
[INFO] [stderr]    Compiling winit v0.26.1
[INFO] [stderr]    Compiling egui-winit v0.18.0
[INFO] [stderr]    Compiling glutin v0.28.0
[INFO] [stderr]    Compiling eframe v0.18.0
[INFO] [stderr]    Compiling diadro v0.1.0 (/opt/rustwide/workdir/diadro)
[INFO] [stderr]     Finished dev [unoptimized + debuginfo] target(s) in 1m 56s
[INFO] [stderr] warning: the following packages contain code that will be rejected by a future version of Rust: quick-xml v0.22.0
[INFO] [stderr] note: to see what the problems were, use the option `--future-incompat-report`, or run `cargo report future-incompatibilities --id 2`
[INFO] running `Command { std: "docker" "inspect" "ed2d7247733afdb5ef74af99214cf8f8d65722149b5f13501943730c0912abb8", kill_on_drop: false }`
[INFO] running `Command { std: "docker" "rm" "-f" "ed2d7247733afdb5ef74af99214cf8f8d65722149b5f13501943730c0912abb8", kill_on_drop: false }`
[INFO] [stdout] ed2d7247733afdb5ef74af99214cf8f8d65722149b5f13501943730c0912abb8
[INFO] running `Command { std: "docker" "create" "-v" "/var/lib/crater-agent-workspace/builds/worker-0-tc2/target:/opt/rustwide/target:rw,Z" "-v" "/var/lib/crater-agent-workspace/builds/worker-0-tc2/source:/opt/rustwide/workdir:ro,Z" "-v" "/var/lib/crater-agent-workspace/cargo-home:/opt/rustwide/cargo-home:ro,Z" "-v" "/var/lib/crater-agent-workspace/rustup-home:/opt/rustwide/rustup-home:ro,Z" "-e" "SOURCE_DIR=/opt/rustwide/workdir" "-e" "CARGO_TARGET_DIR=/opt/rustwide/target" "-e" "CARGO_INCREMENTAL=0" "-e" "RUST_BACKTRACE=full" "-e" "RUSTFLAGS=--cap-lints=warn" "-e" "RUSTDOCFLAGS=--cap-lints=warn" "-e" "CARGO_HOME=/opt/rustwide/cargo-home" "-e" "RUSTUP_HOME=/opt/rustwide/rustup-home" "-w" "/opt/rustwide/workdir" "-m" "1610612736" "--user" "0:0" "--network" "none" "ghcr.io/rust-lang/crates-build-env/linux@sha256:2788e3201cd34a07e3172128adcd8b3090168a8e3bcc40d7c032b9dda1df7d1c" "/opt/rustwide/cargo-home/bin/cargo" "+beta-2023-12-22" "test" "--frozen" "--no-run" "--message-format=json", kill_on_drop: false }`
[INFO] [stdout] 6c3071b7b4988b0be19cfcd0e99f6600b3e50d70c262d2f5ceb9502704dd8964
[INFO] running `Command { std: "docker" "start" "-a" "6c3071b7b4988b0be19cfcd0e99f6600b3e50d70c262d2f5ceb9502704dd8964", kill_on_drop: false }`
[INFO] [stderr] warning: virtual workspace defaulting to `resolver = "1"` despite one or more workspace members being on edition 2021 which implies `resolver = "2"`
[INFO] [stderr] note: to keep the current resolver, specify `workspace.resolver = "1"` in the workspace root's manifest
[INFO] [stderr] note: to use the edition 2021 resolver, specify `workspace.resolver = "2"` in the workspace root's manifest
[INFO] [stderr] note: for more details see https://doc.rust-lang.org/cargo/reference/resolver.html#resolver-versions
[INFO] [stderr]    Compiling diadro v0.1.0 (/opt/rustwide/workdir/diadro)
[INFO] [stderr]    Compiling dserver v0.1.0 (/opt/rustwide/workdir/dserver)
[INFO] [stderr]     Finished test [unoptimized + debuginfo] target(s) in 5.69s
[INFO] [stderr] warning: the following packages contain code that will be rejected by a future version of Rust: quick-xml v0.22.0
[INFO] [stderr] note: to see what the problems were, use the option `--future-incompat-report`, or run `cargo report future-incompatibilities --id 2`
[INFO] running `Command { std: "docker" "inspect" "6c3071b7b4988b0be19cfcd0e99f6600b3e50d70c262d2f5ceb9502704dd8964", kill_on_drop: false }`
[INFO] running `Command { std: "docker" "rm" "-f" "6c3071b7b4988b0be19cfcd0e99f6600b3e50d70c262d2f5ceb9502704dd8964", kill_on_drop: false }`
[INFO] [stdout] 6c3071b7b4988b0be19cfcd0e99f6600b3e50d70c262d2f5ceb9502704dd8964
[INFO] running `Command { std: "docker" "create" "-v" "/var/lib/crater-agent-workspace/builds/worker-0-tc2/target:/opt/rustwide/target:rw,Z" "-v" "/var/lib/crater-agent-workspace/builds/worker-0-tc2/source:/opt/rustwide/workdir:ro,Z" "-v" "/var/lib/crater-agent-workspace/cargo-home:/opt/rustwide/cargo-home:ro,Z" "-v" "/var/lib/crater-agent-workspace/rustup-home:/opt/rustwide/rustup-home:ro,Z" "-e" "SOURCE_DIR=/opt/rustwide/workdir" "-e" "CARGO_TARGET_DIR=/opt/rustwide/target" "-e" "CARGO_INCREMENTAL=0" "-e" "RUST_BACKTRACE=full" "-e" "RUSTFLAGS=--cap-lints=warn" "-e" "RUSTDOCFLAGS=--cap-lints=warn" "-e" "CARGO_HOME=/opt/rustwide/cargo-home" "-e" "RUSTUP_HOME=/opt/rustwide/rustup-home" "-w" "/opt/rustwide/workdir" "-m" "1610612736" "--user" "0:0" "--network" "none" "ghcr.io/rust-lang/crates-build-env/linux@sha256:2788e3201cd34a07e3172128adcd8b3090168a8e3bcc40d7c032b9dda1df7d1c" "/opt/rustwide/cargo-home/bin/cargo" "+beta-2023-12-22" "test" "--frozen", kill_on_drop: false }`
[INFO] [stdout] 56529ce06092d90fbbc1c9a574dc5c3a5726e03e4aa34344ab24584164aa232a
[INFO] running `Command { std: "docker" "start" "-a" "56529ce06092d90fbbc1c9a574dc5c3a5726e03e4aa34344ab24584164aa232a", kill_on_drop: false }`
[INFO] [stderr] warning: virtual workspace defaulting to `resolver = "1"` despite one or more workspace members being on edition 2021 which implies `resolver = "2"`
[INFO] [stderr] note: to keep the current resolver, specify `workspace.resolver = "1"` in the workspace root's manifest
[INFO] [stderr] note: to use the edition 2021 resolver, specify `workspace.resolver = "2"` in the workspace root's manifest
[INFO] [stderr] note: for more details see https://doc.rust-lang.org/cargo/reference/resolver.html#resolver-versions
[INFO] [stderr]     Finished test [unoptimized + debuginfo] target(s) in 0.26s
[INFO] [stderr] warning: the following packages contain code that will be rejected by a future version of Rust: quick-xml v0.22.0
[INFO] [stderr] note: to see what the problems were, use the option `--future-incompat-report`, or run `cargo report future-incompatibilities --id 2`
[INFO] [stderr]      Running unittests src/lib.rs (/opt/rustwide/target/debug/deps/diadro-8a5905385d5ecae7)
[INFO] [stdout] 
[INFO] [stdout] running 21 tests
[INFO] [stdout] test graph::shapes::tests::shadow_place_from ... ok
[INFO] [stdout] test graph::arrow::tests::test_arrow_figure_compute_nearest_point ... ok
[INFO] [stdout] test graph::utils::tests::test_line_split ... ok
[INFO] [stdout] test graph::utils::tests::test_pos_zoom ... ok
[INFO] [stdout] test graph::shapes::tests::shadow_place_check_flag ... ok
[INFO] [stdout] test graph::utils::tests::test_in_line ... ok
[INFO] [stdout] test graph::shapes::tests::shadow_place_into_u8 ... ok
[INFO] [stdout] test graph::utils::tests::test_over ... ok
[INFO] [stdout] test graph::utils::tests::test_rect ... ok
[INFO] [stdout] test graph::utils::tests::test_vec_zoom ... ok
[INFO] [stdout] test rgraph::ucell::tests::test_contains ... ok
[INFO] [stdout] test rgraph::ucell::tests::test_multiline_contains ... ok
[INFO] [stdout] test rgraph::algo::tests::test_find_map ... ok
[INFO] [stdout] test graph::utils::tests::test_shift_line ... ok
[INFO] [stdout] test rgraph::ucell::tests::serialization_test ... ok
[INFO] [stdout] test rgraph::ucell::tests::test_rc_properly ... ok
[INFO] [stdout] test rgraph::ucell::tests::test_refs_properly ... ok
[INFO] [stdout] test rgraph::ucell::tests::test_multiline_contains_cp ... ok
[INFO] [stdout] test graph::utils::tests::test_read_mxgraph_compressed_xml ... FAILED
[INFO] [stdout] test rgraph::ucell::tests::test_rc_wrong - should panic ... ok
[INFO] [stdout] test rgraph::ucell::tests::test_refs_wrong - should panic ... ok
[INFO] [stdout] 
[INFO] [stdout] failures:
[INFO] [stdout] 
[INFO] [stdout] ---- graph::utils::tests::test_read_mxgraph_compressed_xml stdout ----
[INFO] [stdout] thread 'graph::utils::tests::test_read_mxgraph_compressed_xml' panicked at diadro/src/graph/utils.rs:357:14:
[INFO] [stdout] File not open: Os { code: 2, kind: NotFound, message: "No such file or directory" }
[INFO] [stdout] stack backtrace:
[INFO] [stdout]    0:     0x556eef44baf6 - std::backtrace_rs::backtrace::libunwind::trace::h261606ad26a499c1
[INFO] [stdout]                                at /rustc/0e09125c6c3c2fd70d7de961bcf0e51575235fad/library/std/src/../../backtrace/src/backtrace/libunwind.rs:104:5
[INFO] [stdout]    1:     0x556eef44baf6 - std::backtrace_rs::backtrace::trace_unsynchronized::hd183f0625477fb28
[INFO] [stdout]                                at /rustc/0e09125c6c3c2fd70d7de961bcf0e51575235fad/library/std/src/../../backtrace/src/backtrace/mod.rs:66:5
[INFO] [stdout]    2:     0x556eef44baf6 - std::sys_common::backtrace::_print_fmt::hd7f8fef21b4eda67
[INFO] [stdout]                                at /rustc/0e09125c6c3c2fd70d7de961bcf0e51575235fad/library/std/src/sys_common/backtrace.rs:68:5
[INFO] [stdout]    3:     0x556eef44baf6 - <std::sys_common::backtrace::_print::DisplayBacktrace as core::fmt::Display>::fmt::h623d9b51f2f453f1
[INFO] [stdout]                                at /rustc/0e09125c6c3c2fd70d7de961bcf0e51575235fad/library/std/src/sys_common/backtrace.rs:44:22
[INFO] [stdout]    4:     0x556eef475670 - core::fmt::rt::Argument::fmt::h9f417ac76a86f368
[INFO] [stdout]                                at /rustc/0e09125c6c3c2fd70d7de961bcf0e51575235fad/library/core/src/fmt/rt.rs:142:9
[INFO] [stdout]    5:     0x556eef475670 - core::fmt::write::hc9b6faf4ac2aeff7
[INFO] [stdout]                                at /rustc/0e09125c6c3c2fd70d7de961bcf0e51575235fad/library/core/src/fmt/mod.rs:1120:17
[INFO] [stdout]    6:     0x556eef44955f - std::io::Write::write_fmt::he04625a3a989fec3
[INFO] [stdout]                                at /rustc/0e09125c6c3c2fd70d7de961bcf0e51575235fad/library/std/src/io/mod.rs:1810:15
[INFO] [stdout]    7:     0x556eef44b8d4 - std::sys_common::backtrace::_print::hd5d66399c7df88a2
[INFO] [stdout]                                at /rustc/0e09125c6c3c2fd70d7de961bcf0e51575235fad/library/std/src/sys_common/backtrace.rs:47:5
[INFO] [stdout]    8:     0x556eef44b8d4 - std::sys_common::backtrace::print::he81ed2da642d37e5
[INFO] [stdout]                                at /rustc/0e09125c6c3c2fd70d7de961bcf0e51575235fad/library/std/src/sys_common/backtrace.rs:34:9
[INFO] [stdout]    9:     0x556eef44d647 - std::panicking::default_hook::{{closure}}::h85773f4fa117163d
[INFO] [stdout]   10:     0x556eef44d32d - std::panicking::default_hook::h6a1694a91d09b278
[INFO] [stdout]                                at /rustc/0e09125c6c3c2fd70d7de961bcf0e51575235fad/library/std/src/panicking.rs:289:9
[INFO] [stdout]   11:     0x556eef3f8757 - <alloc::boxed::Box<F,A> as core::ops::function::Fn<Args>>::call::h616ac37fa3cd6c8f
[INFO] [stdout]                                at /rustc/0e09125c6c3c2fd70d7de961bcf0e51575235fad/library/alloc/src/boxed.rs:2029:9
[INFO] [stdout]   12:     0x556eef3f8757 - test::test_main::{{closure}}::h00d84697cefdcbb6
[INFO] [stdout]                                at /rustc/0e09125c6c3c2fd70d7de961bcf0e51575235fad/library/test/src/lib.rs:138:21
[INFO] [stdout]   13:     0x556eef44dc66 - <alloc::boxed::Box<F,A> as core::ops::function::Fn<Args>>::call::hcb3fe3b9bb537ba8
[INFO] [stdout]                                at /rustc/0e09125c6c3c2fd70d7de961bcf0e51575235fad/library/alloc/src/boxed.rs:2029:9
[INFO] [stdout]   14:     0x556eef44dc66 - std::panicking::rust_panic_with_hook::h0a7ad96e90f7145b
[INFO] [stdout]                                at /rustc/0e09125c6c3c2fd70d7de961bcf0e51575235fad/library/std/src/panicking.rs:783:13
[INFO] [stdout]   15:     0x556eef44d9b2 - std::panicking::begin_panic_handler::{{closure}}::h7919090525c6485e
[INFO] [stdout]                                at /rustc/0e09125c6c3c2fd70d7de961bcf0e51575235fad/library/std/src/panicking.rs:657:13
[INFO] [stdout]   16:     0x556eef44bff6 - std::sys_common::backtrace::__rust_end_short_backtrace::hf3289479464f7dfe
[INFO] [stdout]                                at /rustc/0e09125c6c3c2fd70d7de961bcf0e51575235fad/library/std/src/sys_common/backtrace.rs:171:18
[INFO] [stdout]   17:     0x556eef44d710 - rust_begin_unwind
[INFO] [stdout]                                at /rustc/0e09125c6c3c2fd70d7de961bcf0e51575235fad/library/std/src/panicking.rs:645:5
[INFO] [stdout]   18:     0x556eef32f205 - core::panicking::panic_fmt::hcc9f77c5c132af55
[INFO] [stdout]                                at /rustc/0e09125c6c3c2fd70d7de961bcf0e51575235fad/library/core/src/panicking.rs:72:14
[INFO] [stdout]   19:     0x556eef32f7e3 - core::result::unwrap_failed::hbe14f498be1452f9
[INFO] [stdout]                                at /rustc/0e09125c6c3c2fd70d7de961bcf0e51575235fad/library/core/src/result.rs:1649:5
[INFO] [stdout]   20:     0x556eef346bc4 - core::result::Result<T,E>::expect::hd4ea7f71bd38badd
[INFO] [stdout]                                at /rustc/0e09125c6c3c2fd70d7de961bcf0e51575235fad/library/core/src/result.rs:1030:23
[INFO] [stdout]   21:     0x556eef3444df - diadro::graph::utils::tests::test_read_mxgraph_compressed_xml::h8cd6cfe2e5939428
[INFO] [stdout]                                at /opt/rustwide/workdir/diadro/src/graph/utils.rs:356:23
[INFO] [stdout]   22:     0x556eef344477 - diadro::graph::utils::tests::test_read_mxgraph_compressed_xml::{{closure}}::hea95bc028a406e0b
[INFO] [stdout]                                at /opt/rustwide/workdir/diadro/src/graph/utils.rs:353:42
[INFO] [stdout]   23:     0x556eef355606 - core::ops::function::FnOnce::call_once::h2f1360918a18732a
[INFO] [stdout]                                at /rustc/0e09125c6c3c2fd70d7de961bcf0e51575235fad/library/core/src/ops/function.rs:250:5
[INFO] [stdout]   24:     0x556eef3fe02f - core::ops::function::FnOnce::call_once::hd64d26f405258157
[INFO] [stdout]                                at /rustc/0e09125c6c3c2fd70d7de961bcf0e51575235fad/library/core/src/ops/function.rs:250:5
[INFO] [stdout]   25:     0x556eef3fe02f - test::__rust_begin_short_backtrace::he21b0b7a6d731bf9
[INFO] [stdout]                                at /rustc/0e09125c6c3c2fd70d7de961bcf0e51575235fad/library/test/src/lib.rs:627:18
[INFO] [stdout]   26:     0x556eef3fcdb1 - test::run_test_in_process::{{closure}}::hf5c73986d7bdfde2
[INFO] [stdout]                                at /rustc/0e09125c6c3c2fd70d7de961bcf0e51575235fad/library/test/src/lib.rs:650:60
[INFO] [stdout]   27:     0x556eef3fcdb1 - <core::panic::unwind_safe::AssertUnwindSafe<F> as core::ops::function::FnOnce<()>>::call_once::h330011ad032aadc0
[INFO] [stdout]                                at /rustc/0e09125c6c3c2fd70d7de961bcf0e51575235fad/library/core/src/panic/unwind_safe.rs:272:9
[INFO] [stdout]   28:     0x556eef3fcdb1 - std::panicking::try::do_call::he61b0a958b795a41
[INFO] [stdout]                                at /rustc/0e09125c6c3c2fd70d7de961bcf0e51575235fad/library/std/src/panicking.rs:552:40
[INFO] [stdout]   29:     0x556eef3fcdb1 - std::panicking::try::h7309da130f906eb7
[INFO] [stdout]                                at /rustc/0e09125c6c3c2fd70d7de961bcf0e51575235fad/library/std/src/panicking.rs:516:19
[INFO] [stdout]   30:     0x556eef3fcdb1 - std::panic::catch_unwind::hc5c3a06fdaf0a92a
[INFO] [stdout]                                at /rustc/0e09125c6c3c2fd70d7de961bcf0e51575235fad/library/std/src/panic.rs:142:14
[INFO] [stdout]   31:     0x556eef3fcdb1 - test::run_test_in_process::h7e7b7c71c3324e0f
[INFO] [stdout]                                at /rustc/0e09125c6c3c2fd70d7de961bcf0e51575235fad/library/test/src/lib.rs:650:27
[INFO] [stdout]   32:     0x556eef3fcdb1 - test::run_test::{{closure}}::h1f509f28f5cf20b1
[INFO] [stdout]                                at /rustc/0e09125c6c3c2fd70d7de961bcf0e51575235fad/library/test/src/lib.rs:573:43
[INFO] [stdout]   33:     0x556eef3c40e6 - test::run_test::{{closure}}::h1754218abf443f6d
[INFO] [stdout]                                at /rustc/0e09125c6c3c2fd70d7de961bcf0e51575235fad/library/test/src/lib.rs:601:41
[INFO] [stdout]   34:     0x556eef3c40e6 - std::sys_common::backtrace::__rust_begin_short_backtrace::h2ee174b9d5954948
[INFO] [stdout]                                at /rustc/0e09125c6c3c2fd70d7de961bcf0e51575235fad/library/std/src/sys_common/backtrace.rs:155:18
[INFO] [stdout]   35:     0x556eef3c9147 - std::thread::Builder::spawn_unchecked_::{{closure}}::{{closure}}::hf60bee9c1a17ef09
[INFO] [stdout]                                at /rustc/0e09125c6c3c2fd70d7de961bcf0e51575235fad/library/std/src/thread/mod.rs:529:17
[INFO] [stdout]   36:     0x556eef3c9147 - <core::panic::unwind_safe::AssertUnwindSafe<F> as core::ops::function::FnOnce<()>>::call_once::h33d0dddec5216160
[INFO] [stdout]                                at /rustc/0e09125c6c3c2fd70d7de961bcf0e51575235fad/library/core/src/panic/unwind_safe.rs:272:9
[INFO] [stdout]   37:     0x556eef3c9147 - std::panicking::try::do_call::h144b3048b546f835
[INFO] [stdout]                                at /rustc/0e09125c6c3c2fd70d7de961bcf0e51575235fad/library/std/src/panicking.rs:552:40
[INFO] [stdout]   38:     0x556eef3c9147 - std::panicking::try::h978244d04646189f
[INFO] [stdout]                                at /rustc/0e09125c6c3c2fd70d7de961bcf0e51575235fad/library/std/src/panicking.rs:516:19
[INFO] [stdout]   39:     0x556eef3c9147 - std::panic::catch_unwind::hdf436369d188fe86
[INFO] [stdout]                                at /rustc/0e09125c6c3c2fd70d7de961bcf0e51575235fad/library/std/src/panic.rs:142:14
[INFO] [stdout]   40:     0x556eef3c9147 - std::thread::Builder::spawn_unchecked_::{{closure}}::h87329cbdd33c79ec
[INFO] [stdout]                                at /rustc/0e09125c6c3c2fd70d7de961bcf0e51575235fad/library/std/src/thread/mod.rs:528:30
[INFO] [stdout]   41:     0x556eef3c9147 - core::ops::function::FnOnce::call_once{{vtable.shim}}::h401abbe67897d450
[INFO] [stdout]                                at /rustc/0e09125c6c3c2fd70d7de961bcf0e51575235fad/library/core/src/ops/function.rs:250:5
[INFO] [stdout]   42:     0x556eef452715 - <alloc::boxed::Box<F,A> as core::ops::function::FnOnce<Args>>::call_once::h5d7c8f150ab9c84c
[INFO] [stdout]                                at /rustc/0e09125c6c3c2fd70d7de961bcf0e51575235fad/library/alloc/src/boxed.rs:2015:9
[INFO] [stdout]   43:     0x556eef452715 - <alloc::boxed::Box<F,A> as core::ops::function::FnOnce<Args>>::call_once::h570d5b005c242c15
[INFO] [stdout]                                at /rustc/0e09125c6c3c2fd70d7de961bcf0e51575235fad/library/alloc/src/boxed.rs:2015:9
[INFO] [stdout]   44:     0x556eef452715 - std::sys::unix::thread::Thread::new::thread_start::h36b0a20c0b2361ad
[INFO] [stdout]                                at /rustc/0e09125c6c3c2fd70d7de961bcf0e51575235fad/library/std/src/sys/unix/thread.rs:108:17
[INFO] [stdout]   45:     0x7f3a22205ac3 - <unknown>
[INFO] [stdout]   46:     0x7f3a22296bf4 - __clone
[INFO] [stdout]   47:                0x0 - <unknown>
[INFO] [stdout] 
[INFO] [stdout] 
[INFO] [stdout] failures:
[INFO] [stdout]     graph::utils::tests::test_read_mxgraph_compressed_xml
[INFO] [stdout] 
[INFO] [stdout] test result: FAILED. 20 passed; 1 failed; 0 ignored; 0 measured; 0 filtered out; finished in 0.19s
[INFO] [stdout] 
[INFO] [stderr] error: test failed, to rerun pass `-p diadro --lib`
[INFO] running `Command { std: "docker" "inspect" "56529ce06092d90fbbc1c9a574dc5c3a5726e03e4aa34344ab24584164aa232a", kill_on_drop: false }`
[INFO] running `Command { std: "docker" "rm" "-f" "56529ce06092d90fbbc1c9a574dc5c3a5726e03e4aa34344ab24584164aa232a", kill_on_drop: false }`
[INFO] [stdout] 56529ce06092d90fbbc1c9a574dc5c3a5726e03e4aa34344ab24584164aa232a
