[INFO] cloning repository https://github.com/anatawa12/something-releaser
[INFO] running `Command { std: "git" "-c" "credential.helper=" "-c" "credential.helper=/workspace/cargo-home/bin/git-credential-null" "clone" "--bare" "https://github.com/anatawa12/something-releaser" "/workspace/cache/git-repos/https%3A%2F%2Fgithub.com%2Fanatawa12%2Fsomething-releaser", kill_on_drop: false }`
[INFO] [stderr] Cloning into bare repository '/workspace/cache/git-repos/https%3A%2F%2Fgithub.com%2Fanatawa12%2Fsomething-releaser'...
[INFO] running `Command { std: "git" "rev-parse" "HEAD", kill_on_drop: false }`
[INFO] [stdout] 9071d738b81e01c099fd8612382f3982408c28a6
[INFO] testing anatawa12/something-releaser against 1.75.0 for beta-1.76-1
[INFO] running `Command { std: "git" "clone" "/workspace/cache/git-repos/https%3A%2F%2Fgithub.com%2Fanatawa12%2Fsomething-releaser" "/workspace/builds/worker-7-tc1/source", kill_on_drop: false }`
[INFO] [stderr] Cloning into '/workspace/builds/worker-7-tc1/source'...
[INFO] [stderr] done.
[INFO] validating manifest of git repo https://github.com/anatawa12/something-releaser on toolchain 1.75.0
[INFO] running `Command { std: CARGO_HOME="/workspace/cargo-home" RUSTUP_HOME="/workspace/rustup-home" "/workspace/cargo-home/bin/cargo" "+1.75.0" "metadata" "--manifest-path" "Cargo.toml" "--no-deps", kill_on_drop: false }`
[INFO] started tweaking git repo https://github.com/anatawa12/something-releaser
[INFO] finished tweaking git repo https://github.com/anatawa12/something-releaser
[INFO] tweaked toml for git repo https://github.com/anatawa12/something-releaser written to /workspace/builds/worker-7-tc1/source/Cargo.toml
[INFO] crate git repo https://github.com/anatawa12/something-releaser already has a lockfile, it will not be regenerated
[INFO] running `Command { std: CARGO_HOME="/workspace/cargo-home" RUSTUP_HOME="/workspace/rustup-home" "/workspace/cargo-home/bin/cargo" "+1.75.0" "fetch" "--manifest-path" "Cargo.toml", kill_on_drop: false }`
[INFO] [stderr]     Updating git repository `https://github.com/anatawa12/cargo-edit.git`
[INFO] [stderr] warning: skipping duplicate package `cargo-list-test-fixture` found at `/workspace/cargo-home/git/checkouts/cargo-edit-edd129c2a802a9f3/4a69e9f/tests/cargo-upgrade/optional_dep/out`
[INFO] [stderr] warning: skipping duplicate package `cargo-list-test-fixture` found at `/workspace/cargo-home/git/checkouts/cargo-edit-edd129c2a802a9f3/4a69e9f/tests/cargo-upgrade/preserve_precision_patch/in`
[INFO] [stderr] warning: skipping duplicate package `cargo-list-test-fixture` found at `/workspace/cargo-home/git/checkouts/cargo-edit-edd129c2a802a9f3/4a69e9f/tests/cargo-upgrade/preserve_precision_patch/out`
[INFO] [stderr] warning: skipping duplicate package `cargo-list-test-fixture` found at `/workspace/cargo-home/git/checkouts/cargo-edit-edd129c2a802a9f3/4a69e9f/tests/cargo-upgrade/preserves_std_table/in`
[INFO] [stderr] warning: skipping duplicate package `cargo-list-test-fixture` found at `/workspace/cargo-home/git/checkouts/cargo-edit-edd129c2a802a9f3/4a69e9f/tests/cargo-upgrade/preserves_std_table/out`
[INFO] [stderr] warning: skipping duplicate package `cargo-list-test-fixture` found at `/workspace/cargo-home/git/checkouts/cargo-edit-edd129c2a802a9f3/4a69e9f/tests/cargo-upgrade/package_rust_version/in`
[INFO] [stderr] warning: skipping duplicate package `cargo-list-test-fixture` found at `/workspace/cargo-home/git/checkouts/cargo-edit-edd129c2a802a9f3/4a69e9f/tests/cargo-upgrade/package_rust_version/out`
[INFO] [stderr] warning: skipping duplicate package `one` found at `/workspace/cargo-home/git/checkouts/cargo-edit-edd129c2a802a9f3/4a69e9f/tests/cargo-upgrade/upgrade_all/out/one`
[INFO] [stderr] warning: skipping duplicate package `three` found at `/workspace/cargo-home/git/checkouts/cargo-edit-edd129c2a802a9f3/4a69e9f/tests/cargo-upgrade/upgrade_all/out/implicit/three`
[INFO] [stderr] warning: skipping duplicate package `four` found at `/workspace/cargo-home/git/checkouts/cargo-edit-edd129c2a802a9f3/4a69e9f/tests/cargo-upgrade/upgrade_all/out/explicit/four`
[INFO] [stderr] warning: skipping duplicate package `two` found at `/workspace/cargo-home/git/checkouts/cargo-edit-edd129c2a802a9f3/4a69e9f/tests/cargo-upgrade/upgrade_all/out/two`
[INFO] [stderr] warning: skipping duplicate package `one` found at `/workspace/cargo-home/git/checkouts/cargo-edit-edd129c2a802a9f3/4a69e9f/tests/cargo-upgrade/virtual_manifest/in/one`
[INFO] [stderr] warning: skipping duplicate package `three` found at `/workspace/cargo-home/git/checkouts/cargo-edit-edd129c2a802a9f3/4a69e9f/tests/cargo-upgrade/virtual_manifest/in/implicit/three`
[INFO] [stderr] warning: skipping duplicate package `four` found at `/workspace/cargo-home/git/checkouts/cargo-edit-edd129c2a802a9f3/4a69e9f/tests/cargo-upgrade/virtual_manifest/in/explicit/four`
[INFO] [stderr] warning: skipping duplicate package `two` found at `/workspace/cargo-home/git/checkouts/cargo-edit-edd129c2a802a9f3/4a69e9f/tests/cargo-upgrade/virtual_manifest/in/two`
[INFO] [stderr] warning: skipping duplicate package `one` found at `/workspace/cargo-home/git/checkouts/cargo-edit-edd129c2a802a9f3/4a69e9f/tests/cargo-upgrade/virtual_manifest/out/one`
[INFO] [stderr] warning: skipping duplicate package `three` found at `/workspace/cargo-home/git/checkouts/cargo-edit-edd129c2a802a9f3/4a69e9f/tests/cargo-upgrade/virtual_manifest/out/implicit/three`
[INFO] [stderr] warning: skipping duplicate package `four` found at `/workspace/cargo-home/git/checkouts/cargo-edit-edd129c2a802a9f3/4a69e9f/tests/cargo-upgrade/virtual_manifest/out/explicit/four`
[INFO] [stderr] warning: skipping duplicate package `two` found at `/workspace/cargo-home/git/checkouts/cargo-edit-edd129c2a802a9f3/4a69e9f/tests/cargo-upgrade/virtual_manifest/out/two`
[INFO] [stderr] warning: skipping duplicate package `None` found at `/workspace/cargo-home/git/checkouts/cargo-edit-edd129c2a802a9f3/4a69e9f/tests/cargo-upgrade/upgrade_verbose/out`
[INFO] [stderr] warning: skipping duplicate package `one` found at `/workspace/cargo-home/git/checkouts/cargo-edit-edd129c2a802a9f3/4a69e9f/tests/cargo-upgrade/workspace_member_manifest_path/in/one`
[INFO] [stderr] warning: skipping duplicate package `three` found at `/workspace/cargo-home/git/checkouts/cargo-edit-edd129c2a802a9f3/4a69e9f/tests/cargo-upgrade/workspace_member_manifest_path/in/implicit/three`
[INFO] [stderr] warning: skipping duplicate package `four` found at `/workspace/cargo-home/git/checkouts/cargo-edit-edd129c2a802a9f3/4a69e9f/tests/cargo-upgrade/workspace_member_manifest_path/in/explicit/four`
[INFO] [stderr] warning: skipping duplicate package `two` found at `/workspace/cargo-home/git/checkouts/cargo-edit-edd129c2a802a9f3/4a69e9f/tests/cargo-upgrade/workspace_member_manifest_path/in/two`
[INFO] [stderr] warning: skipping duplicate package `one` found at `/workspace/cargo-home/git/checkouts/cargo-edit-edd129c2a802a9f3/4a69e9f/tests/cargo-upgrade/workspace_member_manifest_path/out/one`
[INFO] [stderr] warning: skipping duplicate package `three` found at `/workspace/cargo-home/git/checkouts/cargo-edit-edd129c2a802a9f3/4a69e9f/tests/cargo-upgrade/workspace_member_manifest_path/out/implicit/three`
[INFO] [stderr] warning: skipping duplicate package `four` found at `/workspace/cargo-home/git/checkouts/cargo-edit-edd129c2a802a9f3/4a69e9f/tests/cargo-upgrade/workspace_member_manifest_path/out/explicit/four`
[INFO] [stderr] warning: skipping duplicate package `two` found at `/workspace/cargo-home/git/checkouts/cargo-edit-edd129c2a802a9f3/4a69e9f/tests/cargo-upgrade/workspace_member_manifest_path/out/two`
[INFO] [stderr] warning: skipping duplicate package `cargo-list-test-fixture` found at `/workspace/cargo-home/git/checkouts/cargo-edit-edd129c2a802a9f3/4a69e9f/tests/cargo-upgrade/invalid_flag/in`
[INFO] [stderr] warning: skipping duplicate package `cargo-list-test-fixture` found at `/workspace/cargo-home/git/checkouts/cargo-edit-edd129c2a802a9f3/4a69e9f/tests/cargo-upgrade/invalid_flag/out`
[INFO] [stderr] warning: skipping duplicate package `cargo-list-test-fixture` found at `/workspace/cargo-home/git/checkouts/cargo-edit-edd129c2a802a9f3/4a69e9f/tests/cargo-upgrade/implicit_prerelease/in`
[INFO] [stderr] warning: skipping duplicate package `cargo-list-test-fixture` found at `/workspace/cargo-home/git/checkouts/cargo-edit-edd129c2a802a9f3/4a69e9f/tests/cargo-upgrade/implicit_prerelease/out`
[INFO] [stderr] warning: skipping duplicate package `cargo-list-test-fixture` found at `/workspace/cargo-home/git/checkouts/cargo-edit-edd129c2a802a9f3/4a69e9f/tests/cargo-upgrade/locked_dry_run/in`
[INFO] [stderr] warning: skipping duplicate package `cargo-list-test-fixture` found at `/workspace/cargo-home/git/checkouts/cargo-edit-edd129c2a802a9f3/4a69e9f/tests/cargo-upgrade/locked_dry_run/out`
[INFO] [stderr] warning: skipping duplicate package `None` found at `/workspace/cargo-home/git/checkouts/cargo-edit-edd129c2a802a9f3/4a69e9f/tests/cargo-upgrade/exclude_dep/in`
[INFO] [stderr] warning: skipping duplicate package `None` found at `/workspace/cargo-home/git/checkouts/cargo-edit-edd129c2a802a9f3/4a69e9f/tests/cargo-upgrade/exclude_dep/out`
[INFO] [stderr] warning: skipping duplicate package `one` found at `/workspace/cargo-home/git/checkouts/cargo-edit-edd129c2a802a9f3/4a69e9f/tests/cargo-upgrade/lockfile/in/one`
[INFO] [stderr] warning: skipping duplicate package `three` found at `/workspace/cargo-home/git/checkouts/cargo-edit-edd129c2a802a9f3/4a69e9f/tests/cargo-upgrade/lockfile/in/implicit/three`
[INFO] [stderr] warning: skipping duplicate package `four` found at `/workspace/cargo-home/git/checkouts/cargo-edit-edd129c2a802a9f3/4a69e9f/tests/cargo-upgrade/lockfile/in/explicit/four`
[INFO] [stderr] warning: skipping duplicate package `two` found at `/workspace/cargo-home/git/checkouts/cargo-edit-edd129c2a802a9f3/4a69e9f/tests/cargo-upgrade/lockfile/in/two`
[INFO] [stderr] warning: skipping duplicate package `one` found at `/workspace/cargo-home/git/checkouts/cargo-edit-edd129c2a802a9f3/4a69e9f/tests/cargo-upgrade/lockfile/out/one`
[INFO] [stderr] warning: skipping duplicate package `three` found at `/workspace/cargo-home/git/checkouts/cargo-edit-edd129c2a802a9f3/4a69e9f/tests/cargo-upgrade/lockfile/out/implicit/three`
[INFO] [stderr] warning: skipping duplicate package `four` found at `/workspace/cargo-home/git/checkouts/cargo-edit-edd129c2a802a9f3/4a69e9f/tests/cargo-upgrade/lockfile/out/explicit/four`
[INFO] [stderr] warning: skipping duplicate package `two` found at `/workspace/cargo-home/git/checkouts/cargo-edit-edd129c2a802a9f3/4a69e9f/tests/cargo-upgrade/lockfile/out/two`
[INFO] [stderr] warning: skipping duplicate package `cargo-list-test-fixture` found at `/workspace/cargo-home/git/checkouts/cargo-edit-edd129c2a802a9f3/4a69e9f/tests/cargo-upgrade/cli_rust_version/in`
[INFO] [stderr] warning: skipping duplicate package `cargo-list-test-fixture` found at `/workspace/cargo-home/git/checkouts/cargo-edit-edd129c2a802a9f3/4a69e9f/tests/cargo-upgrade/cli_rust_version/out`
[INFO] [stderr] warning: skipping duplicate package `cargo-list-test-fixture` found at `/workspace/cargo-home/git/checkouts/cargo-edit-edd129c2a802a9f3/4a69e9f/tests/cargo-upgrade/preserves_inline_table/in`
[INFO] [stderr] warning: skipping duplicate package `cargo-list-test-fixture` found at `/workspace/cargo-home/git/checkouts/cargo-edit-edd129c2a802a9f3/4a69e9f/tests/cargo-upgrade/preserves_inline_table/out`
[INFO] [stderr] warning: skipping duplicate package `one` found at `/workspace/cargo-home/git/checkouts/cargo-edit-edd129c2a802a9f3/4a69e9f/tests/cargo-upgrade/workspace_inheritance/in/one`
[INFO] [stderr] warning: skipping duplicate package `two` found at `/workspace/cargo-home/git/checkouts/cargo-edit-edd129c2a802a9f3/4a69e9f/tests/cargo-upgrade/workspace_inheritance/in/two`
[INFO] [stderr] warning: skipping duplicate package `one` found at `/workspace/cargo-home/git/checkouts/cargo-edit-edd129c2a802a9f3/4a69e9f/tests/cargo-upgrade/workspace_inheritance/out/one`
[INFO] [stderr] warning: skipping duplicate package `three` found at `/workspace/cargo-home/git/checkouts/cargo-edit-edd129c2a802a9f3/4a69e9f/tests/cargo-upgrade/workspace_inheritance/out/implicit/three`
[INFO] [stderr] warning: skipping duplicate package `four` found at `/workspace/cargo-home/git/checkouts/cargo-edit-edd129c2a802a9f3/4a69e9f/tests/cargo-upgrade/workspace_inheritance/out/explicit/four`
[INFO] [stderr] warning: skipping duplicate package `two` found at `/workspace/cargo-home/git/checkouts/cargo-edit-edd129c2a802a9f3/4a69e9f/tests/cargo-upgrade/workspace_inheritance/out/two`
[INFO] [stderr] warning: skipping duplicate package `cargo-list-test-fixture` found at `/workspace/cargo-home/git/checkouts/cargo-edit-edd129c2a802a9f3/4a69e9f/tests/cargo-upgrade/specified/in`
[INFO] [stderr] warning: skipping duplicate package `cargo-list-test-fixture` found at `/workspace/cargo-home/git/checkouts/cargo-edit-edd129c2a802a9f3/4a69e9f/tests/cargo-upgrade/specified/out`
[INFO] [stderr] warning: skipping duplicate package `cargo-list-test-fixture` found at `/workspace/cargo-home/git/checkouts/cargo-edit-edd129c2a802a9f3/4a69e9f/tests/cargo-upgrade/preserve_precision_minor/in`
[INFO] [stderr] warning: skipping duplicate package `cargo-list-test-fixture` found at `/workspace/cargo-home/git/checkouts/cargo-edit-edd129c2a802a9f3/4a69e9f/tests/cargo-upgrade/preserve_precision_minor/out`
[INFO] [stderr] warning: skipping duplicate package `cargo-list-test-fixture` found at `/workspace/cargo-home/git/checkouts/cargo-edit-edd129c2a802a9f3/4a69e9f/tests/cargo-upgrade/preserve_op/in`
[INFO] [stderr] warning: skipping duplicate package `cargo-list-test-fixture` found at `/workspace/cargo-home/git/checkouts/cargo-edit-edd129c2a802a9f3/4a69e9f/tests/cargo-upgrade/preserve_op/out`
[INFO] [stderr] warning: skipping duplicate package `cargo-list-test-fixture` found at `/workspace/cargo-home/git/checkouts/cargo-edit-edd129c2a802a9f3/4a69e9f/tests/cargo-upgrade/preserve_precision_major/in`
[INFO] [stderr] warning: skipping duplicate package `cargo-list-test-fixture` found at `/workspace/cargo-home/git/checkouts/cargo-edit-edd129c2a802a9f3/4a69e9f/tests/cargo-upgrade/preserve_precision_major/out`
[INFO] [stderr] warning: skipping duplicate package `cargo-list-test-fixture` found at `/workspace/cargo-home/git/checkouts/cargo-edit-edd129c2a802a9f3/4a69e9f/tests/cargo-upgrade/locked/in`
[INFO] [stderr] warning: skipping duplicate package `cargo-list-test-fixture` found at `/workspace/cargo-home/git/checkouts/cargo-edit-edd129c2a802a9f3/4a69e9f/tests/cargo-upgrade/locked/out`
[INFO] [stderr] warning: skipping duplicate package `cargo-list-test-fixture` found at `/workspace/cargo-home/git/checkouts/cargo-edit-edd129c2a802a9f3/4a69e9f/tests/cargo-upgrade/exclude_renamed/in`
[INFO] [stderr] warning: skipping duplicate package `cargo-list-test-fixture` found at `/workspace/cargo-home/git/checkouts/cargo-edit-edd129c2a802a9f3/4a69e9f/tests/cargo-upgrade/exclude_renamed/out`
[INFO] [stderr] warning: skipping duplicate package `cargo-list-test-fixture` found at `/workspace/cargo-home/git/checkouts/cargo-edit-edd129c2a802a9f3/4a69e9f/tests/cargo-upgrade/to_version/in`
[INFO] [stderr] warning: skipping duplicate package `cargo-list-test-fixture` found at `/workspace/cargo-home/git/checkouts/cargo-edit-edd129c2a802a9f3/4a69e9f/tests/cargo-upgrade/to_version/out`
[INFO] [stderr] warning: skipping duplicate package `one` found at `/workspace/cargo-home/git/checkouts/cargo-edit-edd129c2a802a9f3/4a69e9f/tests/cargo-upgrade/upgrade_workspace/in/one`
[INFO] [stderr] warning: skipping duplicate package `three` found at `/workspace/cargo-home/git/checkouts/cargo-edit-edd129c2a802a9f3/4a69e9f/tests/cargo-upgrade/upgrade_workspace/in/implicit/three`
[INFO] [stderr] warning: skipping duplicate package `four` found at `/workspace/cargo-home/git/checkouts/cargo-edit-edd129c2a802a9f3/4a69e9f/tests/cargo-upgrade/upgrade_workspace/in/explicit/four`
[INFO] [stderr] warning: skipping duplicate package `two` found at `/workspace/cargo-home/git/checkouts/cargo-edit-edd129c2a802a9f3/4a69e9f/tests/cargo-upgrade/upgrade_workspace/in/two`
[INFO] [stderr] warning: skipping duplicate package `one` found at `/workspace/cargo-home/git/checkouts/cargo-edit-edd129c2a802a9f3/4a69e9f/tests/cargo-upgrade/upgrade_workspace/out/one`
[INFO] [stderr] warning: skipping duplicate package `three` found at `/workspace/cargo-home/git/checkouts/cargo-edit-edd129c2a802a9f3/4a69e9f/tests/cargo-upgrade/upgrade_workspace/out/implicit/three`
[INFO] [stderr] warning: skipping duplicate package `four` found at `/workspace/cargo-home/git/checkouts/cargo-edit-edd129c2a802a9f3/4a69e9f/tests/cargo-upgrade/upgrade_workspace/out/explicit/four`
[INFO] [stderr] warning: skipping duplicate package `two` found at `/workspace/cargo-home/git/checkouts/cargo-edit-edd129c2a802a9f3/4a69e9f/tests/cargo-upgrade/upgrade_workspace/out/two`
[INFO] [stderr] warning: skipping duplicate package `cargo-list-test-fixture` found at `/workspace/cargo-home/git/checkouts/cargo-edit-edd129c2a802a9f3/4a69e9f/tests/cargo-upgrade/invalid_dep/in`
[INFO] [stderr] warning: skipping duplicate package `cargo-list-test-fixture` found at `/workspace/cargo-home/git/checkouts/cargo-edit-edd129c2a802a9f3/4a69e9f/tests/cargo-upgrade/invalid_dep/out`
[INFO] [stderr] warning: skipping duplicate package `one` found at `/workspace/cargo-home/git/checkouts/cargo-edit-edd129c2a802a9f3/4a69e9f/tests/cargo-upgrade/workspace_member_cwd/in/one`
[INFO] [stderr] warning: skipping duplicate package `three` found at `/workspace/cargo-home/git/checkouts/cargo-edit-edd129c2a802a9f3/4a69e9f/tests/cargo-upgrade/workspace_member_cwd/in/implicit/three`
[INFO] [stderr] warning: skipping duplicate package `four` found at `/workspace/cargo-home/git/checkouts/cargo-edit-edd129c2a802a9f3/4a69e9f/tests/cargo-upgrade/workspace_member_cwd/in/explicit/four`
[INFO] [stderr] warning: skipping duplicate package `two` found at `/workspace/cargo-home/git/checkouts/cargo-edit-edd129c2a802a9f3/4a69e9f/tests/cargo-upgrade/workspace_member_cwd/in/two`
[INFO] [stderr] warning: skipping duplicate package `one` found at `/workspace/cargo-home/git/checkouts/cargo-edit-edd129c2a802a9f3/4a69e9f/tests/cargo-upgrade/workspace_member_cwd/out/one`
[INFO] [stderr] warning: skipping duplicate package `three` found at `/workspace/cargo-home/git/checkouts/cargo-edit-edd129c2a802a9f3/4a69e9f/tests/cargo-upgrade/workspace_member_cwd/out/implicit/three`
[INFO] [stderr] warning: skipping duplicate package `four` found at `/workspace/cargo-home/git/checkouts/cargo-edit-edd129c2a802a9f3/4a69e9f/tests/cargo-upgrade/workspace_member_cwd/out/explicit/four`
[INFO] [stderr] warning: skipping duplicate package `two` found at `/workspace/cargo-home/git/checkouts/cargo-edit-edd129c2a802a9f3/4a69e9f/tests/cargo-upgrade/workspace_member_cwd/out/two`
[INFO] [stderr] warning: skipping duplicate package `cargo-list-test-fixture` found at `/workspace/cargo-home/git/checkouts/cargo-edit-edd129c2a802a9f3/4a69e9f/tests/cargo-upgrade/upgrade_renamed/in`
[INFO] [stderr] warning: skipping duplicate package `cargo-list-test-fixture` found at `/workspace/cargo-home/git/checkouts/cargo-edit-edd129c2a802a9f3/4a69e9f/tests/cargo-upgrade/upgrade_renamed/out`
[INFO] [stderr] warning: skipping duplicate package `cargo-list-test-fixture` found at `/workspace/cargo-home/git/checkouts/cargo-edit-edd129c2a802a9f3/4a69e9f/tests/cargo-upgrade/single_dep/in`
[INFO] [stderr] warning: skipping duplicate package `cargo-list-test-fixture` found at `/workspace/cargo-home/git/checkouts/cargo-edit-edd129c2a802a9f3/4a69e9f/tests/cargo-upgrade/single_dep/out`
[INFO] [stderr] warning: skipping duplicate package `cargo-list-test-fixture` found at `/workspace/cargo-home/git/checkouts/cargo-edit-edd129c2a802a9f3/4a69e9f/tests/cargo-upgrade/dry_run/in`
[INFO] [stderr] warning: skipping duplicate package `cargo-list-test-fixture` found at `/workspace/cargo-home/git/checkouts/cargo-edit-edd129c2a802a9f3/4a69e9f/tests/cargo-upgrade/dry_run/out`
[INFO] [stderr] warning: skipping duplicate package `None` found at `/workspace/cargo-home/git/checkouts/cargo-edit-edd129c2a802a9f3/4a69e9f/tests/cargo-upgrade/upgrade_everything/in`
[INFO] [stderr] warning: skipping duplicate package `None` found at `/workspace/cargo-home/git/checkouts/cargo-edit-edd129c2a802a9f3/4a69e9f/tests/cargo-upgrade/upgrade_everything/out`
[INFO] [stderr] warning: skipping duplicate package `cargo-list-test-fixture` found at `/workspace/cargo-home/git/checkouts/cargo-edit-edd129c2a802a9f3/4a69e9f/tests/cargo-upgrade/pinned/in`
[INFO] [stderr] warning: skipping duplicate package `cargo-list-test-fixture` found at `/workspace/cargo-home/git/checkouts/cargo-edit-edd129c2a802a9f3/4a69e9f/tests/cargo-upgrade/pinned/out`
[INFO] [stderr] warning: skipping duplicate package `cargo-list-test-fixture` found at `/workspace/cargo-home/git/checkouts/cargo-edit-edd129c2a802a9f3/4a69e9f/tests/cargo-upgrade/skip_compatible/in`
[INFO] [stderr] warning: skipping duplicate package `cargo-list-test-fixture` found at `/workspace/cargo-home/git/checkouts/cargo-edit-edd129c2a802a9f3/4a69e9f/tests/cargo-upgrade/skip_compatible/out`
[INFO] [stderr] warning: skipping duplicate package `cargo-list-test-fixture` found at `/workspace/cargo-home/git/checkouts/cargo-edit-edd129c2a802a9f3/4a69e9f/tests/cargo-upgrade/ignore_rust_version/in`
[INFO] [stderr] warning: skipping duplicate package `cargo-list-test-fixture` found at `/workspace/cargo-home/git/checkouts/cargo-edit-edd129c2a802a9f3/4a69e9f/tests/cargo-upgrade/ignore_rust_version/out`
[INFO] [stderr] warning: skipping duplicate package `cargo-list-test-fixture` found at `/workspace/cargo-home/git/checkouts/cargo-edit-edd129c2a802a9f3/4a69e9f/tests/cargo-set-version/workspace_deps/in`
[INFO] [stderr] warning: skipping duplicate package `cargo-list-test-fixture-dependency` found at `/workspace/cargo-home/git/checkouts/cargo-edit-edd129c2a802a9f3/4a69e9f/tests/cargo-set-version/upgrade_compatible_dependency/in/dependency`
[INFO] [stderr] warning: skipping duplicate package `cargo-list-test-fixture` found at `/workspace/cargo-home/git/checkouts/cargo-edit-edd129c2a802a9f3/4a69e9f/tests/cargo-set-version/upgrade_compatible_dependency/in/primary`
[INFO] [stderr] warning: skipping duplicate package `independent-version` found at `/workspace/cargo-home/git/checkouts/cargo-edit-edd129c2a802a9f3/4a69e9f/tests/cargo-set-version/workspace_version_subset/out/independent-version`
[INFO] [stderr] warning: skipping duplicate package `sample` found at `/workspace/cargo-home/git/checkouts/cargo-edit-edd129c2a802a9f3/4a69e9f/tests/cargo-set-version/downgrade_error/out`
[INFO] [stderr] warning: skipping duplicate package `cargo-list-test-fixture-dependency` found at `/workspace/cargo-home/git/checkouts/cargo-edit-edd129c2a802a9f3/4a69e9f/tests/cargo-set-version/upgrade_incompatible_dependency/in/dependency`
[INFO] [stderr] warning: skipping duplicate package `cargo-list-test-fixture` found at `/workspace/cargo-home/git/checkouts/cargo-edit-edd129c2a802a9f3/4a69e9f/tests/cargo-set-version/upgrade_incompatible_dependency/in/primary`
[INFO] [stderr] warning: skipping duplicate package `root` found at `/workspace/cargo-home/git/checkouts/cargo-edit-edd129c2a802a9f3/4a69e9f/tests/cargo-set-version/workspace_version_exclude/in`
[INFO] [stderr] warning: skipping duplicate package `independent-version` found at `/workspace/cargo-home/git/checkouts/cargo-edit-edd129c2a802a9f3/4a69e9f/tests/cargo-set-version/workspace_version_exclude/in/independent-version`
[INFO] [stderr] warning: skipping duplicate package `inherits-version` found at `/workspace/cargo-home/git/checkouts/cargo-edit-edd129c2a802a9f3/4a69e9f/tests/cargo-set-version/workspace_version_exclude/in/inherits-version`
[INFO] [stderr] warning: skipping duplicate package `root` found at `/workspace/cargo-home/git/checkouts/cargo-edit-edd129c2a802a9f3/4a69e9f/tests/cargo-set-version/workspace_version_exclude/out`
[INFO] [stderr] warning: skipping duplicate package `independent-version` found at `/workspace/cargo-home/git/checkouts/cargo-edit-edd129c2a802a9f3/4a69e9f/tests/cargo-set-version/workspace_version_exclude/out/independent-version`
[INFO] [stderr] warning: skipping duplicate package `inherits-version` found at `/workspace/cargo-home/git/checkouts/cargo-edit-edd129c2a802a9f3/4a69e9f/tests/cargo-set-version/workspace_version_exclude/out/inherits-version`
[INFO] [stderr] warning: skipping duplicate package `cargo-list-test-fixture-dependency` found at `/workspace/cargo-home/git/checkouts/cargo-edit-edd129c2a802a9f3/4a69e9f/tests/cargo-set-version/ignore_dependent/in/dependency`
[INFO] [stderr] warning: skipping duplicate package `cargo-list-test-fixture` found at `/workspace/cargo-home/git/checkouts/cargo-edit-edd129c2a802a9f3/4a69e9f/tests/cargo-set-version/ignore_dependent/in/primary`
[INFO] [stderr] warning: skipping duplicate package `sample` found at `/workspace/cargo-home/git/checkouts/cargo-edit-edd129c2a802a9f3/4a69e9f/tests/cargo-set-version/set_relative_version/in`
[INFO] [stderr] warning: skipping duplicate package `cargo-list-test-fixture-dependency` found at `/workspace/cargo-home/git/checkouts/cargo-edit-edd129c2a802a9f3/4a69e9f/tests/cargo-set-version/upgrade_workspace/in/dependency`
[INFO] [stderr] warning: skipping duplicate package `cargo-list-test-fixture` found at `/workspace/cargo-home/git/checkouts/cargo-edit-edd129c2a802a9f3/4a69e9f/tests/cargo-set-version/upgrade_workspace/in/primary`
[INFO] [stderr] warning: skipping duplicate package `with_workspace_dep` found at `/workspace/cargo-home/git/checkouts/cargo-edit-edd129c2a802a9f3/4a69e9f/tests/cargo-set-version/set_absolute_workspace_version/out/with_workspace_dep`
[INFO] [stderr] warning: skipping duplicate package `with_direct_dep` found at `/workspace/cargo-home/git/checkouts/cargo-edit-edd129c2a802a9f3/4a69e9f/tests/cargo-set-version/set_absolute_workspace_version/out/with_direct_dep`
[INFO] [stderr] warning: skipping duplicate package `unrelated_dep` found at `/workspace/cargo-home/git/checkouts/cargo-edit-edd129c2a802a9f3/4a69e9f/tests/cargo-set-version/set_absolute_workspace_version/out/unrelated_dep`
[INFO] [stderr] warning: skipping duplicate package `sample` found at `/workspace/cargo-home/git/checkouts/cargo-edit-edd129c2a802a9f3/4a69e9f/tests/cargo-set-version/relative_absolute_conflict/in`
[INFO] [stderr] warning: skipping duplicate package `sample` found at `/workspace/cargo-home/git/checkouts/cargo-edit-edd129c2a802a9f3/4a69e9f/tests/cargo-set-version/relative_absolute_conflict/out`
[INFO] [stderr] warning: skipping duplicate package `sample` found at `/workspace/cargo-home/git/checkouts/cargo-edit-edd129c2a802a9f3/4a69e9f/tests/cargo-set-version/dry_run/in`
[INFO] [stderr] warning: skipping duplicate package `sample` found at `/workspace/cargo-home/git/checkouts/cargo-edit-edd129c2a802a9f3/4a69e9f/tests/cargo-set-version/dry_run/out`
[INFO] [stderr] warning: skipping duplicate package `sample` found at `/workspace/cargo-home/git/checkouts/cargo-edit-edd129c2a802a9f3/4a69e9f/tests/cargo-set-version/set_absolute_version/in`
[INFO] [stderr] warning: skipping duplicate package `cargo-list-test-fixture-dependency` found at `/workspace/cargo-home/git/checkouts/cargo-edit-edd129c2a802a9f3/4a69e9f/tests/cargo-set-version/virtual_workspace_deps/in/dependency`
[INFO] [stderr] warning: skipping duplicate package `cargo-list-test-fixture` found at `/workspace/cargo-home/git/checkouts/cargo-edit-edd129c2a802a9f3/4a69e9f/tests/cargo-set-version/virtual_workspace_deps/in/primary`
[INFO] [stderr] warning: skipping duplicate package `with_workspace_dep` found at `/workspace/cargo-home/git/checkouts/cargo-edit-edd129c2a802a9f3/4a69e9f/tests/cargo-set-version/set_relative_workspace_version/in/with_workspace_dep`
[INFO] [stderr] warning: skipping duplicate package `inherit_ws_version` found at `/workspace/cargo-home/git/checkouts/cargo-edit-edd129c2a802a9f3/4a69e9f/tests/cargo-set-version/set_relative_workspace_version/in/inherit_ws_version`
[INFO] [stderr] warning: skipping duplicate package `with_direct_dep` found at `/workspace/cargo-home/git/checkouts/cargo-edit-edd129c2a802a9f3/4a69e9f/tests/cargo-set-version/set_relative_workspace_version/in/with_direct_dep`
[INFO] [stderr] warning: skipping duplicate package `unrelated_dep` found at `/workspace/cargo-home/git/checkouts/cargo-edit-edd129c2a802a9f3/4a69e9f/tests/cargo-set-version/set_relative_workspace_version/in/unrelated_dep`
[INFO] [stderr] warning: skipping duplicate package `with_workspace_dep` found at `/workspace/cargo-home/git/checkouts/cargo-edit-edd129c2a802a9f3/4a69e9f/tests/cargo-set-version/set_relative_workspace_version/out/with_workspace_dep`
[INFO] [stderr] warning: skipping duplicate package `with_direct_dep` found at `/workspace/cargo-home/git/checkouts/cargo-edit-edd129c2a802a9f3/4a69e9f/tests/cargo-set-version/set_relative_workspace_version/out/with_direct_dep`
[INFO] [stderr] warning: skipping duplicate package `unrelated_dep` found at `/workspace/cargo-home/git/checkouts/cargo-edit-edd129c2a802a9f3/4a69e9f/tests/cargo-set-version/set_relative_workspace_version/out/unrelated_dep`
[INFO] [stderr]  Downloading crates ...
[INFO] [stderr]   Downloaded clap-cargo v0.12.0
[INFO] [stderr]   Downloaded httptest v0.15.5
[INFO] running `Command { std: "docker" "create" "-v" "/var/lib/crater-agent-workspace/builds/worker-7-tc1/target:/opt/rustwide/target:rw,Z" "-v" "/var/lib/crater-agent-workspace/builds/worker-7-tc1/source:/opt/rustwide/workdir:ro,Z" "-v" "/var/lib/crater-agent-workspace/cargo-home:/opt/rustwide/cargo-home:ro,Z" "-v" "/var/lib/crater-agent-workspace/rustup-home:/opt/rustwide/rustup-home:ro,Z" "-e" "SOURCE_DIR=/opt/rustwide/workdir" "-e" "CARGO_TARGET_DIR=/opt/rustwide/target" "-e" "CARGO_HOME=/opt/rustwide/cargo-home" "-e" "RUSTUP_HOME=/opt/rustwide/rustup-home" "-w" "/opt/rustwide/workdir" "-m" "1610612736" "--user" "0:0" "--network" "none" "ghcr.io/rust-lang/crates-build-env/linux@sha256:2788e3201cd34a07e3172128adcd8b3090168a8e3bcc40d7c032b9dda1df7d1c" "/opt/rustwide/cargo-home/bin/cargo" "+1.75.0" "metadata" "--no-deps" "--format-version=1", kill_on_drop: false }`
[INFO] [stdout] 47ff31112912a02e8dad47981fa5fb0072f4bda625e4e32f51c3c6d77af8706d
[INFO] running `Command { std: "docker" "start" "-a" "47ff31112912a02e8dad47981fa5fb0072f4bda625e4e32f51c3c6d77af8706d", kill_on_drop: false }`
[INFO] running `Command { std: "docker" "inspect" "47ff31112912a02e8dad47981fa5fb0072f4bda625e4e32f51c3c6d77af8706d", kill_on_drop: false }`
[INFO] running `Command { std: "docker" "rm" "-f" "47ff31112912a02e8dad47981fa5fb0072f4bda625e4e32f51c3c6d77af8706d", kill_on_drop: false }`
[INFO] [stdout] 47ff31112912a02e8dad47981fa5fb0072f4bda625e4e32f51c3c6d77af8706d
[INFO] running `Command { std: "docker" "create" "-v" "/var/lib/crater-agent-workspace/builds/worker-7-tc1/target:/opt/rustwide/target:rw,Z" "-v" "/var/lib/crater-agent-workspace/builds/worker-7-tc1/source:/opt/rustwide/workdir:ro,Z" "-v" "/var/lib/crater-agent-workspace/cargo-home:/opt/rustwide/cargo-home:ro,Z" "-v" "/var/lib/crater-agent-workspace/rustup-home:/opt/rustwide/rustup-home:ro,Z" "-e" "SOURCE_DIR=/opt/rustwide/workdir" "-e" "CARGO_TARGET_DIR=/opt/rustwide/target" "-e" "CARGO_INCREMENTAL=0" "-e" "RUST_BACKTRACE=full" "-e" "RUSTFLAGS=--cap-lints=warn" "-e" "RUSTDOCFLAGS=--cap-lints=warn" "-e" "CARGO_HOME=/opt/rustwide/cargo-home" "-e" "RUSTUP_HOME=/opt/rustwide/rustup-home" "-w" "/opt/rustwide/workdir" "-m" "1610612736" "--user" "0:0" "--network" "none" "ghcr.io/rust-lang/crates-build-env/linux@sha256:2788e3201cd34a07e3172128adcd8b3090168a8e3bcc40d7c032b9dda1df7d1c" "/opt/rustwide/cargo-home/bin/cargo" "+1.75.0" "build" "--frozen" "--message-format=json", kill_on_drop: false }`
[INFO] [stdout] 00bd1862debe269b158bd673a6993d516e35e0589563e80c7e4a144e4dc68e59
[INFO] running `Command { std: "docker" "start" "-a" "00bd1862debe269b158bd673a6993d516e35e0589563e80c7e4a144e4dc68e59", kill_on_drop: false }`
[INFO] [stderr] warning: skipping duplicate package `cargo-list-test-fixture` found at `/opt/rustwide/cargo-home/git/checkouts/cargo-edit-edd129c2a802a9f3/4a69e9f/tests/cargo-upgrade/optional_dep/out`
[INFO] [stderr] warning: skipping duplicate package `cargo-list-test-fixture` found at `/opt/rustwide/cargo-home/git/checkouts/cargo-edit-edd129c2a802a9f3/4a69e9f/tests/cargo-upgrade/preserve_precision_patch/in`
[INFO] [stderr] warning: skipping duplicate package `cargo-list-test-fixture` found at `/opt/rustwide/cargo-home/git/checkouts/cargo-edit-edd129c2a802a9f3/4a69e9f/tests/cargo-upgrade/preserve_precision_patch/out`
[INFO] [stderr] warning: skipping duplicate package `cargo-list-test-fixture` found at `/opt/rustwide/cargo-home/git/checkouts/cargo-edit-edd129c2a802a9f3/4a69e9f/tests/cargo-upgrade/preserves_std_table/in`
[INFO] [stderr] warning: skipping duplicate package `cargo-list-test-fixture` found at `/opt/rustwide/cargo-home/git/checkouts/cargo-edit-edd129c2a802a9f3/4a69e9f/tests/cargo-upgrade/preserves_std_table/out`
[INFO] [stderr] warning: skipping duplicate package `cargo-list-test-fixture` found at `/opt/rustwide/cargo-home/git/checkouts/cargo-edit-edd129c2a802a9f3/4a69e9f/tests/cargo-upgrade/package_rust_version/in`
[INFO] [stderr] warning: skipping duplicate package `cargo-list-test-fixture` found at `/opt/rustwide/cargo-home/git/checkouts/cargo-edit-edd129c2a802a9f3/4a69e9f/tests/cargo-upgrade/package_rust_version/out`
[INFO] [stderr] warning: skipping duplicate package `one` found at `/opt/rustwide/cargo-home/git/checkouts/cargo-edit-edd129c2a802a9f3/4a69e9f/tests/cargo-upgrade/upgrade_all/out/one`
[INFO] [stderr] warning: skipping duplicate package `three` found at `/opt/rustwide/cargo-home/git/checkouts/cargo-edit-edd129c2a802a9f3/4a69e9f/tests/cargo-upgrade/upgrade_all/out/implicit/three`
[INFO] [stderr] warning: skipping duplicate package `four` found at `/opt/rustwide/cargo-home/git/checkouts/cargo-edit-edd129c2a802a9f3/4a69e9f/tests/cargo-upgrade/upgrade_all/out/explicit/four`
[INFO] [stderr] warning: skipping duplicate package `two` found at `/opt/rustwide/cargo-home/git/checkouts/cargo-edit-edd129c2a802a9f3/4a69e9f/tests/cargo-upgrade/upgrade_all/out/two`
[INFO] [stderr] warning: skipping duplicate package `one` found at `/opt/rustwide/cargo-home/git/checkouts/cargo-edit-edd129c2a802a9f3/4a69e9f/tests/cargo-upgrade/virtual_manifest/in/one`
[INFO] [stderr] warning: skipping duplicate package `three` found at `/opt/rustwide/cargo-home/git/checkouts/cargo-edit-edd129c2a802a9f3/4a69e9f/tests/cargo-upgrade/virtual_manifest/in/implicit/three`
[INFO] [stderr] warning: skipping duplicate package `four` found at `/opt/rustwide/cargo-home/git/checkouts/cargo-edit-edd129c2a802a9f3/4a69e9f/tests/cargo-upgrade/virtual_manifest/in/explicit/four`
[INFO] [stderr] warning: skipping duplicate package `two` found at `/opt/rustwide/cargo-home/git/checkouts/cargo-edit-edd129c2a802a9f3/4a69e9f/tests/cargo-upgrade/virtual_manifest/in/two`
[INFO] [stderr] warning: skipping duplicate package `one` found at `/opt/rustwide/cargo-home/git/checkouts/cargo-edit-edd129c2a802a9f3/4a69e9f/tests/cargo-upgrade/virtual_manifest/out/one`
[INFO] [stderr] warning: skipping duplicate package `three` found at `/opt/rustwide/cargo-home/git/checkouts/cargo-edit-edd129c2a802a9f3/4a69e9f/tests/cargo-upgrade/virtual_manifest/out/implicit/three`
[INFO] [stderr] warning: skipping duplicate package `four` found at `/opt/rustwide/cargo-home/git/checkouts/cargo-edit-edd129c2a802a9f3/4a69e9f/tests/cargo-upgrade/virtual_manifest/out/explicit/four`
[INFO] [stderr] warning: skipping duplicate package `two` found at `/opt/rustwide/cargo-home/git/checkouts/cargo-edit-edd129c2a802a9f3/4a69e9f/tests/cargo-upgrade/virtual_manifest/out/two`
[INFO] [stderr] warning: skipping duplicate package `None` found at `/opt/rustwide/cargo-home/git/checkouts/cargo-edit-edd129c2a802a9f3/4a69e9f/tests/cargo-upgrade/upgrade_verbose/out`
[INFO] [stderr] warning: skipping duplicate package `one` found at `/opt/rustwide/cargo-home/git/checkouts/cargo-edit-edd129c2a802a9f3/4a69e9f/tests/cargo-upgrade/workspace_member_manifest_path/in/one`
[INFO] [stderr] warning: skipping duplicate package `three` found at `/opt/rustwide/cargo-home/git/checkouts/cargo-edit-edd129c2a802a9f3/4a69e9f/tests/cargo-upgrade/workspace_member_manifest_path/in/implicit/three`
[INFO] [stderr] warning: skipping duplicate package `four` found at `/opt/rustwide/cargo-home/git/checkouts/cargo-edit-edd129c2a802a9f3/4a69e9f/tests/cargo-upgrade/workspace_member_manifest_path/in/explicit/four`
[INFO] [stderr] warning: skipping duplicate package `two` found at `/opt/rustwide/cargo-home/git/checkouts/cargo-edit-edd129c2a802a9f3/4a69e9f/tests/cargo-upgrade/workspace_member_manifest_path/in/two`
[INFO] [stderr] warning: skipping duplicate package `one` found at `/opt/rustwide/cargo-home/git/checkouts/cargo-edit-edd129c2a802a9f3/4a69e9f/tests/cargo-upgrade/workspace_member_manifest_path/out/one`
[INFO] [stderr] warning: skipping duplicate package `three` found at `/opt/rustwide/cargo-home/git/checkouts/cargo-edit-edd129c2a802a9f3/4a69e9f/tests/cargo-upgrade/workspace_member_manifest_path/out/implicit/three`
[INFO] [stderr] warning: skipping duplicate package `four` found at `/opt/rustwide/cargo-home/git/checkouts/cargo-edit-edd129c2a802a9f3/4a69e9f/tests/cargo-upgrade/workspace_member_manifest_path/out/explicit/four`
[INFO] [stderr] warning: skipping duplicate package `two` found at `/opt/rustwide/cargo-home/git/checkouts/cargo-edit-edd129c2a802a9f3/4a69e9f/tests/cargo-upgrade/workspace_member_manifest_path/out/two`
[INFO] [stderr] warning: skipping duplicate package `cargo-list-test-fixture` found at `/opt/rustwide/cargo-home/git/checkouts/cargo-edit-edd129c2a802a9f3/4a69e9f/tests/cargo-upgrade/invalid_flag/in`
[INFO] [stderr] warning: skipping duplicate package `cargo-list-test-fixture` found at `/opt/rustwide/cargo-home/git/checkouts/cargo-edit-edd129c2a802a9f3/4a69e9f/tests/cargo-upgrade/invalid_flag/out`
[INFO] [stderr] warning: skipping duplicate package `cargo-list-test-fixture` found at `/opt/rustwide/cargo-home/git/checkouts/cargo-edit-edd129c2a802a9f3/4a69e9f/tests/cargo-upgrade/implicit_prerelease/in`
[INFO] [stderr] warning: skipping duplicate package `cargo-list-test-fixture` found at `/opt/rustwide/cargo-home/git/checkouts/cargo-edit-edd129c2a802a9f3/4a69e9f/tests/cargo-upgrade/implicit_prerelease/out`
[INFO] [stderr] warning: skipping duplicate package `cargo-list-test-fixture` found at `/opt/rustwide/cargo-home/git/checkouts/cargo-edit-edd129c2a802a9f3/4a69e9f/tests/cargo-upgrade/locked_dry_run/in`
[INFO] [stderr] warning: skipping duplicate package `cargo-list-test-fixture` found at `/opt/rustwide/cargo-home/git/checkouts/cargo-edit-edd129c2a802a9f3/4a69e9f/tests/cargo-upgrade/locked_dry_run/out`
[INFO] [stderr] warning: skipping duplicate package `None` found at `/opt/rustwide/cargo-home/git/checkouts/cargo-edit-edd129c2a802a9f3/4a69e9f/tests/cargo-upgrade/exclude_dep/in`
[INFO] [stderr] warning: skipping duplicate package `None` found at `/opt/rustwide/cargo-home/git/checkouts/cargo-edit-edd129c2a802a9f3/4a69e9f/tests/cargo-upgrade/exclude_dep/out`
[INFO] [stderr] warning: skipping duplicate package `one` found at `/opt/rustwide/cargo-home/git/checkouts/cargo-edit-edd129c2a802a9f3/4a69e9f/tests/cargo-upgrade/lockfile/in/one`
[INFO] [stderr] warning: skipping duplicate package `three` found at `/opt/rustwide/cargo-home/git/checkouts/cargo-edit-edd129c2a802a9f3/4a69e9f/tests/cargo-upgrade/lockfile/in/implicit/three`
[INFO] [stderr] warning: skipping duplicate package `four` found at `/opt/rustwide/cargo-home/git/checkouts/cargo-edit-edd129c2a802a9f3/4a69e9f/tests/cargo-upgrade/lockfile/in/explicit/four`
[INFO] [stderr] warning: skipping duplicate package `two` found at `/opt/rustwide/cargo-home/git/checkouts/cargo-edit-edd129c2a802a9f3/4a69e9f/tests/cargo-upgrade/lockfile/in/two`
[INFO] [stderr] warning: skipping duplicate package `one` found at `/opt/rustwide/cargo-home/git/checkouts/cargo-edit-edd129c2a802a9f3/4a69e9f/tests/cargo-upgrade/lockfile/out/one`
[INFO] [stderr] warning: skipping duplicate package `three` found at `/opt/rustwide/cargo-home/git/checkouts/cargo-edit-edd129c2a802a9f3/4a69e9f/tests/cargo-upgrade/lockfile/out/implicit/three`
[INFO] [stderr] warning: skipping duplicate package `four` found at `/opt/rustwide/cargo-home/git/checkouts/cargo-edit-edd129c2a802a9f3/4a69e9f/tests/cargo-upgrade/lockfile/out/explicit/four`
[INFO] [stderr] warning: skipping duplicate package `two` found at `/opt/rustwide/cargo-home/git/checkouts/cargo-edit-edd129c2a802a9f3/4a69e9f/tests/cargo-upgrade/lockfile/out/two`
[INFO] [stderr] warning: skipping duplicate package `cargo-list-test-fixture` found at `/opt/rustwide/cargo-home/git/checkouts/cargo-edit-edd129c2a802a9f3/4a69e9f/tests/cargo-upgrade/cli_rust_version/in`
[INFO] [stderr] warning: skipping duplicate package `cargo-list-test-fixture` found at `/opt/rustwide/cargo-home/git/checkouts/cargo-edit-edd129c2a802a9f3/4a69e9f/tests/cargo-upgrade/cli_rust_version/out`
[INFO] [stderr] warning: skipping duplicate package `cargo-list-test-fixture` found at `/opt/rustwide/cargo-home/git/checkouts/cargo-edit-edd129c2a802a9f3/4a69e9f/tests/cargo-upgrade/preserves_inline_table/in`
[INFO] [stderr] warning: skipping duplicate package `cargo-list-test-fixture` found at `/opt/rustwide/cargo-home/git/checkouts/cargo-edit-edd129c2a802a9f3/4a69e9f/tests/cargo-upgrade/preserves_inline_table/out`
[INFO] [stderr] warning: skipping duplicate package `one` found at `/opt/rustwide/cargo-home/git/checkouts/cargo-edit-edd129c2a802a9f3/4a69e9f/tests/cargo-upgrade/workspace_inheritance/in/one`
[INFO] [stderr] warning: skipping duplicate package `two` found at `/opt/rustwide/cargo-home/git/checkouts/cargo-edit-edd129c2a802a9f3/4a69e9f/tests/cargo-upgrade/workspace_inheritance/in/two`
[INFO] [stderr] warning: skipping duplicate package `one` found at `/opt/rustwide/cargo-home/git/checkouts/cargo-edit-edd129c2a802a9f3/4a69e9f/tests/cargo-upgrade/workspace_inheritance/out/one`
[INFO] [stderr] warning: skipping duplicate package `three` found at `/opt/rustwide/cargo-home/git/checkouts/cargo-edit-edd129c2a802a9f3/4a69e9f/tests/cargo-upgrade/workspace_inheritance/out/implicit/three`
[INFO] [stderr] warning: skipping duplicate package `four` found at `/opt/rustwide/cargo-home/git/checkouts/cargo-edit-edd129c2a802a9f3/4a69e9f/tests/cargo-upgrade/workspace_inheritance/out/explicit/four`
[INFO] [stderr] warning: skipping duplicate package `two` found at `/opt/rustwide/cargo-home/git/checkouts/cargo-edit-edd129c2a802a9f3/4a69e9f/tests/cargo-upgrade/workspace_inheritance/out/two`
[INFO] [stderr] warning: skipping duplicate package `cargo-list-test-fixture` found at `/opt/rustwide/cargo-home/git/checkouts/cargo-edit-edd129c2a802a9f3/4a69e9f/tests/cargo-upgrade/specified/in`
[INFO] [stderr] warning: skipping duplicate package `cargo-list-test-fixture` found at `/opt/rustwide/cargo-home/git/checkouts/cargo-edit-edd129c2a802a9f3/4a69e9f/tests/cargo-upgrade/specified/out`
[INFO] [stderr] warning: skipping duplicate package `cargo-list-test-fixture` found at `/opt/rustwide/cargo-home/git/checkouts/cargo-edit-edd129c2a802a9f3/4a69e9f/tests/cargo-upgrade/preserve_precision_minor/in`
[INFO] [stderr] warning: skipping duplicate package `cargo-list-test-fixture` found at `/opt/rustwide/cargo-home/git/checkouts/cargo-edit-edd129c2a802a9f3/4a69e9f/tests/cargo-upgrade/preserve_precision_minor/out`
[INFO] [stderr] warning: skipping duplicate package `cargo-list-test-fixture` found at `/opt/rustwide/cargo-home/git/checkouts/cargo-edit-edd129c2a802a9f3/4a69e9f/tests/cargo-upgrade/preserve_op/in`
[INFO] [stderr] warning: skipping duplicate package `cargo-list-test-fixture` found at `/opt/rustwide/cargo-home/git/checkouts/cargo-edit-edd129c2a802a9f3/4a69e9f/tests/cargo-upgrade/preserve_op/out`
[INFO] [stderr] warning: skipping duplicate package `cargo-list-test-fixture` found at `/opt/rustwide/cargo-home/git/checkouts/cargo-edit-edd129c2a802a9f3/4a69e9f/tests/cargo-upgrade/preserve_precision_major/in`
[INFO] [stderr] warning: skipping duplicate package `cargo-list-test-fixture` found at `/opt/rustwide/cargo-home/git/checkouts/cargo-edit-edd129c2a802a9f3/4a69e9f/tests/cargo-upgrade/preserve_precision_major/out`
[INFO] [stderr] warning: skipping duplicate package `cargo-list-test-fixture` found at `/opt/rustwide/cargo-home/git/checkouts/cargo-edit-edd129c2a802a9f3/4a69e9f/tests/cargo-upgrade/locked/in`
[INFO] [stderr] warning: skipping duplicate package `cargo-list-test-fixture` found at `/opt/rustwide/cargo-home/git/checkouts/cargo-edit-edd129c2a802a9f3/4a69e9f/tests/cargo-upgrade/locked/out`
[INFO] [stderr] warning: skipping duplicate package `cargo-list-test-fixture` found at `/opt/rustwide/cargo-home/git/checkouts/cargo-edit-edd129c2a802a9f3/4a69e9f/tests/cargo-upgrade/exclude_renamed/in`
[INFO] [stderr] warning: skipping duplicate package `cargo-list-test-fixture` found at `/opt/rustwide/cargo-home/git/checkouts/cargo-edit-edd129c2a802a9f3/4a69e9f/tests/cargo-upgrade/exclude_renamed/out`
[INFO] [stderr] warning: skipping duplicate package `cargo-list-test-fixture` found at `/opt/rustwide/cargo-home/git/checkouts/cargo-edit-edd129c2a802a9f3/4a69e9f/tests/cargo-upgrade/to_version/in`
[INFO] [stderr] warning: skipping duplicate package `cargo-list-test-fixture` found at `/opt/rustwide/cargo-home/git/checkouts/cargo-edit-edd129c2a802a9f3/4a69e9f/tests/cargo-upgrade/to_version/out`
[INFO] [stderr] warning: skipping duplicate package `one` found at `/opt/rustwide/cargo-home/git/checkouts/cargo-edit-edd129c2a802a9f3/4a69e9f/tests/cargo-upgrade/upgrade_workspace/in/one`
[INFO] [stderr] warning: skipping duplicate package `three` found at `/opt/rustwide/cargo-home/git/checkouts/cargo-edit-edd129c2a802a9f3/4a69e9f/tests/cargo-upgrade/upgrade_workspace/in/implicit/three`
[INFO] [stderr] warning: skipping duplicate package `four` found at `/opt/rustwide/cargo-home/git/checkouts/cargo-edit-edd129c2a802a9f3/4a69e9f/tests/cargo-upgrade/upgrade_workspace/in/explicit/four`
[INFO] [stderr] warning: skipping duplicate package `two` found at `/opt/rustwide/cargo-home/git/checkouts/cargo-edit-edd129c2a802a9f3/4a69e9f/tests/cargo-upgrade/upgrade_workspace/in/two`
[INFO] [stderr] warning: skipping duplicate package `one` found at `/opt/rustwide/cargo-home/git/checkouts/cargo-edit-edd129c2a802a9f3/4a69e9f/tests/cargo-upgrade/upgrade_workspace/out/one`
[INFO] [stderr] warning: skipping duplicate package `three` found at `/opt/rustwide/cargo-home/git/checkouts/cargo-edit-edd129c2a802a9f3/4a69e9f/tests/cargo-upgrade/upgrade_workspace/out/implicit/three`
[INFO] [stderr] warning: skipping duplicate package `four` found at `/opt/rustwide/cargo-home/git/checkouts/cargo-edit-edd129c2a802a9f3/4a69e9f/tests/cargo-upgrade/upgrade_workspace/out/explicit/four`
[INFO] [stderr] warning: skipping duplicate package `two` found at `/opt/rustwide/cargo-home/git/checkouts/cargo-edit-edd129c2a802a9f3/4a69e9f/tests/cargo-upgrade/upgrade_workspace/out/two`
[INFO] [stderr] warning: skipping duplicate package `cargo-list-test-fixture` found at `/opt/rustwide/cargo-home/git/checkouts/cargo-edit-edd129c2a802a9f3/4a69e9f/tests/cargo-upgrade/invalid_dep/in`
[INFO] [stderr] warning: skipping duplicate package `cargo-list-test-fixture` found at `/opt/rustwide/cargo-home/git/checkouts/cargo-edit-edd129c2a802a9f3/4a69e9f/tests/cargo-upgrade/invalid_dep/out`
[INFO] [stderr] warning: skipping duplicate package `one` found at `/opt/rustwide/cargo-home/git/checkouts/cargo-edit-edd129c2a802a9f3/4a69e9f/tests/cargo-upgrade/workspace_member_cwd/in/one`
[INFO] [stderr] warning: skipping duplicate package `three` found at `/opt/rustwide/cargo-home/git/checkouts/cargo-edit-edd129c2a802a9f3/4a69e9f/tests/cargo-upgrade/workspace_member_cwd/in/implicit/three`
[INFO] [stderr] warning: skipping duplicate package `four` found at `/opt/rustwide/cargo-home/git/checkouts/cargo-edit-edd129c2a802a9f3/4a69e9f/tests/cargo-upgrade/workspace_member_cwd/in/explicit/four`
[INFO] [stderr] warning: skipping duplicate package `two` found at `/opt/rustwide/cargo-home/git/checkouts/cargo-edit-edd129c2a802a9f3/4a69e9f/tests/cargo-upgrade/workspace_member_cwd/in/two`
[INFO] [stderr] warning: skipping duplicate package `one` found at `/opt/rustwide/cargo-home/git/checkouts/cargo-edit-edd129c2a802a9f3/4a69e9f/tests/cargo-upgrade/workspace_member_cwd/out/one`
[INFO] [stderr] warning: skipping duplicate package `three` found at `/opt/rustwide/cargo-home/git/checkouts/cargo-edit-edd129c2a802a9f3/4a69e9f/tests/cargo-upgrade/workspace_member_cwd/out/implicit/three`
[INFO] [stderr] warning: skipping duplicate package `four` found at `/opt/rustwide/cargo-home/git/checkouts/cargo-edit-edd129c2a802a9f3/4a69e9f/tests/cargo-upgrade/workspace_member_cwd/out/explicit/four`
[INFO] [stderr] warning: skipping duplicate package `two` found at `/opt/rustwide/cargo-home/git/checkouts/cargo-edit-edd129c2a802a9f3/4a69e9f/tests/cargo-upgrade/workspace_member_cwd/out/two`
[INFO] [stderr] warning: skipping duplicate package `cargo-list-test-fixture` found at `/opt/rustwide/cargo-home/git/checkouts/cargo-edit-edd129c2a802a9f3/4a69e9f/tests/cargo-upgrade/upgrade_renamed/in`
[INFO] [stderr] warning: skipping duplicate package `cargo-list-test-fixture` found at `/opt/rustwide/cargo-home/git/checkouts/cargo-edit-edd129c2a802a9f3/4a69e9f/tests/cargo-upgrade/upgrade_renamed/out`
[INFO] [stderr] warning: skipping duplicate package `cargo-list-test-fixture` found at `/opt/rustwide/cargo-home/git/checkouts/cargo-edit-edd129c2a802a9f3/4a69e9f/tests/cargo-upgrade/single_dep/in`
[INFO] [stderr] warning: skipping duplicate package `cargo-list-test-fixture` found at `/opt/rustwide/cargo-home/git/checkouts/cargo-edit-edd129c2a802a9f3/4a69e9f/tests/cargo-upgrade/single_dep/out`
[INFO] [stderr] warning: skipping duplicate package `cargo-list-test-fixture` found at `/opt/rustwide/cargo-home/git/checkouts/cargo-edit-edd129c2a802a9f3/4a69e9f/tests/cargo-upgrade/dry_run/in`
[INFO] [stderr] warning: skipping duplicate package `cargo-list-test-fixture` found at `/opt/rustwide/cargo-home/git/checkouts/cargo-edit-edd129c2a802a9f3/4a69e9f/tests/cargo-upgrade/dry_run/out`
[INFO] [stderr] warning: skipping duplicate package `None` found at `/opt/rustwide/cargo-home/git/checkouts/cargo-edit-edd129c2a802a9f3/4a69e9f/tests/cargo-upgrade/upgrade_everything/in`
[INFO] [stderr] warning: skipping duplicate package `None` found at `/opt/rustwide/cargo-home/git/checkouts/cargo-edit-edd129c2a802a9f3/4a69e9f/tests/cargo-upgrade/upgrade_everything/out`
[INFO] [stderr] warning: skipping duplicate package `cargo-list-test-fixture` found at `/opt/rustwide/cargo-home/git/checkouts/cargo-edit-edd129c2a802a9f3/4a69e9f/tests/cargo-upgrade/pinned/in`
[INFO] [stderr] warning: skipping duplicate package `cargo-list-test-fixture` found at `/opt/rustwide/cargo-home/git/checkouts/cargo-edit-edd129c2a802a9f3/4a69e9f/tests/cargo-upgrade/pinned/out`
[INFO] [stderr] warning: skipping duplicate package `cargo-list-test-fixture` found at `/opt/rustwide/cargo-home/git/checkouts/cargo-edit-edd129c2a802a9f3/4a69e9f/tests/cargo-upgrade/skip_compatible/in`
[INFO] [stderr] warning: skipping duplicate package `cargo-list-test-fixture` found at `/opt/rustwide/cargo-home/git/checkouts/cargo-edit-edd129c2a802a9f3/4a69e9f/tests/cargo-upgrade/skip_compatible/out`
[INFO] [stderr] warning: skipping duplicate package `cargo-list-test-fixture` found at `/opt/rustwide/cargo-home/git/checkouts/cargo-edit-edd129c2a802a9f3/4a69e9f/tests/cargo-upgrade/ignore_rust_version/in`
[INFO] [stderr] warning: skipping duplicate package `cargo-list-test-fixture` found at `/opt/rustwide/cargo-home/git/checkouts/cargo-edit-edd129c2a802a9f3/4a69e9f/tests/cargo-upgrade/ignore_rust_version/out`
[INFO] [stderr] warning: skipping duplicate package `cargo-list-test-fixture` found at `/opt/rustwide/cargo-home/git/checkouts/cargo-edit-edd129c2a802a9f3/4a69e9f/tests/cargo-set-version/workspace_deps/in`
[INFO] [stderr] warning: skipping duplicate package `cargo-list-test-fixture-dependency` found at `/opt/rustwide/cargo-home/git/checkouts/cargo-edit-edd129c2a802a9f3/4a69e9f/tests/cargo-set-version/upgrade_compatible_dependency/in/dependency`
[INFO] [stderr] warning: skipping duplicate package `cargo-list-test-fixture` found at `/opt/rustwide/cargo-home/git/checkouts/cargo-edit-edd129c2a802a9f3/4a69e9f/tests/cargo-set-version/upgrade_compatible_dependency/in/primary`
[INFO] [stderr] warning: skipping duplicate package `independent-version` found at `/opt/rustwide/cargo-home/git/checkouts/cargo-edit-edd129c2a802a9f3/4a69e9f/tests/cargo-set-version/workspace_version_subset/out/independent-version`
[INFO] [stderr] warning: skipping duplicate package `sample` found at `/opt/rustwide/cargo-home/git/checkouts/cargo-edit-edd129c2a802a9f3/4a69e9f/tests/cargo-set-version/downgrade_error/out`
[INFO] [stderr] warning: skipping duplicate package `cargo-list-test-fixture-dependency` found at `/opt/rustwide/cargo-home/git/checkouts/cargo-edit-edd129c2a802a9f3/4a69e9f/tests/cargo-set-version/upgrade_incompatible_dependency/in/dependency`
[INFO] [stderr] warning: skipping duplicate package `cargo-list-test-fixture` found at `/opt/rustwide/cargo-home/git/checkouts/cargo-edit-edd129c2a802a9f3/4a69e9f/tests/cargo-set-version/upgrade_incompatible_dependency/in/primary`
[INFO] [stderr] warning: skipping duplicate package `root` found at `/opt/rustwide/cargo-home/git/checkouts/cargo-edit-edd129c2a802a9f3/4a69e9f/tests/cargo-set-version/workspace_version_exclude/in`
[INFO] [stderr] warning: skipping duplicate package `independent-version` found at `/opt/rustwide/cargo-home/git/checkouts/cargo-edit-edd129c2a802a9f3/4a69e9f/tests/cargo-set-version/workspace_version_exclude/in/independent-version`
[INFO] [stderr] warning: skipping duplicate package `inherits-version` found at `/opt/rustwide/cargo-home/git/checkouts/cargo-edit-edd129c2a802a9f3/4a69e9f/tests/cargo-set-version/workspace_version_exclude/in/inherits-version`
[INFO] [stderr] warning: skipping duplicate package `root` found at `/opt/rustwide/cargo-home/git/checkouts/cargo-edit-edd129c2a802a9f3/4a69e9f/tests/cargo-set-version/workspace_version_exclude/out`
[INFO] [stderr] warning: skipping duplicate package `independent-version` found at `/opt/rustwide/cargo-home/git/checkouts/cargo-edit-edd129c2a802a9f3/4a69e9f/tests/cargo-set-version/workspace_version_exclude/out/independent-version`
[INFO] [stderr] warning: skipping duplicate package `inherits-version` found at `/opt/rustwide/cargo-home/git/checkouts/cargo-edit-edd129c2a802a9f3/4a69e9f/tests/cargo-set-version/workspace_version_exclude/out/inherits-version`
[INFO] [stderr] warning: skipping duplicate package `cargo-list-test-fixture-dependency` found at `/opt/rustwide/cargo-home/git/checkouts/cargo-edit-edd129c2a802a9f3/4a69e9f/tests/cargo-set-version/ignore_dependent/in/dependency`
[INFO] [stderr] warning: skipping duplicate package `cargo-list-test-fixture` found at `/opt/rustwide/cargo-home/git/checkouts/cargo-edit-edd129c2a802a9f3/4a69e9f/tests/cargo-set-version/ignore_dependent/in/primary`
[INFO] [stderr] warning: skipping duplicate package `sample` found at `/opt/rustwide/cargo-home/git/checkouts/cargo-edit-edd129c2a802a9f3/4a69e9f/tests/cargo-set-version/set_relative_version/in`
[INFO] [stderr] warning: skipping duplicate package `cargo-list-test-fixture-dependency` found at `/opt/rustwide/cargo-home/git/checkouts/cargo-edit-edd129c2a802a9f3/4a69e9f/tests/cargo-set-version/upgrade_workspace/in/dependency`
[INFO] [stderr] warning: skipping duplicate package `cargo-list-test-fixture` found at `/opt/rustwide/cargo-home/git/checkouts/cargo-edit-edd129c2a802a9f3/4a69e9f/tests/cargo-set-version/upgrade_workspace/in/primary`
[INFO] [stderr] warning: skipping duplicate package `with_workspace_dep` found at `/opt/rustwide/cargo-home/git/checkouts/cargo-edit-edd129c2a802a9f3/4a69e9f/tests/cargo-set-version/set_absolute_workspace_version/out/with_workspace_dep`
[INFO] [stderr] warning: skipping duplicate package `with_direct_dep` found at `/opt/rustwide/cargo-home/git/checkouts/cargo-edit-edd129c2a802a9f3/4a69e9f/tests/cargo-set-version/set_absolute_workspace_version/out/with_direct_dep`
[INFO] [stderr] warning: skipping duplicate package `unrelated_dep` found at `/opt/rustwide/cargo-home/git/checkouts/cargo-edit-edd129c2a802a9f3/4a69e9f/tests/cargo-set-version/set_absolute_workspace_version/out/unrelated_dep`
[INFO] [stderr] warning: skipping duplicate package `sample` found at `/opt/rustwide/cargo-home/git/checkouts/cargo-edit-edd129c2a802a9f3/4a69e9f/tests/cargo-set-version/relative_absolute_conflict/in`
[INFO] [stderr] warning: skipping duplicate package `sample` found at `/opt/rustwide/cargo-home/git/checkouts/cargo-edit-edd129c2a802a9f3/4a69e9f/tests/cargo-set-version/relative_absolute_conflict/out`
[INFO] [stderr] warning: skipping duplicate package `sample` found at `/opt/rustwide/cargo-home/git/checkouts/cargo-edit-edd129c2a802a9f3/4a69e9f/tests/cargo-set-version/dry_run/in`
[INFO] [stderr] warning: skipping duplicate package `sample` found at `/opt/rustwide/cargo-home/git/checkouts/cargo-edit-edd129c2a802a9f3/4a69e9f/tests/cargo-set-version/dry_run/out`
[INFO] [stderr] warning: skipping duplicate package `sample` found at `/opt/rustwide/cargo-home/git/checkouts/cargo-edit-edd129c2a802a9f3/4a69e9f/tests/cargo-set-version/set_absolute_version/in`
[INFO] [stderr] warning: skipping duplicate package `cargo-list-test-fixture-dependency` found at `/opt/rustwide/cargo-home/git/checkouts/cargo-edit-edd129c2a802a9f3/4a69e9f/tests/cargo-set-version/virtual_workspace_deps/in/dependency`
[INFO] [stderr] warning: skipping duplicate package `cargo-list-test-fixture` found at `/opt/rustwide/cargo-home/git/checkouts/cargo-edit-edd129c2a802a9f3/4a69e9f/tests/cargo-set-version/virtual_workspace_deps/in/primary`
[INFO] [stderr] warning: skipping duplicate package `with_workspace_dep` found at `/opt/rustwide/cargo-home/git/checkouts/cargo-edit-edd129c2a802a9f3/4a69e9f/tests/cargo-set-version/set_relative_workspace_version/in/with_workspace_dep`
[INFO] [stderr] warning: skipping duplicate package `inherit_ws_version` found at `/opt/rustwide/cargo-home/git/checkouts/cargo-edit-edd129c2a802a9f3/4a69e9f/tests/cargo-set-version/set_relative_workspace_version/in/inherit_ws_version`
[INFO] [stderr] warning: skipping duplicate package `with_direct_dep` found at `/opt/rustwide/cargo-home/git/checkouts/cargo-edit-edd129c2a802a9f3/4a69e9f/tests/cargo-set-version/set_relative_workspace_version/in/with_direct_dep`
[INFO] [stderr] warning: skipping duplicate package `unrelated_dep` found at `/opt/rustwide/cargo-home/git/checkouts/cargo-edit-edd129c2a802a9f3/4a69e9f/tests/cargo-set-version/set_relative_workspace_version/in/unrelated_dep`
[INFO] [stderr] warning: skipping duplicate package `with_workspace_dep` found at `/opt/rustwide/cargo-home/git/checkouts/cargo-edit-edd129c2a802a9f3/4a69e9f/tests/cargo-set-version/set_relative_workspace_version/out/with_workspace_dep`
[INFO] [stderr] warning: skipping duplicate package `with_direct_dep` found at `/opt/rustwide/cargo-home/git/checkouts/cargo-edit-edd129c2a802a9f3/4a69e9f/tests/cargo-set-version/set_relative_workspace_version/out/with_direct_dep`
[INFO] [stderr] warning: skipping duplicate package `unrelated_dep` found at `/opt/rustwide/cargo-home/git/checkouts/cargo-edit-edd129c2a802a9f3/4a69e9f/tests/cargo-set-version/set_relative_workspace_version/out/unrelated_dep`
[INFO] [stderr]    Compiling proc-macro2 v1.0.75
[INFO] [stderr]    Compiling unicode-ident v1.0.12
[INFO] [stderr]    Compiling libc v0.2.151
[INFO] [stderr]    Compiling serde v1.0.194
[INFO] [stderr]    Compiling autocfg v1.1.0
[INFO] [stderr]    Compiling cfg-if v1.0.0
[INFO] [stderr]    Compiling pin-project-lite v0.2.13
[INFO] [stderr]    Compiling rustix v0.38.28
[INFO] [stderr]    Compiling itoa v1.0.10
[INFO] [stderr]    Compiling linux-raw-sys v0.4.12
[INFO] [stderr]    Compiling bytes v1.5.0
[INFO] [stderr]    Compiling bitflags v2.4.1
[INFO] [stderr]    Compiling equivalent v1.0.1
[INFO] [stderr]    Compiling log v0.4.20
[INFO] [stderr]    Compiling hashbrown v0.14.3
[INFO] [stderr]    Compiling spin v0.9.8
[INFO] [stderr]    Compiling tinyvec_macros v0.1.1
[INFO] [stderr]    Compiling version_check v0.9.4
[INFO] [stderr]    Compiling futures-core v0.3.30
[INFO] [stderr]    Compiling once_cell v1.19.0
[INFO] [stderr]    Compiling untrusted v0.9.0
[INFO] [stderr]    Compiling tinyvec v1.6.0
[INFO] [stderr]    Compiling percent-encoding v2.3.1
[INFO] [stderr]    Compiling utf8parse v0.2.1
[INFO] [stderr]    Compiling memchr v2.7.1
[INFO] [stderr]    Compiling tracing-core v0.1.32
[INFO] [stderr]    Compiling fnv v1.0.7
[INFO] [stderr]    Compiling anstyle-parse v0.2.3
[INFO] [stderr]    Compiling futures-task v0.3.30
[INFO] [stderr]    Compiling serde_json v1.0.109
[INFO] [stderr]    Compiling unicase v2.7.0
[INFO] [stderr]    Compiling colorchoice v1.0.0
[INFO] [stderr]    Compiling slab v0.4.9
[INFO] [stderr]    Compiling form_urlencoded v1.2.1
[INFO] [stderr]    Compiling http v0.2.11
[INFO] [stderr]    Compiling regex-syntax v0.8.2
[INFO] [stderr]    Compiling httparse v1.8.0
[INFO] [stderr]    Compiling anstyle v1.0.4
[INFO] [stderr]    Compiling ryu v1.0.16
[INFO] [stderr]    Compiling indexmap v2.1.0
[INFO] [stderr]    Compiling tracing v0.1.40
[INFO] [stderr]    Compiling aho-corasick v1.1.2
[INFO] [stderr]    Compiling unicode-bidi v0.3.14
[INFO] [stderr]    Compiling quote v1.0.35
[INFO] [stderr]    Compiling futures-sink v0.3.30
[INFO] [stderr]    Compiling rustls v0.21.10
[INFO] [stderr]    Compiling unicode-normalization v0.1.22
[INFO] [stderr]    Compiling pin-utils v0.1.0
[INFO] [stderr]    Compiling getrandom v0.2.11
[INFO] [stderr]    Compiling syn v2.0.48
[INFO] [stderr]    Compiling cc v1.0.83
[INFO] [stderr]    Compiling num_cpus v1.16.0
[INFO] [stderr]    Compiling mio v0.8.10
[INFO] [stderr]    Compiling socket2 v0.5.5
[INFO] [stderr]    Compiling anstyle-query v1.0.2
[INFO] [stderr]    Compiling terminal_size v0.3.0
[INFO] [stderr]    Compiling futures-util v0.3.30
[INFO] [stderr]    Compiling anstream v0.6.5
[INFO] [stderr]    Compiling thiserror v1.0.55
[INFO] [stderr]    Compiling clap_lex v0.6.0
[INFO] [stderr]    Compiling idna v0.5.0
[INFO] [stderr]    Compiling try-lock v0.2.5
[INFO] [stderr]    Compiling semver v1.0.20
[INFO] [stderr]    Compiling strsim v0.10.0
[INFO] [stderr]    Compiling heck v0.4.1
[INFO] [stderr]    Compiling camino v1.1.6
[INFO] [stderr]    Compiling want v0.3.1
[INFO] [stderr]    Compiling clap_builder v4.4.12
[INFO] [stderr]    Compiling mime_guess v2.0.4
[INFO] [stderr]    Compiling http-body v0.4.6
[INFO] [stderr]    Compiling indexmap v1.9.3
[INFO] [stderr]    Compiling futures-channel v0.3.30
[INFO] [stderr]    Compiling anyhow v1.0.79
[INFO] [stderr]    Compiling winnow v0.5.32
[INFO] [stderr]    Compiling httpdate v1.0.3
[INFO] [stderr]    Compiling base64 v0.21.5
[INFO] [stderr]    Compiling termcolor v1.4.0
[INFO] [stderr]    Compiling tower-service v0.3.2
[INFO] [stderr]    Compiling is-terminal v0.4.10
[INFO] [stderr]    Compiling atty v0.2.14
[INFO] [stderr]    Compiling bitflags v1.3.2
[INFO] [stderr]    Compiling concolor-query v0.0.4
[INFO] [stderr]    Compiling humantime v2.1.0
[INFO] [stderr]    Compiling rustls-pemfile v1.0.4
[INFO] [stderr]    Compiling mime v0.3.17
[INFO] [stderr]    Compiling openssl-probe v0.1.5
[INFO] [stderr]    Compiling hashbrown v0.12.3
[INFO] [stderr]    Compiling concolor-control v0.0.7
[INFO] [stderr]    Compiling rustls-native-certs v0.6.3
[INFO] [stderr]    Compiling ring v0.17.7
[INFO] [stderr]    Compiling regex-automata v0.4.3
[INFO] [stderr]    Compiling subprocess v0.2.9
[INFO] [stderr]    Compiling encoding_rs v0.8.33
[INFO] [stderr]    Compiling pathdiff v0.2.1
[INFO] [stderr]    Compiling hex v0.4.3
[INFO] [stderr]    Compiling home v0.5.9
[INFO] [stderr]    Compiling ipnet v2.9.0
[INFO] [stderr]    Compiling dunce v1.0.4
[INFO] [stderr]    Compiling uuid v1.6.1
[INFO] [stderr]    Compiling serde_derive v1.0.194
[INFO] [stderr]    Compiling tokio-macros v2.2.0
[INFO] [stderr]    Compiling thiserror-impl v1.0.55
[INFO] [stderr]    Compiling clap_derive v4.4.7
[INFO] [stderr]    Compiling regex v1.10.2
[INFO] [stderr]    Compiling tokio v1.35.1
[INFO] [stderr]    Compiling env_logger v0.10.1
[INFO] [stderr]    Compiling pretty_env_logger v0.5.0
[INFO] [stderr]    Compiling clap v4.4.13
[INFO] [stderr]    Compiling clap-cargo v0.12.0
[INFO] [stderr]    Compiling rustls-webpki v0.101.7
[INFO] [stderr]    Compiling sct v0.7.1
[INFO] [stderr]    Compiling tokio-util v0.7.10
[INFO] [stderr]    Compiling h2 v0.3.22
[INFO] [stderr]    Compiling tokio-rustls v0.24.1
[INFO] [stderr]    Compiling url v2.5.0
[INFO] [stderr]    Compiling serde_spanned v0.6.5
[INFO] [stderr]    Compiling toml_datetime v0.6.5
[INFO] [stderr]    Compiling cargo-platform v0.1.6
[INFO] [stderr]    Compiling serde_urlencoded v0.7.1
[INFO] [stderr]    Compiling toml_edit v0.19.15
[INFO] [stderr]    Compiling env_proxy v0.4.1
[INFO] [stderr]    Compiling cargo_metadata v0.15.4
[INFO] [stderr]    Compiling toml v0.7.8
[INFO] [stderr]    Compiling hyper v0.14.28
[INFO] [stderr]    Compiling cargo-edit v0.12.2 (https://github.com/anatawa12/cargo-edit.git?rev=4a69e9f#4a69e9f4)
[INFO] [stderr]    Compiling hyper-rustls v0.24.2
[INFO] [stderr]    Compiling reqwest v0.11.23
[INFO] [stderr]    Compiling something-releaser v3.0.1-SNAPSHOT (/opt/rustwide/workdir)
[INFO] [stderr]     Finished dev [unoptimized + debuginfo] target(s) in 22.29s
[INFO] running `Command { std: "docker" "inspect" "00bd1862debe269b158bd673a6993d516e35e0589563e80c7e4a144e4dc68e59", kill_on_drop: false }`
[INFO] running `Command { std: "docker" "rm" "-f" "00bd1862debe269b158bd673a6993d516e35e0589563e80c7e4a144e4dc68e59", kill_on_drop: false }`
[INFO] [stdout] 00bd1862debe269b158bd673a6993d516e35e0589563e80c7e4a144e4dc68e59
[INFO] running `Command { std: "docker" "create" "-v" "/var/lib/crater-agent-workspace/builds/worker-7-tc1/target:/opt/rustwide/target:rw,Z" "-v" "/var/lib/crater-agent-workspace/builds/worker-7-tc1/source:/opt/rustwide/workdir:ro,Z" "-v" "/var/lib/crater-agent-workspace/cargo-home:/opt/rustwide/cargo-home:ro,Z" "-v" "/var/lib/crater-agent-workspace/rustup-home:/opt/rustwide/rustup-home:ro,Z" "-e" "SOURCE_DIR=/opt/rustwide/workdir" "-e" "CARGO_TARGET_DIR=/opt/rustwide/target" "-e" "CARGO_INCREMENTAL=0" "-e" "RUST_BACKTRACE=full" "-e" "RUSTFLAGS=--cap-lints=warn" "-e" "RUSTDOCFLAGS=--cap-lints=warn" "-e" "CARGO_HOME=/opt/rustwide/cargo-home" "-e" "RUSTUP_HOME=/opt/rustwide/rustup-home" "-w" "/opt/rustwide/workdir" "-m" "1610612736" "--user" "0:0" "--network" "none" "ghcr.io/rust-lang/crates-build-env/linux@sha256:2788e3201cd34a07e3172128adcd8b3090168a8e3bcc40d7c032b9dda1df7d1c" "/opt/rustwide/cargo-home/bin/cargo" "+1.75.0" "test" "--frozen" "--no-run" "--message-format=json", kill_on_drop: false }`
[INFO] [stdout] 785f428c5a037d6008b126a60e3fc313bc2127f96ce8e87585e40c421d13f4c3
[INFO] running `Command { std: "docker" "start" "-a" "785f428c5a037d6008b126a60e3fc313bc2127f96ce8e87585e40c421d13f4c3", kill_on_drop: false }`
[INFO] [stderr] warning: skipping duplicate package `cargo-list-test-fixture` found at `/opt/rustwide/cargo-home/git/checkouts/cargo-edit-edd129c2a802a9f3/4a69e9f/tests/cargo-upgrade/optional_dep/out`
[INFO] [stderr] warning: skipping duplicate package `cargo-list-test-fixture` found at `/opt/rustwide/cargo-home/git/checkouts/cargo-edit-edd129c2a802a9f3/4a69e9f/tests/cargo-upgrade/preserve_precision_patch/in`
[INFO] [stderr] warning: skipping duplicate package `cargo-list-test-fixture` found at `/opt/rustwide/cargo-home/git/checkouts/cargo-edit-edd129c2a802a9f3/4a69e9f/tests/cargo-upgrade/preserve_precision_patch/out`
[INFO] [stderr] warning: skipping duplicate package `cargo-list-test-fixture` found at `/opt/rustwide/cargo-home/git/checkouts/cargo-edit-edd129c2a802a9f3/4a69e9f/tests/cargo-upgrade/preserves_std_table/in`
[INFO] [stderr] warning: skipping duplicate package `cargo-list-test-fixture` found at `/opt/rustwide/cargo-home/git/checkouts/cargo-edit-edd129c2a802a9f3/4a69e9f/tests/cargo-upgrade/preserves_std_table/out`
[INFO] [stderr] warning: skipping duplicate package `cargo-list-test-fixture` found at `/opt/rustwide/cargo-home/git/checkouts/cargo-edit-edd129c2a802a9f3/4a69e9f/tests/cargo-upgrade/package_rust_version/in`
[INFO] [stderr] warning: skipping duplicate package `cargo-list-test-fixture` found at `/opt/rustwide/cargo-home/git/checkouts/cargo-edit-edd129c2a802a9f3/4a69e9f/tests/cargo-upgrade/package_rust_version/out`
[INFO] [stderr] warning: skipping duplicate package `one` found at `/opt/rustwide/cargo-home/git/checkouts/cargo-edit-edd129c2a802a9f3/4a69e9f/tests/cargo-upgrade/upgrade_all/out/one`
[INFO] [stderr] warning: skipping duplicate package `three` found at `/opt/rustwide/cargo-home/git/checkouts/cargo-edit-edd129c2a802a9f3/4a69e9f/tests/cargo-upgrade/upgrade_all/out/implicit/three`
[INFO] [stderr] warning: skipping duplicate package `four` found at `/opt/rustwide/cargo-home/git/checkouts/cargo-edit-edd129c2a802a9f3/4a69e9f/tests/cargo-upgrade/upgrade_all/out/explicit/four`
[INFO] [stderr] warning: skipping duplicate package `two` found at `/opt/rustwide/cargo-home/git/checkouts/cargo-edit-edd129c2a802a9f3/4a69e9f/tests/cargo-upgrade/upgrade_all/out/two`
[INFO] [stderr] warning: skipping duplicate package `one` found at `/opt/rustwide/cargo-home/git/checkouts/cargo-edit-edd129c2a802a9f3/4a69e9f/tests/cargo-upgrade/virtual_manifest/in/one`
[INFO] [stderr] warning: skipping duplicate package `three` found at `/opt/rustwide/cargo-home/git/checkouts/cargo-edit-edd129c2a802a9f3/4a69e9f/tests/cargo-upgrade/virtual_manifest/in/implicit/three`
[INFO] [stderr] warning: skipping duplicate package `four` found at `/opt/rustwide/cargo-home/git/checkouts/cargo-edit-edd129c2a802a9f3/4a69e9f/tests/cargo-upgrade/virtual_manifest/in/explicit/four`
[INFO] [stderr] warning: skipping duplicate package `two` found at `/opt/rustwide/cargo-home/git/checkouts/cargo-edit-edd129c2a802a9f3/4a69e9f/tests/cargo-upgrade/virtual_manifest/in/two`
[INFO] [stderr] warning: skipping duplicate package `one` found at `/opt/rustwide/cargo-home/git/checkouts/cargo-edit-edd129c2a802a9f3/4a69e9f/tests/cargo-upgrade/virtual_manifest/out/one`
[INFO] [stderr] warning: skipping duplicate package `three` found at `/opt/rustwide/cargo-home/git/checkouts/cargo-edit-edd129c2a802a9f3/4a69e9f/tests/cargo-upgrade/virtual_manifest/out/implicit/three`
[INFO] [stderr] warning: skipping duplicate package `four` found at `/opt/rustwide/cargo-home/git/checkouts/cargo-edit-edd129c2a802a9f3/4a69e9f/tests/cargo-upgrade/virtual_manifest/out/explicit/four`
[INFO] [stderr] warning: skipping duplicate package `two` found at `/opt/rustwide/cargo-home/git/checkouts/cargo-edit-edd129c2a802a9f3/4a69e9f/tests/cargo-upgrade/virtual_manifest/out/two`
[INFO] [stderr] warning: skipping duplicate package `None` found at `/opt/rustwide/cargo-home/git/checkouts/cargo-edit-edd129c2a802a9f3/4a69e9f/tests/cargo-upgrade/upgrade_verbose/out`
[INFO] [stderr] warning: skipping duplicate package `one` found at `/opt/rustwide/cargo-home/git/checkouts/cargo-edit-edd129c2a802a9f3/4a69e9f/tests/cargo-upgrade/workspace_member_manifest_path/in/one`
[INFO] [stderr] warning: skipping duplicate package `three` found at `/opt/rustwide/cargo-home/git/checkouts/cargo-edit-edd129c2a802a9f3/4a69e9f/tests/cargo-upgrade/workspace_member_manifest_path/in/implicit/three`
[INFO] [stderr] warning: skipping duplicate package `four` found at `/opt/rustwide/cargo-home/git/checkouts/cargo-edit-edd129c2a802a9f3/4a69e9f/tests/cargo-upgrade/workspace_member_manifest_path/in/explicit/four`
[INFO] [stderr] warning: skipping duplicate package `two` found at `/opt/rustwide/cargo-home/git/checkouts/cargo-edit-edd129c2a802a9f3/4a69e9f/tests/cargo-upgrade/workspace_member_manifest_path/in/two`
[INFO] [stderr] warning: skipping duplicate package `one` found at `/opt/rustwide/cargo-home/git/checkouts/cargo-edit-edd129c2a802a9f3/4a69e9f/tests/cargo-upgrade/workspace_member_manifest_path/out/one`
[INFO] [stderr] warning: skipping duplicate package `three` found at `/opt/rustwide/cargo-home/git/checkouts/cargo-edit-edd129c2a802a9f3/4a69e9f/tests/cargo-upgrade/workspace_member_manifest_path/out/implicit/three`
[INFO] [stderr] warning: skipping duplicate package `four` found at `/opt/rustwide/cargo-home/git/checkouts/cargo-edit-edd129c2a802a9f3/4a69e9f/tests/cargo-upgrade/workspace_member_manifest_path/out/explicit/four`
[INFO] [stderr] warning: skipping duplicate package `two` found at `/opt/rustwide/cargo-home/git/checkouts/cargo-edit-edd129c2a802a9f3/4a69e9f/tests/cargo-upgrade/workspace_member_manifest_path/out/two`
[INFO] [stderr] warning: skipping duplicate package `cargo-list-test-fixture` found at `/opt/rustwide/cargo-home/git/checkouts/cargo-edit-edd129c2a802a9f3/4a69e9f/tests/cargo-upgrade/invalid_flag/in`
[INFO] [stderr] warning: skipping duplicate package `cargo-list-test-fixture` found at `/opt/rustwide/cargo-home/git/checkouts/cargo-edit-edd129c2a802a9f3/4a69e9f/tests/cargo-upgrade/invalid_flag/out`
[INFO] [stderr] warning: skipping duplicate package `cargo-list-test-fixture` found at `/opt/rustwide/cargo-home/git/checkouts/cargo-edit-edd129c2a802a9f3/4a69e9f/tests/cargo-upgrade/implicit_prerelease/in`
[INFO] [stderr] warning: skipping duplicate package `cargo-list-test-fixture` found at `/opt/rustwide/cargo-home/git/checkouts/cargo-edit-edd129c2a802a9f3/4a69e9f/tests/cargo-upgrade/implicit_prerelease/out`
[INFO] [stderr] warning: skipping duplicate package `cargo-list-test-fixture` found at `/opt/rustwide/cargo-home/git/checkouts/cargo-edit-edd129c2a802a9f3/4a69e9f/tests/cargo-upgrade/locked_dry_run/in`
[INFO] [stderr] warning: skipping duplicate package `cargo-list-test-fixture` found at `/opt/rustwide/cargo-home/git/checkouts/cargo-edit-edd129c2a802a9f3/4a69e9f/tests/cargo-upgrade/locked_dry_run/out`
[INFO] [stderr] warning: skipping duplicate package `None` found at `/opt/rustwide/cargo-home/git/checkouts/cargo-edit-edd129c2a802a9f3/4a69e9f/tests/cargo-upgrade/exclude_dep/in`
[INFO] [stderr] warning: skipping duplicate package `None` found at `/opt/rustwide/cargo-home/git/checkouts/cargo-edit-edd129c2a802a9f3/4a69e9f/tests/cargo-upgrade/exclude_dep/out`
[INFO] [stderr] warning: skipping duplicate package `one` found at `/opt/rustwide/cargo-home/git/checkouts/cargo-edit-edd129c2a802a9f3/4a69e9f/tests/cargo-upgrade/lockfile/in/one`
[INFO] [stderr] warning: skipping duplicate package `three` found at `/opt/rustwide/cargo-home/git/checkouts/cargo-edit-edd129c2a802a9f3/4a69e9f/tests/cargo-upgrade/lockfile/in/implicit/three`
[INFO] [stderr] warning: skipping duplicate package `four` found at `/opt/rustwide/cargo-home/git/checkouts/cargo-edit-edd129c2a802a9f3/4a69e9f/tests/cargo-upgrade/lockfile/in/explicit/four`
[INFO] [stderr] warning: skipping duplicate package `two` found at `/opt/rustwide/cargo-home/git/checkouts/cargo-edit-edd129c2a802a9f3/4a69e9f/tests/cargo-upgrade/lockfile/in/two`
[INFO] [stderr] warning: skipping duplicate package `one` found at `/opt/rustwide/cargo-home/git/checkouts/cargo-edit-edd129c2a802a9f3/4a69e9f/tests/cargo-upgrade/lockfile/out/one`
[INFO] [stderr] warning: skipping duplicate package `three` found at `/opt/rustwide/cargo-home/git/checkouts/cargo-edit-edd129c2a802a9f3/4a69e9f/tests/cargo-upgrade/lockfile/out/implicit/three`
[INFO] [stderr] warning: skipping duplicate package `four` found at `/opt/rustwide/cargo-home/git/checkouts/cargo-edit-edd129c2a802a9f3/4a69e9f/tests/cargo-upgrade/lockfile/out/explicit/four`
[INFO] [stderr] warning: skipping duplicate package `two` found at `/opt/rustwide/cargo-home/git/checkouts/cargo-edit-edd129c2a802a9f3/4a69e9f/tests/cargo-upgrade/lockfile/out/two`
[INFO] [stderr] warning: skipping duplicate package `cargo-list-test-fixture` found at `/opt/rustwide/cargo-home/git/checkouts/cargo-edit-edd129c2a802a9f3/4a69e9f/tests/cargo-upgrade/cli_rust_version/in`
[INFO] [stderr] warning: skipping duplicate package `cargo-list-test-fixture` found at `/opt/rustwide/cargo-home/git/checkouts/cargo-edit-edd129c2a802a9f3/4a69e9f/tests/cargo-upgrade/cli_rust_version/out`
[INFO] [stderr] warning: skipping duplicate package `cargo-list-test-fixture` found at `/opt/rustwide/cargo-home/git/checkouts/cargo-edit-edd129c2a802a9f3/4a69e9f/tests/cargo-upgrade/preserves_inline_table/in`
[INFO] [stderr] warning: skipping duplicate package `cargo-list-test-fixture` found at `/opt/rustwide/cargo-home/git/checkouts/cargo-edit-edd129c2a802a9f3/4a69e9f/tests/cargo-upgrade/preserves_inline_table/out`
[INFO] [stderr] warning: skipping duplicate package `one` found at `/opt/rustwide/cargo-home/git/checkouts/cargo-edit-edd129c2a802a9f3/4a69e9f/tests/cargo-upgrade/workspace_inheritance/in/one`
[INFO] [stderr] warning: skipping duplicate package `two` found at `/opt/rustwide/cargo-home/git/checkouts/cargo-edit-edd129c2a802a9f3/4a69e9f/tests/cargo-upgrade/workspace_inheritance/in/two`
[INFO] [stderr] warning: skipping duplicate package `one` found at `/opt/rustwide/cargo-home/git/checkouts/cargo-edit-edd129c2a802a9f3/4a69e9f/tests/cargo-upgrade/workspace_inheritance/out/one`
[INFO] [stderr] warning: skipping duplicate package `three` found at `/opt/rustwide/cargo-home/git/checkouts/cargo-edit-edd129c2a802a9f3/4a69e9f/tests/cargo-upgrade/workspace_inheritance/out/implicit/three`
[INFO] [stderr] warning: skipping duplicate package `four` found at `/opt/rustwide/cargo-home/git/checkouts/cargo-edit-edd129c2a802a9f3/4a69e9f/tests/cargo-upgrade/workspace_inheritance/out/explicit/four`
[INFO] [stderr] warning: skipping duplicate package `two` found at `/opt/rustwide/cargo-home/git/checkouts/cargo-edit-edd129c2a802a9f3/4a69e9f/tests/cargo-upgrade/workspace_inheritance/out/two`
[INFO] [stderr] warning: skipping duplicate package `cargo-list-test-fixture` found at `/opt/rustwide/cargo-home/git/checkouts/cargo-edit-edd129c2a802a9f3/4a69e9f/tests/cargo-upgrade/specified/in`
[INFO] [stderr] warning: skipping duplicate package `cargo-list-test-fixture` found at `/opt/rustwide/cargo-home/git/checkouts/cargo-edit-edd129c2a802a9f3/4a69e9f/tests/cargo-upgrade/specified/out`
[INFO] [stderr] warning: skipping duplicate package `cargo-list-test-fixture` found at `/opt/rustwide/cargo-home/git/checkouts/cargo-edit-edd129c2a802a9f3/4a69e9f/tests/cargo-upgrade/preserve_precision_minor/in`
[INFO] [stderr] warning: skipping duplicate package `cargo-list-test-fixture` found at `/opt/rustwide/cargo-home/git/checkouts/cargo-edit-edd129c2a802a9f3/4a69e9f/tests/cargo-upgrade/preserve_precision_minor/out`
[INFO] [stderr] warning: skipping duplicate package `cargo-list-test-fixture` found at `/opt/rustwide/cargo-home/git/checkouts/cargo-edit-edd129c2a802a9f3/4a69e9f/tests/cargo-upgrade/preserve_op/in`
[INFO] [stderr] warning: skipping duplicate package `cargo-list-test-fixture` found at `/opt/rustwide/cargo-home/git/checkouts/cargo-edit-edd129c2a802a9f3/4a69e9f/tests/cargo-upgrade/preserve_op/out`
[INFO] [stderr] warning: skipping duplicate package `cargo-list-test-fixture` found at `/opt/rustwide/cargo-home/git/checkouts/cargo-edit-edd129c2a802a9f3/4a69e9f/tests/cargo-upgrade/preserve_precision_major/in`
[INFO] [stderr] warning: skipping duplicate package `cargo-list-test-fixture` found at `/opt/rustwide/cargo-home/git/checkouts/cargo-edit-edd129c2a802a9f3/4a69e9f/tests/cargo-upgrade/preserve_precision_major/out`
[INFO] [stderr] warning: skipping duplicate package `cargo-list-test-fixture` found at `/opt/rustwide/cargo-home/git/checkouts/cargo-edit-edd129c2a802a9f3/4a69e9f/tests/cargo-upgrade/locked/in`
[INFO] [stderr] warning: skipping duplicate package `cargo-list-test-fixture` found at `/opt/rustwide/cargo-home/git/checkouts/cargo-edit-edd129c2a802a9f3/4a69e9f/tests/cargo-upgrade/locked/out`
[INFO] [stderr] warning: skipping duplicate package `cargo-list-test-fixture` found at `/opt/rustwide/cargo-home/git/checkouts/cargo-edit-edd129c2a802a9f3/4a69e9f/tests/cargo-upgrade/exclude_renamed/in`
[INFO] [stderr] warning: skipping duplicate package `cargo-list-test-fixture` found at `/opt/rustwide/cargo-home/git/checkouts/cargo-edit-edd129c2a802a9f3/4a69e9f/tests/cargo-upgrade/exclude_renamed/out`
[INFO] [stderr] warning: skipping duplicate package `cargo-list-test-fixture` found at `/opt/rustwide/cargo-home/git/checkouts/cargo-edit-edd129c2a802a9f3/4a69e9f/tests/cargo-upgrade/to_version/in`
[INFO] [stderr] warning: skipping duplicate package `cargo-list-test-fixture` found at `/opt/rustwide/cargo-home/git/checkouts/cargo-edit-edd129c2a802a9f3/4a69e9f/tests/cargo-upgrade/to_version/out`
[INFO] [stderr] warning: skipping duplicate package `one` found at `/opt/rustwide/cargo-home/git/checkouts/cargo-edit-edd129c2a802a9f3/4a69e9f/tests/cargo-upgrade/upgrade_workspace/in/one`
[INFO] [stderr] warning: skipping duplicate package `three` found at `/opt/rustwide/cargo-home/git/checkouts/cargo-edit-edd129c2a802a9f3/4a69e9f/tests/cargo-upgrade/upgrade_workspace/in/implicit/three`
[INFO] [stderr] warning: skipping duplicate package `four` found at `/opt/rustwide/cargo-home/git/checkouts/cargo-edit-edd129c2a802a9f3/4a69e9f/tests/cargo-upgrade/upgrade_workspace/in/explicit/four`
[INFO] [stderr] warning: skipping duplicate package `two` found at `/opt/rustwide/cargo-home/git/checkouts/cargo-edit-edd129c2a802a9f3/4a69e9f/tests/cargo-upgrade/upgrade_workspace/in/two`
[INFO] [stderr] warning: skipping duplicate package `one` found at `/opt/rustwide/cargo-home/git/checkouts/cargo-edit-edd129c2a802a9f3/4a69e9f/tests/cargo-upgrade/upgrade_workspace/out/one`
[INFO] [stderr] warning: skipping duplicate package `three` found at `/opt/rustwide/cargo-home/git/checkouts/cargo-edit-edd129c2a802a9f3/4a69e9f/tests/cargo-upgrade/upgrade_workspace/out/implicit/three`
[INFO] [stderr] warning: skipping duplicate package `four` found at `/opt/rustwide/cargo-home/git/checkouts/cargo-edit-edd129c2a802a9f3/4a69e9f/tests/cargo-upgrade/upgrade_workspace/out/explicit/four`
[INFO] [stderr] warning: skipping duplicate package `two` found at `/opt/rustwide/cargo-home/git/checkouts/cargo-edit-edd129c2a802a9f3/4a69e9f/tests/cargo-upgrade/upgrade_workspace/out/two`
[INFO] [stderr] warning: skipping duplicate package `cargo-list-test-fixture` found at `/opt/rustwide/cargo-home/git/checkouts/cargo-edit-edd129c2a802a9f3/4a69e9f/tests/cargo-upgrade/invalid_dep/in`
[INFO] [stderr] warning: skipping duplicate package `cargo-list-test-fixture` found at `/opt/rustwide/cargo-home/git/checkouts/cargo-edit-edd129c2a802a9f3/4a69e9f/tests/cargo-upgrade/invalid_dep/out`
[INFO] [stderr] warning: skipping duplicate package `one` found at `/opt/rustwide/cargo-home/git/checkouts/cargo-edit-edd129c2a802a9f3/4a69e9f/tests/cargo-upgrade/workspace_member_cwd/in/one`
[INFO] [stderr] warning: skipping duplicate package `three` found at `/opt/rustwide/cargo-home/git/checkouts/cargo-edit-edd129c2a802a9f3/4a69e9f/tests/cargo-upgrade/workspace_member_cwd/in/implicit/three`
[INFO] [stderr] warning: skipping duplicate package `four` found at `/opt/rustwide/cargo-home/git/checkouts/cargo-edit-edd129c2a802a9f3/4a69e9f/tests/cargo-upgrade/workspace_member_cwd/in/explicit/four`
[INFO] [stderr] warning: skipping duplicate package `two` found at `/opt/rustwide/cargo-home/git/checkouts/cargo-edit-edd129c2a802a9f3/4a69e9f/tests/cargo-upgrade/workspace_member_cwd/in/two`
[INFO] [stderr] warning: skipping duplicate package `one` found at `/opt/rustwide/cargo-home/git/checkouts/cargo-edit-edd129c2a802a9f3/4a69e9f/tests/cargo-upgrade/workspace_member_cwd/out/one`
[INFO] [stderr] warning: skipping duplicate package `three` found at `/opt/rustwide/cargo-home/git/checkouts/cargo-edit-edd129c2a802a9f3/4a69e9f/tests/cargo-upgrade/workspace_member_cwd/out/implicit/three`
[INFO] [stderr] warning: skipping duplicate package `four` found at `/opt/rustwide/cargo-home/git/checkouts/cargo-edit-edd129c2a802a9f3/4a69e9f/tests/cargo-upgrade/workspace_member_cwd/out/explicit/four`
[INFO] [stderr] warning: skipping duplicate package `two` found at `/opt/rustwide/cargo-home/git/checkouts/cargo-edit-edd129c2a802a9f3/4a69e9f/tests/cargo-upgrade/workspace_member_cwd/out/two`
[INFO] [stderr] warning: skipping duplicate package `cargo-list-test-fixture` found at `/opt/rustwide/cargo-home/git/checkouts/cargo-edit-edd129c2a802a9f3/4a69e9f/tests/cargo-upgrade/upgrade_renamed/in`
[INFO] [stderr] warning: skipping duplicate package `cargo-list-test-fixture` found at `/opt/rustwide/cargo-home/git/checkouts/cargo-edit-edd129c2a802a9f3/4a69e9f/tests/cargo-upgrade/upgrade_renamed/out`
[INFO] [stderr] warning: skipping duplicate package `cargo-list-test-fixture` found at `/opt/rustwide/cargo-home/git/checkouts/cargo-edit-edd129c2a802a9f3/4a69e9f/tests/cargo-upgrade/single_dep/in`
[INFO] [stderr] warning: skipping duplicate package `cargo-list-test-fixture` found at `/opt/rustwide/cargo-home/git/checkouts/cargo-edit-edd129c2a802a9f3/4a69e9f/tests/cargo-upgrade/single_dep/out`
[INFO] [stderr] warning: skipping duplicate package `cargo-list-test-fixture` found at `/opt/rustwide/cargo-home/git/checkouts/cargo-edit-edd129c2a802a9f3/4a69e9f/tests/cargo-upgrade/dry_run/in`
[INFO] [stderr] warning: skipping duplicate package `cargo-list-test-fixture` found at `/opt/rustwide/cargo-home/git/checkouts/cargo-edit-edd129c2a802a9f3/4a69e9f/tests/cargo-upgrade/dry_run/out`
[INFO] [stderr] warning: skipping duplicate package `None` found at `/opt/rustwide/cargo-home/git/checkouts/cargo-edit-edd129c2a802a9f3/4a69e9f/tests/cargo-upgrade/upgrade_everything/in`
[INFO] [stderr] warning: skipping duplicate package `None` found at `/opt/rustwide/cargo-home/git/checkouts/cargo-edit-edd129c2a802a9f3/4a69e9f/tests/cargo-upgrade/upgrade_everything/out`
[INFO] [stderr] warning: skipping duplicate package `cargo-list-test-fixture` found at `/opt/rustwide/cargo-home/git/checkouts/cargo-edit-edd129c2a802a9f3/4a69e9f/tests/cargo-upgrade/pinned/in`
[INFO] [stderr] warning: skipping duplicate package `cargo-list-test-fixture` found at `/opt/rustwide/cargo-home/git/checkouts/cargo-edit-edd129c2a802a9f3/4a69e9f/tests/cargo-upgrade/pinned/out`
[INFO] [stderr] warning: skipping duplicate package `cargo-list-test-fixture` found at `/opt/rustwide/cargo-home/git/checkouts/cargo-edit-edd129c2a802a9f3/4a69e9f/tests/cargo-upgrade/skip_compatible/in`
[INFO] [stderr] warning: skipping duplicate package `cargo-list-test-fixture` found at `/opt/rustwide/cargo-home/git/checkouts/cargo-edit-edd129c2a802a9f3/4a69e9f/tests/cargo-upgrade/skip_compatible/out`
[INFO] [stderr] warning: skipping duplicate package `cargo-list-test-fixture` found at `/opt/rustwide/cargo-home/git/checkouts/cargo-edit-edd129c2a802a9f3/4a69e9f/tests/cargo-upgrade/ignore_rust_version/in`
[INFO] [stderr] warning: skipping duplicate package `cargo-list-test-fixture` found at `/opt/rustwide/cargo-home/git/checkouts/cargo-edit-edd129c2a802a9f3/4a69e9f/tests/cargo-upgrade/ignore_rust_version/out`
[INFO] [stderr] warning: skipping duplicate package `cargo-list-test-fixture` found at `/opt/rustwide/cargo-home/git/checkouts/cargo-edit-edd129c2a802a9f3/4a69e9f/tests/cargo-set-version/workspace_deps/in`
[INFO] [stderr] warning: skipping duplicate package `cargo-list-test-fixture-dependency` found at `/opt/rustwide/cargo-home/git/checkouts/cargo-edit-edd129c2a802a9f3/4a69e9f/tests/cargo-set-version/upgrade_compatible_dependency/in/dependency`
[INFO] [stderr] warning: skipping duplicate package `cargo-list-test-fixture` found at `/opt/rustwide/cargo-home/git/checkouts/cargo-edit-edd129c2a802a9f3/4a69e9f/tests/cargo-set-version/upgrade_compatible_dependency/in/primary`
[INFO] [stderr] warning: skipping duplicate package `independent-version` found at `/opt/rustwide/cargo-home/git/checkouts/cargo-edit-edd129c2a802a9f3/4a69e9f/tests/cargo-set-version/workspace_version_subset/out/independent-version`
[INFO] [stderr] warning: skipping duplicate package `sample` found at `/opt/rustwide/cargo-home/git/checkouts/cargo-edit-edd129c2a802a9f3/4a69e9f/tests/cargo-set-version/downgrade_error/out`
[INFO] [stderr] warning: skipping duplicate package `cargo-list-test-fixture-dependency` found at `/opt/rustwide/cargo-home/git/checkouts/cargo-edit-edd129c2a802a9f3/4a69e9f/tests/cargo-set-version/upgrade_incompatible_dependency/in/dependency`
[INFO] [stderr] warning: skipping duplicate package `cargo-list-test-fixture` found at `/opt/rustwide/cargo-home/git/checkouts/cargo-edit-edd129c2a802a9f3/4a69e9f/tests/cargo-set-version/upgrade_incompatible_dependency/in/primary`
[INFO] [stderr] warning: skipping duplicate package `root` found at `/opt/rustwide/cargo-home/git/checkouts/cargo-edit-edd129c2a802a9f3/4a69e9f/tests/cargo-set-version/workspace_version_exclude/in`
[INFO] [stderr] warning: skipping duplicate package `independent-version` found at `/opt/rustwide/cargo-home/git/checkouts/cargo-edit-edd129c2a802a9f3/4a69e9f/tests/cargo-set-version/workspace_version_exclude/in/independent-version`
[INFO] [stderr] warning: skipping duplicate package `inherits-version` found at `/opt/rustwide/cargo-home/git/checkouts/cargo-edit-edd129c2a802a9f3/4a69e9f/tests/cargo-set-version/workspace_version_exclude/in/inherits-version`
[INFO] [stderr] warning: skipping duplicate package `root` found at `/opt/rustwide/cargo-home/git/checkouts/cargo-edit-edd129c2a802a9f3/4a69e9f/tests/cargo-set-version/workspace_version_exclude/out`
[INFO] [stderr] warning: skipping duplicate package `independent-version` found at `/opt/rustwide/cargo-home/git/checkouts/cargo-edit-edd129c2a802a9f3/4a69e9f/tests/cargo-set-version/workspace_version_exclude/out/independent-version`
[INFO] [stderr] warning: skipping duplicate package `inherits-version` found at `/opt/rustwide/cargo-home/git/checkouts/cargo-edit-edd129c2a802a9f3/4a69e9f/tests/cargo-set-version/workspace_version_exclude/out/inherits-version`
[INFO] [stderr] warning: skipping duplicate package `cargo-list-test-fixture-dependency` found at `/opt/rustwide/cargo-home/git/checkouts/cargo-edit-edd129c2a802a9f3/4a69e9f/tests/cargo-set-version/ignore_dependent/in/dependency`
[INFO] [stderr] warning: skipping duplicate package `cargo-list-test-fixture` found at `/opt/rustwide/cargo-home/git/checkouts/cargo-edit-edd129c2a802a9f3/4a69e9f/tests/cargo-set-version/ignore_dependent/in/primary`
[INFO] [stderr] warning: skipping duplicate package `sample` found at `/opt/rustwide/cargo-home/git/checkouts/cargo-edit-edd129c2a802a9f3/4a69e9f/tests/cargo-set-version/set_relative_version/in`
[INFO] [stderr] warning: skipping duplicate package `cargo-list-test-fixture-dependency` found at `/opt/rustwide/cargo-home/git/checkouts/cargo-edit-edd129c2a802a9f3/4a69e9f/tests/cargo-set-version/upgrade_workspace/in/dependency`
[INFO] [stderr] warning: skipping duplicate package `cargo-list-test-fixture` found at `/opt/rustwide/cargo-home/git/checkouts/cargo-edit-edd129c2a802a9f3/4a69e9f/tests/cargo-set-version/upgrade_workspace/in/primary`
[INFO] [stderr] warning: skipping duplicate package `with_workspace_dep` found at `/opt/rustwide/cargo-home/git/checkouts/cargo-edit-edd129c2a802a9f3/4a69e9f/tests/cargo-set-version/set_absolute_workspace_version/out/with_workspace_dep`
[INFO] [stderr] warning: skipping duplicate package `with_direct_dep` found at `/opt/rustwide/cargo-home/git/checkouts/cargo-edit-edd129c2a802a9f3/4a69e9f/tests/cargo-set-version/set_absolute_workspace_version/out/with_direct_dep`
[INFO] [stderr] warning: skipping duplicate package `unrelated_dep` found at `/opt/rustwide/cargo-home/git/checkouts/cargo-edit-edd129c2a802a9f3/4a69e9f/tests/cargo-set-version/set_absolute_workspace_version/out/unrelated_dep`
[INFO] [stderr] warning: skipping duplicate package `sample` found at `/opt/rustwide/cargo-home/git/checkouts/cargo-edit-edd129c2a802a9f3/4a69e9f/tests/cargo-set-version/relative_absolute_conflict/in`
[INFO] [stderr] warning: skipping duplicate package `sample` found at `/opt/rustwide/cargo-home/git/checkouts/cargo-edit-edd129c2a802a9f3/4a69e9f/tests/cargo-set-version/relative_absolute_conflict/out`
[INFO] [stderr] warning: skipping duplicate package `sample` found at `/opt/rustwide/cargo-home/git/checkouts/cargo-edit-edd129c2a802a9f3/4a69e9f/tests/cargo-set-version/dry_run/in`
[INFO] [stderr] warning: skipping duplicate package `sample` found at `/opt/rustwide/cargo-home/git/checkouts/cargo-edit-edd129c2a802a9f3/4a69e9f/tests/cargo-set-version/dry_run/out`
[INFO] [stderr] warning: skipping duplicate package `sample` found at `/opt/rustwide/cargo-home/git/checkouts/cargo-edit-edd129c2a802a9f3/4a69e9f/tests/cargo-set-version/set_absolute_version/in`
[INFO] [stderr] warning: skipping duplicate package `cargo-list-test-fixture-dependency` found at `/opt/rustwide/cargo-home/git/checkouts/cargo-edit-edd129c2a802a9f3/4a69e9f/tests/cargo-set-version/virtual_workspace_deps/in/dependency`
[INFO] [stderr] warning: skipping duplicate package `cargo-list-test-fixture` found at `/opt/rustwide/cargo-home/git/checkouts/cargo-edit-edd129c2a802a9f3/4a69e9f/tests/cargo-set-version/virtual_workspace_deps/in/primary`
[INFO] [stderr] warning: skipping duplicate package `with_workspace_dep` found at `/opt/rustwide/cargo-home/git/checkouts/cargo-edit-edd129c2a802a9f3/4a69e9f/tests/cargo-set-version/set_relative_workspace_version/in/with_workspace_dep`
[INFO] [stderr] warning: skipping duplicate package `inherit_ws_version` found at `/opt/rustwide/cargo-home/git/checkouts/cargo-edit-edd129c2a802a9f3/4a69e9f/tests/cargo-set-version/set_relative_workspace_version/in/inherit_ws_version`
[INFO] [stderr] warning: skipping duplicate package `with_direct_dep` found at `/opt/rustwide/cargo-home/git/checkouts/cargo-edit-edd129c2a802a9f3/4a69e9f/tests/cargo-set-version/set_relative_workspace_version/in/with_direct_dep`
[INFO] [stderr] warning: skipping duplicate package `unrelated_dep` found at `/opt/rustwide/cargo-home/git/checkouts/cargo-edit-edd129c2a802a9f3/4a69e9f/tests/cargo-set-version/set_relative_workspace_version/in/unrelated_dep`
[INFO] [stderr] warning: skipping duplicate package `with_workspace_dep` found at `/opt/rustwide/cargo-home/git/checkouts/cargo-edit-edd129c2a802a9f3/4a69e9f/tests/cargo-set-version/set_relative_workspace_version/out/with_workspace_dep`
[INFO] [stderr] warning: skipping duplicate package `with_direct_dep` found at `/opt/rustwide/cargo-home/git/checkouts/cargo-edit-edd129c2a802a9f3/4a69e9f/tests/cargo-set-version/set_relative_workspace_version/out/with_direct_dep`
[INFO] [stderr] warning: skipping duplicate package `unrelated_dep` found at `/opt/rustwide/cargo-home/git/checkouts/cargo-edit-edd129c2a802a9f3/4a69e9f/tests/cargo-set-version/set_relative_workspace_version/out/unrelated_dep`
[INFO] [stderr]    Compiling rustix v0.38.28
[INFO] [stderr]    Compiling futures-io v0.3.30
[INFO] [stderr]    Compiling futures-channel v0.3.30
[INFO] [stderr]    Compiling futures-task v0.3.30
[INFO] [stderr]    Compiling signal-hook-registry v1.4.1
[INFO] [stderr]    Compiling futures-macro v0.3.30
[INFO] [stderr]    Compiling crossbeam-utils v0.8.18
[INFO] [stderr]    Compiling regex-automata v0.1.10
[INFO] [stderr]    Compiling lazy_static v1.4.0
[INFO] [stderr]    Compiling fastrand v2.0.1
[INFO] [stderr]    Compiling tokio v1.35.1
[INFO] [stderr]    Compiling bstr v0.2.17
[INFO] [stderr]    Compiling crossbeam-channel v0.5.10
[INFO] [stderr]    Compiling futures-util v0.3.30
[INFO] [stderr]    Compiling terminal_size v0.3.0
[INFO] [stderr]    Compiling is-terminal v0.4.10
[INFO] [stderr]    Compiling tempfile v3.9.0
[INFO] [stderr]    Compiling env_logger v0.10.1
[INFO] [stderr]    Compiling clap_builder v4.4.12
[INFO] [stderr]    Compiling pretty_env_logger v0.5.0
[INFO] [stderr]    Compiling futures v0.3.30
[INFO] [stderr]    Compiling tokio-util v0.7.10
[INFO] [stderr]    Compiling tokio-rustls v0.24.1
[INFO] [stderr]    Compiling clap v4.4.13
[INFO] [stderr]    Compiling h2 v0.3.22
[INFO] [stderr]    Compiling clap-cargo v0.12.0
[INFO] [stderr]    Compiling cargo-edit v0.12.2 (https://github.com/anatawa12/cargo-edit.git?rev=4a69e9f#4a69e9f4)
[INFO] [stderr]    Compiling hyper v0.14.28
[INFO] [stderr]    Compiling hyper-rustls v0.24.2
[INFO] [stderr]    Compiling httptest v0.15.5
[INFO] [stderr]    Compiling reqwest v0.11.23
[INFO] [stderr]    Compiling something-releaser v3.0.1-SNAPSHOT (/opt/rustwide/workdir)
[INFO] [stderr]     Finished test [unoptimized + debuginfo] target(s) in 15.21s
[INFO] running `Command { std: "docker" "inspect" "785f428c5a037d6008b126a60e3fc313bc2127f96ce8e87585e40c421d13f4c3", kill_on_drop: false }`
[INFO] running `Command { std: "docker" "rm" "-f" "785f428c5a037d6008b126a60e3fc313bc2127f96ce8e87585e40c421d13f4c3", kill_on_drop: false }`
[INFO] [stdout] 785f428c5a037d6008b126a60e3fc313bc2127f96ce8e87585e40c421d13f4c3
[INFO] running `Command { std: "docker" "create" "-v" "/var/lib/crater-agent-workspace/builds/worker-7-tc1/target:/opt/rustwide/target:rw,Z" "-v" "/var/lib/crater-agent-workspace/builds/worker-7-tc1/source:/opt/rustwide/workdir:ro,Z" "-v" "/var/lib/crater-agent-workspace/cargo-home:/opt/rustwide/cargo-home:ro,Z" "-v" "/var/lib/crater-agent-workspace/rustup-home:/opt/rustwide/rustup-home:ro,Z" "-e" "SOURCE_DIR=/opt/rustwide/workdir" "-e" "CARGO_TARGET_DIR=/opt/rustwide/target" "-e" "CARGO_INCREMENTAL=0" "-e" "RUST_BACKTRACE=full" "-e" "RUSTFLAGS=--cap-lints=warn" "-e" "RUSTDOCFLAGS=--cap-lints=warn" "-e" "CARGO_HOME=/opt/rustwide/cargo-home" "-e" "RUSTUP_HOME=/opt/rustwide/rustup-home" "-w" "/opt/rustwide/workdir" "-m" "1610612736" "--user" "0:0" "--network" "none" "ghcr.io/rust-lang/crates-build-env/linux@sha256:2788e3201cd34a07e3172128adcd8b3090168a8e3bcc40d7c032b9dda1df7d1c" "/opt/rustwide/cargo-home/bin/cargo" "+1.75.0" "test" "--frozen", kill_on_drop: false }`
[INFO] [stdout] 32ada27aec16630a5b4621401ab8636e41a98e4d5fc0d8085b013db7e0a0efa8
[INFO] running `Command { std: "docker" "start" "-a" "32ada27aec16630a5b4621401ab8636e41a98e4d5fc0d8085b013db7e0a0efa8", kill_on_drop: false }`
[INFO] [stderr] warning: skipping duplicate package `cargo-list-test-fixture` found at `/opt/rustwide/cargo-home/git/checkouts/cargo-edit-edd129c2a802a9f3/4a69e9f/tests/cargo-upgrade/optional_dep/out`
[INFO] [stderr] warning: skipping duplicate package `cargo-list-test-fixture` found at `/opt/rustwide/cargo-home/git/checkouts/cargo-edit-edd129c2a802a9f3/4a69e9f/tests/cargo-upgrade/preserve_precision_patch/in`
[INFO] [stderr] warning: skipping duplicate package `cargo-list-test-fixture` found at `/opt/rustwide/cargo-home/git/checkouts/cargo-edit-edd129c2a802a9f3/4a69e9f/tests/cargo-upgrade/preserve_precision_patch/out`
[INFO] [stderr] warning: skipping duplicate package `cargo-list-test-fixture` found at `/opt/rustwide/cargo-home/git/checkouts/cargo-edit-edd129c2a802a9f3/4a69e9f/tests/cargo-upgrade/preserves_std_table/in`
[INFO] [stderr] warning: skipping duplicate package `cargo-list-test-fixture` found at `/opt/rustwide/cargo-home/git/checkouts/cargo-edit-edd129c2a802a9f3/4a69e9f/tests/cargo-upgrade/preserves_std_table/out`
[INFO] [stderr] warning: skipping duplicate package `cargo-list-test-fixture` found at `/opt/rustwide/cargo-home/git/checkouts/cargo-edit-edd129c2a802a9f3/4a69e9f/tests/cargo-upgrade/package_rust_version/in`
[INFO] [stderr] warning: skipping duplicate package `cargo-list-test-fixture` found at `/opt/rustwide/cargo-home/git/checkouts/cargo-edit-edd129c2a802a9f3/4a69e9f/tests/cargo-upgrade/package_rust_version/out`
[INFO] [stderr] warning: skipping duplicate package `one` found at `/opt/rustwide/cargo-home/git/checkouts/cargo-edit-edd129c2a802a9f3/4a69e9f/tests/cargo-upgrade/upgrade_all/out/one`
[INFO] [stderr] warning: skipping duplicate package `three` found at `/opt/rustwide/cargo-home/git/checkouts/cargo-edit-edd129c2a802a9f3/4a69e9f/tests/cargo-upgrade/upgrade_all/out/implicit/three`
[INFO] [stderr] warning: skipping duplicate package `four` found at `/opt/rustwide/cargo-home/git/checkouts/cargo-edit-edd129c2a802a9f3/4a69e9f/tests/cargo-upgrade/upgrade_all/out/explicit/four`
[INFO] [stderr] warning: skipping duplicate package `two` found at `/opt/rustwide/cargo-home/git/checkouts/cargo-edit-edd129c2a802a9f3/4a69e9f/tests/cargo-upgrade/upgrade_all/out/two`
[INFO] [stderr] warning: skipping duplicate package `one` found at `/opt/rustwide/cargo-home/git/checkouts/cargo-edit-edd129c2a802a9f3/4a69e9f/tests/cargo-upgrade/virtual_manifest/in/one`
[INFO] [stderr] warning: skipping duplicate package `three` found at `/opt/rustwide/cargo-home/git/checkouts/cargo-edit-edd129c2a802a9f3/4a69e9f/tests/cargo-upgrade/virtual_manifest/in/implicit/three`
[INFO] [stderr] warning: skipping duplicate package `four` found at `/opt/rustwide/cargo-home/git/checkouts/cargo-edit-edd129c2a802a9f3/4a69e9f/tests/cargo-upgrade/virtual_manifest/in/explicit/four`
[INFO] [stderr] warning: skipping duplicate package `two` found at `/opt/rustwide/cargo-home/git/checkouts/cargo-edit-edd129c2a802a9f3/4a69e9f/tests/cargo-upgrade/virtual_manifest/in/two`
[INFO] [stderr] warning: skipping duplicate package `one` found at `/opt/rustwide/cargo-home/git/checkouts/cargo-edit-edd129c2a802a9f3/4a69e9f/tests/cargo-upgrade/virtual_manifest/out/one`
[INFO] [stderr] warning: skipping duplicate package `three` found at `/opt/rustwide/cargo-home/git/checkouts/cargo-edit-edd129c2a802a9f3/4a69e9f/tests/cargo-upgrade/virtual_manifest/out/implicit/three`
[INFO] [stderr] warning: skipping duplicate package `four` found at `/opt/rustwide/cargo-home/git/checkouts/cargo-edit-edd129c2a802a9f3/4a69e9f/tests/cargo-upgrade/virtual_manifest/out/explicit/four`
[INFO] [stderr] warning: skipping duplicate package `two` found at `/opt/rustwide/cargo-home/git/checkouts/cargo-edit-edd129c2a802a9f3/4a69e9f/tests/cargo-upgrade/virtual_manifest/out/two`
[INFO] [stderr] warning: skipping duplicate package `None` found at `/opt/rustwide/cargo-home/git/checkouts/cargo-edit-edd129c2a802a9f3/4a69e9f/tests/cargo-upgrade/upgrade_verbose/out`
[INFO] [stderr] warning: skipping duplicate package `one` found at `/opt/rustwide/cargo-home/git/checkouts/cargo-edit-edd129c2a802a9f3/4a69e9f/tests/cargo-upgrade/workspace_member_manifest_path/in/one`
[INFO] [stderr] warning: skipping duplicate package `three` found at `/opt/rustwide/cargo-home/git/checkouts/cargo-edit-edd129c2a802a9f3/4a69e9f/tests/cargo-upgrade/workspace_member_manifest_path/in/implicit/three`
[INFO] [stderr] warning: skipping duplicate package `four` found at `/opt/rustwide/cargo-home/git/checkouts/cargo-edit-edd129c2a802a9f3/4a69e9f/tests/cargo-upgrade/workspace_member_manifest_path/in/explicit/four`
[INFO] [stderr] warning: skipping duplicate package `two` found at `/opt/rustwide/cargo-home/git/checkouts/cargo-edit-edd129c2a802a9f3/4a69e9f/tests/cargo-upgrade/workspace_member_manifest_path/in/two`
[INFO] [stderr] warning: skipping duplicate package `one` found at `/opt/rustwide/cargo-home/git/checkouts/cargo-edit-edd129c2a802a9f3/4a69e9f/tests/cargo-upgrade/workspace_member_manifest_path/out/one`
[INFO] [stderr] warning: skipping duplicate package `three` found at `/opt/rustwide/cargo-home/git/checkouts/cargo-edit-edd129c2a802a9f3/4a69e9f/tests/cargo-upgrade/workspace_member_manifest_path/out/implicit/three`
[INFO] [stderr] warning: skipping duplicate package `four` found at `/opt/rustwide/cargo-home/git/checkouts/cargo-edit-edd129c2a802a9f3/4a69e9f/tests/cargo-upgrade/workspace_member_manifest_path/out/explicit/four`
[INFO] [stderr] warning: skipping duplicate package `two` found at `/opt/rustwide/cargo-home/git/checkouts/cargo-edit-edd129c2a802a9f3/4a69e9f/tests/cargo-upgrade/workspace_member_manifest_path/out/two`
[INFO] [stderr] warning: skipping duplicate package `cargo-list-test-fixture` found at `/opt/rustwide/cargo-home/git/checkouts/cargo-edit-edd129c2a802a9f3/4a69e9f/tests/cargo-upgrade/invalid_flag/in`
[INFO] [stderr] warning: skipping duplicate package `cargo-list-test-fixture` found at `/opt/rustwide/cargo-home/git/checkouts/cargo-edit-edd129c2a802a9f3/4a69e9f/tests/cargo-upgrade/invalid_flag/out`
[INFO] [stderr] warning: skipping duplicate package `cargo-list-test-fixture` found at `/opt/rustwide/cargo-home/git/checkouts/cargo-edit-edd129c2a802a9f3/4a69e9f/tests/cargo-upgrade/implicit_prerelease/in`
[INFO] [stderr] warning: skipping duplicate package `cargo-list-test-fixture` found at `/opt/rustwide/cargo-home/git/checkouts/cargo-edit-edd129c2a802a9f3/4a69e9f/tests/cargo-upgrade/implicit_prerelease/out`
[INFO] [stderr] warning: skipping duplicate package `cargo-list-test-fixture` found at `/opt/rustwide/cargo-home/git/checkouts/cargo-edit-edd129c2a802a9f3/4a69e9f/tests/cargo-upgrade/locked_dry_run/in`
[INFO] [stderr] warning: skipping duplicate package `cargo-list-test-fixture` found at `/opt/rustwide/cargo-home/git/checkouts/cargo-edit-edd129c2a802a9f3/4a69e9f/tests/cargo-upgrade/locked_dry_run/out`
[INFO] [stderr] warning: skipping duplicate package `None` found at `/opt/rustwide/cargo-home/git/checkouts/cargo-edit-edd129c2a802a9f3/4a69e9f/tests/cargo-upgrade/exclude_dep/in`
[INFO] [stderr] warning: skipping duplicate package `None` found at `/opt/rustwide/cargo-home/git/checkouts/cargo-edit-edd129c2a802a9f3/4a69e9f/tests/cargo-upgrade/exclude_dep/out`
[INFO] [stderr] warning: skipping duplicate package `one` found at `/opt/rustwide/cargo-home/git/checkouts/cargo-edit-edd129c2a802a9f3/4a69e9f/tests/cargo-upgrade/lockfile/in/one`
[INFO] [stderr] warning: skipping duplicate package `three` found at `/opt/rustwide/cargo-home/git/checkouts/cargo-edit-edd129c2a802a9f3/4a69e9f/tests/cargo-upgrade/lockfile/in/implicit/three`
[INFO] [stderr] warning: skipping duplicate package `four` found at `/opt/rustwide/cargo-home/git/checkouts/cargo-edit-edd129c2a802a9f3/4a69e9f/tests/cargo-upgrade/lockfile/in/explicit/four`
[INFO] [stderr] warning: skipping duplicate package `two` found at `/opt/rustwide/cargo-home/git/checkouts/cargo-edit-edd129c2a802a9f3/4a69e9f/tests/cargo-upgrade/lockfile/in/two`
[INFO] [stderr] warning: skipping duplicate package `one` found at `/opt/rustwide/cargo-home/git/checkouts/cargo-edit-edd129c2a802a9f3/4a69e9f/tests/cargo-upgrade/lockfile/out/one`
[INFO] [stderr] warning: skipping duplicate package `three` found at `/opt/rustwide/cargo-home/git/checkouts/cargo-edit-edd129c2a802a9f3/4a69e9f/tests/cargo-upgrade/lockfile/out/implicit/three`
[INFO] [stderr] warning: skipping duplicate package `four` found at `/opt/rustwide/cargo-home/git/checkouts/cargo-edit-edd129c2a802a9f3/4a69e9f/tests/cargo-upgrade/lockfile/out/explicit/four`
[INFO] [stderr] warning: skipping duplicate package `two` found at `/opt/rustwide/cargo-home/git/checkouts/cargo-edit-edd129c2a802a9f3/4a69e9f/tests/cargo-upgrade/lockfile/out/two`
[INFO] [stderr] warning: skipping duplicate package `cargo-list-test-fixture` found at `/opt/rustwide/cargo-home/git/checkouts/cargo-edit-edd129c2a802a9f3/4a69e9f/tests/cargo-upgrade/cli_rust_version/in`
[INFO] [stderr] warning: skipping duplicate package `cargo-list-test-fixture` found at `/opt/rustwide/cargo-home/git/checkouts/cargo-edit-edd129c2a802a9f3/4a69e9f/tests/cargo-upgrade/cli_rust_version/out`
[INFO] [stderr] warning: skipping duplicate package `cargo-list-test-fixture` found at `/opt/rustwide/cargo-home/git/checkouts/cargo-edit-edd129c2a802a9f3/4a69e9f/tests/cargo-upgrade/preserves_inline_table/in`
[INFO] [stderr] warning: skipping duplicate package `cargo-list-test-fixture` found at `/opt/rustwide/cargo-home/git/checkouts/cargo-edit-edd129c2a802a9f3/4a69e9f/tests/cargo-upgrade/preserves_inline_table/out`
[INFO] [stderr] warning: skipping duplicate package `one` found at `/opt/rustwide/cargo-home/git/checkouts/cargo-edit-edd129c2a802a9f3/4a69e9f/tests/cargo-upgrade/workspace_inheritance/in/one`
[INFO] [stderr] warning: skipping duplicate package `two` found at `/opt/rustwide/cargo-home/git/checkouts/cargo-edit-edd129c2a802a9f3/4a69e9f/tests/cargo-upgrade/workspace_inheritance/in/two`
[INFO] [stderr] warning: skipping duplicate package `one` found at `/opt/rustwide/cargo-home/git/checkouts/cargo-edit-edd129c2a802a9f3/4a69e9f/tests/cargo-upgrade/workspace_inheritance/out/one`
[INFO] [stderr] warning: skipping duplicate package `three` found at `/opt/rustwide/cargo-home/git/checkouts/cargo-edit-edd129c2a802a9f3/4a69e9f/tests/cargo-upgrade/workspace_inheritance/out/implicit/three`
[INFO] [stderr] warning: skipping duplicate package `four` found at `/opt/rustwide/cargo-home/git/checkouts/cargo-edit-edd129c2a802a9f3/4a69e9f/tests/cargo-upgrade/workspace_inheritance/out/explicit/four`
[INFO] [stderr] warning: skipping duplicate package `two` found at `/opt/rustwide/cargo-home/git/checkouts/cargo-edit-edd129c2a802a9f3/4a69e9f/tests/cargo-upgrade/workspace_inheritance/out/two`
[INFO] [stderr] warning: skipping duplicate package `cargo-list-test-fixture` found at `/opt/rustwide/cargo-home/git/checkouts/cargo-edit-edd129c2a802a9f3/4a69e9f/tests/cargo-upgrade/specified/in`
[INFO] [stderr] warning: skipping duplicate package `cargo-list-test-fixture` found at `/opt/rustwide/cargo-home/git/checkouts/cargo-edit-edd129c2a802a9f3/4a69e9f/tests/cargo-upgrade/specified/out`
[INFO] [stderr] warning: skipping duplicate package `cargo-list-test-fixture` found at `/opt/rustwide/cargo-home/git/checkouts/cargo-edit-edd129c2a802a9f3/4a69e9f/tests/cargo-upgrade/preserve_precision_minor/in`
[INFO] [stderr] warning: skipping duplicate package `cargo-list-test-fixture` found at `/opt/rustwide/cargo-home/git/checkouts/cargo-edit-edd129c2a802a9f3/4a69e9f/tests/cargo-upgrade/preserve_precision_minor/out`
[INFO] [stderr] warning: skipping duplicate package `cargo-list-test-fixture` found at `/opt/rustwide/cargo-home/git/checkouts/cargo-edit-edd129c2a802a9f3/4a69e9f/tests/cargo-upgrade/preserve_op/in`
[INFO] [stderr] warning: skipping duplicate package `cargo-list-test-fixture` found at `/opt/rustwide/cargo-home/git/checkouts/cargo-edit-edd129c2a802a9f3/4a69e9f/tests/cargo-upgrade/preserve_op/out`
[INFO] [stderr] warning: skipping duplicate package `cargo-list-test-fixture` found at `/opt/rustwide/cargo-home/git/checkouts/cargo-edit-edd129c2a802a9f3/4a69e9f/tests/cargo-upgrade/preserve_precision_major/in`
[INFO] [stderr] warning: skipping duplicate package `cargo-list-test-fixture` found at `/opt/rustwide/cargo-home/git/checkouts/cargo-edit-edd129c2a802a9f3/4a69e9f/tests/cargo-upgrade/preserve_precision_major/out`
[INFO] [stderr] warning: skipping duplicate package `cargo-list-test-fixture` found at `/opt/rustwide/cargo-home/git/checkouts/cargo-edit-edd129c2a802a9f3/4a69e9f/tests/cargo-upgrade/locked/in`
[INFO] [stderr] warning: skipping duplicate package `cargo-list-test-fixture` found at `/opt/rustwide/cargo-home/git/checkouts/cargo-edit-edd129c2a802a9f3/4a69e9f/tests/cargo-upgrade/locked/out`
[INFO] [stderr] warning: skipping duplicate package `cargo-list-test-fixture` found at `/opt/rustwide/cargo-home/git/checkouts/cargo-edit-edd129c2a802a9f3/4a69e9f/tests/cargo-upgrade/exclude_renamed/in`
[INFO] [stderr] warning: skipping duplicate package `cargo-list-test-fixture` found at `/opt/rustwide/cargo-home/git/checkouts/cargo-edit-edd129c2a802a9f3/4a69e9f/tests/cargo-upgrade/exclude_renamed/out`
[INFO] [stderr] warning: skipping duplicate package `cargo-list-test-fixture` found at `/opt/rustwide/cargo-home/git/checkouts/cargo-edit-edd129c2a802a9f3/4a69e9f/tests/cargo-upgrade/to_version/in`
[INFO] [stderr] warning: skipping duplicate package `cargo-list-test-fixture` found at `/opt/rustwide/cargo-home/git/checkouts/cargo-edit-edd129c2a802a9f3/4a69e9f/tests/cargo-upgrade/to_version/out`
[INFO] [stderr] warning: skipping duplicate package `one` found at `/opt/rustwide/cargo-home/git/checkouts/cargo-edit-edd129c2a802a9f3/4a69e9f/tests/cargo-upgrade/upgrade_workspace/in/one`
[INFO] [stderr] warning: skipping duplicate package `three` found at `/opt/rustwide/cargo-home/git/checkouts/cargo-edit-edd129c2a802a9f3/4a69e9f/tests/cargo-upgrade/upgrade_workspace/in/implicit/three`
[INFO] [stderr] warning: skipping duplicate package `four` found at `/opt/rustwide/cargo-home/git/checkouts/cargo-edit-edd129c2a802a9f3/4a69e9f/tests/cargo-upgrade/upgrade_workspace/in/explicit/four`
[INFO] [stderr] warning: skipping duplicate package `two` found at `/opt/rustwide/cargo-home/git/checkouts/cargo-edit-edd129c2a802a9f3/4a69e9f/tests/cargo-upgrade/upgrade_workspace/in/two`
[INFO] [stderr] warning: skipping duplicate package `one` found at `/opt/rustwide/cargo-home/git/checkouts/cargo-edit-edd129c2a802a9f3/4a69e9f/tests/cargo-upgrade/upgrade_workspace/out/one`
[INFO] [stderr] warning: skipping duplicate package `three` found at `/opt/rustwide/cargo-home/git/checkouts/cargo-edit-edd129c2a802a9f3/4a69e9f/tests/cargo-upgrade/upgrade_workspace/out/implicit/three`
[INFO] [stderr] warning: skipping duplicate package `four` found at `/opt/rustwide/cargo-home/git/checkouts/cargo-edit-edd129c2a802a9f3/4a69e9f/tests/cargo-upgrade/upgrade_workspace/out/explicit/four`
[INFO] [stderr] warning: skipping duplicate package `two` found at `/opt/rustwide/cargo-home/git/checkouts/cargo-edit-edd129c2a802a9f3/4a69e9f/tests/cargo-upgrade/upgrade_workspace/out/two`
[INFO] [stderr] warning: skipping duplicate package `cargo-list-test-fixture` found at `/opt/rustwide/cargo-home/git/checkouts/cargo-edit-edd129c2a802a9f3/4a69e9f/tests/cargo-upgrade/invalid_dep/in`
[INFO] [stderr] warning: skipping duplicate package `cargo-list-test-fixture` found at `/opt/rustwide/cargo-home/git/checkouts/cargo-edit-edd129c2a802a9f3/4a69e9f/tests/cargo-upgrade/invalid_dep/out`
[INFO] [stderr] warning: skipping duplicate package `one` found at `/opt/rustwide/cargo-home/git/checkouts/cargo-edit-edd129c2a802a9f3/4a69e9f/tests/cargo-upgrade/workspace_member_cwd/in/one`
[INFO] [stderr] warning: skipping duplicate package `three` found at `/opt/rustwide/cargo-home/git/checkouts/cargo-edit-edd129c2a802a9f3/4a69e9f/tests/cargo-upgrade/workspace_member_cwd/in/implicit/three`
[INFO] [stderr] warning: skipping duplicate package `four` found at `/opt/rustwide/cargo-home/git/checkouts/cargo-edit-edd129c2a802a9f3/4a69e9f/tests/cargo-upgrade/workspace_member_cwd/in/explicit/four`
[INFO] [stderr] warning: skipping duplicate package `two` found at `/opt/rustwide/cargo-home/git/checkouts/cargo-edit-edd129c2a802a9f3/4a69e9f/tests/cargo-upgrade/workspace_member_cwd/in/two`
[INFO] [stderr] warning: skipping duplicate package `one` found at `/opt/rustwide/cargo-home/git/checkouts/cargo-edit-edd129c2a802a9f3/4a69e9f/tests/cargo-upgrade/workspace_member_cwd/out/one`
[INFO] [stderr] warning: skipping duplicate package `three` found at `/opt/rustwide/cargo-home/git/checkouts/cargo-edit-edd129c2a802a9f3/4a69e9f/tests/cargo-upgrade/workspace_member_cwd/out/implicit/three`
[INFO] [stderr] warning: skipping duplicate package `four` found at `/opt/rustwide/cargo-home/git/checkouts/cargo-edit-edd129c2a802a9f3/4a69e9f/tests/cargo-upgrade/workspace_member_cwd/out/explicit/four`
[INFO] [stderr] warning: skipping duplicate package `two` found at `/opt/rustwide/cargo-home/git/checkouts/cargo-edit-edd129c2a802a9f3/4a69e9f/tests/cargo-upgrade/workspace_member_cwd/out/two`
[INFO] [stderr] warning: skipping duplicate package `cargo-list-test-fixture` found at `/opt/rustwide/cargo-home/git/checkouts/cargo-edit-edd129c2a802a9f3/4a69e9f/tests/cargo-upgrade/upgrade_renamed/in`
[INFO] [stderr] warning: skipping duplicate package `cargo-list-test-fixture` found at `/opt/rustwide/cargo-home/git/checkouts/cargo-edit-edd129c2a802a9f3/4a69e9f/tests/cargo-upgrade/upgrade_renamed/out`
[INFO] [stderr] warning: skipping duplicate package `cargo-list-test-fixture` found at `/opt/rustwide/cargo-home/git/checkouts/cargo-edit-edd129c2a802a9f3/4a69e9f/tests/cargo-upgrade/single_dep/in`
[INFO] [stderr] warning: skipping duplicate package `cargo-list-test-fixture` found at `/opt/rustwide/cargo-home/git/checkouts/cargo-edit-edd129c2a802a9f3/4a69e9f/tests/cargo-upgrade/single_dep/out`
[INFO] [stderr] warning: skipping duplicate package `cargo-list-test-fixture` found at `/opt/rustwide/cargo-home/git/checkouts/cargo-edit-edd129c2a802a9f3/4a69e9f/tests/cargo-upgrade/dry_run/in`
[INFO] [stderr] warning: skipping duplicate package `cargo-list-test-fixture` found at `/opt/rustwide/cargo-home/git/checkouts/cargo-edit-edd129c2a802a9f3/4a69e9f/tests/cargo-upgrade/dry_run/out`
[INFO] [stderr] warning: skipping duplicate package `None` found at `/opt/rustwide/cargo-home/git/checkouts/cargo-edit-edd129c2a802a9f3/4a69e9f/tests/cargo-upgrade/upgrade_everything/in`
[INFO] [stderr] warning: skipping duplicate package `None` found at `/opt/rustwide/cargo-home/git/checkouts/cargo-edit-edd129c2a802a9f3/4a69e9f/tests/cargo-upgrade/upgrade_everything/out`
[INFO] [stderr] warning: skipping duplicate package `cargo-list-test-fixture` found at `/opt/rustwide/cargo-home/git/checkouts/cargo-edit-edd129c2a802a9f3/4a69e9f/tests/cargo-upgrade/pinned/in`
[INFO] [stderr] warning: skipping duplicate package `cargo-list-test-fixture` found at `/opt/rustwide/cargo-home/git/checkouts/cargo-edit-edd129c2a802a9f3/4a69e9f/tests/cargo-upgrade/pinned/out`
[INFO] [stderr] warning: skipping duplicate package `cargo-list-test-fixture` found at `/opt/rustwide/cargo-home/git/checkouts/cargo-edit-edd129c2a802a9f3/4a69e9f/tests/cargo-upgrade/skip_compatible/in`
[INFO] [stderr] warning: skipping duplicate package `cargo-list-test-fixture` found at `/opt/rustwide/cargo-home/git/checkouts/cargo-edit-edd129c2a802a9f3/4a69e9f/tests/cargo-upgrade/skip_compatible/out`
[INFO] [stderr] warning: skipping duplicate package `cargo-list-test-fixture` found at `/opt/rustwide/cargo-home/git/checkouts/cargo-edit-edd129c2a802a9f3/4a69e9f/tests/cargo-upgrade/ignore_rust_version/in`
[INFO] [stderr] warning: skipping duplicate package `cargo-list-test-fixture` found at `/opt/rustwide/cargo-home/git/checkouts/cargo-edit-edd129c2a802a9f3/4a69e9f/tests/cargo-upgrade/ignore_rust_version/out`
[INFO] [stderr] warning: skipping duplicate package `cargo-list-test-fixture` found at `/opt/rustwide/cargo-home/git/checkouts/cargo-edit-edd129c2a802a9f3/4a69e9f/tests/cargo-set-version/workspace_deps/in`
[INFO] [stderr] warning: skipping duplicate package `cargo-list-test-fixture-dependency` found at `/opt/rustwide/cargo-home/git/checkouts/cargo-edit-edd129c2a802a9f3/4a69e9f/tests/cargo-set-version/upgrade_compatible_dependency/in/dependency`
[INFO] [stderr] warning: skipping duplicate package `cargo-list-test-fixture` found at `/opt/rustwide/cargo-home/git/checkouts/cargo-edit-edd129c2a802a9f3/4a69e9f/tests/cargo-set-version/upgrade_compatible_dependency/in/primary`
[INFO] [stderr] warning: skipping duplicate package `independent-version` found at `/opt/rustwide/cargo-home/git/checkouts/cargo-edit-edd129c2a802a9f3/4a69e9f/tests/cargo-set-version/workspace_version_subset/out/independent-version`
[INFO] [stderr] warning: skipping duplicate package `sample` found at `/opt/rustwide/cargo-home/git/checkouts/cargo-edit-edd129c2a802a9f3/4a69e9f/tests/cargo-set-version/downgrade_error/out`
[INFO] [stderr] warning: skipping duplicate package `cargo-list-test-fixture-dependency` found at `/opt/rustwide/cargo-home/git/checkouts/cargo-edit-edd129c2a802a9f3/4a69e9f/tests/cargo-set-version/upgrade_incompatible_dependency/in/dependency`
[INFO] [stderr] warning: skipping duplicate package `cargo-list-test-fixture` found at `/opt/rustwide/cargo-home/git/checkouts/cargo-edit-edd129c2a802a9f3/4a69e9f/tests/cargo-set-version/upgrade_incompatible_dependency/in/primary`
[INFO] [stderr] warning: skipping duplicate package `root` found at `/opt/rustwide/cargo-home/git/checkouts/cargo-edit-edd129c2a802a9f3/4a69e9f/tests/cargo-set-version/workspace_version_exclude/in`
[INFO] [stderr] warning: skipping duplicate package `independent-version` found at `/opt/rustwide/cargo-home/git/checkouts/cargo-edit-edd129c2a802a9f3/4a69e9f/tests/cargo-set-version/workspace_version_exclude/in/independent-version`
[INFO] [stderr] warning: skipping duplicate package `inherits-version` found at `/opt/rustwide/cargo-home/git/checkouts/cargo-edit-edd129c2a802a9f3/4a69e9f/tests/cargo-set-version/workspace_version_exclude/in/inherits-version`
[INFO] [stderr] warning: skipping duplicate package `root` found at `/opt/rustwide/cargo-home/git/checkouts/cargo-edit-edd129c2a802a9f3/4a69e9f/tests/cargo-set-version/workspace_version_exclude/out`
[INFO] [stderr] warning: skipping duplicate package `independent-version` found at `/opt/rustwide/cargo-home/git/checkouts/cargo-edit-edd129c2a802a9f3/4a69e9f/tests/cargo-set-version/workspace_version_exclude/out/independent-version`
[INFO] [stderr] warning: skipping duplicate package `inherits-version` found at `/opt/rustwide/cargo-home/git/checkouts/cargo-edit-edd129c2a802a9f3/4a69e9f/tests/cargo-set-version/workspace_version_exclude/out/inherits-version`
[INFO] [stderr] warning: skipping duplicate package `cargo-list-test-fixture-dependency` found at `/opt/rustwide/cargo-home/git/checkouts/cargo-edit-edd129c2a802a9f3/4a69e9f/tests/cargo-set-version/ignore_dependent/in/dependency`
[INFO] [stderr] warning: skipping duplicate package `cargo-list-test-fixture` found at `/opt/rustwide/cargo-home/git/checkouts/cargo-edit-edd129c2a802a9f3/4a69e9f/tests/cargo-set-version/ignore_dependent/in/primary`
[INFO] [stderr] warning: skipping duplicate package `sample` found at `/opt/rustwide/cargo-home/git/checkouts/cargo-edit-edd129c2a802a9f3/4a69e9f/tests/cargo-set-version/set_relative_version/in`
[INFO] [stderr] warning: skipping duplicate package `cargo-list-test-fixture-dependency` found at `/opt/rustwide/cargo-home/git/checkouts/cargo-edit-edd129c2a802a9f3/4a69e9f/tests/cargo-set-version/upgrade_workspace/in/dependency`
[INFO] [stderr] warning: skipping duplicate package `cargo-list-test-fixture` found at `/opt/rustwide/cargo-home/git/checkouts/cargo-edit-edd129c2a802a9f3/4a69e9f/tests/cargo-set-version/upgrade_workspace/in/primary`
[INFO] [stderr] warning: skipping duplicate package `with_workspace_dep` found at `/opt/rustwide/cargo-home/git/checkouts/cargo-edit-edd129c2a802a9f3/4a69e9f/tests/cargo-set-version/set_absolute_workspace_version/out/with_workspace_dep`
[INFO] [stderr] warning: skipping duplicate package `with_direct_dep` found at `/opt/rustwide/cargo-home/git/checkouts/cargo-edit-edd129c2a802a9f3/4a69e9f/tests/cargo-set-version/set_absolute_workspace_version/out/with_direct_dep`
[INFO] [stderr] warning: skipping duplicate package `unrelated_dep` found at `/opt/rustwide/cargo-home/git/checkouts/cargo-edit-edd129c2a802a9f3/4a69e9f/tests/cargo-set-version/set_absolute_workspace_version/out/unrelated_dep`
[INFO] [stderr] warning: skipping duplicate package `sample` found at `/opt/rustwide/cargo-home/git/checkouts/cargo-edit-edd129c2a802a9f3/4a69e9f/tests/cargo-set-version/relative_absolute_conflict/in`
[INFO] [stderr] warning: skipping duplicate package `sample` found at `/opt/rustwide/cargo-home/git/checkouts/cargo-edit-edd129c2a802a9f3/4a69e9f/tests/cargo-set-version/relative_absolute_conflict/out`
[INFO] [stderr] warning: skipping duplicate package `sample` found at `/opt/rustwide/cargo-home/git/checkouts/cargo-edit-edd129c2a802a9f3/4a69e9f/tests/cargo-set-version/dry_run/in`
[INFO] [stderr] warning: skipping duplicate package `sample` found at `/opt/rustwide/cargo-home/git/checkouts/cargo-edit-edd129c2a802a9f3/4a69e9f/tests/cargo-set-version/dry_run/out`
[INFO] [stderr] warning: skipping duplicate package `sample` found at `/opt/rustwide/cargo-home/git/checkouts/cargo-edit-edd129c2a802a9f3/4a69e9f/tests/cargo-set-version/set_absolute_version/in`
[INFO] [stderr] warning: skipping duplicate package `cargo-list-test-fixture-dependency` found at `/opt/rustwide/cargo-home/git/checkouts/cargo-edit-edd129c2a802a9f3/4a69e9f/tests/cargo-set-version/virtual_workspace_deps/in/dependency`
[INFO] [stderr] warning: skipping duplicate package `cargo-list-test-fixture` found at `/opt/rustwide/cargo-home/git/checkouts/cargo-edit-edd129c2a802a9f3/4a69e9f/tests/cargo-set-version/virtual_workspace_deps/in/primary`
[INFO] [stderr] warning: skipping duplicate package `with_workspace_dep` found at `/opt/rustwide/cargo-home/git/checkouts/cargo-edit-edd129c2a802a9f3/4a69e9f/tests/cargo-set-version/set_relative_workspace_version/in/with_workspace_dep`
[INFO] [stderr] warning: skipping duplicate package `inherit_ws_version` found at `/opt/rustwide/cargo-home/git/checkouts/cargo-edit-edd129c2a802a9f3/4a69e9f/tests/cargo-set-version/set_relative_workspace_version/in/inherit_ws_version`
[INFO] [stderr] warning: skipping duplicate package `with_direct_dep` found at `/opt/rustwide/cargo-home/git/checkouts/cargo-edit-edd129c2a802a9f3/4a69e9f/tests/cargo-set-version/set_relative_workspace_version/in/with_direct_dep`
[INFO] [stderr] warning: skipping duplicate package `unrelated_dep` found at `/opt/rustwide/cargo-home/git/checkouts/cargo-edit-edd129c2a802a9f3/4a69e9f/tests/cargo-set-version/set_relative_workspace_version/in/unrelated_dep`
[INFO] [stderr] warning: skipping duplicate package `with_workspace_dep` found at `/opt/rustwide/cargo-home/git/checkouts/cargo-edit-edd129c2a802a9f3/4a69e9f/tests/cargo-set-version/set_relative_workspace_version/out/with_workspace_dep`
[INFO] [stderr] warning: skipping duplicate package `with_direct_dep` found at `/opt/rustwide/cargo-home/git/checkouts/cargo-edit-edd129c2a802a9f3/4a69e9f/tests/cargo-set-version/set_relative_workspace_version/out/with_direct_dep`
[INFO] [stderr] warning: skipping duplicate package `unrelated_dep` found at `/opt/rustwide/cargo-home/git/checkouts/cargo-edit-edd129c2a802a9f3/4a69e9f/tests/cargo-set-version/set_relative_workspace_version/out/unrelated_dep`
[INFO] [stderr]     Finished test [unoptimized + debuginfo] target(s) in 0.17s
[INFO] [stderr]      Running unittests src/main.rs (/opt/rustwide/target/debug/deps/something_releaser-87fa8e02bd19c42c)
[INFO] [stdout] 
[INFO] [stdout] running 24 tests
[INFO] [stdout] test commands::gradle_intellij::generated_init_script ... ok
[INFO] [stdout] test commands::gradle_maven::generated_init_script ... ok
[INFO] [stdout] test commands::gradle_plugin_portal::properties_file ... ok
[INFO] [stdout] test utils::properties::tests::get_value::multi_line ... ok
[INFO] [stdout] test utils::properties::tests::get_value::simple ... ok
[INFO] [stdout] test utils::properties::tests::parse_and_write::blank ... ok
[INFO] [stdout] test utils::properties::tests::parse_and_write::colon_separated ... ok
[INFO] [stdout] test utils::properties::tests::parse_and_write::comment_line ... ok
[INFO] [stdout] test utils::properties::tests::parse_and_write::complicated ... ok
[INFO] [stdout] test utils::properties::tests::parse_and_write::new_line_only ... ok
[INFO] [stdout] test utils::properties::tests::parse_and_write::empty ... ok
[INFO] [stdout] test utils::properties::tests::parse_and_write::simple_key_value ... ok
[INFO] [stdout] test utils::properties::tests::parse_escape_sequence::same_char_escape ... ok
[INFO] [stdout] test utils::properties::tests::parse_and_write::separator_with_space ... ok
[INFO] [stdout] test commands::gradle_plugin_portal::test_with_file_system ... ok
[INFO] [stdout] test utils::properties::tests::parse_escape_sequence::c_style_escape ... ok
[INFO] [stdout] test utils::properties::tests::parse_escape_sequence::simple_line ... ok
[INFO] [stdout] test utils::properties::tests::set_value::write_existing_value ... ok
[INFO] [stdout] test utils::properties::tests::set_value::key_with_space_at_first ... ok
[INFO] [stdout] test utils::properties::tests::parse_and_write::newline_separator ... ok
[INFO] [stdout] test utils::properties::tests::set_value::write_new_value ... ok
[INFO] [stdout] test commands::gradle_signing::generated_init_script ... FAILED
[INFO] [stdout] test commands::gradle_signing::test_with_project ... FAILED
[INFO] [stdout] test commands::gradle_maven::test_with_project ... FAILED
[INFO] [stdout] 
[INFO] [stdout] failures:
[INFO] [stdout] 
[INFO] [stdout] ---- commands::gradle_signing::generated_init_script stdout ----
[INFO] [stdout] thread 'commands::gradle_signing::generated_init_script' panicked at src/commands/gradle_signing.rs:181:10:
[INFO] [stdout] called `Result::unwrap()` on an `Err` value: Os { code: 2, kind: NotFound, message: "No such file or directory" }
[INFO] [stdout] stack backtrace:
[INFO] [stdout]    0:     0x55f52ddad3dc - std::backtrace_rs::backtrace::libunwind::trace::ha637c64ce894333a
[INFO] [stdout]                                at /rustc/82e1608dfa6e0b5569232559e3d385fea5a93112/library/std/src/../../backtrace/src/backtrace/libunwind.rs:104:5
[INFO] [stdout]    1:     0x55f52ddad3dc - std::backtrace_rs::backtrace::trace_unsynchronized::h47f62dea28e0c88d
[INFO] [stdout]                                at /rustc/82e1608dfa6e0b5569232559e3d385fea5a93112/library/std/src/../../backtrace/src/backtrace/mod.rs:66:5
[INFO] [stdout]    2:     0x55f52ddad3dc - std::sys_common::backtrace::_print_fmt::h9eef0abe20ede486
[INFO] [stdout]                                at /rustc/82e1608dfa6e0b5569232559e3d385fea5a93112/library/std/src/sys_common/backtrace.rs:67:5
[INFO] [stdout]    3:     0x55f52ddad3dc - <std::sys_common::backtrace::_print::DisplayBacktrace as core::fmt::Display>::fmt::hed7f999df88cc644
[INFO] [stdout]                                at /rustc/82e1608dfa6e0b5569232559e3d385fea5a93112/library/std/src/sys_common/backtrace.rs:44:22
[INFO] [stdout]    4:     0x55f52ddd9c10 - core::fmt::rt::Argument::fmt::h1539a9308b8d058d
[INFO] [stdout]                                at /rustc/82e1608dfa6e0b5569232559e3d385fea5a93112/library/core/src/fmt/rt.rs:142:9
[INFO] [stdout]    5:     0x55f52ddd9c10 - core::fmt::write::h3a39390d8560d9c9
[INFO] [stdout]                                at /rustc/82e1608dfa6e0b5569232559e3d385fea5a93112/library/core/src/fmt/mod.rs:1120:17
[INFO] [stdout]    6:     0x55f52ddaa5df - std::io::Write::write_fmt::h040b369f3a0f9cbc
[INFO] [stdout]                                at /rustc/82e1608dfa6e0b5569232559e3d385fea5a93112/library/std/src/io/mod.rs:1762:15
[INFO] [stdout]    7:     0x55f52ddad1c4 - std::sys_common::backtrace::_print::h894006fb5c6f3d45
[INFO] [stdout]                                at /rustc/82e1608dfa6e0b5569232559e3d385fea5a93112/library/std/src/sys_common/backtrace.rs:47:5
[INFO] [stdout]    8:     0x55f52ddad1c4 - std::sys_common::backtrace::print::h23a2d212c6fff936
[INFO] [stdout]                                at /rustc/82e1608dfa6e0b5569232559e3d385fea5a93112/library/std/src/sys_common/backtrace.rs:34:9
[INFO] [stdout]    9:     0x55f52ddaee87 - std::panicking::default_hook::{{closure}}::h8a1d2ee00185001a
[INFO] [stdout]   10:     0x55f52ddaeb73 - std::panicking::default_hook::h6038f2eba384e475
[INFO] [stdout]                                at /rustc/82e1608dfa6e0b5569232559e3d385fea5a93112/library/std/src/panicking.rs:289:9
[INFO] [stdout]   11:     0x55f52d8bc467 - <alloc::boxed::Box<F,A> as core::ops::function::Fn<Args>>::call::h0ad024c9bdc6d768
[INFO] [stdout]                                at /rustc/82e1608dfa6e0b5569232559e3d385fea5a93112/library/alloc/src/boxed.rs:2021:9
[INFO] [stdout]   12:     0x55f52d8bc467 - test::test_main::{{closure}}::h7500b54257359db6
[INFO] [stdout]                                at /rustc/82e1608dfa6e0b5569232559e3d385fea5a93112/library/test/src/lib.rs:138:21
[INFO] [stdout]   13:     0x55f52ddaf498 - <alloc::boxed::Box<F,A> as core::ops::function::Fn<Args>>::call::h1f8f335eaa9cfaee
[INFO] [stdout]                                at /rustc/82e1608dfa6e0b5569232559e3d385fea5a93112/library/alloc/src/boxed.rs:2021:9
[INFO] [stdout]   14:     0x55f52ddaf498 - std::panicking::rust_panic_with_hook::h2b5517d590cab22e
[INFO] [stdout]                                at /rustc/82e1608dfa6e0b5569232559e3d385fea5a93112/library/std/src/panicking.rs:783:13
[INFO] [stdout]   15:     0x55f52ddaf1ee - std::panicking::begin_panic_handler::{{closure}}::h233112c06e0ef43e
[INFO] [stdout]                                at /rustc/82e1608dfa6e0b5569232559e3d385fea5a93112/library/std/src/panicking.rs:657:13
[INFO] [stdout]   16:     0x55f52ddad8a6 - std::sys_common::backtrace::__rust_end_short_backtrace::h6e893f24d7ebbff8
[INFO] [stdout]                                at /rustc/82e1608dfa6e0b5569232559e3d385fea5a93112/library/std/src/sys_common/backtrace.rs:170:18
[INFO] [stdout]   17:     0x55f52ddaef52 - rust_begin_unwind
[INFO] [stdout]                                at /rustc/82e1608dfa6e0b5569232559e3d385fea5a93112/library/std/src/panicking.rs:645:5
[INFO] [stdout]   18:     0x55f52d74a855 - core::panicking::panic_fmt::hbf0e066aabfa482c
[INFO] [stdout]                                at /rustc/82e1608dfa6e0b5569232559e3d385fea5a93112/library/core/src/panicking.rs:72:14
[INFO] [stdout]   19:     0x55f52d74ae83 - core::result::unwrap_failed::hddb4fea594200c52
[INFO] [stdout]                                at /rustc/82e1608dfa6e0b5569232559e3d385fea5a93112/library/core/src/result.rs:1653:5
[INFO] [stdout]   20:     0x55f52d765c0c - core::result::Result<T,E>::unwrap::hfd2548a7d6173d0e
[INFO] [stdout]                                at /rustc/82e1608dfa6e0b5569232559e3d385fea5a93112/library/core/src/result.rs:1077:23
[INFO] [stdout]   21:     0x55f52d78681f - something_releaser::commands::gradle_signing::key_file::{{closure}}::hc9397d33012e57e4
[INFO] [stdout]                                at /opt/rustwide/workdir/src/commands/gradle_signing.rs:179:5
[INFO] [stdout]   22:     0x55f52d78721a - something_releaser::commands::gradle_signing::generated_init_script::{{closure}}::hfb3d071f514288a9
[INFO] [stdout]                                at /opt/rustwide/workdir/src/commands/gradle_signing.rs:62:26
[INFO] [stdout]   23:     0x55f52d783a18 - <core::pin::Pin<P> as core::future::future::Future>::poll::ha9e2488bcf160cc1
[INFO] [stdout]                                at /rustc/82e1608dfa6e0b5569232559e3d385fea5a93112/library/core/src/future/future.rs:125:9
[INFO] [stdout]   24:     0x55f52d7839bb - <core::pin::Pin<P> as core::future::future::Future>::poll::h5e7547942685e219
[INFO] [stdout]                                at /rustc/82e1608dfa6e0b5569232559e3d385fea5a93112/library/core/src/future/future.rs:125:9
[INFO] [stdout]   25:     0x55f52d77d3b4 - tokio::runtime::scheduler::current_thread::CoreGuard::block_on::{{closure}}::{{closure}}::{{closure}}::h842ec17237d90f95
[INFO] [stdout]                                at /opt/rustwide/cargo-home/registry/src/index.crates.io-6f17d22bba15001f/tokio-1.35.1/src/runtime/scheduler/current_thread/mod.rs:665:57
[INFO] [stdout]   26:     0x55f52d77d2ea - tokio::runtime::coop::with_budget::h6a613c3a86701c4b
[INFO] [stdout]                                at /opt/rustwide/cargo-home/registry/src/index.crates.io-6f17d22bba15001f/tokio-1.35.1/src/runtime/coop.rs:107:5
[INFO] [stdout]   27:     0x55f52d77d2ea - tokio::runtime::coop::budget::h33ef28368d080b4b
[INFO] [stdout]                                at /opt/rustwide/cargo-home/registry/src/index.crates.io-6f17d22bba15001f/tokio-1.35.1/src/runtime/coop.rs:73:5
[INFO] [stdout]   28:     0x55f52d77d2ea - tokio::runtime::scheduler::current_thread::CoreGuard::block_on::{{closure}}::{{closure}}::h32ab7a75323b7da3
[INFO] [stdout]                                at /opt/rustwide/cargo-home/registry/src/index.crates.io-6f17d22bba15001f/tokio-1.35.1/src/runtime/scheduler/current_thread/mod.rs:665:25
[INFO] [stdout]   29:     0x55f52d77bf6c - tokio::runtime::scheduler::current_thread::Context::enter::hb6ee0a62eb46d255
[INFO] [stdout]                                at /opt/rustwide/cargo-home/registry/src/index.crates.io-6f17d22bba15001f/tokio-1.35.1/src/runtime/scheduler/current_thread/mod.rs:410:19
[INFO] [stdout]   30:     0x55f52d77cade - tokio::runtime::scheduler::current_thread::CoreGuard::block_on::{{closure}}::hd96e678aa50cf52c
[INFO] [stdout]                                at /opt/rustwide/cargo-home/registry/src/index.crates.io-6f17d22bba15001f/tokio-1.35.1/src/runtime/scheduler/current_thread/mod.rs:664:36
[INFO] [stdout]   31:     0x55f52d77c7eb - tokio::runtime::scheduler::current_thread::CoreGuard::enter::{{closure}}::h0464d26dff2060e8
[INFO] [stdout]                                at /opt/rustwide/cargo-home/registry/src/index.crates.io-6f17d22bba15001f/tokio-1.35.1/src/runtime/scheduler/current_thread/mod.rs:743:68
[INFO] [stdout]   32:     0x55f52d798beb - tokio::runtime::context::scoped::Scoped<T>::set::h45f5c1832d8d455e
[INFO] [stdout]                                at /opt/rustwide/cargo-home/registry/src/index.crates.io-6f17d22bba15001f/tokio-1.35.1/src/runtime/context/scoped.rs:40:9
[INFO] [stdout]   33:     0x55f52d772d79 - tokio::runtime::context::set_scheduler::{{closure}}::h01d80a130e46c360
[INFO] [stdout]                                at /opt/rustwide/cargo-home/registry/src/index.crates.io-6f17d22bba15001f/tokio-1.35.1/src/runtime/context.rs:176:26
[INFO] [stdout]   34:     0x55f52d770776 - std::thread::local::LocalKey<T>::try_with::h403764cc9326da42
[INFO] [stdout]                                at /rustc/82e1608dfa6e0b5569232559e3d385fea5a93112/library/std/src/thread/local.rs:270:16
[INFO] [stdout]   35:     0x55f52d7703fa - std::thread::local::LocalKey<T>::with::h90274cfeebf2b6f8
[INFO] [stdout]                                at /rustc/82e1608dfa6e0b5569232559e3d385fea5a93112/library/std/src/thread/local.rs:246:9
[INFO] [stdout]   36:     0x55f52d772d2d - tokio::runtime::context::set_scheduler::h52cf150da45abff8
[INFO] [stdout]                                at /opt/rustwide/cargo-home/registry/src/index.crates.io-6f17d22bba15001f/tokio-1.35.1/src/runtime/context.rs:176:9
[INFO] [stdout]   37:     0x55f52d77c580 - tokio::runtime::scheduler::current_thread::CoreGuard::enter::h6ace323b769774f1
[INFO] [stdout]                                at /opt/rustwide/cargo-home/registry/src/index.crates.io-6f17d22bba15001f/tokio-1.35.1/src/runtime/scheduler/current_thread/mod.rs:743:27
[INFO] [stdout]   38:     0x55f52d77c81d - tokio::runtime::scheduler::current_thread::CoreGuard::block_on::h5f5cd916b1a6c270
[INFO] [stdout]                                at /opt/rustwide/cargo-home/registry/src/index.crates.io-6f17d22bba15001f/tokio-1.35.1/src/runtime/scheduler/current_thread/mod.rs:652:19
[INFO] [stdout]   39:     0x55f52d77b74d - tokio::runtime::scheduler::current_thread::CurrentThread::block_on::{{closure}}::h389d3f25772ff733
[INFO] [stdout]                                at /opt/rustwide/cargo-home/registry/src/index.crates.io-6f17d22bba15001f/tokio-1.35.1/src/runtime/scheduler/current_thread/mod.rs:175:28
[INFO] [stdout]   40:     0x55f52d78551a - tokio::runtime::context::runtime::enter_runtime::h80ad350a9df15ca9
[INFO] [stdout]                                at /opt/rustwide/cargo-home/registry/src/index.crates.io-6f17d22bba15001f/tokio-1.35.1/src/runtime/context/runtime.rs:65:16
[INFO] [stdout]   41:     0x55f52d77b660 - tokio::runtime::scheduler::current_thread::CurrentThread::block_on::hb40fbbb49947fe8f
[INFO] [stdout]                                at /opt/rustwide/cargo-home/registry/src/index.crates.io-6f17d22bba15001f/tokio-1.35.1/src/runtime/scheduler/current_thread/mod.rs:167:9
[INFO] [stdout]   42:     0x55f52d765e1d - tokio::runtime::runtime::Runtime::block_on::hc9388b45225fc3f7
[INFO] [stdout]                                at /opt/rustwide/cargo-home/registry/src/index.crates.io-6f17d22bba15001f/tokio-1.35.1/src/runtime/runtime.rs:348:47
[INFO] [stdout]   43:     0x55f52d787019 - something_releaser::commands::gradle_signing::generated_init_script::hdd6b864cd8fd03e8
[INFO] [stdout]                                at /opt/rustwide/workdir/src/commands/gradle_signing.rs:68:5
[INFO] [stdout]   44:     0x55f52d786eb7 - something_releaser::commands::gradle_signing::generated_init_script::{{closure}}::h0543010c830548ec
[INFO] [stdout]                                at /opt/rustwide/workdir/src/commands/gradle_signing.rs:61:33
[INFO] [stdout]   45:     0x55f52d75fac6 - core::ops::function::FnOnce::call_once::h7ab058963257439e
[INFO] [stdout]                                at /rustc/82e1608dfa6e0b5569232559e3d385fea5a93112/library/core/src/ops/function.rs:250:5
[INFO] [stdout]   46:     0x55f52d8c1abf - core::ops::function::FnOnce::call_once::h2b5d431d5046312d
[INFO] [stdout]                                at /rustc/82e1608dfa6e0b5569232559e3d385fea5a93112/library/core/src/ops/function.rs:250:5
[INFO] [stdout]   47:     0x55f52d8c1abf - test::__rust_begin_short_backtrace::h7714669af176e207
[INFO] [stdout]                                at /rustc/82e1608dfa6e0b5569232559e3d385fea5a93112/library/test/src/lib.rs:628:18
[INFO] [stdout]   48:     0x55f52d8c0ad5 - test::run_test_in_process::{{closure}}::h85218797dcbcec12
[INFO] [stdout]                                at /rustc/82e1608dfa6e0b5569232559e3d385fea5a93112/library/test/src/lib.rs:651:60
[INFO] [stdout]   49:     0x55f52d8c0ad5 - <core::panic::unwind_safe::AssertUnwindSafe<F> as core::ops::function::FnOnce<()>>::call_once::h76c106ea31c14d7b
[INFO] [stdout]                                at /rustc/82e1608dfa6e0b5569232559e3d385fea5a93112/library/core/src/panic/unwind_safe.rs:272:9
[INFO] [stdout]   50:     0x55f52d8c0ad5 - std::panicking::try::do_call::h3bd5d0f6620ee946
[INFO] [stdout]                                at /rustc/82e1608dfa6e0b5569232559e3d385fea5a93112/library/std/src/panicking.rs:552:40
[INFO] [stdout]   51:     0x55f52d8c0ad5 - std::panicking::try::h232e535e4744fe31
[INFO] [stdout]                                at /rustc/82e1608dfa6e0b5569232559e3d385fea5a93112/library/std/src/panicking.rs:516:19
[INFO] [stdout]   52:     0x55f52d8c0ad5 - std::panic::catch_unwind::h3ce3bd6ca8dbac68
[INFO] [stdout]                                at /rustc/82e1608dfa6e0b5569232559e3d385fea5a93112/library/std/src/panic.rs:142:14
[INFO] [stdout]   53:     0x55f52d8c0ad5 - test::run_test_in_process::hc97b257c9621286a
[INFO] [stdout]                                at /rustc/82e1608dfa6e0b5569232559e3d385fea5a93112/library/test/src/lib.rs:651:27
[INFO] [stdout]   54:     0x55f52d8c0ad5 - test::run_test::{{closure}}::h2aa798823a438d38
[INFO] [stdout]                                at /rustc/82e1608dfa6e0b5569232559e3d385fea5a93112/library/test/src/lib.rs:574:43
[INFO] [stdout]   55:     0x55f52d888d96 - test::run_test::{{closure}}::h87d231c78fb59832
[INFO] [stdout]                                at /rustc/82e1608dfa6e0b5569232559e3d385fea5a93112/library/test/src/lib.rs:602:41
[INFO] [stdout]   56:     0x55f52d888d96 - std::sys_common::backtrace::__rust_begin_short_backtrace::he6df152596625789
[INFO] [stdout]                                at /rustc/82e1608dfa6e0b5569232559e3d385fea5a93112/library/std/src/sys_common/backtrace.rs:154:18
[INFO] [stdout]   57:     0x55f52d88de47 - std::thread::Builder::spawn_unchecked_::{{closure}}::{{closure}}::ha94be15d1e0acf36
[INFO] [stdout]                                at /rustc/82e1608dfa6e0b5569232559e3d385fea5a93112/library/std/src/thread/mod.rs:529:17
[INFO] [stdout]   58:     0x55f52d88de47 - <core::panic::unwind_safe::AssertUnwindSafe<F> as core::ops::function::FnOnce<()>>::call_once::h9dc6bd6372f16606
[INFO] [stdout]                                at /rustc/82e1608dfa6e0b5569232559e3d385fea5a93112/library/core/src/panic/unwind_safe.rs:272:9
[INFO] [stdout]   59:     0x55f52d88de47 - std::panicking::try::do_call::h9057517f80303cd4
[INFO] [stdout]                                at /rustc/82e1608dfa6e0b5569232559e3d385fea5a93112/library/std/src/panicking.rs:552:40
[INFO] [stdout]   60:     0x55f52d88de47 - std::panicking::try::he3a30b11ee45340c
[INFO] [stdout]                                at /rustc/82e1608dfa6e0b5569232559e3d385fea5a93112/library/std/src/panicking.rs:516:19
[INFO] [stdout]   61:     0x55f52d88de47 - std::panic::catch_unwind::h410458cfd3528b8b
[INFO] [stdout]                                at /rustc/82e1608dfa6e0b5569232559e3d385fea5a93112/library/std/src/panic.rs:142:14
[INFO] [stdout]   62:     0x55f52d88de47 - std::thread::Builder::spawn_unchecked_::{{closure}}::h72ac3bdb567b737b
[INFO] [stdout]                                at /rustc/82e1608dfa6e0b5569232559e3d385fea5a93112/library/std/src/thread/mod.rs:528:30
[INFO] [stdout]   63:     0x55f52d88de47 - core::ops::function::FnOnce::call_once{{vtable.shim}}::h38f34da3654a8344
[INFO] [stdout]                                at /rustc/82e1608dfa6e0b5569232559e3d385fea5a93112/library/core/src/ops/function.rs:250:5
[INFO] [stdout]   64:     0x55f52ddb4d25 - <alloc::boxed::Box<F,A> as core::ops::function::FnOnce<Args>>::call_once::hc7eafaff61e32df9
[INFO] [stdout]                                at /rustc/82e1608dfa6e0b5569232559e3d385fea5a93112/library/alloc/src/boxed.rs:2007:9
[INFO] [stdout]   65:     0x55f52ddb4d25 - <alloc::boxed::Box<F,A> as core::ops::function::FnOnce<Args>>::call_once::h6ba4a5de48dd2304
[INFO] [stdout]                                at /rustc/82e1608dfa6e0b5569232559e3d385fea5a93112/library/alloc/src/boxed.rs:2007:9
[INFO] [stdout]   66:     0x55f52ddb4d25 - std::sys::unix::thread::Thread::new::thread_start::he469335aef763e45
[INFO] [stdout]                                at /rustc/82e1608dfa6e0b5569232559e3d385fea5a93112/library/std/src/sys/unix/thread.rs:108:17
[INFO] [stdout]   67:     0x7f555b76eac3 - <unknown>
[INFO] [stdout]   68:     0x7f555b7ffbf4 - __clone
[INFO] [stdout]   69:                0x0 - <unknown>
[INFO] [stdout] 
[INFO] [stdout] ---- commands::gradle_signing::test_with_project stdout ----
[INFO] [stdout] thread 'commands::gradle_signing::test_with_project' panicked at src/commands/gradle_signing.rs:181:10:
[INFO] [stdout] called `Result::unwrap()` on an `Err` value: Os { code: 2, kind: NotFound, message: "No such file or directory" }
[INFO] [stdout] stack backtrace:
[INFO] [stdout]    0:     0x55f52ddad3dc - std::backtrace_rs::backtrace::libunwind::trace::ha637c64ce894333a
[INFO] [stdout]                                at /rustc/82e1608dfa6e0b5569232559e3d385fea5a93112/library/std/src/../../backtrace/src/backtrace/libunwind.rs:104:5
[INFO] [stdout]    1:     0x55f52ddad3dc - std::backtrace_rs::backtrace::trace_unsynchronized::h47f62dea28e0c88d
[INFO] [stdout]                                at /rustc/82e1608dfa6e0b5569232559e3d385fea5a93112/library/std/src/../../backtrace/src/backtrace/mod.rs:66:5
[INFO] [stdout]    2:     0x55f52ddad3dc - std::sys_common::backtrace::_print_fmt::h9eef0abe20ede486
[INFO] [stdout]                                at /rustc/82e1608dfa6e0b5569232559e3d385fea5a93112/library/std/src/sys_common/backtrace.rs:67:5
[INFO] [stdout]    3:     0x55f52ddad3dc - <std::sys_common::backtrace::_print::DisplayBacktrace as core::fmt::Display>::fmt::hed7f999df88cc644
[INFO] [stdout]                                at /rustc/82e1608dfa6e0b5569232559e3d385fea5a93112/library/std/src/sys_common/backtrace.rs:44:22
[INFO] [stdout]    4:     0x55f52ddd9c10 - core::fmt::rt::Argument::fmt::h1539a9308b8d058d
[INFO] [stdout]                                at /rustc/82e1608dfa6e0b5569232559e3d385fea5a93112/library/core/src/fmt/rt.rs:142:9
[INFO] [stdout]    5:     0x55f52ddd9c10 - core::fmt::write::h3a39390d8560d9c9
[INFO] [stdout]                                at /rustc/82e1608dfa6e0b5569232559e3d385fea5a93112/library/core/src/fmt/mod.rs:1120:17
[INFO] [stdout]    6:     0x55f52ddaa5df - std::io::Write::write_fmt::h040b369f3a0f9cbc
[INFO] [stdout]                                at /rustc/82e1608dfa6e0b5569232559e3d385fea5a93112/library/std/src/io/mod.rs:1762:15
[INFO] [stdout]    7:     0x55f52ddad1c4 - std::sys_common::backtrace::_print::h894006fb5c6f3d45
[INFO] [stdout]                                at /rustc/82e1608dfa6e0b5569232559e3d385fea5a93112/library/std/src/sys_common/backtrace.rs:47:5
[INFO] [stdout]    8:     0x55f52ddad1c4 - std::sys_common::backtrace::print::h23a2d212c6fff936
[INFO] [stdout]                                at /rustc/82e1608dfa6e0b5569232559e3d385fea5a93112/library/std/src/sys_common/backtrace.rs:34:9
[INFO] [stdout]    9:     0x55f52ddaee87 - std::panicking::default_hook::{{closure}}::h8a1d2ee00185001a
[INFO] [stdout]   10:     0x55f52ddaeb73 - std::panicking::default_hook::h6038f2eba384e475
[INFO] [stdout]                                at /rustc/82e1608dfa6e0b5569232559e3d385fea5a93112/library/std/src/panicking.rs:289:9
[INFO] [stdout]   11:     0x55f52d8bc467 - <alloc::boxed::Box<F,A> as core::ops::function::Fn<Args>>::call::h0ad024c9bdc6d768
[INFO] [stdout]                                at /rustc/82e1608dfa6e0b5569232559e3d385fea5a93112/library/alloc/src/boxed.rs:2021:9
[INFO] [stdout]   12:     0x55f52d8bc467 - test::test_main::{{closure}}::h7500b54257359db6
[INFO] [stdout]                                at /rustc/82e1608dfa6e0b5569232559e3d385fea5a93112/library/test/src/lib.rs:138:21
[INFO] [stdout]   13:     0x55f52ddaf498 - <alloc::boxed::Box<F,A> as core::ops::function::Fn<Args>>::call::h1f8f335eaa9cfaee
[INFO] [stdout]                                at /rustc/82e1608dfa6e0b5569232559e3d385fea5a93112/library/alloc/src/boxed.rs:2021:9
[INFO] [stdout]   14:     0x55f52ddaf498 - std::panicking::rust_panic_with_hook::h2b5517d590cab22e
[INFO] [stdout]                                at /rustc/82e1608dfa6e0b5569232559e3d385fea5a93112/library/std/src/panicking.rs:783:13
[INFO] [stdout]   15:     0x55f52ddaf1ee - std::panicking::begin_panic_handler::{{closure}}::h233112c06e0ef43e
[INFO] [stdout]                                at /rustc/82e1608dfa6e0b5569232559e3d385fea5a93112/library/std/src/panicking.rs:657:13
[INFO] [stdout]   16:     0x55f52ddad8a6 - std::sys_common::backtrace::__rust_end_short_backtrace::h6e893f24d7ebbff8
[INFO] [stdout]                                at /rustc/82e1608dfa6e0b5569232559e3d385fea5a93112/library/std/src/sys_common/backtrace.rs:170:18
[INFO] [stdout]   17:     0x55f52ddaef52 - rust_begin_unwind
[INFO] [stdout]                                at /rustc/82e1608dfa6e0b5569232559e3d385fea5a93112/library/std/src/panicking.rs:645:5
[INFO] [stdout]   18:     0x55f52d74a855 - core::panicking::panic_fmt::hbf0e066aabfa482c
[INFO] [stdout]                                at /rustc/82e1608dfa6e0b5569232559e3d385fea5a93112/library/core/src/panicking.rs:72:14
[INFO] [stdout]   19:     0x55f52d74ae83 - core::result::unwrap_failed::hddb4fea594200c52
[INFO] [stdout]                                at /rustc/82e1608dfa6e0b5569232559e3d385fea5a93112/library/core/src/result.rs:1653:5
[INFO] [stdout]   20:     0x55f52d765c0c - core::result::Result<T,E>::unwrap::hfd2548a7d6173d0e
[INFO] [stdout]                                at /rustc/82e1608dfa6e0b5569232559e3d385fea5a93112/library/core/src/result.rs:1077:23
[INFO] [stdout]   21:     0x55f52d78681f - something_releaser::commands::gradle_signing::key_file::{{closure}}::hc9397d33012e57e4
[INFO] [stdout]                                at /opt/rustwide/workdir/src/commands/gradle_signing.rs:179:5
[INFO] [stdout]   22:     0x55f52d788c83 - something_releaser::commands::gradle_signing::test_with_project::{{closure}}::hf66ea37cf77f0a02
[INFO] [stdout]                                at /opt/rustwide/workdir/src/commands/gradle_signing.rs:155:25
[INFO] [stdout]   23:     0x55f52d783a18 - <core::pin::Pin<P> as core::future::future::Future>::poll::ha9e2488bcf160cc1
[INFO] [stdout]                                at /rustc/82e1608dfa6e0b5569232559e3d385fea5a93112/library/core/src/future/future.rs:125:9
[INFO] [stdout]   24:     0x55f52d7839bb - <core::pin::Pin<P> as core::future::future::Future>::poll::h5e7547942685e219
[INFO] [stdout]                                at /rustc/82e1608dfa6e0b5569232559e3d385fea5a93112/library/core/src/future/future.rs:125:9
[INFO] [stdout]   25:     0x55f52d77d3b4 - tokio::runtime::scheduler::current_thread::CoreGuard::block_on::{{closure}}::{{closure}}::{{closure}}::h842ec17237d90f95
[INFO] [stdout]                                at /opt/rustwide/cargo-home/registry/src/index.crates.io-6f17d22bba15001f/tokio-1.35.1/src/runtime/scheduler/current_thread/mod.rs:665:57
[INFO] [stdout]   26:     0x55f52d77d2ea - tokio::runtime::coop::with_budget::h6a613c3a86701c4b
[INFO] [stdout]                                at /opt/rustwide/cargo-home/registry/src/index.crates.io-6f17d22bba15001f/tokio-1.35.1/src/runtime/coop.rs:107:5
[INFO] [stdout]   27:     0x55f52d77d2ea - tokio::runtime::coop::budget::h33ef28368d080b4b
[INFO] [stdout]                                at /opt/rustwide/cargo-home/registry/src/index.crates.io-6f17d22bba15001f/tokio-1.35.1/src/runtime/coop.rs:73:5
[INFO] [stdout]   28:     0x55f52d77d2ea - tokio::runtime::scheduler::current_thread::CoreGuard::block_on::{{closure}}::{{closure}}::h32ab7a75323b7da3
[INFO] [stdout]                                at /opt/rustwide/cargo-home/registry/src/index.crates.io-6f17d22bba15001f/tokio-1.35.1/src/runtime/scheduler/current_thread/mod.rs:665:25
[INFO] [stdout]   29:     0x55f52d77bf6c - tokio::runtime::scheduler::current_thread::Context::enter::hb6ee0a62eb46d255
[INFO] [stdout]                                at /opt/rustwide/cargo-home/registry/src/index.crates.io-6f17d22bba15001f/tokio-1.35.1/src/runtime/scheduler/current_thread/mod.rs:410:19
[INFO] [stdout]   30:     0x55f52d77cade - tokio::runtime::scheduler::current_thread::CoreGuard::block_on::{{closure}}::hd96e678aa50cf52c
[INFO] [stdout]                                at /opt/rustwide/cargo-home/registry/src/index.crates.io-6f17d22bba15001f/tokio-1.35.1/src/runtime/scheduler/current_thread/mod.rs:664:36
[INFO] [stdout]   31:     0x55f52d77c7eb - tokio::runtime::scheduler::current_thread::CoreGuard::enter::{{closure}}::h0464d26dff2060e8
[INFO] [stdout]                                at /opt/rustwide/cargo-home/registry/src/index.crates.io-6f17d22bba15001f/tokio-1.35.1/src/runtime/scheduler/current_thread/mod.rs:743:68
[INFO] [stdout]   32:     0x55f52d798beb - tokio::runtime::context::scoped::Scoped<T>::set::h45f5c1832d8d455e
[INFO] [stdout]                                at /opt/rustwide/cargo-home/registry/src/index.crates.io-6f17d22bba15001f/tokio-1.35.1/src/runtime/context/scoped.rs:40:9
[INFO] [stdout]   33:     0x55f52d772d79 - tokio::runtime::context::set_scheduler::{{closure}}::h01d80a130e46c360
[INFO] [stdout]                                at /opt/rustwide/cargo-home/registry/src/index.crates.io-6f17d22bba15001f/tokio-1.35.1/src/runtime/context.rs:176:26
[INFO] [stdout]   34:     0x55f52d770776 - std::thread::local::LocalKey<T>::try_with::h403764cc9326da42
[INFO] [stdout]                                at /rustc/82e1608dfa6e0b5569232559e3d385fea5a93112/library/std/src/thread/local.rs:270:16
[INFO] [stdout]   35:     0x55f52d7703fa - std::thread::local::LocalKey<T>::with::h90274cfeebf2b6f8
[INFO] [stdout]                                at /rustc/82e1608dfa6e0b5569232559e3d385fea5a93112/library/std/src/thread/local.rs:246:9
[INFO] [stdout]   36:     0x55f52d772d2d - tokio::runtime::context::set_scheduler::h52cf150da45abff8
[INFO] [stdout]                                at /opt/rustwide/cargo-home/registry/src/index.crates.io-6f17d22bba15001f/tokio-1.35.1/src/runtime/context.rs:176:9
[INFO] [stdout]   37:     0x55f52d77c580 - tokio::runtime::scheduler::current_thread::CoreGuard::enter::h6ace323b769774f1
[INFO] [stdout]                                at /opt/rustwide/cargo-home/registry/src/index.crates.io-6f17d22bba15001f/tokio-1.35.1/src/runtime/scheduler/current_thread/mod.rs:743:27
[INFO] [stdout]   38:     0x55f52d77c81d - tokio::runtime::scheduler::current_thread::CoreGuard::block_on::h5f5cd916b1a6c270
[INFO] [stdout]                                at /opt/rustwide/cargo-home/registry/src/index.crates.io-6f17d22bba15001f/tokio-1.35.1/src/runtime/scheduler/current_thread/mod.rs:652:19
[INFO] [stdout]   39:     0x55f52d77b74d - tokio::runtime::scheduler::current_thread::CurrentThread::block_on::{{closure}}::h389d3f25772ff733
[INFO] [stdout]                                at /opt/rustwide/cargo-home/registry/src/index.crates.io-6f17d22bba15001f/tokio-1.35.1/src/runtime/scheduler/current_thread/mod.rs:175:28
[INFO] [stdout]   40:     0x55f52d78551a - tokio::runtime::context::runtime::enter_runtime::h80ad350a9df15ca9
[INFO] [stdout]                                at /opt/rustwide/cargo-home/registry/src/index.crates.io-6f17d22bba15001f/tokio-1.35.1/src/runtime/context/runtime.rs:65:16
[INFO] [stdout]   41:     0x55f52d77b660 - tokio::runtime::scheduler::current_thread::CurrentThread::block_on::hb40fbbb49947fe8f
[INFO] [stdout]                                at /opt/rustwide/cargo-home/registry/src/index.crates.io-6f17d22bba15001f/tokio-1.35.1/src/runtime/scheduler/current_thread/mod.rs:167:9
[INFO] [stdout]   42:     0x55f52d765e1d - tokio::runtime::runtime::Runtime::block_on::hc9388b45225fc3f7
[INFO] [stdout]                                at /opt/rustwide/cargo-home/registry/src/index.crates.io-6f17d22bba15001f/tokio-1.35.1/src/runtime/runtime.rs:348:47
[INFO] [stdout]   43:     0x55f52d787948 - something_releaser::commands::gradle_signing::test_with_project::h0f999fdc9a48eb10
[INFO] [stdout]                                at /opt/rustwide/workdir/src/commands/gradle_signing.rs:172:5
[INFO] [stdout]   44:     0x55f52d7877d7 - something_releaser::commands::gradle_signing::test_with_project::{{closure}}::hb97b35bd504ccf02
[INFO] [stdout]                                at /opt/rustwide/workdir/src/commands/gradle_signing.rs:88:29
[INFO] [stdout]   45:     0x55f52d760286 - core::ops::function::FnOnce::call_once::he77a048bf7871e5c
[INFO] [stdout]                                at /rustc/82e1608dfa6e0b5569232559e3d385fea5a93112/library/core/src/ops/function.rs:250:5
[INFO] [stdout]   46:     0x55f52d8c1abf - core::ops::function::FnOnce::call_once::h2b5d431d5046312d
[INFO] [stdout]                                at /rustc/82e1608dfa6e0b5569232559e3d385fea5a93112/library/core/src/ops/function.rs:250:5
[INFO] [stdout]   47:     0x55f52d8c1abf - test::__rust_begin_short_backtrace::h7714669af176e207
[INFO] [stdout]                                at /rustc/82e1608dfa6e0b5569232559e3d385fea5a93112/library/test/src/lib.rs:628:18
[INFO] [stdout]   48:     0x55f52d8c0ad5 - test::run_test_in_process::{{closure}}::h85218797dcbcec12
[INFO] [stdout]                                at /rustc/82e1608dfa6e0b5569232559e3d385fea5a93112/library/test/src/lib.rs:651:60
[INFO] [stdout]   49:     0x55f52d8c0ad5 - <core::panic::unwind_safe::AssertUnwindSafe<F> as core::ops::function::FnOnce<()>>::call_once::h76c106ea31c14d7b
[INFO] [stdout]                                at /rustc/82e1608dfa6e0b5569232559e3d385fea5a93112/library/core/src/panic/unwind_safe.rs:272:9
[INFO] [stdout]   50:     0x55f52d8c0ad5 - std::panicking::try::do_call::h3bd5d0f6620ee946
[INFO] [stdout]                                at /rustc/82e1608dfa6e0b5569232559e3d385fea5a93112/library/std/src/panicking.rs:552:40
[INFO] [stdout]   51:     0x55f52d8c0ad5 - std::panicking::try::h232e535e4744fe31
[INFO] [stdout]                                at /rustc/82e1608dfa6e0b5569232559e3d385fea5a93112/library/std/src/panicking.rs:516:19
[INFO] [stdout]   52:     0x55f52d8c0ad5 - std::panic::catch_unwind::h3ce3bd6ca8dbac68
[INFO] [stdout]                                at /rustc/82e1608dfa6e0b5569232559e3d385fea5a93112/library/std/src/panic.rs:142:14
[INFO] [stdout]   53:     0x55f52d8c0ad5 - test::run_test_in_process::hc97b257c9621286a
[INFO] [stdout]                                at /rustc/82e1608dfa6e0b5569232559e3d385fea5a93112/library/test/src/lib.rs:651:27
[INFO] [stdout]   54:     0x55f52d8c0ad5 - test::run_test::{{closure}}::h2aa798823a438d38
[INFO] [stdout]                                at /rustc/82e1608dfa6e0b5569232559e3d385fea5a93112/library/test/src/lib.rs:574:43
[INFO] [stdout]   55:     0x55f52d888d96 - test::run_test::{{closure}}::h87d231c78fb59832
[INFO] [stdout]                                at /rustc/82e1608dfa6e0b5569232559e3d385fea5a93112/library/test/src/lib.rs:602:41
[INFO] [stdout]   56:     0x55f52d888d96 - std::sys_common::backtrace::__rust_begin_short_backtrace::he6df152596625789
[INFO] [stdout]                                at /rustc/82e1608dfa6e0b5569232559e3d385fea5a93112/library/std/src/sys_common/backtrace.rs:154:18
[INFO] [stdout]   57:     0x55f52d88de47 - std::thread::Builder::spawn_unchecked_::{{closure}}::{{closure}}::ha94be15d1e0acf36
[INFO] [stdout]                                at /rustc/82e1608dfa6e0b5569232559e3d385fea5a93112/library/std/src/thread/mod.rs:529:17
[INFO] [stdout]   58:     0x55f52d88de47 - <core::panic::unwind_safe::AssertUnwindSafe<F> as core::ops::function::FnOnce<()>>::call_once::h9dc6bd6372f16606
[INFO] [stdout]                                at /rustc/82e1608dfa6e0b5569232559e3d385fea5a93112/library/core/src/panic/unwind_safe.rs:272:9
[INFO] [stdout]   59:     0x55f52d88de47 - std::panicking::try::do_call::h9057517f80303cd4
[INFO] [stdout]                                at /rustc/82e1608dfa6e0b5569232559e3d385fea5a93112/library/std/src/panicking.rs:552:40
[INFO] [stdout]   60:     0x55f52d88de47 - std::panicking::try::he3a30b11ee45340c
[INFO] [stdout]                                at /rustc/82e1608dfa6e0b5569232559e3d385fea5a93112/library/std/src/panicking.rs:516:19
[INFO] [stdout]   61:     0x55f52d88de47 - std::panic::catch_unwind::h410458cfd3528b8b
[INFO] [stdout]                                at /rustc/82e1608dfa6e0b5569232559e3d385fea5a93112/library/std/src/panic.rs:142:14
[INFO] [stdout]   62:     0x55f52d88de47 - std::thread::Builder::spawn_unchecked_::{{closure}}::h72ac3bdb567b737b
[INFO] [stdout]                                at /rustc/82e1608dfa6e0b5569232559e3d385fea5a93112/library/std/src/thread/mod.rs:528:30
[INFO] [stdout]   63:     0x55f52d88de47 - core::ops::function::FnOnce::call_once{{vtable.shim}}::h38f34da3654a8344
[INFO] [stdout]                                at /rustc/82e1608dfa6e0b5569232559e3d385fea5a93112/library/core/src/ops/function.rs:250:5
[INFO] [stdout]   64:     0x55f52ddb4d25 - <alloc::boxed::Box<F,A> as core::ops::function::FnOnce<Args>>::call_once::hc7eafaff61e32df9
[INFO] [stdout]                                at /rustc/82e1608dfa6e0b5569232559e3d385fea5a93112/library/alloc/src/boxed.rs:2007:9
[INFO] [stdout]   65:     0x55f52ddb4d25 - <alloc::boxed::Box<F,A> as core::ops::function::FnOnce<Args>>::call_once::h6ba4a5de48dd2304
[INFO] [stdout]                                at /rustc/82e1608dfa6e0b5569232559e3d385fea5a93112/library/alloc/src/boxed.rs:2007:9
[INFO] [stdout]   66:     0x55f52ddb4d25 - std::sys::unix::thread::Thread::new::thread_start::he469335aef763e45
[INFO] [stdout]                                at /rustc/82e1608dfa6e0b5569232559e3d385fea5a93112/library/std/src/sys/unix/thread.rs:108:17
[INFO] [stdout]   67:     0x7f555b76eac3 - <unknown>
[INFO] [stdout]   68:     0x7f555b7ffbf4 - __clone
[INFO] [stdout]   69:                0x0 - <unknown>
[INFO] [stdout] 
[INFO] [stdout] ---- commands::gradle_maven::test_with_project stdout ----
[INFO] [stdout] thread 'commands::gradle_maven::test_with_project' panicked at src/commands/gradle_maven.rs:159:10:
[INFO] [stdout] failed to run gradlew: Os { code: 2, kind: NotFound, message: "No such file or directory" }
[INFO] [stdout] stack backtrace:
[INFO] [stdout]    0:     0x55f52ddad3dc - std::backtrace_rs::backtrace::libunwind::trace::ha637c64ce894333a
[INFO] [stdout]                                at /rustc/82e1608dfa6e0b5569232559e3d385fea5a93112/library/std/src/../../backtrace/src/backtrace/libunwind.rs:104:5
[INFO] [stdout]    1:     0x55f52ddad3dc - std::backtrace_rs::backtrace::trace_unsynchronized::h47f62dea28e0c88d
[INFO] [stdout]                                at /rustc/82e1608dfa6e0b5569232559e3d385fea5a93112/library/std/src/../../backtrace/src/backtrace/mod.rs:66:5
[INFO] [stdout]    2:     0x55f52ddad3dc - std::sys_common::backtrace::_print_fmt::h9eef0abe20ede486
[INFO] [stdout]                                at /rustc/82e1608dfa6e0b5569232559e3d385fea5a93112/library/std/src/sys_common/backtrace.rs:67:5
[INFO] [stdout]    3:     0x55f52ddad3dc - <std::sys_common::backtrace::_print::DisplayBacktrace as core::fmt::Display>::fmt::hed7f999df88cc644
[INFO] [stdout]                                at /rustc/82e1608dfa6e0b5569232559e3d385fea5a93112/library/std/src/sys_common/backtrace.rs:44:22
[INFO] [stdout]    4:     0x55f52ddd9c10 - core::fmt::rt::Argument::fmt::h1539a9308b8d058d
[INFO] [stdout]                                at /rustc/82e1608dfa6e0b5569232559e3d385fea5a93112/library/core/src/fmt/rt.rs:142:9
[INFO] [stdout]    5:     0x55f52ddd9c10 - core::fmt::write::h3a39390d8560d9c9
[INFO] [stdout]                                at /rustc/82e1608dfa6e0b5569232559e3d385fea5a93112/library/core/src/fmt/mod.rs:1120:17
[INFO] [stdout]    6:     0x55f52ddaa5df - std::io::Write::write_fmt::h040b369f3a0f9cbc
[INFO] [stdout]                                at /rustc/82e1608dfa6e0b5569232559e3d385fea5a93112/library/std/src/io/mod.rs:1762:15
[INFO] [stdout]    7:     0x55f52ddad1c4 - std::sys_common::backtrace::_print::h894006fb5c6f3d45
[INFO] [stdout]                                at /rustc/82e1608dfa6e0b5569232559e3d385fea5a93112/library/std/src/sys_common/backtrace.rs:47:5
[INFO] [stdout]    8:     0x55f52ddad1c4 - std::sys_common::backtrace::print::h23a2d212c6fff936
[INFO] [stdout]                                at /rustc/82e1608dfa6e0b5569232559e3d385fea5a93112/library/std/src/sys_common/backtrace.rs:34:9
[INFO] [stdout]    9:     0x55f52ddaee87 - std::panicking::default_hook::{{closure}}::h8a1d2ee00185001a
[INFO] [stdout]   10:     0x55f52ddaeb73 - std::panicking::default_hook::h6038f2eba384e475
[INFO] [stdout]                                at /rustc/82e1608dfa6e0b5569232559e3d385fea5a93112/library/std/src/panicking.rs:289:9
[INFO] [stdout]   11:     0x55f52d8bc467 - <alloc::boxed::Box<F,A> as core::ops::function::Fn<Args>>::call::h0ad024c9bdc6d768
[INFO] [stdout]                                at /rustc/82e1608dfa6e0b5569232559e3d385fea5a93112/library/alloc/src/boxed.rs:2021:9
[INFO] [stdout]   12:     0x55f52d8bc467 - test::test_main::{{closure}}::h7500b54257359db6
[INFO] [stdout]                                at /rustc/82e1608dfa6e0b5569232559e3d385fea5a93112/library/test/src/lib.rs:138:21
[INFO] [stdout]   13:     0x55f52ddaf498 - <alloc::boxed::Box<F,A> as core::ops::function::Fn<Args>>::call::h1f8f335eaa9cfaee
[INFO] [stdout]                                at /rustc/82e1608dfa6e0b5569232559e3d385fea5a93112/library/alloc/src/boxed.rs:2021:9
[INFO] [stdout]   14:     0x55f52ddaf498 - std::panicking::rust_panic_with_hook::h2b5517d590cab22e
[INFO] [stdout]                                at /rustc/82e1608dfa6e0b5569232559e3d385fea5a93112/library/std/src/panicking.rs:783:13
[INFO] [stdout]   15:     0x55f52ddaf1ee - std::panicking::begin_panic_handler::{{closure}}::h233112c06e0ef43e
[INFO] [stdout]                                at /rustc/82e1608dfa6e0b5569232559e3d385fea5a93112/library/std/src/panicking.rs:657:13
[INFO] [stdout]   16:     0x55f52ddad8a6 - std::sys_common::backtrace::__rust_end_short_backtrace::h6e893f24d7ebbff8
[INFO] [stdout]                                at /rustc/82e1608dfa6e0b5569232559e3d385fea5a93112/library/std/src/sys_common/backtrace.rs:170:18
[INFO] [stdout]   17:     0x55f52ddaef52 - rust_begin_unwind
[INFO] [stdout]                                at /rustc/82e1608dfa6e0b5569232559e3d385fea5a93112/library/std/src/panicking.rs:645:5
[INFO] [stdout]   18:     0x55f52d74a855 - core::panicking::panic_fmt::hbf0e066aabfa482c
[INFO] [stdout]                                at /rustc/82e1608dfa6e0b5569232559e3d385fea5a93112/library/core/src/panicking.rs:72:14
[INFO] [stdout]   19:     0x55f52d74ae83 - core::result::unwrap_failed::hddb4fea594200c52
[INFO] [stdout]                                at /rustc/82e1608dfa6e0b5569232559e3d385fea5a93112/library/core/src/result.rs:1653:5
[INFO] [stdout]   20:     0x55f52d76588d - core::result::Result<T,E>::expect::hd9662aa00b906853
[INFO] [stdout]                                at /rustc/82e1608dfa6e0b5569232559e3d385fea5a93112/library/core/src/result.rs:1034:23
[INFO] [stdout]   21:     0x55f52d792236 - something_releaser::commands::gradle_maven::test_with_project::{{closure}}::hc89b1b466cabc841
[INFO] [stdout]                                at /opt/rustwide/workdir/src/commands/gradle_maven.rs:152:18
[INFO] [stdout]   22:     0x55f52d783a18 - <core::pin::Pin<P> as core::future::future::Future>::poll::ha9e2488bcf160cc1
[INFO] [stdout]                                at /rustc/82e1608dfa6e0b5569232559e3d385fea5a93112/library/core/src/future/future.rs:125:9
[INFO] [stdout]   23:     0x55f52d7839bb - <core::pin::Pin<P> as core::future::future::Future>::poll::h5e7547942685e219
[INFO] [stdout]                                at /rustc/82e1608dfa6e0b5569232559e3d385fea5a93112/library/core/src/future/future.rs:125:9
[INFO] [stdout]   24:     0x55f52d77d3b4 - tokio::runtime::scheduler::current_thread::CoreGuard::block_on::{{closure}}::{{closure}}::{{closure}}::h842ec17237d90f95
[INFO] [stdout]                                at /opt/rustwide/cargo-home/registry/src/index.crates.io-6f17d22bba15001f/tokio-1.35.1/src/runtime/scheduler/current_thread/mod.rs:665:57
[INFO] [stdout]   25:     0x55f52d77d2ea - tokio::runtime::coop::with_budget::h6a613c3a86701c4b
[INFO] [stdout]                                at /opt/rustwide/cargo-home/registry/src/index.crates.io-6f17d22bba15001f/tokio-1.35.1/src/runtime/coop.rs:107:5
[INFO] [stdout]   26:     0x55f52d77d2ea - tokio::runtime::coop::budget::h33ef28368d080b4b
[INFO] [stdout]                                at /opt/rustwide/cargo-home/registry/src/index.crates.io-6f17d22bba15001f/tokio-1.35.1/src/runtime/coop.rs:73:5
[INFO] [stdout]   27:     0x55f52d77d2ea - tokio::runtime::scheduler::current_thread::CoreGuard::block_on::{{closure}}::{{closure}}::h32ab7a75323b7da3
[INFO] [stdout]                                at /opt/rustwide/cargo-home/registry/src/index.crates.io-6f17d22bba15001f/tokio-1.35.1/src/runtime/scheduler/current_thread/mod.rs:665:25
[INFO] [stdout]   28:     0x55f52d77bf6c - tokio::runtime::scheduler::current_thread::Context::enter::hb6ee0a62eb46d255
[INFO] [stdout]                                at /opt/rustwide/cargo-home/registry/src/index.crates.io-6f17d22bba15001f/tokio-1.35.1/src/runtime/scheduler/current_thread/mod.rs:410:19
[INFO] [stdout]   29:     0x55f52d77cade - tokio::runtime::scheduler::current_thread::CoreGuard::block_on::{{closure}}::hd96e678aa50cf52c
[INFO] [stdout]                                at /opt/rustwide/cargo-home/registry/src/index.crates.io-6f17d22bba15001f/tokio-1.35.1/src/runtime/scheduler/current_thread/mod.rs:664:36
[INFO] [stdout]   30:     0x55f52d77c7eb - tokio::runtime::scheduler::current_thread::CoreGuard::enter::{{closure}}::h0464d26dff2060e8
[INFO] [stdout]                                at /opt/rustwide/cargo-home/registry/src/index.crates.io-6f17d22bba15001f/tokio-1.35.1/src/runtime/scheduler/current_thread/mod.rs:743:68
[INFO] [stdout]   31:     0x55f52d798beb - tokio::runtime::context::scoped::Scoped<T>::set::h45f5c1832d8d455e
[INFO] [stdout]                                at /opt/rustwide/cargo-home/registry/src/index.crates.io-6f17d22bba15001f/tokio-1.35.1/src/runtime/context/scoped.rs:40:9
[INFO] [stdout]   32:     0x55f52d772d79 - tokio::runtime::context::set_scheduler::{{closure}}::h01d80a130e46c360
[INFO] [stdout]                                at /opt/rustwide/cargo-home/registry/src/index.crates.io-6f17d22bba15001f/tokio-1.35.1/src/runtime/context.rs:176:26
[INFO] [stdout]   33:     0x55f52d770776 - std::thread::local::LocalKey<T>::try_with::h403764cc9326da42
[INFO] [stdout]                                at /rustc/82e1608dfa6e0b5569232559e3d385fea5a93112/library/std/src/thread/local.rs:270:16
[INFO] [stdout]   34:     0x55f52d7703fa - std::thread::local::LocalKey<T>::with::h90274cfeebf2b6f8
[INFO] [stdout]                                at /rustc/82e1608dfa6e0b5569232559e3d385fea5a93112/library/std/src/thread/local.rs:246:9
[INFO] [stdout]   35:     0x55f52d772d2d - tokio::runtime::context::set_scheduler::h52cf150da45abff8
[INFO] [stdout]                                at /opt/rustwide/cargo-home/registry/src/index.crates.io-6f17d22bba15001f/tokio-1.35.1/src/runtime/context.rs:176:9
[INFO] [stdout]   36:     0x55f52d77c580 - tokio::runtime::scheduler::current_thread::CoreGuard::enter::h6ace323b769774f1
[INFO] [stdout]                                at /opt/rustwide/cargo-home/registry/src/index.crates.io-6f17d22bba15001f/tokio-1.35.1/src/runtime/scheduler/current_thread/mod.rs:743:27
[INFO] [stdout]   37:     0x55f52d77c81d - tokio::runtime::scheduler::current_thread::CoreGuard::block_on::h5f5cd916b1a6c270
[INFO] [stdout]                                at /opt/rustwide/cargo-home/registry/src/index.crates.io-6f17d22bba15001f/tokio-1.35.1/src/runtime/scheduler/current_thread/mod.rs:652:19
[INFO] [stdout]   38:     0x55f52d77b74d - tokio::runtime::scheduler::current_thread::CurrentThread::block_on::{{closure}}::h389d3f25772ff733
[INFO] [stdout]                                at /opt/rustwide/cargo-home/registry/src/index.crates.io-6f17d22bba15001f/tokio-1.35.1/src/runtime/scheduler/current_thread/mod.rs:175:28
[INFO] [stdout]   39:     0x55f52d78551a - tokio::runtime::context::runtime::enter_runtime::h80ad350a9df15ca9
[INFO] [stdout]                                at /opt/rustwide/cargo-home/registry/src/index.crates.io-6f17d22bba15001f/tokio-1.35.1/src/runtime/context/runtime.rs:65:16
[INFO] [stdout]   40:     0x55f52d77b660 - tokio::runtime::scheduler::current_thread::CurrentThread::block_on::hb40fbbb49947fe8f
[INFO] [stdout]                                at /opt/rustwide/cargo-home/registry/src/index.crates.io-6f17d22bba15001f/tokio-1.35.1/src/runtime/scheduler/current_thread/mod.rs:167:9
[INFO] [stdout]   41:     0x55f52d765e1d - tokio::runtime::runtime::Runtime::block_on::hc9388b45225fc3f7
[INFO] [stdout]                                at /opt/rustwide/cargo-home/registry/src/index.crates.io-6f17d22bba15001f/tokio-1.35.1/src/runtime/runtime.rs:348:47
[INFO] [stdout]   42:     0x55f52d791085 - something_releaser::commands::gradle_maven::test_with_project::h4d5373a14493d2c1
[INFO] [stdout]                                at /opt/rustwide/workdir/src/commands/gradle_maven.rs:161:5
[INFO] [stdout]   43:     0x55f52d790f17 - something_releaser::commands::gradle_maven::test_with_project::{{closure}}::hbdba030c7b0f77fd
[INFO] [stdout]                                at /opt/rustwide/workdir/src/commands/gradle_maven.rs:98:29
[INFO] [stdout]   44:     0x55f52d75fd06 - core::ops::function::FnOnce::call_once::ha589a8c644cd00ee
[INFO] [stdout]                                at /rustc/82e1608dfa6e0b5569232559e3d385fea5a93112/library/core/src/ops/function.rs:250:5
[INFO] [stdout]   45:     0x55f52d8c1abf - core::ops::function::FnOnce::call_once::h2b5d431d5046312d
[INFO] [stdout]                                at /rustc/82e1608dfa6e0b5569232559e3d385fea5a93112/library/core/src/ops/function.rs:250:5
[INFO] [stdout]   46:     0x55f52d8c1abf - test::__rust_begin_short_backtrace::h7714669af176e207
[INFO] [stdout]                                at /rustc/82e1608dfa6e0b5569232559e3d385fea5a93112/library/test/src/lib.rs:628:18
[INFO] [stdout]   47:     0x55f52d8c0ad5 - test::run_test_in_process::{{closure}}::h85218797dcbcec12
[INFO] [stdout]                                at /rustc/82e1608dfa6e0b5569232559e3d385fea5a93112/library/test/src/lib.rs:651:60
[INFO] [stdout]   48:     0x55f52d8c0ad5 - <core::panic::unwind_safe::AssertUnwindSafe<F> as core::ops::function::FnOnce<()>>::call_once::h76c106ea31c14d7b
[INFO] [stdout]                                at /rustc/82e1608dfa6e0b5569232559e3d385fea5a93112/library/core/src/panic/unwind_safe.rs:272:9
[INFO] [stdout]   49:     0x55f52d8c0ad5 - std::panicking::try::do_call::h3bd5d0f6620ee946
[INFO] [stdout]                                at /rustc/82e1608dfa6e0b5569232559e3d385fea5a93112/library/std/src/panicking.rs:552:40
[INFO] [stdout]   50:     0x55f52d8c0ad5 - std::panicking::try::h232e535e4744fe31
[INFO] [stdout]                                at /rustc/82e1608dfa6e0b5569232559e3d385fea5a93112/library/std/src/panicking.rs:516:19
[INFO] [stdout]   51:     0x55f52d8c0ad5 - std::panic::catch_unwind::h3ce3bd6ca8dbac68
[INFO] [stdout]                                at /rustc/82e1608dfa6e0b5569232559e3d385fea5a93112/library/std/src/panic.rs:142:14
[INFO] [stdout]   52:     0x55f52d8c0ad5 - test::run_test_in_process::hc97b257c9621286a
[INFO] [stdout]                                at /rustc/82e1608dfa6e0b5569232559e3d385fea5a93112/library/test/src/lib.rs:651:27
[INFO] [stdout]   53:     0x55f52d8c0ad5 - test::run_test::{{closure}}::h2aa798823a438d38
[INFO] [stdout]                                at /rustc/82e1608dfa6e0b5569232559e3d385fea5a93112/library/test/src/lib.rs:574:43
[INFO] [stdout]   54:     0x55f52d888d96 - test::run_test::{{closure}}::h87d231c78fb59832
[INFO] [stdout]                                at /rustc/82e1608dfa6e0b5569232559e3d385fea5a93112/library/test/src/lib.rs:602:41
[INFO] [stdout]   55:     0x55f52d888d96 - std::sys_common::backtrace::__rust_begin_short_backtrace::he6df152596625789
[INFO] [stdout]                                at /rustc/82e1608dfa6e0b5569232559e3d385fea5a93112/library/std/src/sys_common/backtrace.rs:154:18
[INFO] [stdout]   56:     0x55f52d88de47 - std::thread::Builder::spawn_unchecked_::{{closure}}::{{closure}}::ha94be15d1e0acf36
[INFO] [stdout]                                at /rustc/82e1608dfa6e0b5569232559e3d385fea5a93112/library/std/src/thread/mod.rs:529:17
[INFO] [stdout]   57:     0x55f52d88de47 - <core::panic::unwind_safe::AssertUnwindSafe<F> as core::ops::function::FnOnce<()>>::call_once::h9dc6bd6372f16606
[INFO] [stdout]                                at /rustc/82e1608dfa6e0b5569232559e3d385fea5a93112/library/core/src/panic/unwind_safe.rs:272:9
[INFO] [stdout]   58:     0x55f52d88de47 - std::panicking::try::do_call::h9057517f80303cd4
[INFO] [stdout]                                at /rustc/82e1608dfa6e0b5569232559e3d385fea5a93112/library/std/src/panicking.rs:552:40
[INFO] [stdout]   59:     0x55f52d88de47 - std::panicking::try::he3a30b11ee45340c
[INFO] [stdout]                                at /rustc/82e1608dfa6e0b5569232559e3d385fea5a93112/library/std/src/panicking.rs:516:19
[INFO] [stdout]   60:     0x55f52d88de47 - std::panic::catch_unwind::h410458cfd3528b8b
[INFO] [stdout]                                at /rustc/82e1608dfa6e0b5569232559e3d385fea5a93112/library/std/src/panic.rs:142:14
[INFO] [stdout]   61:     0x55f52d88de47 - std::thread::Builder::spawn_unchecked_::{{closure}}::h72ac3bdb567b737b
[INFO] [stdout]                                at /rustc/82e1608dfa6e0b5569232559e3d385fea5a93112/library/std/src/thread/mod.rs:528:30
[INFO] [stdout]   62:     0x55f52d88de47 - core::ops::function::FnOnce::call_once{{vtable.shim}}::h38f34da3654a8344
[INFO] [stdout]                                at /rustc/82e1608dfa6e0b5569232559e3d385fea5a93112/library/core/src/ops/function.rs:250:5
[INFO] [stdout]   63:     0x55f52ddb4d25 - <alloc::boxed::Box<F,A> as core::ops::function::FnOnce<Args>>::call_once::hc7eafaff61e32df9
[INFO] [stdout]                                at /rustc/82e1608dfa6e0b5569232559e3d385fea5a93112/library/alloc/src/boxed.rs:2007:9
[INFO] [stdout]   64:     0x55f52ddb4d25 - <alloc::boxed::Box<F,A> as core::ops::function::FnOnce<Args>>::call_once::h6ba4a5de48dd2304
[INFO] [stdout]                                at /rustc/82e1608dfa6e0b5569232559e3d385fea5a93112/library/alloc/src/boxed.rs:2007:9
[INFO] [stdout]   65:     0x55f52ddb4d25 - std::sys::unix::thread::Thread::new::thread_start::he469335aef763e45
[INFO] [stdout]                                at /rustc/82e1608dfa6e0b5569232559e3d385fea5a93112/library/std/src/sys/unix/thread.rs:108:17
[INFO] [stdout]   66:     0x7f555b76eac3 - <unknown>
[INFO] [stdout]   67:     0x7f555b7ffbf4 - __clone
[INFO] [stdout]   68:                0x0 - <unknown>
[INFO] [stdout] 
[INFO] [stdout] 
[INFO] [stdout] failures:
[INFO] [stdout]     commands::gradle_maven::test_with_project
[INFO] [stdout]     commands::gradle_signing::generated_init_script
[INFO] [stdout]     commands::gradle_signing::test_with_project
[INFO] [stdout] 
[INFO] [stdout] test result: FAILED. 21 passed; 3 failed; 0 ignored; 0 measured; 0 filtered out; finished in 0.07s
[INFO] [stdout] 
[INFO] [stderr] error: test failed, to rerun pass `--bin something-releaser`
[INFO] running `Command { std: "docker" "inspect" "32ada27aec16630a5b4621401ab8636e41a98e4d5fc0d8085b013db7e0a0efa8", kill_on_drop: false }`
[INFO] running `Command { std: "docker" "rm" "-f" "32ada27aec16630a5b4621401ab8636e41a98e4d5fc0d8085b013db7e0a0efa8", kill_on_drop: false }`
[INFO] [stdout] 32ada27aec16630a5b4621401ab8636e41a98e4d5fc0d8085b013db7e0a0efa8
