[INFO] cloning repository https://github.com/amnaredo/cutr
[INFO] running `Command { std: "git" "-c" "credential.helper=" "-c" "credential.helper=/workspace/cargo-home/bin/git-credential-null" "clone" "--bare" "https://github.com/amnaredo/cutr" "/workspace/cache/git-repos/https%3A%2F%2Fgithub.com%2Famnaredo%2Fcutr", kill_on_drop: false }`
[INFO] [stderr] Cloning into bare repository '/workspace/cache/git-repos/https%3A%2F%2Fgithub.com%2Famnaredo%2Fcutr'...
[INFO] running `Command { std: "git" "rev-parse" "HEAD", kill_on_drop: false }`
[INFO] [stdout] 41cd1b18738bee207685f10bc349ba7b0484a574
[INFO] testing amnaredo/cutr against 1.75.0 for beta-1.76-1
[INFO] running `Command { std: "git" "clone" "/workspace/cache/git-repos/https%3A%2F%2Fgithub.com%2Famnaredo%2Fcutr" "/workspace/builds/worker-0-tc1/source", kill_on_drop: false }`
[INFO] [stderr] Cloning into '/workspace/builds/worker-0-tc1/source'...
[INFO] [stderr] done.
[INFO] validating manifest of git repo https://github.com/amnaredo/cutr on toolchain 1.75.0
[INFO] running `Command { std: CARGO_HOME="/workspace/cargo-home" RUSTUP_HOME="/workspace/rustup-home" "/workspace/cargo-home/bin/cargo" "+1.75.0" "metadata" "--manifest-path" "Cargo.toml" "--no-deps", kill_on_drop: false }`
[INFO] started tweaking git repo https://github.com/amnaredo/cutr
[INFO] finished tweaking git repo https://github.com/amnaredo/cutr
[INFO] tweaked toml for git repo https://github.com/amnaredo/cutr written to /workspace/builds/worker-0-tc1/source/Cargo.toml
[INFO] crate git repo https://github.com/amnaredo/cutr already has a lockfile, it will not be regenerated
[INFO] running `Command { std: CARGO_HOME="/workspace/cargo-home" RUSTUP_HOME="/workspace/rustup-home" "/workspace/cargo-home/bin/cargo" "+1.75.0" "fetch" "--manifest-path" "Cargo.toml", kill_on_drop: false }`
[INFO] running `Command { std: "docker" "create" "-v" "/var/lib/crater-agent-workspace/builds/worker-0-tc1/target:/opt/rustwide/target:rw,Z" "-v" "/var/lib/crater-agent-workspace/builds/worker-0-tc1/source:/opt/rustwide/workdir:ro,Z" "-v" "/var/lib/crater-agent-workspace/cargo-home:/opt/rustwide/cargo-home:ro,Z" "-v" "/var/lib/crater-agent-workspace/rustup-home:/opt/rustwide/rustup-home:ro,Z" "-e" "SOURCE_DIR=/opt/rustwide/workdir" "-e" "CARGO_TARGET_DIR=/opt/rustwide/target" "-e" "CARGO_HOME=/opt/rustwide/cargo-home" "-e" "RUSTUP_HOME=/opt/rustwide/rustup-home" "-w" "/opt/rustwide/workdir" "-m" "1610612736" "--user" "0:0" "--network" "none" "ghcr.io/rust-lang/crates-build-env/linux@sha256:2788e3201cd34a07e3172128adcd8b3090168a8e3bcc40d7c032b9dda1df7d1c" "/opt/rustwide/cargo-home/bin/cargo" "+1.75.0" "metadata" "--no-deps" "--format-version=1", kill_on_drop: false }`
[INFO] [stdout] a3f740fc7a4b6622029b7e4dc3c3b5531aff83ede12ad6159c5fdf4a4e445828
[INFO] running `Command { std: "docker" "start" "-a" "a3f740fc7a4b6622029b7e4dc3c3b5531aff83ede12ad6159c5fdf4a4e445828", kill_on_drop: false }`
[INFO] running `Command { std: "docker" "inspect" "a3f740fc7a4b6622029b7e4dc3c3b5531aff83ede12ad6159c5fdf4a4e445828", kill_on_drop: false }`
[INFO] running `Command { std: "docker" "rm" "-f" "a3f740fc7a4b6622029b7e4dc3c3b5531aff83ede12ad6159c5fdf4a4e445828", kill_on_drop: false }`
[INFO] [stdout] a3f740fc7a4b6622029b7e4dc3c3b5531aff83ede12ad6159c5fdf4a4e445828
[INFO] running `Command { std: "docker" "create" "-v" "/var/lib/crater-agent-workspace/builds/worker-0-tc1/target:/opt/rustwide/target:rw,Z" "-v" "/var/lib/crater-agent-workspace/builds/worker-0-tc1/source:/opt/rustwide/workdir:ro,Z" "-v" "/var/lib/crater-agent-workspace/cargo-home:/opt/rustwide/cargo-home:ro,Z" "-v" "/var/lib/crater-agent-workspace/rustup-home:/opt/rustwide/rustup-home:ro,Z" "-e" "SOURCE_DIR=/opt/rustwide/workdir" "-e" "CARGO_TARGET_DIR=/opt/rustwide/target" "-e" "CARGO_INCREMENTAL=0" "-e" "RUST_BACKTRACE=full" "-e" "RUSTFLAGS=--cap-lints=warn" "-e" "RUSTDOCFLAGS=--cap-lints=warn" "-e" "CARGO_HOME=/opt/rustwide/cargo-home" "-e" "RUSTUP_HOME=/opt/rustwide/rustup-home" "-w" "/opt/rustwide/workdir" "-m" "1610612736" "--user" "0:0" "--network" "none" "ghcr.io/rust-lang/crates-build-env/linux@sha256:2788e3201cd34a07e3172128adcd8b3090168a8e3bcc40d7c032b9dda1df7d1c" "/opt/rustwide/cargo-home/bin/cargo" "+1.75.0" "build" "--frozen" "--message-format=json", kill_on_drop: false }`
[INFO] [stdout] cc721338ac1cd7d1020d8a959ffd81c96cdc67925770803f1c8b55138d9dd650
[INFO] running `Command { std: "docker" "start" "-a" "cc721338ac1cd7d1020d8a959ffd81c96cdc67925770803f1c8b55138d9dd650", kill_on_drop: false }`
[INFO] [stderr]    Compiling memchr v2.4.1
[INFO] [stderr]    Compiling libc v0.2.118
[INFO] [stderr]    Compiling serde v1.0.136
[INFO] [stderr]    Compiling unicode-width v0.1.9
[INFO] [stderr]    Compiling regex-automata v0.1.10
[INFO] [stderr]    Compiling ryu v1.0.9
[INFO] [stderr]    Compiling strsim v0.8.0
[INFO] [stderr]    Compiling regex-syntax v0.6.25
[INFO] [stderr]    Compiling itoa v0.4.8
[INFO] [stderr]    Compiling vec_map v0.8.2
[INFO] [stderr]    Compiling ansi_term v0.12.1
[INFO] [stderr]    Compiling textwrap v0.11.0
[INFO] [stderr]    Compiling csv-core v0.1.10
[INFO] [stderr]    Compiling aho-corasick v0.7.18
[INFO] [stderr]    Compiling atty v0.2.14
[INFO] [stderr]    Compiling clap v2.34.0
[INFO] [stderr]    Compiling regex v1.5.4
[INFO] [stderr]    Compiling bstr v0.2.17
[INFO] [stderr]    Compiling csv v1.1.6
[INFO] [stderr]    Compiling cutr v0.1.0 (/opt/rustwide/workdir)
[INFO] [stderr]     Finished dev [unoptimized + debuginfo] target(s) in 4.64s
[INFO] running `Command { std: "docker" "inspect" "cc721338ac1cd7d1020d8a959ffd81c96cdc67925770803f1c8b55138d9dd650", kill_on_drop: false }`
[INFO] running `Command { std: "docker" "rm" "-f" "cc721338ac1cd7d1020d8a959ffd81c96cdc67925770803f1c8b55138d9dd650", kill_on_drop: false }`
[INFO] [stdout] cc721338ac1cd7d1020d8a959ffd81c96cdc67925770803f1c8b55138d9dd650
[INFO] running `Command { std: "docker" "create" "-v" "/var/lib/crater-agent-workspace/builds/worker-0-tc1/target:/opt/rustwide/target:rw,Z" "-v" "/var/lib/crater-agent-workspace/builds/worker-0-tc1/source:/opt/rustwide/workdir:ro,Z" "-v" "/var/lib/crater-agent-workspace/cargo-home:/opt/rustwide/cargo-home:ro,Z" "-v" "/var/lib/crater-agent-workspace/rustup-home:/opt/rustwide/rustup-home:ro,Z" "-e" "SOURCE_DIR=/opt/rustwide/workdir" "-e" "CARGO_TARGET_DIR=/opt/rustwide/target" "-e" "CARGO_INCREMENTAL=0" "-e" "RUST_BACKTRACE=full" "-e" "RUSTFLAGS=--cap-lints=warn" "-e" "RUSTDOCFLAGS=--cap-lints=warn" "-e" "CARGO_HOME=/opt/rustwide/cargo-home" "-e" "RUSTUP_HOME=/opt/rustwide/rustup-home" "-w" "/opt/rustwide/workdir" "-m" "1610612736" "--user" "0:0" "--network" "none" "ghcr.io/rust-lang/crates-build-env/linux@sha256:2788e3201cd34a07e3172128adcd8b3090168a8e3bcc40d7c032b9dda1df7d1c" "/opt/rustwide/cargo-home/bin/cargo" "+1.75.0" "test" "--frozen" "--no-run" "--message-format=json", kill_on_drop: false }`
[INFO] [stdout] a41b9545b7cb458bbe1cadcc320fd1c32872b4d2542fb26e6fb46719e2660437
[INFO] running `Command { std: "docker" "start" "-a" "a41b9545b7cb458bbe1cadcc320fd1c32872b4d2542fb26e6fb46719e2660437", kill_on_drop: false }`
[INFO] [stderr]    Compiling num-traits v0.2.14
[INFO] [stderr]    Compiling predicates-core v1.0.3
[INFO] [stderr]    Compiling getrandom v0.2.4
[INFO] [stderr]    Compiling either v1.6.1
[INFO] [stderr]    Compiling ppv-lite86 v0.2.16
[INFO] [stderr]    Compiling termtree v0.2.4
[INFO] [stderr]    Compiling wait-timeout v0.2.0
[INFO] [stderr]    Compiling difference v2.0.0
[INFO] [stderr]    Compiling itertools v0.10.3
[INFO] [stderr]    Compiling predicates-tree v1.0.5
[INFO] [stderr]    Compiling rand_core v0.6.3
[INFO] [stderr]    Compiling rand_chacha v0.3.1
[INFO] [stderr]    Compiling rand v0.8.5
[INFO] [stderr]    Compiling float-cmp v0.8.0
[INFO] [stderr]    Compiling predicates v1.0.8
[INFO] [stderr]    Compiling predicates v2.1.1
[INFO] [stderr]    Compiling assert_cmd v1.0.8
[INFO] [stderr]    Compiling cutr v0.1.0 (/opt/rustwide/workdir)
[INFO] [stderr]     Finished test [unoptimized + debuginfo] target(s) in 2.92s
[INFO] running `Command { std: "docker" "inspect" "a41b9545b7cb458bbe1cadcc320fd1c32872b4d2542fb26e6fb46719e2660437", kill_on_drop: false }`
[INFO] running `Command { std: "docker" "rm" "-f" "a41b9545b7cb458bbe1cadcc320fd1c32872b4d2542fb26e6fb46719e2660437", kill_on_drop: false }`
[INFO] [stdout] a41b9545b7cb458bbe1cadcc320fd1c32872b4d2542fb26e6fb46719e2660437
[INFO] running `Command { std: "docker" "create" "-v" "/var/lib/crater-agent-workspace/builds/worker-0-tc1/target:/opt/rustwide/target:rw,Z" "-v" "/var/lib/crater-agent-workspace/builds/worker-0-tc1/source:/opt/rustwide/workdir:ro,Z" "-v" "/var/lib/crater-agent-workspace/cargo-home:/opt/rustwide/cargo-home:ro,Z" "-v" "/var/lib/crater-agent-workspace/rustup-home:/opt/rustwide/rustup-home:ro,Z" "-e" "SOURCE_DIR=/opt/rustwide/workdir" "-e" "CARGO_TARGET_DIR=/opt/rustwide/target" "-e" "CARGO_INCREMENTAL=0" "-e" "RUST_BACKTRACE=full" "-e" "RUSTFLAGS=--cap-lints=warn" "-e" "RUSTDOCFLAGS=--cap-lints=warn" "-e" "CARGO_HOME=/opt/rustwide/cargo-home" "-e" "RUSTUP_HOME=/opt/rustwide/rustup-home" "-w" "/opt/rustwide/workdir" "-m" "1610612736" "--user" "0:0" "--network" "none" "ghcr.io/rust-lang/crates-build-env/linux@sha256:2788e3201cd34a07e3172128adcd8b3090168a8e3bcc40d7c032b9dda1df7d1c" "/opt/rustwide/cargo-home/bin/cargo" "+1.75.0" "test" "--frozen", kill_on_drop: false }`
[INFO] [stdout] cb6e224b80128abdf46f25748a02af93d71e1136edc5b568f1dc412b8af5f9df
[INFO] running `Command { std: "docker" "start" "-a" "cb6e224b80128abdf46f25748a02af93d71e1136edc5b568f1dc412b8af5f9df", kill_on_drop: false }`
[INFO] [stderr]     Finished test [unoptimized + debuginfo] target(s) in 0.03s
[INFO] [stderr]      Running unittests src/lib.rs (/opt/rustwide/target/debug/deps/cutr-92fe968ac523b4f0)
[INFO] [stdout] 
[INFO] [stdout] running 3 tests
[INFO] [stdout] test tests::test_extract_bytes ... ok
[INFO] [stdout] test tests::test_extract_chars ... ok
[INFO] [stdout] test tests::test_parse_pos ... ok
[INFO] [stdout] 
[INFO] [stdout] test result: ok. 3 passed; 0 failed; 0 ignored; 0 measured; 0 filtered out; finished in 0.01s
[INFO] [stdout] 
[INFO] [stderr]      Running unittests src/main.rs (/opt/rustwide/target/debug/deps/cutr-f5e660de4c7d0971)
[INFO] [stdout] 
[INFO] [stdout] running 0 tests
[INFO] [stdout] 
[INFO] [stdout] test result: ok. 0 passed; 0 failed; 0 ignored; 0 measured; 0 filtered out; finished in 0.00s
[INFO] [stdout] 
[INFO] [stderr]      Running tests/cli.rs (/opt/rustwide/target/debug/deps/cli-8c3ed90c7d716ef4)
[INFO] [stdout] 
[INFO] [stdout] running 36 tests
[INFO] [stdout] test dies_bad_delimiter ... ok
[INFO] [stdout] test csv_f1 ... ok
[INFO] [stdout] test csv_f2_3 ... ok
[INFO] [stdout] test csv_f2 ... ok
[INFO] [stdout] test csv_f1_3 ... ok
[INFO] [stdout] test csv_f1_2 ... ok
[INFO] [stdout] test csv_f3 ... ok
[INFO] [stdout] test dies_chars_bytes ... ok
[INFO] [stdout] test dies_bytes_fields ... ok
[INFO] [stdout] test dies_chars_bytes_fields ... ok
[INFO] [stdout] test dies_bad_digit_chars ... ok
[INFO] [stdout] test dies_bad_digit_bytes ... ok
[INFO] [stdout] test dies_empty_delimiter ... ok
[INFO] [stdout] test tsv_c1_8 ... FAILED
[INFO] [stdout] test dies_not_enough_args ... ok
[INFO] [stdout] test repeated_value ... ok
[INFO] [stdout] test tsv_b2 ... ok
[INFO] [stdout] test dies_chars_fields ... ok
[INFO] [stdout] test tsv_b1_2 ... ok
[INFO] [stdout] test dies_bad_digit_field ... ok
[INFO] [stdout] test tsv_b1 ... ok
[INFO] [stdout] test tsv_c8 ... FAILED
[INFO] [stdout] test tsv_b2_3 ... ok
[INFO] [stdout] test tsv_b1_8 ... ok
[INFO] [stdout] test tsv_c2 ... ok
[INFO] [stdout] test tsv_c1_2 ... ok
[INFO] [stdout] test tsv_b8 ... ok
[INFO] [stdout] test tsv_f1 ... ok
[INFO] [stdout] test tsv_c1 ... ok
[INFO] [stdout] test tsv_c2_3 ... ok
[INFO] [stdout] test skips_bad_file ... ok
[INFO] [stdout] test tsv_f1_3 ... ok
[INFO] [stdout] test tsv_f1_2 ... ok
[INFO] [stdout] test tsv_f2 ... ok
[INFO] [stdout] test tsv_f2_3 ... ok
[INFO] [stdout] test tsv_f3 ... ok
[INFO] [stdout] 
[INFO] [stdout] failures:
[INFO] [stdout] 
[INFO] [stdout] ---- tsv_c1_8 stdout ----
[INFO] [stdout] expected tests/expected/movies1.tsv.c1-8.out
[INFO] [stdout] Error: Error { kind: InvalidData, message: "stream did not contain valid UTF-8" }
[INFO] [stdout] 
[INFO] [stdout] ---- tsv_c8 stdout ----
[INFO] [stdout] expected tests/expected/movies1.tsv.c8.out
[INFO] [stdout] Error: Error { kind: InvalidData, message: "stream did not contain valid UTF-8" }
[INFO] [stdout] 
[INFO] [stdout] 
[INFO] [stdout] failures:
[INFO] [stdout]     tsv_c1_8
[INFO] [stdout]     tsv_c8
[INFO] [stdout] 
[INFO] [stdout] test result: FAILED. 34 passed; 2 failed; 0 ignored; 0 measured; 0 filtered out; finished in 0.02s
[INFO] [stdout] 
[INFO] [stderr] error: test failed, to rerun pass `--test cli`
[INFO] running `Command { std: "docker" "inspect" "cb6e224b80128abdf46f25748a02af93d71e1136edc5b568f1dc412b8af5f9df", kill_on_drop: false }`
[INFO] running `Command { std: "docker" "rm" "-f" "cb6e224b80128abdf46f25748a02af93d71e1136edc5b568f1dc412b8af5f9df", kill_on_drop: false }`
[INFO] [stdout] cb6e224b80128abdf46f25748a02af93d71e1136edc5b568f1dc412b8af5f9df
[INFO] testing amnaredo/cutr against beta-2023-12-22 for beta-1.76-1
[INFO] running `Command { std: "git" "clone" "/workspace/cache/git-repos/https%3A%2F%2Fgithub.com%2Famnaredo%2Fcutr" "/workspace/builds/worker-0-tc2/source", kill_on_drop: false }`
[INFO] [stderr] Cloning into '/workspace/builds/worker-0-tc2/source'...
[INFO] [stderr] done.
[INFO] validating manifest of git repo https://github.com/amnaredo/cutr on toolchain beta-2023-12-22
[INFO] running `Command { std: CARGO_HOME="/workspace/cargo-home" RUSTUP_HOME="/workspace/rustup-home" "/workspace/cargo-home/bin/cargo" "+beta-2023-12-22" "metadata" "--manifest-path" "Cargo.toml" "--no-deps", kill_on_drop: false }`
[INFO] started tweaking git repo https://github.com/amnaredo/cutr
[INFO] finished tweaking git repo https://github.com/amnaredo/cutr
[INFO] tweaked toml for git repo https://github.com/amnaredo/cutr written to /workspace/builds/worker-0-tc2/source/Cargo.toml
[INFO] crate git repo https://github.com/amnaredo/cutr already has a lockfile, it will not be regenerated
[INFO] running `Command { std: CARGO_HOME="/workspace/cargo-home" RUSTUP_HOME="/workspace/rustup-home" "/workspace/cargo-home/bin/cargo" "+beta-2023-12-22" "fetch" "--manifest-path" "Cargo.toml", kill_on_drop: false }`
[INFO] running `Command { std: "docker" "create" "-v" "/var/lib/crater-agent-workspace/builds/worker-0-tc2/target:/opt/rustwide/target:rw,Z" "-v" "/var/lib/crater-agent-workspace/builds/worker-0-tc2/source:/opt/rustwide/workdir:ro,Z" "-v" "/var/lib/crater-agent-workspace/cargo-home:/opt/rustwide/cargo-home:ro,Z" "-v" "/var/lib/crater-agent-workspace/rustup-home:/opt/rustwide/rustup-home:ro,Z" "-e" "SOURCE_DIR=/opt/rustwide/workdir" "-e" "CARGO_TARGET_DIR=/opt/rustwide/target" "-e" "CARGO_HOME=/opt/rustwide/cargo-home" "-e" "RUSTUP_HOME=/opt/rustwide/rustup-home" "-w" "/opt/rustwide/workdir" "-m" "1610612736" "--user" "0:0" "--network" "none" "ghcr.io/rust-lang/crates-build-env/linux@sha256:2788e3201cd34a07e3172128adcd8b3090168a8e3bcc40d7c032b9dda1df7d1c" "/opt/rustwide/cargo-home/bin/cargo" "+beta-2023-12-22" "metadata" "--no-deps" "--format-version=1", kill_on_drop: false }`
[INFO] [stdout] d0c1a90719c597b3481fc18e7bf3f581d8e8d29aeb22b4d832b2a979193ed191
[INFO] running `Command { std: "docker" "start" "-a" "d0c1a90719c597b3481fc18e7bf3f581d8e8d29aeb22b4d832b2a979193ed191", kill_on_drop: false }`
[INFO] running `Command { std: "docker" "inspect" "d0c1a90719c597b3481fc18e7bf3f581d8e8d29aeb22b4d832b2a979193ed191", kill_on_drop: false }`
[INFO] running `Command { std: "docker" "rm" "-f" "d0c1a90719c597b3481fc18e7bf3f581d8e8d29aeb22b4d832b2a979193ed191", kill_on_drop: false }`
[INFO] [stdout] d0c1a90719c597b3481fc18e7bf3f581d8e8d29aeb22b4d832b2a979193ed191
[INFO] running `Command { std: "docker" "create" "-v" "/var/lib/crater-agent-workspace/builds/worker-0-tc2/target:/opt/rustwide/target:rw,Z" "-v" "/var/lib/crater-agent-workspace/builds/worker-0-tc2/source:/opt/rustwide/workdir:ro,Z" "-v" "/var/lib/crater-agent-workspace/cargo-home:/opt/rustwide/cargo-home:ro,Z" "-v" "/var/lib/crater-agent-workspace/rustup-home:/opt/rustwide/rustup-home:ro,Z" "-e" "SOURCE_DIR=/opt/rustwide/workdir" "-e" "CARGO_TARGET_DIR=/opt/rustwide/target" "-e" "CARGO_INCREMENTAL=0" "-e" "RUST_BACKTRACE=full" "-e" "RUSTFLAGS=--cap-lints=warn" "-e" "RUSTDOCFLAGS=--cap-lints=warn" "-e" "CARGO_HOME=/opt/rustwide/cargo-home" "-e" "RUSTUP_HOME=/opt/rustwide/rustup-home" "-w" "/opt/rustwide/workdir" "-m" "1610612736" "--user" "0:0" "--network" "none" "ghcr.io/rust-lang/crates-build-env/linux@sha256:2788e3201cd34a07e3172128adcd8b3090168a8e3bcc40d7c032b9dda1df7d1c" "/opt/rustwide/cargo-home/bin/cargo" "+beta-2023-12-22" "build" "--frozen" "--message-format=json", kill_on_drop: false }`
[INFO] [stdout] 692eb35cb6ff7612f9cc9ce896810ca143d8a56fff483f4357ab36ba3e402b6c
[INFO] running `Command { std: "docker" "start" "-a" "692eb35cb6ff7612f9cc9ce896810ca143d8a56fff483f4357ab36ba3e402b6c", kill_on_drop: false }`
[INFO] [stderr]    Compiling memchr v2.4.1
[INFO] [stderr]    Compiling libc v0.2.118
[INFO] [stderr]    Compiling serde v1.0.136
[INFO] [stderr]    Compiling unicode-width v0.1.9
[INFO] [stderr]    Compiling regex-automata v0.1.10
[INFO] [stderr]    Compiling itoa v0.4.8
[INFO] [stderr]    Compiling regex-syntax v0.6.25
[INFO] [stderr]    Compiling ryu v1.0.9
[INFO] [stderr]    Compiling vec_map v0.8.2
[INFO] [stderr]    Compiling strsim v0.8.0
[INFO] [stderr]    Compiling ansi_term v0.12.1
[INFO] [stderr]    Compiling textwrap v0.11.0
[INFO] [stderr]    Compiling csv-core v0.1.10
[INFO] [stderr]    Compiling aho-corasick v0.7.18
[INFO] [stderr]    Compiling atty v0.2.14
[INFO] [stderr]    Compiling clap v2.34.0
[INFO] [stderr]    Compiling regex v1.5.4
[INFO] [stderr]    Compiling bstr v0.2.17
[INFO] [stderr]    Compiling csv v1.1.6
[INFO] [stderr]    Compiling cutr v0.1.0 (/opt/rustwide/workdir)
[INFO] [stderr]     Finished dev [unoptimized + debuginfo] target(s) in 4.21s
[INFO] running `Command { std: "docker" "inspect" "692eb35cb6ff7612f9cc9ce896810ca143d8a56fff483f4357ab36ba3e402b6c", kill_on_drop: false }`
[INFO] running `Command { std: "docker" "rm" "-f" "692eb35cb6ff7612f9cc9ce896810ca143d8a56fff483f4357ab36ba3e402b6c", kill_on_drop: false }`
[INFO] [stdout] 692eb35cb6ff7612f9cc9ce896810ca143d8a56fff483f4357ab36ba3e402b6c
[INFO] running `Command { std: "docker" "create" "-v" "/var/lib/crater-agent-workspace/builds/worker-0-tc2/target:/opt/rustwide/target:rw,Z" "-v" "/var/lib/crater-agent-workspace/builds/worker-0-tc2/source:/opt/rustwide/workdir:ro,Z" "-v" "/var/lib/crater-agent-workspace/cargo-home:/opt/rustwide/cargo-home:ro,Z" "-v" "/var/lib/crater-agent-workspace/rustup-home:/opt/rustwide/rustup-home:ro,Z" "-e" "SOURCE_DIR=/opt/rustwide/workdir" "-e" "CARGO_TARGET_DIR=/opt/rustwide/target" "-e" "CARGO_INCREMENTAL=0" "-e" "RUST_BACKTRACE=full" "-e" "RUSTFLAGS=--cap-lints=warn" "-e" "RUSTDOCFLAGS=--cap-lints=warn" "-e" "CARGO_HOME=/opt/rustwide/cargo-home" "-e" "RUSTUP_HOME=/opt/rustwide/rustup-home" "-w" "/opt/rustwide/workdir" "-m" "1610612736" "--user" "0:0" "--network" "none" "ghcr.io/rust-lang/crates-build-env/linux@sha256:2788e3201cd34a07e3172128adcd8b3090168a8e3bcc40d7c032b9dda1df7d1c" "/opt/rustwide/cargo-home/bin/cargo" "+beta-2023-12-22" "test" "--frozen" "--no-run" "--message-format=json", kill_on_drop: false }`
[INFO] [stdout] 44f401e31ba97545660d8fb957891650c9f5b86ff2b7800bd29bd728049ddafe
[INFO] running `Command { std: "docker" "start" "-a" "44f401e31ba97545660d8fb957891650c9f5b86ff2b7800bd29bd728049ddafe", kill_on_drop: false }`
[INFO] [stderr]    Compiling predicates-core v1.0.3
[INFO] [stderr]    Compiling num-traits v0.2.14
[INFO] [stderr]    Compiling getrandom v0.2.4
[INFO] [stderr]    Compiling either v1.6.1
[INFO] [stderr]    Compiling ppv-lite86 v0.2.16
[INFO] [stderr]    Compiling termtree v0.2.4
[INFO] [stderr]    Compiling wait-timeout v0.2.0
[INFO] [stderr]    Compiling difference v2.0.0
[INFO] [stderr]    Compiling itertools v0.10.3
[INFO] [stderr]    Compiling predicates-tree v1.0.5
[INFO] [stderr]    Compiling rand_core v0.6.3
[INFO] [stderr]    Compiling rand_chacha v0.3.1
[INFO] [stderr]    Compiling rand v0.8.5
[INFO] [stderr]    Compiling float-cmp v0.8.0
[INFO] [stderr]    Compiling predicates v1.0.8
[INFO] [stderr]    Compiling predicates v2.1.1
[INFO] [stderr]    Compiling assert_cmd v1.0.8
[INFO] [stderr]    Compiling cutr v0.1.0 (/opt/rustwide/workdir)
[INFO] [stderr]     Finished test [unoptimized + debuginfo] target(s) in 2.52s
[INFO] running `Command { std: "docker" "inspect" "44f401e31ba97545660d8fb957891650c9f5b86ff2b7800bd29bd728049ddafe", kill_on_drop: false }`
[INFO] running `Command { std: "docker" "rm" "-f" "44f401e31ba97545660d8fb957891650c9f5b86ff2b7800bd29bd728049ddafe", kill_on_drop: false }`
[INFO] [stdout] 44f401e31ba97545660d8fb957891650c9f5b86ff2b7800bd29bd728049ddafe
[INFO] running `Command { std: "docker" "create" "-v" "/var/lib/crater-agent-workspace/builds/worker-0-tc2/target:/opt/rustwide/target:rw,Z" "-v" "/var/lib/crater-agent-workspace/builds/worker-0-tc2/source:/opt/rustwide/workdir:ro,Z" "-v" "/var/lib/crater-agent-workspace/cargo-home:/opt/rustwide/cargo-home:ro,Z" "-v" "/var/lib/crater-agent-workspace/rustup-home:/opt/rustwide/rustup-home:ro,Z" "-e" "SOURCE_DIR=/opt/rustwide/workdir" "-e" "CARGO_TARGET_DIR=/opt/rustwide/target" "-e" "CARGO_INCREMENTAL=0" "-e" "RUST_BACKTRACE=full" "-e" "RUSTFLAGS=--cap-lints=warn" "-e" "RUSTDOCFLAGS=--cap-lints=warn" "-e" "CARGO_HOME=/opt/rustwide/cargo-home" "-e" "RUSTUP_HOME=/opt/rustwide/rustup-home" "-w" "/opt/rustwide/workdir" "-m" "1610612736" "--user" "0:0" "--network" "none" "ghcr.io/rust-lang/crates-build-env/linux@sha256:2788e3201cd34a07e3172128adcd8b3090168a8e3bcc40d7c032b9dda1df7d1c" "/opt/rustwide/cargo-home/bin/cargo" "+beta-2023-12-22" "test" "--frozen", kill_on_drop: false }`
[INFO] [stdout] 286cecdc19b1b829eccfee8afc3f47a35040644c33dae81685d3d6ef83eb2d5f
[INFO] running `Command { std: "docker" "start" "-a" "286cecdc19b1b829eccfee8afc3f47a35040644c33dae81685d3d6ef83eb2d5f", kill_on_drop: false }`
[INFO] [stderr]     Finished test [unoptimized + debuginfo] target(s) in 0.08s
[INFO] [stderr]      Running unittests src/lib.rs (/opt/rustwide/target/debug/deps/cutr-1643da0dbb30aa2d)
[INFO] [stdout] 
[INFO] [stdout] running 3 tests
[INFO] [stdout] test tests::test_extract_chars ... ok
[INFO] [stdout] test tests::test_extract_bytes ... ok
[INFO] [stdout] test tests::test_parse_pos ... ok
[INFO] [stdout] 
[INFO] [stdout] test result: ok. 3 passed; 0 failed; 0 ignored; 0 measured; 0 filtered out; finished in 0.01s
[INFO] [stdout] 
[INFO] [stderr]      Running unittests src/main.rs (/opt/rustwide/target/debug/deps/cutr-9ecbfd554f4dcec0)
[INFO] [stderr]      Running tests/cli.rs (/opt/rustwide/target/debug/deps/cli-f51e29c91b372192)
[INFO] [stdout] 
[INFO] [stdout] running 0 tests
[INFO] [stdout] 
[INFO] [stdout] test result: ok. 0 passed; 0 failed; 0 ignored; 0 measured; 0 filtered out; finished in 0.00s
[INFO] [stdout] 
[INFO] [stdout] 
[INFO] [stdout] running 36 tests
[INFO] [stdout] test csv_f1_3 ... ok
[INFO] [stdout] test dies_bad_digit_bytes ... ok
[INFO] [stdout] test csv_f3 ... ok
[INFO] [stdout] test csv_f2_3 ... ok
[INFO] [stdout] test dies_bad_digit_field ... ok
[INFO] [stdout] test csv_f1 ... ok
[INFO] [stdout] test dies_bad_delimiter ... ok
[INFO] [stdout] test dies_bytes_fields ... ok
[INFO] [stdout] test dies_bad_digit_chars ... ok
[INFO] [stdout] test dies_chars_fields ... ok
[INFO] [stdout] test csv_f1_2 ... ok
[INFO] [stdout] test dies_empty_delimiter ... ok
[INFO] [stdout] test dies_chars_bytes ... ok
[INFO] [stdout] test dies_not_enough_args ... ok
[INFO] [stdout] test tsv_b1_2 ... ok
[INFO] [stdout] test dies_chars_bytes_fields ... ok
[INFO] [stdout] test skips_bad_file ... ok
[INFO] [stdout] test tsv_c1_8 ... FAILED
[INFO] [stdout] test tsv_c8 ... FAILED
[INFO] [stdout] test tsv_b1_8 ... ok
[INFO] [stdout] test tsv_c1 ... ok
[INFO] [stderr] error: test failed, to rerun pass `--test cli`
[INFO] [stdout] test tsv_b8 ... ok
[INFO] [stdout] test csv_f2 ... ok
[INFO] [stdout] test tsv_b2 ... ok
[INFO] [stdout] test tsv_c1_2 ... ok
[INFO] [stdout] test tsv_f2_3 ... ok
[INFO] [stdout] test tsv_f1_3 ... ok
[INFO] [stdout] test tsv_b2_3 ... ok
[INFO] [stdout] test tsv_c2 ... ok
[INFO] [stdout] test tsv_f2 ... ok
[INFO] [stdout] test tsv_f3 ... ok
[INFO] [stdout] test tsv_f1_2 ... ok
[INFO] [stdout] test tsv_b1 ... ok
[INFO] [stdout] test repeated_value ... ok
[INFO] [stdout] test tsv_f1 ... ok
[INFO] [stdout] test tsv_c2_3 ... ok
[INFO] [stdout] 
[INFO] [stdout] failures:
[INFO] [stdout] 
[INFO] [stdout] ---- tsv_c1_8 stdout ----
[INFO] [stdout] expected tests/expected/movies1.tsv.c1-8.out
[INFO] [stdout] Error: Error { kind: InvalidData, message: "stream did not contain valid UTF-8" }
[INFO] [stdout] 
[INFO] [stdout] ---- tsv_c8 stdout ----
[INFO] [stdout] expected tests/expected/movies1.tsv.c8.out
[INFO] [stdout] Error: Error { kind: InvalidData, message: "stream did not contain valid UTF-8" }
[INFO] [stdout] 
[INFO] [stdout] 
[INFO] [stdout] failures:
[INFO] [stdout]     tsv_c1_8
[INFO] [stdout]     tsv_c8
[INFO] [stdout] 
[INFO] [stdout] test result: FAILED. 34 passed; 2 failed; 0 ignored; 0 measured; 0 filtered out; finished in 0.09s
[INFO] [stdout] 
[INFO] running `Command { std: "docker" "inspect" "286cecdc19b1b829eccfee8afc3f47a35040644c33dae81685d3d6ef83eb2d5f", kill_on_drop: false }`
[INFO] running `Command { std: "docker" "rm" "-f" "286cecdc19b1b829eccfee8afc3f47a35040644c33dae81685d3d6ef83eb2d5f", kill_on_drop: false }`
[INFO] [stdout] 286cecdc19b1b829eccfee8afc3f47a35040644c33dae81685d3d6ef83eb2d5f
