[INFO] cloning repository https://github.com/alvarogonzalezsotillo/pruebas-rust
[INFO] running `Command { std: "git" "-c" "credential.helper=" "-c" "credential.helper=/workspace/cargo-home/bin/git-credential-null" "clone" "--bare" "https://github.com/alvarogonzalezsotillo/pruebas-rust" "/workspace/cache/git-repos/https%3A%2F%2Fgithub.com%2Falvarogonzalezsotillo%2Fpruebas-rust", kill_on_drop: false }`
[INFO] [stderr] Cloning into bare repository '/workspace/cache/git-repos/https%3A%2F%2Fgithub.com%2Falvarogonzalezsotillo%2Fpruebas-rust'...
[INFO] running `Command { std: "git" "rev-parse" "HEAD", kill_on_drop: false }`
[INFO] [stdout] 6b3890c9b4bbf03d603a96a22a1dd966d9b085ed
[INFO] testing alvarogonzalezsotillo/pruebas-rust against 1.75.0 for beta-1.76-1
[INFO] running `Command { std: "git" "clone" "/workspace/cache/git-repos/https%3A%2F%2Fgithub.com%2Falvarogonzalezsotillo%2Fpruebas-rust" "/workspace/builds/worker-5-tc1/source", kill_on_drop: false }`
[INFO] [stderr] Cloning into '/workspace/builds/worker-5-tc1/source'...
[INFO] [stderr] done.
[INFO] validating manifest of git repo https://github.com/alvarogonzalezsotillo/pruebas-rust on toolchain 1.75.0
[INFO] running `Command { std: CARGO_HOME="/workspace/cargo-home" RUSTUP_HOME="/workspace/rustup-home" "/workspace/cargo-home/bin/cargo" "+1.75.0" "metadata" "--manifest-path" "Cargo.toml" "--no-deps", kill_on_drop: false }`
[INFO] started tweaking git repo https://github.com/alvarogonzalezsotillo/pruebas-rust
[INFO] finished tweaking git repo https://github.com/alvarogonzalezsotillo/pruebas-rust
[INFO] tweaked toml for git repo https://github.com/alvarogonzalezsotillo/pruebas-rust written to /workspace/builds/worker-5-tc1/source/Cargo.toml
[INFO] crate git repo https://github.com/alvarogonzalezsotillo/pruebas-rust already has a lockfile, it will not be regenerated
[INFO] running `Command { std: CARGO_HOME="/workspace/cargo-home" RUSTUP_HOME="/workspace/rustup-home" "/workspace/cargo-home/bin/cargo" "+1.75.0" "fetch" "--manifest-path" "Cargo.toml", kill_on_drop: false }`
[INFO] [stderr]     Updating crates.io index
[INFO] [stderr]  Downloading crates ...
[INFO] [stderr]   Downloaded ntest_proc_macro_helper v0.7.5
[INFO] [stderr]   Downloaded ntest_test_cases v0.7.5
[INFO] [stderr]   Downloaded ntest v0.7.5
[INFO] [stderr]   Downloaded ntest_timeout v0.7.5
[INFO] running `Command { std: "docker" "create" "-v" "/var/lib/crater-agent-workspace/builds/worker-5-tc1/target:/opt/rustwide/target:rw,Z" "-v" "/var/lib/crater-agent-workspace/builds/worker-5-tc1/source:/opt/rustwide/workdir:ro,Z" "-v" "/var/lib/crater-agent-workspace/cargo-home:/opt/rustwide/cargo-home:ro,Z" "-v" "/var/lib/crater-agent-workspace/rustup-home:/opt/rustwide/rustup-home:ro,Z" "-e" "SOURCE_DIR=/opt/rustwide/workdir" "-e" "CARGO_TARGET_DIR=/opt/rustwide/target" "-e" "CARGO_HOME=/opt/rustwide/cargo-home" "-e" "RUSTUP_HOME=/opt/rustwide/rustup-home" "-w" "/opt/rustwide/workdir" "-m" "1610612736" "--user" "0:0" "--network" "none" "ghcr.io/rust-lang/crates-build-env/linux@sha256:2788e3201cd34a07e3172128adcd8b3090168a8e3bcc40d7c032b9dda1df7d1c" "/opt/rustwide/cargo-home/bin/cargo" "+1.75.0" "metadata" "--no-deps" "--format-version=1", kill_on_drop: false }`
[INFO] [stdout] 310c6ce18b4d889887f02841c3ae88d91c6b785f301631c6bb0913d8b2ce71af
[INFO] running `Command { std: "docker" "start" "-a" "310c6ce18b4d889887f02841c3ae88d91c6b785f301631c6bb0913d8b2ce71af", kill_on_drop: false }`
[INFO] running `Command { std: "docker" "inspect" "310c6ce18b4d889887f02841c3ae88d91c6b785f301631c6bb0913d8b2ce71af", kill_on_drop: false }`
[INFO] running `Command { std: "docker" "rm" "-f" "310c6ce18b4d889887f02841c3ae88d91c6b785f301631c6bb0913d8b2ce71af", kill_on_drop: false }`
[INFO] [stdout] 310c6ce18b4d889887f02841c3ae88d91c6b785f301631c6bb0913d8b2ce71af
[INFO] running `Command { std: "docker" "create" "-v" "/var/lib/crater-agent-workspace/builds/worker-5-tc1/target:/opt/rustwide/target:rw,Z" "-v" "/var/lib/crater-agent-workspace/builds/worker-5-tc1/source:/opt/rustwide/workdir:ro,Z" "-v" "/var/lib/crater-agent-workspace/cargo-home:/opt/rustwide/cargo-home:ro,Z" "-v" "/var/lib/crater-agent-workspace/rustup-home:/opt/rustwide/rustup-home:ro,Z" "-e" "SOURCE_DIR=/opt/rustwide/workdir" "-e" "CARGO_TARGET_DIR=/opt/rustwide/target" "-e" "CARGO_INCREMENTAL=0" "-e" "RUST_BACKTRACE=full" "-e" "RUSTFLAGS=--cap-lints=warn" "-e" "RUSTDOCFLAGS=--cap-lints=warn" "-e" "CARGO_HOME=/opt/rustwide/cargo-home" "-e" "RUSTUP_HOME=/opt/rustwide/rustup-home" "-w" "/opt/rustwide/workdir" "-m" "1610612736" "--user" "0:0" "--network" "none" "ghcr.io/rust-lang/crates-build-env/linux@sha256:2788e3201cd34a07e3172128adcd8b3090168a8e3bcc40d7c032b9dda1df7d1c" "/opt/rustwide/cargo-home/bin/cargo" "+1.75.0" "build" "--frozen" "--message-format=json", kill_on_drop: false }`
[INFO] [stdout] e32020a55f95656a567310a68f5a15462aa742cb42c4e62fd4325d0d5cabd97d
[INFO] running `Command { std: "docker" "start" "-a" "e32020a55f95656a567310a68f5a15462aa742cb42c4e62fd4325d0d5cabd97d", kill_on_drop: false }`
[INFO] [stderr]    Compiling libc v0.2.67
[INFO] [stderr]    Compiling getrandom v0.1.14
[INFO] [stderr]    Compiling cfg-if v0.1.10
[INFO] [stderr]    Compiling ppv-lite86 v0.2.6
[INFO] [stderr]    Compiling c2-chacha v0.2.3
[INFO] [stderr]    Compiling rand_core v0.5.1
[INFO] [stderr]    Compiling rand_chacha v0.2.1
[INFO] [stderr]    Compiling rand v0.7.3
[INFO] [stderr]    Compiling pruebas-rust v0.1.0 (/opt/rustwide/workdir)
[INFO] [stdout] warning: unused variable: `is_fixed_piece_id`
[INFO] [stdout]    --> src/crossteaser/crossteaser_search.rs:111:17
[INFO] [stdout]     |
[INFO] [stdout] 111 |             let is_fixed_piece_id = self.fixed_piece_ids.contains(&board.piece_id_from_index(i));
[INFO] [stdout]     |                 ^^^^^^^^^^^^^^^^^ help: if this is intentional, prefix it with an underscore: `_is_fixed_piece_id`
[INFO] [stdout]     |
[INFO] [stdout]     = note: `#[warn(unused_variables)]` on by default
[INFO] [stdout] 
[INFO] [stdout] 
[INFO] [stdout] warning: 1 warning emitted
[INFO] [stdout] 
[INFO] [stdout] 
[INFO] [stderr]     Finished dev [unoptimized + debuginfo] target(s) in 1.55s
[INFO] running `Command { std: "docker" "inspect" "e32020a55f95656a567310a68f5a15462aa742cb42c4e62fd4325d0d5cabd97d", kill_on_drop: false }`
[INFO] running `Command { std: "docker" "rm" "-f" "e32020a55f95656a567310a68f5a15462aa742cb42c4e62fd4325d0d5cabd97d", kill_on_drop: false }`
[INFO] [stdout] e32020a55f95656a567310a68f5a15462aa742cb42c4e62fd4325d0d5cabd97d
[INFO] running `Command { std: "docker" "create" "-v" "/var/lib/crater-agent-workspace/builds/worker-5-tc1/target:/opt/rustwide/target:rw,Z" "-v" "/var/lib/crater-agent-workspace/builds/worker-5-tc1/source:/opt/rustwide/workdir:ro,Z" "-v" "/var/lib/crater-agent-workspace/cargo-home:/opt/rustwide/cargo-home:ro,Z" "-v" "/var/lib/crater-agent-workspace/rustup-home:/opt/rustwide/rustup-home:ro,Z" "-e" "SOURCE_DIR=/opt/rustwide/workdir" "-e" "CARGO_TARGET_DIR=/opt/rustwide/target" "-e" "CARGO_INCREMENTAL=0" "-e" "RUST_BACKTRACE=full" "-e" "RUSTFLAGS=--cap-lints=warn" "-e" "RUSTDOCFLAGS=--cap-lints=warn" "-e" "CARGO_HOME=/opt/rustwide/cargo-home" "-e" "RUSTUP_HOME=/opt/rustwide/rustup-home" "-w" "/opt/rustwide/workdir" "-m" "1610612736" "--user" "0:0" "--network" "none" "ghcr.io/rust-lang/crates-build-env/linux@sha256:2788e3201cd34a07e3172128adcd8b3090168a8e3bcc40d7c032b9dda1df7d1c" "/opt/rustwide/cargo-home/bin/cargo" "+1.75.0" "test" "--frozen" "--no-run" "--message-format=json", kill_on_drop: false }`
[INFO] [stdout] 41654187f7ad7fda114ffaf79a1b56024fd591e9a660bfec414794b6d9d43af7
[INFO] running `Command { std: "docker" "start" "-a" "41654187f7ad7fda114ffaf79a1b56024fd591e9a660bfec414794b6d9d43af7", kill_on_drop: false }`
[INFO] [stderr]    Compiling proc-macro2 v1.0.36
[INFO] [stderr]    Compiling unicode-xid v0.2.2
[INFO] [stderr]    Compiling syn v1.0.89
[INFO] [stderr]    Compiling serde v1.0.136
[INFO] [stderr]    Compiling ntest_proc_macro_helper v0.7.5
[INFO] [stderr]    Compiling quote v1.0.17
[INFO] [stderr]    Compiling toml v0.5.8
[INFO] [stderr]    Compiling thiserror-impl v1.0.30
[INFO] [stderr]    Compiling ntest_test_cases v0.7.5
[INFO] [stderr]    Compiling thiserror v1.0.30
[INFO] [stderr]    Compiling proc-macro-crate v1.1.3
[INFO] [stderr]    Compiling ntest_timeout v0.7.5
[INFO] [stderr]    Compiling ntest v0.7.5
[INFO] [stderr]    Compiling pruebas-rust v0.1.0 (/opt/rustwide/workdir)
[INFO] [stdout] warning: unused variable: `is_fixed_piece_id`
[INFO] [stdout]    --> src/crossteaser/crossteaser_search.rs:111:17
[INFO] [stdout]     |
[INFO] [stdout] 111 |             let is_fixed_piece_id = self.fixed_piece_ids.contains(&board.piece_id_from_index(i));
[INFO] [stdout]     |                 ^^^^^^^^^^^^^^^^^ help: if this is intentional, prefix it with an underscore: `_is_fixed_piece_id`
[INFO] [stdout]     |
[INFO] [stdout]     = note: `#[warn(unused_variables)]` on by default
[INFO] [stdout] 
[INFO] [stdout] 
[INFO] [stdout] warning: 1 warning emitted
[INFO] [stdout] 
[INFO] [stdout] 
[INFO] [stderr]     Finished test [unoptimized + debuginfo] target(s) in 4.80s
[INFO] running `Command { std: "docker" "inspect" "41654187f7ad7fda114ffaf79a1b56024fd591e9a660bfec414794b6d9d43af7", kill_on_drop: false }`
[INFO] running `Command { std: "docker" "rm" "-f" "41654187f7ad7fda114ffaf79a1b56024fd591e9a660bfec414794b6d9d43af7", kill_on_drop: false }`
[INFO] [stdout] 41654187f7ad7fda114ffaf79a1b56024fd591e9a660bfec414794b6d9d43af7
[INFO] running `Command { std: "docker" "create" "-v" "/var/lib/crater-agent-workspace/builds/worker-5-tc1/target:/opt/rustwide/target:rw,Z" "-v" "/var/lib/crater-agent-workspace/builds/worker-5-tc1/source:/opt/rustwide/workdir:ro,Z" "-v" "/var/lib/crater-agent-workspace/cargo-home:/opt/rustwide/cargo-home:ro,Z" "-v" "/var/lib/crater-agent-workspace/rustup-home:/opt/rustwide/rustup-home:ro,Z" "-e" "SOURCE_DIR=/opt/rustwide/workdir" "-e" "CARGO_TARGET_DIR=/opt/rustwide/target" "-e" "CARGO_INCREMENTAL=0" "-e" "RUST_BACKTRACE=full" "-e" "RUSTFLAGS=--cap-lints=warn" "-e" "RUSTDOCFLAGS=--cap-lints=warn" "-e" "CARGO_HOME=/opt/rustwide/cargo-home" "-e" "RUSTUP_HOME=/opt/rustwide/rustup-home" "-w" "/opt/rustwide/workdir" "-m" "1610612736" "--user" "0:0" "--network" "none" "ghcr.io/rust-lang/crates-build-env/linux@sha256:2788e3201cd34a07e3172128adcd8b3090168a8e3bcc40d7c032b9dda1df7d1c" "/opt/rustwide/cargo-home/bin/cargo" "+1.75.0" "test" "--frozen", kill_on_drop: false }`
[INFO] [stdout] 45aa840bcdd037c8bd59919576b68d1b4794d25b2e1035638dcf4fcfe0e03c8d
[INFO] running `Command { std: "docker" "start" "-a" "45aa840bcdd037c8bd59919576b68d1b4794d25b2e1035638dcf4fcfe0e03c8d", kill_on_drop: false }`
[INFO] [stderr] warning: unused variable: `is_fixed_piece_id`
[INFO] [stderr]    --> src/crossteaser/crossteaser_search.rs:111:17
[INFO] [stderr]     |
[INFO] [stderr] 111 |             let is_fixed_piece_id = self.fixed_piece_ids.contains(&board.piece_id_from_index(i));
[INFO] [stderr]     |                 ^^^^^^^^^^^^^^^^^ help: if this is intentional, prefix it with an underscore: `_is_fixed_piece_id`
[INFO] [stderr]     |
[INFO] [stderr]     = note: `#[warn(unused_variables)]` on by default
[INFO] [stderr] 
[INFO] [stderr] warning: `pruebas-rust` (bin "pruebas-rust" test) generated 1 warning (run `cargo fix --bin "pruebas-rust" --tests` to apply 1 suggestion)
[INFO] [stderr]     Finished test [unoptimized + debuginfo] target(s) in 0.01s
[INFO] [stderr]      Running unittests src/main.rs (/opt/rustwide/target/debug/deps/pruebas_rust-c1910c7072220848)
[INFO] [stdout] 
[INFO] [stdout] running 32 tests
[INFO] [stdout] test crossteaser::crossteaser_search::tests::is_goal ... ok
[INFO] [stdout] test crossteaser::crossteaser_search::tests::root_is_goal ... ok
[INFO] [stdout] test crossteaser::crossteaser_search::tests::test_piece_id ... ok
[INFO] [stdout] test crossteaser::tests::create_pieces ... ok
[INFO] [stdout] test crossteaser::tests::create_pieceset ... ok
[INFO] [stdout] test crossteaser::tests::one_piece_board_1 ... ok
[INFO] [stdout] test crossteaser::tests::initial_board ... ok
[INFO] [stdout] test crossteaser::tests::moves_to_empty_position ... ok
[INFO] [stdout] test crossteaser::tests::diffs_of_children ... ok
[INFO] [stdout] test crossteaser::tests::one_piece_board_2 ... ok
[INFO] [stdout] test crossteaser::tests::rotate ... ok
[INFO] [stdout] test crossteaser::tests::index_rotations_same_as_regular_pieces ... ok
[INFO] [stdout] test ravioli::tests::simple ... ok
[INFO] [stdout] test ravioli::tests::un_struct ... ok
[INFO] [stdout] test ravioli::tests::clone ... ok
[INFO] [stdout] test crossteaser::tests::one_piece_board_3 ... ok
[INFO] [stdout] test crossteaser::tests::initial_board_children ... ok
[INFO] [stdout] test search::tests::expand_test ... ok
[INFO] [stdout] test search::tests::is_goal_test ... ok
[INFO] [stdout] test search::tests::expand_node_test ... ok
[INFO] [stdout] test search::tests::root_path_test ... ok
[INFO] [stdout] test search::tests::deep_first_search_test ... ok
[INFO] [stdout] test search::astar::tests::a_star_test ... ok
[INFO] [stdout] test search::tests::breadth_first_search_test ... ok
[INFO] [stdout] test crossteaser::crossteaser_search::tests::change_positions_1_8_until_original ... ok
[INFO] [stdout] test crossteaser::crossteaser_search::tests::moves_for_1_8_are_recognized ... ok
[INFO] [stdout] test crossteaser::crossteaser_search::tests::change_positions_1_8 ... ok
[INFO] [stdout] test crossteaser::crossteaser_search::tests::find_moves_for_three_changes ... ok
[INFO] [stdout] test crossteaser::crossteaser_search::tests::moves_for_two_changes_possible ... FAILED
[INFO] [stdout] test crossteaser::crossteaser_search::tests::moves_for_two_changes_impossible ... FAILED
[INFO] [stdout] test crossteaser::crossteaser_search::tests::moves_for_two_changes_are_for_two_changes ... FAILED
[INFO] [stdout] test crossteaser::crossteaser_search::tests::search_on_scrambled_board ... ok
[INFO] [stdout] 
[INFO] [stdout] failures:
[INFO] [stdout] 
[INFO] [stdout] ---- crossteaser::crossteaser_search::tests::moves_for_two_changes_possible stdout ----
[INFO] [stdout] Nodos expandidos: 10000 Nodos sin expandir:9287 Ultimo nivel:15
[INFO] [stdout] Nodos expandidos: 20000 Nodos sin expandir:19099 Ultimo nivel:16
[INFO] [stdout] Nodos expandidos: 30000 Nodos sin expandir:28368 Ultimo nivel:17
[INFO] [stdout] Nodos expandidos: 40000 Nodos sin expandir:40080 Ultimo nivel:18
[INFO] [stdout] Nodos expandidos: 50000 Nodos sin expandir:49426 Ultimo nivel:18
[INFO] [stdout] Nodos expandidos: 60000 Nodos sin expandir:55072 Ultimo nivel:18
[INFO] [stdout] Nodos expandidos: 70000 Nodos sin expandir:58931 Ultimo nivel:19
[INFO] [stdout] Nodos expandidos: 80000 Nodos sin expandir:73965 Ultimo nivel:19
[INFO] [stdout] Nodos expandidos: 90000 Nodos sin expandir:87009 Ultimo nivel:19
[INFO] [stdout] Nodos expandidos: 100000 Nodos sin expandir:98698 Ultimo nivel:19
[INFO] [stdout] Nodos expandidos: 110000 Nodos sin expandir:109488 Ultimo nivel:19
[INFO] [stdout] thread '<unnamed>' panicked at src/crossteaser/crossteaser_search.rs:352:13:
[INFO] [stdout] assertion failed: moves.is_some()
[INFO] [stdout] stack backtrace:
[INFO] [stdout]    0:     0x55a9ef8e579c - std::backtrace_rs::backtrace::libunwind::trace::ha637c64ce894333a
[INFO] [stdout]                                at /rustc/82e1608dfa6e0b5569232559e3d385fea5a93112/library/std/src/../../backtrace/src/backtrace/libunwind.rs:104:5
[INFO] [stdout]    1:     0x55a9ef8e579c - std::backtrace_rs::backtrace::trace_unsynchronized::h47f62dea28e0c88d
[INFO] [stdout]                                at /rustc/82e1608dfa6e0b5569232559e3d385fea5a93112/library/std/src/../../backtrace/src/backtrace/mod.rs:66:5
[INFO] [stdout]    2:     0x55a9ef8e579c - std::sys_common::backtrace::_print_fmt::h9eef0abe20ede486
[INFO] [stdout]                                at /rustc/82e1608dfa6e0b5569232559e3d385fea5a93112/library/std/src/sys_common/backtrace.rs:67:5
[INFO] [stdout]    3:     0x55a9ef8e579c - <std::sys_common::backtrace::_print::DisplayBacktrace as core::fmt::Display>::fmt::hed7f999df88cc644
[INFO] [stdout]                                at /rustc/82e1608dfa6e0b5569232559e3d385fea5a93112/library/std/src/sys_common/backtrace.rs:44:22
[INFO] [stdout]    4:     0x55a9ef90f360 - core::fmt::rt::Argument::fmt::h1539a9308b8d058d
[INFO] [stdout]                                at /rustc/82e1608dfa6e0b5569232559e3d385fea5a93112/library/core/src/fmt/rt.rs:142:9
[INFO] [stdout]    5:     0x55a9ef90f360 - core::fmt::write::h3a39390d8560d9c9
[INFO] [stdout]                                at /rustc/82e1608dfa6e0b5569232559e3d385fea5a93112/library/core/src/fmt/mod.rs:1120:17
[INFO] [stdout]    6:     0x55a9ef8e314f - std::io::Write::write_fmt::h040b369f3a0f9cbc
[INFO] [stdout]                                at /rustc/82e1608dfa6e0b5569232559e3d385fea5a93112/library/std/src/io/mod.rs:1762:15
[INFO] [stdout]    7:     0x55a9ef8e5584 - std::sys_common::backtrace::_print::h894006fb5c6f3d45
[INFO] [stdout]                                at /rustc/82e1608dfa6e0b5569232559e3d385fea5a93112/library/std/src/sys_common/backtrace.rs:47:5
[INFO] [stdout]    8:     0x55a9ef8e5584 - std::sys_common::backtrace::print::h23a2d212c6fff936
[INFO] [stdout]                                at /rustc/82e1608dfa6e0b5569232559e3d385fea5a93112/library/std/src/sys_common/backtrace.rs:34:9
[INFO] [stdout]    9:     0x55a9ef8e7247 - std::panicking::default_hook::{{closure}}::h8a1d2ee00185001a
[INFO] [stdout]   10:     0x55a9ef8e6f33 - std::panicking::default_hook::h6038f2eba384e475
[INFO] [stdout]                                at /rustc/82e1608dfa6e0b5569232559e3d385fea5a93112/library/std/src/panicking.rs:289:9
[INFO] [stdout]   11:     0x55a9ef87cdc7 - <alloc::boxed::Box<F,A> as core::ops::function::Fn<Args>>::call::h0ad024c9bdc6d768
[INFO] [stdout]                                at /rustc/82e1608dfa6e0b5569232559e3d385fea5a93112/library/alloc/src/boxed.rs:2021:9
[INFO] [stdout]   12:     0x55a9ef87cdc7 - test::test_main::{{closure}}::h7500b54257359db6
[INFO] [stdout]                                at /rustc/82e1608dfa6e0b5569232559e3d385fea5a93112/library/test/src/lib.rs:138:21
[INFO] [stdout]   13:     0x55a9ef8e7858 - <alloc::boxed::Box<F,A> as core::ops::function::Fn<Args>>::call::h1f8f335eaa9cfaee
[INFO] [stdout]                                at /rustc/82e1608dfa6e0b5569232559e3d385fea5a93112/library/alloc/src/boxed.rs:2021:9
[INFO] [stdout]   14:     0x55a9ef8e7858 - std::panicking::rust_panic_with_hook::h2b5517d590cab22e
[INFO] [stdout]                                at /rustc/82e1608dfa6e0b5569232559e3d385fea5a93112/library/std/src/panicking.rs:783:13
[INFO] [stdout]   15:     0x55a9ef8e7579 - std::panicking::begin_panic_handler::{{closure}}::h233112c06e0ef43e
[INFO] [stdout]                                at /rustc/82e1608dfa6e0b5569232559e3d385fea5a93112/library/std/src/panicking.rs:649:13
[INFO] [stdout]   16:     0x55a9ef8e5c66 - std::sys_common::backtrace::__rust_end_short_backtrace::h6e893f24d7ebbff8
[INFO] [stdout]                                at /rustc/82e1608dfa6e0b5569232559e3d385fea5a93112/library/std/src/sys_common/backtrace.rs:170:18
[INFO] [stdout]   17:     0x55a9ef8e7312 - rust_begin_unwind
[INFO] [stdout]                                at /rustc/82e1608dfa6e0b5569232559e3d385fea5a93112/library/std/src/panicking.rs:645:5
[INFO] [stdout]   18:     0x55a9ef7cd1b5 - core::panicking::panic_fmt::hbf0e066aabfa482c
[INFO] [stdout]                                at /rustc/82e1608dfa6e0b5569232559e3d385fea5a93112/library/core/src/panicking.rs:72:14
[INFO] [stdout]   19:     0x55a9ef7cd253 - core::panicking::panic::h195fc2a96298d4c3
[INFO] [stdout]                                at /rustc/82e1608dfa6e0b5569232559e3d385fea5a93112/library/core/src/panicking.rs:127:5
[INFO] [stdout]   20:     0x55a9ef80798b - pruebas_rust::crossteaser::crossteaser_search::tests::moves_for_two_changes_possible::ntest_callback::h7564b4ccec1e7379
[INFO] [stdout]                                at /opt/rustwide/workdir/src/crossteaser/crossteaser_search.rs:352:13
[INFO] [stdout]   21:     0x55a9ef8164de - core::ops::function::Fn::call::hc01f6db1117a2026
[INFO] [stdout]                                at /rustc/82e1608dfa6e0b5569232559e3d385fea5a93112/library/core/src/ops/function.rs:79:5
[INFO] [stdout]   22:     0x55a9ef821f7a - ntest_proc_macro_helper::execute_with_timeout::{{closure}}::h9e5d1953957ce73a
[INFO] [stdout]                                at /opt/rustwide/cargo-home/registry/src/index.crates.io-6f17d22bba15001f/ntest_proc_macro_helper-0.7.5/src/lib.rs:14:27
[INFO] [stdout]   23:     0x55a9ef821ff6 - std::sys_common::backtrace::__rust_begin_short_backtrace::h9395f23dfafb18b6
[INFO] [stdout]                                at /rustc/82e1608dfa6e0b5569232559e3d385fea5a93112/library/std/src/sys_common/backtrace.rs:154:18
[INFO] [stdout]   24:     0x55a9ef847311 - std::thread::Builder::spawn_unchecked_::{{closure}}::{{closure}}::he8fbb057c2e4642c
[INFO] [stdout]                                at /rustc/82e1608dfa6e0b5569232559e3d385fea5a93112/library/std/src/thread/mod.rs:529:17
[INFO] [stdout]   25:     0x55a9ef801971 - <core::panic::unwind_safe::AssertUnwindSafe<F> as core::ops::function::FnOnce<()>>::call_once::hf7e4d1c8c320da6e
[INFO] [stdout]                                at /rustc/82e1608dfa6e0b5569232559e3d385fea5a93112/library/core/src/panic/unwind_safe.rs:272:9
[INFO] [stdout]   26:     0x55a9ef81ea12 - std::panicking::try::do_call::hdec9405a9c87ab2c
[INFO] [stdout]                                at /rustc/82e1608dfa6e0b5569232559e3d385fea5a93112/library/std/src/panicking.rs:552:40
[INFO] [stdout]   27:     0x55a9ef8212bb - __rust_try
[INFO] [stdout]   28:     0x55a9ef81e7f1 - std::panicking::try::he853a6927255a9a7
[INFO] [stdout]                                at /rustc/82e1608dfa6e0b5569232559e3d385fea5a93112/library/std/src/panicking.rs:516:19
[INFO] [stdout]   29:     0x55a9ef847137 - std::panic::catch_unwind::h0e158c9a6498f180
[INFO] [stdout]                                at /rustc/82e1608dfa6e0b5569232559e3d385fea5a93112/library/std/src/panic.rs:142:14
[INFO] [stdout]   30:     0x55a9ef847137 - std::thread::Builder::spawn_unchecked_::{{closure}}::h2c0830299891af13
[INFO] [stdout]                                at /rustc/82e1608dfa6e0b5569232559e3d385fea5a93112/library/std/src/thread/mod.rs:528:30
[INFO] [stdout]   31:     0x55a9ef81666e - core::ops::function::FnOnce::call_once{{vtable.shim}}::h05894119be53f6d9
[INFO] [stdout]                                at /rustc/82e1608dfa6e0b5569232559e3d385fea5a93112/library/core/src/ops/function.rs:250:5
[INFO] [stdout]   32:     0x55a9ef8ec2e5 - <alloc::boxed::Box<F,A> as core::ops::function::FnOnce<Args>>::call_once::hc7eafaff61e32df9
[INFO] [stdout]                                at /rustc/82e1608dfa6e0b5569232559e3d385fea5a93112/library/alloc/src/boxed.rs:2007:9
[INFO] [stdout]   33:     0x55a9ef8ec2e5 - <alloc::boxed::Box<F,A> as core::ops::function::FnOnce<Args>>::call_once::h6ba4a5de48dd2304
[INFO] [stdout]                                at /rustc/82e1608dfa6e0b5569232559e3d385fea5a93112/library/alloc/src/boxed.rs:2007:9
[INFO] [stdout]   34:     0x55a9ef8ec2e5 - std::sys::unix::thread::Thread::new::thread_start::he469335aef763e45
[INFO] [stdout]                                at /rustc/82e1608dfa6e0b5569232559e3d385fea5a93112/library/std/src/sys/unix/thread.rs:108:17
[INFO] [stdout]   35:     0x7fee1199cac3 - <unknown>
[INFO] [stdout]   36:     0x7fee11a2dbf4 - __clone
[INFO] [stdout]   37:                0x0 - <unknown>
[INFO] [stdout] thread 'crossteaser::crossteaser_search::tests::moves_for_two_changes_possible' panicked at src/crossteaser/crossteaser_search.rs:345:5:
[INFO] [stdout] timeout: the function call took 2821 ms. Max time 10000 ms
[INFO] [stdout] stack backtrace:
[INFO] [stdout]    0:     0x55a9ef8e579c - std::backtrace_rs::backtrace::libunwind::trace::ha637c64ce894333a
[INFO] [stdout]                                at /rustc/82e1608dfa6e0b5569232559e3d385fea5a93112/library/std/src/../../backtrace/src/backtrace/libunwind.rs:104:5
[INFO] [stdout]    1:     0x55a9ef8e579c - std::backtrace_rs::backtrace::trace_unsynchronized::h47f62dea28e0c88d
[INFO] [stdout]                                at /rustc/82e1608dfa6e0b5569232559e3d385fea5a93112/library/std/src/../../backtrace/src/backtrace/mod.rs:66:5
[INFO] [stdout]    2:     0x55a9ef8e579c - std::sys_common::backtrace::_print_fmt::h9eef0abe20ede486
[INFO] [stdout]                                at /rustc/82e1608dfa6e0b5569232559e3d385fea5a93112/library/std/src/sys_common/backtrace.rs:67:5
[INFO] [stdout]    3:     0x55a9ef8e579c - <std::sys_common::backtrace::_print::DisplayBacktrace as core::fmt::Display>::fmt::hed7f999df88cc644
[INFO] [stdout]                                at /rustc/82e1608dfa6e0b5569232559e3d385fea5a93112/library/std/src/sys_common/backtrace.rs:44:22
[INFO] [stdout]    4:     0x55a9ef90f360 - core::fmt::rt::Argument::fmt::h1539a9308b8d058d
[INFO] [stdout]                                at /rustc/82e1608dfa6e0b5569232559e3d385fea5a93112/library/core/src/fmt/rt.rs:142:9
[INFO] [stdout]    5:     0x55a9ef90f360 - core::fmt::write::h3a39390d8560d9c9
[INFO] [stdout]                                at /rustc/82e1608dfa6e0b5569232559e3d385fea5a93112/library/core/src/fmt/mod.rs:1120:17
[INFO] [stdout]    6:     0x55a9ef8e314f - std::io::Write::write_fmt::h040b369f3a0f9cbc
[INFO] [stdout]                                at /rustc/82e1608dfa6e0b5569232559e3d385fea5a93112/library/std/src/io/mod.rs:1762:15
[INFO] [stdout]    7:     0x55a9ef8e5584 - std::sys_common::backtrace::_print::h894006fb5c6f3d45
[INFO] [stdout]                                at /rustc/82e1608dfa6e0b5569232559e3d385fea5a93112/library/std/src/sys_common/backtrace.rs:47:5
[INFO] [stdout]    8:     0x55a9ef8e5584 - std::sys_common::backtrace::print::h23a2d212c6fff936
[INFO] [stdout]                                at /rustc/82e1608dfa6e0b5569232559e3d385fea5a93112/library/std/src/sys_common/backtrace.rs:34:9
[INFO] [stdout]    9:     0x55a9ef8e7247 - std::panicking::default_hook::{{closure}}::h8a1d2ee00185001a
[INFO] [stdout]   10:     0x55a9ef8e6f33 - std::panicking::default_hook::h6038f2eba384e475
[INFO] [stdout]                                at /rustc/82e1608dfa6e0b5569232559e3d385fea5a93112/library/std/src/panicking.rs:289:9
[INFO] [stdout]   11:     0x55a9ef87cdc7 - <alloc::boxed::Box<F,A> as core::ops::function::Fn<Args>>::call::h0ad024c9bdc6d768
[INFO] [stdout]                                at /rustc/82e1608dfa6e0b5569232559e3d385fea5a93112/library/alloc/src/boxed.rs:2021:9
[INFO] [stdout]   12:     0x55a9ef87cdc7 - test::test_main::{{closure}}::h7500b54257359db6
[INFO] [stdout]                                at /rustc/82e1608dfa6e0b5569232559e3d385fea5a93112/library/test/src/lib.rs:138:21
[INFO] [stdout]   13:     0x55a9ef8e7858 - <alloc::boxed::Box<F,A> as core::ops::function::Fn<Args>>::call::h1f8f335eaa9cfaee
[INFO] [stdout]                                at /rustc/82e1608dfa6e0b5569232559e3d385fea5a93112/library/alloc/src/boxed.rs:2021:9
[INFO] [stdout]   14:     0x55a9ef8e7858 - std::panicking::rust_panic_with_hook::h2b5517d590cab22e
[INFO] [stdout]                                at /rustc/82e1608dfa6e0b5569232559e3d385fea5a93112/library/std/src/panicking.rs:783:13
[INFO] [stdout]   15:     0x55a9ef8e75ae - std::panicking::begin_panic_handler::{{closure}}::h233112c06e0ef43e
[INFO] [stdout]                                at /rustc/82e1608dfa6e0b5569232559e3d385fea5a93112/library/std/src/panicking.rs:657:13
[INFO] [stdout]   16:     0x55a9ef8e5c66 - std::sys_common::backtrace::__rust_end_short_backtrace::h6e893f24d7ebbff8
[INFO] [stdout]                                at /rustc/82e1608dfa6e0b5569232559e3d385fea5a93112/library/std/src/sys_common/backtrace.rs:170:18
[INFO] [stdout]   17:     0x55a9ef8e7312 - rust_begin_unwind
[INFO] [stdout]                                at /rustc/82e1608dfa6e0b5569232559e3d385fea5a93112/library/std/src/panicking.rs:645:5
[INFO] [stdout]   18:     0x55a9ef7cd1b5 - core::panicking::panic_fmt::hbf0e066aabfa482c
[INFO] [stdout]                                at /rustc/82e1608dfa6e0b5569232559e3d385fea5a93112/library/core/src/panicking.rs:72:14
[INFO] [stdout]   19:     0x55a9ef807737 - pruebas_rust::crossteaser::crossteaser_search::tests::moves_for_two_changes_possible::hbe7442853c7f5298
[INFO] [stdout]                                at /opt/rustwide/workdir/src/crossteaser/crossteaser_search.rs:345:5
[INFO] [stdout]   20:     0x55a9ef807627 - pruebas_rust::crossteaser::crossteaser_search::tests::moves_for_two_changes_possible::{{closure}}::hebf1ec23962fb0fb
[INFO] [stdout]                                at /opt/rustwide/workdir/src/crossteaser/crossteaser_search.rs:346:40
[INFO] [stdout]   21:     0x55a9ef817366 - core::ops::function::FnOnce::call_once::hd17466472cd93bf5
[INFO] [stdout]                                at /rustc/82e1608dfa6e0b5569232559e3d385fea5a93112/library/core/src/ops/function.rs:250:5
[INFO] [stdout]   22:     0x55a9ef88241f - core::ops::function::FnOnce::call_once::h2b5d431d5046312d
[INFO] [stdout]                                at /rustc/82e1608dfa6e0b5569232559e3d385fea5a93112/library/core/src/ops/function.rs:250:5
[INFO] [stdout]   23:     0x55a9ef88241f - test::__rust_begin_short_backtrace::h7714669af176e207
[INFO] [stdout]                                at /rustc/82e1608dfa6e0b5569232559e3d385fea5a93112/library/test/src/lib.rs:628:18
[INFO] [stdout]   24:     0x55a9ef881435 - test::run_test_in_process::{{closure}}::h85218797dcbcec12
[INFO] [stdout]                                at /rustc/82e1608dfa6e0b5569232559e3d385fea5a93112/library/test/src/lib.rs:651:60
[INFO] [stdout]   25:     0x55a9ef881435 - <core::panic::unwind_safe::AssertUnwindSafe<F> as core::ops::function::FnOnce<()>>::call_once::h76c106ea31c14d7b
[INFO] [stdout]                                at /rustc/82e1608dfa6e0b5569232559e3d385fea5a93112/library/core/src/panic/unwind_safe.rs:272:9
[INFO] [stdout]   26:     0x55a9ef881435 - std::panicking::try::do_call::h3bd5d0f6620ee946
[INFO] [stdout]                                at /rustc/82e1608dfa6e0b5569232559e3d385fea5a93112/library/std/src/panicking.rs:552:40
[INFO] [stdout]   27:     0x55a9ef881435 - std::panicking::try::h232e535e4744fe31
[INFO] [stdout]                                at /rustc/82e1608dfa6e0b5569232559e3d385fea5a93112/library/std/src/panicking.rs:516:19
[INFO] [stdout]   28:     0x55a9ef881435 - std::panic::catch_unwind::h3ce3bd6ca8dbac68
[INFO] [stdout]                                at /rustc/82e1608dfa6e0b5569232559e3d385fea5a93112/library/std/src/panic.rs:142:14
[INFO] [stdout]   29:     0x55a9ef881435 - test::run_test_in_process::hc97b257c9621286a
[INFO] [stdout]                                at /rustc/82e1608dfa6e0b5569232559e3d385fea5a93112/library/test/src/lib.rs:651:27
[INFO] [stdout]   30:     0x55a9ef881435 - test::run_test::{{closure}}::h2aa798823a438d38
[INFO] [stdout]                                at /rustc/82e1608dfa6e0b5569232559e3d385fea5a93112/library/test/src/lib.rs:574:43
[INFO] [stdout]   31:     0x55a9ef8496f6 - test::run_test::{{closure}}::h87d231c78fb59832
[INFO] [stdout]                                at /rustc/82e1608dfa6e0b5569232559e3d385fea5a93112/library/test/src/lib.rs:602:41
[INFO] [stdout]   32:     0x55a9ef8496f6 - std::sys_common::backtrace::__rust_begin_short_backtrace::he6df152596625789
[INFO] [stdout]                                at /rustc/82e1608dfa6e0b5569232559e3d385fea5a93112/library/std/src/sys_common/backtrace.rs:154:18
[INFO] [stdout]   33:     0x55a9ef84e7a7 - std::thread::Builder::spawn_unchecked_::{{closure}}::{{closure}}::ha94be15d1e0acf36
[INFO] [stdout]                                at /rustc/82e1608dfa6e0b5569232559e3d385fea5a93112/library/std/src/thread/mod.rs:529:17
[INFO] [stdout]   34:     0x55a9ef84e7a7 - <core::panic::unwind_safe::AssertUnwindSafe<F> as core::ops::function::FnOnce<()>>::call_once::h9dc6bd6372f16606
[INFO] [stdout]                                at /rustc/82e1608dfa6e0b5569232559e3d385fea5a93112/library/core/src/panic/unwind_safe.rs:272:9
[INFO] [stdout]   35:     0x55a9ef84e7a7 - std::panicking::try::do_call::h9057517f80303cd4
[INFO] [stdout]                                at /rustc/82e1608dfa6e0b5569232559e3d385fea5a93112/library/std/src/panicking.rs:552:40
[INFO] [stdout]   36:     0x55a9ef84e7a7 - std::panicking::try::he3a30b11ee45340c
[INFO] [stdout]                                at /rustc/82e1608dfa6e0b5569232559e3d385fea5a93112/library/std/src/panicking.rs:516:19
[INFO] [stdout]   37:     0x55a9ef84e7a7 - std::panic::catch_unwind::h410458cfd3528b8b
[INFO] [stdout]                                at /rustc/82e1608dfa6e0b5569232559e3d385fea5a93112/library/std/src/panic.rs:142:14
[INFO] [stdout]   38:     0x55a9ef84e7a7 - std::thread::Builder::spawn_unchecked_::{{closure}}::h72ac3bdb567b737b
[INFO] [stdout]                                at /rustc/82e1608dfa6e0b5569232559e3d385fea5a93112/library/std/src/thread/mod.rs:528:30
[INFO] [stdout]   39:     0x55a9ef84e7a7 - core::ops::function::FnOnce::call_once{{vtable.shim}}::h38f34da3654a8344
[INFO] [stdout]                                at /rustc/82e1608dfa6e0b5569232559e3d385fea5a93112/library/core/src/ops/function.rs:250:5
[INFO] [stdout]   40:     0x55a9ef8ec2e5 - <alloc::boxed::Box<F,A> as core::ops::function::FnOnce<Args>>::call_once::hc7eafaff61e32df9
[INFO] [stdout]                                at /rustc/82e1608dfa6e0b5569232559e3d385fea5a93112/library/alloc/src/boxed.rs:2007:9
[INFO] [stdout]   41:     0x55a9ef8ec2e5 - <alloc::boxed::Box<F,A> as core::ops::function::FnOnce<Args>>::call_once::h6ba4a5de48dd2304
[INFO] [stdout]                                at /rustc/82e1608dfa6e0b5569232559e3d385fea5a93112/library/alloc/src/boxed.rs:2007:9
[INFO] [stdout]   42:     0x55a9ef8ec2e5 - std::sys::unix::thread::Thread::new::thread_start::he469335aef763e45
[INFO] [stdout]                                at /rustc/82e1608dfa6e0b5569232559e3d385fea5a93112/library/std/src/sys/unix/thread.rs:108:17
[INFO] [stdout]   43:     0x7fee1199cac3 - <unknown>
[INFO] [stdout]   44:     0x7fee11a2dbf4 - __clone
[INFO] [stdout]   45:                0x0 - <unknown>
[INFO] [stdout] 
[INFO] [stdout] ---- crossteaser::crossteaser_search::tests::moves_for_two_changes_impossible stdout ----
[INFO] [stdout] Nodos expandidos: 10000 Nodos sin expandir:9287 Ultimo nivel:15
[INFO] [stdout] Nodos expandidos: 20000 Nodos sin expandir:19099 Ultimo nivel:16
[INFO] [stdout] Nodos expandidos: 30000 Nodos sin expandir:28368 Ultimo nivel:17
[INFO] [stdout] Nodos expandidos: 40000 Nodos sin expandir:40080 Ultimo nivel:18
[INFO] [stdout] Nodos expandidos: 50000 Nodos sin expandir:49426 Ultimo nivel:18
[INFO] [stdout] Nodos expandidos: 60000 Nodos sin expandir:55072 Ultimo nivel:18
[INFO] [stdout] Nodos expandidos: 70000 Nodos sin expandir:58931 Ultimo nivel:19
[INFO] [stdout] Nodos expandidos: 80000 Nodos sin expandir:73965 Ultimo nivel:19
[INFO] [stdout] Nodos expandidos: 90000 Nodos sin expandir:87009 Ultimo nivel:19
[INFO] [stdout] Nodos expandidos: 100000 Nodos sin expandir:98698 Ultimo nivel:19
[INFO] [stdout] Nodos expandidos: 110000 Nodos sin expandir:109488 Ultimo nivel:19
[INFO] [stdout] Nodos expandidos: 120000 Nodos sin expandir:120036 Ultimo nivel:20
[INFO] [stdout] Nodos expandidos: 130000 Nodos sin expandir:129454 Ultimo nivel:20
[INFO] [stdout] Nodos expandidos: 140000 Nodos sin expandir:137343 Ultimo nivel:20
[INFO] [stdout] Nodos expandidos: 150000 Nodos sin expandir:143927 Ultimo nivel:20
[INFO] [stdout] Nodos expandidos: 160000 Nodos sin expandir:149082 Ultimo nivel:20
[INFO] [stdout] Nodos expandidos: 170000 Nodos sin expandir:153113 Ultimo nivel:20
[INFO] [stdout] Nodos expandidos: 180000 Nodos sin expandir:156059 Ultimo nivel:20
[INFO] [stdout] Nodos expandidos: 190000 Nodos sin expandir:157312 Ultimo nivel:20
[INFO] [stdout] Nodos expandidos: 200000 Nodos sin expandir:170054 Ultimo nivel:21
[INFO] [stdout] Nodos expandidos: 210000 Nodos sin expandir:185309 Ultimo nivel:21
[INFO] [stdout] Nodos expandidos: 220000 Nodos sin expandir:199814 Ultimo nivel:21
[INFO] [stdout] Nodos expandidos: 230000 Nodos sin expandir:213693 Ultimo nivel:21
[INFO] [stdout] Nodos expandidos: 240000 Nodos sin expandir:226954 Ultimo nivel:21
[INFO] [stdout] Nodos expandidos: 250000 Nodos sin expandir:239685 Ultimo nivel:21
[INFO] [stdout] Nodos expandidos: 260000 Nodos sin expandir:251874 Ultimo nivel:21
[INFO] [stdout] Nodos expandidos: 270000 Nodos sin expandir:263493 Ultimo nivel:21
[INFO] [stdout] Nodos expandidos: 280000 Nodos sin expandir:274752 Ultimo nivel:21
[INFO] [stdout] Nodos expandidos: 290000 Nodos sin expandir:285742 Ultimo nivel:21
[INFO] [stdout] Nodos expandidos: 300000 Nodos sin expandir:296402 Ultimo nivel:21
[INFO] [stdout] Nodos expandidos: 310000 Nodos sin expandir:307147 Ultimo nivel:22
[INFO] [stdout] Nodos expandidos: 320000 Nodos sin expandir:318145 Ultimo nivel:22
[INFO] [stdout] Nodos expandidos: 330000 Nodos sin expandir:328966 Ultimo nivel:22
[INFO] [stdout] Nodos expandidos: 340000 Nodos sin expandir:338916 Ultimo nivel:22
[INFO] [stdout] Nodos expandidos: 350000 Nodos sin expandir:348234 Ultimo nivel:22
[INFO] [stdout] Nodos expandidos: 360000 Nodos sin expandir:357278 Ultimo nivel:22
[INFO] [stdout] Nodos expandidos: 370000 Nodos sin expandir:365697 Ultimo nivel:22
[INFO] [stdout] Nodos expandidos: 380000 Nodos sin expandir:373653 Ultimo nivel:22
[INFO] [stdout] Nodos expandidos: 390000 Nodos sin expandir:381141 Ultimo nivel:22
[INFO] [stdout] Nodos expandidos: 400000 Nodos sin expandir:388021 Ultimo nivel:22
[INFO] [stdout] thread 'crossteaser::crossteaser_search::tests::moves_for_two_changes_impossible' panicked at src/crossteaser/crossteaser_search.rs:394:5:
[INFO] [stdout] timeout: the function call took 10000 ms. Max time 10000 ms
[INFO] [stdout] stack backtrace:
[INFO] [stdout]    0:     0x55a9ef8e579c - std::backtrace_rs::backtrace::libunwind::trace::ha637c64ce894333a
[INFO] [stdout]                                at /rustc/82e1608dfa6e0b5569232559e3d385fea5a93112/library/std/src/../../backtrace/src/backtrace/libunwind.rs:104:5
[INFO] [stdout]    1:     0x55a9ef8e579c - std::backtrace_rs::backtrace::trace_unsynchronized::h47f62dea28e0c88d
[INFO] [stdout]                                at /rustc/82e1608dfa6e0b5569232559e3d385fea5a93112/library/std/src/../../backtrace/src/backtrace/mod.rs:66:5
[INFO] [stdout]    2:     0x55a9ef8e579c - std::sys_common::backtrace::_print_fmt::h9eef0abe20ede486
[INFO] [stdout]                                at /rustc/82e1608dfa6e0b5569232559e3d385fea5a93112/library/std/src/sys_common/backtrace.rs:67:5
[INFO] [stdout]    3:     0x55a9ef8e579c - <std::sys_common::backtrace::_print::DisplayBacktrace as core::fmt::Display>::fmt::hed7f999df88cc644
[INFO] [stdout]                                at /rustc/82e1608dfa6e0b5569232559e3d385fea5a93112/library/std/src/sys_common/backtrace.rs:44:22
[INFO] [stdout]    4:     0x55a9ef90f360 - core::fmt::rt::Argument::fmt::h1539a9308b8d058d
[INFO] [stdout]                                at /rustc/82e1608dfa6e0b5569232559e3d385fea5a93112/library/core/src/fmt/rt.rs:142:9
[INFO] [stdout]    5:     0x55a9ef90f360 - core::fmt::write::h3a39390d8560d9c9
[INFO] [stdout]                                at /rustc/82e1608dfa6e0b5569232559e3d385fea5a93112/library/core/src/fmt/mod.rs:1120:17
[INFO] [stdout]    6:     0x55a9ef8e314f - std::io::Write::write_fmt::h040b369f3a0f9cbc
[INFO] [stdout]                                at /rustc/82e1608dfa6e0b5569232559e3d385fea5a93112/library/std/src/io/mod.rs:1762:15
[INFO] [stdout]    7:     0x55a9ef8e5584 - std::sys_common::backtrace::_print::h894006fb5c6f3d45
[INFO] [stdout]                                at /rustc/82e1608dfa6e0b5569232559e3d385fea5a93112/library/std/src/sys_common/backtrace.rs:47:5
[INFO] [stdout]    8:     0x55a9ef8e5584 - std::sys_common::backtrace::print::h23a2d212c6fff936
[INFO] [stdout]                                at /rustc/82e1608dfa6e0b5569232559e3d385fea5a93112/library/std/src/sys_common/backtrace.rs:34:9
[INFO] [stdout]    9:     0x55a9ef8e7247 - std::panicking::default_hook::{{closure}}::h8a1d2ee00185001a
[INFO] [stdout]   10:     0x55a9ef8e6f33 - std::panicking::default_hook::h6038f2eba384e475
[INFO] [stdout]                                at /rustc/82e1608dfa6e0b5569232559e3d385fea5a93112/library/std/src/panicking.rs:289:9
[INFO] [stdout]   11:     0x55a9ef87cdc7 - <alloc::boxed::Box<F,A> as core::ops::function::Fn<Args>>::call::h0ad024c9bdc6d768
[INFO] [stdout]                                at /rustc/82e1608dfa6e0b5569232559e3d385fea5a93112/library/alloc/src/boxed.rs:2021:9
[INFO] [stdout]   12:     0x55a9ef87cdc7 - test::test_main::{{closure}}::h7500b54257359db6
[INFO] [stdout]                                at /rustc/82e1608dfa6e0b5569232559e3d385fea5a93112/library/test/src/lib.rs:138:21
[INFO] [stdout]   13:     0x55a9ef8e7858 - <alloc::boxed::Box<F,A> as core::ops::function::Fn<Args>>::call::h1f8f335eaa9cfaee
[INFO] [stdout]                                at /rustc/82e1608dfa6e0b5569232559e3d385fea5a93112/library/alloc/src/boxed.rs:2021:9
[INFO] [stdout]   14:     0x55a9ef8e7858 - std::panicking::rust_panic_with_hook::h2b5517d590cab22e
[INFO] [stdout]                                at /rustc/82e1608dfa6e0b5569232559e3d385fea5a93112/library/std/src/panicking.rs:783:13
[INFO] [stdout]   15:     0x55a9ef8e75ae - std::panicking::begin_panic_handler::{{closure}}::h233112c06e0ef43e
[INFO] [stdout]                                at /rustc/82e1608dfa6e0b5569232559e3d385fea5a93112/library/std/src/panicking.rs:657:13
[INFO] [stdout]   16:     0x55a9ef8e5c66 - std::sys_common::backtrace::__rust_end_short_backtrace::h6e893f24d7ebbff8
[INFO] [stdout]                                at /rustc/82e1608dfa6e0b5569232559e3d385fea5a93112/library/std/src/sys_common/backtrace.rs:170:18
[INFO] [stdout]   17:     0x55a9ef8e7312 - rust_begin_unwind
[INFO] [stdout]                                at /rustc/82e1608dfa6e0b5569232559e3d385fea5a93112/library/std/src/panicking.rs:645:5
[INFO] [stdout]   18:     0x55a9ef7cd1b5 - core::panicking::panic_fmt::hbf0e066aabfa482c
[INFO] [stdout]                                at /rustc/82e1608dfa6e0b5569232559e3d385fea5a93112/library/core/src/panicking.rs:72:14
[INFO] [stdout]   19:     0x55a9ef808827 - pruebas_rust::crossteaser::crossteaser_search::tests::moves_for_two_changes_impossible::h6adc50f0ebb06dd2
[INFO] [stdout]                                at /opt/rustwide/workdir/src/crossteaser/crossteaser_search.rs:394:5
[INFO] [stdout]   20:     0x55a9ef808717 - pruebas_rust::crossteaser::crossteaser_search::tests::moves_for_two_changes_impossible::{{closure}}::h74e396e032769536
[INFO] [stdout]                                at /opt/rustwide/workdir/src/crossteaser/crossteaser_search.rs:395:42
[INFO] [stdout]   21:     0x55a9ef816e76 - core::ops::function::FnOnce::call_once::h9bebfe29a8c83557
[INFO] [stdout]                                at /rustc/82e1608dfa6e0b5569232559e3d385fea5a93112/library/core/src/ops/function.rs:250:5
[INFO] [stdout]   22:     0x55a9ef88241f - core::ops::function::FnOnce::call_once::h2b5d431d5046312d
[INFO] [stdout]                                at /rustc/82e1608dfa6e0b5569232559e3d385fea5a93112/library/core/src/ops/function.rs:250:5
[INFO] [stdout]   23:     0x55a9ef88241f - test::__rust_begin_short_backtrace::h7714669af176e207
[INFO] [stdout]                                at /rustc/82e1608dfa6e0b5569232559e3d385fea5a93112/library/test/src/lib.rs:628:18
[INFO] [stdout]   24:     0x55a9ef881435 - test::run_test_in_process::{{closure}}::h85218797dcbcec12
[INFO] [stdout]                                at /rustc/82e1608dfa6e0b5569232559e3d385fea5a93112/library/test/src/lib.rs:651:60
[INFO] [stdout]   25:     0x55a9ef881435 - <core::panic::unwind_safe::AssertUnwindSafe<F> as core::ops::function::FnOnce<()>>::call_once::h76c106ea31c14d7b
[INFO] [stdout]                                at /rustc/82e1608dfa6e0b5569232559e3d385fea5a93112/library/core/src/panic/unwind_safe.rs:272:9
[INFO] [stdout]   26:     0x55a9ef881435 - std::panicking::try::do_call::h3bd5d0f6620ee946
[INFO] [stdout]                                at /rustc/82e1608dfa6e0b5569232559e3d385fea5a93112/library/std/src/panicking.rs:552:40
[INFO] [stdout]   27:     0x55a9ef881435 - std::panicking::try::h232e535e4744fe31
[INFO] [stdout]                                at /rustc/82e1608dfa6e0b5569232559e3d385fea5a93112/library/std/src/panicking.rs:516:19
[INFO] [stdout]   28:     0x55a9ef881435 - std::panic::catch_unwind::h3ce3bd6ca8dbac68
[INFO] [stdout]                                at /rustc/82e1608dfa6e0b5569232559e3d385fea5a93112/library/std/src/panic.rs:142:14
[INFO] [stdout]   29:     0x55a9ef881435 - test::run_test_in_process::hc97b257c9621286a
[INFO] [stdout]                                at /rustc/82e1608dfa6e0b5569232559e3d385fea5a93112/library/test/src/lib.rs:651:27
[INFO] [stdout]   30:     0x55a9ef881435 - test::run_test::{{closure}}::h2aa798823a438d38
[INFO] [stdout]                                at /rustc/82e1608dfa6e0b5569232559e3d385fea5a93112/library/test/src/lib.rs:574:43
[INFO] [stdout]   31:     0x55a9ef8496f6 - test::run_test::{{closure}}::h87d231c78fb59832
[INFO] [stdout]                                at /rustc/82e1608dfa6e0b5569232559e3d385fea5a93112/library/test/src/lib.rs:602:41
[INFO] [stdout]   32:     0x55a9ef8496f6 - std::sys_common::backtrace::__rust_begin_short_backtrace::he6df152596625789
[INFO] [stdout]                                at /rustc/82e1608dfa6e0b5569232559e3d385fea5a93112/library/std/src/sys_common/backtrace.rs:154:18
[INFO] [stdout]   33:     0x55a9ef84e7a7 - std::thread::Builder::spawn_unchecked_::{{closure}}::{{closure}}::ha94be15d1e0acf36
[INFO] [stdout]                                at /rustc/82e1608dfa6e0b5569232559e3d385fea5a93112/library/std/src/thread/mod.rs:529:17
[INFO] [stdout]   34:     0x55a9ef84e7a7 - <core::panic::unwind_safe::AssertUnwindSafe<F> as core::ops::function::FnOnce<()>>::call_once::h9dc6bd6372f16606
[INFO] [stdout]                                at /rustc/82e1608dfa6e0b5569232559e3d385fea5a93112/library/core/src/panic/unwind_safe.rs:272:9
[INFO] [stdout]   35:     0x55a9ef84e7a7 - std::panicking::try::do_call::h9057517f80303cd4
[INFO] [stdout]                                at /rustc/82e1608dfa6e0b5569232559e3d385fea5a93112/library/std/src/panicking.rs:552:40
[INFO] [stdout]   36:     0x55a9ef84e7a7 - std::panicking::try::he3a30b11ee45340c
[INFO] [stdout]                                at /rustc/82e1608dfa6e0b5569232559e3d385fea5a93112/library/std/src/panicking.rs:516:19
[INFO] [stdout]   37:     0x55a9ef84e7a7 - std::panic::catch_unwind::h410458cfd3528b8b
[INFO] [stdout]                                at /rustc/82e1608dfa6e0b5569232559e3d385fea5a93112/library/std/src/panic.rs:142:14
[INFO] [stdout]   38:     0x55a9ef84e7a7 - std::thread::Builder::spawn_unchecked_::{{closure}}::h72ac3bdb567b737b
[INFO] [stdout]                                at /rustc/82e1608dfa6e0b5569232559e3d385fea5a93112/library/std/src/thread/mod.rs:528:30
[INFO] [stdout]   39:     0x55a9ef84e7a7 - core::ops::function::FnOnce::call_once{{vtable.shim}}::h38f34da3654a8344
[INFO] [stdout]                                at /rustc/82e1608dfa6e0b5569232559e3d385fea5a93112/library/core/src/ops/function.rs:250:5
[INFO] [stdout]   40:     0x55a9ef8ec2e5 - <alloc::boxed::Box<F,A> as core::ops::function::FnOnce<Args>>::call_once::hc7eafaff61e32df9
[INFO] [stdout]                                at /rustc/82e1608dfa6e0b5569232559e3d385fea5a93112/library/alloc/src/boxed.rs:2007:9
[INFO] [stdout]   41:     0x55a9ef8ec2e5 - <alloc::boxed::Box<F,A> as core::ops::function::FnOnce<Args>>::call_once::h6ba4a5de48dd2304
[INFO] [stdout]                                at /rustc/82e1608dfa6e0b5569232559e3d385fea5a93112/library/alloc/src/boxed.rs:2007:9
[INFO] [stdout]   42:     0x55a9ef8ec2e5 - std::sys::unix::thread::Thread::new::thread_start::he469335aef763e45
[INFO] [stdout]                                at /rustc/82e1608dfa6e0b5569232559e3d385fea5a93112/library/std/src/sys/unix/thread.rs:108:17
[INFO] [stdout]   43:     0x7fee1199cac3 - <unknown>
[INFO] [stdout]   44:     0x7fee11a2dbf4 - __clone
[INFO] [stdout]   45:                0x0 - <unknown>
[INFO] [stdout] 
[INFO] [stdout] ---- crossteaser::crossteaser_search::tests::moves_for_two_changes_are_for_two_changes stdout ----
[INFO] [stdout] Nodos expandidos: 10000 Nodos sin expandir:9287 Ultimo nivel:15
[INFO] [stdout] Nodos expandidos: 20000 Nodos sin expandir:19099 Ultimo nivel:16
[INFO] [stdout] Nodos expandidos: 30000 Nodos sin expandir:28368 Ultimo nivel:17
[INFO] [stdout] Nodos expandidos: 40000 Nodos sin expandir:40080 Ultimo nivel:18
[INFO] [stdout] Nodos expandidos: 50000 Nodos sin expandir:49426 Ultimo nivel:18
[INFO] [stdout] Nodos expandidos: 60000 Nodos sin expandir:55072 Ultimo nivel:18
[INFO] [stdout] Nodos expandidos: 70000 Nodos sin expandir:58931 Ultimo nivel:19
[INFO] [stdout] Nodos expandidos: 80000 Nodos sin expandir:73965 Ultimo nivel:19
[INFO] [stdout] Nodos expandidos: 90000 Nodos sin expandir:87009 Ultimo nivel:19
[INFO] [stdout] Nodos expandidos: 100000 Nodos sin expandir:98698 Ultimo nivel:19
[INFO] [stdout] Nodos expandidos: 110000 Nodos sin expandir:109488 Ultimo nivel:19
[INFO] [stdout] Nodos expandidos: 120000 Nodos sin expandir:120036 Ultimo nivel:20
[INFO] [stdout] Nodos expandidos: 130000 Nodos sin expandir:129454 Ultimo nivel:20
[INFO] [stdout] Nodos expandidos: 140000 Nodos sin expandir:137343 Ultimo nivel:20
[INFO] [stdout] Nodos expandidos: 150000 Nodos sin expandir:143927 Ultimo nivel:20
[INFO] [stdout] Nodos expandidos: 160000 Nodos sin expandir:149082 Ultimo nivel:20
[INFO] [stdout] Nodos expandidos: 170000 Nodos sin expandir:153113 Ultimo nivel:20
[INFO] [stdout] Nodos expandidos: 180000 Nodos sin expandir:156059 Ultimo nivel:20
[INFO] [stdout] Nodos expandidos: 190000 Nodos sin expandir:157312 Ultimo nivel:20
[INFO] [stdout] Nodos expandidos: 200000 Nodos sin expandir:170054 Ultimo nivel:21
[INFO] [stdout] Nodos expandidos: 210000 Nodos sin expandir:185309 Ultimo nivel:21
[INFO] [stdout] Nodos expandidos: 220000 Nodos sin expandir:199814 Ultimo nivel:21
[INFO] [stdout] Nodos expandidos: 230000 Nodos sin expandir:213693 Ultimo nivel:21
[INFO] [stdout] Nodos expandidos: 240000 Nodos sin expandir:226954 Ultimo nivel:21
[INFO] [stdout] Nodos expandidos: 250000 Nodos sin expandir:239685 Ultimo nivel:21
[INFO] [stdout] Nodos expandidos: 260000 Nodos sin expandir:251874 Ultimo nivel:21
[INFO] [stdout] Nodos expandidos: 270000 Nodos sin expandir:263493 Ultimo nivel:21
[INFO] [stdout] Nodos expandidos: 280000 Nodos sin expandir:274752 Ultimo nivel:21
[INFO] [stdout] Nodos expandidos: 290000 Nodos sin expandir:285742 Ultimo nivel:21
[INFO] [stdout] Nodos expandidos: 300000 Nodos sin expandir:296402 Ultimo nivel:21
[INFO] [stdout] Nodos expandidos: 310000 Nodos sin expandir:307147 Ultimo nivel:22
[INFO] [stdout] Nodos expandidos: 320000 Nodos sin expandir:318145 Ultimo nivel:22
[INFO] [stdout] Nodos expandidos: 330000 Nodos sin expandir:328966 Ultimo nivel:22
[INFO] [stdout] Nodos expandidos: 340000 Nodos sin expandir:338916 Ultimo nivel:22
[INFO] [stdout] Nodos expandidos: 350000 Nodos sin expandir:348234 Ultimo nivel:22
[INFO] [stdout] Nodos expandidos: 360000 Nodos sin expandir:357278 Ultimo nivel:22
[INFO] [stdout] thread 'crossteaser::crossteaser_search::tests::moves_for_two_changes_are_for_two_changes' panicked at src/crossteaser/crossteaser_search.rs:407:5:
[INFO] [stdout] timeout: the function call took 10000 ms. Max time 10000 ms
[INFO] [stdout] stack backtrace:
[INFO] [stdout]    0:     0x55a9ef8e579c - std::backtrace_rs::backtrace::libunwind::trace::ha637c64ce894333a
[INFO] [stdout]                                at /rustc/82e1608dfa6e0b5569232559e3d385fea5a93112/library/std/src/../../backtrace/src/backtrace/libunwind.rs:104:5
[INFO] [stdout]    1:     0x55a9ef8e579c - std::backtrace_rs::backtrace::trace_unsynchronized::h47f62dea28e0c88d
[INFO] [stdout]                                at /rustc/82e1608dfa6e0b5569232559e3d385fea5a93112/library/std/src/../../backtrace/src/backtrace/mod.rs:66:5
[INFO] [stdout]    2:     0x55a9ef8e579c - std::sys_common::backtrace::_print_fmt::h9eef0abe20ede486
[INFO] [stdout]                                at /rustc/82e1608dfa6e0b5569232559e3d385fea5a93112/library/std/src/sys_common/backtrace.rs:67:5
[INFO] [stdout]    3:     0x55a9ef8e579c - <std::sys_common::backtrace::_print::DisplayBacktrace as core::fmt::Display>::fmt::hed7f999df88cc644
[INFO] [stdout]                                at /rustc/82e1608dfa6e0b5569232559e3d385fea5a93112/library/std/src/sys_common/backtrace.rs:44:22
[INFO] [stdout]    4:     0x55a9ef90f360 - core::fmt::rt::Argument::fmt::h1539a9308b8d058d
[INFO] [stdout]                                at /rustc/82e1608dfa6e0b5569232559e3d385fea5a93112/library/core/src/fmt/rt.rs:142:9
[INFO] [stdout]    5:     0x55a9ef90f360 - core::fmt::write::h3a39390d8560d9c9
[INFO] [stdout]                                at /rustc/82e1608dfa6e0b5569232559e3d385fea5a93112/library/core/src/fmt/mod.rs:1120:17
[INFO] [stdout]    6:     0x55a9ef8e314f - std::io::Write::write_fmt::h040b369f3a0f9cbc
[INFO] [stdout]                                at /rustc/82e1608dfa6e0b5569232559e3d385fea5a93112/library/std/src/io/mod.rs:1762:15
[INFO] [stdout]    7:     0x55a9ef8e5584 - std::sys_common::backtrace::_print::h894006fb5c6f3d45
[INFO] [stdout]                                at /rustc/82e1608dfa6e0b5569232559e3d385fea5a93112/library/std/src/sys_common/backtrace.rs:47:5
[INFO] [stdout]    8:     0x55a9ef8e5584 - std::sys_common::backtrace::print::h23a2d212c6fff936
[INFO] [stdout]                                at /rustc/82e1608dfa6e0b5569232559e3d385fea5a93112/library/std/src/sys_common/backtrace.rs:34:9
[INFO] [stdout]    9:     0x55a9ef8e7247 - std::panicking::default_hook::{{closure}}::h8a1d2ee00185001a
[INFO] [stdout]   10:     0x55a9ef8e6f33 - std::panicking::default_hook::h6038f2eba384e475
[INFO] [stdout]                                at /rustc/82e1608dfa6e0b5569232559e3d385fea5a93112/library/std/src/panicking.rs:289:9
[INFO] [stdout]   11:     0x55a9ef87cdc7 - <alloc::boxed::Box<F,A> as core::ops::function::Fn<Args>>::call::h0ad024c9bdc6d768
[INFO] [stdout]                                at /rustc/82e1608dfa6e0b5569232559e3d385fea5a93112/library/alloc/src/boxed.rs:2021:9
[INFO] [stdout]   12:     0x55a9ef87cdc7 - test::test_main::{{closure}}::h7500b54257359db6
[INFO] [stdout]                                at /rustc/82e1608dfa6e0b5569232559e3d385fea5a93112/library/test/src/lib.rs:138:21
[INFO] [stdout]   13:     0x55a9ef8e7858 - <alloc::boxed::Box<F,A> as core::ops::function::Fn<Args>>::call::h1f8f335eaa9cfaee
[INFO] [stdout]                                at /rustc/82e1608dfa6e0b5569232559e3d385fea5a93112/library/alloc/src/boxed.rs:2021:9
[INFO] [stdout]   14:     0x55a9ef8e7858 - std::panicking::rust_panic_with_hook::h2b5517d590cab22e
[INFO] [stdout]                                at /rustc/82e1608dfa6e0b5569232559e3d385fea5a93112/library/std/src/panicking.rs:783:13
[INFO] [stdout]   15:     0x55a9ef8e75ae - std::panicking::begin_panic_handler::{{closure}}::h233112c06e0ef43e
[INFO] [stdout]                                at /rustc/82e1608dfa6e0b5569232559e3d385fea5a93112/library/std/src/panicking.rs:657:13
[INFO] [stdout]   16:     0x55a9ef8e5c66 - std::sys_common::backtrace::__rust_end_short_backtrace::h6e893f24d7ebbff8
[INFO] [stdout]                                at /rustc/82e1608dfa6e0b5569232559e3d385fea5a93112/library/std/src/sys_common/backtrace.rs:170:18
[INFO] [stdout]   17:     0x55a9ef8e7312 - rust_begin_unwind
[INFO] [stdout]                                at /rustc/82e1608dfa6e0b5569232559e3d385fea5a93112/library/std/src/panicking.rs:645:5
[INFO] [stdout]   18:     0x55a9ef7cd1b5 - core::panicking::panic_fmt::hbf0e066aabfa482c
[INFO] [stdout]                                at /rustc/82e1608dfa6e0b5569232559e3d385fea5a93112/library/core/src/panicking.rs:72:14
[INFO] [stdout]   19:     0x55a9ef808ca7 - pruebas_rust::crossteaser::crossteaser_search::tests::moves_for_two_changes_are_for_two_changes::h15486fe248cc1b8f
[INFO] [stdout]                                at /opt/rustwide/workdir/src/crossteaser/crossteaser_search.rs:407:5
[INFO] [stdout]   20:     0x55a9ef808b97 - pruebas_rust::crossteaser::crossteaser_search::tests::moves_for_two_changes_are_for_two_changes::{{closure}}::h8bf7ee93b84ba016
[INFO] [stdout]                                at /opt/rustwide/workdir/src/crossteaser/crossteaser_search.rs:408:51
[INFO] [stdout]   21:     0x55a9ef817186 - core::ops::function::FnOnce::call_once::hbbcab673357df8bb
[INFO] [stdout]                                at /rustc/82e1608dfa6e0b5569232559e3d385fea5a93112/library/core/src/ops/function.rs:250:5
[INFO] [stdout]   22:     0x55a9ef88241f - core::ops::function::FnOnce::call_once::h2b5d431d5046312d
[INFO] [stdout]                                at /rustc/82e1608dfa6e0b5569232559e3d385fea5a93112/library/core/src/ops/function.rs:250:5
[INFO] [stdout]   23:     0x55a9ef88241f - test::__rust_begin_short_backtrace::h7714669af176e207
[INFO] [stdout]                                at /rustc/82e1608dfa6e0b5569232559e3d385fea5a93112/library/test/src/lib.rs:628:18
[INFO] [stdout]   24:     0x55a9ef881435 - test::run_test_in_process::{{closure}}::h85218797dcbcec12
[INFO] [stdout]                                at /rustc/82e1608dfa6e0b5569232559e3d385fea5a93112/library/test/src/lib.rs:651:60
[INFO] [stdout]   25:     0x55a9ef881435 - <core::panic::unwind_safe::AssertUnwindSafe<F> as core::ops::function::FnOnce<()>>::call_once::h76c106ea31c14d7b
[INFO] [stdout]                                at /rustc/82e1608dfa6e0b5569232559e3d385fea5a93112/library/core/src/panic/unwind_safe.rs:272:9
[INFO] [stdout]   26:     0x55a9ef881435 - std::panicking::try::do_call::h3bd5d0f6620ee946
[INFO] [stdout]                                at /rustc/82e1608dfa6e0b5569232559e3d385fea5a93112/library/std/src/panicking.rs:552:40
[INFO] [stdout]   27:     0x55a9ef881435 - std::panicking::try::h232e535e4744fe31
[INFO] [stdout]                                at /rustc/82e1608dfa6e0b5569232559e3d385fea5a93112/library/std/src/panicking.rs:516:19
[INFO] [stdout]   28:     0x55a9ef881435 - std::panic::catch_unwind::h3ce3bd6ca8dbac68
[INFO] [stdout]                                at /rustc/82e1608dfa6e0b5569232559e3d385fea5a93112/library/std/src/panic.rs:142:14
[INFO] [stdout]   29:     0x55a9ef881435 - test::run_test_in_process::hc97b257c9621286a
[INFO] [stdout]                                at /rustc/82e1608dfa6e0b5569232559e3d385fea5a93112/library/test/src/lib.rs:651:27
[INFO] [stdout]   30:     0x55a9ef881435 - test::run_test::{{closure}}::h2aa798823a438d38
[INFO] [stdout]                                at /rustc/82e1608dfa6e0b5569232559e3d385fea5a93112/library/test/src/lib.rs:574:43
[INFO] [stdout]   31:     0x55a9ef8496f6 - test::run_test::{{closure}}::h87d231c78fb59832
[INFO] [stdout]                                at /rustc/82e1608dfa6e0b5569232559e3d385fea5a93112/library/test/src/lib.rs:602:41
[INFO] [stdout]   32:     0x55a9ef8496f6 - std::sys_common::backtrace::__rust_begin_short_backtrace::he6df152596625789
[INFO] [stdout]                                at /rustc/82e1608dfa6e0b5569232559e3d385fea5a93112/library/std/src/sys_common/backtrace.rs:154:18
[INFO] [stdout]   33:     0x55a9ef84e7a7 - std::thread::Builder::spawn_unchecked_::{{closure}}::{{closure}}::ha94be15d1e0acf36
[INFO] [stdout]                                at /rustc/82e1608dfa6e0b5569232559e3d385fea5a93112/library/std/src/thread/mod.rs:529:17
[INFO] [stdout]   34:     0x55a9ef84e7a7 - <core::panic::unwind_safe::AssertUnwindSafe<F> as core::ops::function::FnOnce<()>>::call_once::h9dc6bd6372f16606
[INFO] [stdout]                                at /rustc/82e1608dfa6e0b5569232559e3d385fea5a93112/library/core/src/panic/unwind_safe.rs:272:9
[INFO] [stdout]   35:     0x55a9ef84e7a7 - std::panicking::try::do_call::h9057517f80303cd4
[INFO] [stdout]                                at /rustc/82e1608dfa6e0b5569232559e3d385fea5a93112/library/std/src/panicking.rs:552:40
[INFO] [stdout]   36:     0x55a9ef84e7a7 - std::panicking::try::he3a30b11ee45340c
[INFO] [stdout]                                at /rustc/82e1608dfa6e0b5569232559e3d385fea5a93112/library/std/src/panicking.rs:516:19
[INFO] [stdout]   37:     0x55a9ef84e7a7 - std::panic::catch_unwind::h410458cfd3528b8b
[INFO] [stdout]                                at /rustc/82e1608dfa6e0b5569232559e3d385fea5a93112/library/std/src/panic.rs:142:14
[INFO] [stdout]   38:     0x55a9ef84e7a7 - std::thread::Builder::spawn_unchecked_::{{closure}}::h72ac3bdb567b737b
[INFO] [stdout]                                at /rustc/82e1608dfa6e0b5569232559e3d385fea5a93112/library/std/src/thread/mod.rs:528:30
[INFO] [stdout]   39:     0x55a9ef84e7a7 - core::ops::function::FnOnce::call_once{{vtable.shim}}::h38f34da3654a8344
[INFO] [stdout]                                at /rustc/82e1608dfa6e0b5569232559e3d385fea5a93112/library/core/src/ops/function.rs:250:5
[INFO] [stdout]   40:     0x55a9ef8ec2e5 - <alloc::boxed::Box<F,A> as core::ops::function::FnOnce<Args>>::call_once::hc7eafaff61e32df9
[INFO] [stdout]                                at /rustc/82e1608dfa6e0b5569232559e3d385fea5a93112/library/alloc/src/boxed.rs:2007:9
[INFO] [stdout]   41:     0x55a9ef8ec2e5 - <alloc::boxed::Box<F,A> as core::ops::function::FnOnce<Args>>::call_once::h6ba4a5de48dd2304
[INFO] [stdout]                                at /rustc/82e1608dfa6e0b5569232559e3d385fea5a93112/library/alloc/src/boxed.rs:2007:9
[INFO] [stdout]   42:     0x55a9ef8ec2e5 - std::sys::unix::thread::Thread::new::thread_start::he469335aef763e45
[INFO] [stdout]                                at /rustc/82e1608dfa6e0b5569232559e3d385fea5a93112/library/std/src/sys/unix/thread.rs:108:17
[INFO] [stdout]   43:     0x7fee1199cac3 - <unknown>
[INFO] [stdout]   44:     0x7fee11a2dbf4 - __clone
[INFO] [stdout]   45:                0x0 - <unknown>
[INFO] [stdout] 
[INFO] [stdout] 
[INFO] [stdout] failures:
[INFO] [stdout]     crossteaser::crossteaser_search::tests::moves_for_two_changes_are_for_two_changes
[INFO] [stdout]     crossteaser::crossteaser_search::tests::moves_for_two_changes_impossible
[INFO] [stdout]     crossteaser::crossteaser_search::tests::moves_for_two_changes_possible
[INFO] [stdout] 
[INFO] [stdout] test result: FAILED. 29 passed; 3 failed; 0 ignored; 0 measured; 0 filtered out; finished in 19.76s
[INFO] [stdout] 
[INFO] [stderr] error: test failed, to rerun pass `--bin pruebas-rust`
[INFO] running `Command { std: "docker" "inspect" "45aa840bcdd037c8bd59919576b68d1b4794d25b2e1035638dcf4fcfe0e03c8d", kill_on_drop: false }`
[INFO] running `Command { std: "docker" "rm" "-f" "45aa840bcdd037c8bd59919576b68d1b4794d25b2e1035638dcf4fcfe0e03c8d", kill_on_drop: false }`
[INFO] [stdout] 45aa840bcdd037c8bd59919576b68d1b4794d25b2e1035638dcf4fcfe0e03c8d
[INFO] testing alvarogonzalezsotillo/pruebas-rust against beta-2023-12-22 for beta-1.76-1
[INFO] running `Command { std: "git" "clone" "/workspace/cache/git-repos/https%3A%2F%2Fgithub.com%2Falvarogonzalezsotillo%2Fpruebas-rust" "/workspace/builds/worker-5-tc2/source", kill_on_drop: false }`
[INFO] [stderr] Cloning into '/workspace/builds/worker-5-tc2/source'...
[INFO] [stderr] done.
[INFO] validating manifest of git repo https://github.com/alvarogonzalezsotillo/pruebas-rust on toolchain beta-2023-12-22
[INFO] running `Command { std: CARGO_HOME="/workspace/cargo-home" RUSTUP_HOME="/workspace/rustup-home" "/workspace/cargo-home/bin/cargo" "+beta-2023-12-22" "metadata" "--manifest-path" "Cargo.toml" "--no-deps", kill_on_drop: false }`
[INFO] started tweaking git repo https://github.com/alvarogonzalezsotillo/pruebas-rust
[INFO] finished tweaking git repo https://github.com/alvarogonzalezsotillo/pruebas-rust
[INFO] tweaked toml for git repo https://github.com/alvarogonzalezsotillo/pruebas-rust written to /workspace/builds/worker-5-tc2/source/Cargo.toml
[INFO] crate git repo https://github.com/alvarogonzalezsotillo/pruebas-rust already has a lockfile, it will not be regenerated
[INFO] running `Command { std: CARGO_HOME="/workspace/cargo-home" RUSTUP_HOME="/workspace/rustup-home" "/workspace/cargo-home/bin/cargo" "+beta-2023-12-22" "fetch" "--manifest-path" "Cargo.toml", kill_on_drop: false }`
[INFO] running `Command { std: "docker" "create" "-v" "/var/lib/crater-agent-workspace/builds/worker-5-tc2/target:/opt/rustwide/target:rw,Z" "-v" "/var/lib/crater-agent-workspace/builds/worker-5-tc2/source:/opt/rustwide/workdir:ro,Z" "-v" "/var/lib/crater-agent-workspace/cargo-home:/opt/rustwide/cargo-home:ro,Z" "-v" "/var/lib/crater-agent-workspace/rustup-home:/opt/rustwide/rustup-home:ro,Z" "-e" "SOURCE_DIR=/opt/rustwide/workdir" "-e" "CARGO_TARGET_DIR=/opt/rustwide/target" "-e" "CARGO_HOME=/opt/rustwide/cargo-home" "-e" "RUSTUP_HOME=/opt/rustwide/rustup-home" "-w" "/opt/rustwide/workdir" "-m" "1610612736" "--user" "0:0" "--network" "none" "ghcr.io/rust-lang/crates-build-env/linux@sha256:2788e3201cd34a07e3172128adcd8b3090168a8e3bcc40d7c032b9dda1df7d1c" "/opt/rustwide/cargo-home/bin/cargo" "+beta-2023-12-22" "metadata" "--no-deps" "--format-version=1", kill_on_drop: false }`
[INFO] [stdout] 02283fc1d4f21f10dad342aa9d2858b48c5b9de81237c4cf32dd52ff7d571a4e
[INFO] running `Command { std: "docker" "start" "-a" "02283fc1d4f21f10dad342aa9d2858b48c5b9de81237c4cf32dd52ff7d571a4e", kill_on_drop: false }`
[INFO] running `Command { std: "docker" "inspect" "02283fc1d4f21f10dad342aa9d2858b48c5b9de81237c4cf32dd52ff7d571a4e", kill_on_drop: false }`
[INFO] running `Command { std: "docker" "rm" "-f" "02283fc1d4f21f10dad342aa9d2858b48c5b9de81237c4cf32dd52ff7d571a4e", kill_on_drop: false }`
[INFO] [stdout] 02283fc1d4f21f10dad342aa9d2858b48c5b9de81237c4cf32dd52ff7d571a4e
[INFO] running `Command { std: "docker" "create" "-v" "/var/lib/crater-agent-workspace/builds/worker-5-tc2/target:/opt/rustwide/target:rw,Z" "-v" "/var/lib/crater-agent-workspace/builds/worker-5-tc2/source:/opt/rustwide/workdir:ro,Z" "-v" "/var/lib/crater-agent-workspace/cargo-home:/opt/rustwide/cargo-home:ro,Z" "-v" "/var/lib/crater-agent-workspace/rustup-home:/opt/rustwide/rustup-home:ro,Z" "-e" "SOURCE_DIR=/opt/rustwide/workdir" "-e" "CARGO_TARGET_DIR=/opt/rustwide/target" "-e" "CARGO_INCREMENTAL=0" "-e" "RUST_BACKTRACE=full" "-e" "RUSTFLAGS=--cap-lints=warn" "-e" "RUSTDOCFLAGS=--cap-lints=warn" "-e" "CARGO_HOME=/opt/rustwide/cargo-home" "-e" "RUSTUP_HOME=/opt/rustwide/rustup-home" "-w" "/opt/rustwide/workdir" "-m" "1610612736" "--user" "0:0" "--network" "none" "ghcr.io/rust-lang/crates-build-env/linux@sha256:2788e3201cd34a07e3172128adcd8b3090168a8e3bcc40d7c032b9dda1df7d1c" "/opt/rustwide/cargo-home/bin/cargo" "+beta-2023-12-22" "build" "--frozen" "--message-format=json", kill_on_drop: false }`
[INFO] [stdout] f9b5ac20c3f413d3aa8e958a27d5528fcddd4ee5064c67fcdcfc03c813aca01d
[INFO] running `Command { std: "docker" "start" "-a" "f9b5ac20c3f413d3aa8e958a27d5528fcddd4ee5064c67fcdcfc03c813aca01d", kill_on_drop: false }`
[INFO] [stderr]    Compiling libc v0.2.67
[INFO] [stderr]    Compiling getrandom v0.1.14
[INFO] [stderr]    Compiling cfg-if v0.1.10
[INFO] [stderr]    Compiling ppv-lite86 v0.2.6
[INFO] [stderr]    Compiling c2-chacha v0.2.3
[INFO] [stderr]    Compiling rand_core v0.5.1
[INFO] [stderr]    Compiling rand_chacha v0.2.1
[INFO] [stderr]    Compiling rand v0.7.3
[INFO] [stderr]    Compiling pruebas-rust v0.1.0 (/opt/rustwide/workdir)
[INFO] [stdout] warning: unused variable: `is_fixed_piece_id`
[INFO] [stdout]    --> src/crossteaser/crossteaser_search.rs:111:17
[INFO] [stdout]     |
[INFO] [stdout] 111 |             let is_fixed_piece_id = self.fixed_piece_ids.contains(&board.piece_id_from_index(i));
[INFO] [stdout]     |                 ^^^^^^^^^^^^^^^^^ help: if this is intentional, prefix it with an underscore: `_is_fixed_piece_id`
[INFO] [stdout]     |
[INFO] [stdout]     = note: `#[warn(unused_variables)]` on by default
[INFO] [stdout] 
[INFO] [stdout] 
[INFO] [stdout] warning: 1 warning emitted
[INFO] [stdout] 
[INFO] [stdout] 
[INFO] [stderr]     Finished dev [unoptimized + debuginfo] target(s) in 1.51s
[INFO] running `Command { std: "docker" "inspect" "f9b5ac20c3f413d3aa8e958a27d5528fcddd4ee5064c67fcdcfc03c813aca01d", kill_on_drop: false }`
[INFO] running `Command { std: "docker" "rm" "-f" "f9b5ac20c3f413d3aa8e958a27d5528fcddd4ee5064c67fcdcfc03c813aca01d", kill_on_drop: false }`
[INFO] [stdout] f9b5ac20c3f413d3aa8e958a27d5528fcddd4ee5064c67fcdcfc03c813aca01d
[INFO] running `Command { std: "docker" "create" "-v" "/var/lib/crater-agent-workspace/builds/worker-5-tc2/target:/opt/rustwide/target:rw,Z" "-v" "/var/lib/crater-agent-workspace/builds/worker-5-tc2/source:/opt/rustwide/workdir:ro,Z" "-v" "/var/lib/crater-agent-workspace/cargo-home:/opt/rustwide/cargo-home:ro,Z" "-v" "/var/lib/crater-agent-workspace/rustup-home:/opt/rustwide/rustup-home:ro,Z" "-e" "SOURCE_DIR=/opt/rustwide/workdir" "-e" "CARGO_TARGET_DIR=/opt/rustwide/target" "-e" "CARGO_INCREMENTAL=0" "-e" "RUST_BACKTRACE=full" "-e" "RUSTFLAGS=--cap-lints=warn" "-e" "RUSTDOCFLAGS=--cap-lints=warn" "-e" "CARGO_HOME=/opt/rustwide/cargo-home" "-e" "RUSTUP_HOME=/opt/rustwide/rustup-home" "-w" "/opt/rustwide/workdir" "-m" "1610612736" "--user" "0:0" "--network" "none" "ghcr.io/rust-lang/crates-build-env/linux@sha256:2788e3201cd34a07e3172128adcd8b3090168a8e3bcc40d7c032b9dda1df7d1c" "/opt/rustwide/cargo-home/bin/cargo" "+beta-2023-12-22" "test" "--frozen" "--no-run" "--message-format=json", kill_on_drop: false }`
[INFO] [stdout] 3df5238fb2e5b57e0ea8ec0ff2874cf224855fae0b66a81c5aeb4b310b5bd9c5
[INFO] running `Command { std: "docker" "start" "-a" "3df5238fb2e5b57e0ea8ec0ff2874cf224855fae0b66a81c5aeb4b310b5bd9c5", kill_on_drop: false }`
[INFO] [stderr]    Compiling proc-macro2 v1.0.36
[INFO] [stderr]    Compiling unicode-xid v0.2.2
[INFO] [stderr]    Compiling syn v1.0.89
[INFO] [stderr]    Compiling serde v1.0.136
[INFO] [stderr]    Compiling ntest_proc_macro_helper v0.7.5
[INFO] [stderr]    Compiling quote v1.0.17
[INFO] [stderr]    Compiling toml v0.5.8
[INFO] [stderr]    Compiling thiserror-impl v1.0.30
[INFO] [stderr]    Compiling ntest_test_cases v0.7.5
[INFO] [stderr]    Compiling thiserror v1.0.30
[INFO] [stderr]    Compiling proc-macro-crate v1.1.3
[INFO] [stderr]    Compiling ntest_timeout v0.7.5
[INFO] [stderr]    Compiling ntest v0.7.5
[INFO] [stderr]    Compiling pruebas-rust v0.1.0 (/opt/rustwide/workdir)
[INFO] [stdout] warning: unused variable: `is_fixed_piece_id`
[INFO] [stdout]    --> src/crossteaser/crossteaser_search.rs:111:17
[INFO] [stdout]     |
[INFO] [stdout] 111 |             let is_fixed_piece_id = self.fixed_piece_ids.contains(&board.piece_id_from_index(i));
[INFO] [stdout]     |                 ^^^^^^^^^^^^^^^^^ help: if this is intentional, prefix it with an underscore: `_is_fixed_piece_id`
[INFO] [stdout]     |
[INFO] [stdout]     = note: `#[warn(unused_variables)]` on by default
[INFO] [stdout] 
[INFO] [stdout] 
[INFO] [stdout] warning: 1 warning emitted
[INFO] [stdout] 
[INFO] [stdout] 
[INFO] [stderr]     Finished test [unoptimized + debuginfo] target(s) in 4.68s
[INFO] running `Command { std: "docker" "inspect" "3df5238fb2e5b57e0ea8ec0ff2874cf224855fae0b66a81c5aeb4b310b5bd9c5", kill_on_drop: false }`
[INFO] running `Command { std: "docker" "rm" "-f" "3df5238fb2e5b57e0ea8ec0ff2874cf224855fae0b66a81c5aeb4b310b5bd9c5", kill_on_drop: false }`
[INFO] [stdout] 3df5238fb2e5b57e0ea8ec0ff2874cf224855fae0b66a81c5aeb4b310b5bd9c5
[INFO] running `Command { std: "docker" "create" "-v" "/var/lib/crater-agent-workspace/builds/worker-5-tc2/target:/opt/rustwide/target:rw,Z" "-v" "/var/lib/crater-agent-workspace/builds/worker-5-tc2/source:/opt/rustwide/workdir:ro,Z" "-v" "/var/lib/crater-agent-workspace/cargo-home:/opt/rustwide/cargo-home:ro,Z" "-v" "/var/lib/crater-agent-workspace/rustup-home:/opt/rustwide/rustup-home:ro,Z" "-e" "SOURCE_DIR=/opt/rustwide/workdir" "-e" "CARGO_TARGET_DIR=/opt/rustwide/target" "-e" "CARGO_INCREMENTAL=0" "-e" "RUST_BACKTRACE=full" "-e" "RUSTFLAGS=--cap-lints=warn" "-e" "RUSTDOCFLAGS=--cap-lints=warn" "-e" "CARGO_HOME=/opt/rustwide/cargo-home" "-e" "RUSTUP_HOME=/opt/rustwide/rustup-home" "-w" "/opt/rustwide/workdir" "-m" "1610612736" "--user" "0:0" "--network" "none" "ghcr.io/rust-lang/crates-build-env/linux@sha256:2788e3201cd34a07e3172128adcd8b3090168a8e3bcc40d7c032b9dda1df7d1c" "/opt/rustwide/cargo-home/bin/cargo" "+beta-2023-12-22" "test" "--frozen", kill_on_drop: false }`
[INFO] [stdout] baecc25d0c81302212959f99200bc0fa19c4bc7561bdf5a328d6f62bb679308e
[INFO] running `Command { std: "docker" "start" "-a" "baecc25d0c81302212959f99200bc0fa19c4bc7561bdf5a328d6f62bb679308e", kill_on_drop: false }`
[INFO] [stderr] warning: unused variable: `is_fixed_piece_id`
[INFO] [stderr]    --> src/crossteaser/crossteaser_search.rs:111:17
[INFO] [stderr]     |
[INFO] [stderr] 111 |             let is_fixed_piece_id = self.fixed_piece_ids.contains(&board.piece_id_from_index(i));
[INFO] [stderr]     |                 ^^^^^^^^^^^^^^^^^ help: if this is intentional, prefix it with an underscore: `_is_fixed_piece_id`
[INFO] [stderr]     |
[INFO] [stderr]     = note: `#[warn(unused_variables)]` on by default
[INFO] [stderr] 
[INFO] [stderr] warning: `pruebas-rust` (bin "pruebas-rust" test) generated 1 warning (run `cargo fix --bin "pruebas-rust" --tests` to apply 1 suggestion)
[INFO] [stderr]     Finished test [unoptimized + debuginfo] target(s) in 0.01s
[INFO] [stderr]      Running unittests src/main.rs (/opt/rustwide/target/debug/deps/pruebas_rust-1daa8141197a9b27)
[INFO] [stdout] 
[INFO] [stdout] running 32 tests
[INFO] [stdout] test crossteaser::crossteaser_search::tests::is_goal ... ok
[INFO] [stdout] test crossteaser::crossteaser_search::tests::root_is_goal ... ok
[INFO] [stdout] test crossteaser::crossteaser_search::tests::test_piece_id ... ok
[INFO] [stdout] test crossteaser::tests::create_pieces ... ok
[INFO] [stdout] test crossteaser::tests::create_pieceset ... ok
[INFO] [stdout] test crossteaser::tests::diffs_of_children ... ok
[INFO] [stdout] test crossteaser::tests::rotate ... ok
[INFO] [stdout] test crossteaser::tests::initial_board ... ok
[INFO] [stdout] test crossteaser::tests::one_piece_board_2 ... ok
[INFO] [stdout] test crossteaser::tests::one_piece_board_1 ... ok
[INFO] [stdout] test crossteaser::tests::moves_to_empty_position ... ok
[INFO] [stdout] test crossteaser::tests::initial_board_children ... ok
[INFO] [stdout] test ravioli::tests::clone ... ok
[INFO] [stdout] test crossteaser::tests::one_piece_board_3 ... ok
[INFO] [stdout] test ravioli::tests::un_struct ... ok
[INFO] [stdout] test ravioli::tests::simple ... ok
[INFO] [stdout] test crossteaser::tests::index_rotations_same_as_regular_pieces ... ok
[INFO] [stdout] test search::tests::expand_node_test ... ok
[INFO] [stdout] test search::tests::deep_first_search_test ... ok
[INFO] [stdout] test search::tests::expand_test ... ok
[INFO] [stdout] test search::tests::is_goal_test ... ok
[INFO] [stdout] test search::tests::root_path_test ... ok
[INFO] [stdout] test search::astar::tests::a_star_test ... ok
[INFO] [stdout] test search::tests::breadth_first_search_test ... ok
[INFO] [stdout] test crossteaser::crossteaser_search::tests::change_positions_1_8_until_original ... ok
[INFO] [stdout] test crossteaser::crossteaser_search::tests::moves_for_1_8_are_recognized ... ok
[INFO] [stdout] test crossteaser::crossteaser_search::tests::change_positions_1_8 ... ok
[INFO] [stdout] test crossteaser::crossteaser_search::tests::find_moves_for_three_changes ... ok
[INFO] [stdout] test crossteaser::crossteaser_search::tests::moves_for_two_changes_possible ... FAILED
[INFO] [stdout] test crossteaser::crossteaser_search::tests::moves_for_two_changes_impossible ... FAILED
[INFO] [stdout] test crossteaser::crossteaser_search::tests::moves_for_two_changes_are_for_two_changes ... FAILED
[INFO] [stdout] test crossteaser::crossteaser_search::tests::search_on_scrambled_board ... ok
[INFO] [stdout] 
[INFO] [stdout] failures:
[INFO] [stdout] 
[INFO] [stdout] ---- crossteaser::crossteaser_search::tests::moves_for_two_changes_possible stdout ----
[INFO] [stdout] Nodos expandidos: 10000 Nodos sin expandir:9287 Ultimo nivel:15
[INFO] [stdout] Nodos expandidos: 20000 Nodos sin expandir:19099 Ultimo nivel:16
[INFO] [stdout] Nodos expandidos: 30000 Nodos sin expandir:28368 Ultimo nivel:17
[INFO] [stdout] Nodos expandidos: 40000 Nodos sin expandir:40080 Ultimo nivel:18
[INFO] [stdout] Nodos expandidos: 50000 Nodos sin expandir:49426 Ultimo nivel:18
[INFO] [stdout] Nodos expandidos: 60000 Nodos sin expandir:55072 Ultimo nivel:18
[INFO] [stdout] Nodos expandidos: 70000 Nodos sin expandir:58931 Ultimo nivel:19
[INFO] [stdout] Nodos expandidos: 80000 Nodos sin expandir:73965 Ultimo nivel:19
[INFO] [stdout] Nodos expandidos: 90000 Nodos sin expandir:87009 Ultimo nivel:19
[INFO] [stdout] Nodos expandidos: 100000 Nodos sin expandir:98698 Ultimo nivel:19
[INFO] [stdout] Nodos expandidos: 110000 Nodos sin expandir:109488 Ultimo nivel:19
[INFO] [stdout] thread '<unnamed>' panicked at src/crossteaser/crossteaser_search.rs:352:13:
[INFO] [stdout] assertion failed: moves.is_some()
[INFO] [stdout] stack backtrace:
[INFO] [stdout]    0:     0x563514509b66 - std::backtrace_rs::backtrace::libunwind::trace::h261606ad26a499c1
[INFO] [stdout]                                at /rustc/0e09125c6c3c2fd70d7de961bcf0e51575235fad/library/std/src/../../backtrace/src/backtrace/libunwind.rs:104:5
[INFO] [stdout]    1:     0x563514509b66 - std::backtrace_rs::backtrace::trace_unsynchronized::hd183f0625477fb28
[INFO] [stdout]                                at /rustc/0e09125c6c3c2fd70d7de961bcf0e51575235fad/library/std/src/../../backtrace/src/backtrace/mod.rs:66:5
[INFO] [stdout]    2:     0x563514509b66 - std::sys_common::backtrace::_print_fmt::hd7f8fef21b4eda67
[INFO] [stdout]                                at /rustc/0e09125c6c3c2fd70d7de961bcf0e51575235fad/library/std/src/sys_common/backtrace.rs:68:5
[INFO] [stdout]    3:     0x563514509b66 - <std::sys_common::backtrace::_print::DisplayBacktrace as core::fmt::Display>::fmt::h623d9b51f2f453f1
[INFO] [stdout]                                at /rustc/0e09125c6c3c2fd70d7de961bcf0e51575235fad/library/std/src/sys_common/backtrace.rs:44:22
[INFO] [stdout]    4:     0x563514532a30 - core::fmt::rt::Argument::fmt::h9f417ac76a86f368
[INFO] [stdout]                                at /rustc/0e09125c6c3c2fd70d7de961bcf0e51575235fad/library/core/src/fmt/rt.rs:142:9
[INFO] [stdout]    5:     0x563514532a30 - core::fmt::write::hc9b6faf4ac2aeff7
[INFO] [stdout]                                at /rustc/0e09125c6c3c2fd70d7de961bcf0e51575235fad/library/core/src/fmt/mod.rs:1120:17
[INFO] [stdout]    6:     0x5635145075cf - std::io::Write::write_fmt::he04625a3a989fec3
[INFO] [stdout]                                at /rustc/0e09125c6c3c2fd70d7de961bcf0e51575235fad/library/std/src/io/mod.rs:1810:15
[INFO] [stdout]    7:     0x563514509944 - std::sys_common::backtrace::_print::hd5d66399c7df88a2
[INFO] [stdout]                                at /rustc/0e09125c6c3c2fd70d7de961bcf0e51575235fad/library/std/src/sys_common/backtrace.rs:47:5
[INFO] [stdout]    8:     0x563514509944 - std::sys_common::backtrace::print::he81ed2da642d37e5
[INFO] [stdout]                                at /rustc/0e09125c6c3c2fd70d7de961bcf0e51575235fad/library/std/src/sys_common/backtrace.rs:34:9
[INFO] [stdout]    9:     0x56351450b6b7 - std::panicking::default_hook::{{closure}}::h85773f4fa117163d
[INFO] [stdout]   10:     0x56351450b39d - std::panicking::default_hook::h6a1694a91d09b278
[INFO] [stdout]                                at /rustc/0e09125c6c3c2fd70d7de961bcf0e51575235fad/library/std/src/panicking.rs:289:9
[INFO] [stdout]   11:     0x5635144a0c17 - <alloc::boxed::Box<F,A> as core::ops::function::Fn<Args>>::call::h616ac37fa3cd6c8f
[INFO] [stdout]                                at /rustc/0e09125c6c3c2fd70d7de961bcf0e51575235fad/library/alloc/src/boxed.rs:2029:9
[INFO] [stdout]   12:     0x5635144a0c17 - test::test_main::{{closure}}::h00d84697cefdcbb6
[INFO] [stdout]                                at /rustc/0e09125c6c3c2fd70d7de961bcf0e51575235fad/library/test/src/lib.rs:138:21
[INFO] [stdout]   13:     0x56351450bcd6 - <alloc::boxed::Box<F,A> as core::ops::function::Fn<Args>>::call::hcb3fe3b9bb537ba8
[INFO] [stdout]                                at /rustc/0e09125c6c3c2fd70d7de961bcf0e51575235fad/library/alloc/src/boxed.rs:2029:9
[INFO] [stdout]   14:     0x56351450bcd6 - std::panicking::rust_panic_with_hook::h0a7ad96e90f7145b
[INFO] [stdout]                                at /rustc/0e09125c6c3c2fd70d7de961bcf0e51575235fad/library/std/src/panicking.rs:783:13
[INFO] [stdout]   15:     0x56351450b9e9 - std::panicking::begin_panic_handler::{{closure}}::h7919090525c6485e
[INFO] [stdout]                                at /rustc/0e09125c6c3c2fd70d7de961bcf0e51575235fad/library/std/src/panicking.rs:649:13
[INFO] [stdout]   16:     0x56351450a066 - std::sys_common::backtrace::__rust_end_short_backtrace::hf3289479464f7dfe
[INFO] [stdout]                                at /rustc/0e09125c6c3c2fd70d7de961bcf0e51575235fad/library/std/src/sys_common/backtrace.rs:171:18
[INFO] [stdout]   17:     0x56351450b780 - rust_begin_unwind
[INFO] [stdout]                                at /rustc/0e09125c6c3c2fd70d7de961bcf0e51575235fad/library/std/src/panicking.rs:645:5
[INFO] [stdout]   18:     0x5635143f0195 - core::panicking::panic_fmt::hcc9f77c5c132af55
[INFO] [stdout]                                at /rustc/0e09125c6c3c2fd70d7de961bcf0e51575235fad/library/core/src/panicking.rs:72:14
[INFO] [stdout]   19:     0x5635143f0253 - core::panicking::panic::h5a1259c1164bd480
[INFO] [stdout]                                at /rustc/0e09125c6c3c2fd70d7de961bcf0e51575235fad/library/core/src/panicking.rs:144:5
[INFO] [stdout]   20:     0x5635144615c9 - pruebas_rust::crossteaser::crossteaser_search::tests::moves_for_two_changes_possible::ntest_callback::h24b6ae5969b57c3c
[INFO] [stdout]                                at /opt/rustwide/workdir/src/crossteaser/crossteaser_search.rs:352:13
[INFO] [stdout]   21:     0x563514427e8e - core::ops::function::Fn::call::h05d30fd47d6df960
[INFO] [stdout]                                at /rustc/0e09125c6c3c2fd70d7de961bcf0e51575235fad/library/core/src/ops/function.rs:79:5
[INFO] [stdout]   22:     0x563514445c3a - ntest_proc_macro_helper::execute_with_timeout::{{closure}}::h4cc1ff83838951b6
[INFO] [stdout]                                at /opt/rustwide/cargo-home/registry/src/index.crates.io-6f17d22bba15001f/ntest_proc_macro_helper-0.7.5/src/lib.rs:14:27
[INFO] [stdout]   23:     0x56351444b906 - std::sys_common::backtrace::__rust_begin_short_backtrace::h3e1db74cdbe949ab
[INFO] [stdout]                                at /rustc/0e09125c6c3c2fd70d7de961bcf0e51575235fad/library/std/src/sys_common/backtrace.rs:155:18
[INFO] [stdout]   24:     0x563514448621 - std::thread::Builder::spawn_unchecked_::{{closure}}::{{closure}}::h4083b1279c394d36
[INFO] [stdout]                                at /rustc/0e09125c6c3c2fd70d7de961bcf0e51575235fad/library/std/src/thread/mod.rs:529:17
[INFO] [stdout]   25:     0x56351442c8c1 - <core::panic::unwind_safe::AssertUnwindSafe<F> as core::ops::function::FnOnce<()>>::call_once::hc7f62a87691fe520
[INFO] [stdout]                                at /rustc/0e09125c6c3c2fd70d7de961bcf0e51575235fad/library/core/src/panic/unwind_safe.rs:272:9
[INFO] [stdout]   26:     0x56351445ba02 - std::panicking::try::do_call::hdf4c77226ca5ad66
[INFO] [stdout]                                at /rustc/0e09125c6c3c2fd70d7de961bcf0e51575235fad/library/std/src/panicking.rs:552:40
[INFO] [stdout]   27:     0x56351446799b - __rust_try
[INFO] [stdout]   28:     0x56351445b731 - std::panicking::try::h678140d867d7131a
[INFO] [stdout]                                at /rustc/0e09125c6c3c2fd70d7de961bcf0e51575235fad/library/std/src/panicking.rs:516:19
[INFO] [stdout]   29:     0x563514448447 - std::panic::catch_unwind::ha805ff54d82fd024
[INFO] [stdout]                                at /rustc/0e09125c6c3c2fd70d7de961bcf0e51575235fad/library/std/src/panic.rs:142:14
[INFO] [stdout]   30:     0x563514448447 - std::thread::Builder::spawn_unchecked_::{{closure}}::h97a99f4c0731a933
[INFO] [stdout]                                at /rustc/0e09125c6c3c2fd70d7de961bcf0e51575235fad/library/std/src/thread/mod.rs:528:30
[INFO] [stdout]   31:     0x56351442811e - core::ops::function::FnOnce::call_once{{vtable.shim}}::h19fd5274245c7fa1
[INFO] [stdout]                                at /rustc/0e09125c6c3c2fd70d7de961bcf0e51575235fad/library/core/src/ops/function.rs:250:5
[INFO] [stdout]   32:     0x563514510785 - <alloc::boxed::Box<F,A> as core::ops::function::FnOnce<Args>>::call_once::h5d7c8f150ab9c84c
[INFO] [stdout]                                at /rustc/0e09125c6c3c2fd70d7de961bcf0e51575235fad/library/alloc/src/boxed.rs:2015:9
[INFO] [stdout]   33:     0x563514510785 - <alloc::boxed::Box<F,A> as core::ops::function::FnOnce<Args>>::call_once::h570d5b005c242c15
[INFO] [stdout]                                at /rustc/0e09125c6c3c2fd70d7de961bcf0e51575235fad/library/alloc/src/boxed.rs:2015:9
[INFO] [stdout]   34:     0x563514510785 - std::sys::unix::thread::Thread::new::thread_start::h36b0a20c0b2361ad
[INFO] [stdout]                                at /rustc/0e09125c6c3c2fd70d7de961bcf0e51575235fad/library/std/src/sys/unix/thread.rs:108:17
[INFO] [stdout]   35:     0x7ff8b3359ac3 - <unknown>
[INFO] [stdout]   36:     0x7ff8b33eabf4 - __clone
[INFO] [stdout]   37:                0x0 - <unknown>
[INFO] [stdout] thread 'crossteaser::crossteaser_search::tests::moves_for_two_changes_possible' panicked at src/crossteaser/crossteaser_search.rs:345:5:
[INFO] [stdout] timeout: the function call took 3225 ms. Max time 10000 ms
[INFO] [stdout] stack backtrace:
[INFO] [stdout]    0:     0x563514509b66 - std::backtrace_rs::backtrace::libunwind::trace::h261606ad26a499c1
[INFO] [stdout]                                at /rustc/0e09125c6c3c2fd70d7de961bcf0e51575235fad/library/std/src/../../backtrace/src/backtrace/libunwind.rs:104:5
[INFO] [stdout]    1:     0x563514509b66 - std::backtrace_rs::backtrace::trace_unsynchronized::hd183f0625477fb28
[INFO] [stdout]                                at /rustc/0e09125c6c3c2fd70d7de961bcf0e51575235fad/library/std/src/../../backtrace/src/backtrace/mod.rs:66:5
[INFO] [stdout]    2:     0x563514509b66 - std::sys_common::backtrace::_print_fmt::hd7f8fef21b4eda67
[INFO] [stdout]                                at /rustc/0e09125c6c3c2fd70d7de961bcf0e51575235fad/library/std/src/sys_common/backtrace.rs:68:5
[INFO] [stdout]    3:     0x563514509b66 - <std::sys_common::backtrace::_print::DisplayBacktrace as core::fmt::Display>::fmt::h623d9b51f2f453f1
[INFO] [stdout]                                at /rustc/0e09125c6c3c2fd70d7de961bcf0e51575235fad/library/std/src/sys_common/backtrace.rs:44:22
[INFO] [stdout]    4:     0x563514532a30 - core::fmt::rt::Argument::fmt::h9f417ac76a86f368
[INFO] [stdout]                                at /rustc/0e09125c6c3c2fd70d7de961bcf0e51575235fad/library/core/src/fmt/rt.rs:142:9
[INFO] [stdout]    5:     0x563514532a30 - core::fmt::write::hc9b6faf4ac2aeff7
[INFO] [stdout]                                at /rustc/0e09125c6c3c2fd70d7de961bcf0e51575235fad/library/core/src/fmt/mod.rs:1120:17
[INFO] [stdout]    6:     0x5635145075cf - std::io::Write::write_fmt::he04625a3a989fec3
[INFO] [stdout]                                at /rustc/0e09125c6c3c2fd70d7de961bcf0e51575235fad/library/std/src/io/mod.rs:1810:15
[INFO] [stdout]    7:     0x563514509944 - std::sys_common::backtrace::_print::hd5d66399c7df88a2
[INFO] [stdout]                                at /rustc/0e09125c6c3c2fd70d7de961bcf0e51575235fad/library/std/src/sys_common/backtrace.rs:47:5
[INFO] [stdout]    8:     0x563514509944 - std::sys_common::backtrace::print::he81ed2da642d37e5
[INFO] [stdout]                                at /rustc/0e09125c6c3c2fd70d7de961bcf0e51575235fad/library/std/src/sys_common/backtrace.rs:34:9
[INFO] [stdout]    9:     0x56351450b6b7 - std::panicking::default_hook::{{closure}}::h85773f4fa117163d
[INFO] [stdout]   10:     0x56351450b39d - std::panicking::default_hook::h6a1694a91d09b278
[INFO] [stdout]                                at /rustc/0e09125c6c3c2fd70d7de961bcf0e51575235fad/library/std/src/panicking.rs:289:9
[INFO] [stdout]   11:     0x5635144a0c17 - <alloc::boxed::Box<F,A> as core::ops::function::Fn<Args>>::call::h616ac37fa3cd6c8f
[INFO] [stdout]                                at /rustc/0e09125c6c3c2fd70d7de961bcf0e51575235fad/library/alloc/src/boxed.rs:2029:9
[INFO] [stdout]   12:     0x5635144a0c17 - test::test_main::{{closure}}::h00d84697cefdcbb6
[INFO] [stdout]                                at /rustc/0e09125c6c3c2fd70d7de961bcf0e51575235fad/library/test/src/lib.rs:138:21
[INFO] [stdout]   13:     0x56351450bcd6 - <alloc::boxed::Box<F,A> as core::ops::function::Fn<Args>>::call::hcb3fe3b9bb537ba8
[INFO] [stdout]                                at /rustc/0e09125c6c3c2fd70d7de961bcf0e51575235fad/library/alloc/src/boxed.rs:2029:9
[INFO] [stdout]   14:     0x56351450bcd6 - std::panicking::rust_panic_with_hook::h0a7ad96e90f7145b
[INFO] [stdout]                                at /rustc/0e09125c6c3c2fd70d7de961bcf0e51575235fad/library/std/src/panicking.rs:783:13
[INFO] [stdout]   15:     0x56351450ba22 - std::panicking::begin_panic_handler::{{closure}}::h7919090525c6485e
[INFO] [stdout]                                at /rustc/0e09125c6c3c2fd70d7de961bcf0e51575235fad/library/std/src/panicking.rs:657:13
[INFO] [stdout]   16:     0x56351450a066 - std::sys_common::backtrace::__rust_end_short_backtrace::hf3289479464f7dfe
[INFO] [stdout]                                at /rustc/0e09125c6c3c2fd70d7de961bcf0e51575235fad/library/std/src/sys_common/backtrace.rs:171:18
[INFO] [stdout]   17:     0x56351450b780 - rust_begin_unwind
[INFO] [stdout]                                at /rustc/0e09125c6c3c2fd70d7de961bcf0e51575235fad/library/std/src/panicking.rs:645:5
[INFO] [stdout]   18:     0x5635143f0195 - core::panicking::panic_fmt::hcc9f77c5c132af55
[INFO] [stdout]                                at /rustc/0e09125c6c3c2fd70d7de961bcf0e51575235fad/library/core/src/panicking.rs:72:14
[INFO] [stdout]   19:     0x563514461387 - pruebas_rust::crossteaser::crossteaser_search::tests::moves_for_two_changes_possible::h3999e64d610ff47e
[INFO] [stdout]                                at /opt/rustwide/workdir/src/crossteaser/crossteaser_search.rs:345:5
[INFO] [stdout]   20:     0x563514461277 - pruebas_rust::crossteaser::crossteaser_search::tests::moves_for_two_changes_possible::{{closure}}::hb120bcf211b52995
[INFO] [stdout]                                at /opt/rustwide/workdir/src/crossteaser/crossteaser_search.rs:346:40
[INFO] [stdout]   21:     0x563514428366 - core::ops::function::FnOnce::call_once::h143ad3e1ecd11e4e
[INFO] [stdout]                                at /rustc/0e09125c6c3c2fd70d7de961bcf0e51575235fad/library/core/src/ops/function.rs:250:5
[INFO] [stdout]   22:     0x5635144a64ef - core::ops::function::FnOnce::call_once::hd64d26f405258157
[INFO] [stdout]                                at /rustc/0e09125c6c3c2fd70d7de961bcf0e51575235fad/library/core/src/ops/function.rs:250:5
[INFO] [stdout]   23:     0x5635144a64ef - test::__rust_begin_short_backtrace::he21b0b7a6d731bf9
[INFO] [stdout]                                at /rustc/0e09125c6c3c2fd70d7de961bcf0e51575235fad/library/test/src/lib.rs:627:18
[INFO] [stdout]   24:     0x5635144a5271 - test::run_test_in_process::{{closure}}::hf5c73986d7bdfde2
[INFO] [stdout]                                at /rustc/0e09125c6c3c2fd70d7de961bcf0e51575235fad/library/test/src/lib.rs:650:60
[INFO] [stdout]   25:     0x5635144a5271 - <core::panic::unwind_safe::AssertUnwindSafe<F> as core::ops::function::FnOnce<()>>::call_once::h330011ad032aadc0
[INFO] [stdout]                                at /rustc/0e09125c6c3c2fd70d7de961bcf0e51575235fad/library/core/src/panic/unwind_safe.rs:272:9
[INFO] [stdout]   26:     0x5635144a5271 - std::panicking::try::do_call::he61b0a958b795a41
[INFO] [stdout]                                at /rustc/0e09125c6c3c2fd70d7de961bcf0e51575235fad/library/std/src/panicking.rs:552:40
[INFO] [stdout]   27:     0x5635144a5271 - std::panicking::try::h7309da130f906eb7
[INFO] [stdout]                                at /rustc/0e09125c6c3c2fd70d7de961bcf0e51575235fad/library/std/src/panicking.rs:516:19
[INFO] [stdout]   28:     0x5635144a5271 - std::panic::catch_unwind::hc5c3a06fdaf0a92a
[INFO] [stdout]                                at /rustc/0e09125c6c3c2fd70d7de961bcf0e51575235fad/library/std/src/panic.rs:142:14
[INFO] [stdout]   29:     0x5635144a5271 - test::run_test_in_process::h7e7b7c71c3324e0f
[INFO] [stdout]                                at /rustc/0e09125c6c3c2fd70d7de961bcf0e51575235fad/library/test/src/lib.rs:650:27
[INFO] [stdout]   30:     0x5635144a5271 - test::run_test::{{closure}}::h1f509f28f5cf20b1
[INFO] [stdout]                                at /rustc/0e09125c6c3c2fd70d7de961bcf0e51575235fad/library/test/src/lib.rs:573:43
[INFO] [stdout]   31:     0x56351446c5a6 - test::run_test::{{closure}}::h1754218abf443f6d
[INFO] [stdout]                                at /rustc/0e09125c6c3c2fd70d7de961bcf0e51575235fad/library/test/src/lib.rs:601:41
[INFO] [stdout]   32:     0x56351446c5a6 - std::sys_common::backtrace::__rust_begin_short_backtrace::h2ee174b9d5954948
[INFO] [stdout]                                at /rustc/0e09125c6c3c2fd70d7de961bcf0e51575235fad/library/std/src/sys_common/backtrace.rs:155:18
[INFO] [stdout]   33:     0x563514471607 - std::thread::Builder::spawn_unchecked_::{{closure}}::{{closure}}::hf60bee9c1a17ef09
[INFO] [stdout]                                at /rustc/0e09125c6c3c2fd70d7de961bcf0e51575235fad/library/std/src/thread/mod.rs:529:17
[INFO] [stdout]   34:     0x563514471607 - <core::panic::unwind_safe::AssertUnwindSafe<F> as core::ops::function::FnOnce<()>>::call_once::h33d0dddec5216160
[INFO] [stdout]                                at /rustc/0e09125c6c3c2fd70d7de961bcf0e51575235fad/library/core/src/panic/unwind_safe.rs:272:9
[INFO] [stdout]   35:     0x563514471607 - std::panicking::try::do_call::h144b3048b546f835
[INFO] [stdout]                                at /rustc/0e09125c6c3c2fd70d7de961bcf0e51575235fad/library/std/src/panicking.rs:552:40
[INFO] [stdout]   36:     0x563514471607 - std::panicking::try::h978244d04646189f
[INFO] [stdout]                                at /rustc/0e09125c6c3c2fd70d7de961bcf0e51575235fad/library/std/src/panicking.rs:516:19
[INFO] [stdout]   37:     0x563514471607 - std::panic::catch_unwind::hdf436369d188fe86
[INFO] [stdout]                                at /rustc/0e09125c6c3c2fd70d7de961bcf0e51575235fad/library/std/src/panic.rs:142:14
[INFO] [stdout]   38:     0x563514471607 - std::thread::Builder::spawn_unchecked_::{{closure}}::h87329cbdd33c79ec
[INFO] [stdout]                                at /rustc/0e09125c6c3c2fd70d7de961bcf0e51575235fad/library/std/src/thread/mod.rs:528:30
[INFO] [stdout]   39:     0x563514471607 - core::ops::function::FnOnce::call_once{{vtable.shim}}::h401abbe67897d450
[INFO] [stdout]                                at /rustc/0e09125c6c3c2fd70d7de961bcf0e51575235fad/library/core/src/ops/function.rs:250:5
[INFO] [stdout]   40:     0x563514510785 - <alloc::boxed::Box<F,A> as core::ops::function::FnOnce<Args>>::call_once::h5d7c8f150ab9c84c
[INFO] [stdout]                                at /rustc/0e09125c6c3c2fd70d7de961bcf0e51575235fad/library/alloc/src/boxed.rs:2015:9
[INFO] [stdout]   41:     0x563514510785 - <alloc::boxed::Box<F,A> as core::ops::function::FnOnce<Args>>::call_once::h570d5b005c242c15
[INFO] [stdout]                                at /rustc/0e09125c6c3c2fd70d7de961bcf0e51575235fad/library/alloc/src/boxed.rs:2015:9
[INFO] [stdout]   42:     0x563514510785 - std::sys::unix::thread::Thread::new::thread_start::h36b0a20c0b2361ad
[INFO] [stdout]                                at /rustc/0e09125c6c3c2fd70d7de961bcf0e51575235fad/library/std/src/sys/unix/thread.rs:108:17
[INFO] [stdout]   43:     0x7ff8b3359ac3 - <unknown>
[INFO] [stdout]   44:     0x7ff8b33eabf4 - __clone
[INFO] [stdout]   45:                0x0 - <unknown>
[INFO] [stdout] 
[INFO] [stdout] ---- crossteaser::crossteaser_search::tests::moves_for_two_changes_impossible stdout ----
[INFO] [stdout] Nodos expandidos: 10000 Nodos sin expandir:9287 Ultimo nivel:15
[INFO] [stdout] Nodos expandidos: 20000 Nodos sin expandir:19099 Ultimo nivel:16
[INFO] [stdout] Nodos expandidos: 30000 Nodos sin expandir:28368 Ultimo nivel:17
[INFO] [stdout] Nodos expandidos: 40000 Nodos sin expandir:40080 Ultimo nivel:18
[INFO] [stdout] Nodos expandidos: 50000 Nodos sin expandir:49426 Ultimo nivel:18
[INFO] [stdout] Nodos expandidos: 60000 Nodos sin expandir:55072 Ultimo nivel:18
[INFO] [stdout] Nodos expandidos: 70000 Nodos sin expandir:58931 Ultimo nivel:19
[INFO] [stdout] Nodos expandidos: 80000 Nodos sin expandir:73965 Ultimo nivel:19
[INFO] [stdout] Nodos expandidos: 90000 Nodos sin expandir:87009 Ultimo nivel:19
[INFO] [stdout] Nodos expandidos: 100000 Nodos sin expandir:98698 Ultimo nivel:19
[INFO] [stdout] Nodos expandidos: 110000 Nodos sin expandir:109488 Ultimo nivel:19
[INFO] [stdout] Nodos expandidos: 120000 Nodos sin expandir:120036 Ultimo nivel:20
[INFO] [stdout] Nodos expandidos: 130000 Nodos sin expandir:129454 Ultimo nivel:20
[INFO] [stdout] Nodos expandidos: 140000 Nodos sin expandir:137343 Ultimo nivel:20
[INFO] [stdout] Nodos expandidos: 150000 Nodos sin expandir:143927 Ultimo nivel:20
[INFO] [stdout] Nodos expandidos: 160000 Nodos sin expandir:149082 Ultimo nivel:20
[INFO] [stdout] Nodos expandidos: 170000 Nodos sin expandir:153113 Ultimo nivel:20
[INFO] [stdout] Nodos expandidos: 180000 Nodos sin expandir:156059 Ultimo nivel:20
[INFO] [stdout] Nodos expandidos: 190000 Nodos sin expandir:157312 Ultimo nivel:20
[INFO] [stdout] Nodos expandidos: 200000 Nodos sin expandir:170054 Ultimo nivel:21
[INFO] [stdout] Nodos expandidos: 210000 Nodos sin expandir:185309 Ultimo nivel:21
[INFO] [stdout] Nodos expandidos: 220000 Nodos sin expandir:199814 Ultimo nivel:21
[INFO] [stdout] Nodos expandidos: 230000 Nodos sin expandir:213693 Ultimo nivel:21
[INFO] [stdout] Nodos expandidos: 240000 Nodos sin expandir:226954 Ultimo nivel:21
[INFO] [stdout] Nodos expandidos: 250000 Nodos sin expandir:239685 Ultimo nivel:21
[INFO] [stdout] Nodos expandidos: 260000 Nodos sin expandir:251874 Ultimo nivel:21
[INFO] [stdout] Nodos expandidos: 270000 Nodos sin expandir:263493 Ultimo nivel:21
[INFO] [stdout] Nodos expandidos: 280000 Nodos sin expandir:274752 Ultimo nivel:21
[INFO] [stdout] Nodos expandidos: 290000 Nodos sin expandir:285742 Ultimo nivel:21
[INFO] [stdout] Nodos expandidos: 300000 Nodos sin expandir:296402 Ultimo nivel:21
[INFO] [stdout] Nodos expandidos: 310000 Nodos sin expandir:307147 Ultimo nivel:22
[INFO] [stdout] Nodos expandidos: 320000 Nodos sin expandir:318145 Ultimo nivel:22
[INFO] [stdout] Nodos expandidos: 330000 Nodos sin expandir:328966 Ultimo nivel:22
[INFO] [stdout] Nodos expandidos: 340000 Nodos sin expandir:338916 Ultimo nivel:22
[INFO] [stdout] Nodos expandidos: 350000 Nodos sin expandir:348234 Ultimo nivel:22
[INFO] [stdout] Nodos expandidos: 360000 Nodos sin expandir:357278 Ultimo nivel:22
[INFO] [stdout] Nodos expandidos: 370000 Nodos sin expandir:365697 Ultimo nivel:22
[INFO] [stdout] Nodos expandidos: 380000 Nodos sin expandir:373653 Ultimo nivel:22
[INFO] [stdout] thread 'crossteaser::crossteaser_search::tests::moves_for_two_changes_impossible' panicked at src/crossteaser/crossteaser_search.rs:394:5:
[INFO] [stdout] timeout: the function call took 10000 ms. Max time 10000 ms
[INFO] [stdout] stack backtrace:
[INFO] [stdout]    0:     0x563514509b66 - std::backtrace_rs::backtrace::libunwind::trace::h261606ad26a499c1
[INFO] [stdout]                                at /rustc/0e09125c6c3c2fd70d7de961bcf0e51575235fad/library/std/src/../../backtrace/src/backtrace/libunwind.rs:104:5
[INFO] [stdout]    1:     0x563514509b66 - std::backtrace_rs::backtrace::trace_unsynchronized::hd183f0625477fb28
[INFO] [stdout]                                at /rustc/0e09125c6c3c2fd70d7de961bcf0e51575235fad/library/std/src/../../backtrace/src/backtrace/mod.rs:66:5
[INFO] [stdout]    2:     0x563514509b66 - std::sys_common::backtrace::_print_fmt::hd7f8fef21b4eda67
[INFO] [stdout]                                at /rustc/0e09125c6c3c2fd70d7de961bcf0e51575235fad/library/std/src/sys_common/backtrace.rs:68:5
[INFO] [stdout]    3:     0x563514509b66 - <std::sys_common::backtrace::_print::DisplayBacktrace as core::fmt::Display>::fmt::h623d9b51f2f453f1
[INFO] [stdout]                                at /rustc/0e09125c6c3c2fd70d7de961bcf0e51575235fad/library/std/src/sys_common/backtrace.rs:44:22
[INFO] [stdout]    4:     0x563514532a30 - core::fmt::rt::Argument::fmt::h9f417ac76a86f368
[INFO] [stdout]                                at /rustc/0e09125c6c3c2fd70d7de961bcf0e51575235fad/library/core/src/fmt/rt.rs:142:9
[INFO] [stdout]    5:     0x563514532a30 - core::fmt::write::hc9b6faf4ac2aeff7
[INFO] [stdout]                                at /rustc/0e09125c6c3c2fd70d7de961bcf0e51575235fad/library/core/src/fmt/mod.rs:1120:17
[INFO] [stdout]    6:     0x5635145075cf - std::io::Write::write_fmt::he04625a3a989fec3
[INFO] [stdout]                                at /rustc/0e09125c6c3c2fd70d7de961bcf0e51575235fad/library/std/src/io/mod.rs:1810:15
[INFO] [stdout]    7:     0x563514509944 - std::sys_common::backtrace::_print::hd5d66399c7df88a2
[INFO] [stdout]                                at /rustc/0e09125c6c3c2fd70d7de961bcf0e51575235fad/library/std/src/sys_common/backtrace.rs:47:5
[INFO] [stdout]    8:     0x563514509944 - std::sys_common::backtrace::print::he81ed2da642d37e5
[INFO] [stdout]                                at /rustc/0e09125c6c3c2fd70d7de961bcf0e51575235fad/library/std/src/sys_common/backtrace.rs:34:9
[INFO] [stdout]    9:     0x56351450b6b7 - std::panicking::default_hook::{{closure}}::h85773f4fa117163d
[INFO] [stdout]   10:     0x56351450b39d - std::panicking::default_hook::h6a1694a91d09b278
[INFO] [stdout]                                at /rustc/0e09125c6c3c2fd70d7de961bcf0e51575235fad/library/std/src/panicking.rs:289:9
[INFO] [stdout]   11:     0x5635144a0c17 - <alloc::boxed::Box<F,A> as core::ops::function::Fn<Args>>::call::h616ac37fa3cd6c8f
[INFO] [stdout]                                at /rustc/0e09125c6c3c2fd70d7de961bcf0e51575235fad/library/alloc/src/boxed.rs:2029:9
[INFO] [stdout]   12:     0x5635144a0c17 - test::test_main::{{closure}}::h00d84697cefdcbb6
[INFO] [stdout]                                at /rustc/0e09125c6c3c2fd70d7de961bcf0e51575235fad/library/test/src/lib.rs:138:21
[INFO] [stdout]   13:     0x56351450bcd6 - <alloc::boxed::Box<F,A> as core::ops::function::Fn<Args>>::call::hcb3fe3b9bb537ba8
[INFO] [stdout]                                at /rustc/0e09125c6c3c2fd70d7de961bcf0e51575235fad/library/alloc/src/boxed.rs:2029:9
[INFO] [stdout]   14:     0x56351450bcd6 - std::panicking::rust_panic_with_hook::h0a7ad96e90f7145b
[INFO] [stdout]                                at /rustc/0e09125c6c3c2fd70d7de961bcf0e51575235fad/library/std/src/panicking.rs:783:13
[INFO] [stdout]   15:     0x56351450ba22 - std::panicking::begin_panic_handler::{{closure}}::h7919090525c6485e
[INFO] [stdout]                                at /rustc/0e09125c6c3c2fd70d7de961bcf0e51575235fad/library/std/src/panicking.rs:657:13
[INFO] [stdout]   16:     0x56351450a066 - std::sys_common::backtrace::__rust_end_short_backtrace::hf3289479464f7dfe
[INFO] [stdout]                                at /rustc/0e09125c6c3c2fd70d7de961bcf0e51575235fad/library/std/src/sys_common/backtrace.rs:171:18
[INFO] [stdout]   17:     0x56351450b780 - rust_begin_unwind
[INFO] [stdout]                                at /rustc/0e09125c6c3c2fd70d7de961bcf0e51575235fad/library/std/src/panicking.rs:645:5
[INFO] [stdout]   18:     0x5635143f0195 - core::panicking::panic_fmt::hcc9f77c5c132af55
[INFO] [stdout]                                at /rustc/0e09125c6c3c2fd70d7de961bcf0e51575235fad/library/core/src/panicking.rs:72:14
[INFO] [stdout]   19:     0x563514462447 - pruebas_rust::crossteaser::crossteaser_search::tests::moves_for_two_changes_impossible::he6f6736115ae4bff
[INFO] [stdout]                                at /opt/rustwide/workdir/src/crossteaser/crossteaser_search.rs:394:5
[INFO] [stdout]   20:     0x563514462337 - pruebas_rust::crossteaser::crossteaser_search::tests::moves_for_two_changes_impossible::{{closure}}::hc4894f0754509bc6
[INFO] [stdout]                                at /opt/rustwide/workdir/src/crossteaser/crossteaser_search.rs:395:42
[INFO] [stdout]   21:     0x563514428e76 - core::ops::function::FnOnce::call_once::hdfadeffb551cc1f3
[INFO] [stdout]                                at /rustc/0e09125c6c3c2fd70d7de961bcf0e51575235fad/library/core/src/ops/function.rs:250:5
[INFO] [stdout]   22:     0x5635144a64ef - core::ops::function::FnOnce::call_once::hd64d26f405258157
[INFO] [stdout]                                at /rustc/0e09125c6c3c2fd70d7de961bcf0e51575235fad/library/core/src/ops/function.rs:250:5
[INFO] [stdout]   23:     0x5635144a64ef - test::__rust_begin_short_backtrace::he21b0b7a6d731bf9
[INFO] [stdout]                                at /rustc/0e09125c6c3c2fd70d7de961bcf0e51575235fad/library/test/src/lib.rs:627:18
[INFO] [stdout]   24:     0x5635144a5271 - test::run_test_in_process::{{closure}}::hf5c73986d7bdfde2
[INFO] [stdout]                                at /rustc/0e09125c6c3c2fd70d7de961bcf0e51575235fad/library/test/src/lib.rs:650:60
[INFO] [stdout]   25:     0x5635144a5271 - <core::panic::unwind_safe::AssertUnwindSafe<F> as core::ops::function::FnOnce<()>>::call_once::h330011ad032aadc0
[INFO] [stdout]                                at /rustc/0e09125c6c3c2fd70d7de961bcf0e51575235fad/library/core/src/panic/unwind_safe.rs:272:9
[INFO] [stdout]   26:     0x5635144a5271 - std::panicking::try::do_call::he61b0a958b795a41
[INFO] [stdout]                                at /rustc/0e09125c6c3c2fd70d7de961bcf0e51575235fad/library/std/src/panicking.rs:552:40
[INFO] [stdout]   27:     0x5635144a5271 - std::panicking::try::h7309da130f906eb7
[INFO] [stdout]                                at /rustc/0e09125c6c3c2fd70d7de961bcf0e51575235fad/library/std/src/panicking.rs:516:19
[INFO] [stdout]   28:     0x5635144a5271 - std::panic::catch_unwind::hc5c3a06fdaf0a92a
[INFO] [stdout]                                at /rustc/0e09125c6c3c2fd70d7de961bcf0e51575235fad/library/std/src/panic.rs:142:14
[INFO] [stdout]   29:     0x5635144a5271 - test::run_test_in_process::h7e7b7c71c3324e0f
[INFO] [stdout]                                at /rustc/0e09125c6c3c2fd70d7de961bcf0e51575235fad/library/test/src/lib.rs:650:27
[INFO] [stdout]   30:     0x5635144a5271 - test::run_test::{{closure}}::h1f509f28f5cf20b1
[INFO] [stdout]                                at /rustc/0e09125c6c3c2fd70d7de961bcf0e51575235fad/library/test/src/lib.rs:573:43
[INFO] [stdout]   31:     0x56351446c5a6 - test::run_test::{{closure}}::h1754218abf443f6d
[INFO] [stdout]                                at /rustc/0e09125c6c3c2fd70d7de961bcf0e51575235fad/library/test/src/lib.rs:601:41
[INFO] [stdout]   32:     0x56351446c5a6 - std::sys_common::backtrace::__rust_begin_short_backtrace::h2ee174b9d5954948
[INFO] [stdout]                                at /rustc/0e09125c6c3c2fd70d7de961bcf0e51575235fad/library/std/src/sys_common/backtrace.rs:155:18
[INFO] [stdout]   33:     0x563514471607 - std::thread::Builder::spawn_unchecked_::{{closure}}::{{closure}}::hf60bee9c1a17ef09
[INFO] [stdout]                                at /rustc/0e09125c6c3c2fd70d7de961bcf0e51575235fad/library/std/src/thread/mod.rs:529:17
[INFO] [stdout]   34:     0x563514471607 - <core::panic::unwind_safe::AssertUnwindSafe<F> as core::ops::function::FnOnce<()>>::call_once::h33d0dddec5216160
[INFO] [stdout]                                at /rustc/0e09125c6c3c2fd70d7de961bcf0e51575235fad/library/core/src/panic/unwind_safe.rs:272:9
[INFO] [stdout]   35:     0x563514471607 - std::panicking::try::do_call::h144b3048b546f835
[INFO] [stdout]                                at /rustc/0e09125c6c3c2fd70d7de961bcf0e51575235fad/library/std/src/panicking.rs:552:40
[INFO] [stdout]   36:     0x563514471607 - std::panicking::try::h978244d04646189f
[INFO] [stdout]                                at /rustc/0e09125c6c3c2fd70d7de961bcf0e51575235fad/library/std/src/panicking.rs:516:19
[INFO] [stdout]   37:     0x563514471607 - std::panic::catch_unwind::hdf436369d188fe86
[INFO] [stdout]                                at /rustc/0e09125c6c3c2fd70d7de961bcf0e51575235fad/library/std/src/panic.rs:142:14
[INFO] [stdout]   38:     0x563514471607 - std::thread::Builder::spawn_unchecked_::{{closure}}::h87329cbdd33c79ec
[INFO] [stdout]                                at /rustc/0e09125c6c3c2fd70d7de961bcf0e51575235fad/library/std/src/thread/mod.rs:528:30
[INFO] [stdout]   39:     0x563514471607 - core::ops::function::FnOnce::call_once{{vtable.shim}}::h401abbe67897d450
[INFO] [stdout]                                at /rustc/0e09125c6c3c2fd70d7de961bcf0e51575235fad/library/core/src/ops/function.rs:250:5
[INFO] [stdout]   40:     0x563514510785 - <alloc::boxed::Box<F,A> as core::ops::function::FnOnce<Args>>::call_once::h5d7c8f150ab9c84c
[INFO] [stdout]                                at /rustc/0e09125c6c3c2fd70d7de961bcf0e51575235fad/library/alloc/src/boxed.rs:2015:9
[INFO] [stdout]   41:     0x563514510785 - <alloc::boxed::Box<F,A> as core::ops::function::FnOnce<Args>>::call_once::h570d5b005c242c15
[INFO] [stdout]                                at /rustc/0e09125c6c3c2fd70d7de961bcf0e51575235fad/library/alloc/src/boxed.rs:2015:9
[INFO] [stdout]   42:     0x563514510785 - std::sys::unix::thread::Thread::new::thread_start::h36b0a20c0b2361ad
[INFO] [stdout]                                at /rustc/0e09125c6c3c2fd70d7de961bcf0e51575235fad/library/std/src/sys/unix/thread.rs:108:17
[INFO] [stdout]   43:     0x7ff8b3359ac3 - <unknown>
[INFO] [stdout]   44:     0x7ff8b33eabf4 - __clone
[INFO] [stdout]   45:                0x0 - <unknown>
[INFO] [stdout] 
[INFO] [stdout] ---- crossteaser::crossteaser_search::tests::moves_for_two_changes_are_for_two_changes stdout ----
[INFO] [stdout] Nodos expandidos: 10000 Nodos sin expandir:9287 Ultimo nivel:15
[INFO] [stdout] Nodos expandidos: 20000 Nodos sin expandir:19099 Ultimo nivel:16
[INFO] [stdout] Nodos expandidos: 30000 Nodos sin expandir:28368 Ultimo nivel:17
[INFO] [stdout] Nodos expandidos: 40000 Nodos sin expandir:40080 Ultimo nivel:18
[INFO] [stdout] Nodos expandidos: 50000 Nodos sin expandir:49426 Ultimo nivel:18
[INFO] [stdout] Nodos expandidos: 60000 Nodos sin expandir:55072 Ultimo nivel:18
[INFO] [stdout] Nodos expandidos: 70000 Nodos sin expandir:58931 Ultimo nivel:19
[INFO] [stdout] Nodos expandidos: 80000 Nodos sin expandir:73965 Ultimo nivel:19
[INFO] [stdout] Nodos expandidos: 90000 Nodos sin expandir:87009 Ultimo nivel:19
[INFO] [stdout] Nodos expandidos: 100000 Nodos sin expandir:98698 Ultimo nivel:19
[INFO] [stdout] Nodos expandidos: 110000 Nodos sin expandir:109488 Ultimo nivel:19
[INFO] [stdout] Nodos expandidos: 120000 Nodos sin expandir:120036 Ultimo nivel:20
[INFO] [stdout] Nodos expandidos: 130000 Nodos sin expandir:129454 Ultimo nivel:20
[INFO] [stdout] Nodos expandidos: 140000 Nodos sin expandir:137343 Ultimo nivel:20
[INFO] [stdout] Nodos expandidos: 150000 Nodos sin expandir:143927 Ultimo nivel:20
[INFO] [stdout] Nodos expandidos: 160000 Nodos sin expandir:149082 Ultimo nivel:20
[INFO] [stdout] Nodos expandidos: 170000 Nodos sin expandir:153113 Ultimo nivel:20
[INFO] [stdout] Nodos expandidos: 180000 Nodos sin expandir:156059 Ultimo nivel:20
[INFO] [stdout] Nodos expandidos: 190000 Nodos sin expandir:157312 Ultimo nivel:20
[INFO] [stdout] Nodos expandidos: 200000 Nodos sin expandir:170054 Ultimo nivel:21
[INFO] [stdout] Nodos expandidos: 210000 Nodos sin expandir:185309 Ultimo nivel:21
[INFO] [stdout] Nodos expandidos: 220000 Nodos sin expandir:199814 Ultimo nivel:21
[INFO] [stdout] Nodos expandidos: 230000 Nodos sin expandir:213693 Ultimo nivel:21
[INFO] [stdout] Nodos expandidos: 240000 Nodos sin expandir:226954 Ultimo nivel:21
[INFO] [stdout] Nodos expandidos: 250000 Nodos sin expandir:239685 Ultimo nivel:21
[INFO] [stdout] Nodos expandidos: 260000 Nodos sin expandir:251874 Ultimo nivel:21
[INFO] [stdout] Nodos expandidos: 270000 Nodos sin expandir:263493 Ultimo nivel:21
[INFO] [stdout] Nodos expandidos: 280000 Nodos sin expandir:274752 Ultimo nivel:21
[INFO] [stdout] Nodos expandidos: 290000 Nodos sin expandir:285742 Ultimo nivel:21
[INFO] [stdout] Nodos expandidos: 300000 Nodos sin expandir:296402 Ultimo nivel:21
[INFO] [stdout] Nodos expandidos: 310000 Nodos sin expandir:307147 Ultimo nivel:22
[INFO] [stdout] Nodos expandidos: 320000 Nodos sin expandir:318145 Ultimo nivel:22
[INFO] [stdout] Nodos expandidos: 330000 Nodos sin expandir:328966 Ultimo nivel:22
[INFO] [stdout] Nodos expandidos: 340000 Nodos sin expandir:338916 Ultimo nivel:22
[INFO] [stdout] Nodos expandidos: 350000 Nodos sin expandir:348234 Ultimo nivel:22
[INFO] [stdout] Nodos expandidos: 360000 Nodos sin expandir:357278 Ultimo nivel:22
[INFO] [stdout] Nodos expandidos: 370000 Nodos sin expandir:365697 Ultimo nivel:22
[INFO] [stdout] thread 'crossteaser::crossteaser_search::tests::moves_for_two_changes_are_for_two_changes' panicked at src/crossteaser/crossteaser_search.rs:407:5:
[INFO] [stdout] timeout: the function call took 10000 ms. Max time 10000 ms
[INFO] [stdout] stack backtrace:
[INFO] [stdout]    0:     0x563514509b66 - std::backtrace_rs::backtrace::libunwind::trace::h261606ad26a499c1
[INFO] [stdout]                                at /rustc/0e09125c6c3c2fd70d7de961bcf0e51575235fad/library/std/src/../../backtrace/src/backtrace/libunwind.rs:104:5
[INFO] [stdout]    1:     0x563514509b66 - std::backtrace_rs::backtrace::trace_unsynchronized::hd183f0625477fb28
[INFO] [stdout]                                at /rustc/0e09125c6c3c2fd70d7de961bcf0e51575235fad/library/std/src/../../backtrace/src/backtrace/mod.rs:66:5
[INFO] [stdout]    2:     0x563514509b66 - std::sys_common::backtrace::_print_fmt::hd7f8fef21b4eda67
[INFO] [stdout]                                at /rustc/0e09125c6c3c2fd70d7de961bcf0e51575235fad/library/std/src/sys_common/backtrace.rs:68:5
[INFO] [stdout]    3:     0x563514509b66 - <std::sys_common::backtrace::_print::DisplayBacktrace as core::fmt::Display>::fmt::h623d9b51f2f453f1
[INFO] [stdout]                                at /rustc/0e09125c6c3c2fd70d7de961bcf0e51575235fad/library/std/src/sys_common/backtrace.rs:44:22
[INFO] [stdout]    4:     0x563514532a30 - core::fmt::rt::Argument::fmt::h9f417ac76a86f368
[INFO] [stdout]                                at /rustc/0e09125c6c3c2fd70d7de961bcf0e51575235fad/library/core/src/fmt/rt.rs:142:9
[INFO] [stdout]    5:     0x563514532a30 - core::fmt::write::hc9b6faf4ac2aeff7
[INFO] [stdout]                                at /rustc/0e09125c6c3c2fd70d7de961bcf0e51575235fad/library/core/src/fmt/mod.rs:1120:17
[INFO] [stdout]    6:     0x5635145075cf - std::io::Write::write_fmt::he04625a3a989fec3
[INFO] [stdout]                                at /rustc/0e09125c6c3c2fd70d7de961bcf0e51575235fad/library/std/src/io/mod.rs:1810:15
[INFO] [stdout]    7:     0x563514509944 - std::sys_common::backtrace::_print::hd5d66399c7df88a2
[INFO] [stdout]                                at /rustc/0e09125c6c3c2fd70d7de961bcf0e51575235fad/library/std/src/sys_common/backtrace.rs:47:5
[INFO] [stdout]    8:     0x563514509944 - std::sys_common::backtrace::print::he81ed2da642d37e5
[INFO] [stdout]                                at /rustc/0e09125c6c3c2fd70d7de961bcf0e51575235fad/library/std/src/sys_common/backtrace.rs:34:9
[INFO] [stdout]    9:     0x56351450b6b7 - std::panicking::default_hook::{{closure}}::h85773f4fa117163d
[INFO] [stdout]   10:     0x56351450b39d - std::panicking::default_hook::h6a1694a91d09b278
[INFO] [stdout]                                at /rustc/0e09125c6c3c2fd70d7de961bcf0e51575235fad/library/std/src/panicking.rs:289:9
[INFO] [stdout]   11:     0x5635144a0c17 - <alloc::boxed::Box<F,A> as core::ops::function::Fn<Args>>::call::h616ac37fa3cd6c8f
[INFO] [stdout]                                at /rustc/0e09125c6c3c2fd70d7de961bcf0e51575235fad/library/alloc/src/boxed.rs:2029:9
[INFO] [stdout]   12:     0x5635144a0c17 - test::test_main::{{closure}}::h00d84697cefdcbb6
[INFO] [stdout]                                at /rustc/0e09125c6c3c2fd70d7de961bcf0e51575235fad/library/test/src/lib.rs:138:21
[INFO] [stdout]   13:     0x56351450bcd6 - <alloc::boxed::Box<F,A> as core::ops::function::Fn<Args>>::call::hcb3fe3b9bb537ba8
[INFO] [stdout]                                at /rustc/0e09125c6c3c2fd70d7de961bcf0e51575235fad/library/alloc/src/boxed.rs:2029:9
[INFO] [stdout]   14:     0x56351450bcd6 - std::panicking::rust_panic_with_hook::h0a7ad96e90f7145b
[INFO] [stdout]                                at /rustc/0e09125c6c3c2fd70d7de961bcf0e51575235fad/library/std/src/panicking.rs:783:13
[INFO] [stdout]   15:     0x56351450ba22 - std::panicking::begin_panic_handler::{{closure}}::h7919090525c6485e
[INFO] [stdout]                                at /rustc/0e09125c6c3c2fd70d7de961bcf0e51575235fad/library/std/src/panicking.rs:657:13
[INFO] [stdout]   16:     0x56351450a066 - std::sys_common::backtrace::__rust_end_short_backtrace::hf3289479464f7dfe
[INFO] [stdout]                                at /rustc/0e09125c6c3c2fd70d7de961bcf0e51575235fad/library/std/src/sys_common/backtrace.rs:171:18
[INFO] [stdout]   17:     0x56351450b780 - rust_begin_unwind
[INFO] [stdout]                                at /rustc/0e09125c6c3c2fd70d7de961bcf0e51575235fad/library/std/src/panicking.rs:645:5
[INFO] [stdout]   18:     0x5635143f0195 - core::panicking::panic_fmt::hcc9f77c5c132af55
[INFO] [stdout]                                at /rustc/0e09125c6c3c2fd70d7de961bcf0e51575235fad/library/core/src/panicking.rs:72:14
[INFO] [stdout]   19:     0x5635144628b7 - pruebas_rust::crossteaser::crossteaser_search::tests::moves_for_two_changes_are_for_two_changes::hd9c9ff55bfff03d4
[INFO] [stdout]                                at /opt/rustwide/workdir/src/crossteaser/crossteaser_search.rs:407:5
[INFO] [stdout]   20:     0x5635144627a7 - pruebas_rust::crossteaser::crossteaser_search::tests::moves_for_two_changes_are_for_two_changes::{{closure}}::h338eb35099eb4746
[INFO] [stdout]                                at /opt/rustwide/workdir/src/crossteaser/crossteaser_search.rs:408:51
[INFO] [stdout]   21:     0x563514428656 - core::ops::function::FnOnce::call_once::h51ec614ec44ac21d
[INFO] [stdout]                                at /rustc/0e09125c6c3c2fd70d7de961bcf0e51575235fad/library/core/src/ops/function.rs:250:5
[INFO] [stdout]   22:     0x5635144a64ef - core::ops::function::FnOnce::call_once::hd64d26f405258157
[INFO] [stdout]                                at /rustc/0e09125c6c3c2fd70d7de961bcf0e51575235fad/library/core/src/ops/function.rs:250:5
[INFO] [stdout]   23:     0x5635144a64ef - test::__rust_begin_short_backtrace::he21b0b7a6d731bf9
[INFO] [stdout]                                at /rustc/0e09125c6c3c2fd70d7de961bcf0e51575235fad/library/test/src/lib.rs:627:18
[INFO] [stdout]   24:     0x5635144a5271 - test::run_test_in_process::{{closure}}::hf5c73986d7bdfde2
[INFO] [stdout]                                at /rustc/0e09125c6c3c2fd70d7de961bcf0e51575235fad/library/test/src/lib.rs:650:60
[INFO] [stdout]   25:     0x5635144a5271 - <core::panic::unwind_safe::AssertUnwindSafe<F> as core::ops::function::FnOnce<()>>::call_once::h330011ad032aadc0
[INFO] [stdout]                                at /rustc/0e09125c6c3c2fd70d7de961bcf0e51575235fad/library/core/src/panic/unwind_safe.rs:272:9
[INFO] [stdout]   26:     0x5635144a5271 - std::panicking::try::do_call::he61b0a958b795a41
[INFO] [stdout]                                at /rustc/0e09125c6c3c2fd70d7de961bcf0e51575235fad/library/std/src/panicking.rs:552:40
[INFO] [stdout]   27:     0x5635144a5271 - std::panicking::try::h7309da130f906eb7
[INFO] [stdout]                                at /rustc/0e09125c6c3c2fd70d7de961bcf0e51575235fad/library/std/src/panicking.rs:516:19
[INFO] [stdout]   28:     0x5635144a5271 - std::panic::catch_unwind::hc5c3a06fdaf0a92a
[INFO] [stdout]                                at /rustc/0e09125c6c3c2fd70d7de961bcf0e51575235fad/library/std/src/panic.rs:142:14
[INFO] [stdout]   29:     0x5635144a5271 - test::run_test_in_process::h7e7b7c71c3324e0f
[INFO] [stdout]                                at /rustc/0e09125c6c3c2fd70d7de961bcf0e51575235fad/library/test/src/lib.rs:650:27
[INFO] [stdout]   30:     0x5635144a5271 - test::run_test::{{closure}}::h1f509f28f5cf20b1
[INFO] [stdout]                                at /rustc/0e09125c6c3c2fd70d7de961bcf0e51575235fad/library/test/src/lib.rs:573:43
[INFO] [stdout]   31:     0x56351446c5a6 - test::run_test::{{closure}}::h1754218abf443f6d
[INFO] [stdout]                                at /rustc/0e09125c6c3c2fd70d7de961bcf0e51575235fad/library/test/src/lib.rs:601:41
[INFO] [stdout]   32:     0x56351446c5a6 - std::sys_common::backtrace::__rust_begin_short_backtrace::h2ee174b9d5954948
[INFO] [stdout]                                at /rustc/0e09125c6c3c2fd70d7de961bcf0e51575235fad/library/std/src/sys_common/backtrace.rs:155:18
[INFO] [stdout]   33:     0x563514471607 - std::thread::Builder::spawn_unchecked_::{{closure}}::{{closure}}::hf60bee9c1a17ef09
[INFO] [stdout]                                at /rustc/0e09125c6c3c2fd70d7de961bcf0e51575235fad/library/std/src/thread/mod.rs:529:17
[INFO] [stdout]   34:     0x563514471607 - <core::panic::unwind_safe::AssertUnwindSafe<F> as core::ops::function::FnOnce<()>>::call_once::h33d0dddec5216160
[INFO] [stdout]                                at /rustc/0e09125c6c3c2fd70d7de961bcf0e51575235fad/library/core/src/panic/unwind_safe.rs:272:9
[INFO] [stdout]   35:     0x563514471607 - std::panicking::try::do_call::h144b3048b546f835
[INFO] [stdout]                                at /rustc/0e09125c6c3c2fd70d7de961bcf0e51575235fad/library/std/src/panicking.rs:552:40
[INFO] [stdout]   36:     0x563514471607 - std::panicking::try::h978244d04646189f
[INFO] [stdout]                                at /rustc/0e09125c6c3c2fd70d7de961bcf0e51575235fad/library/std/src/panicking.rs:516:19
[INFO] [stdout]   37:     0x563514471607 - std::panic::catch_unwind::hdf436369d188fe86
[INFO] [stdout]                                at /rustc/0e09125c6c3c2fd70d7de961bcf0e51575235fad/library/std/src/panic.rs:142:14
[INFO] [stdout]   38:     0x563514471607 - std::thread::Builder::spawn_unchecked_::{{closure}}::h87329cbdd33c79ec
[INFO] [stdout]                                at /rustc/0e09125c6c3c2fd70d7de961bcf0e51575235fad/library/std/src/thread/mod.rs:528:30
[INFO] [stdout]   39:     0x563514471607 - core::ops::function::FnOnce::call_once{{vtable.shim}}::h401abbe67897d450
[INFO] [stdout]                                at /rustc/0e09125c6c3c2fd70d7de961bcf0e51575235fad/library/core/src/ops/function.rs:250:5
[INFO] [stdout]   40:     0x563514510785 - <alloc::boxed::Box<F,A> as core::ops::function::FnOnce<Args>>::call_once::h5d7c8f150ab9c84c
[INFO] [stdout]                                at /rustc/0e09125c6c3c2fd70d7de961bcf0e51575235fad/library/alloc/src/boxed.rs:2015:9
[INFO] [stdout]   41:     0x563514510785 - <alloc::boxed::Box<F,A> as core::ops::function::FnOnce<Args>>::call_once::h570d5b005c242c15
[INFO] [stdout]                                at /rustc/0e09125c6c3c2fd70d7de961bcf0e51575235fad/library/alloc/src/boxed.rs:2015:9
[INFO] [stdout]   42:     0x563514510785 - std::sys::unix::thread::Thread::new::thread_start::h36b0a20c0b2361ad
[INFO] [stdout]                                at /rustc/0e09125c6c3c2fd70d7de961bcf0e51575235fad/library/std/src/sys/unix/thread.rs:108:17
[INFO] [stdout]   43:     0x7ff8b3359ac3 - <unknown>
[INFO] [stdout]   44:     0x7ff8b33eabf4 - __clone
[INFO] [stdout]   45:                0x0 - <unknown>
[INFO] [stdout] 
[INFO] [stdout] 
[INFO] [stdout] failures:
[INFO] [stdout]     crossteaser::crossteaser_search::tests::moves_for_two_changes_are_for_two_changes
[INFO] [stdout]     crossteaser::crossteaser_search::tests::moves_for_two_changes_impossible
[INFO] [stdout]     crossteaser::crossteaser_search::tests::moves_for_two_changes_possible
[INFO] [stdout] 
[INFO] [stdout] test result: FAILED. 29 passed; 3 failed; 0 ignored; 0 measured; 0 filtered out; finished in 19.67s
[INFO] [stdout] 
[INFO] [stderr] error: test failed, to rerun pass `--bin pruebas-rust`
[INFO] running `Command { std: "docker" "inspect" "baecc25d0c81302212959f99200bc0fa19c4bc7561bdf5a328d6f62bb679308e", kill_on_drop: false }`
[INFO] running `Command { std: "docker" "rm" "-f" "baecc25d0c81302212959f99200bc0fa19c4bc7561bdf5a328d6f62bb679308e", kill_on_drop: false }`
[INFO] [stdout] baecc25d0c81302212959f99200bc0fa19c4bc7561bdf5a328d6f62bb679308e
