[INFO] cloning repository https://github.com/alsa64/lootifier
[INFO] running `Command { std: "git" "-c" "credential.helper=" "-c" "credential.helper=/workspace/cargo-home/bin/git-credential-null" "clone" "--bare" "https://github.com/alsa64/lootifier" "/workspace/cache/git-repos/https%3A%2F%2Fgithub.com%2Falsa64%2Flootifier", kill_on_drop: false }`
[INFO] [stderr] Cloning into bare repository '/workspace/cache/git-repos/https%3A%2F%2Fgithub.com%2Falsa64%2Flootifier'...
[INFO] running `Command { std: "git" "rev-parse" "HEAD", kill_on_drop: false }`
[INFO] [stdout] 6792acd5e7ed2b75415217e47578a4c51ab56981
[INFO] testing alsa64/lootifier against 1.75.0 for beta-1.76-1
[INFO] running `Command { std: "git" "clone" "/workspace/cache/git-repos/https%3A%2F%2Fgithub.com%2Falsa64%2Flootifier" "/workspace/builds/worker-1-tc1/source", kill_on_drop: false }`
[INFO] [stderr] Cloning into '/workspace/builds/worker-1-tc1/source'...
[INFO] [stderr] done.
[INFO] validating manifest of git repo https://github.com/alsa64/lootifier on toolchain 1.75.0
[INFO] running `Command { std: CARGO_HOME="/workspace/cargo-home" RUSTUP_HOME="/workspace/rustup-home" "/workspace/cargo-home/bin/cargo" "+1.75.0" "metadata" "--manifest-path" "Cargo.toml" "--no-deps", kill_on_drop: false }`
[INFO] started tweaking git repo https://github.com/alsa64/lootifier
[INFO] finished tweaking git repo https://github.com/alsa64/lootifier
[INFO] tweaked toml for git repo https://github.com/alsa64/lootifier written to /workspace/builds/worker-1-tc1/source/Cargo.toml
[INFO] crate git repo https://github.com/alsa64/lootifier already has a lockfile, it will not be regenerated
[INFO] running `Command { std: CARGO_HOME="/workspace/cargo-home" RUSTUP_HOME="/workspace/rustup-home" "/workspace/cargo-home/bin/cargo" "+1.75.0" "fetch" "--manifest-path" "Cargo.toml", kill_on_drop: false }`
[INFO] [stderr]  Downloading crates ...
[INFO] [stderr]   Downloaded serde v1.0.179
[INFO] [stderr]   Downloaded clap v4.3.15
[INFO] [stderr]   Downloaded serde_derive v1.0.179
[INFO] [stderr]   Downloaded clap_builder v4.3.15
[INFO] running `Command { std: "docker" "create" "-v" "/var/lib/crater-agent-workspace/builds/worker-1-tc1/target:/opt/rustwide/target:rw,Z" "-v" "/var/lib/crater-agent-workspace/builds/worker-1-tc1/source:/opt/rustwide/workdir:ro,Z" "-v" "/var/lib/crater-agent-workspace/cargo-home:/opt/rustwide/cargo-home:ro,Z" "-v" "/var/lib/crater-agent-workspace/rustup-home:/opt/rustwide/rustup-home:ro,Z" "-e" "SOURCE_DIR=/opt/rustwide/workdir" "-e" "CARGO_TARGET_DIR=/opt/rustwide/target" "-e" "CARGO_HOME=/opt/rustwide/cargo-home" "-e" "RUSTUP_HOME=/opt/rustwide/rustup-home" "-w" "/opt/rustwide/workdir" "-m" "1610612736" "--user" "0:0" "--network" "none" "ghcr.io/rust-lang/crates-build-env/linux@sha256:2788e3201cd34a07e3172128adcd8b3090168a8e3bcc40d7c032b9dda1df7d1c" "/opt/rustwide/cargo-home/bin/cargo" "+1.75.0" "metadata" "--no-deps" "--format-version=1", kill_on_drop: false }`
[INFO] [stdout] 460611e96a7905feb04d981eb7e167918cfac0b417b1575426a99bb283f62b8c
[INFO] running `Command { std: "docker" "start" "-a" "460611e96a7905feb04d981eb7e167918cfac0b417b1575426a99bb283f62b8c", kill_on_drop: false }`
[INFO] running `Command { std: "docker" "inspect" "460611e96a7905feb04d981eb7e167918cfac0b417b1575426a99bb283f62b8c", kill_on_drop: false }`
[INFO] running `Command { std: "docker" "rm" "-f" "460611e96a7905feb04d981eb7e167918cfac0b417b1575426a99bb283f62b8c", kill_on_drop: false }`
[INFO] [stdout] 460611e96a7905feb04d981eb7e167918cfac0b417b1575426a99bb283f62b8c
[INFO] running `Command { std: "docker" "create" "-v" "/var/lib/crater-agent-workspace/builds/worker-1-tc1/target:/opt/rustwide/target:rw,Z" "-v" "/var/lib/crater-agent-workspace/builds/worker-1-tc1/source:/opt/rustwide/workdir:ro,Z" "-v" "/var/lib/crater-agent-workspace/cargo-home:/opt/rustwide/cargo-home:ro,Z" "-v" "/var/lib/crater-agent-workspace/rustup-home:/opt/rustwide/rustup-home:ro,Z" "-e" "SOURCE_DIR=/opt/rustwide/workdir" "-e" "CARGO_TARGET_DIR=/opt/rustwide/target" "-e" "CARGO_INCREMENTAL=0" "-e" "RUST_BACKTRACE=full" "-e" "RUSTFLAGS=--cap-lints=warn" "-e" "RUSTDOCFLAGS=--cap-lints=warn" "-e" "CARGO_HOME=/opt/rustwide/cargo-home" "-e" "RUSTUP_HOME=/opt/rustwide/rustup-home" "-w" "/opt/rustwide/workdir" "-m" "1610612736" "--user" "0:0" "--network" "none" "ghcr.io/rust-lang/crates-build-env/linux@sha256:2788e3201cd34a07e3172128adcd8b3090168a8e3bcc40d7c032b9dda1df7d1c" "/opt/rustwide/cargo-home/bin/cargo" "+1.75.0" "build" "--frozen" "--message-format=json", kill_on_drop: false }`
[INFO] [stdout] 27a914a6d48f3bf0c04b3dde28eef34c31a5f1ee35efa957de0c1343c3b72e64
[INFO] running `Command { std: "docker" "start" "-a" "27a914a6d48f3bf0c04b3dde28eef34c31a5f1ee35efa957de0c1343c3b72e64", kill_on_drop: false }`
[INFO] [stderr]    Compiling proc-macro2 v1.0.66
[INFO] [stderr]    Compiling rustix v0.38.20
[INFO] [stderr]    Compiling unicode-ident v1.0.5
[INFO] [stderr]    Compiling bitflags v2.4.1
[INFO] [stderr]    Compiling linux-raw-sys v0.4.10
[INFO] [stderr]    Compiling utf8parse v0.2.1
[INFO] [stderr]    Compiling anstyle-query v1.0.0
[INFO] [stderr]    Compiling colorchoice v1.0.0
[INFO] [stderr]    Compiling anstyle-parse v0.2.1
[INFO] [stderr]    Compiling anstyle v1.0.1
[INFO] [stderr]    Compiling serde v1.0.179
[INFO] [stderr]    Compiling equivalent v1.0.1
[INFO] [stderr]    Compiling clap_lex v0.5.0
[INFO] [stderr]    Compiling hashbrown v0.14.0
[INFO] [stderr]    Compiling strsim v0.10.0
[INFO] [stderr]    Compiling serde_derive v1.0.179
[INFO] [stderr]    Compiling heck v0.4.0
[INFO] [stderr]    Compiling unsafe-libyaml v0.2.9
[INFO] [stderr]    Compiling itoa v1.0.9
[INFO] [stderr]    Compiling ryu v1.0.15
[INFO] [stderr]    Compiling once_cell v1.18.0
[INFO] [stderr]    Compiling quote v1.0.31
[INFO] [stderr]    Compiling indexmap v2.0.0
[INFO] [stderr]    Compiling syn v2.0.26
[INFO] [stderr]    Compiling is-terminal v0.4.9
[INFO] [stderr]    Compiling anstream v0.3.2
[INFO] [stderr]    Compiling clap_builder v4.3.15
[INFO] [stderr]    Compiling serde_yaml v0.9.25
[INFO] [stderr]    Compiling clap_derive v4.3.12
[INFO] [stderr]    Compiling clap v4.3.15
[INFO] [stderr]    Compiling lootifier v3.0.0 (/opt/rustwide/workdir)
[INFO] [stdout] warning: function `write_string_to_file` is never used
[INFO] [stdout]   --> src/file_util.rs:27:8
[INFO] [stdout]    |
[INFO] [stdout] 27 | pub fn write_string_to_file<P: AsRef<Path>>(string: &str, path: P) -> io::Result<()> {
[INFO] [stdout]    |        ^^^^^^^^^^^^^^^^^^^^
[INFO] [stdout]    |
[INFO] [stdout]    = note: `#[warn(dead_code)]` on by default
[INFO] [stdout] 
[INFO] [stdout] 
[INFO] [stdout] warning: function `clear_file` is never used
[INFO] [stdout]   --> src/file_util.rs:32:8
[INFO] [stdout]    |
[INFO] [stdout] 32 | pub fn clear_file<P: AsRef<Path>>(masterlist_path: P) -> io::Result<()> {
[INFO] [stdout]    |        ^^^^^^^^^^
[INFO] [stdout] 
[INFO] [stdout] 
[INFO] [stdout] warning: 2 warnings emitted
[INFO] [stdout] 
[INFO] [stdout] 
[INFO] [stdout] warning: constant `COMMENT_PREFIXES` is never used
[INFO] [stdout]  --> src/file_util.rs:5:18
[INFO] [stdout]   |
[INFO] [stdout] 5 | pub(crate) const COMMENT_PREFIXES: [&str; 2] = ["#", "/"];
[INFO] [stdout]   |                  ^^^^^^^^^^^^^^^^
[INFO] [stdout]   |
[INFO] [stdout]   = note: `#[warn(dead_code)]` on by default
[INFO] [stdout] 
[INFO] [stdout] 
[INFO] [stdout] warning: function `read_lines_from_file` is never used
[INFO] [stdout]   --> src/file_util.rs:10:8
[INFO] [stdout]    |
[INFO] [stdout] 10 | pub fn read_lines_from_file<P: AsRef<Path>>(path: P) -> io::Result<Vec<String>> {
[INFO] [stdout]    |        ^^^^^^^^^^^^^^^^^^^^
[INFO] [stdout] 
[INFO] [stdout] 
[INFO] [stdout] warning: function `filter_lines` is never used
[INFO] [stdout]   --> src/file_util.rs:40:8
[INFO] [stdout]    |
[INFO] [stdout] 40 | pub fn filter_lines<'a, I>(lines: I) -> io::Result<Vec<String>>
[INFO] [stdout]    |        ^^^^^^^^^^^^
[INFO] [stdout] 
[INFO] [stdout] 
[INFO] [stdout] warning: 3 warnings emitted
[INFO] [stdout] 
[INFO] [stdout] 
[INFO] [stderr]     Finished dev [unoptimized + debuginfo] target(s) in 6.70s
[INFO] running `Command { std: "docker" "inspect" "27a914a6d48f3bf0c04b3dde28eef34c31a5f1ee35efa957de0c1343c3b72e64", kill_on_drop: false }`
[INFO] running `Command { std: "docker" "rm" "-f" "27a914a6d48f3bf0c04b3dde28eef34c31a5f1ee35efa957de0c1343c3b72e64", kill_on_drop: false }`
[INFO] [stdout] 27a914a6d48f3bf0c04b3dde28eef34c31a5f1ee35efa957de0c1343c3b72e64
[INFO] running `Command { std: "docker" "create" "-v" "/var/lib/crater-agent-workspace/builds/worker-1-tc1/target:/opt/rustwide/target:rw,Z" "-v" "/var/lib/crater-agent-workspace/builds/worker-1-tc1/source:/opt/rustwide/workdir:ro,Z" "-v" "/var/lib/crater-agent-workspace/cargo-home:/opt/rustwide/cargo-home:ro,Z" "-v" "/var/lib/crater-agent-workspace/rustup-home:/opt/rustwide/rustup-home:ro,Z" "-e" "SOURCE_DIR=/opt/rustwide/workdir" "-e" "CARGO_TARGET_DIR=/opt/rustwide/target" "-e" "CARGO_INCREMENTAL=0" "-e" "RUST_BACKTRACE=full" "-e" "RUSTFLAGS=--cap-lints=warn" "-e" "RUSTDOCFLAGS=--cap-lints=warn" "-e" "CARGO_HOME=/opt/rustwide/cargo-home" "-e" "RUSTUP_HOME=/opt/rustwide/rustup-home" "-w" "/opt/rustwide/workdir" "-m" "1610612736" "--user" "0:0" "--network" "none" "ghcr.io/rust-lang/crates-build-env/linux@sha256:2788e3201cd34a07e3172128adcd8b3090168a8e3bcc40d7c032b9dda1df7d1c" "/opt/rustwide/cargo-home/bin/cargo" "+1.75.0" "test" "--frozen" "--no-run" "--message-format=json", kill_on_drop: false }`
[INFO] [stdout] 06036f2b82d2f8f5200b2f143952630f019647c42d4d0ea38cddda11f2c479af
[INFO] running `Command { std: "docker" "start" "-a" "06036f2b82d2f8f5200b2f143952630f019647c42d4d0ea38cddda11f2c479af", kill_on_drop: false }`
[INFO] [stdout] warning: function `write_string_to_file` is never used
[INFO] [stdout]   --> src/file_util.rs:27:8
[INFO] [stdout]    |
[INFO] [stdout] 27 | pub fn write_string_to_file<P: AsRef<Path>>(string: &str, path: P) -> io::Result<()> {
[INFO] [stdout]    |        ^^^^^^^^^^^^^^^^^^^^
[INFO] [stdout]    |
[INFO] [stdout]    = note: `#[warn(dead_code)]` on by default
[INFO] [stdout] 
[INFO] [stdout] 
[INFO] [stderr]    Compiling lootifier v3.0.0 (/opt/rustwide/workdir)
[INFO] [stdout] warning: function `clear_file` is never used
[INFO] [stdout]   --> src/file_util.rs:32:8
[INFO] [stdout]    |
[INFO] [stdout] 32 | pub fn clear_file<P: AsRef<Path>>(masterlist_path: P) -> io::Result<()> {
[INFO] [stdout]    |        ^^^^^^^^^^
[INFO] [stdout] 
[INFO] [stdout] 
[INFO] [stdout] warning: 2 warnings emitted
[INFO] [stdout] 
[INFO] [stdout] 
[INFO] [stdout] warning: function `write_string_to_file` is never used
[INFO] [stdout]   --> src/file_util.rs:27:8
[INFO] [stdout]    |
[INFO] [stdout] 27 | pub fn write_string_to_file<P: AsRef<Path>>(string: &str, path: P) -> io::Result<()> {
[INFO] [stdout]    |        ^^^^^^^^^^^^^^^^^^^^
[INFO] [stdout]    |
[INFO] [stdout]    = note: `#[warn(dead_code)]` on by default
[INFO] [stdout] 
[INFO] [stdout] 
[INFO] [stdout] warning: function `clear_file` is never used
[INFO] [stdout]   --> src/file_util.rs:32:8
[INFO] [stdout]    |
[INFO] [stdout] 32 | pub fn clear_file<P: AsRef<Path>>(masterlist_path: P) -> io::Result<()> {
[INFO] [stdout]    |        ^^^^^^^^^^
[INFO] [stdout] 
[INFO] [stdout] 
[INFO] [stdout] warning: constant `COMMENT_PREFIXES` is never used
[INFO] [stdout]  --> src/file_util.rs:5:18
[INFO] [stdout]   |
[INFO] [stdout] 5 | pub(crate) const COMMENT_PREFIXES: [&str; 2] = ["#", "/"];
[INFO] [stdout]   |                  ^^^^^^^^^^^^^^^^
[INFO] [stdout]   |
[INFO] [stdout]   = note: `#[warn(dead_code)]` on by default
[INFO] [stdout] 
[INFO] [stdout] 
[INFO] [stdout] warning: function `read_lines_from_file` is never used
[INFO] [stdout]   --> src/file_util.rs:10:8
[INFO] [stdout]    |
[INFO] [stdout] 10 | pub fn read_lines_from_file<P: AsRef<Path>>(path: P) -> io::Result<Vec<String>> {
[INFO] [stdout]    |        ^^^^^^^^^^^^^^^^^^^^
[INFO] [stdout] 
[INFO] [stdout] 
[INFO] [stdout] warning: function `filter_lines` is never used
[INFO] [stdout]   --> src/file_util.rs:40:8
[INFO] [stdout]    |
[INFO] [stdout] 40 | pub fn filter_lines<'a, I>(lines: I) -> io::Result<Vec<String>>
[INFO] [stdout]    |        ^^^^^^^^^^^^
[INFO] [stdout] 
[INFO] [stdout] 
[INFO] [stdout] warning: 3 warnings emitted
[INFO] [stdout] 
[INFO] [stdout] 
[INFO] [stdout] warning: 2 warnings emitted
[INFO] [stdout] 
[INFO] [stdout] 
[INFO] [stderr]     Finished test [unoptimized + debuginfo] target(s) in 0.61s
[INFO] running `Command { std: "docker" "inspect" "06036f2b82d2f8f5200b2f143952630f019647c42d4d0ea38cddda11f2c479af", kill_on_drop: false }`
[INFO] running `Command { std: "docker" "rm" "-f" "06036f2b82d2f8f5200b2f143952630f019647c42d4d0ea38cddda11f2c479af", kill_on_drop: false }`
[INFO] [stdout] 06036f2b82d2f8f5200b2f143952630f019647c42d4d0ea38cddda11f2c479af
[INFO] running `Command { std: "docker" "create" "-v" "/var/lib/crater-agent-workspace/builds/worker-1-tc1/target:/opt/rustwide/target:rw,Z" "-v" "/var/lib/crater-agent-workspace/builds/worker-1-tc1/source:/opt/rustwide/workdir:ro,Z" "-v" "/var/lib/crater-agent-workspace/cargo-home:/opt/rustwide/cargo-home:ro,Z" "-v" "/var/lib/crater-agent-workspace/rustup-home:/opt/rustwide/rustup-home:ro,Z" "-e" "SOURCE_DIR=/opt/rustwide/workdir" "-e" "CARGO_TARGET_DIR=/opt/rustwide/target" "-e" "CARGO_INCREMENTAL=0" "-e" "RUST_BACKTRACE=full" "-e" "RUSTFLAGS=--cap-lints=warn" "-e" "RUSTDOCFLAGS=--cap-lints=warn" "-e" "CARGO_HOME=/opt/rustwide/cargo-home" "-e" "RUSTUP_HOME=/opt/rustwide/rustup-home" "-w" "/opt/rustwide/workdir" "-m" "1610612736" "--user" "0:0" "--network" "none" "ghcr.io/rust-lang/crates-build-env/linux@sha256:2788e3201cd34a07e3172128adcd8b3090168a8e3bcc40d7c032b9dda1df7d1c" "/opt/rustwide/cargo-home/bin/cargo" "+1.75.0" "test" "--frozen", kill_on_drop: false }`
[INFO] [stdout] 59d5ad166009d7ede156fbeb102d4bfb1f0e78a6d3ac3009ae2c66a263c37415
[INFO] running `Command { std: "docker" "start" "-a" "59d5ad166009d7ede156fbeb102d4bfb1f0e78a6d3ac3009ae2c66a263c37415", kill_on_drop: false }`
[INFO] [stderr] warning: function `write_string_to_file` is never used
[INFO] [stderr]   --> src/file_util.rs:27:8
[INFO] [stderr]    |
[INFO] [stderr] 27 | pub fn write_string_to_file<P: AsRef<Path>>(string: &str, path: P) -> io::Result<()> {
[INFO] [stderr]    |        ^^^^^^^^^^^^^^^^^^^^
[INFO] [stderr]    |
[INFO] [stderr]    = note: `#[warn(dead_code)]` on by default
[INFO] [stderr] 
[INFO] [stderr] warning: function `clear_file` is never used
[INFO] [stderr]   --> src/file_util.rs:32:8
[INFO] [stderr]    |
[INFO] [stderr] 32 | pub fn clear_file<P: AsRef<Path>>(masterlist_path: P) -> io::Result<()> {
[INFO] [stderr]    |        ^^^^^^^^^^
[INFO] [stderr] 
[INFO] [stderr] warning: `lootifier` (lib) generated 2 warnings
[INFO] [stderr] warning: `lootifier` (lib test) generated 2 warnings (2 duplicates)
[INFO] [stderr] warning: constant `COMMENT_PREFIXES` is never used
[INFO] [stderr]  --> src/file_util.rs:5:18
[INFO] [stderr]   |
[INFO] [stderr] 5 | pub(crate) const COMMENT_PREFIXES: [&str; 2] = ["#", "/"];
[INFO] [stderr]   |                  ^^^^^^^^^^^^^^^^
[INFO] [stderr]   |
[INFO] [stderr]   = note: `#[warn(dead_code)]` on by default
[INFO] [stderr] 
[INFO] [stderr] warning: function `read_lines_from_file` is never used
[INFO] [stderr]   --> src/file_util.rs:10:8
[INFO] [stderr]    |
[INFO] [stderr] 10 | pub fn read_lines_from_file<P: AsRef<Path>>(path: P) -> io::Result<Vec<String>> {
[INFO] [stderr]    |        ^^^^^^^^^^^^^^^^^^^^
[INFO] [stderr] 
[INFO] [stderr] warning: function `filter_lines` is never used
[INFO] [stderr]   --> src/file_util.rs:40:8
[INFO] [stderr]    |
[INFO] [stderr] 40 | pub fn filter_lines<'a, I>(lines: I) -> io::Result<Vec<String>>
[INFO] [stderr]    |        ^^^^^^^^^^^^
[INFO] [stderr] 
[INFO] [stderr] warning: `lootifier` (bin "lootifier" test) generated 3 warnings
[INFO] [stderr]     Finished test [unoptimized + debuginfo] target(s) in 0.03s
[INFO] [stderr]      Running unittests src/lib.rs (/opt/rustwide/target/debug/deps/lootifier-0703d554c92ae257)
[INFO] [stdout] 
[INFO] [stdout] running 1 test
[INFO] [stdout] test tests::test_generate_rules ... FAILED
[INFO] [stdout] 
[INFO] [stdout] failures:
[INFO] [stdout] 
[INFO] [stdout] ---- tests::test_generate_rules stdout ----
[INFO] [stdout] thread 'tests::test_generate_rules' panicked at src/lib.rs:149:9:
[INFO] [stdout] assertion `left == right` failed
[INFO] [stdout]   left: "groups:\n- name: Update.esm\n  after: Skyrim.esm\n- name: Dawnguard.esm\n  after: Update.esm\n- name: HearthFires.esm\n  after: Dawnguard.esm\n- name: Dragonborn.esm\n  after: HearthFires.esm\n- name: Lanterns Of Skyrim II.esm\n  after: Dragonborn.esm\n- name: LegacyoftheDragonborn.esm\n  after: Lanterns Of Skyrim II.esm\n- name: DynDOLOD.esm\n  after: LegacyoftheDragonborn.esm\n- name: Last'' Plugin with ''''''.esm\n  after: DynDOLOD.esm\nplugins:\n- name: Skyrim.esm\n  group: Skyrim.esm\n- name: Update.esm\n  group: Update.esm\n- name: Dawnguard.esm\n  group: Dawnguard.esm\n- name: HearthFires.esm\n  group: HearthFires.esm\n- name: Dragonborn.esm\n  group: Dragonborn.esm\n- name: Lanterns Of Skyrim II.esm\n  group: Lanterns Of Skyrim II.esm\n- name: LegacyoftheDragonborn.esm\n  group: LegacyoftheDragonborn.esm\n- name: DynDOLOD.esm\n  group: DynDOLOD.esm\n- name: Last'' Plugin with ''''''.esm\n  group: Last'' Plugin with ''''''.esm\n"
[INFO] [stdout]  right: "groups:\n- name: Update.esm\n  after: Skyrim.esm\n- name: Dawnguard.esm\n  after: Update.esm\n- name: HearthFires.esm\n  after: Dawnguard.esm\n- name: Dragonborn.esm\n  after: HearthFires.esm\n- name: Lanterns Of Skyrim II.esm\n  after: Dragonborn.esm\n- name: LegacyoftheDragonborn.esm\n  after: Lanterns Of Skyrim II.esm\n- name: DynDOLOD.esm\n  after: LegacyoftheDragonborn.esm\n- name: Last'' Plugin with ''''''.esm\n  after: DynDOLOD.esm\nplugins:\n- name: Skyrim.esm\n  group: Skyrim.esm\n- name: Update.esm\n  group: Update.esm\n- name: Dawnguard.esm\n  group: Dawnguard.esm\n- name: HearthFires.esm\n  group: HearthFires.esm\n- name: Dragonborn.esm\n  group: Dragonborn.esm\n- name: Lanterns Of Skyrim II.esm\n  group: Lanterns Of Skyrim II.esm\n- name: LegacyoftheDragonborn.esm\n  group: LegacyoftheDragonborn.esm\n- name: DynDOLOD.esm\n  group: DynDOLOD.esm\n- name: Last'' Plugin with ''''''.esm\n  group: Last'' Plugin with ''''''.esm"
[INFO] [stdout] stack backtrace:
[INFO] [stdout]    0:     0x56352340a93c - std::backtrace_rs::backtrace::libunwind::trace::ha637c64ce894333a
[INFO] [stdout]                                at /rustc/82e1608dfa6e0b5569232559e3d385fea5a93112/library/std/src/../../backtrace/src/backtrace/libunwind.rs:104:5
[INFO] [stdout]    1:     0x56352340a93c - std::backtrace_rs::backtrace::trace_unsynchronized::h47f62dea28e0c88d
[INFO] [stdout]                                at /rustc/82e1608dfa6e0b5569232559e3d385fea5a93112/library/std/src/../../backtrace/src/backtrace/mod.rs:66:5
[INFO] [stdout]    2:     0x56352340a93c - std::sys_common::backtrace::_print_fmt::h9eef0abe20ede486
[INFO] [stdout]                                at /rustc/82e1608dfa6e0b5569232559e3d385fea5a93112/library/std/src/sys_common/backtrace.rs:67:5
[INFO] [stdout]    3:     0x56352340a93c - <std::sys_common::backtrace::_print::DisplayBacktrace as core::fmt::Display>::fmt::hed7f999df88cc644
[INFO] [stdout]                                at /rustc/82e1608dfa6e0b5569232559e3d385fea5a93112/library/std/src/sys_common/backtrace.rs:44:22
[INFO] [stdout]    4:     0x563523435cd0 - core::fmt::rt::Argument::fmt::h1539a9308b8d058d
[INFO] [stdout]                                at /rustc/82e1608dfa6e0b5569232559e3d385fea5a93112/library/core/src/fmt/rt.rs:142:9
[INFO] [stdout]    5:     0x563523435cd0 - core::fmt::write::h3a39390d8560d9c9
[INFO] [stdout]                                at /rustc/82e1608dfa6e0b5569232559e3d385fea5a93112/library/core/src/fmt/mod.rs:1120:17
[INFO] [stdout]    6:     0x5635234082ef - std::io::Write::write_fmt::h040b369f3a0f9cbc
[INFO] [stdout]                                at /rustc/82e1608dfa6e0b5569232559e3d385fea5a93112/library/std/src/io/mod.rs:1762:15
[INFO] [stdout]    7:     0x56352340a724 - std::sys_common::backtrace::_print::h894006fb5c6f3d45
[INFO] [stdout]                                at /rustc/82e1608dfa6e0b5569232559e3d385fea5a93112/library/std/src/sys_common/backtrace.rs:47:5
[INFO] [stdout]    8:     0x56352340a724 - std::sys_common::backtrace::print::h23a2d212c6fff936
[INFO] [stdout]                                at /rustc/82e1608dfa6e0b5569232559e3d385fea5a93112/library/std/src/sys_common/backtrace.rs:34:9
[INFO] [stdout]    9:     0x56352340c3e7 - std::panicking::default_hook::{{closure}}::h8a1d2ee00185001a
[INFO] [stdout]   10:     0x56352340c0d3 - std::panicking::default_hook::h6038f2eba384e475
[INFO] [stdout]                                at /rustc/82e1608dfa6e0b5569232559e3d385fea5a93112/library/std/src/panicking.rs:289:9
[INFO] [stdout]   11:     0x5635233bbd27 - <alloc::boxed::Box<F,A> as core::ops::function::Fn<Args>>::call::h0ad024c9bdc6d768
[INFO] [stdout]                                at /rustc/82e1608dfa6e0b5569232559e3d385fea5a93112/library/alloc/src/boxed.rs:2021:9
[INFO] [stdout]   12:     0x5635233bbd27 - test::test_main::{{closure}}::h7500b54257359db6
[INFO] [stdout]                                at /rustc/82e1608dfa6e0b5569232559e3d385fea5a93112/library/test/src/lib.rs:138:21
[INFO] [stdout]   13:     0x56352340c9f8 - <alloc::boxed::Box<F,A> as core::ops::function::Fn<Args>>::call::h1f8f335eaa9cfaee
[INFO] [stdout]                                at /rustc/82e1608dfa6e0b5569232559e3d385fea5a93112/library/alloc/src/boxed.rs:2021:9
[INFO] [stdout]   14:     0x56352340c9f8 - std::panicking::rust_panic_with_hook::h2b5517d590cab22e
[INFO] [stdout]                                at /rustc/82e1608dfa6e0b5569232559e3d385fea5a93112/library/std/src/panicking.rs:783:13
[INFO] [stdout]   15:     0x56352340c74e - std::panicking::begin_panic_handler::{{closure}}::h233112c06e0ef43e
[INFO] [stdout]                                at /rustc/82e1608dfa6e0b5569232559e3d385fea5a93112/library/std/src/panicking.rs:657:13
[INFO] [stdout]   16:     0x56352340ae06 - std::sys_common::backtrace::__rust_end_short_backtrace::h6e893f24d7ebbff8
[INFO] [stdout]                                at /rustc/82e1608dfa6e0b5569232559e3d385fea5a93112/library/std/src/sys_common/backtrace.rs:170:18
[INFO] [stdout]   17:     0x56352340c4b2 - rust_begin_unwind
[INFO] [stdout]                                at /rustc/82e1608dfa6e0b5569232559e3d385fea5a93112/library/std/src/panicking.rs:645:5
[INFO] [stdout]   18:     0x56352336ccf5 - core::panicking::panic_fmt::hbf0e066aabfa482c
[INFO] [stdout]                                at /rustc/82e1608dfa6e0b5569232559e3d385fea5a93112/library/core/src/panicking.rs:72:14
[INFO] [stdout]   19:     0x56352336d16b - core::panicking::assert_failed_inner::h0bba8b7c26ee4492
[INFO] [stdout]   20:     0x56352337c8b2 - core::panicking::assert_failed::hfbb99ca2fc3cd6da
[INFO] [stdout]                                at /rustc/82e1608dfa6e0b5569232559e3d385fea5a93112/library/core/src/panicking.rs:279:5
[INFO] [stdout]   21:     0x56352337dad2 - lootifier::tests::test_generate_rules::h29c5316ea78e7443
[INFO] [stdout]                                at /opt/rustwide/workdir/src/lib.rs:149:9
[INFO] [stdout]   22:     0x56352337d927 - lootifier::tests::test_generate_rules::{{closure}}::hd6d9d43084399105
[INFO] [stdout]                                at /opt/rustwide/workdir/src/lib.rs:92:29
[INFO] [stdout]   23:     0x56352337eca6 - core::ops::function::FnOnce::call_once::h6c2eea243929d6b8
[INFO] [stdout]                                at /rustc/82e1608dfa6e0b5569232559e3d385fea5a93112/library/core/src/ops/function.rs:250:5
[INFO] [stdout]   24:     0x5635233c137f - core::ops::function::FnOnce::call_once::h2b5d431d5046312d
[INFO] [stdout]                                at /rustc/82e1608dfa6e0b5569232559e3d385fea5a93112/library/core/src/ops/function.rs:250:5
[INFO] [stdout]   25:     0x5635233c137f - test::__rust_begin_short_backtrace::h7714669af176e207
[INFO] [stdout]                                at /rustc/82e1608dfa6e0b5569232559e3d385fea5a93112/library/test/src/lib.rs:628:18
[INFO] [stdout]   26:     0x5635233c0395 - test::run_test_in_process::{{closure}}::h85218797dcbcec12
[INFO] [stdout]                                at /rustc/82e1608dfa6e0b5569232559e3d385fea5a93112/library/test/src/lib.rs:651:60
[INFO] [stdout]   27:     0x5635233c0395 - <core::panic::unwind_safe::AssertUnwindSafe<F> as core::ops::function::FnOnce<()>>::call_once::h76c106ea31c14d7b
[INFO] [stdout]                                at /rustc/82e1608dfa6e0b5569232559e3d385fea5a93112/library/core/src/panic/unwind_safe.rs:272:9
[INFO] [stdout]   28:     0x5635233c0395 - std::panicking::try::do_call::h3bd5d0f6620ee946
[INFO] [stdout]                                at /rustc/82e1608dfa6e0b5569232559e3d385fea5a93112/library/std/src/panicking.rs:552:40
[INFO] [stdout]   29:     0x5635233c0395 - std::panicking::try::h232e535e4744fe31
[INFO] [stdout]                                at /rustc/82e1608dfa6e0b5569232559e3d385fea5a93112/library/std/src/panicking.rs:516:19
[INFO] [stdout]   30:     0x5635233c0395 - std::panic::catch_unwind::h3ce3bd6ca8dbac68
[INFO] [stdout]                                at /rustc/82e1608dfa6e0b5569232559e3d385fea5a93112/library/std/src/panic.rs:142:14
[INFO] [stdout]   31:     0x5635233c0395 - test::run_test_in_process::hc97b257c9621286a
[INFO] [stdout]                                at /rustc/82e1608dfa6e0b5569232559e3d385fea5a93112/library/test/src/lib.rs:651:27
[INFO] [stdout]   32:     0x5635233c0395 - test::run_test::{{closure}}::h2aa798823a438d38
[INFO] [stdout]                                at /rustc/82e1608dfa6e0b5569232559e3d385fea5a93112/library/test/src/lib.rs:574:43
[INFO] [stdout]   33:     0x563523388656 - test::run_test::{{closure}}::h87d231c78fb59832
[INFO] [stdout]                                at /rustc/82e1608dfa6e0b5569232559e3d385fea5a93112/library/test/src/lib.rs:602:41
[INFO] [stdout]   34:     0x563523388656 - std::sys_common::backtrace::__rust_begin_short_backtrace::he6df152596625789
[INFO] [stdout]                                at /rustc/82e1608dfa6e0b5569232559e3d385fea5a93112/library/std/src/sys_common/backtrace.rs:154:18
[INFO] [stdout]   35:     0x56352338d707 - std::thread::Builder::spawn_unchecked_::{{closure}}::{{closure}}::ha94be15d1e0acf36
[INFO] [stdout]                                at /rustc/82e1608dfa6e0b5569232559e3d385fea5a93112/library/std/src/thread/mod.rs:529:17
[INFO] [stdout]   36:     0x56352338d707 - <core::panic::unwind_safe::AssertUnwindSafe<F> as core::ops::function::FnOnce<()>>::call_once::h9dc6bd6372f16606
[INFO] [stdout]                                at /rustc/82e1608dfa6e0b5569232559e3d385fea5a93112/library/core/src/panic/unwind_safe.rs:272:9
[INFO] [stdout]   37:     0x56352338d707 - std::panicking::try::do_call::h9057517f80303cd4
[INFO] [stdout]                                at /rustc/82e1608dfa6e0b5569232559e3d385fea5a93112/library/std/src/panicking.rs:552:40
[INFO] [stdout]   38:     0x56352338d707 - std::panicking::try::he3a30b11ee45340c
[INFO] [stdout]                                at /rustc/82e1608dfa6e0b5569232559e3d385fea5a93112/library/std/src/panicking.rs:516:19
[INFO] [stdout]   39:     0x56352338d707 - std::panic::catch_unwind::h410458cfd3528b8b
[INFO] [stdout]                                at /rustc/82e1608dfa6e0b5569232559e3d385fea5a93112/library/std/src/panic.rs:142:14
[INFO] [stdout]   40:     0x56352338d707 - std::thread::Builder::spawn_unchecked_::{{closure}}::h72ac3bdb567b737b
[INFO] [stdout]                                at /rustc/82e1608dfa6e0b5569232559e3d385fea5a93112/library/std/src/thread/mod.rs:528:30
[INFO] [stdout]   41:     0x56352338d707 - core::ops::function::FnOnce::call_once{{vtable.shim}}::h38f34da3654a8344
[INFO] [stdout]                                at /rustc/82e1608dfa6e0b5569232559e3d385fea5a93112/library/core/src/ops/function.rs:250:5
[INFO] [stdout]   42:     0x563523411485 - <alloc::boxed::Box<F,A> as core::ops::function::FnOnce<Args>>::call_once::hc7eafaff61e32df9
[INFO] [stdout]                                at /rustc/82e1608dfa6e0b5569232559e3d385fea5a93112/library/alloc/src/boxed.rs:2007:9
[INFO] [stdout]   43:     0x563523411485 - <alloc::boxed::Box<F,A> as core::ops::function::FnOnce<Args>>::call_once::h6ba4a5de48dd2304
[INFO] [stdout]                                at /rustc/82e1608dfa6e0b5569232559e3d385fea5a93112/library/alloc/src/boxed.rs:2007:9
[INFO] [stdout]   44:     0x563523411485 - std::sys::unix::thread::Thread::new::thread_start::he469335aef763e45
[INFO] [stdout]                                at /rustc/82e1608dfa6e0b5569232559e3d385fea5a93112/library/std/src/sys/unix/thread.rs:108:17
[INFO] [stdout]   45:     0x7fe3cd70aac3 - <unknown>
[INFO] [stdout]   46:     0x7fe3cd79bbf4 - __clone
[INFO] [stdout]   47:                0x0 - <unknown>
[INFO] [stdout] 
[INFO] [stdout] 
[INFO] [stdout] failures:
[INFO] [stdout]     tests::test_generate_rules
[INFO] [stdout] 
[INFO] [stdout] test result: FAILED. 0 passed; 1 failed; 0 ignored; 0 measured; 0 filtered out; finished in 0.02s
[INFO] [stdout] 
[INFO] [stderr] error: test failed, to rerun pass `--lib`
[INFO] running `Command { std: "docker" "inspect" "59d5ad166009d7ede156fbeb102d4bfb1f0e78a6d3ac3009ae2c66a263c37415", kill_on_drop: false }`
[INFO] running `Command { std: "docker" "rm" "-f" "59d5ad166009d7ede156fbeb102d4bfb1f0e78a6d3ac3009ae2c66a263c37415", kill_on_drop: false }`
[INFO] [stdout] 59d5ad166009d7ede156fbeb102d4bfb1f0e78a6d3ac3009ae2c66a263c37415
[INFO] testing alsa64/lootifier against beta-2023-12-22 for beta-1.76-1
[INFO] running `Command { std: "git" "clone" "/workspace/cache/git-repos/https%3A%2F%2Fgithub.com%2Falsa64%2Flootifier" "/workspace/builds/worker-1-tc2/source", kill_on_drop: false }`
[INFO] [stderr] Cloning into '/workspace/builds/worker-1-tc2/source'...
[INFO] [stderr] done.
[INFO] validating manifest of git repo https://github.com/alsa64/lootifier on toolchain beta-2023-12-22
[INFO] running `Command { std: CARGO_HOME="/workspace/cargo-home" RUSTUP_HOME="/workspace/rustup-home" "/workspace/cargo-home/bin/cargo" "+beta-2023-12-22" "metadata" "--manifest-path" "Cargo.toml" "--no-deps", kill_on_drop: false }`
[INFO] started tweaking git repo https://github.com/alsa64/lootifier
[INFO] finished tweaking git repo https://github.com/alsa64/lootifier
[INFO] tweaked toml for git repo https://github.com/alsa64/lootifier written to /workspace/builds/worker-1-tc2/source/Cargo.toml
[INFO] crate git repo https://github.com/alsa64/lootifier already has a lockfile, it will not be regenerated
[INFO] running `Command { std: CARGO_HOME="/workspace/cargo-home" RUSTUP_HOME="/workspace/rustup-home" "/workspace/cargo-home/bin/cargo" "+beta-2023-12-22" "fetch" "--manifest-path" "Cargo.toml", kill_on_drop: false }`
[INFO] [stderr]     Blocking waiting for file lock on package cache
[INFO] running `Command { std: "docker" "create" "-v" "/var/lib/crater-agent-workspace/builds/worker-1-tc2/target:/opt/rustwide/target:rw,Z" "-v" "/var/lib/crater-agent-workspace/builds/worker-1-tc2/source:/opt/rustwide/workdir:ro,Z" "-v" "/var/lib/crater-agent-workspace/cargo-home:/opt/rustwide/cargo-home:ro,Z" "-v" "/var/lib/crater-agent-workspace/rustup-home:/opt/rustwide/rustup-home:ro,Z" "-e" "SOURCE_DIR=/opt/rustwide/workdir" "-e" "CARGO_TARGET_DIR=/opt/rustwide/target" "-e" "CARGO_HOME=/opt/rustwide/cargo-home" "-e" "RUSTUP_HOME=/opt/rustwide/rustup-home" "-w" "/opt/rustwide/workdir" "-m" "1610612736" "--user" "0:0" "--network" "none" "ghcr.io/rust-lang/crates-build-env/linux@sha256:2788e3201cd34a07e3172128adcd8b3090168a8e3bcc40d7c032b9dda1df7d1c" "/opt/rustwide/cargo-home/bin/cargo" "+beta-2023-12-22" "metadata" "--no-deps" "--format-version=1", kill_on_drop: false }`
[INFO] [stdout] 55da5ace39fe603ab42d4a1e2640ced0275161f34d78766e2e5787af9939c6ef
[INFO] running `Command { std: "docker" "start" "-a" "55da5ace39fe603ab42d4a1e2640ced0275161f34d78766e2e5787af9939c6ef", kill_on_drop: false }`
[INFO] running `Command { std: "docker" "inspect" "55da5ace39fe603ab42d4a1e2640ced0275161f34d78766e2e5787af9939c6ef", kill_on_drop: false }`
[INFO] running `Command { std: "docker" "rm" "-f" "55da5ace39fe603ab42d4a1e2640ced0275161f34d78766e2e5787af9939c6ef", kill_on_drop: false }`
[INFO] [stdout] 55da5ace39fe603ab42d4a1e2640ced0275161f34d78766e2e5787af9939c6ef
[INFO] running `Command { std: "docker" "create" "-v" "/var/lib/crater-agent-workspace/builds/worker-1-tc2/target:/opt/rustwide/target:rw,Z" "-v" "/var/lib/crater-agent-workspace/builds/worker-1-tc2/source:/opt/rustwide/workdir:ro,Z" "-v" "/var/lib/crater-agent-workspace/cargo-home:/opt/rustwide/cargo-home:ro,Z" "-v" "/var/lib/crater-agent-workspace/rustup-home:/opt/rustwide/rustup-home:ro,Z" "-e" "SOURCE_DIR=/opt/rustwide/workdir" "-e" "CARGO_TARGET_DIR=/opt/rustwide/target" "-e" "CARGO_INCREMENTAL=0" "-e" "RUST_BACKTRACE=full" "-e" "RUSTFLAGS=--cap-lints=warn" "-e" "RUSTDOCFLAGS=--cap-lints=warn" "-e" "CARGO_HOME=/opt/rustwide/cargo-home" "-e" "RUSTUP_HOME=/opt/rustwide/rustup-home" "-w" "/opt/rustwide/workdir" "-m" "1610612736" "--user" "0:0" "--network" "none" "ghcr.io/rust-lang/crates-build-env/linux@sha256:2788e3201cd34a07e3172128adcd8b3090168a8e3bcc40d7c032b9dda1df7d1c" "/opt/rustwide/cargo-home/bin/cargo" "+beta-2023-12-22" "build" "--frozen" "--message-format=json", kill_on_drop: false }`
[INFO] [stdout] b0341c5c0b0f1c96c5b2d114012eb68c0a020345b9df1487c9bff05ae487d509
[INFO] running `Command { std: "docker" "start" "-a" "b0341c5c0b0f1c96c5b2d114012eb68c0a020345b9df1487c9bff05ae487d509", kill_on_drop: false }`
[INFO] [stderr]    Compiling rustix v0.38.20
[INFO] [stderr]    Compiling proc-macro2 v1.0.66
[INFO] [stderr]    Compiling bitflags v2.4.1
[INFO] [stderr]    Compiling unicode-ident v1.0.5
[INFO] [stderr]    Compiling linux-raw-sys v0.4.10
[INFO] [stderr]    Compiling utf8parse v0.2.1
[INFO] [stderr]    Compiling colorchoice v1.0.0
[INFO] [stderr]    Compiling anstyle v1.0.1
[INFO] [stderr]    Compiling anstyle-parse v0.2.1
[INFO] [stderr]    Compiling serde v1.0.179
[INFO] [stderr]    Compiling anstyle-query v1.0.0
[INFO] [stderr]    Compiling hashbrown v0.14.0
[INFO] [stderr]    Compiling clap_lex v0.5.0
[INFO] [stderr]    Compiling heck v0.4.0
[INFO] [stderr]    Compiling equivalent v1.0.1
[INFO] [stderr]    Compiling strsim v0.10.0
[INFO] [stderr]    Compiling serde_derive v1.0.179
[INFO] [stderr]    Compiling ryu v1.0.15
[INFO] [stderr]    Compiling unsafe-libyaml v0.2.9
[INFO] [stderr]    Compiling indexmap v2.0.0
[INFO] [stderr]    Compiling once_cell v1.18.0
[INFO] [stderr]    Compiling itoa v1.0.9
[INFO] [stderr]    Compiling quote v1.0.31
[INFO] [stderr]    Compiling syn v2.0.26
[INFO] [stderr]    Compiling is-terminal v0.4.9
[INFO] [stderr]    Compiling anstream v0.3.2
[INFO] [stderr]    Compiling clap_builder v4.3.15
[INFO] [stderr]    Compiling clap_derive v4.3.12
[INFO] [stderr]    Compiling serde_yaml v0.9.25
[INFO] [stderr]    Compiling clap v4.3.15
[INFO] [stderr]    Compiling lootifier v3.0.0 (/opt/rustwide/workdir)
[INFO] [stdout] warning: function `write_string_to_file` is never used
[INFO] [stdout]   --> src/file_util.rs:27:8
[INFO] [stdout]    |
[INFO] [stdout] 27 | pub fn write_string_to_file<P: AsRef<Path>>(string: &str, path: P) -> io::Result<()> {
[INFO] [stdout]    |        ^^^^^^^^^^^^^^^^^^^^
[INFO] [stdout]    |
[INFO] [stdout]    = note: `#[warn(dead_code)]` on by default
[INFO] [stdout] 
[INFO] [stdout] 
[INFO] [stdout] warning: function `clear_file` is never used
[INFO] [stdout]   --> src/file_util.rs:32:8
[INFO] [stdout]    |
[INFO] [stdout] 32 | pub fn clear_file<P: AsRef<Path>>(masterlist_path: P) -> io::Result<()> {
[INFO] [stdout]    |        ^^^^^^^^^^
[INFO] [stdout] 
[INFO] [stdout] 
[INFO] [stdout] warning: 2 warnings emitted
[INFO] [stdout] 
[INFO] [stdout] 
[INFO] [stdout] warning: constant `COMMENT_PREFIXES` is never used
[INFO] [stdout]  --> src/file_util.rs:5:18
[INFO] [stdout]   |
[INFO] [stdout] 5 | pub(crate) const COMMENT_PREFIXES: [&str; 2] = ["#", "/"];
[INFO] [stdout]   |                  ^^^^^^^^^^^^^^^^
[INFO] [stdout]   |
[INFO] [stdout]   = note: `#[warn(dead_code)]` on by default
[INFO] [stdout] 
[INFO] [stdout] 
[INFO] [stdout] warning: function `read_lines_from_file` is never used
[INFO] [stdout]   --> src/file_util.rs:10:8
[INFO] [stdout]    |
[INFO] [stdout] 10 | pub fn read_lines_from_file<P: AsRef<Path>>(path: P) -> io::Result<Vec<String>> {
[INFO] [stdout]    |        ^^^^^^^^^^^^^^^^^^^^
[INFO] [stdout] 
[INFO] [stdout] 
[INFO] [stdout] warning: function `filter_lines` is never used
[INFO] [stdout]   --> src/file_util.rs:40:8
[INFO] [stdout]    |
[INFO] [stdout] 40 | pub fn filter_lines<'a, I>(lines: I) -> io::Result<Vec<String>>
[INFO] [stdout]    |        ^^^^^^^^^^^^
[INFO] [stdout] 
[INFO] [stdout] 
[INFO] [stdout] warning: 3 warnings emitted
[INFO] [stdout] 
[INFO] [stdout] 
[INFO] [stderr]     Finished dev [unoptimized + debuginfo] target(s) in 11.41s
[INFO] running `Command { std: "docker" "inspect" "b0341c5c0b0f1c96c5b2d114012eb68c0a020345b9df1487c9bff05ae487d509", kill_on_drop: false }`
[INFO] running `Command { std: "docker" "rm" "-f" "b0341c5c0b0f1c96c5b2d114012eb68c0a020345b9df1487c9bff05ae487d509", kill_on_drop: false }`
[INFO] [stdout] b0341c5c0b0f1c96c5b2d114012eb68c0a020345b9df1487c9bff05ae487d509
[INFO] running `Command { std: "docker" "create" "-v" "/var/lib/crater-agent-workspace/builds/worker-1-tc2/target:/opt/rustwide/target:rw,Z" "-v" "/var/lib/crater-agent-workspace/builds/worker-1-tc2/source:/opt/rustwide/workdir:ro,Z" "-v" "/var/lib/crater-agent-workspace/cargo-home:/opt/rustwide/cargo-home:ro,Z" "-v" "/var/lib/crater-agent-workspace/rustup-home:/opt/rustwide/rustup-home:ro,Z" "-e" "SOURCE_DIR=/opt/rustwide/workdir" "-e" "CARGO_TARGET_DIR=/opt/rustwide/target" "-e" "CARGO_INCREMENTAL=0" "-e" "RUST_BACKTRACE=full" "-e" "RUSTFLAGS=--cap-lints=warn" "-e" "RUSTDOCFLAGS=--cap-lints=warn" "-e" "CARGO_HOME=/opt/rustwide/cargo-home" "-e" "RUSTUP_HOME=/opt/rustwide/rustup-home" "-w" "/opt/rustwide/workdir" "-m" "1610612736" "--user" "0:0" "--network" "none" "ghcr.io/rust-lang/crates-build-env/linux@sha256:2788e3201cd34a07e3172128adcd8b3090168a8e3bcc40d7c032b9dda1df7d1c" "/opt/rustwide/cargo-home/bin/cargo" "+beta-2023-12-22" "test" "--frozen" "--no-run" "--message-format=json", kill_on_drop: false }`
[INFO] [stdout] efa30747e13cb7638a9f5051bc9ac6f5d5a3f82b0ead82b6c8c33adc6542a0b3
[INFO] running `Command { std: "docker" "start" "-a" "efa30747e13cb7638a9f5051bc9ac6f5d5a3f82b0ead82b6c8c33adc6542a0b3", kill_on_drop: false }`
[INFO] [stderr]    Compiling lootifier v3.0.0 (/opt/rustwide/workdir)
[INFO] [stdout] warning: function `write_string_to_file` is never used
[INFO] [stdout]   --> src/file_util.rs:27:8
[INFO] [stdout]    |
[INFO] [stdout] 27 | pub fn write_string_to_file<P: AsRef<Path>>(string: &str, path: P) -> io::Result<()> {
[INFO] [stdout]    |        ^^^^^^^^^^^^^^^^^^^^
[INFO] [stdout]    |
[INFO] [stdout]    = note: `#[warn(dead_code)]` on by default
[INFO] [stdout] 
[INFO] [stdout] 
[INFO] [stdout] warning: function `clear_file` is never used
[INFO] [stdout]   --> src/file_util.rs:32:8
[INFO] [stdout]    |
[INFO] [stdout] 32 | pub fn clear_file<P: AsRef<Path>>(masterlist_path: P) -> io::Result<()> {
[INFO] [stdout]    |        ^^^^^^^^^^
[INFO] [stdout] 
[INFO] [stdout] 
[INFO] [stdout] warning: 2 warnings emitted
[INFO] [stdout] 
[INFO] [stdout] 
[INFO] [stdout] warning: function `write_string_to_file` is never used
[INFO] [stdout]   --> src/file_util.rs:27:8
[INFO] [stdout]    |
[INFO] [stdout] 27 | pub fn write_string_to_file<P: AsRef<Path>>(string: &str, path: P) -> io::Result<()> {
[INFO] [stdout]    |        ^^^^^^^^^^^^^^^^^^^^
[INFO] [stdout]    |
[INFO] [stdout]    = note: `#[warn(dead_code)]` on by default
[INFO] [stdout] 
[INFO] [stdout] 
[INFO] [stdout] warning: function `clear_file` is never used
[INFO] [stdout]   --> src/file_util.rs:32:8
[INFO] [stdout]    |
[INFO] [stdout] 32 | pub fn clear_file<P: AsRef<Path>>(masterlist_path: P) -> io::Result<()> {
[INFO] [stdout]    |        ^^^^^^^^^^
[INFO] [stdout] 
[INFO] [stdout] 
[INFO] [stdout] warning: constant `COMMENT_PREFIXES` is never used
[INFO] [stdout]  --> src/file_util.rs:5:18
[INFO] [stdout]   |
[INFO] [stdout] 5 | pub(crate) const COMMENT_PREFIXES: [&str; 2] = ["#", "/"];
[INFO] [stdout]   |                  ^^^^^^^^^^^^^^^^
[INFO] [stdout]   |
[INFO] [stdout]   = note: `#[warn(dead_code)]` on by default
[INFO] [stdout] 
[INFO] [stdout] 
[INFO] [stdout] warning: function `read_lines_from_file` is never used
[INFO] [stdout]   --> src/file_util.rs:10:8
[INFO] [stdout]    |
[INFO] [stdout] 10 | pub fn read_lines_from_file<P: AsRef<Path>>(path: P) -> io::Result<Vec<String>> {
[INFO] [stdout]    |        ^^^^^^^^^^^^^^^^^^^^
[INFO] [stdout] 
[INFO] [stdout] 
[INFO] [stdout] warning: function `filter_lines` is never used
[INFO] [stdout]   --> src/file_util.rs:40:8
[INFO] [stdout]    |
[INFO] [stdout] 40 | pub fn filter_lines<'a, I>(lines: I) -> io::Result<Vec<String>>
[INFO] [stdout]    |        ^^^^^^^^^^^^
[INFO] [stdout] 
[INFO] [stdout] 
[INFO] [stdout] warning: 3 warnings emitted
[INFO] [stdout] 
[INFO] [stdout] 
[INFO] [stdout] warning: 2 warnings emitted
[INFO] [stdout] 
[INFO] [stdout] 
[INFO] [stderr]     Finished test [unoptimized + debuginfo] target(s) in 0.85s
[INFO] running `Command { std: "docker" "inspect" "efa30747e13cb7638a9f5051bc9ac6f5d5a3f82b0ead82b6c8c33adc6542a0b3", kill_on_drop: false }`
[INFO] running `Command { std: "docker" "rm" "-f" "efa30747e13cb7638a9f5051bc9ac6f5d5a3f82b0ead82b6c8c33adc6542a0b3", kill_on_drop: false }`
[INFO] [stdout] efa30747e13cb7638a9f5051bc9ac6f5d5a3f82b0ead82b6c8c33adc6542a0b3
[INFO] running `Command { std: "docker" "create" "-v" "/var/lib/crater-agent-workspace/builds/worker-1-tc2/target:/opt/rustwide/target:rw,Z" "-v" "/var/lib/crater-agent-workspace/builds/worker-1-tc2/source:/opt/rustwide/workdir:ro,Z" "-v" "/var/lib/crater-agent-workspace/cargo-home:/opt/rustwide/cargo-home:ro,Z" "-v" "/var/lib/crater-agent-workspace/rustup-home:/opt/rustwide/rustup-home:ro,Z" "-e" "SOURCE_DIR=/opt/rustwide/workdir" "-e" "CARGO_TARGET_DIR=/opt/rustwide/target" "-e" "CARGO_INCREMENTAL=0" "-e" "RUST_BACKTRACE=full" "-e" "RUSTFLAGS=--cap-lints=warn" "-e" "RUSTDOCFLAGS=--cap-lints=warn" "-e" "CARGO_HOME=/opt/rustwide/cargo-home" "-e" "RUSTUP_HOME=/opt/rustwide/rustup-home" "-w" "/opt/rustwide/workdir" "-m" "1610612736" "--user" "0:0" "--network" "none" "ghcr.io/rust-lang/crates-build-env/linux@sha256:2788e3201cd34a07e3172128adcd8b3090168a8e3bcc40d7c032b9dda1df7d1c" "/opt/rustwide/cargo-home/bin/cargo" "+beta-2023-12-22" "test" "--frozen", kill_on_drop: false }`
[INFO] [stdout] 9bd5bd116bec02470d4c5aac9c49e85328cfbae59e1bcf1c0e7cc884193226a7
[INFO] running `Command { std: "docker" "start" "-a" "9bd5bd116bec02470d4c5aac9c49e85328cfbae59e1bcf1c0e7cc884193226a7", kill_on_drop: false }`
[INFO] [stderr] warning: function `write_string_to_file` is never used
[INFO] [stderr]   --> src/file_util.rs:27:8
[INFO] [stderr]    |
[INFO] [stderr] 27 | pub fn write_string_to_file<P: AsRef<Path>>(string: &str, path: P) -> io::Result<()> {
[INFO] [stderr]    |        ^^^^^^^^^^^^^^^^^^^^
[INFO] [stderr]    |
[INFO] [stderr]    = note: `#[warn(dead_code)]` on by default
[INFO] [stderr] 
[INFO] [stderr] warning: function `clear_file` is never used
[INFO] [stderr]   --> src/file_util.rs:32:8
[INFO] [stderr]    |
[INFO] [stderr] 32 | pub fn clear_file<P: AsRef<Path>>(masterlist_path: P) -> io::Result<()> {
[INFO] [stderr]    |        ^^^^^^^^^^
[INFO] [stderr] 
[INFO] [stderr] warning: `lootifier` (lib) generated 2 warnings
[INFO] [stderr] warning: constant `COMMENT_PREFIXES` is never used
[INFO] [stderr]  --> src/file_util.rs:5:18
[INFO] [stderr]   |
[INFO] [stderr] 5 | pub(crate) const COMMENT_PREFIXES: [&str; 2] = ["#", "/"];
[INFO] [stderr]   |                  ^^^^^^^^^^^^^^^^
[INFO] [stderr]   |
[INFO] [stderr]   = note: `#[warn(dead_code)]` on by default
[INFO] [stderr] 
[INFO] [stderr] warning: function `read_lines_from_file` is never used
[INFO] [stderr]   --> src/file_util.rs:10:8
[INFO] [stderr]    |
[INFO] [stderr] 10 | pub fn read_lines_from_file<P: AsRef<Path>>(path: P) -> io::Result<Vec<String>> {
[INFO] [stderr]    |        ^^^^^^^^^^^^^^^^^^^^
[INFO] [stderr] 
[INFO] [stderr] warning: function `filter_lines` is never used
[INFO] [stderr]   --> src/file_util.rs:40:8
[INFO] [stderr]    |
[INFO] [stderr] 40 | pub fn filter_lines<'a, I>(lines: I) -> io::Result<Vec<String>>
[INFO] [stderr]    |        ^^^^^^^^^^^^
[INFO] [stderr] 
[INFO] [stderr] warning: `lootifier` (bin "lootifier" test) generated 3 warnings
[INFO] [stderr] warning: `lootifier` (lib test) generated 2 warnings (2 duplicates)
[INFO] [stderr]     Finished test [unoptimized + debuginfo] target(s) in 0.04s
[INFO] [stderr]      Running unittests src/lib.rs (/opt/rustwide/target/debug/deps/lootifier-a15c1ff4be8a7289)
[INFO] [stdout] 
[INFO] [stdout] running 1 test
[INFO] [stdout] test tests::test_generate_rules ... FAILED
[INFO] [stdout] 
[INFO] [stdout] failures:
[INFO] [stdout] 
[INFO] [stdout] ---- tests::test_generate_rules stdout ----
[INFO] [stdout] thread 'tests::test_generate_rules' panicked at src/lib.rs:149:9:
[INFO] [stdout] assertion `left == right` failed
[INFO] [stdout]   left: "groups:\n- name: Update.esm\n  after: Skyrim.esm\n- name: Dawnguard.esm\n  after: Update.esm\n- name: HearthFires.esm\n  after: Dawnguard.esm\n- name: Dragonborn.esm\n  after: HearthFires.esm\n- name: Lanterns Of Skyrim II.esm\n  after: Dragonborn.esm\n- name: LegacyoftheDragonborn.esm\n  after: Lanterns Of Skyrim II.esm\n- name: DynDOLOD.esm\n  after: LegacyoftheDragonborn.esm\n- name: Last'' Plugin with ''''''.esm\n  after: DynDOLOD.esm\nplugins:\n- name: Skyrim.esm\n  group: Skyrim.esm\n- name: Update.esm\n  group: Update.esm\n- name: Dawnguard.esm\n  group: Dawnguard.esm\n- name: HearthFires.esm\n  group: HearthFires.esm\n- name: Dragonborn.esm\n  group: Dragonborn.esm\n- name: Lanterns Of Skyrim II.esm\n  group: Lanterns Of Skyrim II.esm\n- name: LegacyoftheDragonborn.esm\n  group: LegacyoftheDragonborn.esm\n- name: DynDOLOD.esm\n  group: DynDOLOD.esm\n- name: Last'' Plugin with ''''''.esm\n  group: Last'' Plugin with ''''''.esm\n"
[INFO] [stdout]  right: "groups:\n- name: Update.esm\n  after: Skyrim.esm\n- name: Dawnguard.esm\n  after: Update.esm\n- name: HearthFires.esm\n  after: Dawnguard.esm\n- name: Dragonborn.esm\n  after: HearthFires.esm\n- name: Lanterns Of Skyrim II.esm\n  after: Dragonborn.esm\n- name: LegacyoftheDragonborn.esm\n  after: Lanterns Of Skyrim II.esm\n- name: DynDOLOD.esm\n  after: LegacyoftheDragonborn.esm\n- name: Last'' Plugin with ''''''.esm\n  after: DynDOLOD.esm\nplugins:\n- name: Skyrim.esm\n  group: Skyrim.esm\n- name: Update.esm\n  group: Update.esm\n- name: Dawnguard.esm\n  group: Dawnguard.esm\n- name: HearthFires.esm\n  group: HearthFires.esm\n- name: Dragonborn.esm\n  group: Dragonborn.esm\n- name: Lanterns Of Skyrim II.esm\n  group: Lanterns Of Skyrim II.esm\n- name: LegacyoftheDragonborn.esm\n  group: LegacyoftheDragonborn.esm\n- name: DynDOLOD.esm\n  group: DynDOLOD.esm\n- name: Last'' Plugin with ''''''.esm\n  group: Last'' Plugin with ''''''.esm"
[INFO] [stdout] stack backtrace:
[INFO] [stdout]    0:     0x55bc50e6d306 - std::backtrace_rs::backtrace::libunwind::trace::h261606ad26a499c1
[INFO] [stdout]                                at /rustc/0e09125c6c3c2fd70d7de961bcf0e51575235fad/library/std/src/../../backtrace/src/backtrace/libunwind.rs:104:5
[INFO] [stdout]    1:     0x55bc50e6d306 - std::backtrace_rs::backtrace::trace_unsynchronized::hd183f0625477fb28
[INFO] [stdout]                                at /rustc/0e09125c6c3c2fd70d7de961bcf0e51575235fad/library/std/src/../../backtrace/src/backtrace/mod.rs:66:5
[INFO] [stdout]    2:     0x55bc50e6d306 - std::sys_common::backtrace::_print_fmt::hd7f8fef21b4eda67
[INFO] [stdout]                                at /rustc/0e09125c6c3c2fd70d7de961bcf0e51575235fad/library/std/src/sys_common/backtrace.rs:68:5
[INFO] [stdout]    3:     0x55bc50e6d306 - <std::sys_common::backtrace::_print::DisplayBacktrace as core::fmt::Display>::fmt::h623d9b51f2f453f1
[INFO] [stdout]                                at /rustc/0e09125c6c3c2fd70d7de961bcf0e51575235fad/library/std/src/sys_common/backtrace.rs:44:22
[INFO] [stdout]    4:     0x55bc50e97990 - core::fmt::rt::Argument::fmt::h9f417ac76a86f368
[INFO] [stdout]                                at /rustc/0e09125c6c3c2fd70d7de961bcf0e51575235fad/library/core/src/fmt/rt.rs:142:9
[INFO] [stdout]    5:     0x55bc50e97990 - core::fmt::write::hc9b6faf4ac2aeff7
[INFO] [stdout]                                at /rustc/0e09125c6c3c2fd70d7de961bcf0e51575235fad/library/core/src/fmt/mod.rs:1120:17
[INFO] [stdout]    6:     0x55bc50e6ad6f - std::io::Write::write_fmt::he04625a3a989fec3
[INFO] [stdout]                                at /rustc/0e09125c6c3c2fd70d7de961bcf0e51575235fad/library/std/src/io/mod.rs:1810:15
[INFO] [stdout]    7:     0x55bc50e6d0e4 - std::sys_common::backtrace::_print::hd5d66399c7df88a2
[INFO] [stdout]                                at /rustc/0e09125c6c3c2fd70d7de961bcf0e51575235fad/library/std/src/sys_common/backtrace.rs:47:5
[INFO] [stdout]    8:     0x55bc50e6d0e4 - std::sys_common::backtrace::print::he81ed2da642d37e5
[INFO] [stdout]                                at /rustc/0e09125c6c3c2fd70d7de961bcf0e51575235fad/library/std/src/sys_common/backtrace.rs:34:9
[INFO] [stdout]    9:     0x55bc50e6ee57 - std::panicking::default_hook::{{closure}}::h85773f4fa117163d
[INFO] [stdout]   10:     0x55bc50e6eb3d - std::panicking::default_hook::h6a1694a91d09b278
[INFO] [stdout]                                at /rustc/0e09125c6c3c2fd70d7de961bcf0e51575235fad/library/std/src/panicking.rs:289:9
[INFO] [stdout]   11:     0x55bc50e1e127 - <alloc::boxed::Box<F,A> as core::ops::function::Fn<Args>>::call::h616ac37fa3cd6c8f
[INFO] [stdout]                                at /rustc/0e09125c6c3c2fd70d7de961bcf0e51575235fad/library/alloc/src/boxed.rs:2029:9
[INFO] [stdout]   12:     0x55bc50e1e127 - test::test_main::{{closure}}::h00d84697cefdcbb6
[INFO] [stdout]                                at /rustc/0e09125c6c3c2fd70d7de961bcf0e51575235fad/library/test/src/lib.rs:138:21
[INFO] [stdout]   13:     0x55bc50e6f476 - <alloc::boxed::Box<F,A> as core::ops::function::Fn<Args>>::call::hcb3fe3b9bb537ba8
[INFO] [stdout]                                at /rustc/0e09125c6c3c2fd70d7de961bcf0e51575235fad/library/alloc/src/boxed.rs:2029:9
[INFO] [stdout]   14:     0x55bc50e6f476 - std::panicking::rust_panic_with_hook::h0a7ad96e90f7145b
[INFO] [stdout]                                at /rustc/0e09125c6c3c2fd70d7de961bcf0e51575235fad/library/std/src/panicking.rs:783:13
[INFO] [stdout]   15:     0x55bc50e6f1c2 - std::panicking::begin_panic_handler::{{closure}}::h7919090525c6485e
[INFO] [stdout]                                at /rustc/0e09125c6c3c2fd70d7de961bcf0e51575235fad/library/std/src/panicking.rs:657:13
[INFO] [stdout]   16:     0x55bc50e6d806 - std::sys_common::backtrace::__rust_end_short_backtrace::hf3289479464f7dfe
[INFO] [stdout]                                at /rustc/0e09125c6c3c2fd70d7de961bcf0e51575235fad/library/std/src/sys_common/backtrace.rs:171:18
[INFO] [stdout]   17:     0x55bc50e6ef20 - rust_begin_unwind
[INFO] [stdout]                                at /rustc/0e09125c6c3c2fd70d7de961bcf0e51575235fad/library/std/src/panicking.rs:645:5
[INFO] [stdout]   18:     0x55bc50dcdcd5 - core::panicking::panic_fmt::hcc9f77c5c132af55
[INFO] [stdout]                                at /rustc/0e09125c6c3c2fd70d7de961bcf0e51575235fad/library/core/src/panicking.rs:72:14
[INFO] [stdout]   19:     0x55bc50dce16b - core::panicking::assert_failed_inner::h9f13e27dd63c3a08
[INFO] [stdout]                                at /rustc/0e09125c6c3c2fd70d7de961bcf0e51575235fad/library/core/src/panicking.rs:342:17
[INFO] [stdout]   20:     0x55bc50de36a2 - core::panicking::assert_failed::hd19d678ca20dca14
[INFO] [stdout]                                at /rustc/0e09125c6c3c2fd70d7de961bcf0e51575235fad/library/core/src/panicking.rs:297:5
[INFO] [stdout]   21:     0x55bc50de61a2 - lootifier::tests::test_generate_rules::h5c1d42d04eb0fe2c
[INFO] [stdout]                                at /opt/rustwide/workdir/src/lib.rs:149:9
[INFO] [stdout]   22:     0x55bc50de5ff7 - lootifier::tests::test_generate_rules::{{closure}}::h4934c6e79505d00c
[INFO] [stdout]                                at /opt/rustwide/workdir/src/lib.rs:92:29
[INFO] [stdout]   23:     0x55bc50dd5086 - core::ops::function::FnOnce::call_once::hdb4fa29bc7496087
[INFO] [stdout]                                at /rustc/0e09125c6c3c2fd70d7de961bcf0e51575235fad/library/core/src/ops/function.rs:250:5
[INFO] [stdout]   24:     0x55bc50e239ff - core::ops::function::FnOnce::call_once::hd64d26f405258157
[INFO] [stdout]                                at /rustc/0e09125c6c3c2fd70d7de961bcf0e51575235fad/library/core/src/ops/function.rs:250:5
[INFO] [stdout]   25:     0x55bc50e239ff - test::__rust_begin_short_backtrace::he21b0b7a6d731bf9
[INFO] [stdout]                                at /rustc/0e09125c6c3c2fd70d7de961bcf0e51575235fad/library/test/src/lib.rs:627:18
[INFO] [stdout]   26:     0x55bc50e22781 - test::run_test_in_process::{{closure}}::hf5c73986d7bdfde2
[INFO] [stdout]                                at /rustc/0e09125c6c3c2fd70d7de961bcf0e51575235fad/library/test/src/lib.rs:650:60
[INFO] [stdout]   27:     0x55bc50e22781 - <core::panic::unwind_safe::AssertUnwindSafe<F> as core::ops::function::FnOnce<()>>::call_once::h330011ad032aadc0
[INFO] [stdout]                                at /rustc/0e09125c6c3c2fd70d7de961bcf0e51575235fad/library/core/src/panic/unwind_safe.rs:272:9
[INFO] [stdout]   28:     0x55bc50e22781 - std::panicking::try::do_call::he61b0a958b795a41
[INFO] [stdout]                                at /rustc/0e09125c6c3c2fd70d7de961bcf0e51575235fad/library/std/src/panicking.rs:552:40
[INFO] [stdout]   29:     0x55bc50e22781 - std::panicking::try::h7309da130f906eb7
[INFO] [stdout]                                at /rustc/0e09125c6c3c2fd70d7de961bcf0e51575235fad/library/std/src/panicking.rs:516:19
[INFO] [stdout]   30:     0x55bc50e22781 - std::panic::catch_unwind::hc5c3a06fdaf0a92a
[INFO] [stdout]                                at /rustc/0e09125c6c3c2fd70d7de961bcf0e51575235fad/library/std/src/panic.rs:142:14
[INFO] [stdout]   31:     0x55bc50e22781 - test::run_test_in_process::h7e7b7c71c3324e0f
[INFO] [stdout]                                at /rustc/0e09125c6c3c2fd70d7de961bcf0e51575235fad/library/test/src/lib.rs:650:27
[INFO] [stdout]   32:     0x55bc50e22781 - test::run_test::{{closure}}::h1f509f28f5cf20b1
[INFO] [stdout]                                at /rustc/0e09125c6c3c2fd70d7de961bcf0e51575235fad/library/test/src/lib.rs:573:43
[INFO] [stdout]   33:     0x55bc50de9ab6 - test::run_test::{{closure}}::h1754218abf443f6d
[INFO] [stdout]                                at /rustc/0e09125c6c3c2fd70d7de961bcf0e51575235fad/library/test/src/lib.rs:601:41
[INFO] [stdout]   34:     0x55bc50de9ab6 - std::sys_common::backtrace::__rust_begin_short_backtrace::h2ee174b9d5954948
[INFO] [stdout]                                at /rustc/0e09125c6c3c2fd70d7de961bcf0e51575235fad/library/std/src/sys_common/backtrace.rs:155:18
[INFO] [stdout]   35:     0x55bc50deeb17 - std::thread::Builder::spawn_unchecked_::{{closure}}::{{closure}}::hf60bee9c1a17ef09
[INFO] [stdout]                                at /rustc/0e09125c6c3c2fd70d7de961bcf0e51575235fad/library/std/src/thread/mod.rs:529:17
[INFO] [stdout]   36:     0x55bc50deeb17 - <core::panic::unwind_safe::AssertUnwindSafe<F> as core::ops::function::FnOnce<()>>::call_once::h33d0dddec5216160
[INFO] [stdout]                                at /rustc/0e09125c6c3c2fd70d7de961bcf0e51575235fad/library/core/src/panic/unwind_safe.rs:272:9
[INFO] [stdout]   37:     0x55bc50deeb17 - std::panicking::try::do_call::h144b3048b546f835
[INFO] [stdout]                                at /rustc/0e09125c6c3c2fd70d7de961bcf0e51575235fad/library/std/src/panicking.rs:552:40
[INFO] [stdout]   38:     0x55bc50deeb17 - std::panicking::try::h978244d04646189f
[INFO] [stdout]                                at /rustc/0e09125c6c3c2fd70d7de961bcf0e51575235fad/library/std/src/panicking.rs:516:19
[INFO] [stdout]   39:     0x55bc50deeb17 - std::panic::catch_unwind::hdf436369d188fe86
[INFO] [stdout]                                at /rustc/0e09125c6c3c2fd70d7de961bcf0e51575235fad/library/std/src/panic.rs:142:14
[INFO] [stdout]   40:     0x55bc50deeb17 - std::thread::Builder::spawn_unchecked_::{{closure}}::h87329cbdd33c79ec
[INFO] [stdout]                                at /rustc/0e09125c6c3c2fd70d7de961bcf0e51575235fad/library/std/src/thread/mod.rs:528:30
[INFO] [stdout]   41:     0x55bc50deeb17 - core::ops::function::FnOnce::call_once{{vtable.shim}}::h401abbe67897d450
[INFO] [stdout]                                at /rustc/0e09125c6c3c2fd70d7de961bcf0e51575235fad/library/core/src/ops/function.rs:250:5
[INFO] [stdout]   42:     0x55bc50e73f25 - <alloc::boxed::Box<F,A> as core::ops::function::FnOnce<Args>>::call_once::h5d7c8f150ab9c84c
[INFO] [stdout]                                at /rustc/0e09125c6c3c2fd70d7de961bcf0e51575235fad/library/alloc/src/boxed.rs:2015:9
[INFO] [stdout]   43:     0x55bc50e73f25 - <alloc::boxed::Box<F,A> as core::ops::function::FnOnce<Args>>::call_once::h570d5b005c242c15
[INFO] [stdout]                                at /rustc/0e09125c6c3c2fd70d7de961bcf0e51575235fad/library/alloc/src/boxed.rs:2015:9
[INFO] [stdout]   44:     0x55bc50e73f25 - std::sys::unix::thread::Thread::new::thread_start::h36b0a20c0b2361ad
[INFO] [stdout]                                at /rustc/0e09125c6c3c2fd70d7de961bcf0e51575235fad/library/std/src/sys/unix/thread.rs:108:17
[INFO] [stdout]   45:     0x7fa6e662bac3 - <unknown>
[INFO] [stdout]   46:     0x7fa6e66bcbf4 - __clone
[INFO] [stdout]   47:                0x0 - <unknown>
[INFO] [stdout] 
[INFO] [stdout] 
[INFO] [stdout] failures:
[INFO] [stdout]     tests::test_generate_rules
[INFO] [stdout] 
[INFO] [stdout] test result: FAILED. 0 passed; 1 failed; 0 ignored; 0 measured; 0 filtered out; finished in 0.02s
[INFO] [stdout] 
[INFO] [stderr] error: test failed, to rerun pass `--lib`
[INFO] running `Command { std: "docker" "inspect" "9bd5bd116bec02470d4c5aac9c49e85328cfbae59e1bcf1c0e7cc884193226a7", kill_on_drop: false }`
[INFO] running `Command { std: "docker" "rm" "-f" "9bd5bd116bec02470d4c5aac9c49e85328cfbae59e1bcf1c0e7cc884193226a7", kill_on_drop: false }`
[INFO] [stdout] 9bd5bd116bec02470d4c5aac9c49e85328cfbae59e1bcf1c0e7cc884193226a7
