[INFO] cloning repository https://github.com/alekspickle/pg-server
[INFO] running `Command { std: "git" "-c" "credential.helper=" "-c" "credential.helper=/workspace/cargo-home/bin/git-credential-null" "clone" "--bare" "https://github.com/alekspickle/pg-server" "/workspace/cache/git-repos/https%3A%2F%2Fgithub.com%2Falekspickle%2Fpg-server", kill_on_drop: false }`
[INFO] [stderr] Cloning into bare repository '/workspace/cache/git-repos/https%3A%2F%2Fgithub.com%2Falekspickle%2Fpg-server'...
[INFO] running `Command { std: "git" "rev-parse" "HEAD", kill_on_drop: false }`
[INFO] [stdout] bac560807068d9f3e1d2de155f22ae7101b8c0f9
[INFO] testing alekspickle/pg-server against 1.75.0 for beta-1.76-1
[INFO] running `Command { std: "git" "clone" "/workspace/cache/git-repos/https%3A%2F%2Fgithub.com%2Falekspickle%2Fpg-server" "/workspace/builds/worker-3-tc1/source", kill_on_drop: false }`
[INFO] [stderr] Cloning into '/workspace/builds/worker-3-tc1/source'...
[INFO] [stderr] done.
[INFO] validating manifest of git repo https://github.com/alekspickle/pg-server on toolchain 1.75.0
[INFO] running `Command { std: CARGO_HOME="/workspace/cargo-home" RUSTUP_HOME="/workspace/rustup-home" "/workspace/cargo-home/bin/cargo" "+1.75.0" "metadata" "--manifest-path" "Cargo.toml" "--no-deps", kill_on_drop: false }`
[INFO] started tweaking git repo https://github.com/alekspickle/pg-server
[INFO] finished tweaking git repo https://github.com/alekspickle/pg-server
[INFO] tweaked toml for git repo https://github.com/alekspickle/pg-server written to /workspace/builds/worker-3-tc1/source/Cargo.toml
[INFO] crate git repo https://github.com/alekspickle/pg-server already has a lockfile, it will not be regenerated
[INFO] running `Command { std: CARGO_HOME="/workspace/cargo-home" RUSTUP_HOME="/workspace/rustup-home" "/workspace/cargo-home/bin/cargo" "+1.75.0" "fetch" "--manifest-path" "Cargo.toml", kill_on_drop: false }`
[INFO] [stderr]  Downloading crates ...
[INFO] [stderr]   Downloaded sqlx-rt v0.6.2
[INFO] [stderr]   Downloaded sqlx-macros v0.6.2
[INFO] [stderr]   Downloaded whoami v1.3.0
[INFO] [stderr]   Downloaded axum-macros v0.3.1
[INFO] [stderr]   Downloaded sqlx v0.6.2
[INFO] [stderr]   Downloaded sqlx-core v0.6.2
[INFO] running `Command { std: "docker" "create" "-v" "/var/lib/crater-agent-workspace/builds/worker-3-tc1/target:/opt/rustwide/target:rw,Z" "-v" "/var/lib/crater-agent-workspace/builds/worker-3-tc1/source:/opt/rustwide/workdir:ro,Z" "-v" "/var/lib/crater-agent-workspace/cargo-home:/opt/rustwide/cargo-home:ro,Z" "-v" "/var/lib/crater-agent-workspace/rustup-home:/opt/rustwide/rustup-home:ro,Z" "-e" "SOURCE_DIR=/opt/rustwide/workdir" "-e" "CARGO_TARGET_DIR=/opt/rustwide/target" "-e" "CARGO_HOME=/opt/rustwide/cargo-home" "-e" "RUSTUP_HOME=/opt/rustwide/rustup-home" "-w" "/opt/rustwide/workdir" "-m" "1610612736" "--user" "0:0" "--network" "none" "ghcr.io/rust-lang/crates-build-env/linux@sha256:2788e3201cd34a07e3172128adcd8b3090168a8e3bcc40d7c032b9dda1df7d1c" "/opt/rustwide/cargo-home/bin/cargo" "+1.75.0" "metadata" "--no-deps" "--format-version=1", kill_on_drop: false }`
[INFO] [stdout] 66b90fe8bda127e877b431d1f76db9b7e840675643ae0248afad8f8d71d12d00
[INFO] running `Command { std: "docker" "start" "-a" "66b90fe8bda127e877b431d1f76db9b7e840675643ae0248afad8f8d71d12d00", kill_on_drop: false }`
[INFO] running `Command { std: "docker" "inspect" "66b90fe8bda127e877b431d1f76db9b7e840675643ae0248afad8f8d71d12d00", kill_on_drop: false }`
[INFO] running `Command { std: "docker" "rm" "-f" "66b90fe8bda127e877b431d1f76db9b7e840675643ae0248afad8f8d71d12d00", kill_on_drop: false }`
[INFO] [stdout] 66b90fe8bda127e877b431d1f76db9b7e840675643ae0248afad8f8d71d12d00
[INFO] running `Command { std: "docker" "create" "-v" "/var/lib/crater-agent-workspace/builds/worker-3-tc1/target:/opt/rustwide/target:rw,Z" "-v" "/var/lib/crater-agent-workspace/builds/worker-3-tc1/source:/opt/rustwide/workdir:ro,Z" "-v" "/var/lib/crater-agent-workspace/cargo-home:/opt/rustwide/cargo-home:ro,Z" "-v" "/var/lib/crater-agent-workspace/rustup-home:/opt/rustwide/rustup-home:ro,Z" "-e" "SOURCE_DIR=/opt/rustwide/workdir" "-e" "CARGO_TARGET_DIR=/opt/rustwide/target" "-e" "CARGO_INCREMENTAL=0" "-e" "RUST_BACKTRACE=full" "-e" "RUSTFLAGS=--cap-lints=warn" "-e" "RUSTDOCFLAGS=--cap-lints=warn" "-e" "CARGO_HOME=/opt/rustwide/cargo-home" "-e" "RUSTUP_HOME=/opt/rustwide/rustup-home" "-w" "/opt/rustwide/workdir" "-m" "1610612736" "--user" "0:0" "--network" "none" "ghcr.io/rust-lang/crates-build-env/linux@sha256:2788e3201cd34a07e3172128adcd8b3090168a8e3bcc40d7c032b9dda1df7d1c" "/opt/rustwide/cargo-home/bin/cargo" "+1.75.0" "build" "--frozen" "--message-format=json", kill_on_drop: false }`
[INFO] [stdout] 03adc276631887d760582906921a37b0c76f1e13b78266c8a476eb481626af03
[INFO] running `Command { std: "docker" "start" "-a" "03adc276631887d760582906921a37b0c76f1e13b78266c8a476eb481626af03", kill_on_drop: false }`
[INFO] [stderr]    Compiling libc v0.2.139
[INFO] [stderr]    Compiling proc-macro2 v1.0.49
[INFO] [stderr]    Compiling quote v1.0.23
[INFO] [stderr]    Compiling unicode-ident v1.0.6
[INFO] [stderr]    Compiling syn v1.0.107
[INFO] [stderr]    Compiling once_cell v1.17.0
[INFO] [stderr]    Compiling bytes v1.3.0
[INFO] [stderr]    Compiling log v0.4.17
[INFO] [stderr]    Compiling cc v1.0.78
[INFO] [stderr]    Compiling futures-core v0.3.25
[INFO] [stderr]    Compiling parking_lot_core v0.9.5
[INFO] [stderr]    Compiling itoa v1.0.5
[INFO] [stderr]    Compiling futures-sink v0.3.25
[INFO] [stderr]    Compiling futures-task v0.3.25
[INFO] [stderr]    Compiling crypto-common v0.1.6
[INFO] [stderr]    Compiling tokio v1.24.1
[INFO] [stderr]    Compiling serde_derive v1.0.152
[INFO] [stderr]    Compiling rustls v0.20.8
[INFO] [stderr]    Compiling futures-util v0.3.25
[INFO] [stderr]    Compiling serde v1.0.152
[INFO] [stderr]    Compiling num_cpus v1.15.0
[INFO] [stderr]    Compiling socket2 v0.4.7
[INFO] [stderr]    Compiling getrandom v0.2.8
[INFO] [stderr]    Compiling signal-hook-registry v1.4.0
[INFO] [stderr]    Compiling mio v0.8.5
[INFO] [stderr]    Compiling ring v0.16.20
[INFO] [stderr]    Compiling parking_lot v0.12.1
[INFO] [stderr]    Compiling ahash v0.7.6
[INFO] [stderr]    Compiling tinyvec_macros v0.1.0
[INFO] [stderr]    Compiling tinyvec v1.6.0
[INFO] [stderr]    Compiling digest v0.10.6
[INFO] [stderr]    Compiling rustversion v1.0.11
[INFO] [stderr]    Compiling form_urlencoded v1.1.0
[INFO] [stderr]    Compiling tracing-core v0.1.30
[INFO] [stderr]    Compiling num-traits v0.2.15
[INFO] [stderr]    Compiling crossbeam-utils v0.8.14
[INFO] [stderr]    Compiling serde_json v1.0.91
[INFO] [stderr]    Compiling ryu v1.0.12
[INFO] [stderr]    Compiling unicode-normalization v0.1.22
[INFO] [stderr]    Compiling unicode-bidi v0.3.8
[INFO] [stderr]    Compiling parking_lot_core v0.8.6
[INFO] [stderr]    Compiling hashbrown v0.12.3
[INFO] [stderr]    Compiling rand_core v0.6.4
[INFO] [stderr]    Compiling indexmap v1.9.2
[INFO] [stderr]    Compiling either v1.8.0
[INFO] [stderr]    Compiling thiserror v1.0.38
[INFO] [stderr]    Compiling paste v1.0.11
[INFO] [stderr]    Compiling futures-channel v0.3.25
[INFO] [stderr]    Compiling crossbeam-queue v0.3.8
[INFO] [stderr]    Compiling byteorder v1.4.3
[INFO] [stderr]    Compiling nom v7.1.2
[INFO] [stderr]    Compiling rand_chacha v0.3.1
[INFO] [stderr]    Compiling http v0.2.8
[INFO] [stderr]    Compiling itertools v0.10.5
[INFO] [stderr]    Compiling parking_lot v0.11.2
[INFO] [stderr]    Compiling idna v0.3.0
[INFO] [stderr]    Compiling webpki v0.22.0
[INFO] [stderr]    Compiling sct v0.7.0
[INFO] [stderr]    Compiling dirs-sys v0.3.7
[INFO] [stderr]    Compiling unicode_categories v0.1.1
[INFO] [stderr]    Compiling base64 v0.13.1
[INFO] [stderr]    Compiling crc-catalog v2.2.0
[INFO] [stderr]    Compiling base64 v0.21.0
[INFO] [stderr]    Compiling crc v3.0.1
[INFO] [stderr]    Compiling sqlformat v0.2.1
[INFO] [stderr]    Compiling dirs v4.0.0
[INFO] [stderr]    Compiling rustls-pemfile v1.0.2
[INFO] [stderr]    Compiling webpki-roots v0.22.6
[INFO] [stderr]    Compiling heck v0.4.0
[INFO] [stderr]    Compiling atoi v1.0.0
[INFO] [stderr]    Compiling url v2.3.1
[INFO] [stderr]    Compiling http-body v0.4.5
[INFO] [stderr]    Compiling futures-intrusive v0.4.2
[INFO] [stderr]    Compiling rand v0.8.5
[INFO] [stderr]    Compiling hashlink v0.8.1
[INFO] [stderr]    Compiling tokio-rustls v0.23.4
[INFO] [stderr]    Compiling stringprep v0.1.2
[INFO] [stderr]    Compiling hmac v0.12.1
[INFO] [stderr]    Compiling dotenvy v0.15.6
[INFO] [stderr]    Compiling event-listener v2.5.3
[INFO] [stderr]    Compiling tokio-macros v1.8.2
[INFO] [stderr]    Compiling tracing-attributes v0.1.23
[INFO] [stderr]    Compiling thiserror-impl v1.0.38
[INFO] [stderr]    Compiling pin-project-internal v1.0.12
[INFO] [stderr]    Compiling hex v0.4.3
[INFO] [stderr]    Compiling async-trait v0.1.61
[INFO] [stderr]    Compiling whoami v1.3.0
[INFO] [stderr]    Compiling hkdf v0.12.3
[INFO] [stderr]    Compiling sqlx-rt v0.6.2
[INFO] [stderr]    Compiling tokio-stream v0.1.11
[INFO] [stderr]    Compiling pin-project v1.0.12
[INFO] [stderr]    Compiling axum-core v0.3.0
[INFO] [stderr]    Compiling sha2 v0.10.6
[INFO] [stderr]    Compiling sha1 v0.10.5
[INFO] [stderr]    Compiling tracing v0.1.37
[INFO] [stderr]    Compiling md-5 v0.10.5
[INFO] [stderr]    Compiling inout v0.1.3
[INFO] [stderr]    Compiling try-lock v0.2.4
[INFO] [stderr]    Compiling bitflags v1.3.2
[INFO] [stderr]    Compiling cipher v0.4.3
[INFO] [stderr]    Compiling want v0.3.0
[INFO] [stderr]    Compiling regex-automata v0.1.10
[INFO] [stderr]    Compiling axum v0.6.1
[INFO] [stderr]    Compiling mime v0.3.16
[INFO] [stderr]    Compiling anyhow v1.0.68
[INFO] [stderr]    Compiling http-range-header v0.3.0
[INFO] [stderr]    Compiling matchers v0.1.0
[INFO] [stderr]    Compiling blowfish v0.9.1
[INFO] [stderr]    Compiling tracing-log v0.1.3
[INFO] [stderr]    Compiling sharded-slab v0.1.4
[INFO] [stderr]    Compiling axum-macros v0.3.1
[INFO] [stderr]    Compiling regex v1.7.0
[INFO] [stderr]    Compiling thread_local v1.1.4
[INFO] [stderr]    Compiling sync_wrapper v0.1.1
[INFO] [stderr]    Compiling matchit v0.7.0
[INFO] [stderr]    Compiling zeroize v1.5.7
[INFO] [stderr]    Compiling tracing-subscriber v0.3.16
[INFO] [stderr]    Compiling bcrypt v0.13.0
[INFO] [stderr]    Compiling tower v0.4.13
[INFO] [stderr]    Compiling hyper v0.14.23
[INFO] [stderr]    Compiling tower-http v0.3.5
[INFO] [stderr]    Compiling serde_urlencoded v0.7.1
[INFO] [stderr]    Compiling serde_path_to_error v0.1.9
[INFO] [stderr]    Compiling sqlx-core v0.6.2
[INFO] [stderr]    Compiling sqlx-macros v0.6.2
[INFO] [stderr]    Compiling sqlx v0.6.2
[INFO] [stderr]    Compiling pg-server v0.1.0 (/opt/rustwide/workdir)
[INFO] [stdout] warning: unused imports: `Router`, `get`, `post`
[INFO] [stdout]   --> src/lib.rs:34:15
[INFO] [stdout]    |
[INFO] [stdout] 34 |     routing::{get, post},
[INFO] [stdout]    |               ^^^  ^^^^
[INFO] [stdout] 35 |     Router,
[INFO] [stdout]    |     ^^^^^^
[INFO] [stdout]    |
[INFO] [stdout]    = note: `#[warn(unused_imports)]` on by default
[INFO] [stdout] 
[INFO] [stdout] 
[INFO] [stdout] warning: unused import: `sqlx::postgres::PgPoolOptions`
[INFO] [stdout]   --> src/lib.rs:37:5
[INFO] [stdout]    |
[INFO] [stdout] 37 | use sqlx::postgres::PgPoolOptions;
[INFO] [stdout]    |     ^^^^^^^^^^^^^^^^^^^^^^^^^^^^^
[INFO] [stdout] 
[INFO] [stdout] 
[INFO] [stdout] warning: unused imports: `env`, `net`
[INFO] [stdout]   --> src/lib.rs:38:11
[INFO] [stdout]    |
[INFO] [stdout] 38 | use std::{env, net};
[INFO] [stdout]    |           ^^^  ^^^
[INFO] [stdout] 
[INFO] [stdout] 
[INFO] [stdout] warning: unused imports: `debug`, `info`
[INFO] [stdout]   --> src/lib.rs:39:15
[INFO] [stdout]    |
[INFO] [stdout] 39 | use tracing::{debug, info};
[INFO] [stdout]    |               ^^^^^  ^^^^
[INFO] [stdout] 
[INFO] [stdout] 
[INFO] [stdout] warning: function `tracing_init` is never used
[INFO] [stdout]   --> src/lib.rs:79:4
[INFO] [stdout]    |
[INFO] [stdout] 79 | fn tracing_init() {
[INFO] [stdout]    |    ^^^^^^^^^^^^
[INFO] [stdout]    |
[INFO] [stdout]    = note: `#[warn(dead_code)]` on by default
[INFO] [stdout] 
[INFO] [stdout] 
[INFO] [stdout] warning: field `pass` is never read
[INFO] [stdout]   --> src/data.rs:51:16
[INFO] [stdout]    |
[INFO] [stdout] 49 | pub(crate) struct AccountLogin {
[INFO] [stdout]    |                   ------------ field in this struct
[INFO] [stdout] 50 |     pub(crate) email: String,
[INFO] [stdout] 51 |     pub(crate) pass: String,
[INFO] [stdout]    |                ^^^^
[INFO] [stdout]    |
[INFO] [stdout]    = note: `AccountLogin` has derived impls for the traits `Clone` and `Debug`, but these are intentionally ignored during dead code analysis
[INFO] [stdout] 
[INFO] [stdout] 
[INFO] [stdout] warning: function `create_table` is never used
[INFO] [stdout]  --> src/data.rs:8:19
[INFO] [stdout]   |
[INFO] [stdout] 8 |     pub(crate) fn create_table() -> String {
[INFO] [stdout]   |                   ^^^^^^^^^^^^
[INFO] [stdout] 
[INFO] [stdout] 
[INFO] [stdout] warning: function `login` is never used
[INFO] [stdout]   --> src/data.rs:29:19
[INFO] [stdout]    |
[INFO] [stdout] 29 |     pub(crate) fn login() -> String {
[INFO] [stdout]    |                   ^^^^^
[INFO] [stdout] 
[INFO] [stdout] 
[INFO] [stdout] warning: function `get_details` is never used
[INFO] [stdout]   --> src/data.rs:36:19
[INFO] [stdout]    |
[INFO] [stdout] 36 |     pub(crate) fn get_details() -> String {
[INFO] [stdout]    |                   ^^^^^^^^^^^
[INFO] [stdout] 
[INFO] [stdout] 
[INFO] [stdout] warning: function `create_account` is never used
[INFO] [stdout]   --> src/handle.rs:10:21
[INFO] [stdout]    |
[INFO] [stdout] 10 | pub(crate) async fn create_account(
[INFO] [stdout]    |                     ^^^^^^^^^^^^^^
[INFO] [stdout] 
[INFO] [stdout] 
[INFO] [stdout] warning: function `login` is never used
[INFO] [stdout]   --> src/handle.rs:40:21
[INFO] [stdout]    |
[INFO] [stdout] 40 | pub(crate) async fn login(
[INFO] [stdout]    |                     ^^^^^
[INFO] [stdout] 
[INFO] [stdout] 
[INFO] [stdout] warning: function `get_details` is never used
[INFO] [stdout]   --> src/handle.rs:61:21
[INFO] [stdout]    |
[INFO] [stdout] 61 | pub(crate) async fn get_details(
[INFO] [stdout]    |                     ^^^^^^^^^^^
[INFO] [stdout] 
[INFO] [stdout] 
[INFO] [stdout] warning: 12 warnings emitted
[INFO] [stdout] 
[INFO] [stdout] 
[INFO] [stderr]     Finished dev [unoptimized + debuginfo] target(s) in 20.42s
[INFO] running `Command { std: "docker" "inspect" "03adc276631887d760582906921a37b0c76f1e13b78266c8a476eb481626af03", kill_on_drop: false }`
[INFO] running `Command { std: "docker" "rm" "-f" "03adc276631887d760582906921a37b0c76f1e13b78266c8a476eb481626af03", kill_on_drop: false }`
[INFO] [stdout] 03adc276631887d760582906921a37b0c76f1e13b78266c8a476eb481626af03
[INFO] running `Command { std: "docker" "create" "-v" "/var/lib/crater-agent-workspace/builds/worker-3-tc1/target:/opt/rustwide/target:rw,Z" "-v" "/var/lib/crater-agent-workspace/builds/worker-3-tc1/source:/opt/rustwide/workdir:ro,Z" "-v" "/var/lib/crater-agent-workspace/cargo-home:/opt/rustwide/cargo-home:ro,Z" "-v" "/var/lib/crater-agent-workspace/rustup-home:/opt/rustwide/rustup-home:ro,Z" "-e" "SOURCE_DIR=/opt/rustwide/workdir" "-e" "CARGO_TARGET_DIR=/opt/rustwide/target" "-e" "CARGO_INCREMENTAL=0" "-e" "RUST_BACKTRACE=full" "-e" "RUSTFLAGS=--cap-lints=warn" "-e" "RUSTDOCFLAGS=--cap-lints=warn" "-e" "CARGO_HOME=/opt/rustwide/cargo-home" "-e" "RUSTUP_HOME=/opt/rustwide/rustup-home" "-w" "/opt/rustwide/workdir" "-m" "1610612736" "--user" "0:0" "--network" "none" "ghcr.io/rust-lang/crates-build-env/linux@sha256:2788e3201cd34a07e3172128adcd8b3090168a8e3bcc40d7c032b9dda1df7d1c" "/opt/rustwide/cargo-home/bin/cargo" "+1.75.0" "test" "--frozen" "--no-run" "--message-format=json", kill_on_drop: false }`
[INFO] [stdout] 40ae100fd4eb95ba9479bc71c0afe99be9cd5586739e9f5859e09eec380ed55f
[INFO] running `Command { std: "docker" "start" "-a" "40ae100fd4eb95ba9479bc71c0afe99be9cd5586739e9f5859e09eec380ed55f", kill_on_drop: false }`
[INFO] [stdout] warning: unused imports: `Router`, `get`, `post`
[INFO] [stdout]   --> src/lib.rs:34:15
[INFO] [stdout]    |
[INFO] [stdout] 34 |     routing::{get, post},
[INFO] [stdout]    |               ^^^  ^^^^
[INFO] [stdout] 35 |     Router,
[INFO] [stdout]    |     ^^^^^^
[INFO] [stdout]    |
[INFO] [stdout]    = note: `#[warn(unused_imports)]` on by default
[INFO] [stdout] 
[INFO] [stdout] 
[INFO] [stdout] warning: unused import: `sqlx::postgres::PgPoolOptions`
[INFO] [stdout]   --> src/lib.rs:37:5
[INFO] [stdout]    |
[INFO] [stdout] 37 | use sqlx::postgres::PgPoolOptions;
[INFO] [stdout]    |     ^^^^^^^^^^^^^^^^^^^^^^^^^^^^^
[INFO] [stdout] 
[INFO] [stdout] 
[INFO] [stdout] warning: unused imports: `env`, `net`
[INFO] [stdout]   --> src/lib.rs:38:11
[INFO] [stdout]    |
[INFO] [stdout] 38 | use std::{env, net};
[INFO] [stdout]    |           ^^^  ^^^
[INFO] [stdout] 
[INFO] [stdout] 
[INFO] [stdout] warning: unused imports: `debug`, `info`
[INFO] [stdout]   --> src/lib.rs:39:15
[INFO] [stdout]    |
[INFO] [stdout] 39 | use tracing::{debug, info};
[INFO] [stdout]    |               ^^^^^  ^^^^
[INFO] [stdout] 
[INFO] [stdout] 
[INFO] [stdout] warning: function `tracing_init` is never used
[INFO] [stdout]   --> src/lib.rs:79:4
[INFO] [stdout]    |
[INFO] [stdout] 79 | fn tracing_init() {
[INFO] [stdout]    |    ^^^^^^^^^^^^
[INFO] [stdout]    |
[INFO] [stdout]    = note: `#[warn(dead_code)]` on by default
[INFO] [stdout] 
[INFO] [stdout] 
[INFO] [stderr]    Compiling pg-server v0.1.0 (/opt/rustwide/workdir)
[INFO] [stdout] warning: field `pass` is never read
[INFO] [stdout]   --> src/data.rs:51:16
[INFO] [stdout]    |
[INFO] [stdout] 49 | pub(crate) struct AccountLogin {
[INFO] [stdout]    |                   ------------ field in this struct
[INFO] [stdout] 50 |     pub(crate) email: String,
[INFO] [stdout] 51 |     pub(crate) pass: String,
[INFO] [stdout]    |                ^^^^
[INFO] [stdout]    |
[INFO] [stdout]    = note: `AccountLogin` has derived impls for the traits `Clone` and `Debug`, but these are intentionally ignored during dead code analysis
[INFO] [stdout] 
[INFO] [stdout] 
[INFO] [stdout] warning: function `create_table` is never used
[INFO] [stdout]  --> src/data.rs:8:19
[INFO] [stdout]   |
[INFO] [stdout] 8 |     pub(crate) fn create_table() -> String {
[INFO] [stdout]   |                   ^^^^^^^^^^^^
[INFO] [stdout] 
[INFO] [stdout] 
[INFO] [stdout] warning: function `login` is never used
[INFO] [stdout]   --> src/data.rs:29:19
[INFO] [stdout]    |
[INFO] [stdout] 29 |     pub(crate) fn login() -> String {
[INFO] [stdout]    |                   ^^^^^
[INFO] [stdout] 
[INFO] [stdout] 
[INFO] [stdout] warning: function `get_details` is never used
[INFO] [stdout]   --> src/data.rs:36:19
[INFO] [stdout]    |
[INFO] [stdout] 36 |     pub(crate) fn get_details() -> String {
[INFO] [stdout]    |                   ^^^^^^^^^^^
[INFO] [stdout] 
[INFO] [stdout] 
[INFO] [stdout] warning: function `create_account` is never used
[INFO] [stdout]   --> src/handle.rs:10:21
[INFO] [stdout]    |
[INFO] [stdout] 10 | pub(crate) async fn create_account(
[INFO] [stdout]    |                     ^^^^^^^^^^^^^^
[INFO] [stdout] 
[INFO] [stdout] 
[INFO] [stdout] warning: function `login` is never used
[INFO] [stdout]   --> src/handle.rs:40:21
[INFO] [stdout]    |
[INFO] [stdout] 40 | pub(crate) async fn login(
[INFO] [stdout]    |                     ^^^^^
[INFO] [stdout] 
[INFO] [stdout] 
[INFO] [stdout] warning: function `get_details` is never used
[INFO] [stdout]   --> src/handle.rs:61:21
[INFO] [stdout]    |
[INFO] [stdout] 61 | pub(crate) async fn get_details(
[INFO] [stdout]    |                     ^^^^^^^^^^^
[INFO] [stdout] 
[INFO] [stdout] 
[INFO] [stdout] warning: 12 warnings emitted
[INFO] [stdout] 
[INFO] [stdout] 
[INFO] [stdout] warning: unused imports: `Router`, `get`, `post`
[INFO] [stdout]   --> src/lib.rs:34:15
[INFO] [stdout]    |
[INFO] [stdout] 34 |     routing::{get, post},
[INFO] [stdout]    |               ^^^  ^^^^
[INFO] [stdout] 35 |     Router,
[INFO] [stdout]    |     ^^^^^^
[INFO] [stdout]    |
[INFO] [stdout]    = note: `#[warn(unused_imports)]` on by default
[INFO] [stdout] 
[INFO] [stdout] 
[INFO] [stdout] warning: unused import: `sqlx::postgres::PgPoolOptions`
[INFO] [stdout]   --> src/lib.rs:37:5
[INFO] [stdout]    |
[INFO] [stdout] 37 | use sqlx::postgres::PgPoolOptions;
[INFO] [stdout]    |     ^^^^^^^^^^^^^^^^^^^^^^^^^^^^^
[INFO] [stdout] 
[INFO] [stdout] 
[INFO] [stdout] warning: unused imports: `env`, `net`
[INFO] [stdout]   --> src/lib.rs:38:11
[INFO] [stdout]    |
[INFO] [stdout] 38 | use std::{env, net};
[INFO] [stdout]    |           ^^^  ^^^
[INFO] [stdout] 
[INFO] [stdout] 
[INFO] [stdout] warning: unused imports: `debug`, `info`
[INFO] [stdout]   --> src/lib.rs:39:15
[INFO] [stdout]    |
[INFO] [stdout] 39 | use tracing::{debug, info};
[INFO] [stdout]    |               ^^^^^  ^^^^
[INFO] [stdout] 
[INFO] [stdout] 
[INFO] [stdout] warning: function `tracing_init` is never used
[INFO] [stdout]   --> src/lib.rs:79:4
[INFO] [stdout]    |
[INFO] [stdout] 79 | fn tracing_init() {
[INFO] [stdout]    |    ^^^^^^^^^^^^
[INFO] [stdout]    |
[INFO] [stdout]    = note: `#[warn(dead_code)]` on by default
[INFO] [stdout] 
[INFO] [stdout] 
[INFO] [stdout] warning: field `pass` is never read
[INFO] [stdout]   --> src/data.rs:51:16
[INFO] [stdout]    |
[INFO] [stdout] 49 | pub(crate) struct AccountLogin {
[INFO] [stdout]    |                   ------------ field in this struct
[INFO] [stdout] 50 |     pub(crate) email: String,
[INFO] [stdout] 51 |     pub(crate) pass: String,
[INFO] [stdout]    |                ^^^^
[INFO] [stdout]    |
[INFO] [stdout]    = note: `AccountLogin` has derived impls for the traits `Clone` and `Debug`, but these are intentionally ignored during dead code analysis
[INFO] [stdout] 
[INFO] [stdout] 
[INFO] [stdout] warning: function `create_table` is never used
[INFO] [stdout]  --> src/data.rs:8:19
[INFO] [stdout]   |
[INFO] [stdout] 8 |     pub(crate) fn create_table() -> String {
[INFO] [stdout]   |                   ^^^^^^^^^^^^
[INFO] [stdout] 
[INFO] [stdout] 
[INFO] [stdout] warning: function `login` is never used
[INFO] [stdout]   --> src/data.rs:29:19
[INFO] [stdout]    |
[INFO] [stdout] 29 |     pub(crate) fn login() -> String {
[INFO] [stdout]    |                   ^^^^^
[INFO] [stdout] 
[INFO] [stdout] 
[INFO] [stdout] warning: function `get_details` is never used
[INFO] [stdout]   --> src/data.rs:36:19
[INFO] [stdout]    |
[INFO] [stdout] 36 |     pub(crate) fn get_details() -> String {
[INFO] [stdout]    |                   ^^^^^^^^^^^
[INFO] [stdout] 
[INFO] [stdout] 
[INFO] [stdout] warning: function `create_account` is never used
[INFO] [stdout]   --> src/handle.rs:10:21
[INFO] [stdout]    |
[INFO] [stdout] 10 | pub(crate) async fn create_account(
[INFO] [stdout]    |                     ^^^^^^^^^^^^^^
[INFO] [stdout] 
[INFO] [stdout] 
[INFO] [stdout] warning: function `login` is never used
[INFO] [stdout]   --> src/handle.rs:40:21
[INFO] [stdout]    |
[INFO] [stdout] 40 | pub(crate) async fn login(
[INFO] [stdout]    |                     ^^^^^
[INFO] [stdout] 
[INFO] [stdout] 
[INFO] [stdout] warning: function `get_details` is never used
[INFO] [stdout]   --> src/handle.rs:61:21
[INFO] [stdout]    |
[INFO] [stdout] 61 | pub(crate) async fn get_details(
[INFO] [stdout]    |                     ^^^^^^^^^^^
[INFO] [stdout] 
[INFO] [stdout] 
[INFO] [stdout] warning: 12 warnings emitted
[INFO] [stdout] 
[INFO] [stdout] 
[INFO] [stderr]     Finished test [unoptimized + debuginfo] target(s) in 0.68s
[INFO] running `Command { std: "docker" "inspect" "40ae100fd4eb95ba9479bc71c0afe99be9cd5586739e9f5859e09eec380ed55f", kill_on_drop: false }`
[INFO] running `Command { std: "docker" "rm" "-f" "40ae100fd4eb95ba9479bc71c0afe99be9cd5586739e9f5859e09eec380ed55f", kill_on_drop: false }`
[INFO] [stdout] 40ae100fd4eb95ba9479bc71c0afe99be9cd5586739e9f5859e09eec380ed55f
[INFO] running `Command { std: "docker" "create" "-v" "/var/lib/crater-agent-workspace/builds/worker-3-tc1/target:/opt/rustwide/target:rw,Z" "-v" "/var/lib/crater-agent-workspace/builds/worker-3-tc1/source:/opt/rustwide/workdir:ro,Z" "-v" "/var/lib/crater-agent-workspace/cargo-home:/opt/rustwide/cargo-home:ro,Z" "-v" "/var/lib/crater-agent-workspace/rustup-home:/opt/rustwide/rustup-home:ro,Z" "-e" "SOURCE_DIR=/opt/rustwide/workdir" "-e" "CARGO_TARGET_DIR=/opt/rustwide/target" "-e" "CARGO_INCREMENTAL=0" "-e" "RUST_BACKTRACE=full" "-e" "RUSTFLAGS=--cap-lints=warn" "-e" "RUSTDOCFLAGS=--cap-lints=warn" "-e" "CARGO_HOME=/opt/rustwide/cargo-home" "-e" "RUSTUP_HOME=/opt/rustwide/rustup-home" "-w" "/opt/rustwide/workdir" "-m" "1610612736" "--user" "0:0" "--network" "none" "ghcr.io/rust-lang/crates-build-env/linux@sha256:2788e3201cd34a07e3172128adcd8b3090168a8e3bcc40d7c032b9dda1df7d1c" "/opt/rustwide/cargo-home/bin/cargo" "+1.75.0" "test" "--frozen", kill_on_drop: false }`
[INFO] [stdout] b338bfd3ebc1949dac5b4de8ecd2ee88f262302030ab75282198b60a500ad9cf
[INFO] running `Command { std: "docker" "start" "-a" "b338bfd3ebc1949dac5b4de8ecd2ee88f262302030ab75282198b60a500ad9cf", kill_on_drop: false }`
[INFO] [stderr] warning: unused imports: `Router`, `get`, `post`
[INFO] [stderr]   --> src/lib.rs:34:15
[INFO] [stderr]    |
[INFO] [stderr] 34 |     routing::{get, post},
[INFO] [stderr]    |               ^^^  ^^^^
[INFO] [stderr] 35 |     Router,
[INFO] [stderr]    |     ^^^^^^
[INFO] [stderr]    |
[INFO] [stderr]    = note: `#[warn(unused_imports)]` on by default
[INFO] [stderr] 
[INFO] [stderr] warning: unused import: `sqlx::postgres::PgPoolOptions`
[INFO] [stderr]   --> src/lib.rs:37:5
[INFO] [stderr]    |
[INFO] [stderr] 37 | use sqlx::postgres::PgPoolOptions;
[INFO] [stderr]    |     ^^^^^^^^^^^^^^^^^^^^^^^^^^^^^
[INFO] [stderr] 
[INFO] [stderr] warning: unused imports: `env`, `net`
[INFO] [stderr]   --> src/lib.rs:38:11
[INFO] [stderr]    |
[INFO] [stderr] 38 | use std::{env, net};
[INFO] [stderr]    |           ^^^  ^^^
[INFO] [stderr] 
[INFO] [stderr] warning: unused imports: `debug`, `info`
[INFO] [stderr]   --> src/lib.rs:39:15
[INFO] [stderr]    |
[INFO] [stderr] 39 | use tracing::{debug, info};
[INFO] [stderr]    |               ^^^^^  ^^^^
[INFO] [stderr] 
[INFO] [stderr] warning: function `tracing_init` is never used
[INFO] [stderr]   --> src/lib.rs:79:4
[INFO] [stderr]    |
[INFO] [stderr] 79 | fn tracing_init() {
[INFO] [stderr]    |    ^^^^^^^^^^^^
[INFO] [stderr]    |
[INFO] [stderr]    = note: `#[warn(dead_code)]` on by default
[INFO] [stderr] 
[INFO] [stderr] warning: field `pass` is never read
[INFO] [stderr]   --> src/data.rs:51:16
[INFO] [stderr]    |
[INFO] [stderr] 49 | pub(crate) struct AccountLogin {
[INFO] [stderr]    |                   ------------ field in this struct
[INFO] [stderr] 50 |     pub(crate) email: String,
[INFO] [stderr] 51 |     pub(crate) pass: String,
[INFO] [stderr]    |                ^^^^
[INFO] [stderr]    |
[INFO] [stderr]    = note: `AccountLogin` has derived impls for the traits `Clone` and `Debug`, but these are intentionally ignored during dead code analysis
[INFO] [stderr] 
[INFO] [stderr] warning: function `create_table` is never used
[INFO] [stderr]  --> src/data.rs:8:19
[INFO] [stderr]   |
[INFO] [stderr] 8 |     pub(crate) fn create_table() -> String {
[INFO] [stderr]   |                   ^^^^^^^^^^^^
[INFO] [stderr] 
[INFO] [stderr] warning: function `login` is never used
[INFO] [stderr]   --> src/data.rs:29:19
[INFO] [stderr]    |
[INFO] [stderr] 29 |     pub(crate) fn login() -> String {
[INFO] [stderr]    |                   ^^^^^
[INFO] [stderr] 
[INFO] [stderr] warning: function `get_details` is never used
[INFO] [stderr]   --> src/data.rs:36:19
[INFO] [stderr]    |
[INFO] [stderr] 36 |     pub(crate) fn get_details() -> String {
[INFO] [stderr]    |                   ^^^^^^^^^^^
[INFO] [stderr] 
[INFO] [stderr] warning: function `create_account` is never used
[INFO] [stderr]   --> src/handle.rs:10:21
[INFO] [stderr]    |
[INFO] [stderr] 10 | pub(crate) async fn create_account(
[INFO] [stderr]    |                     ^^^^^^^^^^^^^^
[INFO] [stderr] 
[INFO] [stderr] warning: function `login` is never used
[INFO] [stderr]   --> src/handle.rs:40:21
[INFO] [stderr]    |
[INFO] [stderr] 40 | pub(crate) async fn login(
[INFO] [stderr]    |                     ^^^^^
[INFO] [stderr] 
[INFO] [stderr] warning: function `get_details` is never used
[INFO] [stderr]   --> src/handle.rs:61:21
[INFO] [stderr]    |
[INFO] [stderr] 61 | pub(crate) async fn get_details(
[INFO] [stderr]    |                     ^^^^^^^^^^^
[INFO] [stderr] 
[INFO] [stderr] warning: `pg-server` (lib) generated 12 warnings (run `cargo fix --lib -p pg-server` to apply 4 suggestions)
[INFO] [stderr] warning: `pg-server` (lib test) generated 12 warnings (12 duplicates)
[INFO] [stderr]     Finished test [unoptimized + debuginfo] target(s) in 0.09s
[INFO] [stderr]      Running unittests src/lib.rs (/opt/rustwide/target/debug/deps/pg_server-ef36a48aa9f79978)
[INFO] [stdout] 
[INFO] [stdout] running 0 tests
[INFO] [stdout] 
[INFO] [stdout] test result: ok. 0 passed; 0 failed; 0 ignored; 0 measured; 0 filtered out; finished in 0.00s
[INFO] [stdout] 
[INFO] [stderr]      Running tests/mod.rs (/opt/rustwide/target/debug/deps/mod-5da2bc1d599ee355)
[INFO] [stdout] 
[INFO] [stdout] running 1 test
[INFO] [stdout] test create_user ... FAILED
[INFO] [stdout] 
[INFO] [stdout] failures:
[INFO] [stdout] 
[INFO] [stdout] ---- create_user stdout ----
[INFO] [stdout] thread 'create_user' panicked at tests/mod.rs:3:5:
[INFO] [stdout] not yet implemented
[INFO] [stdout] stack backtrace:
[INFO] [stdout]    0:     0x5578612399bc - std::backtrace_rs::backtrace::libunwind::trace::ha637c64ce894333a
[INFO] [stdout]                                at /rustc/82e1608dfa6e0b5569232559e3d385fea5a93112/library/std/src/../../backtrace/src/backtrace/libunwind.rs:104:5
[INFO] [stdout]    1:     0x5578612399bc - std::backtrace_rs::backtrace::trace_unsynchronized::h47f62dea28e0c88d
[INFO] [stdout]                                at /rustc/82e1608dfa6e0b5569232559e3d385fea5a93112/library/std/src/../../backtrace/src/backtrace/mod.rs:66:5
[INFO] [stdout]    2:     0x5578612399bc - std::sys_common::backtrace::_print_fmt::h9eef0abe20ede486
[INFO] [stdout]                                at /rustc/82e1608dfa6e0b5569232559e3d385fea5a93112/library/std/src/sys_common/backtrace.rs:67:5
[INFO] [stdout]    3:     0x5578612399bc - <std::sys_common::backtrace::_print::DisplayBacktrace as core::fmt::Display>::fmt::hed7f999df88cc644
[INFO] [stdout]                                at /rustc/82e1608dfa6e0b5569232559e3d385fea5a93112/library/std/src/sys_common/backtrace.rs:44:22
[INFO] [stdout]    4:     0x557861263760 - core::fmt::rt::Argument::fmt::h1539a9308b8d058d
[INFO] [stdout]                                at /rustc/82e1608dfa6e0b5569232559e3d385fea5a93112/library/core/src/fmt/rt.rs:142:9
[INFO] [stdout]    5:     0x557861263760 - core::fmt::write::h3a39390d8560d9c9
[INFO] [stdout]                                at /rustc/82e1608dfa6e0b5569232559e3d385fea5a93112/library/core/src/fmt/mod.rs:1120:17
[INFO] [stdout]    6:     0x5578612370bf - std::io::Write::write_fmt::h040b369f3a0f9cbc
[INFO] [stdout]                                at /rustc/82e1608dfa6e0b5569232559e3d385fea5a93112/library/std/src/io/mod.rs:1762:15
[INFO] [stdout]    7:     0x5578612397a4 - std::sys_common::backtrace::_print::h894006fb5c6f3d45
[INFO] [stdout]                                at /rustc/82e1608dfa6e0b5569232559e3d385fea5a93112/library/std/src/sys_common/backtrace.rs:47:5
[INFO] [stdout]    8:     0x5578612397a4 - std::sys_common::backtrace::print::h23a2d212c6fff936
[INFO] [stdout]                                at /rustc/82e1608dfa6e0b5569232559e3d385fea5a93112/library/std/src/sys_common/backtrace.rs:34:9
[INFO] [stdout]    9:     0x55786123b467 - std::panicking::default_hook::{{closure}}::h8a1d2ee00185001a
[INFO] [stdout]   10:     0x55786123b153 - std::panicking::default_hook::h6038f2eba384e475
[INFO] [stdout]                                at /rustc/82e1608dfa6e0b5569232559e3d385fea5a93112/library/std/src/panicking.rs:289:9
[INFO] [stdout]   11:     0x557861155d17 - <alloc::boxed::Box<F,A> as core::ops::function::Fn<Args>>::call::h0ad024c9bdc6d768
[INFO] [stdout]                                at /rustc/82e1608dfa6e0b5569232559e3d385fea5a93112/library/alloc/src/boxed.rs:2021:9
[INFO] [stdout]   12:     0x557861155d17 - test::test_main::{{closure}}::h7500b54257359db6
[INFO] [stdout]                                at /rustc/82e1608dfa6e0b5569232559e3d385fea5a93112/library/test/src/lib.rs:138:21
[INFO] [stdout]   13:     0x55786123ba78 - <alloc::boxed::Box<F,A> as core::ops::function::Fn<Args>>::call::h1f8f335eaa9cfaee
[INFO] [stdout]                                at /rustc/82e1608dfa6e0b5569232559e3d385fea5a93112/library/alloc/src/boxed.rs:2021:9
[INFO] [stdout]   14:     0x55786123ba78 - std::panicking::rust_panic_with_hook::h2b5517d590cab22e
[INFO] [stdout]                                at /rustc/82e1608dfa6e0b5569232559e3d385fea5a93112/library/std/src/panicking.rs:783:13
[INFO] [stdout]   15:     0x55786123b799 - std::panicking::begin_panic_handler::{{closure}}::h233112c06e0ef43e
[INFO] [stdout]                                at /rustc/82e1608dfa6e0b5569232559e3d385fea5a93112/library/std/src/panicking.rs:649:13
[INFO] [stdout]   16:     0x557861239e86 - std::sys_common::backtrace::__rust_end_short_backtrace::h6e893f24d7ebbff8
[INFO] [stdout]                                at /rustc/82e1608dfa6e0b5569232559e3d385fea5a93112/library/std/src/sys_common/backtrace.rs:170:18
[INFO] [stdout]   17:     0x55786123b532 - rust_begin_unwind
[INFO] [stdout]                                at /rustc/82e1608dfa6e0b5569232559e3d385fea5a93112/library/std/src/panicking.rs:645:5
[INFO] [stdout]   18:     0x55786111cdd5 - core::panicking::panic_fmt::hbf0e066aabfa482c
[INFO] [stdout]                                at /rustc/82e1608dfa6e0b5569232559e3d385fea5a93112/library/core/src/panicking.rs:72:14
[INFO] [stdout]   19:     0x55786111ce73 - core::panicking::panic::h195fc2a96298d4c3
[INFO] [stdout]                                at /rustc/82e1608dfa6e0b5569232559e3d385fea5a93112/library/core/src/panicking.rs:127:5
[INFO] [stdout]   20:     0x5578611222f7 - mod::create_user::{{closure}}::ha1867e5ffc05f84d
[INFO] [stdout]                                at /opt/rustwide/workdir/tests/mod.rs:3:5
[INFO] [stdout]   21:     0x557861122098 - <core::pin::Pin<P> as core::future::future::Future>::poll::hc03c25ca7782b8ac
[INFO] [stdout]                                at /rustc/82e1608dfa6e0b5569232559e3d385fea5a93112/library/core/src/future/future.rs:125:9
[INFO] [stdout]   22:     0x55786112203b - <core::pin::Pin<P> as core::future::future::Future>::poll::h0d7aab18302b6774
[INFO] [stdout]                                at /rustc/82e1608dfa6e0b5569232559e3d385fea5a93112/library/core/src/future/future.rs:125:9
[INFO] [stdout]   23:     0x557861121fa4 - tokio::runtime::scheduler::current_thread::CoreGuard::block_on::{{closure}}::{{closure}}::{{closure}}::hf5e90d91b7846165
[INFO] [stdout]                                at /opt/rustwide/cargo-home/registry/src/index.crates.io-6f17d22bba15001f/tokio-1.24.1/src/runtime/scheduler/current_thread.rs:541:57
[INFO] [stdout]   24:     0x557861121e8a - tokio::runtime::coop::with_budget::hb0029a485ea7e3e4
[INFO] [stdout]                                at /opt/rustwide/cargo-home/registry/src/index.crates.io-6f17d22bba15001f/tokio-1.24.1/src/runtime/coop.rs:102:5
[INFO] [stdout]   25:     0x557861121e8a - tokio::runtime::coop::budget::h4b10b66b5227bc3f
[INFO] [stdout]                                at /opt/rustwide/cargo-home/registry/src/index.crates.io-6f17d22bba15001f/tokio-1.24.1/src/runtime/coop.rs:68:5
[INFO] [stdout]   26:     0x557861121e8a - tokio::runtime::scheduler::current_thread::CoreGuard::block_on::{{closure}}::{{closure}}::h240496f0092d1bc1
[INFO] [stdout]                                at /opt/rustwide/cargo-home/registry/src/index.crates.io-6f17d22bba15001f/tokio-1.24.1/src/runtime/scheduler/current_thread.rs:541:25
[INFO] [stdout]   27:     0x5578611206ac - tokio::runtime::scheduler::current_thread::Context::enter::h1fc5a323f2c6ad4c
[INFO] [stdout]                                at /opt/rustwide/cargo-home/registry/src/index.crates.io-6f17d22bba15001f/tokio-1.24.1/src/runtime/scheduler/current_thread.rs:350:19
[INFO] [stdout]   28:     0x557861121492 - tokio::runtime::scheduler::current_thread::CoreGuard::block_on::{{closure}}::he46db655642ef08d
[INFO] [stdout]                                at /opt/rustwide/cargo-home/registry/src/index.crates.io-6f17d22bba15001f/tokio-1.24.1/src/runtime/scheduler/current_thread.rs:540:36
[INFO] [stdout]   29:     0x5578611211ab - tokio::runtime::scheduler::current_thread::CoreGuard::enter::{{closure}}::had297d613642e2b8
[INFO] [stdout]                                at /opt/rustwide/cargo-home/registry/src/index.crates.io-6f17d22bba15001f/tokio-1.24.1/src/runtime/scheduler/current_thread.rs:615:57
[INFO] [stdout]   30:     0x55786111ea5d - tokio::macros::scoped_tls::ScopedKey<T>::set::h6f63ce68fe30aadc
[INFO] [stdout]                                at /opt/rustwide/cargo-home/registry/src/index.crates.io-6f17d22bba15001f/tokio-1.24.1/src/macros/scoped_tls.rs:61:9
[INFO] [stdout]   31:     0x557861120f3f - tokio::runtime::scheduler::current_thread::CoreGuard::enter::h9ef87a711a64b4ba
[INFO] [stdout]                                at /opt/rustwide/cargo-home/registry/src/index.crates.io-6f17d22bba15001f/tokio-1.24.1/src/runtime/scheduler/current_thread.rs:615:27
[INFO] [stdout]   32:     0x5578611211dc - tokio::runtime::scheduler::current_thread::CoreGuard::block_on::hb1c66d67fd4432f8
[INFO] [stdout]                                at /opt/rustwide/cargo-home/registry/src/index.crates.io-6f17d22bba15001f/tokio-1.24.1/src/runtime/scheduler/current_thread.rs:530:19
[INFO] [stdout]   33:     0x55786112015d - tokio::runtime::scheduler::current_thread::CurrentThread::block_on::hbdaeb31bf9bb0eb9
[INFO] [stdout]                                at /opt/rustwide/cargo-home/registry/src/index.crates.io-6f17d22bba15001f/tokio-1.24.1/src/runtime/scheduler/current_thread.rs:154:24
[INFO] [stdout]   34:     0x55786111fe4d - tokio::runtime::runtime::Runtime::block_on::hf2af7e97f702aa39
[INFO] [stdout]                                at /opt/rustwide/cargo-home/registry/src/index.crates.io-6f17d22bba15001f/tokio-1.24.1/src/runtime/runtime.rs:282:47
[INFO] [stdout]   35:     0x557861122243 - mod::create_user::h2b5cac64816aa532
[INFO] [stdout]                                at /opt/rustwide/workdir/tests/mod.rs:3:5
[INFO] [stdout]   36:     0x5578611220f7 - mod::create_user::{{closure}}::h5340f5aedc577f0d
[INFO] [stdout]                                at /opt/rustwide/workdir/tests/mod.rs:2:23
[INFO] [stdout]   37:     0x55786111e316 - core::ops::function::FnOnce::call_once::h3e59643936bfab19
[INFO] [stdout]                                at /rustc/82e1608dfa6e0b5569232559e3d385fea5a93112/library/core/src/ops/function.rs:250:5
[INFO] [stdout]   38:     0x55786115b36f - core::ops::function::FnOnce::call_once::h2b5d431d5046312d
[INFO] [stdout]                                at /rustc/82e1608dfa6e0b5569232559e3d385fea5a93112/library/core/src/ops/function.rs:250:5
[INFO] [stdout]   39:     0x55786115b36f - test::__rust_begin_short_backtrace::h7714669af176e207
[INFO] [stdout]                                at /rustc/82e1608dfa6e0b5569232559e3d385fea5a93112/library/test/src/lib.rs:628:18
[INFO] [stdout]   40:     0x55786115a385 - test::run_test_in_process::{{closure}}::h85218797dcbcec12
[INFO] [stdout]                                at /rustc/82e1608dfa6e0b5569232559e3d385fea5a93112/library/test/src/lib.rs:651:60
[INFO] [stdout]   41:     0x55786115a385 - <core::panic::unwind_safe::AssertUnwindSafe<F> as core::ops::function::FnOnce<()>>::call_once::h76c106ea31c14d7b
[INFO] [stdout]                                at /rustc/82e1608dfa6e0b5569232559e3d385fea5a93112/library/core/src/panic/unwind_safe.rs:272:9
[INFO] [stdout]   42:     0x55786115a385 - std::panicking::try::do_call::h3bd5d0f6620ee946
[INFO] [stdout]                                at /rustc/82e1608dfa6e0b5569232559e3d385fea5a93112/library/std/src/panicking.rs:552:40
[INFO] [stdout]   43:     0x55786115a385 - std::panicking::try::h232e535e4744fe31
[INFO] [stdout]                                at /rustc/82e1608dfa6e0b5569232559e3d385fea5a93112/library/std/src/panicking.rs:516:19
[INFO] [stdout]   44:     0x55786115a385 - std::panic::catch_unwind::h3ce3bd6ca8dbac68
[INFO] [stdout]                                at /rustc/82e1608dfa6e0b5569232559e3d385fea5a93112/library/std/src/panic.rs:142:14
[INFO] [stdout]   45:     0x55786115a385 - test::run_test_in_process::hc97b257c9621286a
[INFO] [stdout]                                at /rustc/82e1608dfa6e0b5569232559e3d385fea5a93112/library/test/src/lib.rs:651:27
[INFO] [stdout]   46:     0x55786115a385 - test::run_test::{{closure}}::h2aa798823a438d38
[INFO] [stdout]                                at /rustc/82e1608dfa6e0b5569232559e3d385fea5a93112/library/test/src/lib.rs:574:43
[INFO] [stdout]   47:     0x557861122646 - test::run_test::{{closure}}::h87d231c78fb59832
[INFO] [stdout]                                at /rustc/82e1608dfa6e0b5569232559e3d385fea5a93112/library/test/src/lib.rs:602:41
[INFO] [stdout]   48:     0x557861122646 - std::sys_common::backtrace::__rust_begin_short_backtrace::he6df152596625789
[INFO] [stdout]                                at /rustc/82e1608dfa6e0b5569232559e3d385fea5a93112/library/std/src/sys_common/backtrace.rs:154:18
[INFO] [stdout]   49:     0x5578611276f7 - std::thread::Builder::spawn_unchecked_::{{closure}}::{{closure}}::ha94be15d1e0acf36
[INFO] [stdout]                                at /rustc/82e1608dfa6e0b5569232559e3d385fea5a93112/library/std/src/thread/mod.rs:529:17
[INFO] [stdout]   50:     0x5578611276f7 - <core::panic::unwind_safe::AssertUnwindSafe<F> as core::ops::function::FnOnce<()>>::call_once::h9dc6bd6372f16606
[INFO] [stdout]                                at /rustc/82e1608dfa6e0b5569232559e3d385fea5a93112/library/core/src/panic/unwind_safe.rs:272:9
[INFO] [stdout]   51:     0x5578611276f7 - std::panicking::try::do_call::h9057517f80303cd4
[INFO] [stdout]                                at /rustc/82e1608dfa6e0b5569232559e3d385fea5a93112/library/std/src/panicking.rs:552:40
[INFO] [stdout]   52:     0x5578611276f7 - std::panicking::try::he3a30b11ee45340c
[INFO] [stdout]                                at /rustc/82e1608dfa6e0b5569232559e3d385fea5a93112/library/std/src/panicking.rs:516:19
[INFO] [stdout]   53:     0x5578611276f7 - std::panic::catch_unwind::h410458cfd3528b8b
[INFO] [stdout]                                at /rustc/82e1608dfa6e0b5569232559e3d385fea5a93112/library/std/src/panic.rs:142:14
[INFO] [stdout]   54:     0x5578611276f7 - std::thread::Builder::spawn_unchecked_::{{closure}}::h72ac3bdb567b737b
[INFO] [stdout]                                at /rustc/82e1608dfa6e0b5569232559e3d385fea5a93112/library/std/src/thread/mod.rs:528:30
[INFO] [stdout]   55:     0x5578611276f7 - core::ops::function::FnOnce::call_once{{vtable.shim}}::h38f34da3654a8344
[INFO] [stdout]                                at /rustc/82e1608dfa6e0b5569232559e3d385fea5a93112/library/core/src/ops/function.rs:250:5
[INFO] [stdout]   56:     0x557861240685 - <alloc::boxed::Box<F,A> as core::ops::function::FnOnce<Args>>::call_once::hc7eafaff61e32df9
[INFO] [stdout]                                at /rustc/82e1608dfa6e0b5569232559e3d385fea5a93112/library/alloc/src/boxed.rs:2007:9
[INFO] [stdout]   57:     0x557861240685 - <alloc::boxed::Box<F,A> as core::ops::function::FnOnce<Args>>::call_once::h6ba4a5de48dd2304
[INFO] [stdout]                                at /rustc/82e1608dfa6e0b5569232559e3d385fea5a93112/library/alloc/src/boxed.rs:2007:9
[INFO] [stdout]   58:     0x557861240685 - std::sys::unix::thread::Thread::new::thread_start::he469335aef763e45
[INFO] [stdout]                                at /rustc/82e1608dfa6e0b5569232559e3d385fea5a93112/library/std/src/sys/unix/thread.rs:108:17
[INFO] [stdout]   59:     0x7ff3f59f6ac3 - <unknown>
[INFO] [stdout]   60:     0x7ff3f5a87bf4 - __clone
[INFO] [stdout]   61:                0x0 - <unknown>
[INFO] [stdout] 
[INFO] [stdout] 
[INFO] [stdout] failures:
[INFO] [stdout]     create_user
[INFO] [stdout] 
[INFO] [stdout] test result: FAILED. 0 passed; 1 failed; 0 ignored; 0 measured; 0 filtered out; finished in 0.01s
[INFO] [stdout] 
[INFO] [stderr] error: test failed, to rerun pass `--test mod`
[INFO] running `Command { std: "docker" "inspect" "b338bfd3ebc1949dac5b4de8ecd2ee88f262302030ab75282198b60a500ad9cf", kill_on_drop: false }`
[INFO] running `Command { std: "docker" "rm" "-f" "b338bfd3ebc1949dac5b4de8ecd2ee88f262302030ab75282198b60a500ad9cf", kill_on_drop: false }`
[INFO] [stdout] b338bfd3ebc1949dac5b4de8ecd2ee88f262302030ab75282198b60a500ad9cf
