[INFO] cloning repository https://github.com/akarsh1995/advent-of-code
[INFO] running `Command { std: "git" "-c" "credential.helper=" "-c" "credential.helper=/workspace/cargo-home/bin/git-credential-null" "clone" "--bare" "https://github.com/akarsh1995/advent-of-code" "/workspace/cache/git-repos/https%3A%2F%2Fgithub.com%2Fakarsh1995%2Fadvent-of-code", kill_on_drop: false }`
[INFO] [stderr] Cloning into bare repository '/workspace/cache/git-repos/https%3A%2F%2Fgithub.com%2Fakarsh1995%2Fadvent-of-code'...
[INFO] running `Command { std: "git" "rev-parse" "HEAD", kill_on_drop: false }`
[INFO] [stdout] ca3913a1194e21fcae3f9b3a95d46592baa30328
[INFO] testing akarsh1995/advent-of-code against 1.75.0 for beta-1.76-1
[INFO] running `Command { std: "git" "clone" "/workspace/cache/git-repos/https%3A%2F%2Fgithub.com%2Fakarsh1995%2Fadvent-of-code" "/workspace/builds/worker-5-tc1/source", kill_on_drop: false }`
[INFO] [stderr] Cloning into '/workspace/builds/worker-5-tc1/source'...
[INFO] [stderr] done.
[INFO] validating manifest of git repo https://github.com/akarsh1995/advent-of-code on toolchain 1.75.0
[INFO] running `Command { std: CARGO_HOME="/workspace/cargo-home" RUSTUP_HOME="/workspace/rustup-home" "/workspace/cargo-home/bin/cargo" "+1.75.0" "metadata" "--manifest-path" "Cargo.toml" "--no-deps", kill_on_drop: false }`
[INFO] started tweaking git repo https://github.com/akarsh1995/advent-of-code
[INFO] finished tweaking git repo https://github.com/akarsh1995/advent-of-code
[INFO] tweaked toml for git repo https://github.com/akarsh1995/advent-of-code written to /workspace/builds/worker-5-tc1/source/Cargo.toml
[INFO] crate git repo https://github.com/akarsh1995/advent-of-code already has a lockfile, it will not be regenerated
[INFO] running `Command { std: CARGO_HOME="/workspace/cargo-home" RUSTUP_HOME="/workspace/rustup-home" "/workspace/cargo-home/bin/cargo" "+1.75.0" "fetch" "--manifest-path" "Cargo.toml", kill_on_drop: false }`
[INFO] [stderr]  Downloading crates ...
[INFO] [stderr]   Downloaded test-case-macros v3.1.0
[INFO] [stderr]   Downloaded test-case-core v3.1.0
[INFO] [stderr]   Downloaded test-case v3.1.0
[INFO] running `Command { std: "docker" "create" "-v" "/var/lib/crater-agent-workspace/builds/worker-5-tc1/target:/opt/rustwide/target:rw,Z" "-v" "/var/lib/crater-agent-workspace/builds/worker-5-tc1/source:/opt/rustwide/workdir:ro,Z" "-v" "/var/lib/crater-agent-workspace/cargo-home:/opt/rustwide/cargo-home:ro,Z" "-v" "/var/lib/crater-agent-workspace/rustup-home:/opt/rustwide/rustup-home:ro,Z" "-e" "SOURCE_DIR=/opt/rustwide/workdir" "-e" "CARGO_TARGET_DIR=/opt/rustwide/target" "-e" "CARGO_HOME=/opt/rustwide/cargo-home" "-e" "RUSTUP_HOME=/opt/rustwide/rustup-home" "-w" "/opt/rustwide/workdir" "-m" "1610612736" "--user" "0:0" "--network" "none" "ghcr.io/rust-lang/crates-build-env/linux@sha256:2788e3201cd34a07e3172128adcd8b3090168a8e3bcc40d7c032b9dda1df7d1c" "/opt/rustwide/cargo-home/bin/cargo" "+1.75.0" "metadata" "--no-deps" "--format-version=1", kill_on_drop: false }`
[INFO] [stdout] 9340bbb27c1ee4598a7a3047ef558eba4631c5380d2b1fe02f4ed4716ec9d6ec
[INFO] running `Command { std: "docker" "start" "-a" "9340bbb27c1ee4598a7a3047ef558eba4631c5380d2b1fe02f4ed4716ec9d6ec", kill_on_drop: false }`
[INFO] running `Command { std: "docker" "inspect" "9340bbb27c1ee4598a7a3047ef558eba4631c5380d2b1fe02f4ed4716ec9d6ec", kill_on_drop: false }`
[INFO] running `Command { std: "docker" "rm" "-f" "9340bbb27c1ee4598a7a3047ef558eba4631c5380d2b1fe02f4ed4716ec9d6ec", kill_on_drop: false }`
[INFO] [stdout] 9340bbb27c1ee4598a7a3047ef558eba4631c5380d2b1fe02f4ed4716ec9d6ec
[INFO] running `Command { std: "docker" "create" "-v" "/var/lib/crater-agent-workspace/builds/worker-5-tc1/target:/opt/rustwide/target:rw,Z" "-v" "/var/lib/crater-agent-workspace/builds/worker-5-tc1/source:/opt/rustwide/workdir:ro,Z" "-v" "/var/lib/crater-agent-workspace/cargo-home:/opt/rustwide/cargo-home:ro,Z" "-v" "/var/lib/crater-agent-workspace/rustup-home:/opt/rustwide/rustup-home:ro,Z" "-e" "SOURCE_DIR=/opt/rustwide/workdir" "-e" "CARGO_TARGET_DIR=/opt/rustwide/target" "-e" "CARGO_INCREMENTAL=0" "-e" "RUST_BACKTRACE=full" "-e" "RUSTFLAGS=--cap-lints=warn" "-e" "RUSTDOCFLAGS=--cap-lints=warn" "-e" "CARGO_HOME=/opt/rustwide/cargo-home" "-e" "RUSTUP_HOME=/opt/rustwide/rustup-home" "-w" "/opt/rustwide/workdir" "-m" "1610612736" "--user" "0:0" "--network" "none" "ghcr.io/rust-lang/crates-build-env/linux@sha256:2788e3201cd34a07e3172128adcd8b3090168a8e3bcc40d7c032b9dda1df7d1c" "/opt/rustwide/cargo-home/bin/cargo" "+1.75.0" "build" "--frozen" "--message-format=json", kill_on_drop: false }`
[INFO] [stdout] 06a455cd4de9b60738d5aeb471b7364857542e663a2ab6669d39cba96916f385
[INFO] running `Command { std: "docker" "start" "-a" "06a455cd4de9b60738d5aeb471b7364857542e663a2ab6669d39cba96916f385", kill_on_drop: false }`
[INFO] [stderr]    Compiling regex-syntax v0.7.2
[INFO] [stderr]    Compiling either v1.8.1
[INFO] [stderr]    Compiling itertools v0.10.5
[INFO] [stderr]    Compiling regex v1.8.4
[INFO] [stderr]    Compiling advent_of_code v0.1.0 (/opt/rustwide/workdir)
[INFO] [stdout] warning: unused import: `std::fs::read_to_string`
[INFO] [stdout]  --> src/advent_of_code/day_1.rs:1:5
[INFO] [stdout]   |
[INFO] [stdout] 1 | use std::fs::read_to_string;
[INFO] [stdout]   |     ^^^^^^^^^^^^^^^^^^^^^^^
[INFO] [stdout]   |
[INFO] [stdout]   = note: `#[warn(unused_imports)]` on by default
[INFO] [stdout] 
[INFO] [stdout] 
[INFO] [stdout] warning: unused variable: `row`
[INFO] [stdout]   --> src/advent_of_code/day_5.rs:26:13
[INFO] [stdout]    |
[INFO] [stdout] 26 |         for row in 0..8 {
[INFO] [stdout]    |             ^^^ help: if this is intentional, prefix it with an underscore: `_row`
[INFO] [stdout]    |
[INFO] [stdout]    = note: `#[warn(unused_variables)]` on by default
[INFO] [stdout] 
[INFO] [stdout] 
[INFO] [stdout] warning: function `sol_1p1` is never used
[INFO] [stdout]  --> src/advent_of_code/day_1.rs:3:4
[INFO] [stdout]   |
[INFO] [stdout] 3 | fn sol_1p1(x: &str) -> u32 {
[INFO] [stdout]   |    ^^^^^^^
[INFO] [stdout]   |
[INFO] [stdout]   = note: `#[warn(dead_code)]` on by default
[INFO] [stdout] 
[INFO] [stdout] 
[INFO] [stdout] warning: function `sol_1p2` is never used
[INFO] [stdout]   --> src/advent_of_code/day_1.rs:23:4
[INFO] [stdout]    |
[INFO] [stdout] 23 | fn sol_1p2(x: &str) -> u32 {
[INFO] [stdout]    |    ^^^^^^^
[INFO] [stdout] 
[INFO] [stdout] 
[INFO] [stdout] warning: method `cycles` is never used
[INFO] [stdout]   --> src/advent_of_code/day_10.rs:12:8
[INFO] [stdout]    |
[INFO] [stdout] 11 | impl Instruction {
[INFO] [stdout]    | ---------------- method in this implementation
[INFO] [stdout] 12 |     fn cycles(&self) -> u32 {
[INFO] [stdout]    |        ^^^^^^
[INFO] [stdout] 
[INFO] [stdout] 
[INFO] [stdout] warning: associated items `new`, `decode`, `draw`, `step`, and `get_running_cycle` are never used
[INFO] [stdout]    --> src/advent_of_code/day_10.rs:57:8
[INFO] [stdout]     |
[INFO] [stdout] 56  | impl CPU {
[INFO] [stdout]     | -------- associated items in this implementation
[INFO] [stdout] 57  |     fn new(input: &str) -> Self {
[INFO] [stdout]     |        ^^^
[INFO] [stdout] ...
[INFO] [stdout] 73  |     fn decode(&mut self) {
[INFO] [stdout]     |        ^^^^^^
[INFO] [stdout] ...
[INFO] [stdout] 77  |     fn draw(&mut self) {
[INFO] [stdout]     |        ^^^^
[INFO] [stdout] ...
[INFO] [stdout] 96  |     fn step(&mut self) -> bool {
[INFO] [stdout]     |        ^^^^
[INFO] [stdout] ...
[INFO] [stdout] 116 |     fn get_running_cycle(&self) -> u32 {
[INFO] [stdout]     |        ^^^^^^^^^^^^^^^^^
[INFO] [stdout] 
[INFO] [stdout] 
[INFO] [stdout] warning: constant `DISPLAY_MASK` is never used
[INFO] [stdout]    --> src/advent_of_code/day_10.rs:121:7
[INFO] [stdout]     |
[INFO] [stdout] 121 | const DISPLAY_MASK: u64 = 0b1111111111111111111111111111111111111111;
[INFO] [stdout]     |       ^^^^^^^^^^^^
[INFO] [stdout] 
[INFO] [stdout] 
[INFO] [stdout] warning: function `cycle_mask` is never used
[INFO] [stdout]    --> src/advent_of_code/day_10.rs:123:4
[INFO] [stdout]     |
[INFO] [stdout] 123 | fn cycle_mask(cycle: u32) -> u64 {
[INFO] [stdout]     |    ^^^^^^^^^^
[INFO] [stdout] 
[INFO] [stdout] 
[INFO] [stdout] warning: function `sprite_value` is never used
[INFO] [stdout]    --> src/advent_of_code/day_10.rs:127:4
[INFO] [stdout]     |
[INFO] [stdout] 127 | fn sprite_value(pos: i32) -> u64 {
[INFO] [stdout]     |    ^^^^^^^^^^^^
[INFO] [stdout] 
[INFO] [stdout] 
[INFO] [stdout] warning: function `msb_ones` is never used
[INFO] [stdout]    --> src/advent_of_code/day_10.rs:135:4
[INFO] [stdout]     |
[INFO] [stdout] 135 | fn msb_ones(mut num: u64) -> u64 {
[INFO] [stdout]     |    ^^^^^^^^
[INFO] [stdout] 
[INFO] [stdout] 
[INFO] [stdout] warning: function `overflow_shift` is never used
[INFO] [stdout]    --> src/advent_of_code/day_10.rs:148:4
[INFO] [stdout]     |
[INFO] [stdout] 148 | fn overflow_shift(num: u64, pos: i32) -> u64 {
[INFO] [stdout]     |    ^^^^^^^^^^^^^^
[INFO] [stdout] 
[INFO] [stdout] 
[INFO] [stdout] warning: variants `Multiply`, `Add`, `Divide`, and `Subtract` are never constructed
[INFO] [stdout]   --> src/advent_of_code/day_11.rs:48:5
[INFO] [stdout]    |
[INFO] [stdout] 47 | enum Operation {
[INFO] [stdout]    |      --------- variants in this enum
[INFO] [stdout] 48 |     Multiply { value: Value },
[INFO] [stdout]    |     ^^^^^^^^
[INFO] [stdout] 49 |     Add { value: Value },
[INFO] [stdout]    |     ^^^
[INFO] [stdout] 50 |     Divide { value: Value },
[INFO] [stdout]    |     ^^^^^^
[INFO] [stdout] 51 |     Subtract { value: Value },
[INFO] [stdout]    |     ^^^^^^^^
[INFO] [stdout]    |
[INFO] [stdout]    = note: `Operation` has derived impls for the traits `Clone` and `Debug`, but these are intentionally ignored during dead code analysis
[INFO] [stdout] 
[INFO] [stdout] 
[INFO] [stdout] warning: methods `times_inspected` and `throw` are never used
[INFO] [stdout]   --> src/advent_of_code/day_11.rs:59:8
[INFO] [stdout]    |
[INFO] [stdout] 58 | impl KeepAwayGame {
[INFO] [stdout]    | ----------------- methods in this implementation
[INFO] [stdout] 59 |     fn times_inspected(&self) -> Vec<u32> {
[INFO] [stdout]    |        ^^^^^^^^^^^^^^^
[INFO] [stdout] ...
[INFO] [stdout] 63 |     fn throw(&mut self) {
[INFO] [stdout]    |        ^^^^^
[INFO] [stdout] 
[INFO] [stdout] 
[INFO] [stdout] warning: function `operate` is never used
[INFO] [stdout]    --> src/advent_of_code/day_11.rs:102:4
[INFO] [stdout]     |
[INFO] [stdout] 102 | fn operate(l: WorryLevel, operation: Operation, test: i32, if_true: u32, if_false: u32) -> (u32, i32) {
[INFO] [stdout]     |    ^^^^^^^
[INFO] [stdout] 
[INFO] [stdout] 
[INFO] [stdout] warning: associated function `parse` is never used
[INFO] [stdout]    --> src/advent_of_code/day_11.rs:168:8
[INFO] [stdout]     |
[INFO] [stdout] 167 | impl Monkey {
[INFO] [stdout]     | ----------- associated function in this implementation
[INFO] [stdout] 168 |     fn parse(values: &str) -> Self {
[INFO] [stdout]     |        ^^^^^
[INFO] [stdout] 
[INFO] [stdout] 
[INFO] [stdout] warning: struct `Input` is never constructed
[INFO] [stdout]  --> src/advent_of_code/day_2.rs:1:8
[INFO] [stdout]   |
[INFO] [stdout] 1 | struct Input<'a>(&'a str);
[INFO] [stdout]   |        ^^^^^
[INFO] [stdout] 
[INFO] [stdout] 
[INFO] [stdout] warning: method `get_move` is never used
[INFO] [stdout]  --> src/advent_of_code/day_2.rs:4:8
[INFO] [stdout]   |
[INFO] [stdout] 3 | impl<'a> Input<'a> {
[INFO] [stdout]   | ------------------ method in this implementation
[INFO] [stdout] 4 |     fn get_move(&self) -> Move {
[INFO] [stdout]   |        ^^^^^^^^
[INFO] [stdout] 
[INFO] [stdout] 
[INFO] [stdout] warning: variants `Rock`, `Paper`, and `Scissors` are never constructed
[INFO] [stdout]   --> src/advent_of_code/day_2.rs:16:5
[INFO] [stdout]    |
[INFO] [stdout] 15 | enum Move {
[INFO] [stdout]    |      ---- variants in this enum
[INFO] [stdout] 16 |     Rock,
[INFO] [stdout]    |     ^^^^
[INFO] [stdout] 17 |     Paper,
[INFO] [stdout]    |     ^^^^^
[INFO] [stdout] 18 |     Scissors,
[INFO] [stdout]    |     ^^^^^^^^
[INFO] [stdout]    |
[INFO] [stdout]    = note: `Move` has a derived impl for the trait `Clone`, but this is intentionally ignored during dead code analysis
[INFO] [stdout] 
[INFO] [stdout] 
[INFO] [stdout] warning: enum `OutCome` is never used
[INFO] [stdout]   --> src/advent_of_code/day_2.rs:21:6
[INFO] [stdout]    |
[INFO] [stdout] 21 | enum OutCome {
[INFO] [stdout]    |      ^^^^^^^
[INFO] [stdout] 
[INFO] [stdout] 
[INFO] [stdout] warning: methods `get_move_score`, `get_outcome`, and `get_win_score` are never used
[INFO] [stdout]   --> src/advent_of_code/day_2.rs:28:8
[INFO] [stdout]    |
[INFO] [stdout] 27 | impl Move {
[INFO] [stdout]    | --------- methods in this implementation
[INFO] [stdout] 28 |     fn get_move_score(&self) -> u32 {
[INFO] [stdout]    |        ^^^^^^^^^^^^^^
[INFO] [stdout] ...
[INFO] [stdout] 36 |     fn get_outcome(&self, opponents_move: &Self) -> OutCome {
[INFO] [stdout]    |        ^^^^^^^^^^^
[INFO] [stdout] ...
[INFO] [stdout] 51 |     fn get_win_score(&self, opponents_move: &Self) -> u32 {
[INFO] [stdout]    |        ^^^^^^^^^^^^^
[INFO] [stdout] 
[INFO] [stdout] 
[INFO] [stdout] warning: function `calc_total_score` is never used
[INFO] [stdout]   --> src/advent_of_code/day_2.rs:61:4
[INFO] [stdout]    |
[INFO] [stdout] 61 | fn calc_total_score<'a>(in_str: &'a str) -> u32 {
[INFO] [stdout]    |    ^^^^^^^^^^^^^^^^
[INFO] [stdout] 
[INFO] [stdout] 
[INFO] [stdout] warning: struct `Action` is never constructed
[INFO] [stdout]   --> src/advent_of_code/day_2.rs:94:8
[INFO] [stdout]    |
[INFO] [stdout] 94 | struct Action<'a>(&'a str);
[INFO] [stdout]    |        ^^^^^^
[INFO] [stdout] 
[INFO] [stdout] 
[INFO] [stdout] warning: struct `Input2` is never constructed
[INFO] [stdout]   --> src/advent_of_code/day_2.rs:96:8
[INFO] [stdout]    |
[INFO] [stdout] 96 | struct Input2<'a>(&'a str);
[INFO] [stdout]    |        ^^^^^^
[INFO] [stdout] 
[INFO] [stdout] 
[INFO] [stdout] warning: function `get_win_move` is never used
[INFO] [stdout]   --> src/advent_of_code/day_2.rs:98:4
[INFO] [stdout]    |
[INFO] [stdout] 98 | fn get_win_move(opponents_move: &Move) -> Move {
[INFO] [stdout]    |    ^^^^^^^^^^^^
[INFO] [stdout] 
[INFO] [stdout] 
[INFO] [stdout] warning: function `get_losing_move` is never used
[INFO] [stdout]    --> src/advent_of_code/day_2.rs:106:4
[INFO] [stdout]     |
[INFO] [stdout] 106 | fn get_losing_move(opponents_move: &Move) -> Move {
[INFO] [stdout]     |    ^^^^^^^^^^^^^^^
[INFO] [stdout] 
[INFO] [stdout] 
[INFO] [stdout] warning: methods `target`, `opponent_move`, `get_target_move`, and `get_score` are never used
[INFO] [stdout]    --> src/advent_of_code/day_2.rs:115:8
[INFO] [stdout]     |
[INFO] [stdout] 114 | impl<'a> Input2<'a> {
[INFO] [stdout]     | ------------------- methods in this implementation
[INFO] [stdout] 115 |     fn target(&self) -> OutCome {
[INFO] [stdout]     |        ^^^^^^
[INFO] [stdout] ...
[INFO] [stdout] 125 |     fn opponent_move(&self) -> Move {
[INFO] [stdout]     |        ^^^^^^^^^^^^^
[INFO] [stdout] ...
[INFO] [stdout] 135 |     fn get_target_move(&self) -> Move {
[INFO] [stdout]     |        ^^^^^^^^^^^^^^^
[INFO] [stdout] ...
[INFO] [stdout] 143 |     fn get_score(&self) -> u32 {
[INFO] [stdout]     |        ^^^^^^^^^
[INFO] [stdout] 
[INFO] [stdout] 
[INFO] [stdout] warning: function `get_ord_val` is never used
[INFO] [stdout]  --> src/advent_of_code/day_3.rs:2:4
[INFO] [stdout]   |
[INFO] [stdout] 2 | fn get_ord_val(s: char) -> u8 {
[INFO] [stdout]   |    ^^^^^^^^^^^
[INFO] [stdout] 
[INFO] [stdout] 
[INFO] [stdout] warning: function `get_ordval_from_string` is never used
[INFO] [stdout]   --> src/advent_of_code/day_3.rs:10:4
[INFO] [stdout]    |
[INFO] [stdout] 10 | fn get_ordval_from_string(s: &str) -> u8 {
[INFO] [stdout]    |    ^^^^^^^^^^^^^^^^^^^^^^
[INFO] [stdout] 
[INFO] [stdout] 
[INFO] [stdout] warning: function `three_lines_common` is never used
[INFO] [stdout]   --> src/advent_of_code/day_3.rs:91:4
[INFO] [stdout]    |
[INFO] [stdout] 91 | fn three_lines_common(s1: &str, s2: &str, s3: &str) -> u8 {
[INFO] [stdout]    |    ^^^^^^^^^^^^^^^^^^
[INFO] [stdout] 
[INFO] [stdout] 
[INFO] [stdout] warning: constant `INPUT` is never used
[INFO] [stdout]  --> src/advent_of_code/day_4.rs:1:7
[INFO] [stdout]   |
[INFO] [stdout] 1 | const INPUT: &'static str = include_str!("../../data/year_2022__day_4");
[INFO] [stdout]   |       ^^^^^
[INFO] [stdout] 
[INFO] [stdout] 
[INFO] [stdout] warning: fields `start` and `end` are never read
[INFO] [stdout]  --> src/advent_of_code/day_4.rs:5:5
[INFO] [stdout]   |
[INFO] [stdout] 4 | struct Range {
[INFO] [stdout]   |        ----- fields in this struct
[INFO] [stdout] 5 |     start: i32,
[INFO] [stdout]   |     ^^^^^
[INFO] [stdout] 6 |     end: i32,
[INFO] [stdout]   |     ^^^
[INFO] [stdout]   |
[INFO] [stdout]   = note: `Range` has a derived impl for the trait `Clone`, but this is intentionally ignored during dead code analysis
[INFO] [stdout] 
[INFO] [stdout] 
[INFO] [stdout] warning: associated items `contains`, `contains_partial`, and `new` are never used
[INFO] [stdout]   --> src/advent_of_code/day_4.rs:10:8
[INFO] [stdout]    |
[INFO] [stdout] 9  | impl Range {
[INFO] [stdout]    | ---------- associated items in this implementation
[INFO] [stdout] 10 |     fn contains(&self, s: Range) -> bool {
[INFO] [stdout]    |        ^^^^^^^^
[INFO] [stdout] ...
[INFO] [stdout] 14 |     fn contains_partial(&self, s: Range) -> bool {
[INFO] [stdout]    |        ^^^^^^^^^^^^^^^^
[INFO] [stdout] ...
[INFO] [stdout] 18 |     fn new(s: &str) -> Self {
[INFO] [stdout]    |        ^^^
[INFO] [stdout] 
[INFO] [stdout] 
[INFO] [stdout] warning: struct `Move` is never constructed
[INFO] [stdout]  --> src/advent_of_code/day_5.rs:3:8
[INFO] [stdout]   |
[INFO] [stdout] 3 | struct Move {
[INFO] [stdout]   |        ^^^^
[INFO] [stdout] 
[INFO] [stdout] 
[INFO] [stdout] warning: associated function `from_str` is never used
[INFO] [stdout]   --> src/advent_of_code/day_5.rs:10:8
[INFO] [stdout]    |
[INFO] [stdout] 9  | impl Move {
[INFO] [stdout]    | --------- associated function in this implementation
[INFO] [stdout] 10 |     fn from_str(m: &str) -> Self {
[INFO] [stdout]    |        ^^^^^^^^
[INFO] [stdout] 
[INFO] [stdout] 
[INFO] [stdout] warning: field `position` is never read
[INFO] [stdout]   --> src/advent_of_code/day_9.rs:13:5
[INFO] [stdout]    |
[INFO] [stdout] 12 | struct Head {
[INFO] [stdout]    |        ---- field in this struct
[INFO] [stdout] 13 |     position: Coordinates,
[INFO] [stdout]    |     ^^^^^^^^
[INFO] [stdout]    |
[INFO] [stdout]    = note: `Head` has a derived impl for the trait `Debug`, but this is intentionally ignored during dead code analysis
[INFO] [stdout] 
[INFO] [stdout] 
[INFO] [stdout] warning: field `position` is never read
[INFO] [stdout]   --> src/advent_of_code/day_9.rs:18:5
[INFO] [stdout]    |
[INFO] [stdout] 17 | struct Tail {
[INFO] [stdout]    |        ---- field in this struct
[INFO] [stdout] 18 |     position: Coordinates,
[INFO] [stdout]    |     ^^^^^^^^
[INFO] [stdout]    |
[INFO] [stdout]    = note: `Tail` has a derived impl for the trait `Debug`, but this is intentionally ignored during dead code analysis
[INFO] [stdout] 
[INFO] [stdout] 
[INFO] [stdout] warning: fields `head`, `tail`, and `movements` are never read
[INFO] [stdout]   --> src/advent_of_code/day_9.rs:23:5
[INFO] [stdout]    |
[INFO] [stdout] 22 | pub struct Knot {
[INFO] [stdout]    |            ---- fields in this struct
[INFO] [stdout] 23 |     head: Head,
[INFO] [stdout]    |     ^^^^
[INFO] [stdout] 24 |     tail: Tail,
[INFO] [stdout]    |     ^^^^
[INFO] [stdout] 25 |     movements: HashSet<Coordinates>,
[INFO] [stdout]    |     ^^^^^^^^^
[INFO] [stdout]    |
[INFO] [stdout]    = note: `Knot` has a derived impl for the trait `Debug`, but this is intentionally ignored during dead code analysis
[INFO] [stdout] 
[INFO] [stdout] 
[INFO] [stdout] warning: methods `move_head`, `move_head_n_steps`, and `get_total_positions` are never used
[INFO] [stdout]   --> src/advent_of_code/day_9.rs:45:8
[INFO] [stdout]    |
[INFO] [stdout] 44 | impl Knot {
[INFO] [stdout]    | --------- methods in this implementation
[INFO] [stdout] 45 |     fn move_head(&mut self, diff: Coordinates) {
[INFO] [stdout]    |        ^^^^^^^^^
[INFO] [stdout] ...
[INFO] [stdout] 82 |     fn move_head_n_steps(&mut self, diff: Coordinates, n_steps: usize) {
[INFO] [stdout]    |        ^^^^^^^^^^^^^^^^^
[INFO] [stdout] ...
[INFO] [stdout] 88 |     fn get_total_positions(&self) -> u32 {
[INFO] [stdout]    |        ^^^^^^^^^^^^^^^^^^^
[INFO] [stdout] 
[INFO] [stdout] 
[INFO] [stdout] warning: field `knots` is never read
[INFO] [stdout]    --> src/advent_of_code/day_9.rs:170:5
[INFO] [stdout]     |
[INFO] [stdout] 169 | pub struct Rope {
[INFO] [stdout]     |            ---- field in this struct
[INFO] [stdout] 170 |     knots: Vec<Knot>,
[INFO] [stdout]     |     ^^^^^
[INFO] [stdout] 
[INFO] [stdout] 
[INFO] [stdout] warning: associated items `new` and `move_rope` are never used
[INFO] [stdout]    --> src/advent_of_code/day_9.rs:174:8
[INFO] [stdout]     |
[INFO] [stdout] 173 | impl Rope {
[INFO] [stdout]     | --------- associated items in this implementation
[INFO] [stdout] 174 |     fn new(size: usize) -> Self {
[INFO] [stdout]     |        ^^^
[INFO] [stdout] ...
[INFO] [stdout] 180 |     fn move_rope(&mut self, diff: Coordinates) {
[INFO] [stdout]     |        ^^^^^^^^^
[INFO] [stdout] 
[INFO] [stdout] 
[INFO] [stdout] warning: function `roman_to_dec` is never used
[INFO] [stdout]   --> src/leetcode/lc_13.rs:36:4
[INFO] [stdout]    |
[INFO] [stdout] 36 | fn roman_to_dec(roman: &str) -> i32 {
[INFO] [stdout]    |    ^^^^^^^^^^^^
[INFO] [stdout] 
[INFO] [stdout] 
[INFO] [stdout] warning: function `sort_arrays` is never used
[INFO] [stdout]  --> src/leetcode/lc_20.rs:1:4
[INFO] [stdout]   |
[INFO] [stdout] 1 | fn sort_arrays(first: Vec<i32>, second: Vec<i32>) -> Vec<i32> {
[INFO] [stdout]   |    ^^^^^^^^^^^
[INFO] [stdout] 
[INFO] [stdout] 
[INFO] [stdout] warning: function `first_index` is never used
[INFO] [stdout]   --> src/leetcode/lc_28.rs:10:4
[INFO] [stdout]    |
[INFO] [stdout] 10 | fn first_index(haystack: &str, needle: &str) -> i32 {
[INFO] [stdout]    |    ^^^^^^^^^^^
[INFO] [stdout] 
[INFO] [stdout] 
[INFO] [stdout] warning: function `length_of_longest` is never used
[INFO] [stdout]  --> src/leetcode/lc_3.rs:5:4
[INFO] [stdout]   |
[INFO] [stdout] 5 | fn length_of_longest(x: &str) -> u32 {
[INFO] [stdout]   |    ^^^^^^^^^^^^^^^^^
[INFO] [stdout] 
[INFO] [stdout] 
[INFO] [stdout] warning: function `v` is never used
[INFO] [stdout]  --> src/leetcode/lc_35.rs:8:4
[INFO] [stdout]   |
[INFO] [stdout] 8 | fn v(x: &[i32], l: usize, h: usize, target: i32) -> usize {
[INFO] [stdout]   |    ^
[INFO] [stdout] 
[INFO] [stdout] 
[INFO] [stdout] warning: function `ins_pos` is never used
[INFO] [stdout]   --> src/leetcode/lc_35.rs:26:4
[INFO] [stdout]    |
[INFO] [stdout] 26 | fn ins_pos(x: &[i32], target: i32) -> i32 {
[INFO] [stdout]    |    ^^^^^^^
[INFO] [stdout] 
[INFO] [stdout] 
[INFO] [stdout] warning: function `bin_add` is never used
[INFO] [stdout]  --> src/leetcode/lc_67.rs:8:4
[INFO] [stdout]   |
[INFO] [stdout] 8 | fn bin_add(a: &str, b: &str) -> String {
[INFO] [stdout]   |    ^^^^^^^
[INFO] [stdout] 
[INFO] [stdout] 
[INFO] [stdout] warning: function `palindrome_number` is never used
[INFO] [stdout]  --> src/leetcode/lc_9.rs:4:4
[INFO] [stdout]   |
[INFO] [stdout] 4 | fn palindrome_number(x: i32) -> bool {
[INFO] [stdout]   |    ^^^^^^^^^^^^^^^^^
[INFO] [stdout] 
[INFO] [stdout] 
[INFO] [stdout] warning: 48 warnings emitted
[INFO] [stdout] 
[INFO] [stdout] 
[INFO] [stderr]     Finished dev [unoptimized + debuginfo] target(s) in 8.40s
[INFO] running `Command { std: "docker" "inspect" "06a455cd4de9b60738d5aeb471b7364857542e663a2ab6669d39cba96916f385", kill_on_drop: false }`
[INFO] running `Command { std: "docker" "rm" "-f" "06a455cd4de9b60738d5aeb471b7364857542e663a2ab6669d39cba96916f385", kill_on_drop: false }`
[INFO] [stdout] 06a455cd4de9b60738d5aeb471b7364857542e663a2ab6669d39cba96916f385
[INFO] running `Command { std: "docker" "create" "-v" "/var/lib/crater-agent-workspace/builds/worker-5-tc1/target:/opt/rustwide/target:rw,Z" "-v" "/var/lib/crater-agent-workspace/builds/worker-5-tc1/source:/opt/rustwide/workdir:ro,Z" "-v" "/var/lib/crater-agent-workspace/cargo-home:/opt/rustwide/cargo-home:ro,Z" "-v" "/var/lib/crater-agent-workspace/rustup-home:/opt/rustwide/rustup-home:ro,Z" "-e" "SOURCE_DIR=/opt/rustwide/workdir" "-e" "CARGO_TARGET_DIR=/opt/rustwide/target" "-e" "CARGO_INCREMENTAL=0" "-e" "RUST_BACKTRACE=full" "-e" "RUSTFLAGS=--cap-lints=warn" "-e" "RUSTDOCFLAGS=--cap-lints=warn" "-e" "CARGO_HOME=/opt/rustwide/cargo-home" "-e" "RUSTUP_HOME=/opt/rustwide/rustup-home" "-w" "/opt/rustwide/workdir" "-m" "1610612736" "--user" "0:0" "--network" "none" "ghcr.io/rust-lang/crates-build-env/linux@sha256:2788e3201cd34a07e3172128adcd8b3090168a8e3bcc40d7c032b9dda1df7d1c" "/opt/rustwide/cargo-home/bin/cargo" "+1.75.0" "test" "--frozen" "--no-run" "--message-format=json", kill_on_drop: false }`
[INFO] [stdout] 9fe318830807847bc74adfab08550b841a729f5ec639c1c04dc059a09d3cb69f
[INFO] running `Command { std: "docker" "start" "-a" "9fe318830807847bc74adfab08550b841a729f5ec639c1c04dc059a09d3cb69f", kill_on_drop: false }`
[INFO] [stderr]    Compiling unicode-ident v1.0.9
[INFO] [stderr]    Compiling quote v1.0.28
[INFO] [stderr]    Compiling syn v1.0.109
[INFO] [stderr]    Compiling cfg-if v1.0.0
[INFO] [stdout] warning: unused import: `std::fs::read_to_string`
[INFO] [stdout]  --> src/advent_of_code/day_1.rs:1:5
[INFO] [stdout]   |
[INFO] [stdout] 1 | use std::fs::read_to_string;
[INFO] [stdout]   |     ^^^^^^^^^^^^^^^^^^^^^^^
[INFO] [stdout]   |
[INFO] [stdout]   = note: `#[warn(unused_imports)]` on by default
[INFO] [stdout] 
[INFO] [stdout] 
[INFO] [stdout] warning: unused variable: `row`
[INFO] [stdout]   --> src/advent_of_code/day_5.rs:26:13
[INFO] [stdout]    |
[INFO] [stdout] 26 |         for row in 0..8 {
[INFO] [stdout]    |             ^^^ help: if this is intentional, prefix it with an underscore: `_row`
[INFO] [stdout]    |
[INFO] [stdout]    = note: `#[warn(unused_variables)]` on by default
[INFO] [stdout] 
[INFO] [stdout] 
[INFO] [stdout] warning: function `sol_1p1` is never used
[INFO] [stdout]  --> src/advent_of_code/day_1.rs:3:4
[INFO] [stdout]   |
[INFO] [stdout] 3 | fn sol_1p1(x: &str) -> u32 {
[INFO] [stdout]   |    ^^^^^^^
[INFO] [stdout]   |
[INFO] [stdout]   = note: `#[warn(dead_code)]` on by default
[INFO] [stdout] 
[INFO] [stdout] 
[INFO] [stdout] warning: function `sol_1p2` is never used
[INFO] [stdout]   --> src/advent_of_code/day_1.rs:23:4
[INFO] [stdout]    |
[INFO] [stdout] 23 | fn sol_1p2(x: &str) -> u32 {
[INFO] [stdout]    |    ^^^^^^^
[INFO] [stdout] 
[INFO] [stdout] 
[INFO] [stdout] warning: method `cycles` is never used
[INFO] [stdout]   --> src/advent_of_code/day_10.rs:12:8
[INFO] [stdout]    |
[INFO] [stdout] 11 | impl Instruction {
[INFO] [stdout]    | ---------------- method in this implementation
[INFO] [stdout] 12 |     fn cycles(&self) -> u32 {
[INFO] [stdout]    |        ^^^^^^
[INFO] [stdout] 
[INFO] [stdout] 
[INFO] [stdout] warning: associated items `new`, `decode`, `draw`, `step`, and `get_running_cycle` are never used
[INFO] [stdout]    --> src/advent_of_code/day_10.rs:57:8
[INFO] [stdout]     |
[INFO] [stdout] 56  | impl CPU {
[INFO] [stdout]     | -------- associated items in this implementation
[INFO] [stdout] 57  |     fn new(input: &str) -> Self {
[INFO] [stdout]     |        ^^^
[INFO] [stdout] ...
[INFO] [stdout] 73  |     fn decode(&mut self) {
[INFO] [stdout]     |        ^^^^^^
[INFO] [stdout] ...
[INFO] [stdout] 77  |     fn draw(&mut self) {
[INFO] [stdout]     |        ^^^^
[INFO] [stdout] ...
[INFO] [stdout] 96  |     fn step(&mut self) -> bool {
[INFO] [stdout]     |        ^^^^
[INFO] [stdout] ...
[INFO] [stdout] 116 |     fn get_running_cycle(&self) -> u32 {
[INFO] [stdout]     |        ^^^^^^^^^^^^^^^^^
[INFO] [stdout] 
[INFO] [stdout] 
[INFO] [stdout] warning: constant `DISPLAY_MASK` is never used
[INFO] [stdout]    --> src/advent_of_code/day_10.rs:121:7
[INFO] [stdout]     |
[INFO] [stdout] 121 | const DISPLAY_MASK: u64 = 0b1111111111111111111111111111111111111111;
[INFO] [stdout]     |       ^^^^^^^^^^^^
[INFO] [stdout] 
[INFO] [stdout] 
[INFO] [stdout] warning: function `cycle_mask` is never used
[INFO] [stdout]    --> src/advent_of_code/day_10.rs:123:4
[INFO] [stdout]     |
[INFO] [stdout] 123 | fn cycle_mask(cycle: u32) -> u64 {
[INFO] [stdout]     |    ^^^^^^^^^^
[INFO] [stdout] 
[INFO] [stdout] 
[INFO] [stdout] warning: function `sprite_value` is never used
[INFO] [stdout]    --> src/advent_of_code/day_10.rs:127:4
[INFO] [stdout]     |
[INFO] [stdout] 127 | fn sprite_value(pos: i32) -> u64 {
[INFO] [stdout]     |    ^^^^^^^^^^^^
[INFO] [stdout] 
[INFO] [stdout] 
[INFO] [stdout] warning: function `msb_ones` is never used
[INFO] [stdout]    --> src/advent_of_code/day_10.rs:135:4
[INFO] [stdout]     |
[INFO] [stdout] 135 | fn msb_ones(mut num: u64) -> u64 {
[INFO] [stdout]     |    ^^^^^^^^
[INFO] [stdout] 
[INFO] [stdout] 
[INFO] [stdout] warning: function `overflow_shift` is never used
[INFO] [stdout]    --> src/advent_of_code/day_10.rs:148:4
[INFO] [stdout]     |
[INFO] [stdout] 148 | fn overflow_shift(num: u64, pos: i32) -> u64 {
[INFO] [stdout]     |    ^^^^^^^^^^^^^^
[INFO] [stdout] 
[INFO] [stdout] 
[INFO] [stdout] warning: variants `Multiply`, `Add`, `Divide`, and `Subtract` are never constructed
[INFO] [stdout]   --> src/advent_of_code/day_11.rs:48:5
[INFO] [stdout]    |
[INFO] [stdout] 47 | enum Operation {
[INFO] [stdout]    |      --------- variants in this enum
[INFO] [stdout] 48 |     Multiply { value: Value },
[INFO] [stdout]    |     ^^^^^^^^
[INFO] [stdout] 49 |     Add { value: Value },
[INFO] [stdout]    |     ^^^
[INFO] [stdout] 50 |     Divide { value: Value },
[INFO] [stdout]    |     ^^^^^^
[INFO] [stdout] 51 |     Subtract { value: Value },
[INFO] [stdout]    |     ^^^^^^^^
[INFO] [stdout]    |
[INFO] [stdout]    = note: `Operation` has derived impls for the traits `Clone` and `Debug`, but these are intentionally ignored during dead code analysis
[INFO] [stdout] 
[INFO] [stdout] 
[INFO] [stdout] warning: methods `times_inspected` and `throw` are never used
[INFO] [stdout]   --> src/advent_of_code/day_11.rs:59:8
[INFO] [stdout]    |
[INFO] [stdout] 58 | impl KeepAwayGame {
[INFO] [stdout]    | ----------------- methods in this implementation
[INFO] [stdout] 59 |     fn times_inspected(&self) -> Vec<u32> {
[INFO] [stdout]    |        ^^^^^^^^^^^^^^^
[INFO] [stdout] ...
[INFO] [stdout] 63 |     fn throw(&mut self) {
[INFO] [stdout]    |        ^^^^^
[INFO] [stdout] 
[INFO] [stdout] 
[INFO] [stdout] warning: function `operate` is never used
[INFO] [stdout]    --> src/advent_of_code/day_11.rs:102:4
[INFO] [stdout]     |
[INFO] [stdout] 102 | fn operate(l: WorryLevel, operation: Operation, test: i32, if_true: u32, if_false: u32) -> (u32, i32) {
[INFO] [stdout]     |    ^^^^^^^
[INFO] [stdout] 
[INFO] [stdout] 
[INFO] [stdout] warning: associated function `parse` is never used
[INFO] [stdout]    --> src/advent_of_code/day_11.rs:168:8
[INFO] [stdout]     |
[INFO] [stdout] 167 | impl Monkey {
[INFO] [stdout]     | ----------- associated function in this implementation
[INFO] [stdout] 168 |     fn parse(values: &str) -> Self {
[INFO] [stdout]     |        ^^^^^
[INFO] [stdout] 
[INFO] [stdout] 
[INFO] [stdout] warning: struct `Input` is never constructed
[INFO] [stdout]  --> src/advent_of_code/day_2.rs:1:8
[INFO] [stdout]   |
[INFO] [stdout] 1 | struct Input<'a>(&'a str);
[INFO] [stdout]   |        ^^^^^
[INFO] [stdout] 
[INFO] [stdout] 
[INFO] [stdout] warning: method `get_move` is never used
[INFO] [stdout]  --> src/advent_of_code/day_2.rs:4:8
[INFO] [stdout]   |
[INFO] [stdout] 3 | impl<'a> Input<'a> {
[INFO] [stdout]   | ------------------ method in this implementation
[INFO] [stdout] 4 |     fn get_move(&self) -> Move {
[INFO] [stdout]   |        ^^^^^^^^
[INFO] [stdout] 
[INFO] [stdout] 
[INFO] [stdout] warning: variants `Rock`, `Paper`, and `Scissors` are never constructed
[INFO] [stdout]   --> src/advent_of_code/day_2.rs:16:5
[INFO] [stdout]    |
[INFO] [stdout] 15 | enum Move {
[INFO] [stdout]    |      ---- variants in this enum
[INFO] [stdout] 16 |     Rock,
[INFO] [stdout]    |     ^^^^
[INFO] [stdout] 17 |     Paper,
[INFO] [stdout]    |     ^^^^^
[INFO] [stdout] 18 |     Scissors,
[INFO] [stdout]    |     ^^^^^^^^
[INFO] [stdout]    |
[INFO] [stdout]    = note: `Move` has a derived impl for the trait `Clone`, but this is intentionally ignored during dead code analysis
[INFO] [stdout] 
[INFO] [stdout] 
[INFO] [stdout] warning: enum `OutCome` is never used
[INFO] [stdout]   --> src/advent_of_code/day_2.rs:21:6
[INFO] [stdout]    |
[INFO] [stdout] 21 | enum OutCome {
[INFO] [stdout]    |      ^^^^^^^
[INFO] [stdout] 
[INFO] [stdout] 
[INFO] [stdout] warning: methods `get_move_score`, `get_outcome`, and `get_win_score` are never used
[INFO] [stdout]   --> src/advent_of_code/day_2.rs:28:8
[INFO] [stdout]    |
[INFO] [stdout] 27 | impl Move {
[INFO] [stdout]    | --------- methods in this implementation
[INFO] [stdout] 28 |     fn get_move_score(&self) -> u32 {
[INFO] [stdout]    |        ^^^^^^^^^^^^^^
[INFO] [stdout] ...
[INFO] [stdout] 36 |     fn get_outcome(&self, opponents_move: &Self) -> OutCome {
[INFO] [stdout]    |        ^^^^^^^^^^^
[INFO] [stdout] ...
[INFO] [stdout] 51 |     fn get_win_score(&self, opponents_move: &Self) -> u32 {
[INFO] [stdout]    |        ^^^^^^^^^^^^^
[INFO] [stdout] 
[INFO] [stdout] 
[INFO] [stdout] warning: function `calc_total_score` is never used
[INFO] [stdout]   --> src/advent_of_code/day_2.rs:61:4
[INFO] [stdout]    |
[INFO] [stdout] 61 | fn calc_total_score<'a>(in_str: &'a str) -> u32 {
[INFO] [stdout]    |    ^^^^^^^^^^^^^^^^
[INFO] [stdout] 
[INFO] [stdout] 
[INFO] [stdout] warning: struct `Action` is never constructed
[INFO] [stdout]   --> src/advent_of_code/day_2.rs:94:8
[INFO] [stdout]    |
[INFO] [stdout] 94 | struct Action<'a>(&'a str);
[INFO] [stdout]    |        ^^^^^^
[INFO] [stdout] 
[INFO] [stdout] 
[INFO] [stdout] warning: struct `Input2` is never constructed
[INFO] [stdout]   --> src/advent_of_code/day_2.rs:96:8
[INFO] [stdout]    |
[INFO] [stdout] 96 | struct Input2<'a>(&'a str);
[INFO] [stdout]    |        ^^^^^^
[INFO] [stdout] 
[INFO] [stdout] 
[INFO] [stdout] warning: function `get_win_move` is never used
[INFO] [stdout]   --> src/advent_of_code/day_2.rs:98:4
[INFO] [stdout]    |
[INFO] [stdout] 98 | fn get_win_move(opponents_move: &Move) -> Move {
[INFO] [stdout]    |    ^^^^^^^^^^^^
[INFO] [stdout] 
[INFO] [stdout] 
[INFO] [stdout] warning: function `get_losing_move` is never used
[INFO] [stdout]    --> src/advent_of_code/day_2.rs:106:4
[INFO] [stdout]     |
[INFO] [stdout] 106 | fn get_losing_move(opponents_move: &Move) -> Move {
[INFO] [stdout]     |    ^^^^^^^^^^^^^^^
[INFO] [stdout] 
[INFO] [stdout] 
[INFO] [stdout] warning: methods `target`, `opponent_move`, `get_target_move`, and `get_score` are never used
[INFO] [stdout]    --> src/advent_of_code/day_2.rs:115:8
[INFO] [stdout]     |
[INFO] [stdout] 114 | impl<'a> Input2<'a> {
[INFO] [stdout]     | ------------------- methods in this implementation
[INFO] [stdout] 115 |     fn target(&self) -> OutCome {
[INFO] [stdout]     |        ^^^^^^
[INFO] [stdout] ...
[INFO] [stdout] 125 |     fn opponent_move(&self) -> Move {
[INFO] [stdout]     |        ^^^^^^^^^^^^^
[INFO] [stdout] ...
[INFO] [stdout] 135 |     fn get_target_move(&self) -> Move {
[INFO] [stdout]     |        ^^^^^^^^^^^^^^^
[INFO] [stdout] ...
[INFO] [stdout] 143 |     fn get_score(&self) -> u32 {
[INFO] [stdout]     |        ^^^^^^^^^
[INFO] [stdout] 
[INFO] [stdout] 
[INFO] [stdout] warning: function `get_ord_val` is never used
[INFO] [stdout]  --> src/advent_of_code/day_3.rs:2:4
[INFO] [stdout]   |
[INFO] [stdout] 2 | fn get_ord_val(s: char) -> u8 {
[INFO] [stdout]   |    ^^^^^^^^^^^
[INFO] [stdout] 
[INFO] [stdout] 
[INFO] [stdout] warning: function `get_ordval_from_string` is never used
[INFO] [stdout]   --> src/advent_of_code/day_3.rs:10:4
[INFO] [stdout]    |
[INFO] [stdout] 10 | fn get_ordval_from_string(s: &str) -> u8 {
[INFO] [stdout]    |    ^^^^^^^^^^^^^^^^^^^^^^
[INFO] [stdout] 
[INFO] [stdout] 
[INFO] [stdout] warning: function `three_lines_common` is never used
[INFO] [stdout]   --> src/advent_of_code/day_3.rs:91:4
[INFO] [stdout]    |
[INFO] [stdout] 91 | fn three_lines_common(s1: &str, s2: &str, s3: &str) -> u8 {
[INFO] [stdout]    |    ^^^^^^^^^^^^^^^^^^
[INFO] [stdout] 
[INFO] [stdout] 
[INFO] [stdout] warning: constant `INPUT` is never used
[INFO] [stdout]  --> src/advent_of_code/day_4.rs:1:7
[INFO] [stdout]   |
[INFO] [stdout] 1 | const INPUT: &'static str = include_str!("../../data/year_2022__day_4");
[INFO] [stdout]   |       ^^^^^
[INFO] [stdout] 
[INFO] [stdout] 
[INFO] [stdout] warning: fields `start` and `end` are never read
[INFO] [stdout]  --> src/advent_of_code/day_4.rs:5:5
[INFO] [stdout]   |
[INFO] [stdout] 4 | struct Range {
[INFO] [stdout]   |        ----- fields in this struct
[INFO] [stdout] 5 |     start: i32,
[INFO] [stdout]   |     ^^^^^
[INFO] [stdout] 6 |     end: i32,
[INFO] [stdout]   |     ^^^
[INFO] [stdout]   |
[INFO] [stdout]   = note: `Range` has a derived impl for the trait `Clone`, but this is intentionally ignored during dead code analysis
[INFO] [stdout] 
[INFO] [stdout] 
[INFO] [stdout] warning: associated items `contains`, `contains_partial`, and `new` are never used
[INFO] [stdout]   --> src/advent_of_code/day_4.rs:10:8
[INFO] [stdout]    |
[INFO] [stdout] 9  | impl Range {
[INFO] [stdout]    | ---------- associated items in this implementation
[INFO] [stdout] 10 |     fn contains(&self, s: Range) -> bool {
[INFO] [stdout]    |        ^^^^^^^^
[INFO] [stdout] ...
[INFO] [stdout] 14 |     fn contains_partial(&self, s: Range) -> bool {
[INFO] [stdout]    |        ^^^^^^^^^^^^^^^^
[INFO] [stdout] ...
[INFO] [stdout] 18 |     fn new(s: &str) -> Self {
[INFO] [stdout]    |        ^^^
[INFO] [stdout] 
[INFO] [stdout] 
[INFO] [stdout] warning: struct `Move` is never constructed
[INFO] [stdout]  --> src/advent_of_code/day_5.rs:3:8
[INFO] [stdout]   |
[INFO] [stdout] 3 | struct Move {
[INFO] [stdout]   |        ^^^^
[INFO] [stdout] 
[INFO] [stdout] 
[INFO] [stdout] warning: associated function `from_str` is never used
[INFO] [stdout]   --> src/advent_of_code/day_5.rs:10:8
[INFO] [stdout]    |
[INFO] [stdout] 9  | impl Move {
[INFO] [stdout]    | --------- associated function in this implementation
[INFO] [stdout] 10 |     fn from_str(m: &str) -> Self {
[INFO] [stdout]    |        ^^^^^^^^
[INFO] [stdout] 
[INFO] [stdout] 
[INFO] [stdout] warning: field `position` is never read
[INFO] [stdout]   --> src/advent_of_code/day_9.rs:13:5
[INFO] [stdout]    |
[INFO] [stdout] 12 | struct Head {
[INFO] [stdout]    |        ---- field in this struct
[INFO] [stdout] 13 |     position: Coordinates,
[INFO] [stdout]    |     ^^^^^^^^
[INFO] [stdout]    |
[INFO] [stdout]    = note: `Head` has a derived impl for the trait `Debug`, but this is intentionally ignored during dead code analysis
[INFO] [stdout] 
[INFO] [stdout] 
[INFO] [stdout] warning: field `position` is never read
[INFO] [stdout]   --> src/advent_of_code/day_9.rs:18:5
[INFO] [stdout]    |
[INFO] [stdout] 17 | struct Tail {
[INFO] [stdout]    |        ---- field in this struct
[INFO] [stdout] 18 |     position: Coordinates,
[INFO] [stdout]    |     ^^^^^^^^
[INFO] [stdout]    |
[INFO] [stdout]    = note: `Tail` has a derived impl for the trait `Debug`, but this is intentionally ignored during dead code analysis
[INFO] [stdout] 
[INFO] [stdout] 
[INFO] [stdout] warning: fields `head`, `tail`, and `movements` are never read
[INFO] [stdout]   --> src/advent_of_code/day_9.rs:23:5
[INFO] [stdout]    |
[INFO] [stdout] 22 | pub struct Knot {
[INFO] [stdout]    |            ---- fields in this struct
[INFO] [stdout] 23 |     head: Head,
[INFO] [stdout]    |     ^^^^
[INFO] [stdout] 24 |     tail: Tail,
[INFO] [stdout]    |     ^^^^
[INFO] [stdout] 25 |     movements: HashSet<Coordinates>,
[INFO] [stdout]    |     ^^^^^^^^^
[INFO] [stdout]    |
[INFO] [stdout]    = note: `Knot` has a derived impl for the trait `Debug`, but this is intentionally ignored during dead code analysis
[INFO] [stdout] 
[INFO] [stdout] 
[INFO] [stdout] warning: methods `move_head`, `move_head_n_steps`, and `get_total_positions` are never used
[INFO] [stdout]   --> src/advent_of_code/day_9.rs:45:8
[INFO] [stdout]    |
[INFO] [stdout] 44 | impl Knot {
[INFO] [stdout]    | --------- methods in this implementation
[INFO] [stdout] 45 |     fn move_head(&mut self, diff: Coordinates) {
[INFO] [stdout]    |        ^^^^^^^^^
[INFO] [stdout] ...
[INFO] [stdout] 82 |     fn move_head_n_steps(&mut self, diff: Coordinates, n_steps: usize) {
[INFO] [stdout]    |        ^^^^^^^^^^^^^^^^^
[INFO] [stdout] ...
[INFO] [stdout] 88 |     fn get_total_positions(&self) -> u32 {
[INFO] [stdout]    |        ^^^^^^^^^^^^^^^^^^^
[INFO] [stdout] 
[INFO] [stdout] 
[INFO] [stdout] warning: field `knots` is never read
[INFO] [stdout]    --> src/advent_of_code/day_9.rs:170:5
[INFO] [stdout]     |
[INFO] [stdout] 169 | pub struct Rope {
[INFO] [stdout]     |            ---- field in this struct
[INFO] [stdout] 170 |     knots: Vec<Knot>,
[INFO] [stdout]     |     ^^^^^
[INFO] [stdout] 
[INFO] [stdout] 
[INFO] [stdout] warning: associated items `new` and `move_rope` are never used
[INFO] [stdout]    --> src/advent_of_code/day_9.rs:174:8
[INFO] [stdout]     |
[INFO] [stdout] 173 | impl Rope {
[INFO] [stdout]     | --------- associated items in this implementation
[INFO] [stdout] 174 |     fn new(size: usize) -> Self {
[INFO] [stdout]     |        ^^^
[INFO] [stdout] ...
[INFO] [stdout] 180 |     fn move_rope(&mut self, diff: Coordinates) {
[INFO] [stdout]     |        ^^^^^^^^^
[INFO] [stdout] 
[INFO] [stdout] 
[INFO] [stdout] warning: function `roman_to_dec` is never used
[INFO] [stdout]   --> src/leetcode/lc_13.rs:36:4
[INFO] [stdout]    |
[INFO] [stdout] 36 | fn roman_to_dec(roman: &str) -> i32 {
[INFO] [stdout]    |    ^^^^^^^^^^^^
[INFO] [stdout] 
[INFO] [stdout] 
[INFO] [stdout] warning: function `sort_arrays` is never used
[INFO] [stdout]  --> src/leetcode/lc_20.rs:1:4
[INFO] [stdout]   |
[INFO] [stdout] 1 | fn sort_arrays(first: Vec<i32>, second: Vec<i32>) -> Vec<i32> {
[INFO] [stdout]   |    ^^^^^^^^^^^
[INFO] [stdout] 
[INFO] [stdout] 
[INFO] [stdout] warning: function `first_index` is never used
[INFO] [stdout]   --> src/leetcode/lc_28.rs:10:4
[INFO] [stdout]    |
[INFO] [stdout] 10 | fn first_index(haystack: &str, needle: &str) -> i32 {
[INFO] [stdout]    |    ^^^^^^^^^^^
[INFO] [stdout] 
[INFO] [stdout] 
[INFO] [stdout] warning: function `length_of_longest` is never used
[INFO] [stdout]  --> src/leetcode/lc_3.rs:5:4
[INFO] [stdout]   |
[INFO] [stdout] 5 | fn length_of_longest(x: &str) -> u32 {
[INFO] [stdout]   |    ^^^^^^^^^^^^^^^^^
[INFO] [stdout] 
[INFO] [stdout] 
[INFO] [stdout] warning: function `v` is never used
[INFO] [stdout]  --> src/leetcode/lc_35.rs:8:4
[INFO] [stdout]   |
[INFO] [stdout] 8 | fn v(x: &[i32], l: usize, h: usize, target: i32) -> usize {
[INFO] [stdout]   |    ^
[INFO] [stdout] 
[INFO] [stdout] 
[INFO] [stdout] warning: function `ins_pos` is never used
[INFO] [stdout]   --> src/leetcode/lc_35.rs:26:4
[INFO] [stdout]    |
[INFO] [stdout] 26 | fn ins_pos(x: &[i32], target: i32) -> i32 {
[INFO] [stdout]    |    ^^^^^^^
[INFO] [stdout] 
[INFO] [stdout] 
[INFO] [stdout] warning: function `bin_add` is never used
[INFO] [stdout]  --> src/leetcode/lc_67.rs:8:4
[INFO] [stdout]   |
[INFO] [stdout] 8 | fn bin_add(a: &str, b: &str) -> String {
[INFO] [stdout]   |    ^^^^^^^
[INFO] [stdout] 
[INFO] [stdout] 
[INFO] [stdout] warning: function `palindrome_number` is never used
[INFO] [stdout]  --> src/leetcode/lc_9.rs:4:4
[INFO] [stdout]   |
[INFO] [stdout] 4 | fn palindrome_number(x: i32) -> bool {
[INFO] [stdout]   |    ^^^^^^^^^^^^^^^^^
[INFO] [stdout] 
[INFO] [stdout] 
[INFO] [stdout] warning: 48 warnings emitted
[INFO] [stdout] 
[INFO] [stdout] 
[INFO] [stderr]    Compiling proc-macro2 v1.0.63
[INFO] [stderr]    Compiling proc-macro-error-attr v1.0.4
[INFO] [stderr]    Compiling proc-macro-error v1.0.4
[INFO] [stderr]    Compiling test-case-core v3.1.0
[INFO] [stderr]    Compiling test-case-macros v3.1.0
[INFO] [stderr]    Compiling test-case v3.1.0
[INFO] [stderr]    Compiling advent_of_code v0.1.0 (/opt/rustwide/workdir)
[INFO] [stdout] warning: unused variable: `row`
[INFO] [stdout]   --> src/advent_of_code/day_5.rs:26:13
[INFO] [stdout]    |
[INFO] [stdout] 26 |         for row in 0..8 {
[INFO] [stdout]    |             ^^^ help: if this is intentional, prefix it with an underscore: `_row`
[INFO] [stdout]    |
[INFO] [stdout]    = note: `#[warn(unused_variables)]` on by default
[INFO] [stdout] 
[INFO] [stdout] 
[INFO] [stdout] warning: struct `Action` is never constructed
[INFO] [stdout]   --> src/advent_of_code/day_2.rs:94:8
[INFO] [stdout]    |
[INFO] [stdout] 94 | struct Action<'a>(&'a str);
[INFO] [stdout]    |        ^^^^^^
[INFO] [stdout]    |
[INFO] [stdout]    = note: `#[warn(dead_code)]` on by default
[INFO] [stdout] 
[INFO] [stdout] 
[INFO] [stdout] warning: 2 warnings emitted
[INFO] [stdout] 
[INFO] [stdout] 
[INFO] [stderr]     Finished test [unoptimized + debuginfo] target(s) in 13.11s
[INFO] running `Command { std: "docker" "inspect" "9fe318830807847bc74adfab08550b841a729f5ec639c1c04dc059a09d3cb69f", kill_on_drop: false }`
[INFO] running `Command { std: "docker" "rm" "-f" "9fe318830807847bc74adfab08550b841a729f5ec639c1c04dc059a09d3cb69f", kill_on_drop: false }`
[INFO] [stdout] 9fe318830807847bc74adfab08550b841a729f5ec639c1c04dc059a09d3cb69f
[INFO] running `Command { std: "docker" "create" "-v" "/var/lib/crater-agent-workspace/builds/worker-5-tc1/target:/opt/rustwide/target:rw,Z" "-v" "/var/lib/crater-agent-workspace/builds/worker-5-tc1/source:/opt/rustwide/workdir:ro,Z" "-v" "/var/lib/crater-agent-workspace/cargo-home:/opt/rustwide/cargo-home:ro,Z" "-v" "/var/lib/crater-agent-workspace/rustup-home:/opt/rustwide/rustup-home:ro,Z" "-e" "SOURCE_DIR=/opt/rustwide/workdir" "-e" "CARGO_TARGET_DIR=/opt/rustwide/target" "-e" "CARGO_INCREMENTAL=0" "-e" "RUST_BACKTRACE=full" "-e" "RUSTFLAGS=--cap-lints=warn" "-e" "RUSTDOCFLAGS=--cap-lints=warn" "-e" "CARGO_HOME=/opt/rustwide/cargo-home" "-e" "RUSTUP_HOME=/opt/rustwide/rustup-home" "-w" "/opt/rustwide/workdir" "-m" "1610612736" "--user" "0:0" "--network" "none" "ghcr.io/rust-lang/crates-build-env/linux@sha256:2788e3201cd34a07e3172128adcd8b3090168a8e3bcc40d7c032b9dda1df7d1c" "/opt/rustwide/cargo-home/bin/cargo" "+1.75.0" "test" "--frozen", kill_on_drop: false }`
[INFO] [stdout] 54f22ae9db4fa1fbb1e004caa3e68a16a9e48b7cc5b2204beeaeb9a185579f10
[INFO] running `Command { std: "docker" "start" "-a" "54f22ae9db4fa1fbb1e004caa3e68a16a9e48b7cc5b2204beeaeb9a185579f10", kill_on_drop: false }`
[INFO] [stderr] warning: unused import: `std::fs::read_to_string`
[INFO] [stderr]  --> src/advent_of_code/day_1.rs:1:5
[INFO] [stderr]   |
[INFO] [stderr] 1 | use std::fs::read_to_string;
[INFO] [stderr]   |     ^^^^^^^^^^^^^^^^^^^^^^^
[INFO] [stderr]   |
[INFO] [stderr]   = note: `#[warn(unused_imports)]` on by default
[INFO] [stderr] 
[INFO] [stderr] warning: unused variable: `row`
[INFO] [stderr]   --> src/advent_of_code/day_5.rs:26:13
[INFO] [stderr]    |
[INFO] [stderr] 26 |         for row in 0..8 {
[INFO] [stderr]    |             ^^^ help: if this is intentional, prefix it with an underscore: `_row`
[INFO] [stderr]    |
[INFO] [stderr]    = note: `#[warn(unused_variables)]` on by default
[INFO] [stderr] 
[INFO] [stderr] warning: function `sol_1p1` is never used
[INFO] [stderr]  --> src/advent_of_code/day_1.rs:3:4
[INFO] [stderr]   |
[INFO] [stderr] 3 | fn sol_1p1(x: &str) -> u32 {
[INFO] [stderr]   |    ^^^^^^^
[INFO] [stderr]   |
[INFO] [stderr]   = note: `#[warn(dead_code)]` on by default
[INFO] [stderr] 
[INFO] [stderr] warning: function `sol_1p2` is never used
[INFO] [stderr]   --> src/advent_of_code/day_1.rs:23:4
[INFO] [stderr]    |
[INFO] [stderr] 23 | fn sol_1p2(x: &str) -> u32 {
[INFO] [stderr]    |    ^^^^^^^
[INFO] [stderr] 
[INFO] [stderr] warning: method `cycles` is never used
[INFO] [stderr]   --> src/advent_of_code/day_10.rs:12:8
[INFO] [stderr]    |
[INFO] [stderr] 11 | impl Instruction {
[INFO] [stderr]    | ---------------- method in this implementation
[INFO] [stderr] 12 |     fn cycles(&self) -> u32 {
[INFO] [stderr]    |        ^^^^^^
[INFO] [stderr] 
[INFO] [stderr] warning: associated items `new`, `decode`, `draw`, `step`, and `get_running_cycle` are never used
[INFO] [stderr]    --> src/advent_of_code/day_10.rs:57:8
[INFO] [stderr]     |
[INFO] [stderr] 56  | impl CPU {
[INFO] [stderr]     | -------- associated items in this implementation
[INFO] [stderr] 57  |     fn new(input: &str) -> Self {
[INFO] [stderr]     |        ^^^
[INFO] [stderr] ...
[INFO] [stderr] 73  |     fn decode(&mut self) {
[INFO] [stderr]     |        ^^^^^^
[INFO] [stderr] ...
[INFO] [stderr] 77  |     fn draw(&mut self) {
[INFO] [stderr]     |        ^^^^
[INFO] [stderr] ...
[INFO] [stderr] 96  |     fn step(&mut self) -> bool {
[INFO] [stderr]     |        ^^^^
[INFO] [stderr] ...
[INFO] [stderr] 116 |     fn get_running_cycle(&self) -> u32 {
[INFO] [stderr]     |        ^^^^^^^^^^^^^^^^^
[INFO] [stderr] 
[INFO] [stderr] warning: constant `DISPLAY_MASK` is never used
[INFO] [stderr]    --> src/advent_of_code/day_10.rs:121:7
[INFO] [stderr]     |
[INFO] [stderr] 121 | const DISPLAY_MASK: u64 = 0b1111111111111111111111111111111111111111;
[INFO] [stderr]     |       ^^^^^^^^^^^^
[INFO] [stderr] 
[INFO] [stderr] warning: function `cycle_mask` is never used
[INFO] [stderr]    --> src/advent_of_code/day_10.rs:123:4
[INFO] [stderr]     |
[INFO] [stderr] 123 | fn cycle_mask(cycle: u32) -> u64 {
[INFO] [stderr]     |    ^^^^^^^^^^
[INFO] [stderr] 
[INFO] [stderr] warning: function `sprite_value` is never used
[INFO] [stderr]    --> src/advent_of_code/day_10.rs:127:4
[INFO] [stderr]     |
[INFO] [stderr] 127 | fn sprite_value(pos: i32) -> u64 {
[INFO] [stderr]     |    ^^^^^^^^^^^^
[INFO] [stderr] 
[INFO] [stderr] warning: function `msb_ones` is never used
[INFO] [stderr]    --> src/advent_of_code/day_10.rs:135:4
[INFO] [stderr]     |
[INFO] [stderr] 135 | fn msb_ones(mut num: u64) -> u64 {
[INFO] [stderr]     |    ^^^^^^^^
[INFO] [stderr] 
[INFO] [stderr] warning: function `overflow_shift` is never used
[INFO] [stderr]    --> src/advent_of_code/day_10.rs:148:4
[INFO] [stderr]     |
[INFO] [stderr] 148 | fn overflow_shift(num: u64, pos: i32) -> u64 {
[INFO] [stderr]     |    ^^^^^^^^^^^^^^
[INFO] [stderr] 
[INFO] [stderr] warning: variants `Multiply`, `Add`, `Divide`, and `Subtract` are never constructed
[INFO] [stderr]   --> src/advent_of_code/day_11.rs:48:5
[INFO] [stderr]    |
[INFO] [stderr] 47 | enum Operation {
[INFO] [stderr]    |      --------- variants in this enum
[INFO] [stderr] 48 |     Multiply { value: Value },
[INFO] [stderr]    |     ^^^^^^^^
[INFO] [stderr] 49 |     Add { value: Value },
[INFO] [stderr]    |     ^^^
[INFO] [stderr] 50 |     Divide { value: Value },
[INFO] [stderr]    |     ^^^^^^
[INFO] [stderr] 51 |     Subtract { value: Value },
[INFO] [stderr]    |     ^^^^^^^^
[INFO] [stderr]    |
[INFO] [stderr]    = note: `Operation` has derived impls for the traits `Clone` and `Debug`, but these are intentionally ignored during dead code analysis
[INFO] [stderr] 
[INFO] [stderr] warning: methods `times_inspected` and `throw` are never used
[INFO] [stderr]   --> src/advent_of_code/day_11.rs:59:8
[INFO] [stderr]    |
[INFO] [stderr] 58 | impl KeepAwayGame {
[INFO] [stderr]    | ----------------- methods in this implementation
[INFO] [stderr] 59 |     fn times_inspected(&self) -> Vec<u32> {
[INFO] [stderr]    |        ^^^^^^^^^^^^^^^
[INFO] [stderr] ...
[INFO] [stderr] 63 |     fn throw(&mut self) {
[INFO] [stderr]    |        ^^^^^
[INFO] [stderr] 
[INFO] [stderr] warning: function `operate` is never used
[INFO] [stderr]    --> src/advent_of_code/day_11.rs:102:4
[INFO] [stderr]     |
[INFO] [stderr] 102 | fn operate(l: WorryLevel, operation: Operation, test: i32, if_true: u32, if_false: u32) -> (u32, i32) {
[INFO] [stderr]     |    ^^^^^^^
[INFO] [stderr] 
[INFO] [stderr] warning: associated function `parse` is never used
[INFO] [stderr]    --> src/advent_of_code/day_11.rs:168:8
[INFO] [stderr]     |
[INFO] [stderr] 167 | impl Monkey {
[INFO] [stderr]     | ----------- associated function in this implementation
[INFO] [stderr] 168 |     fn parse(values: &str) -> Self {
[INFO] [stderr]     |        ^^^^^
[INFO] [stderr] 
[INFO] [stderr] warning: struct `Input` is never constructed
[INFO] [stderr]  --> src/advent_of_code/day_2.rs:1:8
[INFO] [stderr]   |
[INFO] [stderr] 1 | struct Input<'a>(&'a str);
[INFO] [stderr]   |        ^^^^^
[INFO] [stderr] 
[INFO] [stderr] warning: method `get_move` is never used
[INFO] [stderr]  --> src/advent_of_code/day_2.rs:4:8
[INFO] [stderr]   |
[INFO] [stderr] 3 | impl<'a> Input<'a> {
[INFO] [stderr]   | ------------------ method in this implementation
[INFO] [stderr] 4 |     fn get_move(&self) -> Move {
[INFO] [stderr]   |        ^^^^^^^^
[INFO] [stderr] 
[INFO] [stderr] warning: variants `Rock`, `Paper`, and `Scissors` are never constructed
[INFO] [stderr]   --> src/advent_of_code/day_2.rs:16:5
[INFO] [stderr]    |
[INFO] [stderr] 15 | enum Move {
[INFO] [stderr]    |      ---- variants in this enum
[INFO] [stderr] 16 |     Rock,
[INFO] [stderr]    |     ^^^^
[INFO] [stderr] 17 |     Paper,
[INFO] [stderr]    |     ^^^^^
[INFO] [stderr] 18 |     Scissors,
[INFO] [stderr]    |     ^^^^^^^^
[INFO] [stderr]    |
[INFO] [stderr]    = note: `Move` has a derived impl for the trait `Clone`, but this is intentionally ignored during dead code analysis
[INFO] [stderr] 
[INFO] [stderr] warning: enum `OutCome` is never used
[INFO] [stderr]   --> src/advent_of_code/day_2.rs:21:6
[INFO] [stderr]    |
[INFO] [stderr] 21 | enum OutCome {
[INFO] [stderr]    |      ^^^^^^^
[INFO] [stderr] 
[INFO] [stderr] warning: methods `get_move_score`, `get_outcome`, and `get_win_score` are never used
[INFO] [stderr]   --> src/advent_of_code/day_2.rs:28:8
[INFO] [stderr]    |
[INFO] [stderr] 27 | impl Move {
[INFO] [stderr]    | --------- methods in this implementation
[INFO] [stderr] 28 |     fn get_move_score(&self) -> u32 {
[INFO] [stderr]    |        ^^^^^^^^^^^^^^
[INFO] [stderr] ...
[INFO] [stderr] 36 |     fn get_outcome(&self, opponents_move: &Self) -> OutCome {
[INFO] [stderr]    |        ^^^^^^^^^^^
[INFO] [stderr] ...
[INFO] [stderr] 51 |     fn get_win_score(&self, opponents_move: &Self) -> u32 {
[INFO] [stderr]    |        ^^^^^^^^^^^^^
[INFO] [stderr] 
[INFO] [stderr] warning: function `calc_total_score` is never used
[INFO] [stderr]   --> src/advent_of_code/day_2.rs:61:4
[INFO] [stderr]    |
[INFO] [stderr] 61 | fn calc_total_score<'a>(in_str: &'a str) -> u32 {
[INFO] [stderr]    |    ^^^^^^^^^^^^^^^^
[INFO] [stderr] 
[INFO] [stderr] warning: struct `Action` is never constructed
[INFO] [stderr]   --> src/advent_of_code/day_2.rs:94:8
[INFO] [stderr]    |
[INFO] [stderr] 94 | struct Action<'a>(&'a str);
[INFO] [stderr]    |        ^^^^^^
[INFO] [stderr] 
[INFO] [stderr] warning: struct `Input2` is never constructed
[INFO] [stderr]   --> src/advent_of_code/day_2.rs:96:8
[INFO] [stderr]    |
[INFO] [stderr] 96 | struct Input2<'a>(&'a str);
[INFO] [stderr]    |        ^^^^^^
[INFO] [stderr] 
[INFO] [stderr] warning: function `get_win_move` is never used
[INFO] [stderr]   --> src/advent_of_code/day_2.rs:98:4
[INFO] [stderr]    |
[INFO] [stderr] 98 | fn get_win_move(opponents_move: &Move) -> Move {
[INFO] [stderr]    |    ^^^^^^^^^^^^
[INFO] [stderr] 
[INFO] [stderr] warning: function `get_losing_move` is never used
[INFO] [stderr]    --> src/advent_of_code/day_2.rs:106:4
[INFO] [stderr]     |
[INFO] [stderr] 106 | fn get_losing_move(opponents_move: &Move) -> Move {
[INFO] [stderr]     |    ^^^^^^^^^^^^^^^
[INFO] [stderr] 
[INFO] [stderr] warning: methods `target`, `opponent_move`, `get_target_move`, and `get_score` are never used
[INFO] [stderr]    --> src/advent_of_code/day_2.rs:115:8
[INFO] [stderr]     |
[INFO] [stderr] 114 | impl<'a> Input2<'a> {
[INFO] [stderr]     | ------------------- methods in this implementation
[INFO] [stderr] 115 |     fn target(&self) -> OutCome {
[INFO] [stderr]     |        ^^^^^^
[INFO] [stderr] ...
[INFO] [stderr] 125 |     fn opponent_move(&self) -> Move {
[INFO] [stderr]     |        ^^^^^^^^^^^^^
[INFO] [stderr] ...
[INFO] [stderr] 135 |     fn get_target_move(&self) -> Move {
[INFO] [stderr]     |        ^^^^^^^^^^^^^^^
[INFO] [stderr] ...
[INFO] [stderr] 143 |     fn get_score(&self) -> u32 {
[INFO] [stderr]     |        ^^^^^^^^^
[INFO] [stderr] 
[INFO] [stderr] warning: function `get_ord_val` is never used
[INFO] [stderr]  --> src/advent_of_code/day_3.rs:2:4
[INFO] [stderr]   |
[INFO] [stderr] 2 | fn get_ord_val(s: char) -> u8 {
[INFO] [stderr]   |    ^^^^^^^^^^^
[INFO] [stderr] 
[INFO] [stderr] warning: function `get_ordval_from_string` is never used
[INFO] [stderr]   --> src/advent_of_code/day_3.rs:10:4
[INFO] [stderr]    |
[INFO] [stderr] 10 | fn get_ordval_from_string(s: &str) -> u8 {
[INFO] [stderr]    |    ^^^^^^^^^^^^^^^^^^^^^^
[INFO] [stderr] 
[INFO] [stderr] warning: function `three_lines_common` is never used
[INFO] [stderr]   --> src/advent_of_code/day_3.rs:91:4
[INFO] [stderr]    |
[INFO] [stderr] 91 | fn three_lines_common(s1: &str, s2: &str, s3: &str) -> u8 {
[INFO] [stderr]    |    ^^^^^^^^^^^^^^^^^^
[INFO] [stderr] 
[INFO] [stderr] warning: constant `INPUT` is never used
[INFO] [stderr]  --> src/advent_of_code/day_4.rs:1:7
[INFO] [stderr]   |
[INFO] [stderr] 1 | const INPUT: &'static str = include_str!("../../data/year_2022__day_4");
[INFO] [stderr]   |       ^^^^^
[INFO] [stderr] 
[INFO] [stderr] warning: fields `start` and `end` are never read
[INFO] [stderr]  --> src/advent_of_code/day_4.rs:5:5
[INFO] [stderr]   |
[INFO] [stderr] 4 | struct Range {
[INFO] [stderr]   |        ----- fields in this struct
[INFO] [stderr] 5 |     start: i32,
[INFO] [stderr]   |     ^^^^^
[INFO] [stderr] 6 |     end: i32,
[INFO] [stderr]   |     ^^^
[INFO] [stderr]   |
[INFO] [stderr]   = note: `Range` has a derived impl for the trait `Clone`, but this is intentionally ignored during dead code analysis
[INFO] [stderr] 
[INFO] [stderr] warning: associated items `contains`, `contains_partial`, and `new` are never used
[INFO] [stderr]   --> src/advent_of_code/day_4.rs:10:8
[INFO] [stderr]    |
[INFO] [stderr] 9  | impl Range {
[INFO] [stderr]    | ---------- associated items in this implementation
[INFO] [stderr] 10 |     fn contains(&self, s: Range) -> bool {
[INFO] [stderr]    |        ^^^^^^^^
[INFO] [stderr] ...
[INFO] [stderr] 14 |     fn contains_partial(&self, s: Range) -> bool {
[INFO] [stderr]    |        ^^^^^^^^^^^^^^^^
[INFO] [stderr] ...
[INFO] [stderr] 18 |     fn new(s: &str) -> Self {
[INFO] [stderr]    |        ^^^
[INFO] [stderr] 
[INFO] [stderr] warning: struct `Move` is never constructed
[INFO] [stderr]  --> src/advent_of_code/day_5.rs:3:8
[INFO] [stderr]   |
[INFO] [stderr] 3 | struct Move {
[INFO] [stderr]   |        ^^^^
[INFO] [stderr] 
[INFO] [stderr] warning: associated function `from_str` is never used
[INFO] [stderr]   --> src/advent_of_code/day_5.rs:10:8
[INFO] [stderr]    |
[INFO] [stderr] 9  | impl Move {
[INFO] [stderr]    | --------- associated function in this implementation
[INFO] [stderr] 10 |     fn from_str(m: &str) -> Self {
[INFO] [stderr]    |        ^^^^^^^^
[INFO] [stderr] 
[INFO] [stderr] warning: field `position` is never read
[INFO] [stderr]   --> src/advent_of_code/day_9.rs:13:5
[INFO] [stderr]    |
[INFO] [stderr] 12 | struct Head {
[INFO] [stderr]    |        ---- field in this struct
[INFO] [stderr] 13 |     position: Coordinates,
[INFO] [stderr]    |     ^^^^^^^^
[INFO] [stderr]    |
[INFO] [stderr]    = note: `Head` has a derived impl for the trait `Debug`, but this is intentionally ignored during dead code analysis
[INFO] [stderr] 
[INFO] [stderr] warning: field `position` is never read
[INFO] [stderr]   --> src/advent_of_code/day_9.rs:18:5
[INFO] [stderr]    |
[INFO] [stderr] 17 | struct Tail {
[INFO] [stderr]    |        ---- field in this struct
[INFO] [stderr] 18 |     position: Coordinates,
[INFO] [stderr]    |     ^^^^^^^^
[INFO] [stderr]    |
[INFO] [stderr]    = note: `Tail` has a derived impl for the trait `Debug`, but this is intentionally ignored during dead code analysis
[INFO] [stderr] 
[INFO] [stderr] warning: fields `head`, `tail`, and `movements` are never read
[INFO] [stderr]   --> src/advent_of_code/day_9.rs:23:5
[INFO] [stderr]    |
[INFO] [stderr] 22 | pub struct Knot {
[INFO] [stderr]    |            ---- fields in this struct
[INFO] [stderr] 23 |     head: Head,
[INFO] [stderr]    |     ^^^^
[INFO] [stderr] 24 |     tail: Tail,
[INFO] [stderr]    |     ^^^^
[INFO] [stderr] 25 |     movements: HashSet<Coordinates>,
[INFO] [stderr]    |     ^^^^^^^^^
[INFO] [stderr]    |
[INFO] [stderr]    = note: `Knot` has a derived impl for the trait `Debug`, but this is intentionally ignored during dead code analysis
[INFO] [stderr] 
[INFO] [stderr] warning: methods `move_head`, `move_head_n_steps`, and `get_total_positions` are never used
[INFO] [stderr]   --> src/advent_of_code/day_9.rs:45:8
[INFO] [stderr]    |
[INFO] [stderr] 44 | impl Knot {
[INFO] [stderr]    | --------- methods in this implementation
[INFO] [stderr] 45 |     fn move_head(&mut self, diff: Coordinates) {
[INFO] [stderr]    |        ^^^^^^^^^
[INFO] [stderr] ...
[INFO] [stderr] 82 |     fn move_head_n_steps(&mut self, diff: Coordinates, n_steps: usize) {
[INFO] [stderr]    |        ^^^^^^^^^^^^^^^^^
[INFO] [stderr] ...
[INFO] [stderr] 88 |     fn get_total_positions(&self) -> u32 {
[INFO] [stderr]    |        ^^^^^^^^^^^^^^^^^^^
[INFO] [stderr] 
[INFO] [stderr] warning: field `knots` is never read
[INFO] [stderr]    --> src/advent_of_code/day_9.rs:170:5
[INFO] [stderr]     |
[INFO] [stderr] 169 | pub struct Rope {
[INFO] [stderr]     |            ---- field in this struct
[INFO] [stderr] 170 |     knots: Vec<Knot>,
[INFO] [stderr]     |     ^^^^^
[INFO] [stderr] 
[INFO] [stderr] warning: associated items `new` and `move_rope` are never used
[INFO] [stderr]    --> src/advent_of_code/day_9.rs:174:8
[INFO] [stderr]     |
[INFO] [stderr] 173 | impl Rope {
[INFO] [stderr]     | --------- associated items in this implementation
[INFO] [stderr] 174 |     fn new(size: usize) -> Self {
[INFO] [stderr]     |        ^^^
[INFO] [stderr] ...
[INFO] [stderr] 180 |     fn move_rope(&mut self, diff: Coordinates) {
[INFO] [stderr]     |        ^^^^^^^^^
[INFO] [stderr] 
[INFO] [stderr] warning: function `roman_to_dec` is never used
[INFO] [stderr]   --> src/leetcode/lc_13.rs:36:4
[INFO] [stderr]    |
[INFO] [stderr] 36 | fn roman_to_dec(roman: &str) -> i32 {
[INFO] [stderr]    |    ^^^^^^^^^^^^
[INFO] [stderr] 
[INFO] [stderr] warning: function `sort_arrays` is never used
[INFO] [stderr]  --> src/leetcode/lc_20.rs:1:4
[INFO] [stderr]   |
[INFO] [stderr] 1 | fn sort_arrays(first: Vec<i32>, second: Vec<i32>) -> Vec<i32> {
[INFO] [stderr]   |    ^^^^^^^^^^^
[INFO] [stderr] 
[INFO] [stderr] warning: function `first_index` is never used
[INFO] [stderr]   --> src/leetcode/lc_28.rs:10:4
[INFO] [stderr]    |
[INFO] [stderr] 10 | fn first_index(haystack: &str, needle: &str) -> i32 {
[INFO] [stderr]    |    ^^^^^^^^^^^
[INFO] [stderr] 
[INFO] [stderr] warning: function `length_of_longest` is never used
[INFO] [stderr]  --> src/leetcode/lc_3.rs:5:4
[INFO] [stderr]   |
[INFO] [stderr] 5 | fn length_of_longest(x: &str) -> u32 {
[INFO] [stderr]   |    ^^^^^^^^^^^^^^^^^
[INFO] [stderr] 
[INFO] [stderr] warning: function `v` is never used
[INFO] [stderr]  --> src/leetcode/lc_35.rs:8:4
[INFO] [stderr]   |
[INFO] [stderr] 8 | fn v(x: &[i32], l: usize, h: usize, target: i32) -> usize {
[INFO] [stderr]   |    ^
[INFO] [stderr] 
[INFO] [stderr] warning: function `ins_pos` is never used
[INFO] [stderr]   --> src/leetcode/lc_35.rs:26:4
[INFO] [stderr]    |
[INFO] [stderr] 26 | fn ins_pos(x: &[i32], target: i32) -> i32 {
[INFO] [stderr]    |    ^^^^^^^
[INFO] [stderr] 
[INFO] [stderr] warning: function `bin_add` is never used
[INFO] [stderr]  --> src/leetcode/lc_67.rs:8:4
[INFO] [stderr]   |
[INFO] [stderr] 8 | fn bin_add(a: &str, b: &str) -> String {
[INFO] [stderr]   |    ^^^^^^^
[INFO] [stderr] 
[INFO] [stderr] warning: function `palindrome_number` is never used
[INFO] [stderr]  --> src/leetcode/lc_9.rs:4:4
[INFO] [stderr]   |
[INFO] [stderr] 4 | fn palindrome_number(x: i32) -> bool {
[INFO] [stderr]   |    ^^^^^^^^^^^^^^^^^
[INFO] [stderr] 
[INFO] [stderr] warning: `advent_of_code` (lib) generated 48 warnings (run `cargo fix --lib -p advent_of_code` to apply 2 suggestions)
[INFO] [stderr] warning: struct `Action` is never constructed
[INFO] [stderr]   --> src/advent_of_code/day_2.rs:94:8
[INFO] [stderr]    |
[INFO] [stderr] 94 | struct Action<'a>(&'a str);
[INFO] [stderr]    |        ^^^^^^
[INFO] [stderr]    |
[INFO] [stderr]    = note: `#[warn(dead_code)]` on by default
[INFO] [stderr] 
[INFO] [stderr] warning: `advent_of_code` (lib test) generated 2 warnings (1 duplicate)
[INFO] [stderr]     Finished test [unoptimized + debuginfo] target(s) in 0.06s
[INFO] [stdout] 
[INFO] [stdout] running 72 tests
[INFO] [stdout] test advent_of_code::day_10::tests::test_cpu_instructions_display_p_2::test_cpu_instructions_display_p_2 ... ok
[INFO] [stdout] test advent_of_code::day_10::tests::test_cpu_instructions_display_p_2_sample::test_cpu_instructions_display_p_2_sample ... ok
[INFO] [stdout] test advent_of_code::day_10::bit_tests::test_display ... ok
[INFO] [stderr]      Running unittests src/lib.rs (/opt/rustwide/target/debug/deps/advent_of_code-917e7fc105590877)
[INFO] [stdout] test advent_of_code::day_10::tests::test_instruction_parse::_addx_5_instruction_addx_value_5_expects ... ok
[INFO] [stdout] test advent_of_code::day_10::tests::test_cpu_instructions_signal_strength_p_1::test_cpu_instructions_signal_strength_p_1 ... ok
[INFO] [stdout] test advent_of_code::day_11::tests::test_parsing::test_parsing ... ok
[INFO] [stdout] test advent_of_code::day_10::tests::test_cpu_instructions_cycle_count::test_cpu_instructions_cycle_count ... ok
[INFO] [stdout] test advent_of_code::day_11::tests::test_parsing_monkey::test_parsing_monkey ... ok
[INFO] [stdout] test advent_of_code::day_10::bit_tests::test ... ok
[INFO] [stdout] test advent_of_code::day_10::tests::test_cpu_instructions_signal_strength_sample::test_cpu_instructions_signal_strength_sample ... ok
[INFO] [stdout] test advent_of_code::day_1::tests::test_1p1 ... ok
[INFO] [stdout] test advent_of_code::day_2::tests_p1::test_sample ... ok
[INFO] [stdout] test advent_of_code::day_2::tests_p2::test_sample ... ok
[INFO] [stdout] test advent_of_code::day_3::tests::test_ordval ... ok
[INFO] [stdout] test advent_of_code::day_2::tests_p2::test_input ... ok
[INFO] [stdout] test advent_of_code::day_3::tests::test_p_1 ... ok
[INFO] [stdout] test advent_of_code::day_2::tests_p1::test_input ... ok
[INFO] [stdout] test advent_of_code::day_3::tests::test_p_2 ... ok
[INFO] [stdout] test advent_of_code::day_11::tests::test_sample_p1::test_sample_p1 ... ok
[INFO] [stdout] test advent_of_code::day_1::tests::test_1p2 ... FAILED
[INFO] [stdout] test advent_of_code::day_3::tests::test_p_2_sample ... ok
[INFO] [stdout] test advent_of_code::day_1::tests::solution_1p1 ... FAILED
[INFO] [stdout] test advent_of_code::day_5::tests::test_p_2 ... FAILED
[INFO] [stdout] test advent_of_code::day_6::tests::test_find_marker::_10_nznrnfrfntjfmvfwmzdfjlvtqnbhcprsg_4_expects ... ok
[INFO] [stdout] test advent_of_code::day_6::tests::test_find_marker::_11_zcfzfwzzqfrljwzlrfnpqdbhtmscgvjw_4_expects ... ok
[INFO] [stdout] test advent_of_code::day_5::tests::test_p_1 ... FAILED
[INFO] [stdout] test advent_of_code::day_4::tests::test_p_1 ... ok
[INFO] [stdout] test advent_of_code::day_4::tests::test_p_2 ... ok
[INFO] [stdout] test advent_of_code::day_11::tests::test_day_11::test_day_11 ... ok
[INFO] [stdout] test advent_of_code::day_4::tests::test_p_1_sample ... ok
[INFO] [stdout] test advent_of_code::day_6::tests::test_find_marker::_2334_input_14_expects ... ok
[INFO] [stdout] test advent_of_code::day_6::tests::test_find_marker::_5_bvwbjplbgvbhsrlpgdmjqwftvncz_4_expects ... ok
[INFO] [stdout] test advent_of_code::day_6::tests::test_find_marker::_6_nppdvjthqldpwncqszvftbrmjlhg_4_expects ... ok
[INFO] [stdout] test advent_of_code::day_9::tests::test_a::r_r_4_u_4_l_3_d_1_r_4_d_1_l_5_r_2_13_expects ... ok
[INFO] [stdout] test advent_of_code::day_8::tests::test_line_type_file::r_30373_25512_65332_33549_35390_21_expects ... ok
[INFO] [stdout] test advent_of_code::day_8::tests::test_input_file::input_1803_expects ... ok
[INFO] [stdout] test advent_of_code::day_6::tests::test_find_marker::_7_mjqjpqmgbljsphdztnvjfqwrcgsmlb_4_expects ... ok
[INFO] [stdout] test advent_of_code::day_9::tests::test_p_2_sample::test_p_2_sample ... ok
[INFO] [stdout] test advent_of_code::day_4::tests::test_p_2_sample ... ok
[INFO] [stdout] test leetcode::lc_13::tests::test::_iii_3_expects ... ok
[INFO] [stdout] test advent_of_code::day_11::tests::test_parsing_monkeys_sample::test_parsing_monkeys_sample ... ok
[INFO] [stdout] test leetcode::lc_1232::tests::straight_line ... ok
[INFO] [stdout] test advent_of_code::day_9::tests::test_p_1::input_expects ... ok
[INFO] [stdout] test leetcode::lc_13::tests::test::_lviii_58_expects ... ok
[INFO] [stdout] test leetcode::lc_20::tests::test::vec_1_vec_0_vec_0_1_expects ... ok
[INFO] [stdout] test leetcode::lc_20::tests::test::vec_1_vec_3_vec_1_3_expects ... ok
[INFO] [stdout] test leetcode::lc_20::tests::test::vec_vec_vec_expects ... ok
[INFO] [stdout] test leetcode::lc_28::tests::test_first_index::_akarsh_rs_3_expects ... ok
[INFO] [stdout] test leetcode::lc_20::tests::test::vec_vec_0_vec_0_expects ... ok
[INFO] [stdout] test leetcode::lc_35::tests::test_pal_num::vec_1_2_2_1_expects ... ok
[INFO] [stdout] test leetcode::lc_13::tests::test::_mcmxciv_1994_expects ... ok
[INFO] [stdout] test leetcode::lc_20::tests::test::vec_1_2_5_8_vec_3_5_6_9_vec_1_2_3_5_5_6_8_9_expects ... ok
[INFO] [stdout] test leetcode::lc_28::tests::test_first_index::_leetcode_leeto_1_expects ... ok
[INFO] [stdout] test leetcode::lc_28::tests::test_first_index::_mississippi_issip_4_expects ... ok
[INFO] [stdout] test leetcode::lc_35::tests::test_pal_num::vec_1_2_1_expects ... ok
[INFO] [stdout] test leetcode::lc_28::tests::test_first_index::_sadbutsad_sad_0_expects ... ok
[INFO] [stdout] test leetcode::lc_35::tests::test_pal_num::vec_1_2_3_3_2_expects ... ok
[INFO] [stdout] test leetcode::lc_35::tests::test_pal_num::vec_1_3_5_6_7_4_expects ... ok
[INFO] [stdout] test leetcode::lc_35::tests::test_pal_num::vec_1_3_5_6_5_2_expects ... ok
[INFO] [stdout] test leetcode::lc_35::tests::test_pal_num::vec_2_1_0_expects ... ok
[INFO] [stdout] test leetcode::lc_35::tests::test_pal_num::vec_1_3_5_4_2_expects ... ok
[INFO] [stdout] test leetcode::lc_3::tests::test_answer ... ok
[INFO] [stdout] test leetcode::lc_35::tests::test_pal_num::vec_1_3_5_6_2_1_expects ... ok
[INFO] [stdout] test leetcode::lc_67::tests::test::_0_0_0_to_string_expects ... ok
[INFO] [stdout] test leetcode::lc_9::tests::test_pal_num::_121_true_expects ... ok
[INFO] [stdout] test leetcode::lc_9::tests::test_pal_num::_10_false_expects ... ok
[INFO] [stdout] test leetcode::lc_67::tests::test::_0_1_1_to_string_expects ... ok
[INFO] [stdout] test leetcode::lc_67::tests::test::_1010_1011_10101_to_string_expects ... ok
[INFO] [stdout] test leetcode::lc_6::tests::test_answer ... ok
[INFO] [stdout] test leetcode::lc_67::tests::test::_11_1_100_to_string_expects ... ok
[INFO] [stdout] test leetcode::lc_9::tests::test_pal_num::_121_false_expects ... ok
[INFO] [stdout] test advent_of_code::day_9::tests::test_p_2::test_p_2 ... ok
[INFO] [stdout] 
[INFO] [stdout] failures:
[INFO] [stdout] 
[INFO] [stdout] ---- advent_of_code::day_1::tests::test_1p2 stdout ----
[INFO] [stdout] thread 'advent_of_code::day_1::tests::test_1p2' panicked at src/advent_of_code/day_1.rs:60:85:
[INFO] [stdout] called `Result::unwrap()` on an `Err` value: Os { code: 2, kind: NotFound, message: "No such file or directory" }
[INFO] [stdout] stack backtrace:
[INFO] [stdout]    0:     0x55606fe3bf8c - std::backtrace_rs::backtrace::libunwind::trace::ha637c64ce894333a
[INFO] [stdout]                                at /rustc/82e1608dfa6e0b5569232559e3d385fea5a93112/library/std/src/../../backtrace/src/backtrace/libunwind.rs:104:5
[INFO] [stdout]    1:     0x55606fe3bf8c - std::backtrace_rs::backtrace::trace_unsynchronized::h47f62dea28e0c88d
[INFO] [stdout]                                at /rustc/82e1608dfa6e0b5569232559e3d385fea5a93112/library/std/src/../../backtrace/src/backtrace/mod.rs:66:5
[INFO] [stdout]    2:     0x55606fe3bf8c - std::sys_common::backtrace::_print_fmt::h9eef0abe20ede486
[INFO] [stdout]                                at /rustc/82e1608dfa6e0b5569232559e3d385fea5a93112/library/std/src/sys_common/backtrace.rs:67:5
[INFO] [stdout]    3:     0x55606fe3bf8c - <std::sys_common::backtrace::_print::DisplayBacktrace as core::fmt::Display>::fmt::hed7f999df88cc644
[INFO] [stdout]                                at /rustc/82e1608dfa6e0b5569232559e3d385fea5a93112/library/std/src/sys_common/backtrace.rs:44:22
[INFO] [stdout]    4:     0x55606fe65fb0 - core::fmt::rt::Argument::fmt::h1539a9308b8d058d
[INFO] [stdout]                                at /rustc/82e1608dfa6e0b5569232559e3d385fea5a93112/library/core/src/fmt/rt.rs:142:9
[INFO] [stdout]    5:     0x55606fe65fb0 - core::fmt::write::h3a39390d8560d9c9
[INFO] [stdout]                                at /rustc/82e1608dfa6e0b5569232559e3d385fea5a93112/library/core/src/fmt/mod.rs:1120:17
[INFO] [stdout]    6:     0x55606fe3993f - std::io::Write::write_fmt::h040b369f3a0f9cbc
[INFO] [stdout]                                at /rustc/82e1608dfa6e0b5569232559e3d385fea5a93112/library/std/src/io/mod.rs:1762:15
[INFO] [stdout]    7:     0x55606fe3bd74 - std::sys_common::backtrace::_print::h894006fb5c6f3d45
[INFO] [stdout]                                at /rustc/82e1608dfa6e0b5569232559e3d385fea5a93112/library/std/src/sys_common/backtrace.rs:47:5
[INFO] [stdout]    8:     0x55606fe3bd74 - std::sys_common::backtrace::print::h23a2d212c6fff936
[INFO] [stdout]                                at /rustc/82e1608dfa6e0b5569232559e3d385fea5a93112/library/std/src/sys_common/backtrace.rs:34:9
[INFO] [stdout]    9:     0x55606fe3da37 - std::panicking::default_hook::{{closure}}::h8a1d2ee00185001a
[INFO] [stdout]   10:     0x55606fe3d723 - std::panicking::default_hook::h6038f2eba384e475
[INFO] [stdout]                                at /rustc/82e1608dfa6e0b5569232559e3d385fea5a93112/library/std/src/panicking.rs:289:9
[INFO] [stdout]   11:     0x55606fc3a507 - <alloc::boxed::Box<F,A> as core::ops::function::Fn<Args>>::call::h0ad024c9bdc6d768
[INFO] [stdout]                                at /rustc/82e1608dfa6e0b5569232559e3d385fea5a93112/library/alloc/src/boxed.rs:2021:9
[INFO] [stdout]   12:     0x55606fc3a507 - test::test_main::{{closure}}::h7500b54257359db6
[INFO] [stdout]                                at /rustc/82e1608dfa6e0b5569232559e3d385fea5a93112/library/test/src/lib.rs:138:21
[INFO] [stdout]   13:     0x55606fe3e048 - <alloc::boxed::Box<F,A> as core::ops::function::Fn<Args>>::call::h1f8f335eaa9cfaee
[INFO] [stdout]                                at /rustc/82e1608dfa6e0b5569232559e3d385fea5a93112/library/alloc/src/boxed.rs:2021:9
[INFO] [stdout]   14:     0x55606fe3e048 - std::panicking::rust_panic_with_hook::h2b5517d590cab22e
[INFO] [stdout]                                at /rustc/82e1608dfa6e0b5569232559e3d385fea5a93112/library/std/src/panicking.rs:783:13
[INFO] [stdout]   15:     0x55606fe3dd9e - std::panicking::begin_panic_handler::{{closure}}::h233112c06e0ef43e
[INFO] [stdout]                                at /rustc/82e1608dfa6e0b5569232559e3d385fea5a93112/library/std/src/panicking.rs:657:13
[INFO] [stdout]   16:     0x55606fe3c456 - std::sys_common::backtrace::__rust_end_short_backtrace::h6e893f24d7ebbff8
[INFO] [stdout]                                at /rustc/82e1608dfa6e0b5569232559e3d385fea5a93112/library/std/src/sys_common/backtrace.rs:170:18
[INFO] [stdout]   17:     0x55606fe3db02 - rust_begin_unwind
[INFO] [stdout]                                at /rustc/82e1608dfa6e0b5569232559e3d385fea5a93112/library/std/src/panicking.rs:645:5
[INFO] [stdout]   18:     0x55606fbc12a5 - core::panicking::panic_fmt::hbf0e066aabfa482c
[INFO] [stdout]                                at /rustc/82e1608dfa6e0b5569232559e3d385fea5a93112/library/core/src/panicking.rs:72:14
[INFO] [stdout]   19:     0x55606fbc1873 - core::result::unwrap_failed::hddb4fea594200c52
[INFO] [stdout]                                at /rustc/82e1608dfa6e0b5569232559e3d385fea5a93112/library/core/src/result.rs:1653:5
[INFO] [stdout]   20:     0x55606fbfd6ec - core::result::Result<T,E>::unwrap::hf07ec1da39674ef9
[INFO] [stdout]                                at /rustc/82e1608dfa6e0b5569232559e3d385fea5a93112/library/core/src/result.rs:1077:23
[INFO] [stdout]   21:     0x55606fbf593d - advent_of_code::advent_of_code::day_1::tests::test_1p2::h305bc4789e3f78d1
[INFO] [stdout]                                at /opt/rustwide/workdir/src/advent_of_code/day_1.rs:60:13
[INFO] [stdout]   22:     0x55606fbf58e7 - advent_of_code::advent_of_code::day_1::tests::test_1p2::{{closure}}::h3aace2ef6cbad95c
[INFO] [stdout]                                at /opt/rustwide/workdir/src/advent_of_code/day_1.rs:58:18
[INFO] [stdout]   23:     0x55606fbea586 - core::ops::function::FnOnce::call_once::h31d15f7bdbc8c3cc
[INFO] [stdout]                                at /rustc/82e1608dfa6e0b5569232559e3d385fea5a93112/library/core/src/ops/function.rs:250:5
[INFO] [stdout]   24:     0x55606fc3fb5f - core::ops::function::FnOnce::call_once::h2b5d431d5046312d
[INFO] [stdout]                                at /rustc/82e1608dfa6e0b5569232559e3d385fea5a93112/library/core/src/ops/function.rs:250:5
[INFO] [stdout]   25:     0x55606fc3fb5f - test::__rust_begin_short_backtrace::h7714669af176e207
[INFO] [stdout]                                at /rustc/82e1608dfa6e0b5569232559e3d385fea5a93112/library/test/src/lib.rs:628:18
[INFO] [stdout]   26:     0x55606fc3eb75 - test::run_test_in_process::{{closure}}::h85218797dcbcec12
[INFO] [stdout]                                at /rustc/82e1608dfa6e0b5569232559e3d385fea5a93112/library/test/src/lib.rs:651:60
[INFO] [stdout]   27:     0x55606fc3eb75 - <core::panic::unwind_safe::AssertUnwindSafe<F> as core::ops::function::FnOnce<()>>::call_once::h76c106ea31c14d7b
[INFO] [stdout]                                at /rustc/82e1608dfa6e0b5569232559e3d385fea5a93112/library/core/src/panic/unwind_safe.rs:272:9
[INFO] [stdout]   28:     0x55606fc3eb75 - std::panicking::try::do_call::h3bd5d0f6620ee946
[INFO] [stdout]                                at /rustc/82e1608dfa6e0b5569232559e3d385fea5a93112/library/std/src/panicking.rs:552:40
[INFO] [stdout]   29:     0x55606fc3eb75 - std::panicking::try::h232e535e4744fe31
[INFO] [stdout]                                at /rustc/82e1608dfa6e0b5569232559e3d385fea5a93112/library/std/src/panicking.rs:516:19
[INFO] [stdout]   30:     0x55606fc3eb75 - std::panic::catch_unwind::h3ce3bd6ca8dbac68
[INFO] [stdout]                                at /rustc/82e1608dfa6e0b5569232559e3d385fea5a93112/library/std/src/panic.rs:142:14
[INFO] [stdout]   31:     0x55606fc3eb75 - test::run_test_in_process::hc97b257c9621286a
[INFO] [stdout]                                at /rustc/82e1608dfa6e0b5569232559e3d385fea5a93112/library/test/src/lib.rs:651:27
[INFO] [stdout]   32:     0x55606fc3eb75 - test::run_test::{{closure}}::h2aa798823a438d38
[INFO] [stdout]                                at /rustc/82e1608dfa6e0b5569232559e3d385fea5a93112/library/test/src/lib.rs:574:43
[INFO] [stdout]   33:     0x55606fc06e36 - test::run_test::{{closure}}::h87d231c78fb59832
[INFO] [stdout]                                at /rustc/82e1608dfa6e0b5569232559e3d385fea5a93112/library/test/src/lib.rs:602:41
[INFO] [stdout]   34:     0x55606fc06e36 - std::sys_common::backtrace::__rust_begin_short_backtrace::he6df152596625789
[INFO] [stdout]                                at /rustc/82e1608dfa6e0b5569232559e3d385fea5a93112/library/std/src/sys_common/backtrace.rs:154:18
[INFO] [stdout]   35:     0x55606fc0bee7 - std::thread::Builder::spawn_unchecked_::{{closure}}::{{closure}}::ha94be15d1e0acf36
[INFO] [stdout]                                at /rustc/82e1608dfa6e0b5569232559e3d385fea5a93112/library/std/src/thread/mod.rs:529:17
[INFO] [stdout]   36:     0x55606fc0bee7 - <core::panic::unwind_safe::AssertUnwindSafe<F> as core::ops::function::FnOnce<()>>::call_once::h9dc6bd6372f16606
[INFO] [stdout]                                at /rustc/82e1608dfa6e0b5569232559e3d385fea5a93112/library/core/src/panic/unwind_safe.rs:272:9
[INFO] [stdout]   37:     0x55606fc0bee7 - std::panicking::try::do_call::h9057517f80303cd4
[INFO] [stdout]                                at /rustc/82e1608dfa6e0b5569232559e3d385fea5a93112/library/std/src/panicking.rs:552:40
[INFO] [stdout]   38:     0x55606fc0bee7 - std::panicking::try::he3a30b11ee45340c
[INFO] [stdout]                                at /rustc/82e1608dfa6e0b5569232559e3d385fea5a93112/library/std/src/panicking.rs:516:19
[INFO] [stdout]   39:     0x55606fc0bee7 - std::panic::catch_unwind::h410458cfd3528b8b
[INFO] [stdout]                                at /rustc/82e1608dfa6e0b5569232559e3d385fea5a93112/library/std/src/panic.rs:142:14
[INFO] [stdout]   40:     0x55606fc0bee7 - std::thread::Builder::spawn_unchecked_::{{closure}}::h72ac3bdb567b737b
[INFO] [stdout]                                at /rustc/82e1608dfa6e0b5569232559e3d385fea5a93112/library/std/src/thread/mod.rs:528:30
[INFO] [stdout]   41:     0x55606fc0bee7 - core::ops::function::FnOnce::call_once{{vtable.shim}}::h38f34da3654a8344
[INFO] [stdout]                                at /rustc/82e1608dfa6e0b5569232559e3d385fea5a93112/library/core/src/ops/function.rs:250:5
[INFO] [stdout]   42:     0x55606fe42ad5 - <alloc::boxed::Box<F,A> as core::ops::function::FnOnce<Args>>::call_once::hc7eafaff61e32df9
[INFO] [stdout]                                at /rustc/82e1608dfa6e0b5569232559e3d385fea5a93112/library/alloc/src/boxed.rs:2007:9
[INFO] [stdout]   43:     0x55606fe42ad5 - <alloc::boxed::Box<F,A> as core::ops::function::FnOnce<Args>>::call_once::h6ba4a5de48dd2304
[INFO] [stdout]                                at /rustc/82e1608dfa6e0b5569232559e3d385fea5a93112/library/alloc/src/boxed.rs:2007:9
[INFO] [stdout]   44:     0x55606fe42ad5 - std::sys::unix::thread::Thread::new::thread_start::he469335aef763e45
[INFO] [stdout]                                at /rustc/82e1608dfa6e0b5569232559e3d385fea5a93112/library/std/src/sys/unix/thread.rs:108:17
[INFO] [stdout]   45:     0x7fa91e7e8ac3 - <unknown>
[INFO] [stdout]   46:     0x7fa91e879bf4 - __clone
[INFO] [stdout]   47:                0x0 - <unknown>
[INFO] [stdout] 
[INFO] [stdout] ---- advent_of_code::day_1::tests::solution_1p1 stdout ----
[INFO] [stdout] thread 'advent_of_code::day_1::tests::solution_1p1' panicked at src/advent_of_code/day_1.rs:47:85:
[INFO] [stdout] called `Result::unwrap()` on an `Err` value: Os { code: 2, kind: NotFound, message: "No such file or directory" }
[INFO] [stdout] stack backtrace:
[INFO] [stdout]    0:     0x55606fe3bf8c - std::backtrace_rs::backtrace::libunwind::trace::ha637c64ce894333a
[INFO] [stdout]                                at /rustc/82e1608dfa6e0b5569232559e3d385fea5a93112/library/std/src/../../backtrace/src/backtrace/libunwind.rs:104:5
[INFO] [stdout]    1:     0x55606fe3bf8c - std::backtrace_rs::backtrace::trace_unsynchronized::h47f62dea28e0c88d
[INFO] [stdout]                                at /rustc/82e1608dfa6e0b5569232559e3d385fea5a93112/library/std/src/../../backtrace/src/backtrace/mod.rs:66:5
[INFO] [stdout]    2:     0x55606fe3bf8c - std::sys_common::backtrace::_print_fmt::h9eef0abe20ede486
[INFO] [stdout]                                at /rustc/82e1608dfa6e0b5569232559e3d385fea5a93112/library/std/src/sys_common/backtrace.rs:67:5
[INFO] [stdout]    3:     0x55606fe3bf8c - <std::sys_common::backtrace::_print::DisplayBacktrace as core::fmt::Display>::fmt::hed7f999df88cc644
[INFO] [stdout]                                at /rustc/82e1608dfa6e0b5569232559e3d385fea5a93112/library/std/src/sys_common/backtrace.rs:44:22
[INFO] [stdout]    4:     0x55606fe65fb0 - core::fmt::rt::Argument::fmt::h1539a9308b8d058d
[INFO] [stdout]                                at /rustc/82e1608dfa6e0b5569232559e3d385fea5a93112/library/core/src/fmt/rt.rs:142:9
[INFO] [stdout]    5:     0x55606fe65fb0 - core::fmt::write::h3a39390d8560d9c9
[INFO] [stdout]                                at /rustc/82e1608dfa6e0b5569232559e3d385fea5a93112/library/core/src/fmt/mod.rs:1120:17
[INFO] [stdout]    6:     0x55606fe3993f - std::io::Write::write_fmt::h040b369f3a0f9cbc
[INFO] [stdout]                                at /rustc/82e1608dfa6e0b5569232559e3d385fea5a93112/library/std/src/io/mod.rs:1762:15
[INFO] [stdout]    7:     0x55606fe3bd74 - std::sys_common::backtrace::_print::h894006fb5c6f3d45
[INFO] [stdout]                                at /rustc/82e1608dfa6e0b5569232559e3d385fea5a93112/library/std/src/sys_common/backtrace.rs:47:5
[INFO] [stdout]    8:     0x55606fe3bd74 - std::sys_common::backtrace::print::h23a2d212c6fff936
[INFO] [stdout]                                at /rustc/82e1608dfa6e0b5569232559e3d385fea5a93112/library/std/src/sys_common/backtrace.rs:34:9
[INFO] [stdout]    9:     0x55606fe3da37 - std::panicking::default_hook::{{closure}}::h8a1d2ee00185001a
[INFO] [stdout]   10:     0x55606fe3d723 - std::panicking::default_hook::h6038f2eba384e475
[INFO] [stdout]                                at /rustc/82e1608dfa6e0b5569232559e3d385fea5a93112/library/std/src/panicking.rs:289:9
[INFO] [stdout]   11:     0x55606fc3a507 - <alloc::boxed::Box<F,A> as core::ops::function::Fn<Args>>::call::h0ad024c9bdc6d768
[INFO] [stdout]                                at /rustc/82e1608dfa6e0b5569232559e3d385fea5a93112/library/alloc/src/boxed.rs:2021:9
[INFO] [stdout]   12:     0x55606fc3a507 - test::test_main::{{closure}}::h7500b54257359db6
[INFO] [stdout]                                at /rustc/82e1608dfa6e0b5569232559e3d385fea5a93112/library/test/src/lib.rs:138:21
[INFO] [stdout]   13:     0x55606fe3e048 - <alloc::boxed::Box<F,A> as core::ops::function::Fn<Args>>::call::h1f8f335eaa9cfaee
[INFO] [stdout]                                at /rustc/82e1608dfa6e0b5569232559e3d385fea5a93112/library/alloc/src/boxed.rs:2021:9
[INFO] [stdout]   14:     0x55606fe3e048 - std::panicking::rust_panic_with_hook::h2b5517d590cab22e
[INFO] [stdout]                                at /rustc/82e1608dfa6e0b5569232559e3d385fea5a93112/library/std/src/panicking.rs:783:13
[INFO] [stdout]   15:     0x55606fe3dd9e - std::panicking::begin_panic_handler::{{closure}}::h233112c06e0ef43e
[INFO] [stdout]                                at /rustc/82e1608dfa6e0b5569232559e3d385fea5a93112/library/std/src/panicking.rs:657:13
[INFO] [stdout]   16:     0x55606fe3c456 - std::sys_common::backtrace::__rust_end_short_backtrace::h6e893f24d7ebbff8
[INFO] [stdout]                                at /rustc/82e1608dfa6e0b5569232559e3d385fea5a93112/library/std/src/sys_common/backtrace.rs:170:18
[INFO] [stdout]   17:     0x55606fe3db02 - rust_begin_unwind
[INFO] [stdout]                                at /rustc/82e1608dfa6e0b5569232559e3d385fea5a93112/library/std/src/panicking.rs:645:5
[INFO] [stdout]   18:     0x55606fbc12a5 - core::panicking::panic_fmt::hbf0e066aabfa482c
[INFO] [stdout]                                at /rustc/82e1608dfa6e0b5569232559e3d385fea5a93112/library/core/src/panicking.rs:72:14
[INFO] [stdout]   19:     0x55606fbc1873 - core::result::unwrap_failed::hddb4fea594200c52
[INFO] [stdout]                                at /rustc/82e1608dfa6e0b5569232559e3d385fea5a93112/library/core/src/result.rs:1653:5
[INFO] [stdout]   20:     0x55606fbfd6ec - core::result::Result<T,E>::unwrap::hf07ec1da39674ef9
[INFO] [stdout]                                at /rustc/82e1608dfa6e0b5569232559e3d385fea5a93112/library/core/src/result.rs:1077:23
[INFO] [stdout]   21:     0x55606fbf56cd - advent_of_code::advent_of_code::day_1::tests::solution_1p1::hcd39356a605096eb
[INFO] [stdout]                                at /opt/rustwide/workdir/src/advent_of_code/day_1.rs:47:13
[INFO] [stdout]   22:     0x55606fbf5677 - advent_of_code::advent_of_code::day_1::tests::solution_1p1::{{closure}}::h34569d8341e195c6
[INFO] [stdout]                                at /opt/rustwide/workdir/src/advent_of_code/day_1.rs:45:22
[INFO] [stdout]   23:     0x55606fbea466 - core::ops::function::FnOnce::call_once::h2b7799d4068133bb
[INFO] [stdout]                                at /rustc/82e1608dfa6e0b5569232559e3d385fea5a93112/library/core/src/ops/function.rs:250:5
[INFO] [stdout]   24:     0x55606fc3fb5f - core::ops::function::FnOnce::call_once::h2b5d431d5046312d
[INFO] [stdout]                                at /rustc/82e1608dfa6e0b5569232559e3d385fea5a93112/library/core/src/ops/function.rs:250:5
[INFO] [stdout]   25:     0x55606fc3fb5f - test::__rust_begin_short_backtrace::h7714669af176e207
[INFO] [stdout]                                at /rustc/82e1608dfa6e0b5569232559e3d385fea5a93112/library/test/src/lib.rs:628:18
[INFO] [stdout]   26:     0x55606fc3eb75 - test::run_test_in_process::{{closure}}::h85218797dcbcec12
[INFO] [stdout]                                at /rustc/82e1608dfa6e0b5569232559e3d385fea5a93112/library/test/src/lib.rs:651:60
[INFO] [stdout]   27:     0x55606fc3eb75 - <core::panic::unwind_safe::AssertUnwindSafe<F> as core::ops::function::FnOnce<()>>::call_once::h76c106ea31c14d7b
[INFO] [stdout]                                at /rustc/82e1608dfa6e0b5569232559e3d385fea5a93112/library/core/src/panic/unwind_safe.rs:272:9
[INFO] [stdout]   28:     0x55606fc3eb75 - std::panicking::try::do_call::h3bd5d0f6620ee946
[INFO] [stdout]                                at /rustc/82e1608dfa6e0b5569232559e3d385fea5a93112/library/std/src/panicking.rs:552:40
[INFO] [stdout]   29:     0x55606fc3eb75 - std::panicking::try::h232e535e4744fe31
[INFO] [stdout]                                at /rustc/82e1608dfa6e0b5569232559e3d385fea5a93112/library/std/src/panicking.rs:516:19
[INFO] [stdout]   30:     0x55606fc3eb75 - std::panic::catch_unwind::h3ce3bd6ca8dbac68
[INFO] [stdout]                                at /rustc/82e1608dfa6e0b5569232559e3d385fea5a93112/library/std/src/panic.rs:142:14
[INFO] [stdout]   31:     0x55606fc3eb75 - test::run_test_in_process::hc97b257c9621286a
[INFO] [stdout]                                at /rustc/82e1608dfa6e0b5569232559e3d385fea5a93112/library/test/src/lib.rs:651:27
[INFO] [stdout]   32:     0x55606fc3eb75 - test::run_test::{{closure}}::h2aa798823a438d38
[INFO] [stdout]                                at /rustc/82e1608dfa6e0b5569232559e3d385fea5a93112/library/test/src/lib.rs:574:43
[INFO] [stdout]   33:     0x55606fc06e36 - test::run_test::{{closure}}::h87d231c78fb59832
[INFO] [stdout]                                at /rustc/82e1608dfa6e0b5569232559e3d385fea5a93112/library/test/src/lib.rs:602:41
[INFO] [stdout]   34:     0x55606fc06e36 - std::sys_common::backtrace::__rust_begin_short_backtrace::he6df152596625789
[INFO] [stdout]                                at /rustc/82e1608dfa6e0b5569232559e3d385fea5a93112/library/std/src/sys_common/backtrace.rs:154:18
[INFO] [stdout]   35:     0x55606fc0bee7 - std::thread::Builder::spawn_unchecked_::{{closure}}::{{closure}}::ha94be15d1e0acf36
[INFO] [stdout]                                at /rustc/82e1608dfa6e0b5569232559e3d385fea5a93112/library/std/src/thread/mod.rs:529:17
[INFO] [stdout]   36:     0x55606fc0bee7 - <core::panic::unwind_safe::AssertUnwindSafe<F> as core::ops::function::FnOnce<()>>::call_once::h9dc6bd6372f16606
[INFO] [stdout]                                at /rustc/82e1608dfa6e0b5569232559e3d385fea5a93112/library/core/src/panic/unwind_safe.rs:272:9
[INFO] [stdout]   37:     0x55606fc0bee7 - std::panicking::try::do_call::h9057517f80303cd4
[INFO] [stdout]                                at /rustc/82e1608dfa6e0b5569232559e3d385fea5a93112/library/std/src/panicking.rs:552:40
[INFO] [stdout]   38:     0x55606fc0bee7 - std::panicking::try::he3a30b11ee45340c
[INFO] [stdout]                                at /rustc/82e1608dfa6e0b5569232559e3d385fea5a93112/library/std/src/panicking.rs:516:19
[INFO] [stdout]   39:     0x55606fc0bee7 - std::panic::catch_unwind::h410458cfd3528b8b
[INFO] [stdout]                                at /rustc/82e1608dfa6e0b5569232559e3d385fea5a93112/library/std/src/panic.rs:142:14
[INFO] [stdout]   40:     0x55606fc0bee7 - std::thread::Builder::spawn_unchecked_::{{closure}}::h72ac3bdb567b737b
[INFO] [stdout]                                at /rustc/82e1608dfa6e0b5569232559e3d385fea5a93112/library/std/src/thread/mod.rs:528:30
[INFO] [stdout]   41:     0x55606fc0bee7 - core::ops::function::FnOnce::call_once{{vtable.shim}}::h38f34da3654a8344
[INFO] [stdout]                                at /rustc/82e1608dfa6e0b5569232559e3d385fea5a93112/library/core/src/ops/function.rs:250:5
[INFO] [stdout]   42:     0x55606fe42ad5 - <alloc::boxed::Box<F,A> as core::ops::function::FnOnce<Args>>::call_once::hc7eafaff61e32df9
[INFO] [stdout]                                at /rustc/82e1608dfa6e0b5569232559e3d385fea5a93112/library/alloc/src/boxed.rs:2007:9
[INFO] [stdout]   43:     0x55606fe42ad5 - <alloc::boxed::Box<F,A> as core::ops::function::FnOnce<Args>>::call_once::h6ba4a5de48dd2304
[INFO] [stdout]                                at /rustc/82e1608dfa6e0b5569232559e3d385fea5a93112/library/alloc/src/boxed.rs:2007:9
[INFO] [stdout]   44:     0x55606fe42ad5 - std::sys::unix::thread::Thread::new::thread_start::he469335aef763e45
[INFO] [stdout]                                at /rustc/82e1608dfa6e0b5569232559e3d385fea5a93112/library/std/src/sys/unix/thread.rs:108:17
[INFO] [stdout]   45:     0x7fa91e7e8ac3 - <unknown>
[INFO] [stdout]   46:     0x7fa91e879bf4 - __clone
[INFO] [stdout]   47:                0x0 - <unknown>
[INFO] [stdout] 
[INFO] [stdout] ---- advent_of_code::day_5::tests::test_p_2 stdout ----
[INFO] [stdout] thread 'advent_of_code::day_5::tests::test_p_2' panicked at src/advent_of_code/day_5.rs:27:66:
[INFO] [stdout] called `Option::unwrap()` on a `None` value
[INFO] [stdout] stack backtrace:
[INFO] [stdout]    0:     0x55606fe3bf8c - std::backtrace_rs::backtrace::libunwind::trace::ha637c64ce894333a
[INFO] [stdout]                                at /rustc/82e1608dfa6e0b5569232559e3d385fea5a93112/library/std/src/../../backtrace/src/backtrace/libunwind.rs:104:5
[INFO] [stdout]    1:     0x55606fe3bf8c - std::backtrace_rs::backtrace::trace_unsynchronized::h47f62dea28e0c88d
[INFO] [stdout]                                at /rustc/82e1608dfa6e0b5569232559e3d385fea5a93112/library/std/src/../../backtrace/src/backtrace/mod.rs:66:5
[INFO] [stdout]    2:     0x55606fe3bf8c - std::sys_common::backtrace::_print_fmt::h9eef0abe20ede486
[INFO] [stdout]                                at /rustc/82e1608dfa6e0b5569232559e3d385fea5a93112/library/std/src/sys_common/backtrace.rs:67:5
[INFO] [stdout]    3:     0x55606fe3bf8c - <std::sys_common::backtrace::_print::DisplayBacktrace as core::fmt::Display>::fmt::hed7f999df88cc644
[INFO] [stdout]                                at /rustc/82e1608dfa6e0b5569232559e3d385fea5a93112/library/std/src/sys_common/backtrace.rs:44:22
[INFO] [stdout]    4:     0x55606fe65fb0 - core::fmt::rt::Argument::fmt::h1539a9308b8d058d
[INFO] [stdout]                                at /rustc/82e1608dfa6e0b5569232559e3d385fea5a93112/library/core/src/fmt/rt.rs:142:9
[INFO] [stdout]    5:     0x55606fe65fb0 - core::fmt::write::h3a39390d8560d9c9
[INFO] [stdout]                                at /rustc/82e1608dfa6e0b5569232559e3d385fea5a93112/library/core/src/fmt/mod.rs:1120:17
[INFO] [stdout]    6:     0x55606fe3993f - std::io::Write::write_fmt::h040b369f3a0f9cbc
[INFO] [stdout]                                at /rustc/82e1608dfa6e0b5569232559e3d385fea5a93112/library/std/src/io/mod.rs:1762:15
[INFO] [stdout]    7:     0x55606fe3bd74 - std::sys_common::backtrace::_print::h894006fb5c6f3d45
[INFO] [stdout]                                at /rustc/82e1608dfa6e0b5569232559e3d385fea5a93112/library/std/src/sys_common/backtrace.rs:47:5
[INFO] [stdout]    8:     0x55606fe3bd74 - std::sys_common::backtrace::print::h23a2d212c6fff936
[INFO] [stdout]                                at /rustc/82e1608dfa6e0b5569232559e3d385fea5a93112/library/std/src/sys_common/backtrace.rs:34:9
[INFO] [stdout]    9:     0x55606fe3da37 - std::panicking::default_hook::{{closure}}::h8a1d2ee00185001a
[INFO] [stdout]   10:     0x55606fe3d723 - std::panicking::default_hook::h6038f2eba384e475
[INFO] [stdout]                                at /rustc/82e1608dfa6e0b5569232559e3d385fea5a93112/library/std/src/panicking.rs:289:9
[INFO] [stdout]   11:     0x55606fc3a507 - <alloc::boxed::Box<F,A> as core::ops::function::Fn<Args>>::call::h0ad024c9bdc6d768
[INFO] [stdout]                                at /rustc/82e1608dfa6e0b5569232559e3d385fea5a93112/library/alloc/src/boxed.rs:2021:9
[INFO] [stdout]   12:     0x55606fc3a507 - test::test_main::{{closure}}::h7500b54257359db6
[INFO] [stdout]                                at /rustc/82e1608dfa6e0b5569232559e3d385fea5a93112/library/test/src/lib.rs:138:21
[INFO] [stdout]   13:     0x55606fe3e048 - <alloc::boxed::Box<F,A> as core::ops::function::Fn<Args>>::call::h1f8f335eaa9cfaee
[INFO] [stdout]                                at /rustc/82e1608dfa6e0b5569232559e3d385fea5a93112/library/alloc/src/boxed.rs:2021:9
[INFO] [stdout]   14:     0x55606fe3e048 - std::panicking::rust_panic_with_hook::h2b5517d590cab22e
[INFO] [stdout]                                at /rustc/82e1608dfa6e0b5569232559e3d385fea5a93112/library/std/src/panicking.rs:783:13
[INFO] [stdout]   15:     0x55606fe3dd69 - std::panicking::begin_panic_handler::{{closure}}::h233112c06e0ef43e
[INFO] [stdout]                                at /rustc/82e1608dfa6e0b5569232559e3d385fea5a93112/library/std/src/panicking.rs:649:13
[INFO] [stdout]   16:     0x55606fe3c456 - std::sys_common::backtrace::__rust_end_short_backtrace::h6e893f24d7ebbff8
[INFO] [stdout]                                at /rustc/82e1608dfa6e0b5569232559e3d385fea5a93112/library/std/src/sys_common/backtrace.rs:170:18
[INFO] [stdout]   17:     0x55606fe3db02 - rust_begin_unwind
[INFO] [stdout]                                at /rustc/82e1608dfa6e0b5569232559e3d385fea5a93112/library/std/src/panicking.rs:645:5
[INFO] [stdout]   18:     0x55606fbc12a5 - core::panicking::panic_fmt::hbf0e066aabfa482c
[INFO] [stdout]                                at /rustc/82e1608dfa6e0b5569232559e3d385fea5a93112/library/core/src/panicking.rs:72:14
[INFO] [stdout]   19:     0x55606fbc1343 - core::panicking::panic::h195fc2a96298d4c3
[INFO] [stdout]                                at /rustc/82e1608dfa6e0b5569232559e3d385fea5a93112/library/core/src/panicking.rs:127:5
[INFO] [stdout]   20:     0x55606fdd3b40 - core::option::Option<T>::unwrap::hdb79095b8cc4b7de
[INFO] [stdout]                                at /rustc/82e1608dfa6e0b5569232559e3d385fea5a93112/library/core/src/option.rs:931:21
[INFO] [stdout]   21:     0x55606fbf55ee - advent_of_code::advent_of_code::day_5::read_stacks::hbef7ea958765ed51
[INFO] [stdout]                                at /opt/rustwide/workdir/src/advent_of_code/day_5.rs:27:24
[INFO] [stdout]   22:     0x55606fbee904 - advent_of_code::advent_of_code::day_5::tests::test_p_2::ha5c1cce6c4c059bc
[INFO] [stdout]                                at /opt/rustwide/workdir/src/advent_of_code/day_5.rs:62:22
[INFO] [stdout]   23:     0x55606fbee8d7 - advent_of_code::advent_of_code::day_5::tests::test_p_2::{{closure}}::h1897f9f2836a0389
[INFO] [stdout]                                at /opt/rustwide/workdir/src/advent_of_code/day_5.rs:61:18
[INFO] [stdout]   24:     0x55606fbea2a6 - core::ops::function::FnOnce::call_once::h1775a74c9225792c
[INFO] [stdout]                                at /rustc/82e1608dfa6e0b5569232559e3d385fea5a93112/library/core/src/ops/function.rs:250:5
[INFO] [stdout]   25:     0x55606fc3fb5f - core::ops::function::FnOnce::call_once::h2b5d431d5046312d
[INFO] [stdout]                                at /rustc/82e1608dfa6e0b5569232559e3d385fea5a93112/library/core/src/ops/function.rs:250:5
[INFO] [stdout]   26:     0x55606fc3fb5f - test::__rust_begin_short_backtrace::h7714669af176e207
[INFO] [stdout]                                at /rustc/82e1608dfa6e0b5569232559e3d385fea5a93112/library/test/src/lib.rs:628:18
[INFO] [stdout]   27:     0x55606fc3eb75 - test::run_test_in_process::{{closure}}::h85218797dcbcec12
[INFO] [stdout]                                at /rustc/82e1608dfa6e0b5569232559e3d385fea5a93112/library/test/src/lib.rs:651:60
[INFO] [stdout]   28:     0x55606fc3eb75 - <core::panic::unwind_safe::AssertUnwindSafe<F> as core::ops::function::FnOnce<()>>::call_once::h76c106ea31c14d7b
[INFO] [stdout]                                at /rustc/82e1608dfa6e0b5569232559e3d385fea5a93112/library/core/src/panic/unwind_safe.rs:272:9
[INFO] [stdout]   29:     0x55606fc3eb75 - std::panicking::try::do_call::h3bd5d0f6620ee946
[INFO] [stdout]                                at /rustc/82e1608dfa6e0b5569232559e3d385fea5a93112/library/std/src/panicking.rs:552:40
[INFO] [stdout]   30:     0x55606fc3eb75 - std::panicking::try::h232e535e4744fe31
[INFO] [stdout]                                at /rustc/82e1608dfa6e0b5569232559e3d385fea5a93112/library/std/src/panicking.rs:516:19
[INFO] [stdout]   31:     0x55606fc3eb75 - std::panic::catch_unwind::h3ce3bd6ca8dbac68
[INFO] [stdout]                                at /rustc/82e1608dfa6e0b5569232559e3d385fea5a93112/library/std/src/panic.rs:142:14
[INFO] [stdout]   32:     0x55606fc3eb75 - test::run_test_in_process::hc97b257c9621286a
[INFO] [stdout]                                at /rustc/82e1608dfa6e0b5569232559e3d385fea5a93112/library/test/src/lib.rs:651:27
[INFO] [stdout]   33:     0x55606fc3eb75 - test::run_test::{{closure}}::h2aa798823a438d38
[INFO] [stdout]                                at /rustc/82e1608dfa6e0b5569232559e3d385fea5a93112/library/test/src/lib.rs:574:43
[INFO] [stdout]   34:     0x55606fc06e36 - test::run_test::{{closure}}::h87d231c78fb59832
[INFO] [stdout]                                at /rustc/82e1608dfa6e0b5569232559e3d385fea5a93112/library/test/src/lib.rs:602:41
[INFO] [stdout]   35:     0x55606fc06e36 - std::sys_common::backtrace::__rust_begin_short_backtrace::he6df152596625789
[INFO] [stdout]                                at /rustc/82e1608dfa6e0b5569232559e3d385fea5a93112/library/std/src/sys_common/backtrace.rs:154:18
[INFO] [stdout]   36:     0x55606fc0bee7 - std::thread::Builder::spawn_unchecked_::{{closure}}::{{closure}}::ha94be15d1e0acf36
[INFO] [stdout]                                at /rustc/82e1608dfa6e0b5569232559e3d385fea5a93112/library/std/src/thread/mod.rs:529:17
[INFO] [stdout]   37:     0x55606fc0bee7 - <core::panic::unwind_safe::AssertUnwindSafe<F> as core::ops::function::FnOnce<()>>::call_once::h9dc6bd6372f16606
[INFO] [stdout]                                at /rustc/82e1608dfa6e0b5569232559e3d385fea5a93112/library/core/src/panic/unwind_safe.rs:272:9
[INFO] [stdout]   38:     0x55606fc0bee7 - std::panicking::try::do_call::h9057517f80303cd4
[INFO] [stdout]                                at /rustc/82e1608dfa6e0b5569232559e3d385fea5a93112/library/std/src/panicking.rs:552:40
[INFO] [stdout]   39:     0x55606fc0bee7 - std::panicking::try::he3a30b11ee45340c
[INFO] [stdout]                                at /rustc/82e1608dfa6e0b5569232559e3d385fea5a93112/library/std/src/panicking.rs:516:19
[INFO] [stdout]   40:     0x55606fc0bee7 - std::panic::catch_unwind::h410458cfd3528b8b
[INFO] [stdout]                                at /rustc/82e1608dfa6e0b5569232559e3d385fea5a93112/library/std/src/panic.rs:142:14
[INFO] [stdout]   41:     0x55606fc0bee7 - std::thread::Builder::spawn_unchecked_::{{closure}}::h72ac3bdb567b737b
[INFO] [stdout]                                at /rustc/82e1608dfa6e0b5569232559e3d385fea5a93112/library/std/src/thread/mod.rs:528:30
[INFO] [stdout]   42:     0x55606fc0bee7 - core::ops::function::FnOnce::call_once{{vtable.shim}}::h38f34da3654a8344
[INFO] [stdout]                                at /rustc/82e1608dfa6e0b5569232559e3d385fea5a93112/library/core/src/ops/function.rs:250:5
[INFO] [stdout]   43:     0x55606fe42ad5 - <alloc::boxed::Box<F,A> as core::ops::function::FnOnce<Args>>::call_once::hc7eafaff61e32df9
[INFO] [stdout]                                at /rustc/82e1608dfa6e0b5569232559e3d385fea5a93112/library/alloc/src/boxed.rs:2007:9
[INFO] [stdout]   44:     0x55606fe42ad5 - <alloc::boxed::Box<F,A> as core::ops::function::FnOnce<Args>>::call_once::h6ba4a5de48dd2304
[INFO] [stdout]                                at /rustc/82e1608dfa6e0b5569232559e3d385fea5a93112/library/alloc/src/boxed.rs:2007:9
[INFO] [stdout]   45:     0x55606fe42ad5 - std::sys::unix::thread::Thread::new::thread_start::he469335aef763e45
[INFO] [stdout]                                at /rustc/82e1608dfa6e0b5569232559e3d385fea5a93112/library/std/src/sys/unix/thread.rs:108:17
[INFO] [stdout]   46:     0x7fa91e7e8ac3 - <unknown>
[INFO] [stdout]   47:     0x7fa91e879bf4 - __clone
[INFO] [stdout]   48:                0x0 - <unknown>
[INFO] [stdout] 
[INFO] [stdout] ---- advent_of_code::day_5::tests::test_p_1 stdout ----
[INFO] [stdout] thread 'advent_of_code::day_5::tests::test_p_1' panicked at src/advent_of_code/day_5.rs:27:66:
[INFO] [stdout] called `Option::unwrap()` on a `None` value
[INFO] [stdout] stack backtrace:
[INFO] [stdout]    0:     0x55606fe3bf8c - std::backtrace_rs::backtrace::libunwind::trace::ha637c64ce894333a
[INFO] [stdout]                                at /rustc/82e1608dfa6e0b5569232559e3d385fea5a93112/library/std/src/../../backtrace/src/backtrace/libunwind.rs:104:5
[INFO] [stdout]    1:     0x55606fe3bf8c - std::backtrace_rs::backtrace::trace_unsynchronized::h47f62dea28e0c88d
[INFO] [stdout]                                at /rustc/82e1608dfa6e0b5569232559e3d385fea5a93112/library/std/src/../../backtrace/src/backtrace/mod.rs:66:5
[INFO] [stdout]    2:     0x55606fe3bf8c - std::sys_common::backtrace::_print_fmt::h9eef0abe20ede486
[INFO] [stdout]                                at /rustc/82e1608dfa6e0b5569232559e3d385fea5a93112/library/std/src/sys_common/backtrace.rs:67:5
[INFO] [stdout]    3:     0x55606fe3bf8c - <std::sys_common::backtrace::_print::DisplayBacktrace as core::fmt::Display>::fmt::hed7f999df88cc644
[INFO] [stdout]                                at /rustc/82e1608dfa6e0b5569232559e3d385fea5a93112/library/std/src/sys_common/backtrace.rs:44:22
[INFO] [stdout]    4:     0x55606fe65fb0 - core::fmt::rt::Argument::fmt::h1539a9308b8d058d
[INFO] [stdout]                                at /rustc/82e1608dfa6e0b5569232559e3d385fea5a93112/library/core/src/fmt/rt.rs:142:9
[INFO] [stdout]    5:     0x55606fe65fb0 - core::fmt::write::h3a39390d8560d9c9
[INFO] [stdout]                                at /rustc/82e1608dfa6e0b5569232559e3d385fea5a93112/library/core/src/fmt/mod.rs:1120:17
[INFO] [stdout]    6:     0x55606fe3993f - std::io::Write::write_fmt::h040b369f3a0f9cbc
[INFO] [stdout]                                at /rustc/82e1608dfa6e0b5569232559e3d385fea5a93112/library/std/src/io/mod.rs:1762:15
[INFO] [stdout]    7:     0x55606fe3bd74 - std::sys_common::backtrace::_print::h894006fb5c6f3d45
[INFO] [stdout]                                at /rustc/82e1608dfa6e0b5569232559e3d385fea5a93112/library/std/src/sys_common/backtrace.rs:47:5
[INFO] [stdout]    8:     0x55606fe3bd74 - std::sys_common::backtrace::print::h23a2d212c6fff936
[INFO] [stdout]                                at /rustc/82e1608dfa6e0b5569232559e3d385fea5a93112/library/std/src/sys_common/backtrace.rs:34:9
[INFO] [stdout]    9:     0x55606fe3da37 - std::panicking::default_hook::{{closure}}::h8a1d2ee00185001a
[INFO] [stdout]   10:     0x55606fe3d723 - std::panicking::default_hook::h6038f2eba384e475
[INFO] [stdout]                                at /rustc/82e1608dfa6e0b5569232559e3d385fea5a93112/library/std/src/panicking.rs:289:9
[INFO] [stdout]   11:     0x55606fc3a507 - <alloc::boxed::Box<F,A> as core::ops::function::Fn<Args>>::call::h0ad024c9bdc6d768
[INFO] [stdout]                                at /rustc/82e1608dfa6e0b5569232559e3d385fea5a93112/library/alloc/src/boxed.rs:2021:9
[INFO] [stdout]   12:     0x55606fc3a507 - test::test_main::{{closure}}::h7500b54257359db6
[INFO] [stdout]                                at /rustc/82e1608dfa6e0b5569232559e3d385fea5a93112/library/test/src/lib.rs:138:21
[INFO] [stdout]   13:     0x55606fe3e048 - <alloc::boxed::Box<F,A> as core::ops::function::Fn<Args>>::call::h1f8f335eaa9cfaee
[INFO] [stdout]                                at /rustc/82e1608dfa6e0b5569232559e3d385fea5a93112/library/alloc/src/boxed.rs:2021:9
[INFO] [stdout]   14:     0x55606fe3e048 - std::panicking::rust_panic_with_hook::h2b5517d590cab22e
[INFO] [stdout]                                at /rustc/82e1608dfa6e0b5569232559e3d385fea5a93112/library/std/src/panicking.rs:783:13
[INFO] [stdout]   15:     0x55606fe3dd69 - std::panicking::begin_panic_handler::{{closure}}::h233112c06e0ef43e
[INFO] [stdout]                                at /rustc/82e1608dfa6e0b5569232559e3d385fea5a93112/library/std/src/panicking.rs:649:13
[INFO] [stdout]   16:     0x55606fe3c456 - std::sys_common::backtrace::__rust_end_short_backtrace::h6e893f24d7ebbff8
[INFO] [stdout]                                at /rustc/82e1608dfa6e0b5569232559e3d385fea5a93112/library/std/src/sys_common/backtrace.rs:170:18
[INFO] [stdout]   17:     0x55606fe3db02 - rust_begin_unwind
[INFO] [stdout]                                at /rustc/82e1608dfa6e0b5569232559e3d385fea5a93112/library/std/src/panicking.rs:645:5
[INFO] [stdout]   18:     0x55606fbc12a5 - core::panicking::panic_fmt::hbf0e066aabfa482c
[INFO] [stdout]                                at /rustc/82e1608dfa6e0b5569232559e3d385fea5a93112/library/core/src/panicking.rs:72:14
[INFO] [stdout]   19:     0x55606fbc1343 - core::panicking::panic::h195fc2a96298d4c3
[INFO] [stdout]                                at /rustc/82e1608dfa6e0b5569232559e3d385fea5a93112/library/core/src/panicking.rs:127:5
[INFO] [stdout]   20:     0x55606fdd3b40 - core::option::Option<T>::unwrap::hdb79095b8cc4b7de
[INFO] [stdout]                                at /rustc/82e1608dfa6e0b5569232559e3d385fea5a93112/library/core/src/option.rs:931:21
[INFO] [stdout]   21:     0x55606fbf55ee - advent_of_code::advent_of_code::day_5::read_stacks::hbef7ea958765ed51
[INFO] [stdout]                                at /opt/rustwide/workdir/src/advent_of_code/day_5.rs:27:24
[INFO] [stdout]   22:     0x55606fbee2c4 - advent_of_code::advent_of_code::day_5::tests::test_p_1::h3804b174d8631d3c
[INFO] [stdout]                                at /opt/rustwide/workdir/src/advent_of_code/day_5.rs:45:22
[INFO] [stdout]   23:     0x55606fbee297 - advent_of_code::advent_of_code::day_5::tests::test_p_1::{{closure}}::h064901aa670657c2
[INFO] [stdout]                                at /opt/rustwide/workdir/src/advent_of_code/day_5.rs:44:18
[INFO] [stdout]   24:     0x55606fbeb156 - core::ops::function::FnOnce::call_once::hb06aa5f33bb76e24
[INFO] [stdout]                                at /rustc/82e1608dfa6e0b5569232559e3d385fea5a93112/library/core/src/ops/function.rs:250:5
[INFO] [stdout]   25:     0x55606fc3fb5f - core::ops::function::FnOnce::call_once::h2b5d431d5046312d
[INFO] [stdout]                                at /rustc/82e1608dfa6e0b5569232559e3d385fea5a93112/library/core/src/ops/function.rs:250:5
[INFO] [stdout]   26:     0x55606fc3fb5f - test::__rust_begin_short_backtrace::h7714669af176e207
[INFO] [stdout]                                at /rustc/82e1608dfa6e0b5569232559e3d385fea5a93112/library/test/src/lib.rs:628:18
[INFO] [stdout]   27:     0x55606fc3eb75 - test::run_test_in_process::{{closure}}::h85218797dcbcec12
[INFO] [stdout]                                at /rustc/82e1608dfa6e0b5569232559e3d385fea5a93112/library/test/src/lib.rs:651:60
[INFO] [stdout]   28:     0x55606fc3eb75 - <core::panic::unwind_safe::AssertUnwindSafe<F> as core::ops::function::FnOnce<()>>::call_once::h76c106ea31c14d7b
[INFO] [stdout]                                at /rustc/82e1608dfa6e0b5569232559e3d385fea5a93112/library/core/src/panic/unwind_safe.rs:272:9
[INFO] [stdout]   29:     0x55606fc3eb75 - std::panicking::try::do_call::h3bd5d0f6620ee946
[INFO] [stdout]                                at /rustc/82e1608dfa6e0b5569232559e3d385fea5a93112/library/std/src/panicking.rs:552:40
[INFO] [stdout]   30:     0x55606fc3eb75 - std::panicking::try::h232e535e4744fe31
[INFO] [stdout]                                at /rustc/82e1608dfa6e0b5569232559e3d385fea5a93112/library/std/src/panicking.rs:516:19
[INFO] [stdout]   31:     0x55606fc3eb75 - std::panic::catch_unwind::h3ce3bd6ca8dbac68
[INFO] [stdout]                                at /rustc/82e1608dfa6e0b5569232559e3d385fea5a93112/library/std/src/panic.rs:142:14
[INFO] [stdout]   32:     0x55606fc3eb75 - test::run_test_in_process::hc97b257c9621286a
[INFO] [stdout]                                at /rustc/82e1608dfa6e0b5569232559e3d385fea5a93112/library/test/src/lib.rs:651:27
[INFO] [stdout]   33:     0x55606fc3eb75 - test::run_test::{{closure}}::h2aa798823a438d38
[INFO] [stdout]                                at /rustc/82e1608dfa6e0b5569232559e3d385fea5a93112/library/test/src/lib.rs:574:43
[INFO] [stdout]   34:     0x55606fc06e36 - test::run_test::{{closure}}::h87d231c78fb59832
[INFO] [stdout]                                at /rustc/82e1608dfa6e0b5569232559e3d385fea5a93112/library/test/src/lib.rs:602:41
[INFO] [stdout]   35:     0x55606fc06e36 - std::sys_common::backtrace::__rust_begin_short_backtrace::he6df152596625789
[INFO] [stdout]                                at /rustc/82e1608dfa6e0b5569232559e3d385fea5a93112/library/std/src/sys_common/backtrace.rs:154:18
[INFO] [stdout]   36:     0x55606fc0bee7 - std::thread::Builder::spawn_unchecked_::{{closure}}::{{closure}}::ha94be15d1e0acf36
[INFO] [stdout]                                at /rustc/82e1608dfa6e0b5569232559e3d385fea5a93112/library/std/src/thread/mod.rs:529:17
[INFO] [stdout]   37:     0x55606fc0bee7 - <core::panic::unwind_safe::AssertUnwindSafe<F> as core::ops::function::FnOnce<()>>::call_once::h9dc6bd6372f16606
[INFO] [stdout]                                at /rustc/82e1608dfa6e0b5569232559e3d385fea5a93112/library/core/src/panic/unwind_safe.rs:272:9
[INFO] [stdout]   38:     0x55606fc0bee7 - std::panicking::try::do_call::h9057517f80303cd4
[INFO] [stdout]                                at /rustc/82e1608dfa6e0b5569232559e3d385fea5a93112/library/std/src/panicking.rs:552:40
[INFO] [stdout]   39:     0x55606fc0bee7 - std::panicking::try::he3a30b11ee45340c
[INFO] [stdout]                                at /rustc/82e1608dfa6e0b5569232559e3d385fea5a93112/library/std/src/panicking.rs:516:19
[INFO] [stdout]   40:     0x55606fc0bee7 - std::panic::catch_unwind::h410458cfd3528b8b
[INFO] [stdout]                                at /rustc/82e1608dfa6e0b5569232559e3d385fea5a93112/library/std/src/panic.rs:142:14
[INFO] [stdout]   41:     0x55606fc0bee7 - std::thread::Builder::spawn_unchecked_::{{closure}}::h72ac3bdb567b737b
[INFO] [stdout]                                at /rustc/82e1608dfa6e0b5569232559e3d385fea5a93112/library/std/src/thread/mod.rs:528:30
[INFO] [stdout]   42:     0x55606fc0bee7 - core::ops::function::FnOnce::call_once{{vtable.shim}}::h38f34da3654a8344
[INFO] [stdout]                                at /rustc/82e1608dfa6e0b5569232559e3d385fea5a93112/library/core/src/ops/function.rs:250:5
[INFO] [stdout]   43:     0x55606fe42ad5 - <alloc::boxed::Box<F,A> as core::ops::function::FnOnce<Args>>::call_once::hc7eafaff61e32df9
[INFO] [stdout]                                at /rustc/82e1608dfa6e0b5569232559e3d385fea5a93112/library/alloc/src/boxed.rs:2007:9
[INFO] [stdout]   44:     0x55606fe42ad5 - <alloc::boxed::Box<F,A> as core::ops::function::FnOnce<Args>>::call_once::h6ba4a5de48dd2304
[INFO] [stdout]                                at /rustc/82e1608dfa6e0b5569232559e3d385fea5a93112/library/alloc/src/boxed.rs:2007:9
[INFO] [stdout]   45:     0x55606fe42ad5 - std::sys::unix::thread::Thread::new::thread_start::he469335aef763e45
[INFO] [stdout]                                at /rustc/82e1608dfa6e0b5569232559e3d385fea5a93112/library/std/src/sys/unix/thread.rs:108:17
[INFO] [stdout]   46:     0x7fa91e7e8ac3 - <unknown>
[INFO] [stdout]   47:     0x7fa91e879bf4 - __clone
[INFO] [stdout]   48:                0x0 - <unknown>
[INFO] [stdout] 
[INFO] [stdout] 
[INFO] [stdout] failures:
[INFO] [stdout]     advent_of_code::day_1::tests::solution_1p1
[INFO] [stdout]     advent_of_code::day_1::tests::test_1p2
[INFO] [stdout]     advent_of_code::day_5::tests::test_p_1
[INFO] [stdout]     advent_of_code::day_5::tests::test_p_2
[INFO] [stdout] 
[INFO] [stdout] test result: FAILED. 68 passed; 4 failed; 0 ignored; 0 measured; 0 filtered out; finished in 0.34s
[INFO] [stdout] 
[INFO] [stderr] error: test failed, to rerun pass `--lib`
[INFO] running `Command { std: "docker" "inspect" "54f22ae9db4fa1fbb1e004caa3e68a16a9e48b7cc5b2204beeaeb9a185579f10", kill_on_drop: false }`
[INFO] running `Command { std: "docker" "rm" "-f" "54f22ae9db4fa1fbb1e004caa3e68a16a9e48b7cc5b2204beeaeb9a185579f10", kill_on_drop: false }`
[INFO] [stdout] 54f22ae9db4fa1fbb1e004caa3e68a16a9e48b7cc5b2204beeaeb9a185579f10
[INFO] testing akarsh1995/advent-of-code against beta-2023-12-22 for beta-1.76-1
[INFO] running `Command { std: "git" "clone" "/workspace/cache/git-repos/https%3A%2F%2Fgithub.com%2Fakarsh1995%2Fadvent-of-code" "/workspace/builds/worker-5-tc2/source", kill_on_drop: false }`
[INFO] [stderr] Cloning into '/workspace/builds/worker-5-tc2/source'...
[INFO] [stderr] done.
[INFO] validating manifest of git repo https://github.com/akarsh1995/advent-of-code on toolchain beta-2023-12-22
[INFO] running `Command { std: CARGO_HOME="/workspace/cargo-home" RUSTUP_HOME="/workspace/rustup-home" "/workspace/cargo-home/bin/cargo" "+beta-2023-12-22" "metadata" "--manifest-path" "Cargo.toml" "--no-deps", kill_on_drop: false }`
[INFO] started tweaking git repo https://github.com/akarsh1995/advent-of-code
[INFO] finished tweaking git repo https://github.com/akarsh1995/advent-of-code
[INFO] tweaked toml for git repo https://github.com/akarsh1995/advent-of-code written to /workspace/builds/worker-5-tc2/source/Cargo.toml
[INFO] crate git repo https://github.com/akarsh1995/advent-of-code already has a lockfile, it will not be regenerated
[INFO] running `Command { std: CARGO_HOME="/workspace/cargo-home" RUSTUP_HOME="/workspace/rustup-home" "/workspace/cargo-home/bin/cargo" "+beta-2023-12-22" "fetch" "--manifest-path" "Cargo.toml", kill_on_drop: false }`
[INFO] running `Command { std: "docker" "create" "-v" "/var/lib/crater-agent-workspace/builds/worker-5-tc2/target:/opt/rustwide/target:rw,Z" "-v" "/var/lib/crater-agent-workspace/builds/worker-5-tc2/source:/opt/rustwide/workdir:ro,Z" "-v" "/var/lib/crater-agent-workspace/cargo-home:/opt/rustwide/cargo-home:ro,Z" "-v" "/var/lib/crater-agent-workspace/rustup-home:/opt/rustwide/rustup-home:ro,Z" "-e" "SOURCE_DIR=/opt/rustwide/workdir" "-e" "CARGO_TARGET_DIR=/opt/rustwide/target" "-e" "CARGO_HOME=/opt/rustwide/cargo-home" "-e" "RUSTUP_HOME=/opt/rustwide/rustup-home" "-w" "/opt/rustwide/workdir" "-m" "1610612736" "--user" "0:0" "--network" "none" "ghcr.io/rust-lang/crates-build-env/linux@sha256:2788e3201cd34a07e3172128adcd8b3090168a8e3bcc40d7c032b9dda1df7d1c" "/opt/rustwide/cargo-home/bin/cargo" "+beta-2023-12-22" "metadata" "--no-deps" "--format-version=1", kill_on_drop: false }`
[INFO] [stdout] 30ffd230747eca98f65150754670bfeaa27640ccbbe32a3f6964bb70c18afee8
[INFO] running `Command { std: "docker" "start" "-a" "30ffd230747eca98f65150754670bfeaa27640ccbbe32a3f6964bb70c18afee8", kill_on_drop: false }`
[INFO] running `Command { std: "docker" "inspect" "30ffd230747eca98f65150754670bfeaa27640ccbbe32a3f6964bb70c18afee8", kill_on_drop: false }`
[INFO] running `Command { std: "docker" "rm" "-f" "30ffd230747eca98f65150754670bfeaa27640ccbbe32a3f6964bb70c18afee8", kill_on_drop: false }`
[INFO] [stdout] 30ffd230747eca98f65150754670bfeaa27640ccbbe32a3f6964bb70c18afee8
[INFO] running `Command { std: "docker" "create" "-v" "/var/lib/crater-agent-workspace/builds/worker-5-tc2/target:/opt/rustwide/target:rw,Z" "-v" "/var/lib/crater-agent-workspace/builds/worker-5-tc2/source:/opt/rustwide/workdir:ro,Z" "-v" "/var/lib/crater-agent-workspace/cargo-home:/opt/rustwide/cargo-home:ro,Z" "-v" "/var/lib/crater-agent-workspace/rustup-home:/opt/rustwide/rustup-home:ro,Z" "-e" "SOURCE_DIR=/opt/rustwide/workdir" "-e" "CARGO_TARGET_DIR=/opt/rustwide/target" "-e" "CARGO_INCREMENTAL=0" "-e" "RUST_BACKTRACE=full" "-e" "RUSTFLAGS=--cap-lints=warn" "-e" "RUSTDOCFLAGS=--cap-lints=warn" "-e" "CARGO_HOME=/opt/rustwide/cargo-home" "-e" "RUSTUP_HOME=/opt/rustwide/rustup-home" "-w" "/opt/rustwide/workdir" "-m" "1610612736" "--user" "0:0" "--network" "none" "ghcr.io/rust-lang/crates-build-env/linux@sha256:2788e3201cd34a07e3172128adcd8b3090168a8e3bcc40d7c032b9dda1df7d1c" "/opt/rustwide/cargo-home/bin/cargo" "+beta-2023-12-22" "build" "--frozen" "--message-format=json", kill_on_drop: false }`
[INFO] [stdout] 0707d886e8c7162f6b79283b8ce0989c6d0435124841fd147133a585916af5e6
[INFO] running `Command { std: "docker" "start" "-a" "0707d886e8c7162f6b79283b8ce0989c6d0435124841fd147133a585916af5e6", kill_on_drop: false }`
[INFO] [stderr]    Compiling regex-syntax v0.7.2
[INFO] [stderr]    Compiling either v1.8.1
[INFO] [stderr]    Compiling itertools v0.10.5
[INFO] [stderr]    Compiling regex v1.8.4
[INFO] [stderr]    Compiling advent_of_code v0.1.0 (/opt/rustwide/workdir)
[INFO] [stdout] warning: unused import: `std::fs::read_to_string`
[INFO] [stdout]  --> src/advent_of_code/day_1.rs:1:5
[INFO] [stdout]   |
[INFO] [stdout] 1 | use std::fs::read_to_string;
[INFO] [stdout]   |     ^^^^^^^^^^^^^^^^^^^^^^^
[INFO] [stdout]   |
[INFO] [stdout]   = note: `#[warn(unused_imports)]` on by default
[INFO] [stdout] 
[INFO] [stdout] 
[INFO] [stdout] warning: unused variable: `row`
[INFO] [stdout]   --> src/advent_of_code/day_5.rs:26:13
[INFO] [stdout]    |
[INFO] [stdout] 26 |         for row in 0..8 {
[INFO] [stdout]    |             ^^^ help: if this is intentional, prefix it with an underscore: `_row`
[INFO] [stdout]    |
[INFO] [stdout]    = note: `#[warn(unused_variables)]` on by default
[INFO] [stdout] 
[INFO] [stdout] 
[INFO] [stdout] warning: function `sol_1p1` is never used
[INFO] [stdout]  --> src/advent_of_code/day_1.rs:3:4
[INFO] [stdout]   |
[INFO] [stdout] 3 | fn sol_1p1(x: &str) -> u32 {
[INFO] [stdout]   |    ^^^^^^^
[INFO] [stdout]   |
[INFO] [stdout]   = note: `#[warn(dead_code)]` on by default
[INFO] [stdout] 
[INFO] [stdout] 
[INFO] [stdout] warning: function `sol_1p2` is never used
[INFO] [stdout]   --> src/advent_of_code/day_1.rs:23:4
[INFO] [stdout]    |
[INFO] [stdout] 23 | fn sol_1p2(x: &str) -> u32 {
[INFO] [stdout]    |    ^^^^^^^
[INFO] [stdout] 
[INFO] [stdout] 
[INFO] [stdout] warning: method `cycles` is never used
[INFO] [stdout]   --> src/advent_of_code/day_10.rs:12:8
[INFO] [stdout]    |
[INFO] [stdout] 11 | impl Instruction {
[INFO] [stdout]    | ---------------- method in this implementation
[INFO] [stdout] 12 |     fn cycles(&self) -> u32 {
[INFO] [stdout]    |        ^^^^^^
[INFO] [stdout] 
[INFO] [stdout] 
[INFO] [stdout] warning: associated items `new`, `decode`, `draw`, `step`, and `get_running_cycle` are never used
[INFO] [stdout]    --> src/advent_of_code/day_10.rs:57:8
[INFO] [stdout]     |
[INFO] [stdout] 56  | impl CPU {
[INFO] [stdout]     | -------- associated items in this implementation
[INFO] [stdout] 57  |     fn new(input: &str) -> Self {
[INFO] [stdout]     |        ^^^
[INFO] [stdout] ...
[INFO] [stdout] 73  |     fn decode(&mut self) {
[INFO] [stdout]     |        ^^^^^^
[INFO] [stdout] ...
[INFO] [stdout] 77  |     fn draw(&mut self) {
[INFO] [stdout]     |        ^^^^
[INFO] [stdout] ...
[INFO] [stdout] 96  |     fn step(&mut self) -> bool {
[INFO] [stdout]     |        ^^^^
[INFO] [stdout] ...
[INFO] [stdout] 116 |     fn get_running_cycle(&self) -> u32 {
[INFO] [stdout]     |        ^^^^^^^^^^^^^^^^^
[INFO] [stdout] 
[INFO] [stdout] 
[INFO] [stdout] warning: constant `DISPLAY_MASK` is never used
[INFO] [stdout]    --> src/advent_of_code/day_10.rs:121:7
[INFO] [stdout]     |
[INFO] [stdout] 121 | const DISPLAY_MASK: u64 = 0b1111111111111111111111111111111111111111;
[INFO] [stdout]     |       ^^^^^^^^^^^^
[INFO] [stdout] 
[INFO] [stdout] 
[INFO] [stdout] warning: function `cycle_mask` is never used
[INFO] [stdout]    --> src/advent_of_code/day_10.rs:123:4
[INFO] [stdout]     |
[INFO] [stdout] 123 | fn cycle_mask(cycle: u32) -> u64 {
[INFO] [stdout]     |    ^^^^^^^^^^
[INFO] [stdout] 
[INFO] [stdout] 
[INFO] [stdout] warning: function `sprite_value` is never used
[INFO] [stdout]    --> src/advent_of_code/day_10.rs:127:4
[INFO] [stdout]     |
[INFO] [stdout] 127 | fn sprite_value(pos: i32) -> u64 {
[INFO] [stdout]     |    ^^^^^^^^^^^^
[INFO] [stdout] 
[INFO] [stdout] 
[INFO] [stdout] warning: function `msb_ones` is never used
[INFO] [stdout]    --> src/advent_of_code/day_10.rs:135:4
[INFO] [stdout]     |
[INFO] [stdout] 135 | fn msb_ones(mut num: u64) -> u64 {
[INFO] [stdout]     |    ^^^^^^^^
[INFO] [stdout] 
[INFO] [stdout] 
[INFO] [stdout] warning: function `overflow_shift` is never used
[INFO] [stdout]    --> src/advent_of_code/day_10.rs:148:4
[INFO] [stdout]     |
[INFO] [stdout] 148 | fn overflow_shift(num: u64, pos: i32) -> u64 {
[INFO] [stdout]     |    ^^^^^^^^^^^^^^
[INFO] [stdout] 
[INFO] [stdout] 
[INFO] [stdout] warning: variants `Multiply`, `Add`, `Divide`, and `Subtract` are never constructed
[INFO] [stdout]   --> src/advent_of_code/day_11.rs:48:5
[INFO] [stdout]    |
[INFO] [stdout] 47 | enum Operation {
[INFO] [stdout]    |      --------- variants in this enum
[INFO] [stdout] 48 |     Multiply { value: Value },
[INFO] [stdout]    |     ^^^^^^^^
[INFO] [stdout] 49 |     Add { value: Value },
[INFO] [stdout]    |     ^^^
[INFO] [stdout] 50 |     Divide { value: Value },
[INFO] [stdout]    |     ^^^^^^
[INFO] [stdout] 51 |     Subtract { value: Value },
[INFO] [stdout]    |     ^^^^^^^^
[INFO] [stdout]    |
[INFO] [stdout]    = note: `Operation` has derived impls for the traits `Clone` and `Debug`, but these are intentionally ignored during dead code analysis
[INFO] [stdout] 
[INFO] [stdout] 
[INFO] [stdout] warning: methods `times_inspected` and `throw` are never used
[INFO] [stdout]   --> src/advent_of_code/day_11.rs:59:8
[INFO] [stdout]    |
[INFO] [stdout] 58 | impl KeepAwayGame {
[INFO] [stdout]    | ----------------- methods in this implementation
[INFO] [stdout] 59 |     fn times_inspected(&self) -> Vec<u32> {
[INFO] [stdout]    |        ^^^^^^^^^^^^^^^
[INFO] [stdout] ...
[INFO] [stdout] 63 |     fn throw(&mut self) {
[INFO] [stdout]    |        ^^^^^
[INFO] [stdout] 
[INFO] [stdout] 
[INFO] [stdout] warning: function `operate` is never used
[INFO] [stdout]    --> src/advent_of_code/day_11.rs:102:4
[INFO] [stdout]     |
[INFO] [stdout] 102 | fn operate(l: WorryLevel, operation: Operation, test: i32, if_true: u32, if_false: u32) -> (u32, i32) {
[INFO] [stdout]     |    ^^^^^^^
[INFO] [stdout] 
[INFO] [stdout] 
[INFO] [stdout] warning: associated function `parse` is never used
[INFO] [stdout]    --> src/advent_of_code/day_11.rs:168:8
[INFO] [stdout]     |
[INFO] [stdout] 167 | impl Monkey {
[INFO] [stdout]     | ----------- associated function in this implementation
[INFO] [stdout] 168 |     fn parse(values: &str) -> Self {
[INFO] [stdout]     |        ^^^^^
[INFO] [stdout] 
[INFO] [stdout] 
[INFO] [stdout] warning: struct `Input` is never constructed
[INFO] [stdout]  --> src/advent_of_code/day_2.rs:1:8
[INFO] [stdout]   |
[INFO] [stdout] 1 | struct Input<'a>(&'a str);
[INFO] [stdout]   |        ^^^^^
[INFO] [stdout] 
[INFO] [stdout] 
[INFO] [stdout] warning: method `get_move` is never used
[INFO] [stdout]  --> src/advent_of_code/day_2.rs:4:8
[INFO] [stdout]   |
[INFO] [stdout] 3 | impl<'a> Input<'a> {
[INFO] [stdout]   | ------------------ method in this implementation
[INFO] [stdout] 4 |     fn get_move(&self) -> Move {
[INFO] [stdout]   |        ^^^^^^^^
[INFO] [stdout] 
[INFO] [stdout] 
[INFO] [stdout] warning: variants `Rock`, `Paper`, and `Scissors` are never constructed
[INFO] [stdout]   --> src/advent_of_code/day_2.rs:16:5
[INFO] [stdout]    |
[INFO] [stdout] 15 | enum Move {
[INFO] [stdout]    |      ---- variants in this enum
[INFO] [stdout] 16 |     Rock,
[INFO] [stdout]    |     ^^^^
[INFO] [stdout] 17 |     Paper,
[INFO] [stdout]    |     ^^^^^
[INFO] [stdout] 18 |     Scissors,
[INFO] [stdout]    |     ^^^^^^^^
[INFO] [stdout]    |
[INFO] [stdout]    = note: `Move` has a derived impl for the trait `Clone`, but this is intentionally ignored during dead code analysis
[INFO] [stdout] 
[INFO] [stdout] 
[INFO] [stdout] warning: enum `OutCome` is never used
[INFO] [stdout]   --> src/advent_of_code/day_2.rs:21:6
[INFO] [stdout]    |
[INFO] [stdout] 21 | enum OutCome {
[INFO] [stdout]    |      ^^^^^^^
[INFO] [stdout] 
[INFO] [stdout] 
[INFO] [stdout] warning: methods `get_move_score`, `get_outcome`, and `get_win_score` are never used
[INFO] [stdout]   --> src/advent_of_code/day_2.rs:28:8
[INFO] [stdout]    |
[INFO] [stdout] 27 | impl Move {
[INFO] [stdout]    | --------- methods in this implementation
[INFO] [stdout] 28 |     fn get_move_score(&self) -> u32 {
[INFO] [stdout]    |        ^^^^^^^^^^^^^^
[INFO] [stdout] ...
[INFO] [stdout] 36 |     fn get_outcome(&self, opponents_move: &Self) -> OutCome {
[INFO] [stdout]    |        ^^^^^^^^^^^
[INFO] [stdout] ...
[INFO] [stdout] 51 |     fn get_win_score(&self, opponents_move: &Self) -> u32 {
[INFO] [stdout]    |        ^^^^^^^^^^^^^
[INFO] [stdout] 
[INFO] [stdout] 
[INFO] [stdout] warning: function `calc_total_score` is never used
[INFO] [stdout]   --> src/advent_of_code/day_2.rs:61:4
[INFO] [stdout]    |
[INFO] [stdout] 61 | fn calc_total_score<'a>(in_str: &'a str) -> u32 {
[INFO] [stdout]    |    ^^^^^^^^^^^^^^^^
[INFO] [stdout] 
[INFO] [stdout] 
[INFO] [stdout] warning: struct `Action` is never constructed
[INFO] [stdout]   --> src/advent_of_code/day_2.rs:94:8
[INFO] [stdout]    |
[INFO] [stdout] 94 | struct Action<'a>(&'a str);
[INFO] [stdout]    |        ^^^^^^
[INFO] [stdout] 
[INFO] [stdout] 
[INFO] [stdout] warning: struct `Input2` is never constructed
[INFO] [stdout]   --> src/advent_of_code/day_2.rs:96:8
[INFO] [stdout]    |
[INFO] [stdout] 96 | struct Input2<'a>(&'a str);
[INFO] [stdout]    |        ^^^^^^
[INFO] [stdout] 
[INFO] [stdout] 
[INFO] [stdout] warning: function `get_win_move` is never used
[INFO] [stdout]   --> src/advent_of_code/day_2.rs:98:4
[INFO] [stdout]    |
[INFO] [stdout] 98 | fn get_win_move(opponents_move: &Move) -> Move {
[INFO] [stdout]    |    ^^^^^^^^^^^^
[INFO] [stdout] 
[INFO] [stdout] 
[INFO] [stdout] warning: function `get_losing_move` is never used
[INFO] [stdout]    --> src/advent_of_code/day_2.rs:106:4
[INFO] [stdout]     |
[INFO] [stdout] 106 | fn get_losing_move(opponents_move: &Move) -> Move {
[INFO] [stdout]     |    ^^^^^^^^^^^^^^^
[INFO] [stdout] 
[INFO] [stdout] 
[INFO] [stdout] warning: methods `target`, `opponent_move`, `get_target_move`, and `get_score` are never used
[INFO] [stdout]    --> src/advent_of_code/day_2.rs:115:8
[INFO] [stdout]     |
[INFO] [stdout] 114 | impl<'a> Input2<'a> {
[INFO] [stdout]     | ------------------- methods in this implementation
[INFO] [stdout] 115 |     fn target(&self) -> OutCome {
[INFO] [stdout]     |        ^^^^^^
[INFO] [stdout] ...
[INFO] [stdout] 125 |     fn opponent_move(&self) -> Move {
[INFO] [stdout]     |        ^^^^^^^^^^^^^
[INFO] [stdout] ...
[INFO] [stdout] 135 |     fn get_target_move(&self) -> Move {
[INFO] [stdout]     |        ^^^^^^^^^^^^^^^
[INFO] [stdout] ...
[INFO] [stdout] 143 |     fn get_score(&self) -> u32 {
[INFO] [stdout]     |        ^^^^^^^^^
[INFO] [stdout] 
[INFO] [stdout] 
[INFO] [stdout] warning: function `get_ord_val` is never used
[INFO] [stdout]  --> src/advent_of_code/day_3.rs:2:4
[INFO] [stdout]   |
[INFO] [stdout] 2 | fn get_ord_val(s: char) -> u8 {
[INFO] [stdout]   |    ^^^^^^^^^^^
[INFO] [stdout] 
[INFO] [stdout] 
[INFO] [stdout] warning: function `get_ordval_from_string` is never used
[INFO] [stdout]   --> src/advent_of_code/day_3.rs:10:4
[INFO] [stdout]    |
[INFO] [stdout] 10 | fn get_ordval_from_string(s: &str) -> u8 {
[INFO] [stdout]    |    ^^^^^^^^^^^^^^^^^^^^^^
[INFO] [stdout] 
[INFO] [stdout] 
[INFO] [stdout] warning: function `three_lines_common` is never used
[INFO] [stdout]   --> src/advent_of_code/day_3.rs:91:4
[INFO] [stdout]    |
[INFO] [stdout] 91 | fn three_lines_common(s1: &str, s2: &str, s3: &str) -> u8 {
[INFO] [stdout]    |    ^^^^^^^^^^^^^^^^^^
[INFO] [stdout] 
[INFO] [stdout] 
[INFO] [stdout] warning: constant `INPUT` is never used
[INFO] [stdout]  --> src/advent_of_code/day_4.rs:1:7
[INFO] [stdout]   |
[INFO] [stdout] 1 | const INPUT: &'static str = include_str!("../../data/year_2022__day_4");
[INFO] [stdout]   |       ^^^^^
[INFO] [stdout] 
[INFO] [stdout] 
[INFO] [stdout] warning: fields `start` and `end` are never read
[INFO] [stdout]  --> src/advent_of_code/day_4.rs:5:5
[INFO] [stdout]   |
[INFO] [stdout] 4 | struct Range {
[INFO] [stdout]   |        ----- fields in this struct
[INFO] [stdout] 5 |     start: i32,
[INFO] [stdout]   |     ^^^^^
[INFO] [stdout] 6 |     end: i32,
[INFO] [stdout]   |     ^^^
[INFO] [stdout]   |
[INFO] [stdout]   = note: `Range` has a derived impl for the trait `Clone`, but this is intentionally ignored during dead code analysis
[INFO] [stdout] 
[INFO] [stdout] 
[INFO] [stdout] warning: associated items `contains`, `contains_partial`, and `new` are never used
[INFO] [stdout]   --> src/advent_of_code/day_4.rs:10:8
[INFO] [stdout]    |
[INFO] [stdout] 9  | impl Range {
[INFO] [stdout]    | ---------- associated items in this implementation
[INFO] [stdout] 10 |     fn contains(&self, s: Range) -> bool {
[INFO] [stdout]    |        ^^^^^^^^
[INFO] [stdout] ...
[INFO] [stdout] 14 |     fn contains_partial(&self, s: Range) -> bool {
[INFO] [stdout]    |        ^^^^^^^^^^^^^^^^
[INFO] [stdout] ...
[INFO] [stdout] 18 |     fn new(s: &str) -> Self {
[INFO] [stdout]    |        ^^^
[INFO] [stdout] 
[INFO] [stdout] 
[INFO] [stdout] warning: struct `Move` is never constructed
[INFO] [stdout]  --> src/advent_of_code/day_5.rs:3:8
[INFO] [stdout]   |
[INFO] [stdout] 3 | struct Move {
[INFO] [stdout]   |        ^^^^
[INFO] [stdout] 
[INFO] [stdout] 
[INFO] [stdout] warning: associated function `from_str` is never used
[INFO] [stdout]   --> src/advent_of_code/day_5.rs:10:8
[INFO] [stdout]    |
[INFO] [stdout] 9  | impl Move {
[INFO] [stdout]    | --------- associated function in this implementation
[INFO] [stdout] 10 |     fn from_str(m: &str) -> Self {
[INFO] [stdout]    |        ^^^^^^^^
[INFO] [stdout] 
[INFO] [stdout] 
[INFO] [stdout] warning: field `position` is never read
[INFO] [stdout]   --> src/advent_of_code/day_9.rs:13:5
[INFO] [stdout]    |
[INFO] [stdout] 12 | struct Head {
[INFO] [stdout]    |        ---- field in this struct
[INFO] [stdout] 13 |     position: Coordinates,
[INFO] [stdout]    |     ^^^^^^^^
[INFO] [stdout]    |
[INFO] [stdout]    = note: `Head` has a derived impl for the trait `Debug`, but this is intentionally ignored during dead code analysis
[INFO] [stdout] 
[INFO] [stdout] 
[INFO] [stdout] warning: field `position` is never read
[INFO] [stdout]   --> src/advent_of_code/day_9.rs:18:5
[INFO] [stdout]    |
[INFO] [stdout] 17 | struct Tail {
[INFO] [stdout]    |        ---- field in this struct
[INFO] [stdout] 18 |     position: Coordinates,
[INFO] [stdout]    |     ^^^^^^^^
[INFO] [stdout]    |
[INFO] [stdout]    = note: `Tail` has a derived impl for the trait `Debug`, but this is intentionally ignored during dead code analysis
[INFO] [stdout] 
[INFO] [stdout] 
[INFO] [stdout] warning: fields `head`, `tail`, and `movements` are never read
[INFO] [stdout]   --> src/advent_of_code/day_9.rs:23:5
[INFO] [stdout]    |
[INFO] [stdout] 22 | pub struct Knot {
[INFO] [stdout]    |            ---- fields in this struct
[INFO] [stdout] 23 |     head: Head,
[INFO] [stdout]    |     ^^^^
[INFO] [stdout] 24 |     tail: Tail,
[INFO] [stdout]    |     ^^^^
[INFO] [stdout] 25 |     movements: HashSet<Coordinates>,
[INFO] [stdout]    |     ^^^^^^^^^
[INFO] [stdout]    |
[INFO] [stdout]    = note: `Knot` has a derived impl for the trait `Debug`, but this is intentionally ignored during dead code analysis
[INFO] [stdout] 
[INFO] [stdout] 
[INFO] [stdout] warning: methods `move_head`, `move_head_n_steps`, and `get_total_positions` are never used
[INFO] [stdout]   --> src/advent_of_code/day_9.rs:45:8
[INFO] [stdout]    |
[INFO] [stdout] 44 | impl Knot {
[INFO] [stdout]    | --------- methods in this implementation
[INFO] [stdout] 45 |     fn move_head(&mut self, diff: Coordinates) {
[INFO] [stdout]    |        ^^^^^^^^^
[INFO] [stdout] ...
[INFO] [stdout] 82 |     fn move_head_n_steps(&mut self, diff: Coordinates, n_steps: usize) {
[INFO] [stdout]    |        ^^^^^^^^^^^^^^^^^
[INFO] [stdout] ...
[INFO] [stdout] 88 |     fn get_total_positions(&self) -> u32 {
[INFO] [stdout]    |        ^^^^^^^^^^^^^^^^^^^
[INFO] [stdout] 
[INFO] [stdout] 
[INFO] [stdout] warning: field `knots` is never read
[INFO] [stdout]    --> src/advent_of_code/day_9.rs:170:5
[INFO] [stdout]     |
[INFO] [stdout] 169 | pub struct Rope {
[INFO] [stdout]     |            ---- field in this struct
[INFO] [stdout] 170 |     knots: Vec<Knot>,
[INFO] [stdout]     |     ^^^^^
[INFO] [stdout] 
[INFO] [stdout] 
[INFO] [stdout] warning: associated items `new` and `move_rope` are never used
[INFO] [stdout]    --> src/advent_of_code/day_9.rs:174:8
[INFO] [stdout]     |
[INFO] [stdout] 173 | impl Rope {
[INFO] [stdout]     | --------- associated items in this implementation
[INFO] [stdout] 174 |     fn new(size: usize) -> Self {
[INFO] [stdout]     |        ^^^
[INFO] [stdout] ...
[INFO] [stdout] 180 |     fn move_rope(&mut self, diff: Coordinates) {
[INFO] [stdout]     |        ^^^^^^^^^
[INFO] [stdout] 
[INFO] [stdout] 
[INFO] [stdout] warning: function `roman_to_dec` is never used
[INFO] [stdout]   --> src/leetcode/lc_13.rs:36:4
[INFO] [stdout]    |
[INFO] [stdout] 36 | fn roman_to_dec(roman: &str) -> i32 {
[INFO] [stdout]    |    ^^^^^^^^^^^^
[INFO] [stdout] 
[INFO] [stdout] 
[INFO] [stdout] warning: function `sort_arrays` is never used
[INFO] [stdout]  --> src/leetcode/lc_20.rs:1:4
[INFO] [stdout]   |
[INFO] [stdout] 1 | fn sort_arrays(first: Vec<i32>, second: Vec<i32>) -> Vec<i32> {
[INFO] [stdout]   |    ^^^^^^^^^^^
[INFO] [stdout] 
[INFO] [stdout] 
[INFO] [stdout] warning: function `first_index` is never used
[INFO] [stdout]   --> src/leetcode/lc_28.rs:10:4
[INFO] [stdout]    |
[INFO] [stdout] 10 | fn first_index(haystack: &str, needle: &str) -> i32 {
[INFO] [stdout]    |    ^^^^^^^^^^^
[INFO] [stdout] 
[INFO] [stdout] 
[INFO] [stdout] warning: function `length_of_longest` is never used
[INFO] [stdout]  --> src/leetcode/lc_3.rs:5:4
[INFO] [stdout]   |
[INFO] [stdout] 5 | fn length_of_longest(x: &str) -> u32 {
[INFO] [stdout]   |    ^^^^^^^^^^^^^^^^^
[INFO] [stdout] 
[INFO] [stdout] 
[INFO] [stdout] warning: function `v` is never used
[INFO] [stdout]  --> src/leetcode/lc_35.rs:8:4
[INFO] [stdout]   |
[INFO] [stdout] 8 | fn v(x: &[i32], l: usize, h: usize, target: i32) -> usize {
[INFO] [stdout]   |    ^
[INFO] [stdout] 
[INFO] [stdout] 
[INFO] [stdout] warning: function `ins_pos` is never used
[INFO] [stdout]   --> src/leetcode/lc_35.rs:26:4
[INFO] [stdout]    |
[INFO] [stdout] 26 | fn ins_pos(x: &[i32], target: i32) -> i32 {
[INFO] [stdout]    |    ^^^^^^^
[INFO] [stdout] 
[INFO] [stdout] 
[INFO] [stdout] warning: function `bin_add` is never used
[INFO] [stdout]  --> src/leetcode/lc_67.rs:8:4
[INFO] [stdout]   |
[INFO] [stdout] 8 | fn bin_add(a: &str, b: &str) -> String {
[INFO] [stdout]   |    ^^^^^^^
[INFO] [stdout] 
[INFO] [stdout] 
[INFO] [stdout] warning: function `palindrome_number` is never used
[INFO] [stdout]  --> src/leetcode/lc_9.rs:4:4
[INFO] [stdout]   |
[INFO] [stdout] 4 | fn palindrome_number(x: i32) -> bool {
[INFO] [stdout]   |    ^^^^^^^^^^^^^^^^^
[INFO] [stdout] 
[INFO] [stdout] 
[INFO] [stdout] warning: 48 warnings emitted
[INFO] [stdout] 
[INFO] [stdout] 
[INFO] [stderr]     Finished dev [unoptimized + debuginfo] target(s) in 7.96s
[INFO] running `Command { std: "docker" "inspect" "0707d886e8c7162f6b79283b8ce0989c6d0435124841fd147133a585916af5e6", kill_on_drop: false }`
[INFO] running `Command { std: "docker" "rm" "-f" "0707d886e8c7162f6b79283b8ce0989c6d0435124841fd147133a585916af5e6", kill_on_drop: false }`
[INFO] [stdout] 0707d886e8c7162f6b79283b8ce0989c6d0435124841fd147133a585916af5e6
[INFO] running `Command { std: "docker" "create" "-v" "/var/lib/crater-agent-workspace/builds/worker-5-tc2/target:/opt/rustwide/target:rw,Z" "-v" "/var/lib/crater-agent-workspace/builds/worker-5-tc2/source:/opt/rustwide/workdir:ro,Z" "-v" "/var/lib/crater-agent-workspace/cargo-home:/opt/rustwide/cargo-home:ro,Z" "-v" "/var/lib/crater-agent-workspace/rustup-home:/opt/rustwide/rustup-home:ro,Z" "-e" "SOURCE_DIR=/opt/rustwide/workdir" "-e" "CARGO_TARGET_DIR=/opt/rustwide/target" "-e" "CARGO_INCREMENTAL=0" "-e" "RUST_BACKTRACE=full" "-e" "RUSTFLAGS=--cap-lints=warn" "-e" "RUSTDOCFLAGS=--cap-lints=warn" "-e" "CARGO_HOME=/opt/rustwide/cargo-home" "-e" "RUSTUP_HOME=/opt/rustwide/rustup-home" "-w" "/opt/rustwide/workdir" "-m" "1610612736" "--user" "0:0" "--network" "none" "ghcr.io/rust-lang/crates-build-env/linux@sha256:2788e3201cd34a07e3172128adcd8b3090168a8e3bcc40d7c032b9dda1df7d1c" "/opt/rustwide/cargo-home/bin/cargo" "+beta-2023-12-22" "test" "--frozen" "--no-run" "--message-format=json", kill_on_drop: false }`
[INFO] [stdout] 03b6b5493a352cba9fc90cd7419ad94059ed6683a0ddd6893b0fb5e94a520517
[INFO] running `Command { std: "docker" "start" "-a" "03b6b5493a352cba9fc90cd7419ad94059ed6683a0ddd6893b0fb5e94a520517", kill_on_drop: false }`
[INFO] [stderr]    Compiling unicode-ident v1.0.9
[INFO] [stderr]    Compiling quote v1.0.28
[INFO] [stderr]    Compiling syn v1.0.109
[INFO] [stderr]    Compiling cfg-if v1.0.0
[INFO] [stdout] warning: unused import: `std::fs::read_to_string`
[INFO] [stdout]  --> src/advent_of_code/day_1.rs:1:5
[INFO] [stdout]   |
[INFO] [stdout] 1 | use std::fs::read_to_string;
[INFO] [stdout]   |     ^^^^^^^^^^^^^^^^^^^^^^^
[INFO] [stdout]   |
[INFO] [stdout]   = note: `#[warn(unused_imports)]` on by default
[INFO] [stdout] 
[INFO] [stdout] 
[INFO] [stdout] warning: unused variable: `row`
[INFO] [stdout]   --> src/advent_of_code/day_5.rs:26:13
[INFO] [stdout]    |
[INFO] [stdout] 26 |         for row in 0..8 {
[INFO] [stdout]    |             ^^^ help: if this is intentional, prefix it with an underscore: `_row`
[INFO] [stdout]    |
[INFO] [stdout]    = note: `#[warn(unused_variables)]` on by default
[INFO] [stdout] 
[INFO] [stdout] 
[INFO] [stdout] warning: function `sol_1p1` is never used
[INFO] [stdout]  --> src/advent_of_code/day_1.rs:3:4
[INFO] [stdout]   |
[INFO] [stdout] 3 | fn sol_1p1(x: &str) -> u32 {
[INFO] [stdout]   |    ^^^^^^^
[INFO] [stdout]   |
[INFO] [stdout]   = note: `#[warn(dead_code)]` on by default
[INFO] [stdout] 
[INFO] [stdout] 
[INFO] [stdout] warning: function `sol_1p2` is never used
[INFO] [stdout]   --> src/advent_of_code/day_1.rs:23:4
[INFO] [stdout]    |
[INFO] [stdout] 23 | fn sol_1p2(x: &str) -> u32 {
[INFO] [stdout]    |    ^^^^^^^
[INFO] [stdout] 
[INFO] [stdout] 
[INFO] [stdout] warning: method `cycles` is never used
[INFO] [stdout]   --> src/advent_of_code/day_10.rs:12:8
[INFO] [stdout]    |
[INFO] [stdout] 11 | impl Instruction {
[INFO] [stdout]    | ---------------- method in this implementation
[INFO] [stdout] 12 |     fn cycles(&self) -> u32 {
[INFO] [stdout]    |        ^^^^^^
[INFO] [stdout] 
[INFO] [stdout] 
[INFO] [stdout] warning: associated items `new`, `decode`, `draw`, `step`, and `get_running_cycle` are never used
[INFO] [stdout]    --> src/advent_of_code/day_10.rs:57:8
[INFO] [stdout]     |
[INFO] [stdout] 56  | impl CPU {
[INFO] [stdout]     | -------- associated items in this implementation
[INFO] [stdout] 57  |     fn new(input: &str) -> Self {
[INFO] [stdout]     |        ^^^
[INFO] [stdout] ...
[INFO] [stdout] 73  |     fn decode(&mut self) {
[INFO] [stdout]     |        ^^^^^^
[INFO] [stdout] ...
[INFO] [stdout] 77  |     fn draw(&mut self) {
[INFO] [stdout]     |        ^^^^
[INFO] [stdout] ...
[INFO] [stdout] 96  |     fn step(&mut self) -> bool {
[INFO] [stdout]     |        ^^^^
[INFO] [stdout] ...
[INFO] [stdout] 116 |     fn get_running_cycle(&self) -> u32 {
[INFO] [stdout]     |        ^^^^^^^^^^^^^^^^^
[INFO] [stdout] 
[INFO] [stdout] 
[INFO] [stdout] warning: constant `DISPLAY_MASK` is never used
[INFO] [stdout]    --> src/advent_of_code/day_10.rs:121:7
[INFO] [stdout]     |
[INFO] [stdout] 121 | const DISPLAY_MASK: u64 = 0b1111111111111111111111111111111111111111;
[INFO] [stdout]     |       ^^^^^^^^^^^^
[INFO] [stdout] 
[INFO] [stdout] 
[INFO] [stdout] warning: function `cycle_mask` is never used
[INFO] [stdout]    --> src/advent_of_code/day_10.rs:123:4
[INFO] [stdout]     |
[INFO] [stdout] 123 | fn cycle_mask(cycle: u32) -> u64 {
[INFO] [stdout]     |    ^^^^^^^^^^
[INFO] [stdout] 
[INFO] [stdout] 
[INFO] [stdout] warning: function `sprite_value` is never used
[INFO] [stdout]    --> src/advent_of_code/day_10.rs:127:4
[INFO] [stdout]     |
[INFO] [stdout] 127 | fn sprite_value(pos: i32) -> u64 {
[INFO] [stdout]     |    ^^^^^^^^^^^^
[INFO] [stdout] 
[INFO] [stdout] 
[INFO] [stdout] warning: function `msb_ones` is never used
[INFO] [stdout]    --> src/advent_of_code/day_10.rs:135:4
[INFO] [stdout]     |
[INFO] [stdout] 135 | fn msb_ones(mut num: u64) -> u64 {
[INFO] [stdout]     |    ^^^^^^^^
[INFO] [stdout] 
[INFO] [stdout] 
[INFO] [stdout] warning: function `overflow_shift` is never used
[INFO] [stdout]    --> src/advent_of_code/day_10.rs:148:4
[INFO] [stdout]     |
[INFO] [stdout] 148 | fn overflow_shift(num: u64, pos: i32) -> u64 {
[INFO] [stdout]     |    ^^^^^^^^^^^^^^
[INFO] [stdout] 
[INFO] [stdout] 
[INFO] [stdout] warning: variants `Multiply`, `Add`, `Divide`, and `Subtract` are never constructed
[INFO] [stdout]   --> src/advent_of_code/day_11.rs:48:5
[INFO] [stdout]    |
[INFO] [stdout] 47 | enum Operation {
[INFO] [stdout]    |      --------- variants in this enum
[INFO] [stdout] 48 |     Multiply { value: Value },
[INFO] [stdout]    |     ^^^^^^^^
[INFO] [stdout] 49 |     Add { value: Value },
[INFO] [stdout]    |     ^^^
[INFO] [stdout] 50 |     Divide { value: Value },
[INFO] [stdout]    |     ^^^^^^
[INFO] [stdout] 51 |     Subtract { value: Value },
[INFO] [stdout]    |     ^^^^^^^^
[INFO] [stdout]    |
[INFO] [stdout]    = note: `Operation` has derived impls for the traits `Clone` and `Debug`, but these are intentionally ignored during dead code analysis
[INFO] [stdout] 
[INFO] [stdout] 
[INFO] [stdout] warning: methods `times_inspected` and `throw` are never used
[INFO] [stdout]   --> src/advent_of_code/day_11.rs:59:8
[INFO] [stdout]    |
[INFO] [stdout] 58 | impl KeepAwayGame {
[INFO] [stdout]    | ----------------- methods in this implementation
[INFO] [stdout] 59 |     fn times_inspected(&self) -> Vec<u32> {
[INFO] [stdout]    |        ^^^^^^^^^^^^^^^
[INFO] [stdout] ...
[INFO] [stdout] 63 |     fn throw(&mut self) {
[INFO] [stdout]    |        ^^^^^
[INFO] [stdout] 
[INFO] [stdout] 
[INFO] [stdout] warning: function `operate` is never used
[INFO] [stdout]    --> src/advent_of_code/day_11.rs:102:4
[INFO] [stdout]     |
[INFO] [stdout] 102 | fn operate(l: WorryLevel, operation: Operation, test: i32, if_true: u32, if_false: u32) -> (u32, i32) {
[INFO] [stdout]     |    ^^^^^^^
[INFO] [stdout] 
[INFO] [stdout] 
[INFO] [stdout] warning: associated function `parse` is never used
[INFO] [stdout]    --> src/advent_of_code/day_11.rs:168:8
[INFO] [stdout]     |
[INFO] [stdout] 167 | impl Monkey {
[INFO] [stdout]     | ----------- associated function in this implementation
[INFO] [stdout] 168 |     fn parse(values: &str) -> Self {
[INFO] [stdout]     |        ^^^^^
[INFO] [stdout] 
[INFO] [stdout] 
[INFO] [stdout] warning: struct `Input` is never constructed
[INFO] [stdout]  --> src/advent_of_code/day_2.rs:1:8
[INFO] [stdout]   |
[INFO] [stdout] 1 | struct Input<'a>(&'a str);
[INFO] [stdout]   |        ^^^^^
[INFO] [stdout] 
[INFO] [stdout] 
[INFO] [stdout] warning: method `get_move` is never used
[INFO] [stdout]  --> src/advent_of_code/day_2.rs:4:8
[INFO] [stdout]   |
[INFO] [stdout] 3 | impl<'a> Input<'a> {
[INFO] [stdout]   | ------------------ method in this implementation
[INFO] [stdout] 4 |     fn get_move(&self) -> Move {
[INFO] [stdout]   |        ^^^^^^^^
[INFO] [stdout] 
[INFO] [stdout] 
[INFO] [stdout] warning: variants `Rock`, `Paper`, and `Scissors` are never constructed
[INFO] [stdout]   --> src/advent_of_code/day_2.rs:16:5
[INFO] [stdout]    |
[INFO] [stdout] 15 | enum Move {
[INFO] [stdout]    |      ---- variants in this enum
[INFO] [stdout] 16 |     Rock,
[INFO] [stdout]    |     ^^^^
[INFO] [stdout] 17 |     Paper,
[INFO] [stdout]    |     ^^^^^
[INFO] [stdout] 18 |     Scissors,
[INFO] [stdout]    |     ^^^^^^^^
[INFO] [stdout]    |
[INFO] [stdout]    = note: `Move` has a derived impl for the trait `Clone`, but this is intentionally ignored during dead code analysis
[INFO] [stdout] 
[INFO] [stdout] 
[INFO] [stdout] warning: enum `OutCome` is never used
[INFO] [stdout]   --> src/advent_of_code/day_2.rs:21:6
[INFO] [stdout]    |
[INFO] [stdout] 21 | enum OutCome {
[INFO] [stdout]    |      ^^^^^^^
[INFO] [stdout] 
[INFO] [stdout] 
[INFO] [stdout] warning: methods `get_move_score`, `get_outcome`, and `get_win_score` are never used
[INFO] [stdout]   --> src/advent_of_code/day_2.rs:28:8
[INFO] [stdout]    |
[INFO] [stdout] 27 | impl Move {
[INFO] [stdout]    | --------- methods in this implementation
[INFO] [stdout] 28 |     fn get_move_score(&self) -> u32 {
[INFO] [stdout]    |        ^^^^^^^^^^^^^^
[INFO] [stdout] ...
[INFO] [stdout] 36 |     fn get_outcome(&self, opponents_move: &Self) -> OutCome {
[INFO] [stdout]    |        ^^^^^^^^^^^
[INFO] [stdout] ...
[INFO] [stdout] 51 |     fn get_win_score(&self, opponents_move: &Self) -> u32 {
[INFO] [stdout]    |        ^^^^^^^^^^^^^
[INFO] [stdout] 
[INFO] [stdout] 
[INFO] [stdout] warning: function `calc_total_score` is never used
[INFO] [stdout]   --> src/advent_of_code/day_2.rs:61:4
[INFO] [stdout]    |
[INFO] [stdout] 61 | fn calc_total_score<'a>(in_str: &'a str) -> u32 {
[INFO] [stdout]    |    ^^^^^^^^^^^^^^^^
[INFO] [stdout] 
[INFO] [stdout] 
[INFO] [stdout] warning: struct `Action` is never constructed
[INFO] [stdout]   --> src/advent_of_code/day_2.rs:94:8
[INFO] [stdout]    |
[INFO] [stdout] 94 | struct Action<'a>(&'a str);
[INFO] [stdout]    |        ^^^^^^
[INFO] [stdout] 
[INFO] [stdout] 
[INFO] [stdout] warning: struct `Input2` is never constructed
[INFO] [stdout]   --> src/advent_of_code/day_2.rs:96:8
[INFO] [stdout]    |
[INFO] [stdout] 96 | struct Input2<'a>(&'a str);
[INFO] [stdout]    |        ^^^^^^
[INFO] [stdout] 
[INFO] [stdout] 
[INFO] [stdout] warning: function `get_win_move` is never used
[INFO] [stdout]   --> src/advent_of_code/day_2.rs:98:4
[INFO] [stdout]    |
[INFO] [stdout] 98 | fn get_win_move(opponents_move: &Move) -> Move {
[INFO] [stdout]    |    ^^^^^^^^^^^^
[INFO] [stdout] 
[INFO] [stdout] 
[INFO] [stdout] warning: function `get_losing_move` is never used
[INFO] [stdout]    --> src/advent_of_code/day_2.rs:106:4
[INFO] [stdout]     |
[INFO] [stdout] 106 | fn get_losing_move(opponents_move: &Move) -> Move {
[INFO] [stdout]     |    ^^^^^^^^^^^^^^^
[INFO] [stdout] 
[INFO] [stdout] 
[INFO] [stdout] warning: methods `target`, `opponent_move`, `get_target_move`, and `get_score` are never used
[INFO] [stdout]    --> src/advent_of_code/day_2.rs:115:8
[INFO] [stdout]     |
[INFO] [stdout] 114 | impl<'a> Input2<'a> {
[INFO] [stdout]     | ------------------- methods in this implementation
[INFO] [stdout] 115 |     fn target(&self) -> OutCome {
[INFO] [stdout]     |        ^^^^^^
[INFO] [stdout] ...
[INFO] [stdout] 125 |     fn opponent_move(&self) -> Move {
[INFO] [stdout]     |        ^^^^^^^^^^^^^
[INFO] [stdout] ...
[INFO] [stdout] 135 |     fn get_target_move(&self) -> Move {
[INFO] [stdout]     |        ^^^^^^^^^^^^^^^
[INFO] [stdout] ...
[INFO] [stdout] 143 |     fn get_score(&self) -> u32 {
[INFO] [stdout]     |        ^^^^^^^^^
[INFO] [stdout] 
[INFO] [stdout] 
[INFO] [stdout] warning: function `get_ord_val` is never used
[INFO] [stdout]  --> src/advent_of_code/day_3.rs:2:4
[INFO] [stdout]   |
[INFO] [stdout] 2 | fn get_ord_val(s: char) -> u8 {
[INFO] [stdout]   |    ^^^^^^^^^^^
[INFO] [stdout] 
[INFO] [stdout] 
[INFO] [stdout] warning: function `get_ordval_from_string` is never used
[INFO] [stdout]   --> src/advent_of_code/day_3.rs:10:4
[INFO] [stdout]    |
[INFO] [stdout] 10 | fn get_ordval_from_string(s: &str) -> u8 {
[INFO] [stdout]    |    ^^^^^^^^^^^^^^^^^^^^^^
[INFO] [stdout] 
[INFO] [stdout] 
[INFO] [stdout] warning: function `three_lines_common` is never used
[INFO] [stdout]   --> src/advent_of_code/day_3.rs:91:4
[INFO] [stdout]    |
[INFO] [stdout] 91 | fn three_lines_common(s1: &str, s2: &str, s3: &str) -> u8 {
[INFO] [stdout]    |    ^^^^^^^^^^^^^^^^^^
[INFO] [stdout] 
[INFO] [stdout] 
[INFO] [stdout] warning: constant `INPUT` is never used
[INFO] [stdout]  --> src/advent_of_code/day_4.rs:1:7
[INFO] [stdout]   |
[INFO] [stdout] 1 | const INPUT: &'static str = include_str!("../../data/year_2022__day_4");
[INFO] [stdout]   |       ^^^^^
[INFO] [stdout] 
[INFO] [stdout] 
[INFO] [stdout] warning: fields `start` and `end` are never read
[INFO] [stdout]  --> src/advent_of_code/day_4.rs:5:5
[INFO] [stdout]   |
[INFO] [stdout] 4 | struct Range {
[INFO] [stdout]   |        ----- fields in this struct
[INFO] [stdout] 5 |     start: i32,
[INFO] [stdout]   |     ^^^^^
[INFO] [stdout] 6 |     end: i32,
[INFO] [stdout]   |     ^^^
[INFO] [stdout]   |
[INFO] [stdout]   = note: `Range` has a derived impl for the trait `Clone`, but this is intentionally ignored during dead code analysis
[INFO] [stdout] 
[INFO] [stdout] 
[INFO] [stdout] warning: associated items `contains`, `contains_partial`, and `new` are never used
[INFO] [stdout]   --> src/advent_of_code/day_4.rs:10:8
[INFO] [stdout]    |
[INFO] [stdout] 9  | impl Range {
[INFO] [stdout]    | ---------- associated items in this implementation
[INFO] [stdout] 10 |     fn contains(&self, s: Range) -> bool {
[INFO] [stdout]    |        ^^^^^^^^
[INFO] [stdout] ...
[INFO] [stdout] 14 |     fn contains_partial(&self, s: Range) -> bool {
[INFO] [stdout]    |        ^^^^^^^^^^^^^^^^
[INFO] [stdout] ...
[INFO] [stdout] 18 |     fn new(s: &str) -> Self {
[INFO] [stdout]    |        ^^^
[INFO] [stdout] 
[INFO] [stdout] 
[INFO] [stdout] warning: struct `Move` is never constructed
[INFO] [stdout]  --> src/advent_of_code/day_5.rs:3:8
[INFO] [stdout]   |
[INFO] [stdout] 3 | struct Move {
[INFO] [stdout]   |        ^^^^
[INFO] [stdout] 
[INFO] [stdout] 
[INFO] [stdout] warning: associated function `from_str` is never used
[INFO] [stdout]   --> src/advent_of_code/day_5.rs:10:8
[INFO] [stdout]    |
[INFO] [stdout] 9  | impl Move {
[INFO] [stdout]    | --------- associated function in this implementation
[INFO] [stdout] 10 |     fn from_str(m: &str) -> Self {
[INFO] [stdout]    |        ^^^^^^^^
[INFO] [stdout] 
[INFO] [stdout] 
[INFO] [stdout] warning: field `position` is never read
[INFO] [stdout]   --> src/advent_of_code/day_9.rs:13:5
[INFO] [stdout]    |
[INFO] [stdout] 12 | struct Head {
[INFO] [stdout]    |        ---- field in this struct
[INFO] [stdout] 13 |     position: Coordinates,
[INFO] [stdout]    |     ^^^^^^^^
[INFO] [stdout]    |
[INFO] [stdout]    = note: `Head` has a derived impl for the trait `Debug`, but this is intentionally ignored during dead code analysis
[INFO] [stdout] 
[INFO] [stdout] 
[INFO] [stdout] warning: field `position` is never read
[INFO] [stdout]   --> src/advent_of_code/day_9.rs:18:5
[INFO] [stdout]    |
[INFO] [stdout] 17 | struct Tail {
[INFO] [stdout]    |        ---- field in this struct
[INFO] [stdout] 18 |     position: Coordinates,
[INFO] [stdout]    |     ^^^^^^^^
[INFO] [stdout]    |
[INFO] [stdout]    = note: `Tail` has a derived impl for the trait `Debug`, but this is intentionally ignored during dead code analysis
[INFO] [stdout] 
[INFO] [stdout] 
[INFO] [stdout] warning: fields `head`, `tail`, and `movements` are never read
[INFO] [stdout]   --> src/advent_of_code/day_9.rs:23:5
[INFO] [stdout]    |
[INFO] [stdout] 22 | pub struct Knot {
[INFO] [stdout]    |            ---- fields in this struct
[INFO] [stdout] 23 |     head: Head,
[INFO] [stdout]    |     ^^^^
[INFO] [stdout] 24 |     tail: Tail,
[INFO] [stdout]    |     ^^^^
[INFO] [stdout] 25 |     movements: HashSet<Coordinates>,
[INFO] [stdout]    |     ^^^^^^^^^
[INFO] [stdout]    |
[INFO] [stdout]    = note: `Knot` has a derived impl for the trait `Debug`, but this is intentionally ignored during dead code analysis
[INFO] [stdout] 
[INFO] [stdout] 
[INFO] [stdout] warning: methods `move_head`, `move_head_n_steps`, and `get_total_positions` are never used
[INFO] [stdout]   --> src/advent_of_code/day_9.rs:45:8
[INFO] [stdout]    |
[INFO] [stdout] 44 | impl Knot {
[INFO] [stdout]    | --------- methods in this implementation
[INFO] [stdout] 45 |     fn move_head(&mut self, diff: Coordinates) {
[INFO] [stdout]    |        ^^^^^^^^^
[INFO] [stdout] ...
[INFO] [stdout] 82 |     fn move_head_n_steps(&mut self, diff: Coordinates, n_steps: usize) {
[INFO] [stdout]    |        ^^^^^^^^^^^^^^^^^
[INFO] [stdout] ...
[INFO] [stdout] 88 |     fn get_total_positions(&self) -> u32 {
[INFO] [stdout]    |        ^^^^^^^^^^^^^^^^^^^
[INFO] [stdout] 
[INFO] [stdout] 
[INFO] [stdout] warning: field `knots` is never read
[INFO] [stdout]    --> src/advent_of_code/day_9.rs:170:5
[INFO] [stdout]     |
[INFO] [stdout] 169 | pub struct Rope {
[INFO] [stdout]     |            ---- field in this struct
[INFO] [stdout] 170 |     knots: Vec<Knot>,
[INFO] [stdout]     |     ^^^^^
[INFO] [stdout] 
[INFO] [stdout] 
[INFO] [stdout] warning: associated items `new` and `move_rope` are never used
[INFO] [stdout]    --> src/advent_of_code/day_9.rs:174:8
[INFO] [stdout]     |
[INFO] [stdout] 173 | impl Rope {
[INFO] [stdout]     | --------- associated items in this implementation
[INFO] [stdout] 174 |     fn new(size: usize) -> Self {
[INFO] [stdout]     |        ^^^
[INFO] [stdout] ...
[INFO] [stdout] 180 |     fn move_rope(&mut self, diff: Coordinates) {
[INFO] [stdout]     |        ^^^^^^^^^
[INFO] [stdout] 
[INFO] [stdout] 
[INFO] [stdout] warning: function `roman_to_dec` is never used
[INFO] [stdout]   --> src/leetcode/lc_13.rs:36:4
[INFO] [stdout]    |
[INFO] [stdout] 36 | fn roman_to_dec(roman: &str) -> i32 {
[INFO] [stdout]    |    ^^^^^^^^^^^^
[INFO] [stdout] 
[INFO] [stdout] 
[INFO] [stdout] warning: function `sort_arrays` is never used
[INFO] [stdout]  --> src/leetcode/lc_20.rs:1:4
[INFO] [stdout]   |
[INFO] [stdout] 1 | fn sort_arrays(first: Vec<i32>, second: Vec<i32>) -> Vec<i32> {
[INFO] [stdout]   |    ^^^^^^^^^^^
[INFO] [stdout] 
[INFO] [stdout] 
[INFO] [stdout] warning: function `first_index` is never used
[INFO] [stdout]   --> src/leetcode/lc_28.rs:10:4
[INFO] [stdout]    |
[INFO] [stdout] 10 | fn first_index(haystack: &str, needle: &str) -> i32 {
[INFO] [stdout]    |    ^^^^^^^^^^^
[INFO] [stdout] 
[INFO] [stdout] 
[INFO] [stdout] warning: function `length_of_longest` is never used
[INFO] [stdout]  --> src/leetcode/lc_3.rs:5:4
[INFO] [stdout]   |
[INFO] [stdout] 5 | fn length_of_longest(x: &str) -> u32 {
[INFO] [stdout]   |    ^^^^^^^^^^^^^^^^^
[INFO] [stdout] 
[INFO] [stdout] 
[INFO] [stdout] warning: function `v` is never used
[INFO] [stdout]  --> src/leetcode/lc_35.rs:8:4
[INFO] [stdout]   |
[INFO] [stdout] 8 | fn v(x: &[i32], l: usize, h: usize, target: i32) -> usize {
[INFO] [stdout]   |    ^
[INFO] [stdout] 
[INFO] [stdout] 
[INFO] [stdout] warning: function `ins_pos` is never used
[INFO] [stdout]   --> src/leetcode/lc_35.rs:26:4
[INFO] [stdout]    |
[INFO] [stdout] 26 | fn ins_pos(x: &[i32], target: i32) -> i32 {
[INFO] [stdout]    |    ^^^^^^^
[INFO] [stdout] 
[INFO] [stdout] 
[INFO] [stdout] warning: function `bin_add` is never used
[INFO] [stdout]  --> src/leetcode/lc_67.rs:8:4
[INFO] [stdout]   |
[INFO] [stdout] 8 | fn bin_add(a: &str, b: &str) -> String {
[INFO] [stdout]   |    ^^^^^^^
[INFO] [stdout] 
[INFO] [stdout] 
[INFO] [stdout] warning: function `palindrome_number` is never used
[INFO] [stdout]  --> src/leetcode/lc_9.rs:4:4
[INFO] [stdout]   |
[INFO] [stdout] 4 | fn palindrome_number(x: i32) -> bool {
[INFO] [stdout]   |    ^^^^^^^^^^^^^^^^^
[INFO] [stdout] 
[INFO] [stdout] 
[INFO] [stdout] warning: 48 warnings emitted
[INFO] [stdout] 
[INFO] [stdout] 
[INFO] [stderr]    Compiling proc-macro2 v1.0.63
[INFO] [stderr]    Compiling proc-macro-error-attr v1.0.4
[INFO] [stderr]    Compiling proc-macro-error v1.0.4
[INFO] [stderr]    Compiling test-case-core v3.1.0
[INFO] [stderr]    Compiling test-case-macros v3.1.0
[INFO] [stderr]    Compiling test-case v3.1.0
[INFO] [stderr]    Compiling advent_of_code v0.1.0 (/opt/rustwide/workdir)
[INFO] [stdout] warning: unused variable: `row`
[INFO] [stdout]   --> src/advent_of_code/day_5.rs:26:13
[INFO] [stdout]    |
[INFO] [stdout] 26 |         for row in 0..8 {
[INFO] [stdout]    |             ^^^ help: if this is intentional, prefix it with an underscore: `_row`
[INFO] [stdout]    |
[INFO] [stdout]    = note: `#[warn(unused_variables)]` on by default
[INFO] [stdout] 
[INFO] [stdout] 
[INFO] [stdout] warning: struct `Action` is never constructed
[INFO] [stdout]   --> src/advent_of_code/day_2.rs:94:8
[INFO] [stdout]    |
[INFO] [stdout] 94 | struct Action<'a>(&'a str);
[INFO] [stdout]    |        ^^^^^^
[INFO] [stdout]    |
[INFO] [stdout]    = note: `#[warn(dead_code)]` on by default
[INFO] [stdout] 
[INFO] [stdout] 
[INFO] [stdout] warning: 2 warnings emitted
[INFO] [stdout] 
[INFO] [stdout] 
[INFO] [stderr]     Finished test [unoptimized + debuginfo] target(s) in 10.85s
[INFO] running `Command { std: "docker" "inspect" "03b6b5493a352cba9fc90cd7419ad94059ed6683a0ddd6893b0fb5e94a520517", kill_on_drop: false }`
[INFO] running `Command { std: "docker" "rm" "-f" "03b6b5493a352cba9fc90cd7419ad94059ed6683a0ddd6893b0fb5e94a520517", kill_on_drop: false }`
[INFO] [stdout] 03b6b5493a352cba9fc90cd7419ad94059ed6683a0ddd6893b0fb5e94a520517
[INFO] running `Command { std: "docker" "create" "-v" "/var/lib/crater-agent-workspace/builds/worker-5-tc2/target:/opt/rustwide/target:rw,Z" "-v" "/var/lib/crater-agent-workspace/builds/worker-5-tc2/source:/opt/rustwide/workdir:ro,Z" "-v" "/var/lib/crater-agent-workspace/cargo-home:/opt/rustwide/cargo-home:ro,Z" "-v" "/var/lib/crater-agent-workspace/rustup-home:/opt/rustwide/rustup-home:ro,Z" "-e" "SOURCE_DIR=/opt/rustwide/workdir" "-e" "CARGO_TARGET_DIR=/opt/rustwide/target" "-e" "CARGO_INCREMENTAL=0" "-e" "RUST_BACKTRACE=full" "-e" "RUSTFLAGS=--cap-lints=warn" "-e" "RUSTDOCFLAGS=--cap-lints=warn" "-e" "CARGO_HOME=/opt/rustwide/cargo-home" "-e" "RUSTUP_HOME=/opt/rustwide/rustup-home" "-w" "/opt/rustwide/workdir" "-m" "1610612736" "--user" "0:0" "--network" "none" "ghcr.io/rust-lang/crates-build-env/linux@sha256:2788e3201cd34a07e3172128adcd8b3090168a8e3bcc40d7c032b9dda1df7d1c" "/opt/rustwide/cargo-home/bin/cargo" "+beta-2023-12-22" "test" "--frozen", kill_on_drop: false }`
[INFO] [stdout] cc45e5c16bcd326fabdb32220138813e7a95ab45ca45ddf95ed8c31d3317c02c
[INFO] running `Command { std: "docker" "start" "-a" "cc45e5c16bcd326fabdb32220138813e7a95ab45ca45ddf95ed8c31d3317c02c", kill_on_drop: false }`
[INFO] [stderr] warning: unused import: `std::fs::read_to_string`
[INFO] [stderr]  --> src/advent_of_code/day_1.rs:1:5
[INFO] [stderr]   |
[INFO] [stderr] 1 | use std::fs::read_to_string;
[INFO] [stderr]   |     ^^^^^^^^^^^^^^^^^^^^^^^
[INFO] [stderr]   |
[INFO] [stderr]   = note: `#[warn(unused_imports)]` on by default
[INFO] [stderr] 
[INFO] [stderr] warning: unused variable: `row`
[INFO] [stderr]   --> src/advent_of_code/day_5.rs:26:13
[INFO] [stderr]    |
[INFO] [stderr] 26 |         for row in 0..8 {
[INFO] [stderr]    |             ^^^ help: if this is intentional, prefix it with an underscore: `_row`
[INFO] [stderr]    |
[INFO] [stderr]    = note: `#[warn(unused_variables)]` on by default
[INFO] [stderr] 
[INFO] [stderr] warning: function `sol_1p1` is never used
[INFO] [stderr]  --> src/advent_of_code/day_1.rs:3:4
[INFO] [stderr]   |
[INFO] [stderr] 3 | fn sol_1p1(x: &str) -> u32 {
[INFO] [stderr]   |    ^^^^^^^
[INFO] [stderr]   |
[INFO] [stderr]   = note: `#[warn(dead_code)]` on by default
[INFO] [stderr] 
[INFO] [stderr] warning: function `sol_1p2` is never used
[INFO] [stderr]   --> src/advent_of_code/day_1.rs:23:4
[INFO] [stderr]    |
[INFO] [stderr] 23 | fn sol_1p2(x: &str) -> u32 {
[INFO] [stderr]    |    ^^^^^^^
[INFO] [stderr] 
[INFO] [stderr] warning: method `cycles` is never used
[INFO] [stderr]   --> src/advent_of_code/day_10.rs:12:8
[INFO] [stderr]    |
[INFO] [stderr] 11 | impl Instruction {
[INFO] [stderr]    | ---------------- method in this implementation
[INFO] [stderr] 12 |     fn cycles(&self) -> u32 {
[INFO] [stderr]    |        ^^^^^^
[INFO] [stderr] 
[INFO] [stderr] warning: associated items `new`, `decode`, `draw`, `step`, and `get_running_cycle` are never used
[INFO] [stderr]    --> src/advent_of_code/day_10.rs:57:8
[INFO] [stderr]     |
[INFO] [stderr] 56  | impl CPU {
[INFO] [stderr]     | -------- associated items in this implementation
[INFO] [stderr] 57  |     fn new(input: &str) -> Self {
[INFO] [stderr]     |        ^^^
[INFO] [stderr] ...
[INFO] [stderr] 73  |     fn decode(&mut self) {
[INFO] [stderr]     |        ^^^^^^
[INFO] [stderr] ...
[INFO] [stderr] 77  |     fn draw(&mut self) {
[INFO] [stderr]     |        ^^^^
[INFO] [stderr] ...
[INFO] [stderr] 96  |     fn step(&mut self) -> bool {
[INFO] [stderr]     |        ^^^^
[INFO] [stderr] ...
[INFO] [stderr] 116 |     fn get_running_cycle(&self) -> u32 {
[INFO] [stderr]     |        ^^^^^^^^^^^^^^^^^
[INFO] [stderr] 
[INFO] [stderr] warning: constant `DISPLAY_MASK` is never used
[INFO] [stderr]    --> src/advent_of_code/day_10.rs:121:7
[INFO] [stderr]     |
[INFO] [stderr] 121 | const DISPLAY_MASK: u64 = 0b1111111111111111111111111111111111111111;
[INFO] [stderr]     |       ^^^^^^^^^^^^
[INFO] [stderr] 
[INFO] [stderr] warning: function `cycle_mask` is never used
[INFO] [stderr]    --> src/advent_of_code/day_10.rs:123:4
[INFO] [stderr]     |
[INFO] [stderr] 123 | fn cycle_mask(cycle: u32) -> u64 {
[INFO] [stderr]     |    ^^^^^^^^^^
[INFO] [stderr] 
[INFO] [stderr] warning: function `sprite_value` is never used
[INFO] [stderr]    --> src/advent_of_code/day_10.rs:127:4
[INFO] [stderr]     |
[INFO] [stderr] 127 | fn sprite_value(pos: i32) -> u64 {
[INFO] [stderr]     |    ^^^^^^^^^^^^
[INFO] [stderr] 
[INFO] [stderr] warning: function `msb_ones` is never used
[INFO] [stderr]    --> src/advent_of_code/day_10.rs:135:4
[INFO] [stderr]     |
[INFO] [stderr] 135 | fn msb_ones(mut num: u64) -> u64 {
[INFO] [stderr]     |    ^^^^^^^^
[INFO] [stderr] 
[INFO] [stderr] warning: function `overflow_shift` is never used
[INFO] [stderr]    --> src/advent_of_code/day_10.rs:148:4
[INFO] [stderr]     |
[INFO] [stderr] 148 | fn overflow_shift(num: u64, pos: i32) -> u64 {
[INFO] [stderr]     |    ^^^^^^^^^^^^^^
[INFO] [stderr] 
[INFO] [stderr] warning: variants `Multiply`, `Add`, `Divide`, and `Subtract` are never constructed
[INFO] [stderr]   --> src/advent_of_code/day_11.rs:48:5
[INFO] [stderr]    |
[INFO] [stderr] 47 | enum Operation {
[INFO] [stderr]    |      --------- variants in this enum
[INFO] [stderr] 48 |     Multiply { value: Value },
[INFO] [stderr]    |     ^^^^^^^^
[INFO] [stderr] 49 |     Add { value: Value },
[INFO] [stderr]    |     ^^^
[INFO] [stderr] 50 |     Divide { value: Value },
[INFO] [stderr]    |     ^^^^^^
[INFO] [stderr] 51 |     Subtract { value: Value },
[INFO] [stderr]    |     ^^^^^^^^
[INFO] [stderr]    |
[INFO] [stderr]    = note: `Operation` has derived impls for the traits `Clone` and `Debug`, but these are intentionally ignored during dead code analysis
[INFO] [stderr] 
[INFO] [stderr] warning: methods `times_inspected` and `throw` are never used
[INFO] [stderr]   --> src/advent_of_code/day_11.rs:59:8
[INFO] [stderr]    |
[INFO] [stderr] 58 | impl KeepAwayGame {
[INFO] [stderr]    | ----------------- methods in this implementation
[INFO] [stderr] 59 |     fn times_inspected(&self) -> Vec<u32> {
[INFO] [stderr]    |        ^^^^^^^^^^^^^^^
[INFO] [stderr] ...
[INFO] [stderr] 63 |     fn throw(&mut self) {
[INFO] [stderr]    |        ^^^^^
[INFO] [stderr] 
[INFO] [stderr] warning: function `operate` is never used
[INFO] [stderr]    --> src/advent_of_code/day_11.rs:102:4
[INFO] [stderr]     |
[INFO] [stderr] 102 | fn operate(l: WorryLevel, operation: Operation, test: i32, if_true: u32, if_false: u32) -> (u32, i32) {
[INFO] [stderr]     |    ^^^^^^^
[INFO] [stderr] 
[INFO] [stderr] warning: associated function `parse` is never used
[INFO] [stderr]    --> src/advent_of_code/day_11.rs:168:8
[INFO] [stderr]     |
[INFO] [stderr] 167 | impl Monkey {
[INFO] [stderr]     | ----------- associated function in this implementation
[INFO] [stderr] 168 |     fn parse(values: &str) -> Self {
[INFO] [stderr]     |        ^^^^^
[INFO] [stderr] 
[INFO] [stderr] warning: struct `Input` is never constructed
[INFO] [stderr]  --> src/advent_of_code/day_2.rs:1:8
[INFO] [stderr]   |
[INFO] [stderr] 1 | struct Input<'a>(&'a str);
[INFO] [stderr]   |        ^^^^^
[INFO] [stderr] 
[INFO] [stderr] warning: method `get_move` is never used
[INFO] [stderr]  --> src/advent_of_code/day_2.rs:4:8
[INFO] [stderr]   |
[INFO] [stderr] 3 | impl<'a> Input<'a> {
[INFO] [stderr]   | ------------------ method in this implementation
[INFO] [stderr] 4 |     fn get_move(&self) -> Move {
[INFO] [stderr]   |        ^^^^^^^^
[INFO] [stderr] 
[INFO] [stderr] warning: variants `Rock`, `Paper`, and `Scissors` are never constructed
[INFO] [stderr]   --> src/advent_of_code/day_2.rs:16:5
[INFO] [stderr]    |
[INFO] [stderr] 15 | enum Move {
[INFO] [stderr]    |      ---- variants in this enum
[INFO] [stderr] 16 |     Rock,
[INFO] [stderr]    |     ^^^^
[INFO] [stderr] 17 |     Paper,
[INFO] [stderr]    |     ^^^^^
[INFO] [stderr] 18 |     Scissors,
[INFO] [stderr]    |     ^^^^^^^^
[INFO] [stderr]    |
[INFO] [stderr]    = note: `Move` has a derived impl for the trait `Clone`, but this is intentionally ignored during dead code analysis
[INFO] [stderr] 
[INFO] [stderr] warning: enum `OutCome` is never used
[INFO] [stderr]   --> src/advent_of_code/day_2.rs:21:6
[INFO] [stderr]    |
[INFO] [stderr] 21 | enum OutCome {
[INFO] [stderr]    |      ^^^^^^^
[INFO] [stderr] 
[INFO] [stderr] warning: methods `get_move_score`, `get_outcome`, and `get_win_score` are never used
[INFO] [stderr]   --> src/advent_of_code/day_2.rs:28:8
[INFO] [stderr]    |
[INFO] [stderr] 27 | impl Move {
[INFO] [stderr]    | --------- methods in this implementation
[INFO] [stderr] 28 |     fn get_move_score(&self) -> u32 {
[INFO] [stderr]    |        ^^^^^^^^^^^^^^
[INFO] [stderr] ...
[INFO] [stderr] 36 |     fn get_outcome(&self, opponents_move: &Self) -> OutCome {
[INFO] [stderr]    |        ^^^^^^^^^^^
[INFO] [stderr] ...
[INFO] [stderr] 51 |     fn get_win_score(&self, opponents_move: &Self) -> u32 {
[INFO] [stderr]    |        ^^^^^^^^^^^^^
[INFO] [stderr] 
[INFO] [stderr] warning: function `calc_total_score` is never used
[INFO] [stderr]   --> src/advent_of_code/day_2.rs:61:4
[INFO] [stderr]    |
[INFO] [stderr] 61 | fn calc_total_score<'a>(in_str: &'a str) -> u32 {
[INFO] [stderr]    |    ^^^^^^^^^^^^^^^^
[INFO] [stderr] 
[INFO] [stderr] warning: struct `Action` is never constructed
[INFO] [stderr]   --> src/advent_of_code/day_2.rs:94:8
[INFO] [stderr]    |
[INFO] [stderr] 94 | struct Action<'a>(&'a str);
[INFO] [stderr]    |        ^^^^^^
[INFO] [stderr] 
[INFO] [stderr] warning: struct `Input2` is never constructed
[INFO] [stderr]   --> src/advent_of_code/day_2.rs:96:8
[INFO] [stderr]    |
[INFO] [stderr] 96 | struct Input2<'a>(&'a str);
[INFO] [stderr]    |        ^^^^^^
[INFO] [stderr] 
[INFO] [stderr] warning: function `get_win_move` is never used
[INFO] [stderr]   --> src/advent_of_code/day_2.rs:98:4
[INFO] [stderr]    |
[INFO] [stderr] 98 | fn get_win_move(opponents_move: &Move) -> Move {
[INFO] [stderr]    |    ^^^^^^^^^^^^
[INFO] [stderr] 
[INFO] [stderr] warning: function `get_losing_move` is never used
[INFO] [stderr]    --> src/advent_of_code/day_2.rs:106:4
[INFO] [stderr]     |
[INFO] [stderr] 106 | fn get_losing_move(opponents_move: &Move) -> Move {
[INFO] [stderr]     |    ^^^^^^^^^^^^^^^
[INFO] [stderr] 
[INFO] [stderr] warning: methods `target`, `opponent_move`, `get_target_move`, and `get_score` are never used
[INFO] [stderr]    --> src/advent_of_code/day_2.rs:115:8
[INFO] [stderr]     |
[INFO] [stderr] 114 | impl<'a> Input2<'a> {
[INFO] [stderr]     | ------------------- methods in this implementation
[INFO] [stderr] 115 |     fn target(&self) -> OutCome {
[INFO] [stderr]     |        ^^^^^^
[INFO] [stderr] ...
[INFO] [stderr] 125 |     fn opponent_move(&self) -> Move {
[INFO] [stderr]     |        ^^^^^^^^^^^^^
[INFO] [stderr] ...
[INFO] [stderr] 135 |     fn get_target_move(&self) -> Move {
[INFO] [stderr]     |        ^^^^^^^^^^^^^^^
[INFO] [stderr] ...
[INFO] [stderr] 143 |     fn get_score(&self) -> u32 {
[INFO] [stderr]     |        ^^^^^^^^^
[INFO] [stderr] 
[INFO] [stderr] warning: function `get_ord_val` is never used
[INFO] [stderr]  --> src/advent_of_code/day_3.rs:2:4
[INFO] [stderr]   |
[INFO] [stderr] 2 | fn get_ord_val(s: char) -> u8 {
[INFO] [stderr]   |    ^^^^^^^^^^^
[INFO] [stderr] 
[INFO] [stderr] warning: function `get_ordval_from_string` is never used
[INFO] [stderr]   --> src/advent_of_code/day_3.rs:10:4
[INFO] [stderr]    |
[INFO] [stderr] 10 | fn get_ordval_from_string(s: &str) -> u8 {
[INFO] [stderr]    |    ^^^^^^^^^^^^^^^^^^^^^^
[INFO] [stderr] 
[INFO] [stderr] warning: function `three_lines_common` is never used
[INFO] [stderr]   --> src/advent_of_code/day_3.rs:91:4
[INFO] [stderr]    |
[INFO] [stderr] 91 | fn three_lines_common(s1: &str, s2: &str, s3: &str) -> u8 {
[INFO] [stderr]    |    ^^^^^^^^^^^^^^^^^^
[INFO] [stderr] 
[INFO] [stderr] warning: constant `INPUT` is never used
[INFO] [stderr]  --> src/advent_of_code/day_4.rs:1:7
[INFO] [stderr]   |
[INFO] [stderr] 1 | const INPUT: &'static str = include_str!("../../data/year_2022__day_4");
[INFO] [stderr]   |       ^^^^^
[INFO] [stderr] 
[INFO] [stderr] warning: fields `start` and `end` are never read
[INFO] [stderr]  --> src/advent_of_code/day_4.rs:5:5
[INFO] [stderr]   |
[INFO] [stderr] 4 | struct Range {
[INFO] [stderr]   |        ----- fields in this struct
[INFO] [stderr] 5 |     start: i32,
[INFO] [stderr]   |     ^^^^^
[INFO] [stderr] 6 |     end: i32,
[INFO] [stderr]   |     ^^^
[INFO] [stderr]   |
[INFO] [stderr]   = note: `Range` has a derived impl for the trait `Clone`, but this is intentionally ignored during dead code analysis
[INFO] [stderr] 
[INFO] [stderr] warning: associated items `contains`, `contains_partial`, and `new` are never used
[INFO] [stderr]   --> src/advent_of_code/day_4.rs:10:8
[INFO] [stderr]    |
[INFO] [stderr] 9  | impl Range {
[INFO] [stderr]    | ---------- associated items in this implementation
[INFO] [stderr] 10 |     fn contains(&self, s: Range) -> bool {
[INFO] [stderr]    |        ^^^^^^^^
[INFO] [stderr] ...
[INFO] [stderr] 14 |     fn contains_partial(&self, s: Range) -> bool {
[INFO] [stderr]    |        ^^^^^^^^^^^^^^^^
[INFO] [stderr] ...
[INFO] [stderr] 18 |     fn new(s: &str) -> Self {
[INFO] [stderr]    |        ^^^
[INFO] [stderr] 
[INFO] [stderr] warning: struct `Move` is never constructed
[INFO] [stderr]  --> src/advent_of_code/day_5.rs:3:8
[INFO] [stderr]   |
[INFO] [stderr] 3 | struct Move {
[INFO] [stderr]   |        ^^^^
[INFO] [stderr] 
[INFO] [stderr] warning: associated function `from_str` is never used
[INFO] [stderr]   --> src/advent_of_code/day_5.rs:10:8
[INFO] [stderr]    |
[INFO] [stderr] 9  | impl Move {
[INFO] [stderr]    | --------- associated function in this implementation
[INFO] [stderr] 10 |     fn from_str(m: &str) -> Self {
[INFO] [stderr]    |        ^^^^^^^^
[INFO] [stderr] 
[INFO] [stderr] warning: field `position` is never read
[INFO] [stderr]   --> src/advent_of_code/day_9.rs:13:5
[INFO] [stderr]    |
[INFO] [stderr] 12 | struct Head {
[INFO] [stderr]    |        ---- field in this struct
[INFO] [stderr] 13 |     position: Coordinates,
[INFO] [stderr]    |     ^^^^^^^^
[INFO] [stderr]    |
[INFO] [stderr]    = note: `Head` has a derived impl for the trait `Debug`, but this is intentionally ignored during dead code analysis
[INFO] [stderr] 
[INFO] [stderr] warning: field `position` is never read
[INFO] [stderr]   --> src/advent_of_code/day_9.rs:18:5
[INFO] [stderr]    |
[INFO] [stderr] 17 | struct Tail {
[INFO] [stderr]    |        ---- field in this struct
[INFO] [stderr] 18 |     position: Coordinates,
[INFO] [stderr]    |     ^^^^^^^^
[INFO] [stderr]    |
[INFO] [stderr]    = note: `Tail` has a derived impl for the trait `Debug`, but this is intentionally ignored during dead code analysis
[INFO] [stderr] 
[INFO] [stderr] warning: fields `head`, `tail`, and `movements` are never read
[INFO] [stderr]   --> src/advent_of_code/day_9.rs:23:5
[INFO] [stderr]    |
[INFO] [stderr] 22 | pub struct Knot {
[INFO] [stderr]    |            ---- fields in this struct
[INFO] [stderr] 23 |     head: Head,
[INFO] [stderr]    |     ^^^^
[INFO] [stderr] 24 |     tail: Tail,
[INFO] [stderr]    |     ^^^^
[INFO] [stderr] 25 |     movements: HashSet<Coordinates>,
[INFO] [stderr]    |     ^^^^^^^^^
[INFO] [stderr]    |
[INFO] [stderr]    = note: `Knot` has a derived impl for the trait `Debug`, but this is intentionally ignored during dead code analysis
[INFO] [stderr] 
[INFO] [stderr] warning: methods `move_head`, `move_head_n_steps`, and `get_total_positions` are never used
[INFO] [stderr]   --> src/advent_of_code/day_9.rs:45:8
[INFO] [stderr]    |
[INFO] [stderr] 44 | impl Knot {
[INFO] [stderr]    | --------- methods in this implementation
[INFO] [stderr] 45 |     fn move_head(&mut self, diff: Coordinates) {
[INFO] [stderr]    |        ^^^^^^^^^
[INFO] [stderr] ...
[INFO] [stderr] 82 |     fn move_head_n_steps(&mut self, diff: Coordinates, n_steps: usize) {
[INFO] [stderr]    |        ^^^^^^^^^^^^^^^^^
[INFO] [stderr] ...
[INFO] [stderr] 88 |     fn get_total_positions(&self) -> u32 {
[INFO] [stderr]    |        ^^^^^^^^^^^^^^^^^^^
[INFO] [stderr] 
[INFO] [stderr] warning: field `knots` is never read
[INFO] [stderr]    --> src/advent_of_code/day_9.rs:170:5
[INFO] [stderr]     |
[INFO] [stderr] 169 | pub struct Rope {
[INFO] [stderr]     |            ---- field in this struct
[INFO] [stderr] 170 |     knots: Vec<Knot>,
[INFO] [stderr]     |     ^^^^^
[INFO] [stderr] 
[INFO] [stderr] warning: associated items `new` and `move_rope` are never used
[INFO] [stderr]    --> src/advent_of_code/day_9.rs:174:8
[INFO] [stderr]     |
[INFO] [stderr] 173 | impl Rope {
[INFO] [stderr]     | --------- associated items in this implementation
[INFO] [stderr] 174 |     fn new(size: usize) -> Self {
[INFO] [stderr]     |        ^^^
[INFO] [stderr] ...
[INFO] [stderr] 180 |     fn move_rope(&mut self, diff: Coordinates) {
[INFO] [stderr]     |        ^^^^^^^^^
[INFO] [stderr] 
[INFO] [stderr] warning: function `roman_to_dec` is never used
[INFO] [stderr]   --> src/leetcode/lc_13.rs:36:4
[INFO] [stderr]    |
[INFO] [stderr] 36 | fn roman_to_dec(roman: &str) -> i32 {
[INFO] [stderr]    |    ^^^^^^^^^^^^
[INFO] [stderr] 
[INFO] [stderr] warning: function `sort_arrays` is never used
[INFO] [stderr]  --> src/leetcode/lc_20.rs:1:4
[INFO] [stderr]   |
[INFO] [stderr] 1 | fn sort_arrays(first: Vec<i32>, second: Vec<i32>) -> Vec<i32> {
[INFO] [stderr]   |    ^^^^^^^^^^^
[INFO] [stderr] 
[INFO] [stderr] warning: function `first_index` is never used
[INFO] [stderr]   --> src/leetcode/lc_28.rs:10:4
[INFO] [stderr]    |
[INFO] [stderr] 10 | fn first_index(haystack: &str, needle: &str) -> i32 {
[INFO] [stderr]    |    ^^^^^^^^^^^
[INFO] [stderr] 
[INFO] [stderr] warning: function `length_of_longest` is never used
[INFO] [stderr]  --> src/leetcode/lc_3.rs:5:4
[INFO] [stderr]   |
[INFO] [stderr] 5 | fn length_of_longest(x: &str) -> u32 {
[INFO] [stderr]   |    ^^^^^^^^^^^^^^^^^
[INFO] [stderr] 
[INFO] [stderr] warning: function `v` is never used
[INFO] [stderr]  --> src/leetcode/lc_35.rs:8:4
[INFO] [stderr]   |
[INFO] [stderr] 8 | fn v(x: &[i32], l: usize, h: usize, target: i32) -> usize {
[INFO] [stderr]   |    ^
[INFO] [stderr] 
[INFO] [stderr] warning: function `ins_pos` is never used
[INFO] [stderr]   --> src/leetcode/lc_35.rs:26:4
[INFO] [stderr]    |
[INFO] [stderr] 26 | fn ins_pos(x: &[i32], target: i32) -> i32 {
[INFO] [stderr]    |    ^^^^^^^
[INFO] [stderr] 
[INFO] [stderr] warning: function `bin_add` is never used
[INFO] [stderr]  --> src/leetcode/lc_67.rs:8:4
[INFO] [stderr]   |
[INFO] [stderr] 8 | fn bin_add(a: &str, b: &str) -> String {
[INFO] [stderr]   |    ^^^^^^^
[INFO] [stderr] 
[INFO] [stderr] warning: function `palindrome_number` is never used
[INFO] [stderr]  --> src/leetcode/lc_9.rs:4:4
[INFO] [stderr]   |
[INFO] [stderr] 4 | fn palindrome_number(x: i32) -> bool {
[INFO] [stderr]   |    ^^^^^^^^^^^^^^^^^
[INFO] [stderr] 
[INFO] [stderr] warning: `advent_of_code` (lib) generated 48 warnings (run `cargo fix --lib -p advent_of_code` to apply 2 suggestions)
[INFO] [stderr] warning: struct `Action` is never constructed
[INFO] [stderr]   --> src/advent_of_code/day_2.rs:94:8
[INFO] [stderr]    |
[INFO] [stderr] 94 | struct Action<'a>(&'a str);
[INFO] [stderr]    |        ^^^^^^
[INFO] [stderr]    |
[INFO] [stderr]    = note: `#[warn(dead_code)]` on by default
[INFO] [stderr] 
[INFO] [stderr] warning: `advent_of_code` (lib test) generated 2 warnings (1 duplicate)
[INFO] [stderr]     Finished test [unoptimized + debuginfo] target(s) in 0.04s
[INFO] [stderr]      Running unittests src/lib.rs (/opt/rustwide/target/debug/deps/advent_of_code-74f3081ec3e48f8e)
[INFO] [stdout] 
[INFO] [stdout] running 72 tests
[INFO] [stdout] test advent_of_code::day_10::tests::test_cpu_instructions_cycle_count::test_cpu_instructions_cycle_count ... ok
[INFO] [stdout] test advent_of_code::day_10::bit_tests::test ... ok
[INFO] [stdout] test advent_of_code::day_10::tests::test_cpu_instructions_display_p_2::test_cpu_instructions_display_p_2 ... ok
[INFO] [stdout] test advent_of_code::day_10::tests::test_instruction_parse::_addx_5_instruction_addx_value_5_expects ... ok
[INFO] [stdout] test advent_of_code::day_11::tests::test_parsing::test_parsing ... ok
[INFO] [stdout] test advent_of_code::day_10::tests::test_cpu_instructions_display_p_2_sample::test_cpu_instructions_display_p_2_sample ... ok
[INFO] [stdout] test advent_of_code::day_10::bit_tests::test_display ... ok
[INFO] [stdout] test advent_of_code::day_10::tests::test_cpu_instructions_signal_strength_p_1::test_cpu_instructions_signal_strength_p_1 ... ok
[INFO] [stdout] test advent_of_code::day_1::tests::test_1p1 ... ok
[INFO] [stdout] test advent_of_code::day_10::tests::test_cpu_instructions_signal_strength_sample::test_cpu_instructions_signal_strength_sample ... ok
[INFO] [stdout] test advent_of_code::day_2::tests_p1::test_sample ... ok
[INFO] [stdout] test advent_of_code::day_11::tests::test_parsing_monkey::test_parsing_monkey ... ok
[INFO] [stdout] test advent_of_code::day_2::tests_p2::test_input ... ok
[INFO] [stdout] test advent_of_code::day_2::tests_p1::test_input ... ok
[INFO] [stdout] test advent_of_code::day_2::tests_p2::test_sample ... ok
[INFO] [stdout] test advent_of_code::day_3::tests::test_ordval ... ok
[INFO] [stdout] test advent_of_code::day_3::tests::test_p_2 ... ok
[INFO] [stdout] test advent_of_code::day_4::tests::test_p_1 ... ok
[INFO] [stdout] test advent_of_code::day_4::tests::test_p_1_sample ... ok
[INFO] [stdout] test advent_of_code::day_4::tests::test_p_2 ... ok
[INFO] [stdout] test advent_of_code::day_4::tests::test_p_2_sample ... ok
[INFO] [stdout] test advent_of_code::day_3::tests::test_p_2_sample ... ok
[INFO] [stdout] test advent_of_code::day_11::tests::test_sample_p1::test_sample_p1 ... ok
[INFO] [stdout] test advent_of_code::day_6::tests::test_find_marker::_10_nznrnfrfntjfmvfwmzdfjlvtqnbhcprsg_4_expects ... ok
[INFO] [stdout] test advent_of_code::day_3::tests::test_p_1 ... ok
[INFO] [stdout] test advent_of_code::day_1::tests::test_1p2 ... FAILED
[INFO] [stdout] test advent_of_code::day_11::tests::test_day_11::test_day_11 ... ok
[INFO] [stdout] test advent_of_code::day_6::tests::test_find_marker::_11_zcfzfwzzqfrljwzlrfnpqdbhtmscgvjw_4_expects ... ok
[INFO] [stdout] test advent_of_code::day_1::tests::solution_1p1 ... FAILED
[INFO] [stdout] test advent_of_code::day_5::tests::test_p_2 ... FAILED
[INFO] [stdout] test advent_of_code::day_6::tests::test_find_marker::_5_bvwbjplbgvbhsrlpgdmjqwftvncz_4_expects ... ok
[INFO] [stdout] test advent_of_code::day_6::tests::test_find_marker::_7_mjqjpqmgbljsphdztnvjfqwrcgsmlb_4_expects ... ok
[INFO] [stdout] test advent_of_code::day_6::tests::test_find_marker::_2334_input_14_expects ... ok
[INFO] [stdout] test advent_of_code::day_11::tests::test_parsing_monkeys_sample::test_parsing_monkeys_sample ... ok
[INFO] [stdout] test advent_of_code::day_6::tests::test_find_marker::_6_nppdvjthqldpwncqszvftbrmjlhg_4_expects ... ok
[INFO] [stdout] test advent_of_code::day_5::tests::test_p_1 ... FAILED
[INFO] [stdout] test advent_of_code::day_9::tests::test_a::r_r_4_u_4_l_3_d_1_r_4_d_1_l_5_r_2_13_expects ... ok
[INFO] [stdout] test advent_of_code::day_8::tests::test_line_type_file::r_30373_25512_65332_33549_35390_21_expects ... ok
[INFO] [stdout] test leetcode::lc_1232::tests::straight_line ... ok
[INFO] [stdout] test leetcode::lc_13::tests::test::_lviii_58_expects ... ok
[INFO] [stdout] test leetcode::lc_20::tests::test::vec_1_2_5_8_vec_3_5_6_9_vec_1_2_3_5_5_6_8_9_expects ... ok
[INFO] [stdout] test leetcode::lc_20::tests::test::vec_1_vec_3_vec_1_3_expects ... ok
[INFO] [stdout] test advent_of_code::day_9::tests::test_p_2_sample::test_p_2_sample ... ok
[INFO] [stdout] test leetcode::lc_20::tests::test::vec_1_vec_0_vec_0_1_expects ... ok
[INFO] [stdout] test leetcode::lc_20::tests::test::vec_vec_vec_expects ... ok
[INFO] [stdout] test leetcode::lc_13::tests::test::_iii_3_expects ... ok
[INFO] [stdout] test leetcode::lc_20::tests::test::vec_vec_0_vec_0_expects ... ok
[INFO] [stdout] test advent_of_code::day_8::tests::test_input_file::input_1803_expects ... ok
[INFO] [stdout] test leetcode::lc_28::tests::test_first_index::_akarsh_rs_3_expects ... ok
[INFO] [stdout] test leetcode::lc_35::tests::test_pal_num::vec_1_2_2_1_expects ... ok
[INFO] [stdout] test leetcode::lc_28::tests::test_first_index::_leetcode_leeto_1_expects ... ok
[INFO] [stdout] test leetcode::lc_35::tests::test_pal_num::vec_1_2_1_expects ... ok
[INFO] [stdout] test leetcode::lc_28::tests::test_first_index::_sadbutsad_sad_0_expects ... ok
[INFO] [stdout] test leetcode::lc_13::tests::test::_mcmxciv_1994_expects ... ok
[INFO] [stdout] test leetcode::lc_28::tests::test_first_index::_mississippi_issip_4_expects ... ok
[INFO] [stdout] test leetcode::lc_35::tests::test_pal_num::vec_1_2_3_3_2_expects ... ok
[INFO] [stdout] test leetcode::lc_3::tests::test_answer ... ok
[INFO] [stdout] test leetcode::lc_35::tests::test_pal_num::vec_1_3_5_6_7_4_expects ... ok
[INFO] [stdout] test leetcode::lc_35::tests::test_pal_num::vec_2_1_0_expects ... ok
[INFO] [stdout] test leetcode::lc_67::tests::test::_1010_1011_10101_to_string_expects ... ok
[INFO] [stdout] test leetcode::lc_67::tests::test::_11_1_100_to_string_expects ... ok
[INFO] [stdout] test leetcode::lc_6::tests::test_answer ... ok
[INFO] [stdout] test leetcode::lc_9::tests::test_pal_num::_10_false_expects ... ok
[INFO] [stdout] test leetcode::lc_35::tests::test_pal_num::vec_1_3_5_4_2_expects ... ok
[INFO] [stdout] test leetcode::lc_9::tests::test_pal_num::_121_false_expects ... ok
[INFO] [stdout] test leetcode::lc_35::tests::test_pal_num::vec_1_3_5_6_2_1_expects ... ok
[INFO] [stdout] test leetcode::lc_35::tests::test_pal_num::vec_1_3_5_6_5_2_expects ... ok
[INFO] [stdout] test advent_of_code::day_9::tests::test_p_1::input_expects ... ok
[INFO] [stdout] test leetcode::lc_67::tests::test::_0_0_0_to_string_expects ... ok
[INFO] [stdout] test leetcode::lc_67::tests::test::_0_1_1_to_string_expects ... ok
[INFO] [stdout] test leetcode::lc_9::tests::test_pal_num::_121_true_expects ... ok
[INFO] [stdout] test advent_of_code::day_9::tests::test_p_2::test_p_2 ... ok
[INFO] [stdout] 
[INFO] [stdout] failures:
[INFO] [stdout] 
[INFO] [stdout] ---- advent_of_code::day_1::tests::test_1p2 stdout ----
[INFO] [stdout] thread 'advent_of_code::day_1::tests::test_1p2' panicked at src/advent_of_code/day_1.rs:60:85:
[INFO] [stdout] called `Result::unwrap()` on an `Err` value: Os { code: 2, kind: NotFound, message: "No such file or directory" }
[INFO] [stdout] stack backtrace:
[INFO] [stdout]    0:     0x55f7f7020ed6 - std::backtrace_rs::backtrace::libunwind::trace::h261606ad26a499c1
[INFO] [stdout]                                at /rustc/0e09125c6c3c2fd70d7de961bcf0e51575235fad/library/std/src/../../backtrace/src/backtrace/libunwind.rs:104:5
[INFO] [stdout]    1:     0x55f7f7020ed6 - std::backtrace_rs::backtrace::trace_unsynchronized::hd183f0625477fb28
[INFO] [stdout]                                at /rustc/0e09125c6c3c2fd70d7de961bcf0e51575235fad/library/std/src/../../backtrace/src/backtrace/mod.rs:66:5
[INFO] [stdout]    2:     0x55f7f7020ed6 - std::sys_common::backtrace::_print_fmt::hd7f8fef21b4eda67
[INFO] [stdout]                                at /rustc/0e09125c6c3c2fd70d7de961bcf0e51575235fad/library/std/src/sys_common/backtrace.rs:68:5
[INFO] [stdout]    3:     0x55f7f7020ed6 - <std::sys_common::backtrace::_print::DisplayBacktrace as core::fmt::Display>::fmt::h623d9b51f2f453f1
[INFO] [stdout]                                at /rustc/0e09125c6c3c2fd70d7de961bcf0e51575235fad/library/std/src/sys_common/backtrace.rs:44:22
[INFO] [stdout]    4:     0x55f7f704a200 - core::fmt::rt::Argument::fmt::h9f417ac76a86f368
[INFO] [stdout]                                at /rustc/0e09125c6c3c2fd70d7de961bcf0e51575235fad/library/core/src/fmt/rt.rs:142:9
[INFO] [stdout]    5:     0x55f7f704a200 - core::fmt::write::hc9b6faf4ac2aeff7
[INFO] [stdout]                                at /rustc/0e09125c6c3c2fd70d7de961bcf0e51575235fad/library/core/src/fmt/mod.rs:1120:17
[INFO] [stdout]    6:     0x55f7f701e93f - std::io::Write::write_fmt::he04625a3a989fec3
[INFO] [stdout]                                at /rustc/0e09125c6c3c2fd70d7de961bcf0e51575235fad/library/std/src/io/mod.rs:1810:15
[INFO] [stdout]    7:     0x55f7f7020cb4 - std::sys_common::backtrace::_print::hd5d66399c7df88a2
[INFO] [stdout]                                at /rustc/0e09125c6c3c2fd70d7de961bcf0e51575235fad/library/std/src/sys_common/backtrace.rs:47:5
[INFO] [stdout]    8:     0x55f7f7020cb4 - std::sys_common::backtrace::print::he81ed2da642d37e5
[INFO] [stdout]                                at /rustc/0e09125c6c3c2fd70d7de961bcf0e51575235fad/library/std/src/sys_common/backtrace.rs:34:9
[INFO] [stdout]    9:     0x55f7f7022a27 - std::panicking::default_hook::{{closure}}::h85773f4fa117163d
[INFO] [stdout]   10:     0x55f7f702270d - std::panicking::default_hook::h6a1694a91d09b278
[INFO] [stdout]                                at /rustc/0e09125c6c3c2fd70d7de961bcf0e51575235fad/library/std/src/panicking.rs:289:9
[INFO] [stdout]   11:     0x55f7f6e1c947 - <alloc::boxed::Box<F,A> as core::ops::function::Fn<Args>>::call::h616ac37fa3cd6c8f
[INFO] [stdout]                                at /rustc/0e09125c6c3c2fd70d7de961bcf0e51575235fad/library/alloc/src/boxed.rs:2029:9
[INFO] [stdout]   12:     0x55f7f6e1c947 - test::test_main::{{closure}}::h00d84697cefdcbb6
[INFO] [stdout]                                at /rustc/0e09125c6c3c2fd70d7de961bcf0e51575235fad/library/test/src/lib.rs:138:21
[INFO] [stdout]   13:     0x55f7f7023046 - <alloc::boxed::Box<F,A> as core::ops::function::Fn<Args>>::call::hcb3fe3b9bb537ba8
[INFO] [stdout]                                at /rustc/0e09125c6c3c2fd70d7de961bcf0e51575235fad/library/alloc/src/boxed.rs:2029:9
[INFO] [stdout]   14:     0x55f7f7023046 - std::panicking::rust_panic_with_hook::h0a7ad96e90f7145b
[INFO] [stdout]                                at /rustc/0e09125c6c3c2fd70d7de961bcf0e51575235fad/library/std/src/panicking.rs:783:13
[INFO] [stdout]   15:     0x55f7f7022d92 - std::panicking::begin_panic_handler::{{closure}}::h7919090525c6485e
[INFO] [stdout]                                at /rustc/0e09125c6c3c2fd70d7de961bcf0e51575235fad/library/std/src/panicking.rs:657:13
[INFO] [stdout]   16:     0x55f7f70213d6 - std::sys_common::backtrace::__rust_end_short_backtrace::hf3289479464f7dfe
[INFO] [stdout]                                at /rustc/0e09125c6c3c2fd70d7de961bcf0e51575235fad/library/std/src/sys_common/backtrace.rs:171:18
[INFO] [stdout]   17:     0x55f7f7022af0 - rust_begin_unwind
[INFO] [stdout]                                at /rustc/0e09125c6c3c2fd70d7de961bcf0e51575235fad/library/std/src/panicking.rs:645:5
[INFO] [stdout]   18:     0x55f7f6da1285 - core::panicking::panic_fmt::hcc9f77c5c132af55
[INFO] [stdout]                                at /rustc/0e09125c6c3c2fd70d7de961bcf0e51575235fad/library/core/src/panicking.rs:72:14
[INFO] [stdout]   19:     0x55f7f6da1863 - core::result::unwrap_failed::hbe14f498be1452f9
[INFO] [stdout]                                at /rustc/0e09125c6c3c2fd70d7de961bcf0e51575235fad/library/core/src/result.rs:1649:5
[INFO] [stdout]   20:     0x55f7f6dcd8d2 - core::result::Result<T,E>::unwrap::hd1547065635f5fb2
[INFO] [stdout]                                at /rustc/0e09125c6c3c2fd70d7de961bcf0e51575235fad/library/core/src/result.rs:1073:23
[INFO] [stdout]   21:     0x55f7f6de1b7d - advent_of_code::advent_of_code::day_1::tests::test_1p2::h0d1f0049c2938eae
[INFO] [stdout]                                at /opt/rustwide/workdir/src/advent_of_code/day_1.rs:60:13
[INFO] [stdout]   22:     0x55f7f6de1b27 - advent_of_code::advent_of_code::day_1::tests::test_1p2::{{closure}}::h29466082a82e583a
[INFO] [stdout]                                at /opt/rustwide/workdir/src/advent_of_code/day_1.rs:58:18
[INFO] [stdout]   23:     0x55f7f6dd6c76 - core::ops::function::FnOnce::call_once::h9514b051f513c898
[INFO] [stdout]                                at /rustc/0e09125c6c3c2fd70d7de961bcf0e51575235fad/library/core/src/ops/function.rs:250:5
[INFO] [stdout]   24:     0x55f7f6e2221f - core::ops::function::FnOnce::call_once::hd64d26f405258157
[INFO] [stdout]                                at /rustc/0e09125c6c3c2fd70d7de961bcf0e51575235fad/library/core/src/ops/function.rs:250:5
[INFO] [stdout]   25:     0x55f7f6e2221f - test::__rust_begin_short_backtrace::he21b0b7a6d731bf9
[INFO] [stdout]                                at /rustc/0e09125c6c3c2fd70d7de961bcf0e51575235fad/library/test/src/lib.rs:627:18
[INFO] [stdout]   26:     0x55f7f6e20fa1 - test::run_test_in_process::{{closure}}::hf5c73986d7bdfde2
[INFO] [stdout]                                at /rustc/0e09125c6c3c2fd70d7de961bcf0e51575235fad/library/test/src/lib.rs:650:60
[INFO] [stdout]   27:     0x55f7f6e20fa1 - <core::panic::unwind_safe::AssertUnwindSafe<F> as core::ops::function::FnOnce<()>>::call_once::h330011ad032aadc0
[INFO] [stdout]                                at /rustc/0e09125c6c3c2fd70d7de961bcf0e51575235fad/library/core/src/panic/unwind_safe.rs:272:9
[INFO] [stdout]   28:     0x55f7f6e20fa1 - std::panicking::try::do_call::he61b0a958b795a41
[INFO] [stdout]                                at /rustc/0e09125c6c3c2fd70d7de961bcf0e51575235fad/library/std/src/panicking.rs:552:40
[INFO] [stdout]   29:     0x55f7f6e20fa1 - std::panicking::try::h7309da130f906eb7
[INFO] [stdout]                                at /rustc/0e09125c6c3c2fd70d7de961bcf0e51575235fad/library/std/src/panicking.rs:516:19
[INFO] [stdout]   30:     0x55f7f6e20fa1 - std::panic::catch_unwind::hc5c3a06fdaf0a92a
[INFO] [stdout]                                at /rustc/0e09125c6c3c2fd70d7de961bcf0e51575235fad/library/std/src/panic.rs:142:14
[INFO] [stdout]   31:     0x55f7f6e20fa1 - test::run_test_in_process::h7e7b7c71c3324e0f
[INFO] [stdout]                                at /rustc/0e09125c6c3c2fd70d7de961bcf0e51575235fad/library/test/src/lib.rs:650:27
[INFO] [stdout]   32:     0x55f7f6e20fa1 - test::run_test::{{closure}}::h1f509f28f5cf20b1
[INFO] [stdout]                                at /rustc/0e09125c6c3c2fd70d7de961bcf0e51575235fad/library/test/src/lib.rs:573:43
[INFO] [stdout]   33:     0x55f7f6de82d6 - test::run_test::{{closure}}::h1754218abf443f6d
[INFO] [stdout]                                at /rustc/0e09125c6c3c2fd70d7de961bcf0e51575235fad/library/test/src/lib.rs:601:41
[INFO] [stdout]   34:     0x55f7f6de82d6 - std::sys_common::backtrace::__rust_begin_short_backtrace::h2ee174b9d5954948
[INFO] [stdout]                                at /rustc/0e09125c6c3c2fd70d7de961bcf0e51575235fad/library/std/src/sys_common/backtrace.rs:155:18
[INFO] [stdout]   35:     0x55f7f6ded337 - std::thread::Builder::spawn_unchecked_::{{closure}}::{{closure}}::hf60bee9c1a17ef09
[INFO] [stdout]                                at /rustc/0e09125c6c3c2fd70d7de961bcf0e51575235fad/library/std/src/thread/mod.rs:529:17
[INFO] [stdout]   36:     0x55f7f6ded337 - <core::panic::unwind_safe::AssertUnwindSafe<F> as core::ops::function::FnOnce<()>>::call_once::h33d0dddec5216160
[INFO] [stdout]                                at /rustc/0e09125c6c3c2fd70d7de961bcf0e51575235fad/library/core/src/panic/unwind_safe.rs:272:9
[INFO] [stdout]   37:     0x55f7f6ded337 - std::panicking::try::do_call::h144b3048b546f835
[INFO] [stdout]                                at /rustc/0e09125c6c3c2fd70d7de961bcf0e51575235fad/library/std/src/panicking.rs:552:40
[INFO] [stdout]   38:     0x55f7f6ded337 - std::panicking::try::h978244d04646189f
[INFO] [stdout]                                at /rustc/0e09125c6c3c2fd70d7de961bcf0e51575235fad/library/std/src/panicking.rs:516:19
[INFO] [stdout]   39:     0x55f7f6ded337 - std::panic::catch_unwind::hdf436369d188fe86
[INFO] [stdout]                                at /rustc/0e09125c6c3c2fd70d7de961bcf0e51575235fad/library/std/src/panic.rs:142:14
[INFO] [stdout]   40:     0x55f7f6ded337 - std::thread::Builder::spawn_unchecked_::{{closure}}::h87329cbdd33c79ec
[INFO] [stdout]                                at /rustc/0e09125c6c3c2fd70d7de961bcf0e51575235fad/library/std/src/thread/mod.rs:528:30
[INFO] [stdout]   41:     0x55f7f6ded337 - core::ops::function::FnOnce::call_once{{vtable.shim}}::h401abbe67897d450
[INFO] [stdout]                                at /rustc/0e09125c6c3c2fd70d7de961bcf0e51575235fad/library/core/src/ops/function.rs:250:5
[INFO] [stdout]   42:     0x55f7f7027af5 - <alloc::boxed::Box<F,A> as core::ops::function::FnOnce<Args>>::call_once::h5d7c8f150ab9c84c
[INFO] [stdout]                                at /rustc/0e09125c6c3c2fd70d7de961bcf0e51575235fad/library/alloc/src/boxed.rs:2015:9
[INFO] [stdout]   43:     0x55f7f7027af5 - <alloc::boxed::Box<F,A> as core::ops::function::FnOnce<Args>>::call_once::h570d5b005c242c15
[INFO] [stdout]                                at /rustc/0e09125c6c3c2fd70d7de961bcf0e51575235fad/library/alloc/src/boxed.rs:2015:9
[INFO] [stdout]   44:     0x55f7f7027af5 - std::sys::unix::thread::Thread::new::thread_start::h36b0a20c0b2361ad
[INFO] [stdout]                                at /rustc/0e09125c6c3c2fd70d7de961bcf0e51575235fad/library/std/src/sys/unix/thread.rs:108:17
[INFO] [stdout]   45:     0x7f94271edac3 - <unknown>
[INFO] [stdout]   46:     0x7f942727ebf4 - __clone
[INFO] [stdout]   47:                0x0 - <unknown>
[INFO] [stdout] 
[INFO] [stdout] ---- advent_of_code::day_1::tests::solution_1p1 stdout ----
[INFO] [stdout] thread 'advent_of_code::day_1::tests::solution_1p1' panicked at src/advent_of_code/day_1.rs:47:85:
[INFO] [stdout] called `Result::unwrap()` on an `Err` value: Os { code: 2, kind: NotFound, message: "No such file or directory" }
[INFO] [stdout] stack backtrace:
[INFO] [stdout]    0:     0x55f7f7020ed6 - std::backtrace_rs::backtrace::libunwind::trace::h261606ad26a499c1
[INFO] [stdout]                                at /rustc/0e09125c6c3c2fd70d7de961bcf0e51575235fad/library/std/src/../../backtrace/src/backtrace/libunwind.rs:104:5
[INFO] [stdout]    1:     0x55f7f7020ed6 - std::backtrace_rs::backtrace::trace_unsynchronized::hd183f0625477fb28
[INFO] [stdout]                                at /rustc/0e09125c6c3c2fd70d7de961bcf0e51575235fad/library/std/src/../../backtrace/src/backtrace/mod.rs:66:5
[INFO] [stdout]    2:     0x55f7f7020ed6 - std::sys_common::backtrace::_print_fmt::hd7f8fef21b4eda67
[INFO] [stdout]                                at /rustc/0e09125c6c3c2fd70d7de961bcf0e51575235fad/library/std/src/sys_common/backtrace.rs:68:5
[INFO] [stdout]    3:     0x55f7f7020ed6 - <std::sys_common::backtrace::_print::DisplayBacktrace as core::fmt::Display>::fmt::h623d9b51f2f453f1
[INFO] [stdout]                                at /rustc/0e09125c6c3c2fd70d7de961bcf0e51575235fad/library/std/src/sys_common/backtrace.rs:44:22
[INFO] [stdout]    4:     0x55f7f704a200 - core::fmt::rt::Argument::fmt::h9f417ac76a86f368
[INFO] [stdout]                                at /rustc/0e09125c6c3c2fd70d7de961bcf0e51575235fad/library/core/src/fmt/rt.rs:142:9
[INFO] [stdout]    5:     0x55f7f704a200 - core::fmt::write::hc9b6faf4ac2aeff7
[INFO] [stdout]                                at /rustc/0e09125c6c3c2fd70d7de961bcf0e51575235fad/library/core/src/fmt/mod.rs:1120:17
[INFO] [stdout]    6:     0x55f7f701e93f - std::io::Write::write_fmt::he04625a3a989fec3
[INFO] [stdout]                                at /rustc/0e09125c6c3c2fd70d7de961bcf0e51575235fad/library/std/src/io/mod.rs:1810:15
[INFO] [stdout]    7:     0x55f7f7020cb4 - std::sys_common::backtrace::_print::hd5d66399c7df88a2
[INFO] [stdout]                                at /rustc/0e09125c6c3c2fd70d7de961bcf0e51575235fad/library/std/src/sys_common/backtrace.rs:47:5
[INFO] [stdout]    8:     0x55f7f7020cb4 - std::sys_common::backtrace::print::he81ed2da642d37e5
[INFO] [stdout]                                at /rustc/0e09125c6c3c2fd70d7de961bcf0e51575235fad/library/std/src/sys_common/backtrace.rs:34:9
[INFO] [stdout]    9:     0x55f7f7022a27 - std::panicking::default_hook::{{closure}}::h85773f4fa117163d
[INFO] [stdout]   10:     0x55f7f702270d - std::panicking::default_hook::h6a1694a91d09b278
[INFO] [stdout]                                at /rustc/0e09125c6c3c2fd70d7de961bcf0e51575235fad/library/std/src/panicking.rs:289:9
[INFO] [stdout]   11:     0x55f7f6e1c947 - <alloc::boxed::Box<F,A> as core::ops::function::Fn<Args>>::call::h616ac37fa3cd6c8f
[INFO] [stdout]                                at /rustc/0e09125c6c3c2fd70d7de961bcf0e51575235fad/library/alloc/src/boxed.rs:2029:9
[INFO] [stdout]   12:     0x55f7f6e1c947 - test::test_main::{{closure}}::h00d84697cefdcbb6
[INFO] [stdout]                                at /rustc/0e09125c6c3c2fd70d7de961bcf0e51575235fad/library/test/src/lib.rs:138:21
[INFO] [stdout]   13:     0x55f7f7023046 - <alloc::boxed::Box<F,A> as core::ops::function::Fn<Args>>::call::hcb3fe3b9bb537ba8
[INFO] [stdout]                                at /rustc/0e09125c6c3c2fd70d7de961bcf0e51575235fad/library/alloc/src/boxed.rs:2029:9
[INFO] [stdout]   14:     0x55f7f7023046 - std::panicking::rust_panic_with_hook::h0a7ad96e90f7145b
[INFO] [stdout]                                at /rustc/0e09125c6c3c2fd70d7de961bcf0e51575235fad/library/std/src/panicking.rs:783:13
[INFO] [stdout]   15:     0x55f7f7022d92 - std::panicking::begin_panic_handler::{{closure}}::h7919090525c6485e
[INFO] [stdout]                                at /rustc/0e09125c6c3c2fd70d7de961bcf0e51575235fad/library/std/src/panicking.rs:657:13
[INFO] [stdout]   16:     0x55f7f70213d6 - std::sys_common::backtrace::__rust_end_short_backtrace::hf3289479464f7dfe
[INFO] [stdout]                                at /rustc/0e09125c6c3c2fd70d7de961bcf0e51575235fad/library/std/src/sys_common/backtrace.rs:171:18
[INFO] [stdout]   17:     0x55f7f7022af0 - rust_begin_unwind
[INFO] [stdout]                                at /rustc/0e09125c6c3c2fd70d7de961bcf0e51575235fad/library/std/src/panicking.rs:645:5
[INFO] [stdout]   18:     0x55f7f6da1285 - core::panicking::panic_fmt::hcc9f77c5c132af55
[INFO] [stdout]                                at /rustc/0e09125c6c3c2fd70d7de961bcf0e51575235fad/library/core/src/panicking.rs:72:14
[INFO] [stdout]   19:     0x55f7f6da1863 - core::result::unwrap_failed::hbe14f498be1452f9
[INFO] [stdout]                                at /rustc/0e09125c6c3c2fd70d7de961bcf0e51575235fad/library/core/src/result.rs:1649:5
[INFO] [stdout]   20:     0x55f7f6dcd8d2 - core::result::Result<T,E>::unwrap::hd1547065635f5fb2
[INFO] [stdout]                                at /rustc/0e09125c6c3c2fd70d7de961bcf0e51575235fad/library/core/src/result.rs:1073:23
[INFO] [stdout]   21:     0x55f7f6de191d - advent_of_code::advent_of_code::day_1::tests::solution_1p1::h841e32ebddc5205f
[INFO] [stdout]                                at /opt/rustwide/workdir/src/advent_of_code/day_1.rs:47:13
[INFO] [stdout]   22:     0x55f7f6de18c7 - advent_of_code::advent_of_code::day_1::tests::solution_1p1::{{closure}}::he67bf7729bdec4af
[INFO] [stdout]                                at /opt/rustwide/workdir/src/advent_of_code/day_1.rs:45:22
[INFO] [stdout]   23:     0x55f7f6dd6fc6 - core::ops::function::FnOnce::call_once::hb9f1a6dc2b073924
[INFO] [stdout]                                at /rustc/0e09125c6c3c2fd70d7de961bcf0e51575235fad/library/core/src/ops/function.rs:250:5
[INFO] [stdout]   24:     0x55f7f6e2221f - core::ops::function::FnOnce::call_once::hd64d26f405258157
[INFO] [stdout]                                at /rustc/0e09125c6c3c2fd70d7de961bcf0e51575235fad/library/core/src/ops/function.rs:250:5
[INFO] [stdout]   25:     0x55f7f6e2221f - test::__rust_begin_short_backtrace::he21b0b7a6d731bf9
[INFO] [stdout]                                at /rustc/0e09125c6c3c2fd70d7de961bcf0e51575235fad/library/test/src/lib.rs:627:18
[INFO] [stdout]   26:     0x55f7f6e20fa1 - test::run_test_in_process::{{closure}}::hf5c73986d7bdfde2
[INFO] [stdout]                                at /rustc/0e09125c6c3c2fd70d7de961bcf0e51575235fad/library/test/src/lib.rs:650:60
[INFO] [stdout]   27:     0x55f7f6e20fa1 - <core::panic::unwind_safe::AssertUnwindSafe<F> as core::ops::function::FnOnce<()>>::call_once::h330011ad032aadc0
[INFO] [stdout]                                at /rustc/0e09125c6c3c2fd70d7de961bcf0e51575235fad/library/core/src/panic/unwind_safe.rs:272:9
[INFO] [stdout]   28:     0x55f7f6e20fa1 - std::panicking::try::do_call::he61b0a958b795a41
[INFO] [stdout]                                at /rustc/0e09125c6c3c2fd70d7de961bcf0e51575235fad/library/std/src/panicking.rs:552:40
[INFO] [stdout]   29:     0x55f7f6e20fa1 - std::panicking::try::h7309da130f906eb7
[INFO] [stdout]                                at /rustc/0e09125c6c3c2fd70d7de961bcf0e51575235fad/library/std/src/panicking.rs:516:19
[INFO] [stdout]   30:     0x55f7f6e20fa1 - std::panic::catch_unwind::hc5c3a06fdaf0a92a
[INFO] [stdout]                                at /rustc/0e09125c6c3c2fd70d7de961bcf0e51575235fad/library/std/src/panic.rs:142:14
[INFO] [stdout]   31:     0x55f7f6e20fa1 - test::run_test_in_process::h7e7b7c71c3324e0f
[INFO] [stdout]                                at /rustc/0e09125c6c3c2fd70d7de961bcf0e51575235fad/library/test/src/lib.rs:650:27
[INFO] [stdout]   32:     0x55f7f6e20fa1 - test::run_test::{{closure}}::h1f509f28f5cf20b1
[INFO] [stdout]                                at /rustc/0e09125c6c3c2fd70d7de961bcf0e51575235fad/library/test/src/lib.rs:573:43
[INFO] [stdout]   33:     0x55f7f6de82d6 - test::run_test::{{closure}}::h1754218abf443f6d
[INFO] [stdout]                                at /rustc/0e09125c6c3c2fd70d7de961bcf0e51575235fad/library/test/src/lib.rs:601:41
[INFO] [stdout]   34:     0x55f7f6de82d6 - std::sys_common::backtrace::__rust_begin_short_backtrace::h2ee174b9d5954948
[INFO] [stdout]                                at /rustc/0e09125c6c3c2fd70d7de961bcf0e51575235fad/library/std/src/sys_common/backtrace.rs:155:18
[INFO] [stdout]   35:     0x55f7f6ded337 - std::thread::Builder::spawn_unchecked_::{{closure}}::{{closure}}::hf60bee9c1a17ef09
[INFO] [stdout]                                at /rustc/0e09125c6c3c2fd70d7de961bcf0e51575235fad/library/std/src/thread/mod.rs:529:17
[INFO] [stdout]   36:     0x55f7f6ded337 - <core::panic::unwind_safe::AssertUnwindSafe<F> as core::ops::function::FnOnce<()>>::call_once::h33d0dddec5216160
[INFO] [stdout]                                at /rustc/0e09125c6c3c2fd70d7de961bcf0e51575235fad/library/core/src/panic/unwind_safe.rs:272:9
[INFO] [stdout]   37:     0x55f7f6ded337 - std::panicking::try::do_call::h144b3048b546f835
[INFO] [stdout]                                at /rustc/0e09125c6c3c2fd70d7de961bcf0e51575235fad/library/std/src/panicking.rs:552:40
[INFO] [stdout]   38:     0x55f7f6ded337 - std::panicking::try::h978244d04646189f
[INFO] [stdout]                                at /rustc/0e09125c6c3c2fd70d7de961bcf0e51575235fad/library/std/src/panicking.rs:516:19
[INFO] [stdout]   39:     0x55f7f6ded337 - std::panic::catch_unwind::hdf436369d188fe86
[INFO] [stdout]                                at /rustc/0e09125c6c3c2fd70d7de961bcf0e51575235fad/library/std/src/panic.rs:142:14
[INFO] [stdout]   40:     0x55f7f6ded337 - std::thread::Builder::spawn_unchecked_::{{closure}}::h87329cbdd33c79ec
[INFO] [stdout]                                at /rustc/0e09125c6c3c2fd70d7de961bcf0e51575235fad/library/std/src/thread/mod.rs:528:30
[INFO] [stdout]   41:     0x55f7f6ded337 - core::ops::function::FnOnce::call_once{{vtable.shim}}::h401abbe67897d450
[INFO] [stdout]                                at /rustc/0e09125c6c3c2fd70d7de961bcf0e51575235fad/library/core/src/ops/function.rs:250:5
[INFO] [stdout]   42:     0x55f7f7027af5 - <alloc::boxed::Box<F,A> as core::ops::function::FnOnce<Args>>::call_once::h5d7c8f150ab9c84c
[INFO] [stdout]                                at /rustc/0e09125c6c3c2fd70d7de961bcf0e51575235fad/library/alloc/src/boxed.rs:2015:9
[INFO] [stdout]   43:     0x55f7f7027af5 - <alloc::boxed::Box<F,A> as core::ops::function::FnOnce<Args>>::call_once::h570d5b005c242c15
[INFO] [stdout]                                at /rustc/0e09125c6c3c2fd70d7de961bcf0e51575235fad/library/alloc/src/boxed.rs:2015:9
[INFO] [stdout]   44:     0x55f7f7027af5 - std::sys::unix::thread::Thread::new::thread_start::h36b0a20c0b2361ad
[INFO] [stdout]                                at /rustc/0e09125c6c3c2fd70d7de961bcf0e51575235fad/library/std/src/sys/unix/thread.rs:108:17
[INFO] [stdout]   45:     0x7f94271edac3 - <unknown>
[INFO] [stdout]   46:     0x7f942727ebf4 - __clone
[INFO] [stdout]   47:                0x0 - <unknown>
[INFO] [stdout] 
[INFO] [stdout] ---- advent_of_code::day_5::tests::test_p_2 stdout ----
[INFO] [stdout] thread 'advent_of_code::day_5::tests::test_p_2' panicked at src/advent_of_code/day_5.rs:27:66:
[INFO] [stdout] called `Option::unwrap()` on a `None` value
[INFO] [stdout] stack backtrace:
[INFO] [stdout]    0:     0x55f7f7020ed6 - std::backtrace_rs::backtrace::libunwind::trace::h261606ad26a499c1
[INFO] [stdout]                                at /rustc/0e09125c6c3c2fd70d7de961bcf0e51575235fad/library/std/src/../../backtrace/src/backtrace/libunwind.rs:104:5
[INFO] [stdout]    1:     0x55f7f7020ed6 - std::backtrace_rs::backtrace::trace_unsynchronized::hd183f0625477fb28
[INFO] [stdout]                                at /rustc/0e09125c6c3c2fd70d7de961bcf0e51575235fad/library/std/src/../../backtrace/src/backtrace/mod.rs:66:5
[INFO] [stdout]    2:     0x55f7f7020ed6 - std::sys_common::backtrace::_print_fmt::hd7f8fef21b4eda67
[INFO] [stdout]                                at /rustc/0e09125c6c3c2fd70d7de961bcf0e51575235fad/library/std/src/sys_common/backtrace.rs:68:5
[INFO] [stdout]    3:     0x55f7f7020ed6 - <std::sys_common::backtrace::_print::DisplayBacktrace as core::fmt::Display>::fmt::h623d9b51f2f453f1
[INFO] [stdout]                                at /rustc/0e09125c6c3c2fd70d7de961bcf0e51575235fad/library/std/src/sys_common/backtrace.rs:44:22
[INFO] [stdout]    4:     0x55f7f704a200 - core::fmt::rt::Argument::fmt::h9f417ac76a86f368
[INFO] [stdout]                                at /rustc/0e09125c6c3c2fd70d7de961bcf0e51575235fad/library/core/src/fmt/rt.rs:142:9
[INFO] [stdout]    5:     0x55f7f704a200 - core::fmt::write::hc9b6faf4ac2aeff7
[INFO] [stdout]                                at /rustc/0e09125c6c3c2fd70d7de961bcf0e51575235fad/library/core/src/fmt/mod.rs:1120:17
[INFO] [stdout]    6:     0x55f7f701e93f - std::io::Write::write_fmt::he04625a3a989fec3
[INFO] [stdout]                                at /rustc/0e09125c6c3c2fd70d7de961bcf0e51575235fad/library/std/src/io/mod.rs:1810:15
[INFO] [stdout]    7:     0x55f7f7020cb4 - std::sys_common::backtrace::_print::hd5d66399c7df88a2
[INFO] [stdout]                                at /rustc/0e09125c6c3c2fd70d7de961bcf0e51575235fad/library/std/src/sys_common/backtrace.rs:47:5
[INFO] [stdout]    8:     0x55f7f7020cb4 - std::sys_common::backtrace::print::he81ed2da642d37e5
[INFO] [stdout]                                at /rustc/0e09125c6c3c2fd70d7de961bcf0e51575235fad/library/std/src/sys_common/backtrace.rs:34:9
[INFO] [stdout]    9:     0x55f7f7022a27 - std::panicking::default_hook::{{closure}}::h85773f4fa117163d
[INFO] [stdout]   10:     0x55f7f702270d - std::panicking::default_hook::h6a1694a91d09b278
[INFO] [stdout]                                at /rustc/0e09125c6c3c2fd70d7de961bcf0e51575235fad/library/std/src/panicking.rs:289:9
[INFO] [stdout]   11:     0x55f7f6e1c947 - <alloc::boxed::Box<F,A> as core::ops::function::Fn<Args>>::call::h616ac37fa3cd6c8f
[INFO] [stdout]                                at /rustc/0e09125c6c3c2fd70d7de961bcf0e51575235fad/library/alloc/src/boxed.rs:2029:9
[INFO] [stdout]   12:     0x55f7f6e1c947 - test::test_main::{{closure}}::h00d84697cefdcbb6
[INFO] [stdout]                                at /rustc/0e09125c6c3c2fd70d7de961bcf0e51575235fad/library/test/src/lib.rs:138:21
[INFO] [stdout]   13:     0x55f7f7023046 - <alloc::boxed::Box<F,A> as core::ops::function::Fn<Args>>::call::hcb3fe3b9bb537ba8
[INFO] [stdout]                                at /rustc/0e09125c6c3c2fd70d7de961bcf0e51575235fad/library/alloc/src/boxed.rs:2029:9
[INFO] [stdout]   14:     0x55f7f7023046 - std::panicking::rust_panic_with_hook::h0a7ad96e90f7145b
[INFO] [stdout]                                at /rustc/0e09125c6c3c2fd70d7de961bcf0e51575235fad/library/std/src/panicking.rs:783:13
[INFO] [stdout]   15:     0x55f7f7022d59 - std::panicking::begin_panic_handler::{{closure}}::h7919090525c6485e
[INFO] [stdout]                                at /rustc/0e09125c6c3c2fd70d7de961bcf0e51575235fad/library/std/src/panicking.rs:649:13
[INFO] [stdout]   16:     0x55f7f70213d6 - std::sys_common::backtrace::__rust_end_short_backtrace::hf3289479464f7dfe
[INFO] [stdout]                                at /rustc/0e09125c6c3c2fd70d7de961bcf0e51575235fad/library/std/src/sys_common/backtrace.rs:171:18
[INFO] [stdout]   17:     0x55f7f7022af0 - rust_begin_unwind
[INFO] [stdout]                                at /rustc/0e09125c6c3c2fd70d7de961bcf0e51575235fad/library/std/src/panicking.rs:645:5
[INFO] [stdout]   18:     0x55f7f6da1285 - core::panicking::panic_fmt::hcc9f77c5c132af55
[INFO] [stdout]                                at /rustc/0e09125c6c3c2fd70d7de961bcf0e51575235fad/library/core/src/panicking.rs:72:14
[INFO] [stdout]   19:     0x55f7f6da1343 - core::panicking::panic::h5a1259c1164bd480
[INFO] [stdout]                                at /rustc/0e09125c6c3c2fd70d7de961bcf0e51575235fad/library/core/src/panicking.rs:144:5
[INFO] [stdout]   20:     0x55f7f6fd4d00 - core::option::Option<T>::unwrap::h0a76f5867ce87ba6
[INFO] [stdout]                                at /rustc/0e09125c6c3c2fd70d7de961bcf0e51575235fad/library/core/src/option.rs:931:21
[INFO] [stdout]   21:     0x55f7f6de6c7e - advent_of_code::advent_of_code::day_5::read_stacks::h677e439ed1c22646
[INFO] [stdout]                                at /opt/rustwide/workdir/src/advent_of_code/day_5.rs:27:24
[INFO] [stdout]   22:     0x55f7f6dc0204 - advent_of_code::advent_of_code::day_5::tests::test_p_2::hc45eac54e923a8d2
[INFO] [stdout]                                at /opt/rustwide/workdir/src/advent_of_code/day_5.rs:62:22
[INFO] [stdout]   23:     0x55f7f6dc01d7 - advent_of_code::advent_of_code::day_5::tests::test_p_2::{{closure}}::hfb930297ec81f54d
[INFO] [stdout]                                at /opt/rustwide/workdir/src/advent_of_code/day_5.rs:61:18
[INFO] [stdout]   24:     0x55f7f6dd6a46 - core::ops::function::FnOnce::call_once::h7d8d959a5e49a602
[INFO] [stdout]                                at /rustc/0e09125c6c3c2fd70d7de961bcf0e51575235fad/library/core/src/ops/function.rs:250:5
[INFO] [stdout]   25:     0x55f7f6e2221f - core::ops::function::FnOnce::call_once::hd64d26f405258157
[INFO] [stdout]                                at /rustc/0e09125c6c3c2fd70d7de961bcf0e51575235fad/library/core/src/ops/function.rs:250:5
[INFO] [stdout]   26:     0x55f7f6e2221f - test::__rust_begin_short_backtrace::he21b0b7a6d731bf9
[INFO] [stdout]                                at /rustc/0e09125c6c3c2fd70d7de961bcf0e51575235fad/library/test/src/lib.rs:627:18
[INFO] [stdout]   27:     0x55f7f6e20fa1 - test::run_test_in_process::{{closure}}::hf5c73986d7bdfde2
[INFO] [stdout]                                at /rustc/0e09125c6c3c2fd70d7de961bcf0e51575235fad/library/test/src/lib.rs:650:60
[INFO] [stdout]   28:     0x55f7f6e20fa1 - <core::panic::unwind_safe::AssertUnwindSafe<F> as core::ops::function::FnOnce<()>>::call_once::h330011ad032aadc0
[INFO] [stdout]                                at /rustc/0e09125c6c3c2fd70d7de961bcf0e51575235fad/library/core/src/panic/unwind_safe.rs:272:9
[INFO] [stdout]   29:     0x55f7f6e20fa1 - std::panicking::try::do_call::he61b0a958b795a41
[INFO] [stdout]                                at /rustc/0e09125c6c3c2fd70d7de961bcf0e51575235fad/library/std/src/panicking.rs:552:40
[INFO] [stdout]   30:     0x55f7f6e20fa1 - std::panicking::try::h7309da130f906eb7
[INFO] [stdout]                                at /rustc/0e09125c6c3c2fd70d7de961bcf0e51575235fad/library/std/src/panicking.rs:516:19
[INFO] [stdout]   31:     0x55f7f6e20fa1 - std::panic::catch_unwind::hc5c3a06fdaf0a92a
[INFO] [stdout]                                at /rustc/0e09125c6c3c2fd70d7de961bcf0e51575235fad/library/std/src/panic.rs:142:14
[INFO] [stdout]   32:     0x55f7f6e20fa1 - test::run_test_in_process::h7e7b7c71c3324e0f
[INFO] [stdout]                                at /rustc/0e09125c6c3c2fd70d7de961bcf0e51575235fad/library/test/src/lib.rs:650:27
[INFO] [stdout]   33:     0x55f7f6e20fa1 - test::run_test::{{closure}}::h1f509f28f5cf20b1
[INFO] [stdout]                                at /rustc/0e09125c6c3c2fd70d7de961bcf0e51575235fad/library/test/src/lib.rs:573:43
[INFO] [stdout]   34:     0x55f7f6de82d6 - test::run_test::{{closure}}::h1754218abf443f6d
[INFO] [stdout]                                at /rustc/0e09125c6c3c2fd70d7de961bcf0e51575235fad/library/test/src/lib.rs:601:41
[INFO] [stdout]   35:     0x55f7f6de82d6 - std::sys_common::backtrace::__rust_begin_short_backtrace::h2ee174b9d5954948
[INFO] [stdout]                                at /rustc/0e09125c6c3c2fd70d7de961bcf0e51575235fad/library/std/src/sys_common/backtrace.rs:155:18
[INFO] [stdout]   36:     0x55f7f6ded337 - std::thread::Builder::spawn_unchecked_::{{closure}}::{{closure}}::hf60bee9c1a17ef09
[INFO] [stdout]                                at /rustc/0e09125c6c3c2fd70d7de961bcf0e51575235fad/library/std/src/thread/mod.rs:529:17
[INFO] [stdout]   37:     0x55f7f6ded337 - <core::panic::unwind_safe::AssertUnwindSafe<F> as core::ops::function::FnOnce<()>>::call_once::h33d0dddec5216160
[INFO] [stdout]                                at /rustc/0e09125c6c3c2fd70d7de961bcf0e51575235fad/library/core/src/panic/unwind_safe.rs:272:9
[INFO] [stdout]   38:     0x55f7f6ded337 - std::panicking::try::do_call::h144b3048b546f835
[INFO] [stdout]                                at /rustc/0e09125c6c3c2fd70d7de961bcf0e51575235fad/library/std/src/panicking.rs:552:40
[INFO] [stdout]   39:     0x55f7f6ded337 - std::panicking::try::h978244d04646189f
[INFO] [stdout]                                at /rustc/0e09125c6c3c2fd70d7de961bcf0e51575235fad/library/std/src/panicking.rs:516:19
[INFO] [stdout]   40:     0x55f7f6ded337 - std::panic::catch_unwind::hdf436369d188fe86
[INFO] [stdout]                                at /rustc/0e09125c6c3c2fd70d7de961bcf0e51575235fad/library/std/src/panic.rs:142:14
[INFO] [stdout]   41:     0x55f7f6ded337 - std::thread::Builder::spawn_unchecked_::{{closure}}::h87329cbdd33c79ec
[INFO] [stdout]                                at /rustc/0e09125c6c3c2fd70d7de961bcf0e51575235fad/library/std/src/thread/mod.rs:528:30
[INFO] [stdout]   42:     0x55f7f6ded337 - core::ops::function::FnOnce::call_once{{vtable.shim}}::h401abbe67897d450
[INFO] [stdout]                                at /rustc/0e09125c6c3c2fd70d7de961bcf0e51575235fad/library/core/src/ops/function.rs:250:5
[INFO] [stdout]   43:     0x55f7f7027af5 - <alloc::boxed::Box<F,A> as core::ops::function::FnOnce<Args>>::call_once::h5d7c8f150ab9c84c
[INFO] [stdout]                                at /rustc/0e09125c6c3c2fd70d7de961bcf0e51575235fad/library/alloc/src/boxed.rs:2015:9
[INFO] [stdout]   44:     0x55f7f7027af5 - <alloc::boxed::Box<F,A> as core::ops::function::FnOnce<Args>>::call_once::h570d5b005c242c15
[INFO] [stdout]                                at /rustc/0e09125c6c3c2fd70d7de961bcf0e51575235fad/library/alloc/src/boxed.rs:2015:9
[INFO] [stdout]   45:     0x55f7f7027af5 - std::sys::unix::thread::Thread::new::thread_start::h36b0a20c0b2361ad
[INFO] [stdout]                                at /rustc/0e09125c6c3c2fd70d7de961bcf0e51575235fad/library/std/src/sys/unix/thread.rs:108:17
[INFO] [stdout]   46:     0x7f94271edac3 - <unknown>
[INFO] [stdout]   47:     0x7f942727ebf4 - __clone
[INFO] [stdout]   48:                0x0 - <unknown>
[INFO] [stdout] 
[INFO] [stdout] ---- advent_of_code::day_5::tests::test_p_1 stdout ----
[INFO] [stdout] thread 'advent_of_code::day_5::tests::test_p_1' panicked at src/advent_of_code/day_5.rs:27:66:
[INFO] [stdout] called `Option::unwrap()` on a `None` value
[INFO] [stdout] stack backtrace:
[INFO] [stdout]    0:     0x55f7f7020ed6 - std::backtrace_rs::backtrace::libunwind::trace::h261606ad26a499c1
[INFO] [stdout]                                at /rustc/0e09125c6c3c2fd70d7de961bcf0e51575235fad/library/std/src/../../backtrace/src/backtrace/libunwind.rs:104:5
[INFO] [stdout]    1:     0x55f7f7020ed6 - std::backtrace_rs::backtrace::trace_unsynchronized::hd183f0625477fb28
[INFO] [stdout]                                at /rustc/0e09125c6c3c2fd70d7de961bcf0e51575235fad/library/std/src/../../backtrace/src/backtrace/mod.rs:66:5
[INFO] [stdout]    2:     0x55f7f7020ed6 - std::sys_common::backtrace::_print_fmt::hd7f8fef21b4eda67
[INFO] [stdout]                                at /rustc/0e09125c6c3c2fd70d7de961bcf0e51575235fad/library/std/src/sys_common/backtrace.rs:68:5
[INFO] [stdout]    3:     0x55f7f7020ed6 - <std::sys_common::backtrace::_print::DisplayBacktrace as core::fmt::Display>::fmt::h623d9b51f2f453f1
[INFO] [stdout]                                at /rustc/0e09125c6c3c2fd70d7de961bcf0e51575235fad/library/std/src/sys_common/backtrace.rs:44:22
[INFO] [stdout]    4:     0x55f7f704a200 - core::fmt::rt::Argument::fmt::h9f417ac76a86f368
[INFO] [stdout]                                at /rustc/0e09125c6c3c2fd70d7de961bcf0e51575235fad/library/core/src/fmt/rt.rs:142:9
[INFO] [stdout]    5:     0x55f7f704a200 - core::fmt::write::hc9b6faf4ac2aeff7
[INFO] [stdout]                                at /rustc/0e09125c6c3c2fd70d7de961bcf0e51575235fad/library/core/src/fmt/mod.rs:1120:17
[INFO] [stdout]    6:     0x55f7f701e93f - std::io::Write::write_fmt::he04625a3a989fec3
[INFO] [stdout]                                at /rustc/0e09125c6c3c2fd70d7de961bcf0e51575235fad/library/std/src/io/mod.rs:1810:15
[INFO] [stdout]    7:     0x55f7f7020cb4 - std::sys_common::backtrace::_print::hd5d66399c7df88a2
[INFO] [stdout]                                at /rustc/0e09125c6c3c2fd70d7de961bcf0e51575235fad/library/std/src/sys_common/backtrace.rs:47:5
[INFO] [stdout]    8:     0x55f7f7020cb4 - std::sys_common::backtrace::print::he81ed2da642d37e5
[INFO] [stdout]                                at /rustc/0e09125c6c3c2fd70d7de961bcf0e51575235fad/library/std/src/sys_common/backtrace.rs:34:9
[INFO] [stdout]    9:     0x55f7f7022a27 - std::panicking::default_hook::{{closure}}::h85773f4fa117163d
[INFO] [stdout]   10:     0x55f7f702270d - std::panicking::default_hook::h6a1694a91d09b278
[INFO] [stdout]                                at /rustc/0e09125c6c3c2fd70d7de961bcf0e51575235fad/library/std/src/panicking.rs:289:9
[INFO] [stdout]   11:     0x55f7f6e1c947 - <alloc::boxed::Box<F,A> as core::ops::function::Fn<Args>>::call::h616ac37fa3cd6c8f
[INFO] [stdout]                                at /rustc/0e09125c6c3c2fd70d7de961bcf0e51575235fad/library/alloc/src/boxed.rs:2029:9
[INFO] [stdout]   12:     0x55f7f6e1c947 - test::test_main::{{closure}}::h00d84697cefdcbb6
[INFO] [stdout]                                at /rustc/0e09125c6c3c2fd70d7de961bcf0e51575235fad/library/test/src/lib.rs:138:21
[INFO] [stdout]   13:     0x55f7f7023046 - <alloc::boxed::Box<F,A> as core::ops::function::Fn<Args>>::call::hcb3fe3b9bb537ba8
[INFO] [stdout]                                at /rustc/0e09125c6c3c2fd70d7de961bcf0e51575235fad/library/alloc/src/boxed.rs:2029:9
[INFO] [stdout]   14:     0x55f7f7023046 - std::panicking::rust_panic_with_hook::h0a7ad96e90f7145b
[INFO] [stdout]                                at /rustc/0e09125c6c3c2fd70d7de961bcf0e51575235fad/library/std/src/panicking.rs:783:13
[INFO] [stdout]   15:     0x55f7f7022d59 - std::panicking::begin_panic_handler::{{closure}}::h7919090525c6485e
[INFO] [stdout]                                at /rustc/0e09125c6c3c2fd70d7de961bcf0e51575235fad/library/std/src/panicking.rs:649:13
[INFO] [stdout]   16:     0x55f7f70213d6 - std::sys_common::backtrace::__rust_end_short_backtrace::hf3289479464f7dfe
[INFO] [stdout]                                at /rustc/0e09125c6c3c2fd70d7de961bcf0e51575235fad/library/std/src/sys_common/backtrace.rs:171:18
[INFO] [stdout]   17:     0x55f7f7022af0 - rust_begin_unwind
[INFO] [stdout]                                at /rustc/0e09125c6c3c2fd70d7de961bcf0e51575235fad/library/std/src/panicking.rs:645:5
[INFO] [stdout]   18:     0x55f7f6da1285 - core::panicking::panic_fmt::hcc9f77c5c132af55
[INFO] [stdout]                                at /rustc/0e09125c6c3c2fd70d7de961bcf0e51575235fad/library/core/src/panicking.rs:72:14
[INFO] [stdout]   19:     0x55f7f6da1343 - core::panicking::panic::h5a1259c1164bd480
[INFO] [stdout]                                at /rustc/0e09125c6c3c2fd70d7de961bcf0e51575235fad/library/core/src/panicking.rs:144:5
[INFO] [stdout]   20:     0x55f7f6fd4d00 - core::option::Option<T>::unwrap::h0a76f5867ce87ba6
[INFO] [stdout]                                at /rustc/0e09125c6c3c2fd70d7de961bcf0e51575235fad/library/core/src/option.rs:931:21
[INFO] [stdout]   21:     0x55f7f6de6c7e - advent_of_code::advent_of_code::day_5::read_stacks::h677e439ed1c22646
[INFO] [stdout]                                at /opt/rustwide/workdir/src/advent_of_code/day_5.rs:27:24
[INFO] [stdout]   22:     0x55f7f6dbfbc4 - advent_of_code::advent_of_code::day_5::tests::test_p_1::hf3cdd153fef8d17d
[INFO] [stdout]                                at /opt/rustwide/workdir/src/advent_of_code/day_5.rs:45:22
[INFO] [stdout]   23:     0x55f7f6dbfb97 - advent_of_code::advent_of_code::day_5::tests::test_p_1::{{closure}}::hb03c753a9b0c8c9f
[INFO] [stdout]                                at /opt/rustwide/workdir/src/advent_of_code/day_5.rs:44:18
[INFO] [stdout]   24:     0x55f7f6dd6546 - core::ops::function::FnOnce::call_once::h3415d472dba9ef6d
[INFO] [stdout]                                at /rustc/0e09125c6c3c2fd70d7de961bcf0e51575235fad/library/core/src/ops/function.rs:250:5
[INFO] [stdout]   25:     0x55f7f6e2221f - core::ops::function::FnOnce::call_once::hd64d26f405258157
[INFO] [stdout]                                at /rustc/0e09125c6c3c2fd70d7de961bcf0e51575235fad/library/core/src/ops/function.rs:250:5
[INFO] [stdout]   26:     0x55f7f6e2221f - test::__rust_begin_short_backtrace::he21b0b7a6d731bf9
[INFO] [stdout]                                at /rustc/0e09125c6c3c2fd70d7de961bcf0e51575235fad/library/test/src/lib.rs:627:18
[INFO] [stdout]   27:     0x55f7f6e20fa1 - test::run_test_in_process::{{closure}}::hf5c73986d7bdfde2
[INFO] [stdout]                                at /rustc/0e09125c6c3c2fd70d7de961bcf0e51575235fad/library/test/src/lib.rs:650:60
[INFO] [stdout]   28:     0x55f7f6e20fa1 - <core::panic::unwind_safe::AssertUnwindSafe<F> as core::ops::function::FnOnce<()>>::call_once::h330011ad032aadc0
[INFO] [stdout]                                at /rustc/0e09125c6c3c2fd70d7de961bcf0e51575235fad/library/core/src/panic/unwind_safe.rs:272:9
[INFO] [stdout]   29:     0x55f7f6e20fa1 - std::panicking::try::do_call::he61b0a958b795a41
[INFO] [stdout]                                at /rustc/0e09125c6c3c2fd70d7de961bcf0e51575235fad/library/std/src/panicking.rs:552:40
[INFO] [stdout]   30:     0x55f7f6e20fa1 - std::panicking::try::h7309da130f906eb7
[INFO] [stdout]                                at /rustc/0e09125c6c3c2fd70d7de961bcf0e51575235fad/library/std/src/panicking.rs:516:19
[INFO] [stdout]   31:     0x55f7f6e20fa1 - std::panic::catch_unwind::hc5c3a06fdaf0a92a
[INFO] [stdout]                                at /rustc/0e09125c6c3c2fd70d7de961bcf0e51575235fad/library/std/src/panic.rs:142:14
[INFO] [stdout]   32:     0x55f7f6e20fa1 - test::run_test_in_process::h7e7b7c71c3324e0f
[INFO] [stdout]                                at /rustc/0e09125c6c3c2fd70d7de961bcf0e51575235fad/library/test/src/lib.rs:650:27
[INFO] [stdout]   33:     0x55f7f6e20fa1 - test::run_test::{{closure}}::h1f509f28f5cf20b1
[INFO] [stdout]                                at /rustc/0e09125c6c3c2fd70d7de961bcf0e51575235fad/library/test/src/lib.rs:573:43
[INFO] [stdout]   34:     0x55f7f6de82d6 - test::run_test::{{closure}}::h1754218abf443f6d
[INFO] [stdout]                                at /rustc/0e09125c6c3c2fd70d7de961bcf0e51575235fad/library/test/src/lib.rs:601:41
[INFO] [stdout]   35:     0x55f7f6de82d6 - std::sys_common::backtrace::__rust_begin_short_backtrace::h2ee174b9d5954948
[INFO] [stdout]                                at /rustc/0e09125c6c3c2fd70d7de961bcf0e51575235fad/library/std/src/sys_common/backtrace.rs:155:18
[INFO] [stdout]   36:     0x55f7f6ded337 - std::thread::Builder::spawn_unchecked_::{{closure}}::{{closure}}::hf60bee9c1a17ef09
[INFO] [stdout]                                at /rustc/0e09125c6c3c2fd70d7de961bcf0e51575235fad/library/std/src/thread/mod.rs:529:17
[INFO] [stdout]   37:     0x55f7f6ded337 - <core::panic::unwind_safe::AssertUnwindSafe<F> as core::ops::function::FnOnce<()>>::call_once::h33d0dddec5216160
[INFO] [stdout]                                at /rustc/0e09125c6c3c2fd70d7de961bcf0e51575235fad/library/core/src/panic/unwind_safe.rs:272:9
[INFO] [stdout]   38:     0x55f7f6ded337 - std::panicking::try::do_call::h144b3048b546f835
[INFO] [stdout]                                at /rustc/0e09125c6c3c2fd70d7de961bcf0e51575235fad/library/std/src/panicking.rs:552:40
[INFO] [stdout]   39:     0x55f7f6ded337 - std::panicking::try::h978244d04646189f
[INFO] [stdout]                                at /rustc/0e09125c6c3c2fd70d7de961bcf0e51575235fad/library/std/src/panicking.rs:516:19
[INFO] [stdout]   40:     0x55f7f6ded337 - std::panic::catch_unwind::hdf436369d188fe86
[INFO] [stdout]                                at /rustc/0e09125c6c3c2fd70d7de961bcf0e51575235fad/library/std/src/panic.rs:142:14
[INFO] [stdout]   41:     0x55f7f6ded337 - std::thread::Builder::spawn_unchecked_::{{closure}}::h87329cbdd33c79ec
[INFO] [stdout]                                at /rustc/0e09125c6c3c2fd70d7de961bcf0e51575235fad/library/std/src/thread/mod.rs:528:30
[INFO] [stdout]   42:     0x55f7f6ded337 - core::ops::function::FnOnce::call_once{{vtable.shim}}::h401abbe67897d450
[INFO] [stdout]                                at /rustc/0e09125c6c3c2fd70d7de961bcf0e51575235fad/library/core/src/ops/function.rs:250:5
[INFO] [stdout]   43:     0x55f7f7027af5 - <alloc::boxed::Box<F,A> as core::ops::function::FnOnce<Args>>::call_once::h5d7c8f150ab9c84c
[INFO] [stdout]                                at /rustc/0e09125c6c3c2fd70d7de961bcf0e51575235fad/library/alloc/src/boxed.rs:2015:9
[INFO] [stdout]   44:     0x55f7f7027af5 - <alloc::boxed::Box<F,A> as core::ops::function::FnOnce<Args>>::call_once::h570d5b005c242c15
[INFO] [stdout]                                at /rustc/0e09125c6c3c2fd70d7de961bcf0e51575235fad/library/alloc/src/boxed.rs:2015:9
[INFO] [stdout]   45:     0x55f7f7027af5 - std::sys::unix::thread::Thread::new::thread_start::h36b0a20c0b2361ad
[INFO] [stdout]                                at /rustc/0e09125c6c3c2fd70d7de961bcf0e51575235fad/library/std/src/sys/unix/thread.rs:108:17
[INFO] [stdout]   46:     0x7f94271edac3 - <unknown>
[INFO] [stdout]   47:     0x7f942727ebf4 - __clone
[INFO] [stdout]   48:                0x0 - <unknown>
[INFO] [stdout] 
[INFO] [stdout] 
[INFO] [stdout] failures:
[INFO] [stdout]     advent_of_code::day_1::tests::solution_1p1
[INFO] [stdout]     advent_of_code::day_1::tests::test_1p2
[INFO] [stdout]     advent_of_code::day_5::tests::test_p_1
[INFO] [stdout]     advent_of_code::day_5::tests::test_p_2
[INFO] [stdout] 
[INFO] [stdout] test result: FAILED. 68 passed; 4 failed; 0 ignored; 0 measured; 0 filtered out; finished in 0.33s
[INFO] [stdout] 
[INFO] [stderr] error: test failed, to rerun pass `--lib`
[INFO] running `Command { std: "docker" "inspect" "cc45e5c16bcd326fabdb32220138813e7a95ab45ca45ddf95ed8c31d3317c02c", kill_on_drop: false }`
[INFO] running `Command { std: "docker" "rm" "-f" "cc45e5c16bcd326fabdb32220138813e7a95ab45ca45ddf95ed8c31d3317c02c", kill_on_drop: false }`
[INFO] [stdout] cc45e5c16bcd326fabdb32220138813e7a95ab45ca45ddf95ed8c31d3317c02c
