[INFO] cloning repository https://github.com/ajitava-git/cucumber-rust
[INFO] running `Command { std: "git" "-c" "credential.helper=" "-c" "credential.helper=/workspace/cargo-home/bin/git-credential-null" "clone" "--bare" "https://github.com/ajitava-git/cucumber-rust" "/workspace/cache/git-repos/https%3A%2F%2Fgithub.com%2Fajitava-git%2Fcucumber-rust", kill_on_drop: false }`
[INFO] [stderr] Cloning into bare repository '/workspace/cache/git-repos/https%3A%2F%2Fgithub.com%2Fajitava-git%2Fcucumber-rust'...
[INFO] running `Command { std: "git" "rev-parse" "HEAD", kill_on_drop: false }`
[INFO] [stdout] f5599ed77a11d354debfdcc68391938601178860
[INFO] testing ajitava-git/cucumber-rust against 1.75.0 for beta-1.76-1
[INFO] running `Command { std: "git" "clone" "/workspace/cache/git-repos/https%3A%2F%2Fgithub.com%2Fajitava-git%2Fcucumber-rust" "/workspace/builds/worker-7-tc1/source", kill_on_drop: false }`
[INFO] [stderr] Cloning into '/workspace/builds/worker-7-tc1/source'...
[INFO] [stderr] done.
[INFO] validating manifest of git repo https://github.com/ajitava-git/cucumber-rust on toolchain 1.75.0
[INFO] running `Command { std: CARGO_HOME="/workspace/cargo-home" RUSTUP_HOME="/workspace/rustup-home" "/workspace/cargo-home/bin/cargo" "+1.75.0" "metadata" "--manifest-path" "Cargo.toml" "--no-deps", kill_on_drop: false }`
[INFO] started tweaking git repo https://github.com/ajitava-git/cucumber-rust
[INFO] removed 0 missing tests
[INFO] finished tweaking git repo https://github.com/ajitava-git/cucumber-rust
[INFO] tweaked toml for git repo https://github.com/ajitava-git/cucumber-rust written to /workspace/builds/worker-7-tc1/source/Cargo.toml
[INFO] crate git repo https://github.com/ajitava-git/cucumber-rust already has a lockfile, it will not be regenerated
[INFO] running `Command { std: CARGO_HOME="/workspace/cargo-home" RUSTUP_HOME="/workspace/rustup-home" "/workspace/cargo-home/bin/cargo" "+1.75.0" "fetch" "--manifest-path" "Cargo.toml", kill_on_drop: false }`
[INFO] [stderr]     Updating crates.io index
[INFO] [stderr]  Downloading crates ...
[INFO] [stderr]   Downloaded cucumber-expressions v0.2.1
[INFO] [stderr]   Downloaded thirtyfour-macros v0.1.1
[INFO] [stderr]   Downloaded synthez-core v0.2.0
[INFO] [stderr]   Downloaded stringmatch v0.4.0
[INFO] [stderr]   Downloaded peg-runtime v0.6.3
[INFO] [stderr]   Downloaded synthez v0.2.0
[INFO] [stderr]   Downloaded sealed v0.4.0
[INFO] [stderr]   Downloaded peg v0.6.3
[INFO] [stderr]   Downloaded webdriver v0.47.1
[INFO] [stderr]   Downloaded xml5ever v0.16.2
[INFO] [stderr]   Downloaded cucumber-codegen v0.19.1
[INFO] [stderr]   Downloaded sealed v0.3.0
[INFO] [stderr]   Downloaded synthez-codegen v0.2.0
[INFO] [stderr]   Downloaded peg-macros v0.6.3
[INFO] [stderr]   Downloaded gherkin v0.13.0
[INFO] [stderr]   Downloaded thirtyfour v0.31.0
[INFO] [stderr]   Downloaded open v3.2.0
[INFO] [stderr]   Downloaded cucumber v0.19.1
[INFO] [stderr]   Downloaded webpage v1.5.0
[INFO] running `Command { std: "docker" "create" "-v" "/var/lib/crater-agent-workspace/builds/worker-7-tc1/target:/opt/rustwide/target:rw,Z" "-v" "/var/lib/crater-agent-workspace/builds/worker-7-tc1/source:/opt/rustwide/workdir:ro,Z" "-v" "/var/lib/crater-agent-workspace/cargo-home:/opt/rustwide/cargo-home:ro,Z" "-v" "/var/lib/crater-agent-workspace/rustup-home:/opt/rustwide/rustup-home:ro,Z" "-e" "SOURCE_DIR=/opt/rustwide/workdir" "-e" "CARGO_TARGET_DIR=/opt/rustwide/target" "-e" "CARGO_HOME=/opt/rustwide/cargo-home" "-e" "RUSTUP_HOME=/opt/rustwide/rustup-home" "-w" "/opt/rustwide/workdir" "-m" "1610612736" "--user" "0:0" "--network" "none" "ghcr.io/rust-lang/crates-build-env/linux@sha256:2788e3201cd34a07e3172128adcd8b3090168a8e3bcc40d7c032b9dda1df7d1c" "/opt/rustwide/cargo-home/bin/cargo" "+1.75.0" "metadata" "--no-deps" "--format-version=1", kill_on_drop: false }`
[INFO] [stdout] 2e82ce07a013195ae5bd5096b9dbbecf3a217b77d38b7183619b973754cf2d2f
[INFO] running `Command { std: "docker" "start" "-a" "2e82ce07a013195ae5bd5096b9dbbecf3a217b77d38b7183619b973754cf2d2f", kill_on_drop: false }`
[INFO] running `Command { std: "docker" "inspect" "2e82ce07a013195ae5bd5096b9dbbecf3a217b77d38b7183619b973754cf2d2f", kill_on_drop: false }`
[INFO] running `Command { std: "docker" "rm" "-f" "2e82ce07a013195ae5bd5096b9dbbecf3a217b77d38b7183619b973754cf2d2f", kill_on_drop: false }`
[INFO] [stdout] 2e82ce07a013195ae5bd5096b9dbbecf3a217b77d38b7183619b973754cf2d2f
[INFO] running `Command { std: "docker" "create" "-v" "/var/lib/crater-agent-workspace/builds/worker-7-tc1/target:/opt/rustwide/target:rw,Z" "-v" "/var/lib/crater-agent-workspace/builds/worker-7-tc1/source:/opt/rustwide/workdir:ro,Z" "-v" "/var/lib/crater-agent-workspace/cargo-home:/opt/rustwide/cargo-home:ro,Z" "-v" "/var/lib/crater-agent-workspace/rustup-home:/opt/rustwide/rustup-home:ro,Z" "-e" "SOURCE_DIR=/opt/rustwide/workdir" "-e" "CARGO_TARGET_DIR=/opt/rustwide/target" "-e" "CARGO_INCREMENTAL=0" "-e" "RUST_BACKTRACE=full" "-e" "RUSTFLAGS=--cap-lints=warn" "-e" "RUSTDOCFLAGS=--cap-lints=warn" "-e" "CARGO_HOME=/opt/rustwide/cargo-home" "-e" "RUSTUP_HOME=/opt/rustwide/rustup-home" "-w" "/opt/rustwide/workdir" "-m" "1610612736" "--user" "0:0" "--network" "none" "ghcr.io/rust-lang/crates-build-env/linux@sha256:2788e3201cd34a07e3172128adcd8b3090168a8e3bcc40d7c032b9dda1df7d1c" "/opt/rustwide/cargo-home/bin/cargo" "+1.75.0" "build" "--frozen" "--message-format=json", kill_on_drop: false }`
[INFO] [stdout] 2beac80341583160ccf85129e5483677fab30bf153f10f42e339ef4508ce7104
[INFO] running `Command { std: "docker" "start" "-a" "2beac80341583160ccf85129e5483677fab30bf153f10f42e339ef4508ce7104", kill_on_drop: false }`
[INFO] [stderr]    Compiling cucumber_rust v0.1.0 (/opt/rustwide/workdir)
[INFO] [stderr]     Finished dev [unoptimized + debuginfo] target(s) in 0.19s
[INFO] running `Command { std: "docker" "inspect" "2beac80341583160ccf85129e5483677fab30bf153f10f42e339ef4508ce7104", kill_on_drop: false }`
[INFO] running `Command { std: "docker" "rm" "-f" "2beac80341583160ccf85129e5483677fab30bf153f10f42e339ef4508ce7104", kill_on_drop: false }`
[INFO] [stdout] 2beac80341583160ccf85129e5483677fab30bf153f10f42e339ef4508ce7104
[INFO] running `Command { std: "docker" "create" "-v" "/var/lib/crater-agent-workspace/builds/worker-7-tc1/target:/opt/rustwide/target:rw,Z" "-v" "/var/lib/crater-agent-workspace/builds/worker-7-tc1/source:/opt/rustwide/workdir:ro,Z" "-v" "/var/lib/crater-agent-workspace/cargo-home:/opt/rustwide/cargo-home:ro,Z" "-v" "/var/lib/crater-agent-workspace/rustup-home:/opt/rustwide/rustup-home:ro,Z" "-e" "SOURCE_DIR=/opt/rustwide/workdir" "-e" "CARGO_TARGET_DIR=/opt/rustwide/target" "-e" "CARGO_INCREMENTAL=0" "-e" "RUST_BACKTRACE=full" "-e" "RUSTFLAGS=--cap-lints=warn" "-e" "RUSTDOCFLAGS=--cap-lints=warn" "-e" "CARGO_HOME=/opt/rustwide/cargo-home" "-e" "RUSTUP_HOME=/opt/rustwide/rustup-home" "-w" "/opt/rustwide/workdir" "-m" "1610612736" "--user" "0:0" "--network" "none" "ghcr.io/rust-lang/crates-build-env/linux@sha256:2788e3201cd34a07e3172128adcd8b3090168a8e3bcc40d7c032b9dda1df7d1c" "/opt/rustwide/cargo-home/bin/cargo" "+1.75.0" "test" "--frozen" "--no-run" "--message-format=json", kill_on_drop: false }`
[INFO] [stdout] b9659862bdd97cf66a7314550765b7889c791a004f77a376ffe31a2e6666ec2e
[INFO] running `Command { std: "docker" "start" "-a" "b9659862bdd97cf66a7314550765b7889c791a004f77a376ffe31a2e6666ec2e", kill_on_drop: false }`
[INFO] [stderr]    Compiling proc-macro2 v1.0.51
[INFO] [stderr]    Compiling quote v1.0.23
[INFO] [stderr]    Compiling unicode-ident v1.0.6
[INFO] [stderr]    Compiling syn v1.0.108
[INFO] [stderr]    Compiling libc v0.2.139
[INFO] [stderr]    Compiling memchr v2.5.0
[INFO] [stderr]    Compiling log v0.4.17
[INFO] [stderr]    Compiling once_cell v1.17.1
[INFO] [stderr]    Compiling itoa v1.0.5
[INFO] [stderr]    Compiling serde_derive v1.0.152
[INFO] [stderr]    Compiling serde v1.0.152
[INFO] [stderr]    Compiling lock_api v0.4.9
[INFO] [stderr]    Compiling parking_lot_core v0.9.7
[INFO] [stderr]    Compiling pin-project-lite v0.2.9
[INFO] [stderr]    Compiling bytes v1.4.0
[INFO] [stderr]    Compiling futures-core v0.3.26
[INFO] [stderr]    Compiling ppv-lite86 v0.2.17
[INFO] [stderr]    Compiling getrandom v0.1.16
[INFO] [stderr]    Compiling siphasher v0.3.10
[INFO] [stderr]    Compiling slab v0.4.8
[INFO] [stderr]    Compiling regex-syntax v0.6.28
[INFO] [stderr]    Compiling futures-task v0.3.26
[INFO] [stderr]    Compiling futures-sink v0.3.26
[INFO] [stderr]    Compiling futures-channel v0.3.26
[INFO] [stderr]    Compiling ryu v1.0.12
[INFO] [stderr]    Compiling tokio v1.25.0
[INFO] [stderr]    Compiling indexmap v1.9.2
[INFO] [stderr]    Compiling unicode-segmentation v1.10.1
[INFO] [stderr]    Compiling pkg-config v0.3.26
[INFO] [stderr]    Compiling futures-util v0.3.26
[INFO] [stderr]    Compiling http v0.2.9
[INFO] [stderr]    Compiling hashbrown v0.12.3
[INFO] [stderr]    Compiling futures-io v0.3.26
[INFO] [stderr]    Compiling pin-utils v0.1.0
[INFO] [stderr]    Compiling phf_shared v0.10.0
[INFO] [stderr]    Compiling aho-corasick v0.7.20
[INFO] [stderr]    Compiling phf_shared v0.8.0
[INFO] [stderr]    Compiling ring v0.16.20
[INFO] [stderr]    Compiling typenum v1.16.0
[INFO] [stderr]    Compiling tracing-core v0.1.30
[INFO] [stderr]    Compiling generic-array v0.14.6
[INFO] [stderr]    Compiling ahash v0.7.6
[INFO] [stderr]    Compiling getrandom v0.2.8
[INFO] [stderr]    Compiling io-lifetimes v1.0.5
[INFO] [stderr]    Compiling percent-encoding v2.2.0
[INFO] [stderr]    Compiling proc-macro-error-attr v1.0.4
[INFO] [stderr]    Compiling rand_core v0.5.1
[INFO] [stderr]    Compiling rand_core v0.6.4
[INFO] [stderr]    Compiling serde_json v1.0.93
[INFO] [stderr]    Compiling tracing v0.1.37
[INFO] [stderr]    Compiling rand_chacha v0.2.2
[INFO] [stderr]    Compiling rand_pcg v0.2.1
[INFO] [stderr]    Compiling spin v0.5.2
[INFO] [stderr]    Compiling rand_chacha v0.3.1
[INFO] [stderr]    Compiling httparse v1.8.0
[INFO] [stderr]    Compiling rustix v0.36.8
[INFO] [stderr]    Compiling tinyvec_macros v0.1.1
[INFO] [stderr]    Compiling rand v0.7.3
[INFO] [stderr]    Compiling untrusted v0.7.1
[INFO] [stderr]    Compiling new_debug_unreachable v1.0.4
[INFO] [stderr]    Compiling socket2 v0.4.7
[INFO] [stderr]    Compiling num_cpus v1.15.0
[INFO] [stderr]    Compiling mio v0.8.6
[INFO] [stderr]    Compiling signal-hook-registry v1.4.1
[INFO] [stderr]    Compiling rand v0.8.5
[INFO] [stderr]    Compiling parking_lot v0.12.1
[INFO] [stderr]    Compiling tinyvec v1.6.0
[INFO] [stderr]    Compiling form_urlencoded v1.1.0
[INFO] [stderr]    Compiling libz-sys v1.1.8
[INFO] [stderr]    Compiling openssl-sys v0.9.80
[INFO] [stderr]    Compiling regex v1.7.1
[INFO] [stderr]    Compiling heck v0.3.3
[INFO] [stderr]    Compiling unicase v2.6.0
[INFO] [stderr]    Compiling proc-macro-error v1.0.4
[INFO] [stderr]    Compiling phf_generator v0.8.0
[INFO] [stderr]    Compiling try-lock v0.2.4
[INFO] [stderr]    Compiling phf_codegen v0.8.0
[INFO] [stderr]    Compiling time-core v0.1.0
[INFO] [stderr]    Compiling linux-raw-sys v0.1.4
[INFO] [stderr]    Compiling base64 v0.13.1
[INFO] [stderr]    Compiling mac v0.1.1
[INFO] [stderr]    Compiling httpdate v1.0.2
[INFO] [stderr]    Compiling time-macros v0.2.7
[INFO] [stderr]    Compiling futf v0.1.5
[INFO] [stderr]    Compiling phf_generator v0.10.0
[INFO] [stderr]    Compiling string_cache_codegen v0.5.2
[INFO] [stderr]    Compiling want v0.3.0
[INFO] [stderr]    Compiling http-body v0.4.5
[INFO] [stderr]    Compiling cookie v0.16.2
[INFO] [stderr]    Compiling precomputed-hash v0.1.1
[INFO] [stderr]    Compiling unicode-normalization v0.1.22
[INFO] [stderr]    Compiling unicode-bidi v0.3.10
[INFO] [stderr]    Compiling openssl-probe v0.1.5
[INFO] [stderr]    Compiling rustls v0.20.8
[INFO] [stderr]    Compiling utf-8 v0.7.6
[INFO] [stderr]    Compiling heck v0.4.1
[INFO] [stderr]    Compiling markup5ever v0.10.1
[INFO] [stderr]    Compiling mime v0.3.16
[INFO] [stderr]    Compiling tower-service v0.3.2
[INFO] [stderr]    Compiling block-buffer v0.10.3
[INFO] [stderr]    Compiling crypto-common v0.1.6
[INFO] [stderr]    Compiling tendril v0.4.3
[INFO] [stderr]    Compiling time v0.1.45
[INFO] [stderr]    Compiling curl-sys v0.4.60+curl-7.88.1
[INFO] [stderr]    Compiling phf v0.8.0
[INFO] [stderr]    Compiling idna v0.3.0
[INFO] [stderr]    Compiling num-traits v0.2.15
[INFO] [stderr]    Compiling thiserror v1.0.38
[INFO] [stderr]    Compiling base64 v0.21.0
[INFO] [stderr]    Compiling nom v7.1.3
[INFO] [stderr]    Compiling mime_guess v2.0.4
[INFO] [stderr]    Compiling digest v0.10.6
[INFO] [stderr]    Compiling bstr v1.3.0
[INFO] [stderr]    Compiling url v2.3.1
[INFO] [stderr]    Compiling rustls-pemfile v1.0.2
[INFO] [stderr]    Compiling num-integer v0.1.45
[INFO] [stderr]    Compiling crossbeam-utils v0.7.2
[INFO] [stderr]    Compiling cpufeatures v0.2.5
[INFO] [stderr]    Compiling same-file v1.0.6
[INFO] [stderr]    Compiling peg-runtime v0.6.3
[INFO] [stderr]    Compiling either v1.8.1
[INFO] [stderr]    Compiling async-trait v0.1.64
[INFO] [stderr]    Compiling bytecount v0.6.3
[INFO] [stderr]    Compiling unicode-width v0.1.10
[INFO] [stderr]    Compiling globset v0.4.10
[INFO] [stderr]    Compiling walkdir v2.3.2
[INFO] [stderr]    Compiling sha1 v0.10.5
[INFO] [stderr]    Compiling rustls-native-certs v0.6.2
[INFO] [stderr]    Compiling time v0.3.19
[INFO] [stderr]    Compiling peg-macros v0.6.3
[INFO] [stderr]    Compiling headers-core v0.2.0
[INFO] [stderr]    Compiling thread_local v1.1.7
[INFO] [stderr]    Compiling curl v0.4.44
[INFO] [stderr]    Compiling os_str_bytes v6.4.1
[INFO] [stderr]    Compiling smawk v0.3.1
[INFO] [stderr]    Compiling anyhow v1.0.69
[INFO] [stderr]    Compiling clap_lex v0.3.1
[INFO] [stderr]    Compiling ignore v0.4.20
[INFO] [stderr]    Compiling headers v0.3.8
[INFO] [stderr]    Compiling itertools v0.10.5
[INFO] [stderr]    Compiling sct v0.7.0
[INFO] [stderr]    Compiling webpki v0.22.0
[INFO] [stderr]    Compiling nom_locate v4.1.0
[INFO] [stderr]    Compiling is-terminal v0.4.3
[INFO] [stderr]    Compiling terminal_size v0.2.5
[INFO] [stderr]    Compiling rustls-pemfile v0.2.1
[INFO] [stderr]    Compiling fastrand v1.9.0
[INFO] [stderr]    Compiling iana-time-zone v0.1.53
[INFO] [stderr]    Compiling strsim v0.10.0
[INFO] [stderr]    Compiling termcolor v1.2.0
[INFO] [stderr]    Compiling futures v0.1.31
[INFO] [stderr]    Compiling inflections v1.1.1
[INFO] [stderr]    Compiling tempfile v3.4.0
[INFO] [stderr]    Compiling globwalk v0.8.1
[INFO] [stderr]    Compiling console v0.15.5
[INFO] [stderr]    Compiling peg v0.6.3
[INFO] [stderr]    Compiling stringmatch v0.4.0
[INFO] [stderr]    Compiling wait-timeout v0.2.0
[INFO] [stderr]    Compiling atty v0.2.14
[INFO] [stderr]    Compiling linked-hash-map v0.5.6
[INFO] [stderr]    Compiling drain_filter_polyfill v0.1.3
[INFO] [stderr]    Compiling quick-error v1.2.3
[INFO] [stderr]    Compiling pathdiff v0.2.1
[INFO] [stderr]    Compiling urlparse v0.7.3
[INFO] [stderr]    Compiling humantime v2.1.0
[INFO] [stderr]    Compiling rusty-fork v0.3.0
[INFO] [stderr]    Compiling open v3.2.0
[INFO] [stderr]    Compiling unicode-linebreak v0.1.4
[INFO] [stderr]    Compiling tokio-executor v0.1.10
[INFO] [stderr]    Compiling tokio-timer v0.2.13
[INFO] [stderr]    Compiling tokio-macros v1.8.2
[INFO] [stderr]    Compiling futures-macro v0.3.26
[INFO] [stderr]    Compiling sealed v0.3.0
[INFO] [stderr]    Compiling thiserror-impl v1.0.38
[INFO] [stderr]    Compiling html5ever v0.25.2
[INFO] [stderr]    Compiling pin-project-internal v1.0.12
[INFO] [stderr]    Compiling derive_more v0.99.17
[INFO] [stderr]    Compiling ctor v0.1.26
[INFO] [stderr]    Compiling ghost v0.1.7
[INFO] [stderr]    Compiling typed-builder v0.10.0
[INFO] [stderr]    Compiling clap_derive v4.1.0
[INFO] [stderr]    Compiling sealed v0.4.0
[INFO] [stderr]    Compiling synthez-core v0.2.0
[INFO] [stderr]    Compiling smart-default v0.6.0
[INFO] [stderr]    Compiling inventory v0.3.3
[INFO] [stderr]    Compiling serde_repr v0.1.10
[INFO] [stderr]    Compiling thirtyfour-macros v0.1.1
[INFO] [stderr]    Compiling synthez-codegen v0.2.0
[INFO] [stderr]    Compiling pin-project v1.0.12
[INFO] [stderr]    Compiling textwrap v0.16.0
[INFO] [stderr]    Compiling synthez v0.2.0
[INFO] [stderr]    Compiling clap v4.1.6
[INFO] [stderr]    Compiling cucumber-expressions v0.2.1
[INFO] [stderr]    Compiling cucumber-codegen v0.19.1
[INFO] [stderr]    Compiling futures-executor v0.3.26
[INFO] [stderr]    Compiling futures v0.3.26
[INFO] [stderr]    Compiling tokio-util v0.7.7
[INFO] [stderr]    Compiling tokio-rustls v0.23.4
[INFO] [stderr]    Compiling tokio-stream v0.1.12
[INFO] [stderr]    Compiling h2 v0.3.15
[INFO] [stderr]    Compiling string_cache v0.8.4
[INFO] [stderr]    Compiling serde_urlencoded v0.7.1
[INFO] [stderr]    Compiling chrono v0.4.23
[INFO] [stderr]    Compiling xml5ever v0.16.2
[INFO] [stderr]    Compiling webdriver v0.46.0
[INFO] [stderr]    Compiling gherkin v0.13.0
[INFO] [stderr]    Compiling markup5ever_rcdom v0.1.0
[INFO] [stderr]    Compiling webpage v1.5.0
[INFO] [stderr]    Compiling cucumber v0.19.1
[INFO] [stderr]    Compiling hyper v0.14.24
[INFO] [stderr]    Compiling hyper-rustls v0.23.2
[INFO] [stderr]    Compiling warp v0.3.3
[INFO] [stderr]    Compiling fantoccini v0.19.3
[INFO] [stderr]    Compiling thirtyfour v0.31.0
[INFO] [stderr]    Compiling webdriver v0.47.1
[INFO] [stderr]    Compiling cucumber_rust v0.1.0 (/opt/rustwide/workdir)
[INFO] [stdout] warning: unused variable: `w`
[INFO] [stdout]   --> tests/factorial.rs:13:23
[INFO] [stdout]    |
[INFO] [stdout] 13 | async fn open_website(w: &mut World) {
[INFO] [stdout]    |                       ^ help: if this is intentional, prefix it with an underscore: `_w`
[INFO] [stdout]    |
[INFO] [stdout]    = note: `#[warn(unused_variables)]` on by default
[INFO] [stdout] 
[INFO] [stdout] 
[INFO] [stdout] warning: unused variable: `Factorial`
[INFO] [stdout]   --> tests/factorial.rs:19:42
[INFO] [stdout]    |
[INFO] [stdout] 19 | async fn check_page_title(w: &mut World, Factorial: String) {
[INFO] [stdout]    |                                          ^^^^^^^^^ help: if this is intentional, prefix it with an underscore: `_Factorial`
[INFO] [stdout] 
[INFO] [stdout] 
[INFO] [stdout] warning: unused variable: `w`
[INFO] [stdout]   --> tests/factorial.rs:31:24
[INFO] [stdout]    |
[INFO] [stdout] 31 | async fn close_browser(w: &mut World) {
[INFO] [stdout]    |                        ^ help: if this is intentional, prefix it with an underscore: `_w`
[INFO] [stdout] 
[INFO] [stdout] 
[INFO] [stdout] warning: structure field `Factorial` should have a snake case name
[INFO] [stdout]  --> tests/factorial.rs:9:5
[INFO] [stdout]   |
[INFO] [stdout] 9 |     Factorial: Option<String>,
[INFO] [stdout]   |     ^^^^^^^^^ help: convert the identifier to snake case (notice the capitalization): `factorial`
[INFO] [stdout]   |
[INFO] [stdout]   = note: `#[warn(non_snake_case)]` on by default
[INFO] [stdout] 
[INFO] [stdout] 
[INFO] [stdout] warning: variable `Factorial` should have a snake case name
[INFO] [stdout]   --> tests/factorial.rs:19:42
[INFO] [stdout]    |
[INFO] [stdout] 19 | async fn check_page_title(w: &mut World, Factorial: String) {
[INFO] [stdout]    |                                          ^^^^^^^^^ help: convert the identifier to snake case (notice the capitalization): `factorial`
[INFO] [stdout] 
[INFO] [stdout] 
[INFO] [stdout] warning: 5 warnings emitted
[INFO] [stdout] 
[INFO] [stdout] 
[INFO] [stderr]     Finished test [unoptimized + debuginfo] target(s) in 32.07s
[INFO] [stderr] warning: the following packages contain code that will be rejected by a future version of Rust: xml5ever v0.16.2
[INFO] [stderr] note: to see what the problems were, use the option `--future-incompat-report`, or run `cargo report future-incompatibilities --id 1`
[INFO] running `Command { std: "docker" "inspect" "b9659862bdd97cf66a7314550765b7889c791a004f77a376ffe31a2e6666ec2e", kill_on_drop: false }`
[INFO] running `Command { std: "docker" "rm" "-f" "b9659862bdd97cf66a7314550765b7889c791a004f77a376ffe31a2e6666ec2e", kill_on_drop: false }`
[INFO] [stdout] b9659862bdd97cf66a7314550765b7889c791a004f77a376ffe31a2e6666ec2e
[INFO] running `Command { std: "docker" "create" "-v" "/var/lib/crater-agent-workspace/builds/worker-7-tc1/target:/opt/rustwide/target:rw,Z" "-v" "/var/lib/crater-agent-workspace/builds/worker-7-tc1/source:/opt/rustwide/workdir:ro,Z" "-v" "/var/lib/crater-agent-workspace/cargo-home:/opt/rustwide/cargo-home:ro,Z" "-v" "/var/lib/crater-agent-workspace/rustup-home:/opt/rustwide/rustup-home:ro,Z" "-e" "SOURCE_DIR=/opt/rustwide/workdir" "-e" "CARGO_TARGET_DIR=/opt/rustwide/target" "-e" "CARGO_INCREMENTAL=0" "-e" "RUST_BACKTRACE=full" "-e" "RUSTFLAGS=--cap-lints=warn" "-e" "RUSTDOCFLAGS=--cap-lints=warn" "-e" "CARGO_HOME=/opt/rustwide/cargo-home" "-e" "RUSTUP_HOME=/opt/rustwide/rustup-home" "-w" "/opt/rustwide/workdir" "-m" "1610612736" "--user" "0:0" "--network" "none" "ghcr.io/rust-lang/crates-build-env/linux@sha256:2788e3201cd34a07e3172128adcd8b3090168a8e3bcc40d7c032b9dda1df7d1c" "/opt/rustwide/cargo-home/bin/cargo" "+1.75.0" "test" "--frozen", kill_on_drop: false }`
[INFO] [stdout] d58dc21f3c20becf23354f45a2384e8c3860ca4a98985c2bcd40fdff2bfc245d
[INFO] running `Command { std: "docker" "start" "-a" "d58dc21f3c20becf23354f45a2384e8c3860ca4a98985c2bcd40fdff2bfc245d", kill_on_drop: false }`
[INFO] [stderr] warning: unused variable: `w`
[INFO] [stderr]   --> tests/factorial.rs:13:23
[INFO] [stderr]    |
[INFO] [stderr] 13 | async fn open_website(w: &mut World) {
[INFO] [stderr]    |                       ^ help: if this is intentional, prefix it with an underscore: `_w`
[INFO] [stderr]    |
[INFO] [stderr]    = note: `#[warn(unused_variables)]` on by default
[INFO] [stderr] 
[INFO] [stderr] warning: unused variable: `Factorial`
[INFO] [stderr]   --> tests/factorial.rs:19:42
[INFO] [stderr]    |
[INFO] [stderr] 19 | async fn check_page_title(w: &mut World, Factorial: String) {
[INFO] [stderr]    |                                          ^^^^^^^^^ help: if this is intentional, prefix it with an underscore: `_Factorial`
[INFO] [stderr] 
[INFO] [stderr] warning: unused variable: `w`
[INFO] [stderr]   --> tests/factorial.rs:31:24
[INFO] [stderr]    |
[INFO] [stderr] 31 | async fn close_browser(w: &mut World) {
[INFO] [stderr]    |                        ^ help: if this is intentional, prefix it with an underscore: `_w`
[INFO] [stderr] 
[INFO] [stderr] warning: structure field `Factorial` should have a snake case name
[INFO] [stderr]  --> tests/factorial.rs:9:5
[INFO] [stderr]   |
[INFO] [stderr] 9 |     Factorial: Option<String>,
[INFO] [stderr]   |     ^^^^^^^^^ help: convert the identifier to snake case (notice the capitalization): `factorial`
[INFO] [stderr]   |
[INFO] [stderr]   = note: `#[warn(non_snake_case)]` on by default
[INFO] [stderr] 
[INFO] [stderr] warning: variable `Factorial` should have a snake case name
[INFO] [stderr]   --> tests/factorial.rs:19:42
[INFO] [stderr]    |
[INFO] [stderr] 19 | async fn check_page_title(w: &mut World, Factorial: String) {
[INFO] [stderr]    |                                          ^^^^^^^^^ help: convert the identifier to snake case (notice the capitalization): `factorial`
[INFO] [stderr] 
[INFO] [stderr] warning: `cucumber_rust` (test "factorial") generated 5 warnings (run `cargo fix --test "factorial"` to apply 3 suggestions)
[INFO] [stderr]     Finished test [unoptimized + debuginfo] target(s) in 0.38s
[INFO] [stderr] warning: the following packages contain code that will be rejected by a future version of Rust: xml5ever v0.16.2
[INFO] [stderr] note: to see what the problems were, use the option `--future-incompat-report`, or run `cargo report future-incompatibilities --id 1`
[INFO] [stderr]      Running unittests src/main.rs (/opt/rustwide/target/debug/deps/cucumber_rust-b41b5e7351bb4854)
[INFO] [stdout] 
[INFO] [stdout] running 0 tests
[INFO] [stdout] 
[INFO] [stdout] test result: ok. 0 passed; 0 failed; 0 ignored; 0 measured; 0 filtered out; finished in 0.00s
[INFO] [stdout] 
[INFO] [stderr]      Running tests/factorial.rs (/opt/rustwide/target/debug/deps/factorial-04b0d6ef10b66694)
[INFO] [stdout] 
[INFO] [stdout] running 0 tests
[INFO] [stdout] 
[INFO] [stdout] test result: ok. 0 passed; 0 failed; 0 ignored; 0 measured; 0 filtered out; finished in 0.00s
[INFO] [stdout] 
[INFO] [stderr]      Running tests/number.rs (/opt/rustwide/target/debug/deps/number-cadf2cd13d7893e6)
[INFO] [stdout] Feature: Bug Hunting in Factorial Website
[INFO] [stdout]   Scenario Outline: Verify the factorial of a number
[INFO] [stdout]    ✘  Given I enter 2 in the input box
[INFO] [stdout]       Step failed:
[INFO] [stdout]       Defined: tests/features/book/number.feature:4:5
[INFO] [stdout]       Matched: tests/number.rs:23:1
[INFO] [stdout]       Step panicked. Captured output: error creating new session: webdriver server did not respond: error trying to connect: tcp connect error: Cannot assign requested address (os error 99)
[INFO] [stdout]   Scenario Outline: Verify the factorial of a number
[INFO] [stdout]    ✘  Given I enter 3 in the input box
[INFO] [stdout]       Step failed:
[INFO] [stdout]       Defined: tests/features/book/number.feature:4:5
[INFO] [stdout]       Matched: tests/number.rs:23:1
[INFO] [stdout]       Step panicked. Captured output: error creating new session: webdriver server did not respond: error trying to connect: tcp connect error: Cannot assign requested address (os error 99)
[INFO] [stdout]   Scenario Outline: Verify the factorial of a number
[INFO] [stdout]    ✘  Given I enter 4 in the input box
[INFO] [stdout]       Step failed:
[INFO] [stdout]       Defined: tests/features/book/number.feature:4:5
[INFO] [stdout]       Matched: tests/number.rs:23:1
[INFO] [stdout]       Step panicked. Captured output: error creating new session: webdriver server did not respond: error trying to connect: tcp connect error: Cannot assign requested address (os error 99)
[INFO] [stdout]   Scenario Outline: Verify the factorial of a number
[INFO] [stdout]    ✘  Given I enter 5 in the input box
[INFO] [stdout]       Step failed:
[INFO] [stdout]       Defined: tests/features/book/number.feature:4:5
[INFO] [stdout]       Matched: tests/number.rs:23:1
[INFO] [stdout]       Step panicked. Captured output: error creating new session: webdriver server did not respond: error trying to connect: tcp connect error: Cannot assign requested address (os error 99)
[INFO] [stdout]   Scenario Outline: Verify the factorial of a number
[INFO] [stdout]    ✘  Given I enter 6 in the input box
[INFO] [stdout]       Step failed:
[INFO] [stdout]       Defined: tests/features/book/number.feature:4:5
[INFO] [stdout]       Matched: tests/number.rs:23:1
[INFO] [stdout]       Step panicked. Captured output: error creating new session: webdriver server did not respond: error trying to connect: tcp connect error: Cannot assign requested address (os error 99)
[INFO] [stdout] [Summary]
[INFO] [stderr] thread 'main' panicked at /opt/rustwide/cargo-home/registry/src/index.crates.io-6f17d22bba15001f/cucumber-0.19.1/src/cucumber.rs:1294:13:
[INFO] [stdout] 1 feature
[INFO] [stderr] 5 steps failed
[INFO] [stdout] 5 scenarios (5 failed)
[INFO] [stderr] stack backtrace:
[INFO] [stdout] 5 steps (5 failed)
[INFO] [stderr]    0:     0x562c1b4cbe7c - std::backtrace_rs::backtrace::libunwind::trace::ha637c64ce894333a
[INFO] [stderr]                                at /rustc/82e1608dfa6e0b5569232559e3d385fea5a93112/library/std/src/../../backtrace/src/backtrace/libunwind.rs:104:5
[INFO] [stderr]    1:     0x562c1b4cbe7c - std::backtrace_rs::backtrace::trace_unsynchronized::h47f62dea28e0c88d
[INFO] [stderr]                                at /rustc/82e1608dfa6e0b5569232559e3d385fea5a93112/library/std/src/../../backtrace/src/backtrace/mod.rs:66:5
[INFO] [stderr]    2:     0x562c1b4cbe7c - std::sys_common::backtrace::_print_fmt::h9eef0abe20ede486
[INFO] [stderr]                                at /rustc/82e1608dfa6e0b5569232559e3d385fea5a93112/library/std/src/sys_common/backtrace.rs:67:5
[INFO] [stderr]    3:     0x562c1b4cbe7c - <std::sys_common::backtrace::_print::DisplayBacktrace as core::fmt::Display>::fmt::hed7f999df88cc644
[INFO] [stderr]                                at /rustc/82e1608dfa6e0b5569232559e3d385fea5a93112/library/std/src/sys_common/backtrace.rs:44:22
[INFO] [stderr]    4:     0x562c1b4f6280 - core::fmt::rt::Argument::fmt::h1539a9308b8d058d
[INFO] [stderr]                                at /rustc/82e1608dfa6e0b5569232559e3d385fea5a93112/library/core/src/fmt/rt.rs:142:9
[INFO] [stderr]    5:     0x562c1b4f6280 - core::fmt::write::h3a39390d8560d9c9
[INFO] [stderr]                                at /rustc/82e1608dfa6e0b5569232559e3d385fea5a93112/library/core/src/fmt/mod.rs:1120:17
[INFO] [stderr]    6:     0x562c1b4c8f6f - std::io::Write::write_fmt::h5fc9997dfe05f882
[INFO] [stderr]                                at /rustc/82e1608dfa6e0b5569232559e3d385fea5a93112/library/std/src/io/mod.rs:1762:15
[INFO] [stderr]    7:     0x562c1b4cbc64 - std::sys_common::backtrace::_print::h894006fb5c6f3d45
[INFO] [stderr]                                at /rustc/82e1608dfa6e0b5569232559e3d385fea5a93112/library/std/src/sys_common/backtrace.rs:47:5
[INFO] [stderr]    8:     0x562c1b4cbc64 - std::sys_common::backtrace::print::h23a2d212c6fff936
[INFO] [stderr]                                at /rustc/82e1608dfa6e0b5569232559e3d385fea5a93112/library/std/src/sys_common/backtrace.rs:34:9
[INFO] [stderr]    9:     0x562c1b4cd5e7 - std::panicking::default_hook::{{closure}}::h8a1d2ee00185001a
[INFO] [stderr]   10:     0x562c1b4cd34f - std::panicking::default_hook::h6038f2eba384e475
[INFO] [stderr]                                at /rustc/82e1608dfa6e0b5569232559e3d385fea5a93112/library/std/src/panicking.rs:292:9
[INFO] [stderr]   11:     0x562c1b4cdbf8 - <alloc::boxed::Box<F,A> as core::ops::function::Fn<Args>>::call::h1f8f335eaa9cfaee
[INFO] [stderr]                                at /rustc/82e1608dfa6e0b5569232559e3d385fea5a93112/library/alloc/src/boxed.rs:2021:9
[INFO] [stderr]   12:     0x562c1b4cdbf8 - std::panicking::rust_panic_with_hook::h2b5517d590cab22e
[INFO] [stderr]                                at /rustc/82e1608dfa6e0b5569232559e3d385fea5a93112/library/std/src/panicking.rs:783:13
[INFO] [stderr]   13:     0x562c1b4cd94e - std::panicking::begin_panic_handler::{{closure}}::h233112c06e0ef43e
[INFO] [stderr]                                at /rustc/82e1608dfa6e0b5569232559e3d385fea5a93112/library/std/src/panicking.rs:657:13
[INFO] [stderr]   14:     0x562c1b4cc346 - std::sys_common::backtrace::__rust_end_short_backtrace::h6e893f24d7ebbff8
[INFO] [stderr]                                at /rustc/82e1608dfa6e0b5569232559e3d385fea5a93112/library/std/src/sys_common/backtrace.rs:170:18
[INFO] [stderr]   15:     0x562c1b4cd6b2 - rust_begin_unwind
[INFO] [stderr]                                at /rustc/82e1608dfa6e0b5569232559e3d385fea5a93112/library/std/src/panicking.rs:645:5
[INFO] [stderr]   16:     0x562c1a98df35 - core::panicking::panic_fmt::hbf0e066aabfa482c
[INFO] [stderr]                                at /rustc/82e1608dfa6e0b5569232559e3d385fea5a93112/library/core/src/panicking.rs:72:14
[INFO] [stderr]   17:     0x562c1ab9e19f - core::panicking::panic_display::h1697468573c699e7
[INFO] [stderr]                                at /rustc/82e1608dfa6e0b5569232559e3d385fea5a93112/library/core/src/panicking.rs:178:5
[INFO] [stderr]   18:     0x562c1aac8cba - cucumber::cucumber::Cucumber<W,P,I,R,Wr,Cli>::filter_run_and_exit::{{closure}}::panic_cold_display::hf6959107c5ff9773
[INFO] [stderr]                                at /rustc/82e1608dfa6e0b5569232559e3d385fea5a93112/library/core/src/panic.rs:99:13
[INFO] [stderr]   19:     0x562c1aac8c70 - cucumber::cucumber::Cucumber<W,P,I,R,Wr,Cli>::filter_run_and_exit::{{closure}}::h715373fc9d506074
[INFO] [stderr]                                at /opt/rustwide/cargo-home/registry/src/index.crates.io-6f17d22bba15001f/cucumber-0.19.1/src/cucumber.rs:1294:13
[INFO] [stderr]   20:     0x562c1aac8110 - cucumber::cucumber::Cucumber<W,P,I,R,Wr,Cli>::run_and_exit::{{closure}}::h1a4bed35caf58199
[INFO] [stderr]                                at /opt/rustwide/cargo-home/registry/src/index.crates.io-6f17d22bba15001f/cucumber-0.19.1/src/cucumber.rs:1201:57
[INFO] [stderr]   21:     0x562c1ac4d016 - cucumber::World::run::{{closure}}::hc9e08317fd1e004b
[INFO] [stderr]                                at /opt/rustwide/cargo-home/registry/src/index.crates.io-6f17d22bba15001f/cucumber-0.19.1/src/lib.rs:258:46
[INFO] [stderr]   22:     0x562c1aa80839 - <core::pin::Pin<P> as core::future::future::Future>::poll::h509e304c2195803b
[INFO] [stderr]                                at /rustc/82e1608dfa6e0b5569232559e3d385fea5a93112/library/core/src/future/future.rs:125:9
[INFO] [stderr]   23:     0x562c1aa4ea16 - number::main::{{closure}}::h9aa840032e6da7e0
[INFO] [stderr]                                at /opt/rustwide/workdir/tests/number.rs:63:54
[INFO] [stderr]   24:     0x562c1aa98cb4 - tokio::runtime::park::CachedParkThread::block_on::{{closure}}::h286e242edc89543e
[INFO] [stderr]                                at /opt/rustwide/cargo-home/registry/src/index.crates.io-6f17d22bba15001f/tokio-1.25.0/src/runtime/park.rs:283:63
[INFO] [stderr]   25:     0x562c1aa98660 - tokio::runtime::coop::with_budget::h66e221bcdc0ddb47
[INFO] [stderr]                                at /opt/rustwide/cargo-home/registry/src/index.crates.io-6f17d22bba15001f/tokio-1.25.0/src/runtime/coop.rs:102:5
[INFO] [stderr]   26:     0x562c1aa98660 - tokio::runtime::coop::budget::h743138ced1e44ce7
[INFO] [stderr]                                at /opt/rustwide/cargo-home/registry/src/index.crates.io-6f17d22bba15001f/tokio-1.25.0/src/runtime/coop.rs:68:5
[INFO] [stderr]   27:     0x562c1aa98660 - tokio::runtime::park::CachedParkThread::block_on::h1a1fd75b8b7d12e7
[INFO] [stderr]                                at /opt/rustwide/cargo-home/registry/src/index.crates.io-6f17d22bba15001f/tokio-1.25.0/src/runtime/park.rs:283:31
[INFO] [stderr]   28:     0x562c1ac05286 - tokio::runtime::context::BlockingRegionGuard::block_on::hde1697e876191fc0
[INFO] [stderr]                                at /opt/rustwide/cargo-home/registry/src/index.crates.io-6f17d22bba15001f/tokio-1.25.0/src/runtime/context.rs:315:13
[INFO] [stderr]   29:     0x562c1ac48093 - tokio::runtime::scheduler::multi_thread::MultiThread::block_on::hc1c66b1e2987c365
[INFO] [stderr]                                at /opt/rustwide/cargo-home/registry/src/index.crates.io-6f17d22bba15001f/tokio-1.25.0/src/runtime/scheduler/multi_thread/mod.rs:66:9
[INFO] [stderr]   30:     0x562c1ab00216 - tokio::runtime::runtime::Runtime::block_on::h1025f1c58a8cefbb
[INFO] [stderr]                                at /opt/rustwide/cargo-home/registry/src/index.crates.io-6f17d22bba15001f/tokio-1.25.0/src/runtime/runtime.rs:284:45
[INFO] [stderr]   31:     0x562c1aa4e82b - number::main::h82a60f2e3fcd970c
[INFO] [stderr]                                at /opt/rustwide/workdir/tests/number.rs:63:5
[INFO] [stderr]   32:     0x562c1a9b781b - core::ops::function::FnOnce::call_once::hf8dad33591b364b1
[INFO] [stderr]                                at /rustc/82e1608dfa6e0b5569232559e3d385fea5a93112/library/core/src/ops/function.rs:250:5
[INFO] [stderr]   33:     0x562c1ab7960e - std::sys_common::backtrace::__rust_begin_short_backtrace::h3b23e85d23a8a029
[INFO] [stderr]                                at /rustc/82e1608dfa6e0b5569232559e3d385fea5a93112/library/std/src/sys_common/backtrace.rs:154:18
[INFO] [stderr]   34:     0x562c1ab796a1 - std::rt::lang_start::{{closure}}::h8321c13aa0e9ada8
[INFO] [stderr]                                at /rustc/82e1608dfa6e0b5569232559e3d385fea5a93112/library/std/src/rt.rs:167:18
[INFO] [stderr]   35:     0x562c1b4c3ff7 - core::ops::function::impls::<impl core::ops::function::FnOnce<A> for &F>::call_once::hd95060ecd5e1ca24
[INFO] [stderr]                                at /rustc/82e1608dfa6e0b5569232559e3d385fea5a93112/library/core/src/ops/function.rs:284:13
[INFO] [stderr]   36:     0x562c1b4c3ff7 - std::panicking::try::do_call::h6e8cf51db32a6e4b
[INFO] [stderr]                                at /rustc/82e1608dfa6e0b5569232559e3d385fea5a93112/library/std/src/panicking.rs:552:40
[INFO] [stderr]   37:     0x562c1b4c3ff7 - std::panicking::try::h3a52eefe24fe3c29
[INFO] [stderr]                                at /rustc/82e1608dfa6e0b5569232559e3d385fea5a93112/library/std/src/panicking.rs:516:19
[INFO] [stderr]   38:     0x562c1b4c3ff7 - std::panic::catch_unwind::h24c28c23c02c3841
[INFO] [stderr]                                at /rustc/82e1608dfa6e0b5569232559e3d385fea5a93112/library/std/src/panic.rs:142:14
[INFO] [stderr]   39:     0x562c1b4c3ff7 - std::rt::lang_start_internal::{{closure}}::h705d3c9cbc06ef47
[INFO] [stderr]                                at /rustc/82e1608dfa6e0b5569232559e3d385fea5a93112/library/std/src/rt.rs:148:48
[INFO] [stderr]   40:     0x562c1b4c3ff7 - std::panicking::try::do_call::ha21f52ba13158470
[INFO] [stderr]                                at /rustc/82e1608dfa6e0b5569232559e3d385fea5a93112/library/std/src/panicking.rs:552:40
[INFO] [stderr]   41:     0x562c1b4c3ff7 - std::panicking::try::h5581346bf6aeb1f8
[INFO] [stderr]                                at /rustc/82e1608dfa6e0b5569232559e3d385fea5a93112/library/std/src/panicking.rs:516:19
[INFO] [stderr]   42:     0x562c1b4c3ff7 - std::panic::catch_unwind::h7919645a6b72e25b
[INFO] [stderr]                                at /rustc/82e1608dfa6e0b5569232559e3d385fea5a93112/library/std/src/panic.rs:142:14
[INFO] [stderr]   43:     0x562c1b4c3ff7 - std::rt::lang_start_internal::h12de51168669836e
[INFO] [stderr]                                at /rustc/82e1608dfa6e0b5569232559e3d385fea5a93112/library/std/src/rt.rs:148:20
[INFO] [stderr]   44:     0x562c1ab7967a - std::rt::lang_start::hc39b3910e1ac68ff
[INFO] [stderr]                                at /rustc/82e1608dfa6e0b5569232559e3d385fea5a93112/library/std/src/rt.rs:166:17
[INFO] [stderr]   45:     0x562c1aa4eaae - main
[INFO] [stderr]   46:     0x7f0787e0bd90 - <unknown>
[INFO] [stderr]   47:     0x7f0787e0be40 - __libc_start_main
[INFO] [stderr]   48:     0x562c1a98e835 - _start
[INFO] [stderr]   49:                0x0 - <unknown>
[INFO] [stderr] error: test failed, to rerun pass `--test number`
[INFO] running `Command { std: "docker" "inspect" "d58dc21f3c20becf23354f45a2384e8c3860ca4a98985c2bcd40fdff2bfc245d", kill_on_drop: false }`
[INFO] running `Command { std: "docker" "rm" "-f" "d58dc21f3c20becf23354f45a2384e8c3860ca4a98985c2bcd40fdff2bfc245d", kill_on_drop: false }`
[INFO] [stdout] d58dc21f3c20becf23354f45a2384e8c3860ca4a98985c2bcd40fdff2bfc245d
