[INFO] cloning repository https://github.com/ajesh-mishra/rust_leetcode
[INFO] running `Command { std: "git" "-c" "credential.helper=" "-c" "credential.helper=/workspace/cargo-home/bin/git-credential-null" "clone" "--bare" "https://github.com/ajesh-mishra/rust_leetcode" "/workspace/cache/git-repos/https%3A%2F%2Fgithub.com%2Fajesh-mishra%2Frust_leetcode", kill_on_drop: false }`
[INFO] [stderr] Cloning into bare repository '/workspace/cache/git-repos/https%3A%2F%2Fgithub.com%2Fajesh-mishra%2Frust_leetcode'...
[INFO] running `Command { std: "git" "rev-parse" "HEAD", kill_on_drop: false }`
[INFO] [stdout] 4d6123693947b294f7f4c08a371d31ce3ef5761b
[INFO] testing ajesh-mishra/rust_leetcode against 1.75.0 for beta-1.76-1
[INFO] running `Command { std: "git" "clone" "/workspace/cache/git-repos/https%3A%2F%2Fgithub.com%2Fajesh-mishra%2Frust_leetcode" "/workspace/builds/worker-6-tc1/source", kill_on_drop: false }`
[INFO] [stderr] Cloning into '/workspace/builds/worker-6-tc1/source'...
[INFO] [stderr] done.
[INFO] validating manifest of git repo https://github.com/ajesh-mishra/rust_leetcode on toolchain 1.75.0
[INFO] running `Command { std: CARGO_HOME="/workspace/cargo-home" RUSTUP_HOME="/workspace/rustup-home" "/workspace/cargo-home/bin/cargo" "+1.75.0" "metadata" "--manifest-path" "Cargo.toml" "--no-deps", kill_on_drop: false }`
[INFO] started tweaking git repo https://github.com/ajesh-mishra/rust_leetcode
[INFO] finished tweaking git repo https://github.com/ajesh-mishra/rust_leetcode
[INFO] tweaked toml for git repo https://github.com/ajesh-mishra/rust_leetcode written to /workspace/builds/worker-6-tc1/source/Cargo.toml
[INFO] crate git repo https://github.com/ajesh-mishra/rust_leetcode already has a lockfile, it will not be regenerated
[INFO] running `Command { std: CARGO_HOME="/workspace/cargo-home" RUSTUP_HOME="/workspace/rustup-home" "/workspace/cargo-home/bin/cargo" "+1.75.0" "fetch" "--manifest-path" "Cargo.toml", kill_on_drop: false }`
[INFO] running `Command { std: "docker" "create" "-v" "/var/lib/crater-agent-workspace/builds/worker-6-tc1/target:/opt/rustwide/target:rw,Z" "-v" "/var/lib/crater-agent-workspace/builds/worker-6-tc1/source:/opt/rustwide/workdir:ro,Z" "-v" "/var/lib/crater-agent-workspace/cargo-home:/opt/rustwide/cargo-home:ro,Z" "-v" "/var/lib/crater-agent-workspace/rustup-home:/opt/rustwide/rustup-home:ro,Z" "-e" "SOURCE_DIR=/opt/rustwide/workdir" "-e" "CARGO_TARGET_DIR=/opt/rustwide/target" "-e" "CARGO_HOME=/opt/rustwide/cargo-home" "-e" "RUSTUP_HOME=/opt/rustwide/rustup-home" "-w" "/opt/rustwide/workdir" "-m" "1610612736" "--user" "0:0" "--network" "none" "ghcr.io/rust-lang/crates-build-env/linux@sha256:2788e3201cd34a07e3172128adcd8b3090168a8e3bcc40d7c032b9dda1df7d1c" "/opt/rustwide/cargo-home/bin/cargo" "+1.75.0" "metadata" "--no-deps" "--format-version=1", kill_on_drop: false }`
[INFO] [stdout] 593833c6e12807fce7e0338d59d59787ba3ba251379f549c73c670f2c68cbedc
[INFO] running `Command { std: "docker" "start" "-a" "593833c6e12807fce7e0338d59d59787ba3ba251379f549c73c670f2c68cbedc", kill_on_drop: false }`
[INFO] running `Command { std: "docker" "inspect" "593833c6e12807fce7e0338d59d59787ba3ba251379f549c73c670f2c68cbedc", kill_on_drop: false }`
[INFO] running `Command { std: "docker" "rm" "-f" "593833c6e12807fce7e0338d59d59787ba3ba251379f549c73c670f2c68cbedc", kill_on_drop: false }`
[INFO] [stdout] 593833c6e12807fce7e0338d59d59787ba3ba251379f549c73c670f2c68cbedc
[INFO] running `Command { std: "docker" "create" "-v" "/var/lib/crater-agent-workspace/builds/worker-6-tc1/target:/opt/rustwide/target:rw,Z" "-v" "/var/lib/crater-agent-workspace/builds/worker-6-tc1/source:/opt/rustwide/workdir:ro,Z" "-v" "/var/lib/crater-agent-workspace/cargo-home:/opt/rustwide/cargo-home:ro,Z" "-v" "/var/lib/crater-agent-workspace/rustup-home:/opt/rustwide/rustup-home:ro,Z" "-e" "SOURCE_DIR=/opt/rustwide/workdir" "-e" "CARGO_TARGET_DIR=/opt/rustwide/target" "-e" "CARGO_INCREMENTAL=0" "-e" "RUST_BACKTRACE=full" "-e" "RUSTFLAGS=--cap-lints=warn" "-e" "RUSTDOCFLAGS=--cap-lints=warn" "-e" "CARGO_HOME=/opt/rustwide/cargo-home" "-e" "RUSTUP_HOME=/opt/rustwide/rustup-home" "-w" "/opt/rustwide/workdir" "-m" "1610612736" "--user" "0:0" "--network" "none" "ghcr.io/rust-lang/crates-build-env/linux@sha256:2788e3201cd34a07e3172128adcd8b3090168a8e3bcc40d7c032b9dda1df7d1c" "/opt/rustwide/cargo-home/bin/cargo" "+1.75.0" "build" "--frozen" "--message-format=json", kill_on_drop: false }`
[INFO] [stdout] 59585198e87b8db98ea5e4c30f93d575b0d73f28998752c9307bde7e9122e9d8
[INFO] running `Command { std: "docker" "start" "-a" "59585198e87b8db98ea5e4c30f93d575b0d73f28998752c9307bde7e9122e9d8", kill_on_drop: false }`
[INFO] [stderr]    Compiling one_leetcode v0.1.0 (/opt/rustwide/workdir)
[INFO] [stdout] warning: struct `MyHashMap` is never constructed
[INFO] [stdout]  --> src/lc_706_design_hashmap.rs:1:8
[INFO] [stdout]   |
[INFO] [stdout] 1 | struct MyHashMap {
[INFO] [stdout]   |        ^^^^^^^^^
[INFO] [stdout]   |
[INFO] [stdout]   = note: `#[warn(dead_code)]` on by default
[INFO] [stdout] 
[INFO] [stdout] 
[INFO] [stdout] warning: associated items `new`, `put`, `get`, and `remove` are never used
[INFO] [stdout]   --> src/lc_706_design_hashmap.rs:7:8
[INFO] [stdout]    |
[INFO] [stdout] 6  | impl MyHashMap {
[INFO] [stdout]    | -------------- associated items in this implementation
[INFO] [stdout] 7  |     fn new() -> Self {
[INFO] [stdout]    |        ^^^
[INFO] [stdout] ...
[INFO] [stdout] 14 |     fn put(&mut self, key: i32, value: i32) {
[INFO] [stdout]    |        ^^^
[INFO] [stdout] ...
[INFO] [stdout] 27 |     fn get(&self, key: i32) -> i32 {
[INFO] [stdout]    |        ^^^
[INFO] [stdout] ...
[INFO] [stdout] 39 |     fn remove(&mut self, key: i32) {
[INFO] [stdout]    |        ^^^^^^
[INFO] [stdout] 
[INFO] [stdout] 
[INFO] [stdout] warning: struct `Solution` is never constructed
[INFO] [stdout]  --> src/lc_2710_remove_trailing_zeros_from_a_string.rs:1:12
[INFO] [stdout]   |
[INFO] [stdout] 1 | pub struct Solution {}
[INFO] [stdout]   |            ^^^^^^^^
[INFO] [stdout] 
[INFO] [stdout] 
[INFO] [stdout] warning: associated function `remove_trailing_zeros` is never used
[INFO] [stdout]  --> src/lc_2710_remove_trailing_zeros_from_a_string.rs:4:12
[INFO] [stdout]   |
[INFO] [stdout] 3 | impl Solution {
[INFO] [stdout]   | ------------- associated function in this implementation
[INFO] [stdout] 4 |     pub fn remove_trailing_zeros(num: String) -> String {
[INFO] [stdout]   |            ^^^^^^^^^^^^^^^^^^^^^
[INFO] [stdout] 
[INFO] [stdout] 
[INFO] [stdout] warning: 4 warnings emitted
[INFO] [stdout] 
[INFO] [stdout] 
[INFO] [stderr]     Finished dev [unoptimized + debuginfo] target(s) in 1.07s
[INFO] running `Command { std: "docker" "inspect" "59585198e87b8db98ea5e4c30f93d575b0d73f28998752c9307bde7e9122e9d8", kill_on_drop: false }`
[INFO] running `Command { std: "docker" "rm" "-f" "59585198e87b8db98ea5e4c30f93d575b0d73f28998752c9307bde7e9122e9d8", kill_on_drop: false }`
[INFO] [stdout] 59585198e87b8db98ea5e4c30f93d575b0d73f28998752c9307bde7e9122e9d8
[INFO] running `Command { std: "docker" "create" "-v" "/var/lib/crater-agent-workspace/builds/worker-6-tc1/target:/opt/rustwide/target:rw,Z" "-v" "/var/lib/crater-agent-workspace/builds/worker-6-tc1/source:/opt/rustwide/workdir:ro,Z" "-v" "/var/lib/crater-agent-workspace/cargo-home:/opt/rustwide/cargo-home:ro,Z" "-v" "/var/lib/crater-agent-workspace/rustup-home:/opt/rustwide/rustup-home:ro,Z" "-e" "SOURCE_DIR=/opt/rustwide/workdir" "-e" "CARGO_TARGET_DIR=/opt/rustwide/target" "-e" "CARGO_INCREMENTAL=0" "-e" "RUST_BACKTRACE=full" "-e" "RUSTFLAGS=--cap-lints=warn" "-e" "RUSTDOCFLAGS=--cap-lints=warn" "-e" "CARGO_HOME=/opt/rustwide/cargo-home" "-e" "RUSTUP_HOME=/opt/rustwide/rustup-home" "-w" "/opt/rustwide/workdir" "-m" "1610612736" "--user" "0:0" "--network" "none" "ghcr.io/rust-lang/crates-build-env/linux@sha256:2788e3201cd34a07e3172128adcd8b3090168a8e3bcc40d7c032b9dda1df7d1c" "/opt/rustwide/cargo-home/bin/cargo" "+1.75.0" "test" "--frozen" "--no-run" "--message-format=json", kill_on_drop: false }`
[INFO] [stdout] 394ade24b2f980c2c87abd8b1db49ec31ddf56532af4df886dfc76ed8f72fc18
[INFO] running `Command { std: "docker" "start" "-a" "394ade24b2f980c2c87abd8b1db49ec31ddf56532af4df886dfc76ed8f72fc18", kill_on_drop: false }`
[INFO] [stdout] warning: struct `MyHashMap` is never constructed
[INFO] [stdout]  --> src/lc_706_design_hashmap.rs:1:8
[INFO] [stdout]   |
[INFO] [stdout] 1 | struct MyHashMap {
[INFO] [stdout]   |        ^^^^^^^^^
[INFO] [stdout]   |
[INFO] [stdout]   = note: `#[warn(dead_code)]` on by default
[INFO] [stdout] 
[INFO] [stdout] 
[INFO] [stderr]    Compiling one_leetcode v0.1.0 (/opt/rustwide/workdir)
[INFO] [stdout] warning: associated items `new`, `put`, `get`, and `remove` are never used
[INFO] [stdout]   --> src/lc_706_design_hashmap.rs:7:8
[INFO] [stdout]    |
[INFO] [stdout] 6  | impl MyHashMap {
[INFO] [stdout]    | -------------- associated items in this implementation
[INFO] [stdout] 7  |     fn new() -> Self {
[INFO] [stdout]    |        ^^^
[INFO] [stdout] ...
[INFO] [stdout] 14 |     fn put(&mut self, key: i32, value: i32) {
[INFO] [stdout]    |        ^^^
[INFO] [stdout] ...
[INFO] [stdout] 27 |     fn get(&self, key: i32) -> i32 {
[INFO] [stdout]    |        ^^^
[INFO] [stdout] ...
[INFO] [stdout] 39 |     fn remove(&mut self, key: i32) {
[INFO] [stdout]    |        ^^^^^^
[INFO] [stdout] 
[INFO] [stdout] 
[INFO] [stdout] warning: struct `Solution` is never constructed
[INFO] [stdout]  --> src/lc_2710_remove_trailing_zeros_from_a_string.rs:1:12
[INFO] [stdout]   |
[INFO] [stdout] 1 | pub struct Solution {}
[INFO] [stdout]   |            ^^^^^^^^
[INFO] [stdout] 
[INFO] [stdout] 
[INFO] [stdout] warning: associated function `remove_trailing_zeros` is never used
[INFO] [stdout]  --> src/lc_2710_remove_trailing_zeros_from_a_string.rs:4:12
[INFO] [stdout]   |
[INFO] [stdout] 3 | impl Solution {
[INFO] [stdout]   | ------------- associated function in this implementation
[INFO] [stdout] 4 |     pub fn remove_trailing_zeros(num: String) -> String {
[INFO] [stdout]   |            ^^^^^^^^^^^^^^^^^^^^^
[INFO] [stdout] 
[INFO] [stdout] 
[INFO] [stdout] warning: 4 warnings emitted
[INFO] [stdout] 
[INFO] [stdout] 
[INFO] [stderr]     Finished test [unoptimized + debuginfo] target(s) in 1.62s
[INFO] running `Command { std: "docker" "inspect" "394ade24b2f980c2c87abd8b1db49ec31ddf56532af4df886dfc76ed8f72fc18", kill_on_drop: false }`
[INFO] running `Command { std: "docker" "rm" "-f" "394ade24b2f980c2c87abd8b1db49ec31ddf56532af4df886dfc76ed8f72fc18", kill_on_drop: false }`
[INFO] [stdout] 394ade24b2f980c2c87abd8b1db49ec31ddf56532af4df886dfc76ed8f72fc18
[INFO] running `Command { std: "docker" "create" "-v" "/var/lib/crater-agent-workspace/builds/worker-6-tc1/target:/opt/rustwide/target:rw,Z" "-v" "/var/lib/crater-agent-workspace/builds/worker-6-tc1/source:/opt/rustwide/workdir:ro,Z" "-v" "/var/lib/crater-agent-workspace/cargo-home:/opt/rustwide/cargo-home:ro,Z" "-v" "/var/lib/crater-agent-workspace/rustup-home:/opt/rustwide/rustup-home:ro,Z" "-e" "SOURCE_DIR=/opt/rustwide/workdir" "-e" "CARGO_TARGET_DIR=/opt/rustwide/target" "-e" "CARGO_INCREMENTAL=0" "-e" "RUST_BACKTRACE=full" "-e" "RUSTFLAGS=--cap-lints=warn" "-e" "RUSTDOCFLAGS=--cap-lints=warn" "-e" "CARGO_HOME=/opt/rustwide/cargo-home" "-e" "RUSTUP_HOME=/opt/rustwide/rustup-home" "-w" "/opt/rustwide/workdir" "-m" "1610612736" "--user" "0:0" "--network" "none" "ghcr.io/rust-lang/crates-build-env/linux@sha256:2788e3201cd34a07e3172128adcd8b3090168a8e3bcc40d7c032b9dda1df7d1c" "/opt/rustwide/cargo-home/bin/cargo" "+1.75.0" "test" "--frozen", kill_on_drop: false }`
[INFO] [stdout] c82505c075b10b6ed3d04aed3fda01f4fb42e0055550c702da4fd492c78108ec
[INFO] running `Command { std: "docker" "start" "-a" "c82505c075b10b6ed3d04aed3fda01f4fb42e0055550c702da4fd492c78108ec", kill_on_drop: false }`
[INFO] [stderr] warning: struct `MyHashMap` is never constructed
[INFO] [stderr]  --> src/lc_706_design_hashmap.rs:1:8
[INFO] [stderr]   |
[INFO] [stderr] 1 | struct MyHashMap {
[INFO] [stderr]   |        ^^^^^^^^^
[INFO] [stderr]   |
[INFO] [stderr]   = note: `#[warn(dead_code)]` on by default
[INFO] [stderr] 
[INFO] [stderr] warning: associated items `new`, `put`, `get`, and `remove` are never used
[INFO] [stderr]   --> src/lc_706_design_hashmap.rs:7:8
[INFO] [stderr]    |
[INFO] [stderr] 6  | impl MyHashMap {
[INFO] [stderr]    | -------------- associated items in this implementation
[INFO] [stderr] 7  |     fn new() -> Self {
[INFO] [stderr]    |        ^^^
[INFO] [stderr] ...
[INFO] [stderr] 14 |     fn put(&mut self, key: i32, value: i32) {
[INFO] [stderr]    |        ^^^
[INFO] [stderr] ...
[INFO] [stderr] 27 |     fn get(&self, key: i32) -> i32 {
[INFO] [stderr]    |        ^^^
[INFO] [stderr] ...
[INFO] [stderr] 39 |     fn remove(&mut self, key: i32) {
[INFO] [stderr]    |        ^^^^^^
[INFO] [stderr] 
[INFO] [stderr] warning: struct `Solution` is never constructed
[INFO] [stderr]  --> src/lc_2710_remove_trailing_zeros_from_a_string.rs:1:12
[INFO] [stderr]   |
[INFO] [stderr] 1 | pub struct Solution {}
[INFO] [stderr]   |            ^^^^^^^^
[INFO] [stderr] 
[INFO] [stderr] warning: associated function `remove_trailing_zeros` is never used
[INFO] [stderr]  --> src/lc_2710_remove_trailing_zeros_from_a_string.rs:4:12
[INFO] [stderr]   |
[INFO] [stderr] 3 | impl Solution {
[INFO] [stderr]   | ------------- associated function in this implementation
[INFO] [stderr] 4 |     pub fn remove_trailing_zeros(num: String) -> String {
[INFO] [stderr]   |            ^^^^^^^^^^^^^^^^^^^^^
[INFO] [stderr] 
[INFO] [stderr] warning: `one_leetcode` (lib) generated 4 warnings
[INFO] [stderr]     Finished test [unoptimized + debuginfo] target(s) in 0.01s
[INFO] [stderr]      Running unittests src/lib.rs (/opt/rustwide/target/debug/deps/one_leetcode-6eac1f00215b7963)
[INFO] [stdout] 
[INFO] [stdout] running 117 tests
[INFO] [stdout] test lc_1281_subtract_the_product_and_sum_of_digits_of_an_integer::tests::ut ... ok
[INFO] [stdout] test format_title::test::ut_1 ... ok
[INFO] [stdout] test lc_1287_element_appearing_more_than_25_in_sorted_array::tests::ut ... ok
[INFO] [stdout] test lc_1337_the_k_weakest_rows_in_a_matrix::tests::ut ... ok
[INFO] [stdout] test lc_1005_maximize_sum_of_array_after_k_negations::test::ut ... ok
[INFO] [stdout] test lc_1399_count_largest_group::tests::ut ... ok
[INFO] [stdout] test lc_1413_minimum_value_to_get_positive_step_by_step_sum::tests::ut ... ok
[INFO] [stdout] test lc_1422_maximum_score_after_splitting_a_string::tests::ut ... ok
[INFO] [stdout] test lc_1436_destination_city::tests::ut ... ok
[INFO] [stdout] test lc_1464_maximum_product_of_two_elements_in_an_array::tests::ut ... ok
[INFO] [stdout] test lc_1496_path_crossing::tests::ut ... ok
[INFO] [stdout] test lc_1512_number_of_good_pairs::tests::ut ... ok
[INFO] [stdout] test lc_1582_special_positions_in_a_binary_matrix::tests::ut ... ok
[INFO] [stdout] test lc_1615_maximal_network_rank::test::ut ... ok
[INFO] [stdout] test lc_1624_largest_substring_between_two_equal_characters::tests::ut ... ok
[INFO] [stdout] test lc_1630_arithmetic_subarrays::tests::ut ... ok
[INFO] [stdout] test lc_1637_widest_vertical_area_between_two_points_containing_no_points::tests::ut ... ok
[INFO] [stdout] test lc_1758_minimum_changes_to_make_alternating_binary_string::tests::ut ... ok
[INFO] [stdout] test lc_1790_check_if_one_string_swap_can_make_strings_equal::tests::ut_false ... ok
[INFO] [stdout] test lc_1790_check_if_one_string_swap_can_make_strings_equal::tests::ut_true ... ok
[INFO] [stdout] test lc_1812_determine_color_of_a_chessboard_square::tests::ut_false ... ok
[INFO] [stdout] test lc_1812_determine_color_of_a_chessboard_square::tests::ut_true ... ok
[INFO] [stdout] test lc_1957_delete_characters_to_make_fancy_string::tests::ut ... ok
[INFO] [stdout] test lc_1897_redistribute_characters_to_make_all_strings_equal::tests::ut ... ok
[INFO] [stdout] test lc_2119_a_number_after_a_double_reversal::tests::ut_true ... ok
[INFO] [stdout] test lc_1967_number_of_strings_that_appear_as_substrings_in_word::tests::ut ... ok
[INFO] [stdout] test lc_2124_check_if_all_as_appears_before_all_bs::tests::ut_false ... ok
[INFO] [stdout] test lc_2124_check_if_all_as_appears_before_all_bs::tests::ut_true ... ok
[INFO] [stdout] test lc_217_contains_duplicate::test::ut_positive ... ok
[INFO] [stdout] test lc_2347_best_poker_hand::tests::ut ... ok
[INFO] [stdout] test lc_2119_a_number_after_a_double_reversal::tests::ut_false ... ok
[INFO] [stdout] test lc_2432_the_employee_that_worked_on_the_longest_task::tests::ut ... ok
[INFO] [stdout] test lc_2651_calculate_delayed_arrival_time::test::ut_one ... ok
[INFO] [stdout] test lc_2660_determine_the_winner_of_a_bowling_game::test::ut_one ... ok
[INFO] [stdout] test lc_2643_row_with_maximum_ones::test::ut ... ok
[INFO] [stdout] test lc_2660_determine_the_winner_of_a_bowling_game::test::ut_zero ... ok
[INFO] [stdout] test lc_2482_difference_between_ones_and_zeros_in_row_and_column::tests::ut ... ok
[INFO] [stdout] test lc_217_contains_duplicate::test::ut_negetive ... ok
[INFO] [stdout] test lc_2574_left_and_right_sum_differences::test::ut_positive ... ok
[INFO] [stdout] test lc_2652_sum_multiples::test::ut_small ... ok
[INFO] [stdout] test lc_2656_maximum_sum_with_exactly_k_elements::test::ut_one ... ok
[INFO] [stdout] test lc_2682_find_the_losers_of_the_circular_game::test::ut_failed ... ok
[INFO] [stdout] test lc_2670_find_the_distinct_difference_array::test::ut ... ok
[INFO] [stdout] test lc_2660_determine_the_winner_of_a_bowling_game::test::ut_two ... ok
[INFO] [stdout] test lc_263_ugly_number::test::ut_false ... ok
[INFO] [stdout] test lc_2562_find_the_array_concatenation_value::tests::ut ... ok
[INFO] [stdout] test lc_2710_remove_trailing_zeros_from_a_string::tests::ut ... ok
[INFO] [stdout] test lc_2765_longest_alternating_subarray::tests::ut ... ok
[INFO] [stdout] test lc_2765_longest_alternating_subarray::tests::ut_negative ... ok
[INFO] [stdout] test lc_2744_find_maximum_number_of_string_pairs::tests::ut ... ok
[INFO] [stdout] test lc_2706_buy_two_chocolates::tests::ut ... ok
[INFO] [stdout] test lc_2784_check_if_array_is_good::test::ut_false ... ok
[INFO] [stdout] test lc_2784_check_if_array_is_good::test::ut_true ... ok
[INFO] [stdout] test lc_2785_sort_vowels_in_a_string::tests::ut ... ok
[INFO] [stdout] test lc_2788_split_strings_by_separator::test::ut_empty ... ok
[INFO] [stdout] test lc_2788_split_strings_by_separator::test::ut_normal ... ok
[INFO] [stdout] test lc_2778_sum_of_squares_of_special_elements::test::ut_one ... ok
[INFO] [stdout] test lc_2682_find_the_losers_of_the_circular_game::test::ut ... ok
[INFO] [stdout] test lc_263_ugly_number::test::ut_true ... ok
[INFO] [stdout] test lc_2798_number_of_employees_who_met_the_target::test::ut_one ... ok
[INFO] [stdout] test lc_2806_account_balance_after_rounded_purchase::test::ut ... ok
[INFO] [stdout] test lc_2810_faulty_keyboard::test::ut ... ok
[INFO] [stdout] test lc_2815_max_pair_sum_in_an_array::test::ut_negetive ... ok
[INFO] [stdout] test lc_2815_max_pair_sum_in_an_array::test::ut_positive ... ok
[INFO] [stdout] test lc_2828_check_if_a_string_is_an_acronym_of_words::test::ut_false ... ok
[INFO] [stdout] test lc_2828_check_if_a_string_is_an_acronym_of_words::test::ut_true ... ok
[INFO] [stdout] test lc_2843_count_symmetric_integers::test::ut ... ok
[INFO] [stdout] test lc_2848_points_that_intersect_with_cars::test::ut ... ok
[INFO] [stdout] test lc_2748_number_of_beautiful_pairs::tests::ut ... ok
[INFO] [stdout] test lc_2788_split_strings_by_separator::test::ut_special ... ok
[INFO] [stdout] test lc_2855_minimum_right_shifts_to_sort_the_array::tests::ut_zero ... ok
[INFO] [stdout] test lc_2855_minimum_right_shifts_to_sort_the_array::tests::ut_negative ... ok
[INFO] [stdout] test lc_2869_minimum_operations_to_collect_elements::tests::ut ... ok
[INFO] [stdout] test lc_2859_sum_of_values_at_indices_with_k_set_bits::tests::ut ... ok
[INFO] [stdout] test lc_287_find_the_duplicate_number::tests::ut ... ok
[INFO] [stdout] test lc_2864_maximum_odd_binary_number::tests::ut ... ok
[INFO] [stdout] test lc_2873_maximum_value_of_an_ordered_triplet_i::tests::ut ... ok
[INFO] [stdout] test lc_287_find_the_duplicate_number::tests::ut_zero ... ok
[INFO] [stdout] test lc_2824_count_pairs_whose_sum_is_less_than_target::test::ut ... ok
[INFO] [stdout] test lc_2903_find_indices_with_index_and_value_difference_i::tests::ut_found ... ok
[INFO] [stdout] test lc_2903_find_indices_with_index_and_value_difference_i::tests::ut_not_found ... ok
[INFO] [stdout] test lc_2908_minimum_sum_of_mountain_triplets_i::tests::ut_negetive ... ok
[INFO] [stdout] test lc_2908_minimum_sum_of_mountain_triplets_i::tests::ut_positive ... ok
[INFO] [stdout] test lc_2932_maximum_strong_pair_xor_i::tests::ut ... ok
[INFO] [stdout] test lc_2937_make_three_strings_equal::tests::ut_true ... ok
[INFO] [stdout] test lc_2913_subarrays_distinct_element_sum_of_squares_i::tests::ut ... ok
[INFO] [stdout] test lc_2937_make_three_strings_equal::tests::ut_false ... ok
[INFO] [stdout] test lc_2946_matrix_similarity_after_cyclic_shifts::tests::ut_false ... ok
[INFO] [stdout] test lc_2960_count_tested_devices_after_test_operations::tests::ut ... ok
[INFO] [stdout] test lc_2942_find_words_containing_character::tests::ut ... ok
[INFO] [stdout] test lc_2946_matrix_similarity_after_cyclic_shifts::tests::ut_true ... ok
[INFO] [stdout] test lc_2855_minimum_right_shifts_to_sort_the_array::tests::ut_positive ... ok
[INFO] [stdout] test lc_2974_minimum_number_game::tests::ut ... ok
[INFO] [stdout] test lc_316_remove_duplicate_letters::tests::ut ... ok
[INFO] [stdout] test lc_322_coin_change::test::ut_value ... ok
[INFO] [stdout] test lc_342_power_of_four::tests::ut_true ... ok
[INFO] [stdout] test lc_383_ransom_note::tests::ut_true ... ok
[INFO] [stdout] test lc_392_is_subsequence::tests::ut_false ... ok
[INFO] [stdout] test lc_2965_find_missing_and_repeated_values::tests::ut ... ok
[INFO] [stdout] test lc_392_is_subsequence::tests::ut_true ... ok
[INFO] [stdout] test lc_322_coin_change::test::ut_negetive ... ok
[INFO] [stdout] test lc_2956_find_common_elements_between_two_arrays::tests::ut ... ok
[INFO] [stdout] test lc_459_repeated_substring_pattern::test::ut_true ... ok
[INFO] [stdout] test lc_383_ransom_note::tests::ut_false ... ok
[INFO] [stdout] test lc_459_repeated_substring_pattern::test::ut_false ... ok
[INFO] [stdout] test lc_2951_find_the_peaks::tests::ut ... ok
[INFO] [stdout] test lc_389_find_the_difference::tests::ut ... ok
[INFO] [stdout] test lc_661_image_smoother::tests::ut ... ok
[INFO] [stdout] test lc_706_design_hashmap::test::ut ... ok
[INFO] [stdout] test lc_81_search_in_rotated_sorted_array_ii::test::ut_true ... ok
[INFO] [stdout] test lc_74_search_a_2d_matrix::test::ut_true ... ok
[INFO] [stdout] test lc_852_peak_index_in_a_mountain_array::test::ut_one ... ok
[INFO] [stdout] test lc_74_search_a_2d_matrix::test::ut_false ... ok
[INFO] [stdout] test lc_868_binary_gap::test::ut ... ok
[INFO] [stdout] test lc_97_interleaving_string::test::ut_true ... ok
[INFO] [stdout] test lc_2923_find_champion_i::tests::ut ... FAILED
[INFO] [stdout] test lc_342_power_of_four::tests::ut_false ... FAILED
[INFO] [stdout] 
[INFO] [stdout] failures:
[INFO] [stdout] 
[INFO] [stdout] ---- lc_2923_find_champion_i::tests::ut stdout ----
[INFO] [stdout] thread 'lc_2923_find_champion_i::tests::ut' panicked at src/lc_2923_find_champion_i.rs:28:9:
[INFO] [stdout] assertion `left == right` failed
[INFO] [stdout]   left: 8
[INFO] [stdout]  right: 0
[INFO] [stdout] stack backtrace:
[INFO] [stdout]    0:     0x55629fc8496c - std::backtrace_rs::backtrace::libunwind::trace::ha637c64ce894333a
[INFO] [stdout]                                at /rustc/82e1608dfa6e0b5569232559e3d385fea5a93112/library/std/src/../../backtrace/src/backtrace/libunwind.rs:104:5
[INFO] [stdout]    1:     0x55629fc8496c - std::backtrace_rs::backtrace::trace_unsynchronized::h47f62dea28e0c88d
[INFO] [stdout]                                at /rustc/82e1608dfa6e0b5569232559e3d385fea5a93112/library/std/src/../../backtrace/src/backtrace/mod.rs:66:5
[INFO] [stdout]    2:     0x55629fc8496c - std::sys_common::backtrace::_print_fmt::h9eef0abe20ede486
[INFO] [stdout]                                at /rustc/82e1608dfa6e0b5569232559e3d385fea5a93112/library/std/src/sys_common/backtrace.rs:67:5
[INFO] [stdout]    3:     0x55629fc8496c - <std::sys_common::backtrace::_print::DisplayBacktrace as core::fmt::Display>::fmt::hed7f999df88cc644
[INFO] [stdout]                                at /rustc/82e1608dfa6e0b5569232559e3d385fea5a93112/library/std/src/sys_common/backtrace.rs:44:22
[INFO] [stdout]    4:     0x55629fcae820 - core::fmt::rt::Argument::fmt::h1539a9308b8d058d
[INFO] [stdout]                                at /rustc/82e1608dfa6e0b5569232559e3d385fea5a93112/library/core/src/fmt/rt.rs:142:9
[INFO] [stdout]    5:     0x55629fcae820 - core::fmt::write::h3a39390d8560d9c9
[INFO] [stdout]                                at /rustc/82e1608dfa6e0b5569232559e3d385fea5a93112/library/core/src/fmt/mod.rs:1120:17
[INFO] [stdout]    6:     0x55629fc8231f - std::io::Write::write_fmt::h040b369f3a0f9cbc
[INFO] [stdout]                                at /rustc/82e1608dfa6e0b5569232559e3d385fea5a93112/library/std/src/io/mod.rs:1762:15
[INFO] [stdout]    7:     0x55629fc84754 - std::sys_common::backtrace::_print::h894006fb5c6f3d45
[INFO] [stdout]                                at /rustc/82e1608dfa6e0b5569232559e3d385fea5a93112/library/std/src/sys_common/backtrace.rs:47:5
[INFO] [stdout]    8:     0x55629fc84754 - std::sys_common::backtrace::print::h23a2d212c6fff936
[INFO] [stdout]                                at /rustc/82e1608dfa6e0b5569232559e3d385fea5a93112/library/std/src/sys_common/backtrace.rs:34:9
[INFO] [stdout]    9:     0x55629fc86417 - std::panicking::default_hook::{{closure}}::h8a1d2ee00185001a
[INFO] [stdout]   10:     0x55629fc86103 - std::panicking::default_hook::h6038f2eba384e475
[INFO] [stdout]                                at /rustc/82e1608dfa6e0b5569232559e3d385fea5a93112/library/std/src/panicking.rs:289:9
[INFO] [stdout]   11:     0x55629fc56b17 - <alloc::boxed::Box<F,A> as core::ops::function::Fn<Args>>::call::h0ad024c9bdc6d768
[INFO] [stdout]                                at /rustc/82e1608dfa6e0b5569232559e3d385fea5a93112/library/alloc/src/boxed.rs:2021:9
[INFO] [stdout]   12:     0x55629fc56b17 - test::test_main::{{closure}}::h7500b54257359db6
[INFO] [stdout]                                at /rustc/82e1608dfa6e0b5569232559e3d385fea5a93112/library/test/src/lib.rs:138:21
[INFO] [stdout]   13:     0x55629fc86a28 - <alloc::boxed::Box<F,A> as core::ops::function::Fn<Args>>::call::h1f8f335eaa9cfaee
[INFO] [stdout]                                at /rustc/82e1608dfa6e0b5569232559e3d385fea5a93112/library/alloc/src/boxed.rs:2021:9
[INFO] [stdout]   14:     0x55629fc86a28 - std::panicking::rust_panic_with_hook::h2b5517d590cab22e
[INFO] [stdout]                                at /rustc/82e1608dfa6e0b5569232559e3d385fea5a93112/library/std/src/panicking.rs:783:13
[INFO] [stdout]   15:     0x55629fc8677e - std::panicking::begin_panic_handler::{{closure}}::h233112c06e0ef43e
[INFO] [stdout]                                at /rustc/82e1608dfa6e0b5569232559e3d385fea5a93112/library/std/src/panicking.rs:657:13
[INFO] [stdout]   16:     0x55629fc84e36 - std::sys_common::backtrace::__rust_end_short_backtrace::h6e893f24d7ebbff8
[INFO] [stdout]                                at /rustc/82e1608dfa6e0b5569232559e3d385fea5a93112/library/std/src/sys_common/backtrace.rs:170:18
[INFO] [stdout]   17:     0x55629fc864e2 - rust_begin_unwind
[INFO] [stdout]                                at /rustc/82e1608dfa6e0b5569232559e3d385fea5a93112/library/std/src/panicking.rs:645:5
[INFO] [stdout]   18:     0x55629fb7dcf5 - core::panicking::panic_fmt::hbf0e066aabfa482c
[INFO] [stdout]                                at /rustc/82e1608dfa6e0b5569232559e3d385fea5a93112/library/core/src/panicking.rs:72:14
[INFO] [stdout]   19:     0x55629fb7e10b - core::panicking::assert_failed_inner::h0bba8b7c26ee4492
[INFO] [stdout]   20:     0x55629fbf250e - core::panicking::assert_failed::hd9ba553674f10520
[INFO] [stdout]                                at /rustc/82e1608dfa6e0b5569232559e3d385fea5a93112/library/core/src/panicking.rs:279:5
[INFO] [stdout]   21:     0x55629fc092a0 - one_leetcode::lc_2923_find_champion_i::tests::ut::h43257ed419f62336
[INFO] [stdout]                                at /opt/rustwide/workdir/src/lc_2923_find_champion_i.rs:28:9
[INFO] [stdout]   22:     0x55629fc054b7 - one_leetcode::lc_2923_find_champion_i::tests::ut::{{closure}}::h0f587da57a03a73f
[INFO] [stdout]                                at /opt/rustwide/workdir/src/lc_2923_find_champion_i.rs:27:12
[INFO] [stdout]   23:     0x55629fbde296 - core::ops::function::FnOnce::call_once::hb019381f1d59edcd
[INFO] [stdout]                                at /rustc/82e1608dfa6e0b5569232559e3d385fea5a93112/library/core/src/ops/function.rs:250:5
[INFO] [stdout]   24:     0x55629fc5c16f - core::ops::function::FnOnce::call_once::h2b5d431d5046312d
[INFO] [stdout]                                at /rustc/82e1608dfa6e0b5569232559e3d385fea5a93112/library/core/src/ops/function.rs:250:5
[INFO] [stdout]   25:     0x55629fc5c16f - test::__rust_begin_short_backtrace::h7714669af176e207
[INFO] [stdout]                                at /rustc/82e1608dfa6e0b5569232559e3d385fea5a93112/library/test/src/lib.rs:628:18
[INFO] [stdout]   26:     0x55629fc5b185 - test::run_test_in_process::{{closure}}::h85218797dcbcec12
[INFO] [stdout]                                at /rustc/82e1608dfa6e0b5569232559e3d385fea5a93112/library/test/src/lib.rs:651:60
[INFO] [stdout]   27:     0x55629fc5b185 - <core::panic::unwind_safe::AssertUnwindSafe<F> as core::ops::function::FnOnce<()>>::call_once::h76c106ea31c14d7b
[INFO] [stdout]                                at /rustc/82e1608dfa6e0b5569232559e3d385fea5a93112/library/core/src/panic/unwind_safe.rs:272:9
[INFO] [stdout]   28:     0x55629fc5b185 - std::panicking::try::do_call::h3bd5d0f6620ee946
[INFO] [stdout]                                at /rustc/82e1608dfa6e0b5569232559e3d385fea5a93112/library/std/src/panicking.rs:552:40
[INFO] [stdout]   29:     0x55629fc5b185 - std::panicking::try::h232e535e4744fe31
[INFO] [stdout]                                at /rustc/82e1608dfa6e0b5569232559e3d385fea5a93112/library/std/src/panicking.rs:516:19
[INFO] [stdout]   30:     0x55629fc5b185 - std::panic::catch_unwind::h3ce3bd6ca8dbac68
[INFO] [stdout]                                at /rustc/82e1608dfa6e0b5569232559e3d385fea5a93112/library/std/src/panic.rs:142:14
[INFO] [stdout]   31:     0x55629fc5b185 - test::run_test_in_process::hc97b257c9621286a
[INFO] [stdout]                                at /rustc/82e1608dfa6e0b5569232559e3d385fea5a93112/library/test/src/lib.rs:651:27
[INFO] [stdout]   32:     0x55629fc5b185 - test::run_test::{{closure}}::h2aa798823a438d38
[INFO] [stdout]                                at /rustc/82e1608dfa6e0b5569232559e3d385fea5a93112/library/test/src/lib.rs:574:43
[INFO] [stdout]   33:     0x55629fc23446 - test::run_test::{{closure}}::h87d231c78fb59832
[INFO] [stdout]                                at /rustc/82e1608dfa6e0b5569232559e3d385fea5a93112/library/test/src/lib.rs:602:41
[INFO] [stdout]   34:     0x55629fc23446 - std::sys_common::backtrace::__rust_begin_short_backtrace::he6df152596625789
[INFO] [stdout]                                at /rustc/82e1608dfa6e0b5569232559e3d385fea5a93112/library/std/src/sys_common/backtrace.rs:154:18
[INFO] [stdout]   35:     0x55629fc284f7 - std::thread::Builder::spawn_unchecked_::{{closure}}::{{closure}}::ha94be15d1e0acf36
[INFO] [stdout]                                at /rustc/82e1608dfa6e0b5569232559e3d385fea5a93112/library/std/src/thread/mod.rs:529:17
[INFO] [stdout]   36:     0x55629fc284f7 - <core::panic::unwind_safe::AssertUnwindSafe<F> as core::ops::function::FnOnce<()>>::call_once::h9dc6bd6372f16606
[INFO] [stdout]                                at /rustc/82e1608dfa6e0b5569232559e3d385fea5a93112/library/core/src/panic/unwind_safe.rs:272:9
[INFO] [stdout]   37:     0x55629fc284f7 - std::panicking::try::do_call::h9057517f80303cd4
[INFO] [stdout]                                at /rustc/82e1608dfa6e0b5569232559e3d385fea5a93112/library/std/src/panicking.rs:552:40
[INFO] [stdout]   38:     0x55629fc284f7 - std::panicking::try::he3a30b11ee45340c
[INFO] [stdout]                                at /rustc/82e1608dfa6e0b5569232559e3d385fea5a93112/library/std/src/panicking.rs:516:19
[INFO] [stdout]   39:     0x55629fc284f7 - std::panic::catch_unwind::h410458cfd3528b8b
[INFO] [stdout]                                at /rustc/82e1608dfa6e0b5569232559e3d385fea5a93112/library/std/src/panic.rs:142:14
[INFO] [stdout]   40:     0x55629fc284f7 - std::thread::Builder::spawn_unchecked_::{{closure}}::h72ac3bdb567b737b
[INFO] [stdout]                                at /rustc/82e1608dfa6e0b5569232559e3d385fea5a93112/library/std/src/thread/mod.rs:528:30
[INFO] [stdout]   41:     0x55629fc284f7 - core::ops::function::FnOnce::call_once{{vtable.shim}}::h38f34da3654a8344
[INFO] [stdout]                                at /rustc/82e1608dfa6e0b5569232559e3d385fea5a93112/library/core/src/ops/function.rs:250:5
[INFO] [stdout]   42:     0x55629fc8b4b5 - <alloc::boxed::Box<F,A> as core::ops::function::FnOnce<Args>>::call_once::hc7eafaff61e32df9
[INFO] [stdout]                                at /rustc/82e1608dfa6e0b5569232559e3d385fea5a93112/library/alloc/src/boxed.rs:2007:9
[INFO] [stdout]   43:     0x55629fc8b4b5 - <alloc::boxed::Box<F,A> as core::ops::function::FnOnce<Args>>::call_once::h6ba4a5de48dd2304
[INFO] [stdout]                                at /rustc/82e1608dfa6e0b5569232559e3d385fea5a93112/library/alloc/src/boxed.rs:2007:9
[INFO] [stdout]   44:     0x55629fc8b4b5 - std::sys::unix::thread::Thread::new::thread_start::he469335aef763e45
[INFO] [stdout]                                at /rustc/82e1608dfa6e0b5569232559e3d385fea5a93112/library/std/src/sys/unix/thread.rs:108:17
[INFO] [stdout]   45:     0x7fa78fdffac3 - <unknown>
[INFO] [stdout]   46:     0x7fa78fe90bf4 - __clone
[INFO] [stdout]   47:                0x0 - <unknown>
[INFO] [stdout] 
[INFO] [stdout] ---- lc_342_power_of_four::tests::ut_false stdout ----
[INFO] [stdout] thread 'lc_342_power_of_four::tests::ut_false' panicked at src/lc_342_power_of_four.rs:37:9:
[INFO] [stdout] assertion failed: Solution::is_power_of_four(1162261466)
[INFO] [stdout] stack backtrace:
[INFO] [stdout]    0:     0x55629fc8496c - std::backtrace_rs::backtrace::libunwind::trace::ha637c64ce894333a
[INFO] [stdout]                                at /rustc/82e1608dfa6e0b5569232559e3d385fea5a93112/library/std/src/../../backtrace/src/backtrace/libunwind.rs:104:5
[INFO] [stdout]    1:     0x55629fc8496c - std::backtrace_rs::backtrace::trace_unsynchronized::h47f62dea28e0c88d
[INFO] [stdout]                                at /rustc/82e1608dfa6e0b5569232559e3d385fea5a93112/library/std/src/../../backtrace/src/backtrace/mod.rs:66:5
[INFO] [stdout]    2:     0x55629fc8496c - std::sys_common::backtrace::_print_fmt::h9eef0abe20ede486
[INFO] [stdout]                                at /rustc/82e1608dfa6e0b5569232559e3d385fea5a93112/library/std/src/sys_common/backtrace.rs:67:5
[INFO] [stdout]    3:     0x55629fc8496c - <std::sys_common::backtrace::_print::DisplayBacktrace as core::fmt::Display>::fmt::hed7f999df88cc644
[INFO] [stdout]                                at /rustc/82e1608dfa6e0b5569232559e3d385fea5a93112/library/std/src/sys_common/backtrace.rs:44:22
[INFO] [stdout]    4:     0x55629fcae820 - core::fmt::rt::Argument::fmt::h1539a9308b8d058d
[INFO] [stdout]                                at /rustc/82e1608dfa6e0b5569232559e3d385fea5a93112/library/core/src/fmt/rt.rs:142:9
[INFO] [stdout]    5:     0x55629fcae820 - core::fmt::write::h3a39390d8560d9c9
[INFO] [stdout]                                at /rustc/82e1608dfa6e0b5569232559e3d385fea5a93112/library/core/src/fmt/mod.rs:1120:17
[INFO] [stdout]    6:     0x55629fc8231f - std::io::Write::write_fmt::h040b369f3a0f9cbc
[INFO] [stdout]                                at /rustc/82e1608dfa6e0b5569232559e3d385fea5a93112/library/std/src/io/mod.rs:1762:15
[INFO] [stdout]    7:     0x55629fc84754 - std::sys_common::backtrace::_print::h894006fb5c6f3d45
[INFO] [stdout]                                at /rustc/82e1608dfa6e0b5569232559e3d385fea5a93112/library/std/src/sys_common/backtrace.rs:47:5
[INFO] [stdout]    8:     0x55629fc84754 - std::sys_common::backtrace::print::h23a2d212c6fff936
[INFO] [stdout]                                at /rustc/82e1608dfa6e0b5569232559e3d385fea5a93112/library/std/src/sys_common/backtrace.rs:34:9
[INFO] [stdout]    9:     0x55629fc86417 - std::panicking::default_hook::{{closure}}::h8a1d2ee00185001a
[INFO] [stdout]   10:     0x55629fc86103 - std::panicking::default_hook::h6038f2eba384e475
[INFO] [stdout]                                at /rustc/82e1608dfa6e0b5569232559e3d385fea5a93112/library/std/src/panicking.rs:289:9
[INFO] [stdout]   11:     0x55629fc56b17 - <alloc::boxed::Box<F,A> as core::ops::function::Fn<Args>>::call::h0ad024c9bdc6d768
[INFO] [stdout]                                at /rustc/82e1608dfa6e0b5569232559e3d385fea5a93112/library/alloc/src/boxed.rs:2021:9
[INFO] [stdout]   12:     0x55629fc56b17 - test::test_main::{{closure}}::h7500b54257359db6
[INFO] [stdout]                                at /rustc/82e1608dfa6e0b5569232559e3d385fea5a93112/library/test/src/lib.rs:138:21
[INFO] [stdout]   13:     0x55629fc86a28 - <alloc::boxed::Box<F,A> as core::ops::function::Fn<Args>>::call::h1f8f335eaa9cfaee
[INFO] [stdout]                                at /rustc/82e1608dfa6e0b5569232559e3d385fea5a93112/library/alloc/src/boxed.rs:2021:9
[INFO] [stdout]   14:     0x55629fc86a28 - std::panicking::rust_panic_with_hook::h2b5517d590cab22e
[INFO] [stdout]                                at /rustc/82e1608dfa6e0b5569232559e3d385fea5a93112/library/std/src/panicking.rs:783:13
[INFO] [stdout]   15:     0x55629fc86749 - std::panicking::begin_panic_handler::{{closure}}::h233112c06e0ef43e
[INFO] [stdout]                                at /rustc/82e1608dfa6e0b5569232559e3d385fea5a93112/library/std/src/panicking.rs:649:13
[INFO] [stdout]   16:     0x55629fc84e36 - std::sys_common::backtrace::__rust_end_short_backtrace::h6e893f24d7ebbff8
[INFO] [stdout]                                at /rustc/82e1608dfa6e0b5569232559e3d385fea5a93112/library/std/src/sys_common/backtrace.rs:170:18
[INFO] [stdout]   17:     0x55629fc864e2 - rust_begin_unwind
[INFO] [stdout]                                at /rustc/82e1608dfa6e0b5569232559e3d385fea5a93112/library/std/src/panicking.rs:645:5
[INFO] [stdout]   18:     0x55629fb7dcf5 - core::panicking::panic_fmt::hbf0e066aabfa482c
[INFO] [stdout]                                at /rustc/82e1608dfa6e0b5569232559e3d385fea5a93112/library/core/src/panicking.rs:72:14
[INFO] [stdout]   19:     0x55629fb7dd93 - core::panicking::panic::h195fc2a96298d4c3
[INFO] [stdout]                                at /rustc/82e1608dfa6e0b5569232559e3d385fea5a93112/library/core/src/panicking.rs:127:5
[INFO] [stdout]   20:     0x55629fc0540b - one_leetcode::lc_342_power_of_four::tests::ut_false::h656c2a1ed6b0068f
[INFO] [stdout]                                at /opt/rustwide/workdir/src/lc_342_power_of_four.rs:37:9
[INFO] [stdout]   21:     0x55629fc053c7 - one_leetcode::lc_342_power_of_four::tests::ut_false::{{closure}}::hae5cb71e911b2764
[INFO] [stdout]                                at /opt/rustwide/workdir/src/lc_342_power_of_four.rs:36:18
[INFO] [stdout]   22:     0x55629fbdca66 - core::ops::function::FnOnce::call_once::h116f9ecba24cd86c
[INFO] [stdout]                                at /rustc/82e1608dfa6e0b5569232559e3d385fea5a93112/library/core/src/ops/function.rs:250:5
[INFO] [stdout]   23:     0x55629fc5c16f - core::ops::function::FnOnce::call_once::h2b5d431d5046312d
[INFO] [stdout]                                at /rustc/82e1608dfa6e0b5569232559e3d385fea5a93112/library/core/src/ops/function.rs:250:5
[INFO] [stdout]   24:     0x55629fc5c16f - test::__rust_begin_short_backtrace::h7714669af176e207
[INFO] [stdout]                                at /rustc/82e1608dfa6e0b5569232559e3d385fea5a93112/library/test/src/lib.rs:628:18
[INFO] [stdout]   25:     0x55629fc5b185 - test::run_test_in_process::{{closure}}::h85218797dcbcec12
[INFO] [stdout]                                at /rustc/82e1608dfa6e0b5569232559e3d385fea5a93112/library/test/src/lib.rs:651:60
[INFO] [stdout]   26:     0x55629fc5b185 - <core::panic::unwind_safe::AssertUnwindSafe<F> as core::ops::function::FnOnce<()>>::call_once::h76c106ea31c14d7b
[INFO] [stdout]                                at /rustc/82e1608dfa6e0b5569232559e3d385fea5a93112/library/core/src/panic/unwind_safe.rs:272:9
[INFO] [stdout]   27:     0x55629fc5b185 - std::panicking::try::do_call::h3bd5d0f6620ee946
[INFO] [stdout]                                at /rustc/82e1608dfa6e0b5569232559e3d385fea5a93112/library/std/src/panicking.rs:552:40
[INFO] [stdout]   28:     0x55629fc5b185 - std::panicking::try::h232e535e4744fe31
[INFO] [stdout]                                at /rustc/82e1608dfa6e0b5569232559e3d385fea5a93112/library/std/src/panicking.rs:516:19
[INFO] [stdout]   29:     0x55629fc5b185 - std::panic::catch_unwind::h3ce3bd6ca8dbac68
[INFO] [stdout]                                at /rustc/82e1608dfa6e0b5569232559e3d385fea5a93112/library/std/src/panic.rs:142:14
[INFO] [stdout]   30:     0x55629fc5b185 - test::run_test_in_process::hc97b257c9621286a
[INFO] [stdout]                                at /rustc/82e1608dfa6e0b5569232559e3d385fea5a93112/library/test/src/lib.rs:651:27
[INFO] [stdout]   31:     0x55629fc5b185 - test::run_test::{{closure}}::h2aa798823a438d38
[INFO] [stdout]                                at /rustc/82e1608dfa6e0b5569232559e3d385fea5a93112/library/test/src/lib.rs:574:43
[INFO] [stdout]   32:     0x55629fc23446 - test::run_test::{{closure}}::h87d231c78fb59832
[INFO] [stdout]                                at /rustc/82e1608dfa6e0b5569232559e3d385fea5a93112/library/test/src/lib.rs:602:41
[INFO] [stdout]   33:     0x55629fc23446 - std::sys_common::backtrace::__rust_begin_short_backtrace::he6df152596625789
[INFO] [stdout]                                at /rustc/82e1608dfa6e0b5569232559e3d385fea5a93112/library/std/src/sys_common/backtrace.rs:154:18
[INFO] [stdout]   34:     0x55629fc284f7 - std::thread::Builder::spawn_unchecked_::{{closure}}::{{closure}}::ha94be15d1e0acf36
[INFO] [stdout]                                at /rustc/82e1608dfa6e0b5569232559e3d385fea5a93112/library/std/src/thread/mod.rs:529:17
[INFO] [stdout]   35:     0x55629fc284f7 - <core::panic::unwind_safe::AssertUnwindSafe<F> as core::ops::function::FnOnce<()>>::call_once::h9dc6bd6372f16606
[INFO] [stdout]                                at /rustc/82e1608dfa6e0b5569232559e3d385fea5a93112/library/core/src/panic/unwind_safe.rs:272:9
[INFO] [stdout]   36:     0x55629fc284f7 - std::panicking::try::do_call::h9057517f80303cd4
[INFO] [stdout]                                at /rustc/82e1608dfa6e0b5569232559e3d385fea5a93112/library/std/src/panicking.rs:552:40
[INFO] [stdout]   37:     0x55629fc284f7 - std::panicking::try::he3a30b11ee45340c
[INFO] [stdout]                                at /rustc/82e1608dfa6e0b5569232559e3d385fea5a93112/library/std/src/panicking.rs:516:19
[INFO] [stdout]   38:     0x55629fc284f7 - std::panic::catch_unwind::h410458cfd3528b8b
[INFO] [stdout]                                at /rustc/82e1608dfa6e0b5569232559e3d385fea5a93112/library/std/src/panic.rs:142:14
[INFO] [stdout]   39:     0x55629fc284f7 - std::thread::Builder::spawn_unchecked_::{{closure}}::h72ac3bdb567b737b
[INFO] [stdout]                                at /rustc/82e1608dfa6e0b5569232559e3d385fea5a93112/library/std/src/thread/mod.rs:528:30
[INFO] [stdout]   40:     0x55629fc284f7 - core::ops::function::FnOnce::call_once{{vtable.shim}}::h38f34da3654a8344
[INFO] [stdout]                                at /rustc/82e1608dfa6e0b5569232559e3d385fea5a93112/library/core/src/ops/function.rs:250:5
[INFO] [stdout]   41:     0x55629fc8b4b5 - <alloc::boxed::Box<F,A> as core::ops::function::FnOnce<Args>>::call_once::hc7eafaff61e32df9
[INFO] [stdout]                                at /rustc/82e1608dfa6e0b5569232559e3d385fea5a93112/library/alloc/src/boxed.rs:2007:9
[INFO] [stdout]   42:     0x55629fc8b4b5 - <alloc::boxed::Box<F,A> as core::ops::function::FnOnce<Args>>::call_once::h6ba4a5de48dd2304
[INFO] [stdout]                                at /rustc/82e1608dfa6e0b5569232559e3d385fea5a93112/library/alloc/src/boxed.rs:2007:9
[INFO] [stdout]   43:     0x55629fc8b4b5 - std::sys::unix::thread::Thread::new::thread_start::he469335aef763e45
[INFO] [stdout]                                at /rustc/82e1608dfa6e0b5569232559e3d385fea5a93112/library/std/src/sys/unix/thread.rs:108:17
[INFO] [stdout]   44:     0x7fa78fdffac3 - <unknown>
[INFO] [stdout]   45:     0x7fa78fe90bf4 - __clone
[INFO] [stdout]   46:                0x0 - <unknown>
[INFO] [stdout] 
[INFO] [stdout] 
[INFO] [stdout] failures:
[INFO] [stdout]     lc_2923_find_champion_i::tests::ut
[INFO] [stdout]     lc_342_power_of_four::tests::ut_false
[INFO] [stdout] 
[INFO] [stdout] test result: FAILED. 115 passed; 2 failed; 0 ignored; 0 measured; 0 filtered out; finished in 0.03s
[INFO] [stdout] 
[INFO] [stderr] error: test failed, to rerun pass `--lib`
[INFO] running `Command { std: "docker" "inspect" "c82505c075b10b6ed3d04aed3fda01f4fb42e0055550c702da4fd492c78108ec", kill_on_drop: false }`
[INFO] running `Command { std: "docker" "rm" "-f" "c82505c075b10b6ed3d04aed3fda01f4fb42e0055550c702da4fd492c78108ec", kill_on_drop: false }`
[INFO] [stdout] c82505c075b10b6ed3d04aed3fda01f4fb42e0055550c702da4fd492c78108ec
[INFO] testing ajesh-mishra/rust_leetcode against beta-2023-12-22 for beta-1.76-1
[INFO] running `Command { std: "git" "clone" "/workspace/cache/git-repos/https%3A%2F%2Fgithub.com%2Fajesh-mishra%2Frust_leetcode" "/workspace/builds/worker-6-tc2/source", kill_on_drop: false }`
[INFO] [stderr] Cloning into '/workspace/builds/worker-6-tc2/source'...
[INFO] [stderr] done.
[INFO] validating manifest of git repo https://github.com/ajesh-mishra/rust_leetcode on toolchain beta-2023-12-22
[INFO] running `Command { std: CARGO_HOME="/workspace/cargo-home" RUSTUP_HOME="/workspace/rustup-home" "/workspace/cargo-home/bin/cargo" "+beta-2023-12-22" "metadata" "--manifest-path" "Cargo.toml" "--no-deps", kill_on_drop: false }`
[INFO] started tweaking git repo https://github.com/ajesh-mishra/rust_leetcode
[INFO] finished tweaking git repo https://github.com/ajesh-mishra/rust_leetcode
[INFO] tweaked toml for git repo https://github.com/ajesh-mishra/rust_leetcode written to /workspace/builds/worker-6-tc2/source/Cargo.toml
[INFO] crate git repo https://github.com/ajesh-mishra/rust_leetcode already has a lockfile, it will not be regenerated
[INFO] running `Command { std: CARGO_HOME="/workspace/cargo-home" RUSTUP_HOME="/workspace/rustup-home" "/workspace/cargo-home/bin/cargo" "+beta-2023-12-22" "fetch" "--manifest-path" "Cargo.toml", kill_on_drop: false }`
[INFO] running `Command { std: "docker" "create" "-v" "/var/lib/crater-agent-workspace/builds/worker-6-tc2/target:/opt/rustwide/target:rw,Z" "-v" "/var/lib/crater-agent-workspace/builds/worker-6-tc2/source:/opt/rustwide/workdir:ro,Z" "-v" "/var/lib/crater-agent-workspace/cargo-home:/opt/rustwide/cargo-home:ro,Z" "-v" "/var/lib/crater-agent-workspace/rustup-home:/opt/rustwide/rustup-home:ro,Z" "-e" "SOURCE_DIR=/opt/rustwide/workdir" "-e" "CARGO_TARGET_DIR=/opt/rustwide/target" "-e" "CARGO_HOME=/opt/rustwide/cargo-home" "-e" "RUSTUP_HOME=/opt/rustwide/rustup-home" "-w" "/opt/rustwide/workdir" "-m" "1610612736" "--user" "0:0" "--network" "none" "ghcr.io/rust-lang/crates-build-env/linux@sha256:2788e3201cd34a07e3172128adcd8b3090168a8e3bcc40d7c032b9dda1df7d1c" "/opt/rustwide/cargo-home/bin/cargo" "+beta-2023-12-22" "metadata" "--no-deps" "--format-version=1", kill_on_drop: false }`
[INFO] [stdout] 319888fdeab2df20ca1451b61c90b7264d0240dae8a20f8833b6a418d85455cc
[INFO] running `Command { std: "docker" "start" "-a" "319888fdeab2df20ca1451b61c90b7264d0240dae8a20f8833b6a418d85455cc", kill_on_drop: false }`
[INFO] running `Command { std: "docker" "inspect" "319888fdeab2df20ca1451b61c90b7264d0240dae8a20f8833b6a418d85455cc", kill_on_drop: false }`
[INFO] running `Command { std: "docker" "rm" "-f" "319888fdeab2df20ca1451b61c90b7264d0240dae8a20f8833b6a418d85455cc", kill_on_drop: false }`
[INFO] [stdout] 319888fdeab2df20ca1451b61c90b7264d0240dae8a20f8833b6a418d85455cc
[INFO] running `Command { std: "docker" "create" "-v" "/var/lib/crater-agent-workspace/builds/worker-6-tc2/target:/opt/rustwide/target:rw,Z" "-v" "/var/lib/crater-agent-workspace/builds/worker-6-tc2/source:/opt/rustwide/workdir:ro,Z" "-v" "/var/lib/crater-agent-workspace/cargo-home:/opt/rustwide/cargo-home:ro,Z" "-v" "/var/lib/crater-agent-workspace/rustup-home:/opt/rustwide/rustup-home:ro,Z" "-e" "SOURCE_DIR=/opt/rustwide/workdir" "-e" "CARGO_TARGET_DIR=/opt/rustwide/target" "-e" "CARGO_INCREMENTAL=0" "-e" "RUST_BACKTRACE=full" "-e" "RUSTFLAGS=--cap-lints=warn" "-e" "RUSTDOCFLAGS=--cap-lints=warn" "-e" "CARGO_HOME=/opt/rustwide/cargo-home" "-e" "RUSTUP_HOME=/opt/rustwide/rustup-home" "-w" "/opt/rustwide/workdir" "-m" "1610612736" "--user" "0:0" "--network" "none" "ghcr.io/rust-lang/crates-build-env/linux@sha256:2788e3201cd34a07e3172128adcd8b3090168a8e3bcc40d7c032b9dda1df7d1c" "/opt/rustwide/cargo-home/bin/cargo" "+beta-2023-12-22" "build" "--frozen" "--message-format=json", kill_on_drop: false }`
[INFO] [stdout] f83f66035d74a7ae2b7b7853a2f361fe808e6f5be53cadfacc28c3392acf50a3
[INFO] running `Command { std: "docker" "start" "-a" "f83f66035d74a7ae2b7b7853a2f361fe808e6f5be53cadfacc28c3392acf50a3", kill_on_drop: false }`
[INFO] [stderr]    Compiling one_leetcode v0.1.0 (/opt/rustwide/workdir)
[INFO] [stdout] warning: struct `MyHashMap` is never constructed
[INFO] [stdout]  --> src/lc_706_design_hashmap.rs:1:8
[INFO] [stdout]   |
[INFO] [stdout] 1 | struct MyHashMap {
[INFO] [stdout]   |        ^^^^^^^^^
[INFO] [stdout]   |
[INFO] [stdout]   = note: `#[warn(dead_code)]` on by default
[INFO] [stdout] 
[INFO] [stdout] 
[INFO] [stdout] warning: associated items `new`, `put`, `get`, and `remove` are never used
[INFO] [stdout]   --> src/lc_706_design_hashmap.rs:7:8
[INFO] [stdout]    |
[INFO] [stdout] 6  | impl MyHashMap {
[INFO] [stdout]    | -------------- associated items in this implementation
[INFO] [stdout] 7  |     fn new() -> Self {
[INFO] [stdout]    |        ^^^
[INFO] [stdout] ...
[INFO] [stdout] 14 |     fn put(&mut self, key: i32, value: i32) {
[INFO] [stdout]    |        ^^^
[INFO] [stdout] ...
[INFO] [stdout] 27 |     fn get(&self, key: i32) -> i32 {
[INFO] [stdout]    |        ^^^
[INFO] [stdout] ...
[INFO] [stdout] 39 |     fn remove(&mut self, key: i32) {
[INFO] [stdout]    |        ^^^^^^
[INFO] [stdout] 
[INFO] [stdout] 
[INFO] [stdout] warning: struct `Solution` is never constructed
[INFO] [stdout]  --> src/lc_2710_remove_trailing_zeros_from_a_string.rs:1:12
[INFO] [stdout]   |
[INFO] [stdout] 1 | pub struct Solution {}
[INFO] [stdout]   |            ^^^^^^^^
[INFO] [stdout] 
[INFO] [stdout] 
[INFO] [stdout] warning: associated function `remove_trailing_zeros` is never used
[INFO] [stdout]  --> src/lc_2710_remove_trailing_zeros_from_a_string.rs:4:12
[INFO] [stdout]   |
[INFO] [stdout] 3 | impl Solution {
[INFO] [stdout]   | ------------- associated function in this implementation
[INFO] [stdout] 4 |     pub fn remove_trailing_zeros(num: String) -> String {
[INFO] [stdout]   |            ^^^^^^^^^^^^^^^^^^^^^
[INFO] [stdout] 
[INFO] [stdout] 
[INFO] [stdout] warning: 4 warnings emitted
[INFO] [stdout] 
[INFO] [stdout] 
[INFO] [stderr]     Finished dev [unoptimized + debuginfo] target(s) in 1.29s
[INFO] running `Command { std: "docker" "inspect" "f83f66035d74a7ae2b7b7853a2f361fe808e6f5be53cadfacc28c3392acf50a3", kill_on_drop: false }`
[INFO] running `Command { std: "docker" "rm" "-f" "f83f66035d74a7ae2b7b7853a2f361fe808e6f5be53cadfacc28c3392acf50a3", kill_on_drop: false }`
[INFO] [stdout] f83f66035d74a7ae2b7b7853a2f361fe808e6f5be53cadfacc28c3392acf50a3
[INFO] running `Command { std: "docker" "create" "-v" "/var/lib/crater-agent-workspace/builds/worker-6-tc2/target:/opt/rustwide/target:rw,Z" "-v" "/var/lib/crater-agent-workspace/builds/worker-6-tc2/source:/opt/rustwide/workdir:ro,Z" "-v" "/var/lib/crater-agent-workspace/cargo-home:/opt/rustwide/cargo-home:ro,Z" "-v" "/var/lib/crater-agent-workspace/rustup-home:/opt/rustwide/rustup-home:ro,Z" "-e" "SOURCE_DIR=/opt/rustwide/workdir" "-e" "CARGO_TARGET_DIR=/opt/rustwide/target" "-e" "CARGO_INCREMENTAL=0" "-e" "RUST_BACKTRACE=full" "-e" "RUSTFLAGS=--cap-lints=warn" "-e" "RUSTDOCFLAGS=--cap-lints=warn" "-e" "CARGO_HOME=/opt/rustwide/cargo-home" "-e" "RUSTUP_HOME=/opt/rustwide/rustup-home" "-w" "/opt/rustwide/workdir" "-m" "1610612736" "--user" "0:0" "--network" "none" "ghcr.io/rust-lang/crates-build-env/linux@sha256:2788e3201cd34a07e3172128adcd8b3090168a8e3bcc40d7c032b9dda1df7d1c" "/opt/rustwide/cargo-home/bin/cargo" "+beta-2023-12-22" "test" "--frozen" "--no-run" "--message-format=json", kill_on_drop: false }`
[INFO] [stdout] 0cd2b2f330178f133532c028ccc9c68d9ae50f9b3515800e479abed616267489
[INFO] running `Command { std: "docker" "start" "-a" "0cd2b2f330178f133532c028ccc9c68d9ae50f9b3515800e479abed616267489", kill_on_drop: false }`
[INFO] [stdout] warning: struct `MyHashMap` is never constructed
[INFO] [stdout]  --> src/lc_706_design_hashmap.rs:1:8
[INFO] [stdout]   |
[INFO] [stdout] 1 | struct MyHashMap {
[INFO] [stdout]   |        ^^^^^^^^^
[INFO] [stdout]   |
[INFO] [stdout]   = note: `#[warn(dead_code)]` on by default
[INFO] [stdout] 
[INFO] [stdout] 
[INFO] [stdout] warning: associated items `new`, `put`, `get`, and `remove` are never used
[INFO] [stdout]   --> src/lc_706_design_hashmap.rs:7:8
[INFO] [stdout]    |
[INFO] [stdout] 6  | impl MyHashMap {
[INFO] [stdout]    | -------------- associated items in this implementation
[INFO] [stdout] 7  |     fn new() -> Self {
[INFO] [stdout]    |        ^^^
[INFO] [stdout] ...
[INFO] [stdout] 14 |     fn put(&mut self, key: i32, value: i32) {
[INFO] [stdout]    |        ^^^
[INFO] [stdout] ...
[INFO] [stdout] 27 |     fn get(&self, key: i32) -> i32 {
[INFO] [stdout]    |        ^^^
[INFO] [stdout] ...
[INFO] [stdout] 39 |     fn remove(&mut self, key: i32) {
[INFO] [stdout]    |        ^^^^^^
[INFO] [stdout] 
[INFO] [stdout] 
[INFO] [stderr]    Compiling one_leetcode v0.1.0 (/opt/rustwide/workdir)
[INFO] [stdout] warning: struct `Solution` is never constructed
[INFO] [stdout]  --> src/lc_2710_remove_trailing_zeros_from_a_string.rs:1:12
[INFO] [stdout]   |
[INFO] [stdout] 1 | pub struct Solution {}
[INFO] [stdout]   |            ^^^^^^^^
[INFO] [stdout] 
[INFO] [stdout] 
[INFO] [stdout] warning: associated function `remove_trailing_zeros` is never used
[INFO] [stdout]  --> src/lc_2710_remove_trailing_zeros_from_a_string.rs:4:12
[INFO] [stdout]   |
[INFO] [stdout] 3 | impl Solution {
[INFO] [stdout]   | ------------- associated function in this implementation
[INFO] [stdout] 4 |     pub fn remove_trailing_zeros(num: String) -> String {
[INFO] [stdout]   |            ^^^^^^^^^^^^^^^^^^^^^
[INFO] [stdout] 
[INFO] [stdout] 
[INFO] [stdout] warning: 4 warnings emitted
[INFO] [stdout] 
[INFO] [stdout] 
[INFO] [stderr]     Finished test [unoptimized + debuginfo] target(s) in 1.37s
[INFO] running `Command { std: "docker" "inspect" "0cd2b2f330178f133532c028ccc9c68d9ae50f9b3515800e479abed616267489", kill_on_drop: false }`
[INFO] running `Command { std: "docker" "rm" "-f" "0cd2b2f330178f133532c028ccc9c68d9ae50f9b3515800e479abed616267489", kill_on_drop: false }`
[INFO] [stdout] 0cd2b2f330178f133532c028ccc9c68d9ae50f9b3515800e479abed616267489
[INFO] running `Command { std: "docker" "create" "-v" "/var/lib/crater-agent-workspace/builds/worker-6-tc2/target:/opt/rustwide/target:rw,Z" "-v" "/var/lib/crater-agent-workspace/builds/worker-6-tc2/source:/opt/rustwide/workdir:ro,Z" "-v" "/var/lib/crater-agent-workspace/cargo-home:/opt/rustwide/cargo-home:ro,Z" "-v" "/var/lib/crater-agent-workspace/rustup-home:/opt/rustwide/rustup-home:ro,Z" "-e" "SOURCE_DIR=/opt/rustwide/workdir" "-e" "CARGO_TARGET_DIR=/opt/rustwide/target" "-e" "CARGO_INCREMENTAL=0" "-e" "RUST_BACKTRACE=full" "-e" "RUSTFLAGS=--cap-lints=warn" "-e" "RUSTDOCFLAGS=--cap-lints=warn" "-e" "CARGO_HOME=/opt/rustwide/cargo-home" "-e" "RUSTUP_HOME=/opt/rustwide/rustup-home" "-w" "/opt/rustwide/workdir" "-m" "1610612736" "--user" "0:0" "--network" "none" "ghcr.io/rust-lang/crates-build-env/linux@sha256:2788e3201cd34a07e3172128adcd8b3090168a8e3bcc40d7c032b9dda1df7d1c" "/opt/rustwide/cargo-home/bin/cargo" "+beta-2023-12-22" "test" "--frozen", kill_on_drop: false }`
[INFO] [stdout] 74963c5bcc3c3e9f33ea38124aba97ad3cdb0dd91abe9f74767299845ec5c568
[INFO] running `Command { std: "docker" "start" "-a" "74963c5bcc3c3e9f33ea38124aba97ad3cdb0dd91abe9f74767299845ec5c568", kill_on_drop: false }`
[INFO] [stderr] warning: struct `MyHashMap` is never constructed
[INFO] [stderr]  --> src/lc_706_design_hashmap.rs:1:8
[INFO] [stderr]   |
[INFO] [stderr] 1 | struct MyHashMap {
[INFO] [stderr]   |        ^^^^^^^^^
[INFO] [stderr]   |
[INFO] [stderr]   = note: `#[warn(dead_code)]` on by default
[INFO] [stderr] 
[INFO] [stderr] warning: associated items `new`, `put`, `get`, and `remove` are never used
[INFO] [stderr]   --> src/lc_706_design_hashmap.rs:7:8
[INFO] [stderr]    |
[INFO] [stderr] 6  | impl MyHashMap {
[INFO] [stderr]    | -------------- associated items in this implementation
[INFO] [stderr] 7  |     fn new() -> Self {
[INFO] [stderr]    |        ^^^
[INFO] [stderr] ...
[INFO] [stderr] 14 |     fn put(&mut self, key: i32, value: i32) {
[INFO] [stderr]    |        ^^^
[INFO] [stderr] ...
[INFO] [stderr] 27 |     fn get(&self, key: i32) -> i32 {
[INFO] [stderr]    |        ^^^
[INFO] [stderr] ...
[INFO] [stderr] 39 |     fn remove(&mut self, key: i32) {
[INFO] [stderr]    |        ^^^^^^
[INFO] [stderr] 
[INFO] [stderr] warning: struct `Solution` is never constructed
[INFO] [stderr]  --> src/lc_2710_remove_trailing_zeros_from_a_string.rs:1:12
[INFO] [stderr]   |
[INFO] [stderr] 1 | pub struct Solution {}
[INFO] [stderr]   |            ^^^^^^^^
[INFO] [stderr] 
[INFO] [stderr] warning: associated function `remove_trailing_zeros` is never used
[INFO] [stderr]  --> src/lc_2710_remove_trailing_zeros_from_a_string.rs:4:12
[INFO] [stderr]   |
[INFO] [stderr] 3 | impl Solution {
[INFO] [stderr]   | ------------- associated function in this implementation
[INFO] [stderr] 4 |     pub fn remove_trailing_zeros(num: String) -> String {
[INFO] [stderr]   |            ^^^^^^^^^^^^^^^^^^^^^
[INFO] [stderr] 
[INFO] [stderr] warning: `one_leetcode` (lib) generated 4 warnings
[INFO] [stderr]     Finished test [unoptimized + debuginfo] target(s) in 0.00s
[INFO] [stderr]      Running unittests src/lib.rs (/opt/rustwide/target/debug/deps/one_leetcode-1121a0c805670d99)
[INFO] [stdout] 
[INFO] [stdout] running 117 tests
[INFO] [stdout] test format_title::test::ut_1 ... ok
[INFO] [stdout] test lc_1281_subtract_the_product_and_sum_of_digits_of_an_integer::tests::ut ... ok
[INFO] [stdout] test lc_1005_maximize_sum_of_array_after_k_negations::test::ut ... ok
[INFO] [stdout] test lc_1287_element_appearing_more_than_25_in_sorted_array::tests::ut ... ok
[INFO] [stdout] test lc_1337_the_k_weakest_rows_in_a_matrix::tests::ut ... ok
[INFO] [stdout] test lc_1413_minimum_value_to_get_positive_step_by_step_sum::tests::ut ... ok
[INFO] [stdout] test lc_1399_count_largest_group::tests::ut ... ok
[INFO] [stdout] test lc_1422_maximum_score_after_splitting_a_string::tests::ut ... ok
[INFO] [stdout] test lc_1436_destination_city::tests::ut ... ok
[INFO] [stdout] test lc_1464_maximum_product_of_two_elements_in_an_array::tests::ut ... ok
[INFO] [stdout] test lc_1496_path_crossing::tests::ut ... ok
[INFO] [stdout] test lc_1512_number_of_good_pairs::tests::ut ... ok
[INFO] [stdout] test lc_1582_special_positions_in_a_binary_matrix::tests::ut ... ok
[INFO] [stdout] test lc_1615_maximal_network_rank::test::ut ... ok
[INFO] [stdout] test lc_1624_largest_substring_between_two_equal_characters::tests::ut ... ok
[INFO] [stdout] test lc_1630_arithmetic_subarrays::tests::ut ... ok
[INFO] [stdout] test lc_1637_widest_vertical_area_between_two_points_containing_no_points::tests::ut ... ok
[INFO] [stdout] test lc_1758_minimum_changes_to_make_alternating_binary_string::tests::ut ... ok
[INFO] [stdout] test lc_1790_check_if_one_string_swap_can_make_strings_equal::tests::ut_false ... ok
[INFO] [stdout] test lc_1790_check_if_one_string_swap_can_make_strings_equal::tests::ut_true ... ok
[INFO] [stdout] test lc_1812_determine_color_of_a_chessboard_square::tests::ut_false ... ok
[INFO] [stdout] test lc_1812_determine_color_of_a_chessboard_square::tests::ut_true ... ok
[INFO] [stdout] test lc_1897_redistribute_characters_to_make_all_strings_equal::tests::ut ... ok
[INFO] [stdout] test lc_1957_delete_characters_to_make_fancy_string::tests::ut ... ok
[INFO] [stdout] test lc_1967_number_of_strings_that_appear_as_substrings_in_word::tests::ut ... ok
[INFO] [stdout] test lc_2119_a_number_after_a_double_reversal::tests::ut_false ... ok
[INFO] [stdout] test lc_2119_a_number_after_a_double_reversal::tests::ut_true ... ok
[INFO] [stdout] test lc_2124_check_if_all_as_appears_before_all_bs::tests::ut_false ... ok
[INFO] [stdout] test lc_2124_check_if_all_as_appears_before_all_bs::tests::ut_true ... ok
[INFO] [stdout] test lc_217_contains_duplicate::test::ut_negetive ... ok
[INFO] [stdout] test lc_217_contains_duplicate::test::ut_positive ... ok
[INFO] [stdout] test lc_2347_best_poker_hand::tests::ut ... ok
[INFO] [stdout] test lc_2432_the_employee_that_worked_on_the_longest_task::tests::ut ... ok
[INFO] [stdout] test lc_2562_find_the_array_concatenation_value::tests::ut ... ok
[INFO] [stdout] test lc_2482_difference_between_ones_and_zeros_in_row_and_column::tests::ut ... ok
[INFO] [stdout] test lc_2574_left_and_right_sum_differences::test::ut_positive ... ok
[INFO] [stdout] test lc_263_ugly_number::test::ut_false ... ok
[INFO] [stdout] test lc_263_ugly_number::test::ut_true ... ok
[INFO] [stdout] test lc_2643_row_with_maximum_ones::test::ut ... ok
[INFO] [stdout] test lc_2651_calculate_delayed_arrival_time::test::ut_one ... ok
[INFO] [stdout] test lc_2652_sum_multiples::test::ut_small ... ok
[INFO] [stdout] test lc_2656_maximum_sum_with_exactly_k_elements::test::ut_one ... ok
[INFO] [stdout] test lc_2660_determine_the_winner_of_a_bowling_game::test::ut_one ... ok
[INFO] [stdout] test lc_2660_determine_the_winner_of_a_bowling_game::test::ut_two ... ok
[INFO] [stdout] test lc_2660_determine_the_winner_of_a_bowling_game::test::ut_zero ... ok
[INFO] [stdout] test lc_2670_find_the_distinct_difference_array::test::ut ... ok
[INFO] [stdout] test lc_2682_find_the_losers_of_the_circular_game::test::ut ... ok
[INFO] [stdout] test lc_2682_find_the_losers_of_the_circular_game::test::ut_failed ... ok
[INFO] [stdout] test lc_2706_buy_two_chocolates::tests::ut ... ok
[INFO] [stdout] test lc_2710_remove_trailing_zeros_from_a_string::tests::ut ... ok
[INFO] [stdout] test lc_2744_find_maximum_number_of_string_pairs::tests::ut ... ok
[INFO] [stdout] test lc_2748_number_of_beautiful_pairs::tests::ut ... ok
[INFO] [stdout] test lc_2765_longest_alternating_subarray::tests::ut ... ok
[INFO] [stdout] test lc_2765_longest_alternating_subarray::tests::ut_negative ... ok
[INFO] [stdout] test lc_2778_sum_of_squares_of_special_elements::test::ut_one ... ok
[INFO] [stdout] test lc_2785_sort_vowels_in_a_string::tests::ut ... ok
[INFO] [stdout] test lc_2784_check_if_array_is_good::test::ut_false ... ok
[INFO] [stdout] test lc_2788_split_strings_by_separator::test::ut_empty ... ok
[INFO] [stdout] test lc_2788_split_strings_by_separator::test::ut_normal ... ok
[INFO] [stdout] test lc_2788_split_strings_by_separator::test::ut_special ... ok
[INFO] [stdout] test lc_2798_number_of_employees_who_met_the_target::test::ut_one ... ok
[INFO] [stdout] test lc_2806_account_balance_after_rounded_purchase::test::ut ... ok
[INFO] [stdout] test lc_2815_max_pair_sum_in_an_array::test::ut_negetive ... ok
[INFO] [stdout] test lc_2784_check_if_array_is_good::test::ut_true ... ok
[INFO] [stdout] test lc_2810_faulty_keyboard::test::ut ... ok
[INFO] [stdout] test lc_2824_count_pairs_whose_sum_is_less_than_target::test::ut ... ok
[INFO] [stdout] test lc_2815_max_pair_sum_in_an_array::test::ut_positive ... ok
[INFO] [stdout] test lc_2828_check_if_a_string_is_an_acronym_of_words::test::ut_true ... ok
[INFO] [stdout] test lc_2828_check_if_a_string_is_an_acronym_of_words::test::ut_false ... ok
[INFO] [stdout] test lc_2855_minimum_right_shifts_to_sort_the_array::tests::ut_negative ... ok
[INFO] [stdout] test lc_2843_count_symmetric_integers::test::ut ... ok
[INFO] [stdout] test lc_2848_points_that_intersect_with_cars::test::ut ... ok
[INFO] [stdout] test lc_2855_minimum_right_shifts_to_sort_the_array::tests::ut_zero ... ok
[INFO] [stdout] test lc_2859_sum_of_values_at_indices_with_k_set_bits::tests::ut ... ok
[INFO] [stdout] test lc_2864_maximum_odd_binary_number::tests::ut ... ok
[INFO] [stdout] test lc_2855_minimum_right_shifts_to_sort_the_array::tests::ut_positive ... ok
[INFO] [stdout] test lc_2869_minimum_operations_to_collect_elements::tests::ut ... ok
[INFO] [stdout] test lc_2873_maximum_value_of_an_ordered_triplet_i::tests::ut ... ok
[INFO] [stdout] test lc_287_find_the_duplicate_number::tests::ut_zero ... ok
[INFO] [stdout] test lc_287_find_the_duplicate_number::tests::ut ... ok
[INFO] [stdout] test lc_2903_find_indices_with_index_and_value_difference_i::tests::ut_found ... ok
[INFO] [stdout] test lc_2903_find_indices_with_index_and_value_difference_i::tests::ut_not_found ... ok
[INFO] [stdout] test lc_2908_minimum_sum_of_mountain_triplets_i::tests::ut_positive ... ok
[INFO] [stdout] test lc_2908_minimum_sum_of_mountain_triplets_i::tests::ut_negetive ... ok
[INFO] [stdout] test lc_2913_subarrays_distinct_element_sum_of_squares_i::tests::ut ... ok
[INFO] [stdout] test lc_2932_maximum_strong_pair_xor_i::tests::ut ... ok
[INFO] [stdout] test lc_2937_make_three_strings_equal::tests::ut_false ... ok
[INFO] [stdout] test lc_2937_make_three_strings_equal::tests::ut_true ... ok
[INFO] [stdout] test lc_2942_find_words_containing_character::tests::ut ... ok
[INFO] [stdout] test lc_2951_find_the_peaks::tests::ut ... ok
[INFO] [stdout] test lc_2960_count_tested_devices_after_test_operations::tests::ut ... ok
[INFO] [stdout] test lc_2956_find_common_elements_between_two_arrays::tests::ut ... ok
[INFO] [stdout] test lc_2946_matrix_similarity_after_cyclic_shifts::tests::ut_false ... ok
[INFO] [stdout] test lc_2946_matrix_similarity_after_cyclic_shifts::tests::ut_true ... ok
[INFO] [stdout] test lc_2965_find_missing_and_repeated_values::tests::ut ... ok
[INFO] [stdout] test lc_322_coin_change::test::ut_negetive ... ok
[INFO] [stdout] test lc_322_coin_change::test::ut_value ... ok
[INFO] [stdout] test lc_342_power_of_four::tests::ut_true ... ok
[INFO] [stdout] test lc_2974_minimum_number_game::tests::ut ... ok
[INFO] [stdout] test lc_383_ransom_note::tests::ut_true ... ok
[INFO] [stdout] test lc_389_find_the_difference::tests::ut ... ok
[INFO] [stdout] test lc_316_remove_duplicate_letters::tests::ut ... ok
[INFO] [stdout] test lc_392_is_subsequence::tests::ut_false ... ok
[INFO] [stdout] test lc_392_is_subsequence::tests::ut_true ... ok
[INFO] [stdout] test lc_383_ransom_note::tests::ut_false ... ok
[INFO] [stdout] test lc_459_repeated_substring_pattern::test::ut_false ... ok
[INFO] [stdout] test lc_459_repeated_substring_pattern::test::ut_true ... ok
[INFO] [stdout] test lc_661_image_smoother::tests::ut ... ok
[INFO] [stdout] test lc_868_binary_gap::test::ut ... ok
[INFO] [stdout] test lc_81_search_in_rotated_sorted_array_ii::test::ut_true ... ok
[INFO] [stdout] test lc_74_search_a_2d_matrix::test::ut_false ... ok
[INFO] [stdout] test lc_852_peak_index_in_a_mountain_array::test::ut_one ... ok
[INFO] [stdout] test lc_74_search_a_2d_matrix::test::ut_true ... ok
[INFO] [stdout] test lc_706_design_hashmap::test::ut ... ok
[INFO] [stdout] test lc_97_interleaving_string::test::ut_true ... ok
[INFO] [stdout] test lc_2923_find_champion_i::tests::ut ... FAILED
[INFO] [stdout] test lc_342_power_of_four::tests::ut_false ... FAILED
[INFO] [stdout] 
[INFO] [stdout] failures:
[INFO] [stdout] 
[INFO] [stdout] ---- lc_2923_find_champion_i::tests::ut stdout ----
[INFO] [stdout] thread 'lc_2923_find_champion_i::tests::ut' panicked at src/lc_2923_find_champion_i.rs:28:9:
[INFO] [stdout] assertion `left == right` failed
[INFO] [stdout]   left: 8
[INFO] [stdout]  right: 0
[INFO] [stdout] stack backtrace:
[INFO] [stdout]    0:     0x55c31ee8fae6 - std::backtrace_rs::backtrace::libunwind::trace::h261606ad26a499c1
[INFO] [stdout]                                at /rustc/0e09125c6c3c2fd70d7de961bcf0e51575235fad/library/std/src/../../backtrace/src/backtrace/libunwind.rs:104:5
[INFO] [stdout]    1:     0x55c31ee8fae6 - std::backtrace_rs::backtrace::trace_unsynchronized::hd183f0625477fb28
[INFO] [stdout]                                at /rustc/0e09125c6c3c2fd70d7de961bcf0e51575235fad/library/std/src/../../backtrace/src/backtrace/mod.rs:66:5
[INFO] [stdout]    2:     0x55c31ee8fae6 - std::sys_common::backtrace::_print_fmt::hd7f8fef21b4eda67
[INFO] [stdout]                                at /rustc/0e09125c6c3c2fd70d7de961bcf0e51575235fad/library/std/src/sys_common/backtrace.rs:68:5
[INFO] [stdout]    3:     0x55c31ee8fae6 - <std::sys_common::backtrace::_print::DisplayBacktrace as core::fmt::Display>::fmt::h623d9b51f2f453f1
[INFO] [stdout]                                at /rustc/0e09125c6c3c2fd70d7de961bcf0e51575235fad/library/std/src/sys_common/backtrace.rs:44:22
[INFO] [stdout]    4:     0x55c31eeb8ca0 - core::fmt::rt::Argument::fmt::h9f417ac76a86f368
[INFO] [stdout]                                at /rustc/0e09125c6c3c2fd70d7de961bcf0e51575235fad/library/core/src/fmt/rt.rs:142:9
[INFO] [stdout]    5:     0x55c31eeb8ca0 - core::fmt::write::hc9b6faf4ac2aeff7
[INFO] [stdout]                                at /rustc/0e09125c6c3c2fd70d7de961bcf0e51575235fad/library/core/src/fmt/mod.rs:1120:17
[INFO] [stdout]    6:     0x55c31ee8d54f - std::io::Write::write_fmt::he04625a3a989fec3
[INFO] [stdout]                                at /rustc/0e09125c6c3c2fd70d7de961bcf0e51575235fad/library/std/src/io/mod.rs:1810:15
[INFO] [stdout]    7:     0x55c31ee8f8c4 - std::sys_common::backtrace::_print::hd5d66399c7df88a2
[INFO] [stdout]                                at /rustc/0e09125c6c3c2fd70d7de961bcf0e51575235fad/library/std/src/sys_common/backtrace.rs:47:5
[INFO] [stdout]    8:     0x55c31ee8f8c4 - std::sys_common::backtrace::print::he81ed2da642d37e5
[INFO] [stdout]                                at /rustc/0e09125c6c3c2fd70d7de961bcf0e51575235fad/library/std/src/sys_common/backtrace.rs:34:9
[INFO] [stdout]    9:     0x55c31ee91637 - std::panicking::default_hook::{{closure}}::h85773f4fa117163d
[INFO] [stdout]   10:     0x55c31ee9131d - std::panicking::default_hook::h6a1694a91d09b278
[INFO] [stdout]                                at /rustc/0e09125c6c3c2fd70d7de961bcf0e51575235fad/library/std/src/panicking.rs:289:9
[INFO] [stdout]   11:     0x55c31ee614f7 - <alloc::boxed::Box<F,A> as core::ops::function::Fn<Args>>::call::h616ac37fa3cd6c8f
[INFO] [stdout]                                at /rustc/0e09125c6c3c2fd70d7de961bcf0e51575235fad/library/alloc/src/boxed.rs:2029:9
[INFO] [stdout]   12:     0x55c31ee614f7 - test::test_main::{{closure}}::h00d84697cefdcbb6
[INFO] [stdout]                                at /rustc/0e09125c6c3c2fd70d7de961bcf0e51575235fad/library/test/src/lib.rs:138:21
[INFO] [stdout]   13:     0x55c31ee91c56 - <alloc::boxed::Box<F,A> as core::ops::function::Fn<Args>>::call::hcb3fe3b9bb537ba8
[INFO] [stdout]                                at /rustc/0e09125c6c3c2fd70d7de961bcf0e51575235fad/library/alloc/src/boxed.rs:2029:9
[INFO] [stdout]   14:     0x55c31ee91c56 - std::panicking::rust_panic_with_hook::h0a7ad96e90f7145b
[INFO] [stdout]                                at /rustc/0e09125c6c3c2fd70d7de961bcf0e51575235fad/library/std/src/panicking.rs:783:13
[INFO] [stdout]   15:     0x55c31ee919a2 - std::panicking::begin_panic_handler::{{closure}}::h7919090525c6485e
[INFO] [stdout]                                at /rustc/0e09125c6c3c2fd70d7de961bcf0e51575235fad/library/std/src/panicking.rs:657:13
[INFO] [stdout]   16:     0x55c31ee8ffe6 - std::sys_common::backtrace::__rust_end_short_backtrace::hf3289479464f7dfe
[INFO] [stdout]                                at /rustc/0e09125c6c3c2fd70d7de961bcf0e51575235fad/library/std/src/sys_common/backtrace.rs:171:18
[INFO] [stdout]   17:     0x55c31ee91700 - rust_begin_unwind
[INFO] [stdout]                                at /rustc/0e09125c6c3c2fd70d7de961bcf0e51575235fad/library/std/src/panicking.rs:645:5
[INFO] [stdout]   18:     0x55c31ed87cd5 - core::panicking::panic_fmt::hcc9f77c5c132af55
[INFO] [stdout]                                at /rustc/0e09125c6c3c2fd70d7de961bcf0e51575235fad/library/core/src/panicking.rs:72:14
[INFO] [stdout]   19:     0x55c31ed8810b - core::panicking::assert_failed_inner::h9f13e27dd63c3a08
[INFO] [stdout]                                at /rustc/0e09125c6c3c2fd70d7de961bcf0e51575235fad/library/core/src/panicking.rs:342:17
[INFO] [stdout]   20:     0x55c31edf3dee - core::panicking::assert_failed::h689ffd6f30021a58
[INFO] [stdout]                                at /rustc/0e09125c6c3c2fd70d7de961bcf0e51575235fad/library/core/src/panicking.rs:297:5
[INFO] [stdout]   21:     0x55c31edc7e08 - one_leetcode::lc_2923_find_champion_i::tests::ut::hfef2f93fde57af70
[INFO] [stdout]                                at /opt/rustwide/workdir/src/lc_2923_find_champion_i.rs:28:9
[INFO] [stdout]   22:     0x55c31edc4067 - one_leetcode::lc_2923_find_champion_i::tests::ut::{{closure}}::hb135085bd7872426
[INFO] [stdout]                                at /opt/rustwide/workdir/src/lc_2923_find_champion_i.rs:27:12
[INFO] [stdout]   23:     0x55c31edcbd96 - core::ops::function::FnOnce::call_once::hdf0d36cd1bfd1258
[INFO] [stdout]                                at /rustc/0e09125c6c3c2fd70d7de961bcf0e51575235fad/library/core/src/ops/function.rs:250:5
[INFO] [stdout]   24:     0x55c31ee66dcf - core::ops::function::FnOnce::call_once::hd64d26f405258157
[INFO] [stdout]                                at /rustc/0e09125c6c3c2fd70d7de961bcf0e51575235fad/library/core/src/ops/function.rs:250:5
[INFO] [stdout]   25:     0x55c31ee66dcf - test::__rust_begin_short_backtrace::he21b0b7a6d731bf9
[INFO] [stdout]                                at /rustc/0e09125c6c3c2fd70d7de961bcf0e51575235fad/library/test/src/lib.rs:627:18
[INFO] [stdout]   26:     0x55c31ee65b51 - test::run_test_in_process::{{closure}}::hf5c73986d7bdfde2
[INFO] [stdout]                                at /rustc/0e09125c6c3c2fd70d7de961bcf0e51575235fad/library/test/src/lib.rs:650:60
[INFO] [stdout]   27:     0x55c31ee65b51 - <core::panic::unwind_safe::AssertUnwindSafe<F> as core::ops::function::FnOnce<()>>::call_once::h330011ad032aadc0
[INFO] [stdout]                                at /rustc/0e09125c6c3c2fd70d7de961bcf0e51575235fad/library/core/src/panic/unwind_safe.rs:272:9
[INFO] [stdout]   28:     0x55c31ee65b51 - std::panicking::try::do_call::he61b0a958b795a41
[INFO] [stdout]                                at /rustc/0e09125c6c3c2fd70d7de961bcf0e51575235fad/library/std/src/panicking.rs:552:40
[INFO] [stdout]   29:     0x55c31ee65b51 - std::panicking::try::h7309da130f906eb7
[INFO] [stdout]                                at /rustc/0e09125c6c3c2fd70d7de961bcf0e51575235fad/library/std/src/panicking.rs:516:19
[INFO] [stdout]   30:     0x55c31ee65b51 - std::panic::catch_unwind::hc5c3a06fdaf0a92a
[INFO] [stdout]                                at /rustc/0e09125c6c3c2fd70d7de961bcf0e51575235fad/library/std/src/panic.rs:142:14
[INFO] [stdout]   31:     0x55c31ee65b51 - test::run_test_in_process::h7e7b7c71c3324e0f
[INFO] [stdout]                                at /rustc/0e09125c6c3c2fd70d7de961bcf0e51575235fad/library/test/src/lib.rs:650:27
[INFO] [stdout]   32:     0x55c31ee65b51 - test::run_test::{{closure}}::h1f509f28f5cf20b1
[INFO] [stdout]                                at /rustc/0e09125c6c3c2fd70d7de961bcf0e51575235fad/library/test/src/lib.rs:573:43
[INFO] [stdout]   33:     0x55c31ee2ce86 - test::run_test::{{closure}}::h1754218abf443f6d
[INFO] [stdout]                                at /rustc/0e09125c6c3c2fd70d7de961bcf0e51575235fad/library/test/src/lib.rs:601:41
[INFO] [stdout]   34:     0x55c31ee2ce86 - std::sys_common::backtrace::__rust_begin_short_backtrace::h2ee174b9d5954948
[INFO] [stdout]                                at /rustc/0e09125c6c3c2fd70d7de961bcf0e51575235fad/library/std/src/sys_common/backtrace.rs:155:18
[INFO] [stdout]   35:     0x55c31ee31ee7 - std::thread::Builder::spawn_unchecked_::{{closure}}::{{closure}}::hf60bee9c1a17ef09
[INFO] [stdout]                                at /rustc/0e09125c6c3c2fd70d7de961bcf0e51575235fad/library/std/src/thread/mod.rs:529:17
[INFO] [stdout]   36:     0x55c31ee31ee7 - <core::panic::unwind_safe::AssertUnwindSafe<F> as core::ops::function::FnOnce<()>>::call_once::h33d0dddec5216160
[INFO] [stdout]                                at /rustc/0e09125c6c3c2fd70d7de961bcf0e51575235fad/library/core/src/panic/unwind_safe.rs:272:9
[INFO] [stdout]   37:     0x55c31ee31ee7 - std::panicking::try::do_call::h144b3048b546f835
[INFO] [stdout]                                at /rustc/0e09125c6c3c2fd70d7de961bcf0e51575235fad/library/std/src/panicking.rs:552:40
[INFO] [stdout]   38:     0x55c31ee31ee7 - std::panicking::try::h978244d04646189f
[INFO] [stdout]                                at /rustc/0e09125c6c3c2fd70d7de961bcf0e51575235fad/library/std/src/panicking.rs:516:19
[INFO] [stdout]   39:     0x55c31ee31ee7 - std::panic::catch_unwind::hdf436369d188fe86
[INFO] [stdout]                                at /rustc/0e09125c6c3c2fd70d7de961bcf0e51575235fad/library/std/src/panic.rs:142:14
[INFO] [stdout]   40:     0x55c31ee31ee7 - std::thread::Builder::spawn_unchecked_::{{closure}}::h87329cbdd33c79ec
[INFO] [stdout]                                at /rustc/0e09125c6c3c2fd70d7de961bcf0e51575235fad/library/std/src/thread/mod.rs:528:30
[INFO] [stdout]   41:     0x55c31ee31ee7 - core::ops::function::FnOnce::call_once{{vtable.shim}}::h401abbe67897d450
[INFO] [stdout]                                at /rustc/0e09125c6c3c2fd70d7de961bcf0e51575235fad/library/core/src/ops/function.rs:250:5
[INFO] [stdout]   42:     0x55c31ee96705 - <alloc::boxed::Box<F,A> as core::ops::function::FnOnce<Args>>::call_once::h5d7c8f150ab9c84c
[INFO] [stdout]                                at /rustc/0e09125c6c3c2fd70d7de961bcf0e51575235fad/library/alloc/src/boxed.rs:2015:9
[INFO] [stdout]   43:     0x55c31ee96705 - <alloc::boxed::Box<F,A> as core::ops::function::FnOnce<Args>>::call_once::h570d5b005c242c15
[INFO] [stdout]                                at /rustc/0e09125c6c3c2fd70d7de961bcf0e51575235fad/library/alloc/src/boxed.rs:2015:9
[INFO] [stdout]   44:     0x55c31ee96705 - std::sys::unix::thread::Thread::new::thread_start::h36b0a20c0b2361ad
[INFO] [stdout]                                at /rustc/0e09125c6c3c2fd70d7de961bcf0e51575235fad/library/std/src/sys/unix/thread.rs:108:17
[INFO] [stdout]   45:     0x7fd33a3b0ac3 - <unknown>
[INFO] [stdout]   46:     0x7fd33a441bf4 - __clone
[INFO] [stdout]   47:                0x0 - <unknown>
[INFO] [stdout] 
[INFO] [stdout] ---- lc_342_power_of_four::tests::ut_false stdout ----
[INFO] [stdout] thread 'lc_342_power_of_four::tests::ut_false' panicked at src/lc_342_power_of_four.rs:37:9:
[INFO] [stdout] assertion failed: Solution::is_power_of_four(1162261466)
[INFO] [stdout] stack backtrace:
[INFO] [stdout]    0:     0x55c31ee8fae6 - std::backtrace_rs::backtrace::libunwind::trace::h261606ad26a499c1
[INFO] [stdout]                                at /rustc/0e09125c6c3c2fd70d7de961bcf0e51575235fad/library/std/src/../../backtrace/src/backtrace/libunwind.rs:104:5
[INFO] [stdout]    1:     0x55c31ee8fae6 - std::backtrace_rs::backtrace::trace_unsynchronized::hd183f0625477fb28
[INFO] [stdout]                                at /rustc/0e09125c6c3c2fd70d7de961bcf0e51575235fad/library/std/src/../../backtrace/src/backtrace/mod.rs:66:5
[INFO] [stdout]    2:     0x55c31ee8fae6 - std::sys_common::backtrace::_print_fmt::hd7f8fef21b4eda67
[INFO] [stdout]                                at /rustc/0e09125c6c3c2fd70d7de961bcf0e51575235fad/library/std/src/sys_common/backtrace.rs:68:5
[INFO] [stdout]    3:     0x55c31ee8fae6 - <std::sys_common::backtrace::_print::DisplayBacktrace as core::fmt::Display>::fmt::h623d9b51f2f453f1
[INFO] [stdout]                                at /rustc/0e09125c6c3c2fd70d7de961bcf0e51575235fad/library/std/src/sys_common/backtrace.rs:44:22
[INFO] [stdout]    4:     0x55c31eeb8ca0 - core::fmt::rt::Argument::fmt::h9f417ac76a86f368
[INFO] [stdout]                                at /rustc/0e09125c6c3c2fd70d7de961bcf0e51575235fad/library/core/src/fmt/rt.rs:142:9
[INFO] [stdout]    5:     0x55c31eeb8ca0 - core::fmt::write::hc9b6faf4ac2aeff7
[INFO] [stdout]                                at /rustc/0e09125c6c3c2fd70d7de961bcf0e51575235fad/library/core/src/fmt/mod.rs:1120:17
[INFO] [stdout]    6:     0x55c31ee8d54f - std::io::Write::write_fmt::he04625a3a989fec3
[INFO] [stdout]                                at /rustc/0e09125c6c3c2fd70d7de961bcf0e51575235fad/library/std/src/io/mod.rs:1810:15
[INFO] [stdout]    7:     0x55c31ee8f8c4 - std::sys_common::backtrace::_print::hd5d66399c7df88a2
[INFO] [stdout]                                at /rustc/0e09125c6c3c2fd70d7de961bcf0e51575235fad/library/std/src/sys_common/backtrace.rs:47:5
[INFO] [stdout]    8:     0x55c31ee8f8c4 - std::sys_common::backtrace::print::he81ed2da642d37e5
[INFO] [stdout]                                at /rustc/0e09125c6c3c2fd70d7de961bcf0e51575235fad/library/std/src/sys_common/backtrace.rs:34:9
[INFO] [stdout]    9:     0x55c31ee91637 - std::panicking::default_hook::{{closure}}::h85773f4fa117163d
[INFO] [stdout]   10:     0x55c31ee9131d - std::panicking::default_hook::h6a1694a91d09b278
[INFO] [stdout]                                at /rustc/0e09125c6c3c2fd70d7de961bcf0e51575235fad/library/std/src/panicking.rs:289:9
[INFO] [stdout]   11:     0x55c31ee614f7 - <alloc::boxed::Box<F,A> as core::ops::function::Fn<Args>>::call::h616ac37fa3cd6c8f
[INFO] [stdout]                                at /rustc/0e09125c6c3c2fd70d7de961bcf0e51575235fad/library/alloc/src/boxed.rs:2029:9
[INFO] [stdout]   12:     0x55c31ee614f7 - test::test_main::{{closure}}::h00d84697cefdcbb6
[INFO] [stdout]                                at /rustc/0e09125c6c3c2fd70d7de961bcf0e51575235fad/library/test/src/lib.rs:138:21
[INFO] [stdout]   13:     0x55c31ee91c56 - <alloc::boxed::Box<F,A> as core::ops::function::Fn<Args>>::call::hcb3fe3b9bb537ba8
[INFO] [stdout]                                at /rustc/0e09125c6c3c2fd70d7de961bcf0e51575235fad/library/alloc/src/boxed.rs:2029:9
[INFO] [stdout]   14:     0x55c31ee91c56 - std::panicking::rust_panic_with_hook::h0a7ad96e90f7145b
[INFO] [stdout]                                at /rustc/0e09125c6c3c2fd70d7de961bcf0e51575235fad/library/std/src/panicking.rs:783:13
[INFO] [stdout]   15:     0x55c31ee91969 - std::panicking::begin_panic_handler::{{closure}}::h7919090525c6485e
[INFO] [stdout]                                at /rustc/0e09125c6c3c2fd70d7de961bcf0e51575235fad/library/std/src/panicking.rs:649:13
[INFO] [stdout]   16:     0x55c31ee8ffe6 - std::sys_common::backtrace::__rust_end_short_backtrace::hf3289479464f7dfe
[INFO] [stdout]                                at /rustc/0e09125c6c3c2fd70d7de961bcf0e51575235fad/library/std/src/sys_common/backtrace.rs:171:18
[INFO] [stdout]   17:     0x55c31ee91700 - rust_begin_unwind
[INFO] [stdout]                                at /rustc/0e09125c6c3c2fd70d7de961bcf0e51575235fad/library/std/src/panicking.rs:645:5
[INFO] [stdout]   18:     0x55c31ed87cd5 - core::panicking::panic_fmt::hcc9f77c5c132af55
[INFO] [stdout]                                at /rustc/0e09125c6c3c2fd70d7de961bcf0e51575235fad/library/core/src/panicking.rs:72:14
[INFO] [stdout]   19:     0x55c31ed87d93 - core::panicking::panic::h5a1259c1164bd480
[INFO] [stdout]                                at /rustc/0e09125c6c3c2fd70d7de961bcf0e51575235fad/library/core/src/panicking.rs:144:5
[INFO] [stdout]   20:     0x55c31edc3fcb - one_leetcode::lc_342_power_of_four::tests::ut_false::h725f0ad4ed24fe47
[INFO] [stdout]                                at /opt/rustwide/workdir/src/lc_342_power_of_four.rs:37:9
[INFO] [stdout]   21:     0x55c31edc3f87 - one_leetcode::lc_342_power_of_four::tests::ut_false::{{closure}}::h42d12cf3f4954d6b
[INFO] [stdout]                                at /opt/rustwide/workdir/src/lc_342_power_of_four.rs:36:18
[INFO] [stdout]   22:     0x55c31edcb956 - core::ops::function::FnOnce::call_once::hc240a59b59ae486c
[INFO] [stdout]                                at /rustc/0e09125c6c3c2fd70d7de961bcf0e51575235fad/library/core/src/ops/function.rs:250:5
[INFO] [stdout]   23:     0x55c31ee66dcf - core::ops::function::FnOnce::call_once::hd64d26f405258157
[INFO] [stdout]                                at /rustc/0e09125c6c3c2fd70d7de961bcf0e51575235fad/library/core/src/ops/function.rs:250:5
[INFO] [stdout]   24:     0x55c31ee66dcf - test::__rust_begin_short_backtrace::he21b0b7a6d731bf9
[INFO] [stdout]                                at /rustc/0e09125c6c3c2fd70d7de961bcf0e51575235fad/library/test/src/lib.rs:627:18
[INFO] [stdout]   25:     0x55c31ee65b51 - test::run_test_in_process::{{closure}}::hf5c73986d7bdfde2
[INFO] [stdout]                                at /rustc/0e09125c6c3c2fd70d7de961bcf0e51575235fad/library/test/src/lib.rs:650:60
[INFO] [stdout]   26:     0x55c31ee65b51 - <core::panic::unwind_safe::AssertUnwindSafe<F> as core::ops::function::FnOnce<()>>::call_once::h330011ad032aadc0
[INFO] [stdout]                                at /rustc/0e09125c6c3c2fd70d7de961bcf0e51575235fad/library/core/src/panic/unwind_safe.rs:272:9
[INFO] [stdout]   27:     0x55c31ee65b51 - std::panicking::try::do_call::he61b0a958b795a41
[INFO] [stdout]                                at /rustc/0e09125c6c3c2fd70d7de961bcf0e51575235fad/library/std/src/panicking.rs:552:40
[INFO] [stdout]   28:     0x55c31ee65b51 - std::panicking::try::h7309da130f906eb7
[INFO] [stdout]                                at /rustc/0e09125c6c3c2fd70d7de961bcf0e51575235fad/library/std/src/panicking.rs:516:19
[INFO] [stdout]   29:     0x55c31ee65b51 - std::panic::catch_unwind::hc5c3a06fdaf0a92a
[INFO] [stdout]                                at /rustc/0e09125c6c3c2fd70d7de961bcf0e51575235fad/library/std/src/panic.rs:142:14
[INFO] [stdout]   30:     0x55c31ee65b51 - test::run_test_in_process::h7e7b7c71c3324e0f
[INFO] [stdout]                                at /rustc/0e09125c6c3c2fd70d7de961bcf0e51575235fad/library/test/src/lib.rs:650:27
[INFO] [stdout]   31:     0x55c31ee65b51 - test::run_test::{{closure}}::h1f509f28f5cf20b1
[INFO] [stdout]                                at /rustc/0e09125c6c3c2fd70d7de961bcf0e51575235fad/library/test/src/lib.rs:573:43
[INFO] [stdout]   32:     0x55c31ee2ce86 - test::run_test::{{closure}}::h1754218abf443f6d
[INFO] [stdout]                                at /rustc/0e09125c6c3c2fd70d7de961bcf0e51575235fad/library/test/src/lib.rs:601:41
[INFO] [stdout]   33:     0x55c31ee2ce86 - std::sys_common::backtrace::__rust_begin_short_backtrace::h2ee174b9d5954948
[INFO] [stdout]                                at /rustc/0e09125c6c3c2fd70d7de961bcf0e51575235fad/library/std/src/sys_common/backtrace.rs:155:18
[INFO] [stdout]   34:     0x55c31ee31ee7 - std::thread::Builder::spawn_unchecked_::{{closure}}::{{closure}}::hf60bee9c1a17ef09
[INFO] [stdout]                                at /rustc/0e09125c6c3c2fd70d7de961bcf0e51575235fad/library/std/src/thread/mod.rs:529:17
[INFO] [stdout]   35:     0x55c31ee31ee7 - <core::panic::unwind_safe::AssertUnwindSafe<F> as core::ops::function::FnOnce<()>>::call_once::h33d0dddec5216160
[INFO] [stdout]                                at /rustc/0e09125c6c3c2fd70d7de961bcf0e51575235fad/library/core/src/panic/unwind_safe.rs:272:9
[INFO] [stdout]   36:     0x55c31ee31ee7 - std::panicking::try::do_call::h144b3048b546f835
[INFO] [stdout]                                at /rustc/0e09125c6c3c2fd70d7de961bcf0e51575235fad/library/std/src/panicking.rs:552:40
[INFO] [stdout]   37:     0x55c31ee31ee7 - std::panicking::try::h978244d04646189f
[INFO] [stdout]                                at /rustc/0e09125c6c3c2fd70d7de961bcf0e51575235fad/library/std/src/panicking.rs:516:19
[INFO] [stdout]   38:     0x55c31ee31ee7 - std::panic::catch_unwind::hdf436369d188fe86
[INFO] [stdout]                                at /rustc/0e09125c6c3c2fd70d7de961bcf0e51575235fad/library/std/src/panic.rs:142:14
[INFO] [stdout]   39:     0x55c31ee31ee7 - std::thread::Builder::spawn_unchecked_::{{closure}}::h87329cbdd33c79ec
[INFO] [stdout]                                at /rustc/0e09125c6c3c2fd70d7de961bcf0e51575235fad/library/std/src/thread/mod.rs:528:30
[INFO] [stdout]   40:     0x55c31ee31ee7 - core::ops::function::FnOnce::call_once{{vtable.shim}}::h401abbe67897d450
[INFO] [stdout]                                at /rustc/0e09125c6c3c2fd70d7de961bcf0e51575235fad/library/core/src/ops/function.rs:250:5
[INFO] [stdout]   41:     0x55c31ee96705 - <alloc::boxed::Box<F,A> as core::ops::function::FnOnce<Args>>::call_once::h5d7c8f150ab9c84c
[INFO] [stdout]                                at /rustc/0e09125c6c3c2fd70d7de961bcf0e51575235fad/library/alloc/src/boxed.rs:2015:9
[INFO] [stdout]   42:     0x55c31ee96705 - <alloc::boxed::Box<F,A> as core::ops::function::FnOnce<Args>>::call_once::h570d5b005c242c15
[INFO] [stdout]                                at /rustc/0e09125c6c3c2fd70d7de961bcf0e51575235fad/library/alloc/src/boxed.rs:2015:9
[INFO] [stdout]   43:     0x55c31ee96705 - std::sys::unix::thread::Thread::new::thread_start::h36b0a20c0b2361ad
[INFO] [stdout]                                at /rustc/0e09125c6c3c2fd70d7de961bcf0e51575235fad/library/std/src/sys/unix/thread.rs:108:17
[INFO] [stdout]   44:     0x7fd33a3b0ac3 - <unknown>
[INFO] [stdout]   45:     0x7fd33a441bf4 - __clone
[INFO] [stdout]   46:                0x0 - <unknown>
[INFO] [stdout] 
[INFO] [stdout] 
[INFO] [stdout] failures:
[INFO] [stdout]     lc_2923_find_champion_i::tests::ut
[INFO] [stdout]     lc_342_power_of_four::tests::ut_false
[INFO] [stdout] 
[INFO] [stdout] test result: FAILED. 115 passed; 2 failed; 0 ignored; 0 measured; 0 filtered out; finished in 0.02s
[INFO] [stdout] 
[INFO] [stderr] error: test failed, to rerun pass `--lib`
[INFO] running `Command { std: "docker" "inspect" "74963c5bcc3c3e9f33ea38124aba97ad3cdb0dd91abe9f74767299845ec5c568", kill_on_drop: false }`
[INFO] running `Command { std: "docker" "rm" "-f" "74963c5bcc3c3e9f33ea38124aba97ad3cdb0dd91abe9f74767299845ec5c568", kill_on_drop: false }`
[INFO] [stdout] 74963c5bcc3c3e9f33ea38124aba97ad3cdb0dd91abe9f74767299845ec5c568
