[INFO] cloning repository https://github.com/airzhe/axum-learn
[INFO] running `Command { std: "git" "-c" "credential.helper=" "-c" "credential.helper=/workspace/cargo-home/bin/git-credential-null" "clone" "--bare" "https://github.com/airzhe/axum-learn" "/workspace/cache/git-repos/https%3A%2F%2Fgithub.com%2Fairzhe%2Faxum-learn", kill_on_drop: false }`
[INFO] [stderr] Cloning into bare repository '/workspace/cache/git-repos/https%3A%2F%2Fgithub.com%2Fairzhe%2Faxum-learn'...
[INFO] running `Command { std: "git" "rev-parse" "HEAD", kill_on_drop: false }`
[INFO] [stdout] e06943130304e1b3a562e56af646bbb6bcf9f15a
[INFO] testing airzhe/axum-learn against 1.75.0 for beta-1.76-1
[INFO] running `Command { std: "git" "clone" "/workspace/cache/git-repos/https%3A%2F%2Fgithub.com%2Fairzhe%2Faxum-learn" "/workspace/builds/worker-4-tc1/source", kill_on_drop: false }`
[INFO] [stderr] Cloning into '/workspace/builds/worker-4-tc1/source'...
[INFO] [stderr] done.
[INFO] validating manifest of git repo https://github.com/airzhe/axum-learn on toolchain 1.75.0
[INFO] running `Command { std: CARGO_HOME="/workspace/cargo-home" RUSTUP_HOME="/workspace/rustup-home" "/workspace/cargo-home/bin/cargo" "+1.75.0" "metadata" "--manifest-path" "Cargo.toml" "--no-deps", kill_on_drop: false }`
[INFO] started tweaking git repo https://github.com/airzhe/axum-learn
[INFO] finished tweaking git repo https://github.com/airzhe/axum-learn
[INFO] tweaked toml for git repo https://github.com/airzhe/axum-learn written to /workspace/builds/worker-4-tc1/source/Cargo.toml
[INFO] crate git repo https://github.com/airzhe/axum-learn already has a lockfile, it will not be regenerated
[INFO] running `Command { std: CARGO_HOME="/workspace/cargo-home" RUSTUP_HOME="/workspace/rustup-home" "/workspace/cargo-home/bin/cargo" "+1.75.0" "fetch" "--manifest-path" "Cargo.toml", kill_on_drop: false }`
[INFO] [stderr]  Downloading crates ...
[INFO] [stderr]   Downloaded axum-macros v0.3.7
[INFO] [stderr]   Downloaded cookie_store v0.19.0
[INFO] [stderr]   Downloaded httpc-test v0.1.1
[INFO] running `Command { std: "docker" "create" "-v" "/var/lib/crater-agent-workspace/builds/worker-4-tc1/target:/opt/rustwide/target:rw,Z" "-v" "/var/lib/crater-agent-workspace/builds/worker-4-tc1/source:/opt/rustwide/workdir:ro,Z" "-v" "/var/lib/crater-agent-workspace/cargo-home:/opt/rustwide/cargo-home:ro,Z" "-v" "/var/lib/crater-agent-workspace/rustup-home:/opt/rustwide/rustup-home:ro,Z" "-e" "SOURCE_DIR=/opt/rustwide/workdir" "-e" "CARGO_TARGET_DIR=/opt/rustwide/target" "-e" "CARGO_HOME=/opt/rustwide/cargo-home" "-e" "RUSTUP_HOME=/opt/rustwide/rustup-home" "-w" "/opt/rustwide/workdir" "-m" "1610612736" "--user" "0:0" "--network" "none" "ghcr.io/rust-lang/crates-build-env/linux@sha256:2788e3201cd34a07e3172128adcd8b3090168a8e3bcc40d7c032b9dda1df7d1c" "/opt/rustwide/cargo-home/bin/cargo" "+1.75.0" "metadata" "--no-deps" "--format-version=1", kill_on_drop: false }`
[INFO] [stdout] e654a13d6afae1e8868e2cc242536706fc279939fec9eda578b4da17e88d3e92
[INFO] running `Command { std: "docker" "start" "-a" "e654a13d6afae1e8868e2cc242536706fc279939fec9eda578b4da17e88d3e92", kill_on_drop: false }`
[INFO] running `Command { std: "docker" "inspect" "e654a13d6afae1e8868e2cc242536706fc279939fec9eda578b4da17e88d3e92", kill_on_drop: false }`
[INFO] running `Command { std: "docker" "rm" "-f" "e654a13d6afae1e8868e2cc242536706fc279939fec9eda578b4da17e88d3e92", kill_on_drop: false }`
[INFO] [stdout] e654a13d6afae1e8868e2cc242536706fc279939fec9eda578b4da17e88d3e92
[INFO] running `Command { std: "docker" "create" "-v" "/var/lib/crater-agent-workspace/builds/worker-4-tc1/target:/opt/rustwide/target:rw,Z" "-v" "/var/lib/crater-agent-workspace/builds/worker-4-tc1/source:/opt/rustwide/workdir:ro,Z" "-v" "/var/lib/crater-agent-workspace/cargo-home:/opt/rustwide/cargo-home:ro,Z" "-v" "/var/lib/crater-agent-workspace/rustup-home:/opt/rustwide/rustup-home:ro,Z" "-e" "SOURCE_DIR=/opt/rustwide/workdir" "-e" "CARGO_TARGET_DIR=/opt/rustwide/target" "-e" "CARGO_INCREMENTAL=0" "-e" "RUST_BACKTRACE=full" "-e" "RUSTFLAGS=--cap-lints=warn" "-e" "RUSTDOCFLAGS=--cap-lints=warn" "-e" "CARGO_HOME=/opt/rustwide/cargo-home" "-e" "RUSTUP_HOME=/opt/rustwide/rustup-home" "-w" "/opt/rustwide/workdir" "-m" "1610612736" "--user" "0:0" "--network" "none" "ghcr.io/rust-lang/crates-build-env/linux@sha256:2788e3201cd34a07e3172128adcd8b3090168a8e3bcc40d7c032b9dda1df7d1c" "/opt/rustwide/cargo-home/bin/cargo" "+1.75.0" "build" "--frozen" "--message-format=json", kill_on_drop: false }`
[INFO] [stdout] 8e558bc1a4712ff4e474a8c9ae38d1228b8e699122e43703f4861eac20e9bffc
[INFO] running `Command { std: "docker" "start" "-a" "8e558bc1a4712ff4e474a8c9ae38d1228b8e699122e43703f4861eac20e9bffc", kill_on_drop: false }`
[INFO] [stderr]    Compiling libc v0.2.142
[INFO] [stderr]    Compiling syn v1.0.109
[INFO] [stderr]    Compiling rustversion v1.0.12
[INFO] [stderr]    Compiling futures-task v0.3.28
[INFO] [stderr]    Compiling serde_derive v1.0.160
[INFO] [stderr]    Compiling futures-util v0.3.28
[INFO] [stderr]    Compiling tokio v1.27.0
[INFO] [stderr]    Compiling once_cell v1.17.1
[INFO] [stderr]    Compiling serde v1.0.160
[INFO] [stderr]    Compiling memchr v2.5.0
[INFO] [stderr]    Compiling syn v2.0.15
[INFO] [stderr]    Compiling unicase v2.6.0
[INFO] [stderr]    Compiling ident_case v1.0.1
[INFO] [stderr]    Compiling tower-layer v0.3.2
[INFO] [stderr]    Compiling async-trait v0.1.68
[INFO] [stderr]    Compiling strsim v0.10.0
[INFO] [stderr]    Compiling time-core v0.1.0
[INFO] [stderr]    Compiling tracing-core v0.1.30
[INFO] [stderr]    Compiling time-macros v0.2.8
[INFO] [stderr]    Compiling cookie v0.17.0
[INFO] [stderr]    Compiling heck v0.4.1
[INFO] [stderr]    Compiling serde_json v1.0.96
[INFO] [stderr]    Compiling regex-syntax v0.7.1
[INFO] [stderr]    Compiling sync_wrapper v0.1.2
[INFO] [stderr]    Compiling matchit v0.7.0
[INFO] [stderr]    Compiling http-range-header v0.3.0
[INFO] [stderr]    Compiling tracing v0.1.37
[INFO] [stderr]    Compiling mime_guess v2.0.4
[INFO] [stderr]    Compiling aho-corasick v1.0.1
[INFO] [stderr]    Compiling parking_lot_core v0.9.7
[INFO] [stderr]    Compiling signal-hook-registry v1.4.1
[INFO] [stderr]    Compiling mio v0.8.6
[INFO] [stderr]    Compiling num_cpus v1.15.0
[INFO] [stderr]    Compiling socket2 v0.4.9
[INFO] [stderr]    Compiling axum-core v0.3.4
[INFO] [stderr]    Compiling axum v0.6.16
[INFO] [stderr]    Compiling getrandom v0.2.9
[INFO] [stderr]    Compiling parking_lot v0.12.1
[INFO] [stderr]    Compiling uuid v1.3.1
[INFO] [stderr]    Compiling time v0.3.20
[INFO] [stderr]    Compiling regex v1.8.1
[INFO] [stderr]    Compiling darling_core v0.14.4
[INFO] [stderr]    Compiling futures-macro v0.3.28
[INFO] [stderr]    Compiling tokio-macros v2.0.0
[INFO] [stderr]    Compiling axum-macros v0.3.7
[INFO] [stderr]    Compiling pin-project-internal v1.0.12
[INFO] [stderr]    Compiling lazy-regex-proc_macros v2.4.1
[INFO] [stderr]    Compiling strum_macros v0.24.3
[INFO] [stderr]    Compiling darling_macro v0.14.4
[INFO] [stderr]    Compiling lazy-regex v2.5.0
[INFO] [stderr]    Compiling pin-project v1.0.12
[INFO] [stderr]    Compiling darling v0.14.4
[INFO] [stderr]    Compiling serde_with_macros v2.3.2
[INFO] [stderr]    Compiling tower-cookies v0.9.0
[INFO] [stderr]    Compiling tower v0.4.13
[INFO] [stderr]    Compiling tokio-util v0.7.7
[INFO] [stderr]    Compiling hyper v0.14.26
[INFO] [stderr]    Compiling tower-http v0.4.0
[INFO] [stderr]    Compiling serde_path_to_error v0.1.11
[INFO] [stderr]    Compiling serde_urlencoded v0.7.1
[INFO] [stderr]    Compiling serde_with v2.3.2
[INFO] [stderr]    Compiling axum-learn v0.1.0 (/opt/rustwide/workdir)
[INFO] [stdout] warning: unused import: `status`
[INFO] [stdout]  --> src/main.rs:9:18
[INFO] [stdout]   |
[INFO] [stdout] 9 | use axum::http::{status, Method, Uri};
[INFO] [stdout]   |                  ^^^^^^
[INFO] [stdout]   |
[INFO] [stdout]   = note: `#[warn(unused_imports)]` on by default
[INFO] [stdout] 
[INFO] [stdout] 
[INFO] [stdout] warning: unused import: `extract::State`
[INFO] [stdout]  --> src/error.rs:2:5
[INFO] [stdout]   |
[INFO] [stdout] 2 |     extract::State,
[INFO] [stdout]   |     ^^^^^^^^^^^^^^
[INFO] [stdout] 
[INFO] [stdout] 
[INFO] [stdout] warning: unused imports: `RequestExt`, `RequestPartsExt`
[INFO] [stdout]   --> src/web/mw_auth.rs:10:12
[INFO] [stdout]    |
[INFO] [stdout] 10 | use axum::{RequestExt, RequestPartsExt};
[INFO] [stdout]    |            ^^^^^^^^^^  ^^^^^^^^^^^^^^^
[INFO] [stdout] 
[INFO] [stdout] 
[INFO] [stdout] warning: unused import: `Error`
[INFO] [stdout]  --> src/web/routes_tickets.rs:3:13
[INFO] [stdout]   |
[INFO] [stdout] 3 | use crate::{Error, Result};
[INFO] [stdout]   |             ^^^^^
[INFO] [stdout] 
[INFO] [stdout] 
[INFO] [stdout] warning: unused import: `get`
[INFO] [stdout]  --> src/web/routes_tickets.rs:5:29
[INFO] [stdout]   |
[INFO] [stdout] 5 | use axum::routing::{delete, get, post};
[INFO] [stdout]   |                             ^^^
[INFO] [stdout] 
[INFO] [stdout] 
[INFO] [stdout] warning: unused variable: `tc`
[INFO] [stdout]   --> src/web/routes_tickets.rs:27:11
[INFO] [stdout]    |
[INFO] [stdout] 27 |     State(tc): State<String>,
[INFO] [stdout]    |           ^^ help: if this is intentional, prefix it with an underscore: `_tc`
[INFO] [stdout]    |
[INFO] [stdout]    = note: `#[warn(unused_variables)]` on by default
[INFO] [stdout] 
[INFO] [stdout] 
[INFO] [stdout] warning: unused `std::result::Result` that must be used
[INFO] [stdout]   --> src/main.rs:89:5
[INFO] [stdout]    |
[INFO] [stdout] 89 |     log_request(uuid, req_method, uri, ctx, server_error, client_error).await;
[INFO] [stdout]    |     ^^^^^^^^^^^^^^^^^^^^^^^^^^^^^^^^^^^^^^^^^^^^^^^^^^^^^^^^^^^^^^^^^^^^^^^^^
[INFO] [stdout]    |
[INFO] [stdout]    = note: this `Result` may be an `Err` variant, which should be handled
[INFO] [stdout]    = note: `#[warn(unused_must_use)]` on by default
[INFO] [stdout] help: use `let _ = ...` to ignore the resulting value
[INFO] [stdout]    |
[INFO] [stdout] 89 |     let _ = log_request(uuid, req_method, uri, ctx, server_error, client_error).await;
[INFO] [stdout]    |     +++++++
[INFO] [stdout] 
[INFO] [stdout] 
[INFO] [stdout] warning: 7 warnings emitted
[INFO] [stdout] 
[INFO] [stdout] 
[INFO] [stderr]     Finished dev [unoptimized + debuginfo] target(s) in 26.06s
[INFO] running `Command { std: "docker" "inspect" "8e558bc1a4712ff4e474a8c9ae38d1228b8e699122e43703f4861eac20e9bffc", kill_on_drop: false }`
[INFO] running `Command { std: "docker" "rm" "-f" "8e558bc1a4712ff4e474a8c9ae38d1228b8e699122e43703f4861eac20e9bffc", kill_on_drop: false }`
[INFO] [stdout] 8e558bc1a4712ff4e474a8c9ae38d1228b8e699122e43703f4861eac20e9bffc
[INFO] running `Command { std: "docker" "create" "-v" "/var/lib/crater-agent-workspace/builds/worker-4-tc1/target:/opt/rustwide/target:rw,Z" "-v" "/var/lib/crater-agent-workspace/builds/worker-4-tc1/source:/opt/rustwide/workdir:ro,Z" "-v" "/var/lib/crater-agent-workspace/cargo-home:/opt/rustwide/cargo-home:ro,Z" "-v" "/var/lib/crater-agent-workspace/rustup-home:/opt/rustwide/rustup-home:ro,Z" "-e" "SOURCE_DIR=/opt/rustwide/workdir" "-e" "CARGO_TARGET_DIR=/opt/rustwide/target" "-e" "CARGO_INCREMENTAL=0" "-e" "RUST_BACKTRACE=full" "-e" "RUSTFLAGS=--cap-lints=warn" "-e" "RUSTDOCFLAGS=--cap-lints=warn" "-e" "CARGO_HOME=/opt/rustwide/cargo-home" "-e" "RUSTUP_HOME=/opt/rustwide/rustup-home" "-w" "/opt/rustwide/workdir" "-m" "1610612736" "--user" "0:0" "--network" "none" "ghcr.io/rust-lang/crates-build-env/linux@sha256:2788e3201cd34a07e3172128adcd8b3090168a8e3bcc40d7c032b9dda1df7d1c" "/opt/rustwide/cargo-home/bin/cargo" "+1.75.0" "test" "--frozen" "--no-run" "--message-format=json", kill_on_drop: false }`
[INFO] [stdout] 9cd98eaa71292073037b4e6736a39e5b75bbbdc0a9ddccbd56335cd4280e4ea9
[INFO] running `Command { std: "docker" "start" "-a" "9cd98eaa71292073037b4e6736a39e5b75bbbdc0a9ddccbd56335cd4280e4ea9", kill_on_drop: false }`
[INFO] [stderr]    Compiling openssl-sys v0.9.86
[INFO] [stderr]    Compiling time v0.3.20
[INFO] [stderr]    Compiling tokio-util v0.7.7
[INFO] [stderr]    Compiling openssl v0.10.51
[INFO] [stderr]    Compiling openssl-macros v0.1.1
[INFO] [stderr]    Compiling cookie v0.16.2
[INFO] [stderr]    Compiling psl-types v2.0.11
[INFO] [stderr]    Compiling idna v0.2.3
[INFO] [stderr]    Compiling thiserror v1.0.40
[INFO] [stderr]    Compiling thiserror-impl v1.0.40
[INFO] [stderr]    Compiling anyhow v1.0.70
[INFO] [stderr]    Compiling publicsuffix v2.2.3
[INFO] [stderr]    Compiling h2 v0.3.18
[INFO] [stderr]    Compiling tower-http v0.4.0
[INFO] [stderr]    Compiling native-tls v0.2.11
[INFO] [stderr]    Compiling cookie v0.17.0
[INFO] [stderr]    Compiling cookie_store v0.16.1
[INFO] [stderr]    Compiling cookie_store v0.19.0
[INFO] [stderr]    Compiling tower-cookies v0.9.0
[INFO] [stderr]    Compiling hyper v0.14.26
[INFO] [stderr]    Compiling tokio-native-tls v0.3.1
[INFO] [stderr]    Compiling hyper-tls v0.5.0
[INFO] [stderr]    Compiling axum v0.6.16
[INFO] [stderr]    Compiling reqwest v0.11.16
[INFO] [stderr]    Compiling reqwest_cookie_store v0.5.0
[INFO] [stderr]    Compiling httpc-test v0.1.1
[INFO] [stderr]    Compiling axum-learn v0.1.0 (/opt/rustwide/workdir)
[INFO] [stdout] warning: unused import: `status`
[INFO] [stdout]  --> src/main.rs:9:18
[INFO] [stdout]   |
[INFO] [stdout] 9 | use axum::http::{status, Method, Uri};
[INFO] [stdout]   |                  ^^^^^^
[INFO] [stdout]   |
[INFO] [stdout]   = note: `#[warn(unused_imports)]` on by default
[INFO] [stdout] 
[INFO] [stdout] 
[INFO] [stdout] warning: unused import: `extract::State`
[INFO] [stdout]  --> src/error.rs:2:5
[INFO] [stdout]   |
[INFO] [stdout] 2 |     extract::State,
[INFO] [stdout]   |     ^^^^^^^^^^^^^^
[INFO] [stdout] 
[INFO] [stdout] 
[INFO] [stdout] warning: unused imports: `RequestExt`, `RequestPartsExt`
[INFO] [stdout]   --> src/web/mw_auth.rs:10:12
[INFO] [stdout]    |
[INFO] [stdout] 10 | use axum::{RequestExt, RequestPartsExt};
[INFO] [stdout]    |            ^^^^^^^^^^  ^^^^^^^^^^^^^^^
[INFO] [stdout] 
[INFO] [stdout] 
[INFO] [stdout] warning: unused import: `Error`
[INFO] [stdout]  --> src/web/routes_tickets.rs:3:13
[INFO] [stdout]   |
[INFO] [stdout] 3 | use crate::{Error, Result};
[INFO] [stdout]   |             ^^^^^
[INFO] [stdout] 
[INFO] [stdout] 
[INFO] [stdout] warning: unused import: `get`
[INFO] [stdout]  --> src/web/routes_tickets.rs:5:29
[INFO] [stdout]   |
[INFO] [stdout] 5 | use axum::routing::{delete, get, post};
[INFO] [stdout]   |                             ^^^
[INFO] [stdout] 
[INFO] [stdout] 
[INFO] [stdout] warning: unused import: `status`
[INFO] [stdout]  --> src/main.rs:9:18
[INFO] [stdout]   |
[INFO] [stdout] 9 | use axum::http::{status, Method, Uri};
[INFO] [stdout]   |                  ^^^^^^
[INFO] [stdout]   |
[INFO] [stdout]   = note: `#[warn(unused_imports)]` on by default
[INFO] [stdout] 
[INFO] [stdout] 
[INFO] [stdout] warning: unused import: `extract::State`
[INFO] [stdout]  --> src/error.rs:2:5
[INFO] [stdout]   |
[INFO] [stdout] 2 |     extract::State,
[INFO] [stdout]   |     ^^^^^^^^^^^^^^
[INFO] [stdout] 
[INFO] [stdout] 
[INFO] [stdout] warning: unused imports: `RequestExt`, `RequestPartsExt`
[INFO] [stdout]   --> src/web/mw_auth.rs:10:12
[INFO] [stdout]    |
[INFO] [stdout] 10 | use axum::{RequestExt, RequestPartsExt};
[INFO] [stdout]    |            ^^^^^^^^^^  ^^^^^^^^^^^^^^^
[INFO] [stdout] 
[INFO] [stdout] 
[INFO] [stdout] warning: unused import: `Error`
[INFO] [stdout]  --> src/web/routes_tickets.rs:3:13
[INFO] [stdout]   |
[INFO] [stdout] 3 | use crate::{Error, Result};
[INFO] [stdout]   |             ^^^^^
[INFO] [stdout] 
[INFO] [stdout] 
[INFO] [stdout] warning: unused import: `get`
[INFO] [stdout]  --> src/web/routes_tickets.rs:5:29
[INFO] [stdout]   |
[INFO] [stdout] 5 | use axum::routing::{delete, get, post};
[INFO] [stdout]   |                             ^^^
[INFO] [stdout] 
[INFO] [stdout] 
[INFO] [stdout] warning: unused variable: `tc`
[INFO] [stdout]   --> src/web/routes_tickets.rs:27:11
[INFO] [stdout]    |
[INFO] [stdout] 27 |     State(tc): State<String>,
[INFO] [stdout]    |           ^^ help: if this is intentional, prefix it with an underscore: `_tc`
[INFO] [stdout]    |
[INFO] [stdout]    = note: `#[warn(unused_variables)]` on by default
[INFO] [stdout] 
[INFO] [stdout] 
[INFO] [stdout] warning: unused variable: `tc`
[INFO] [stdout]   --> src/web/routes_tickets.rs:27:11
[INFO] [stdout]    |
[INFO] [stdout] 27 |     State(tc): State<String>,
[INFO] [stdout]    |           ^^ help: if this is intentional, prefix it with an underscore: `_tc`
[INFO] [stdout]    |
[INFO] [stdout]    = note: `#[warn(unused_variables)]` on by default
[INFO] [stdout] 
[INFO] [stdout] 
[INFO] [stdout] warning: unused `std::result::Result` that must be used
[INFO] [stdout]   --> src/main.rs:89:5
[INFO] [stdout]    |
[INFO] [stdout] 89 |     log_request(uuid, req_method, uri, ctx, server_error, client_error).await;
[INFO] [stdout]    |     ^^^^^^^^^^^^^^^^^^^^^^^^^^^^^^^^^^^^^^^^^^^^^^^^^^^^^^^^^^^^^^^^^^^^^^^^^
[INFO] [stdout]    |
[INFO] [stdout]    = note: this `Result` may be an `Err` variant, which should be handled
[INFO] [stdout]    = note: `#[warn(unused_must_use)]` on by default
[INFO] [stdout] help: use `let _ = ...` to ignore the resulting value
[INFO] [stdout]    |
[INFO] [stdout] 89 |     let _ = log_request(uuid, req_method, uri, ctx, server_error, client_error).await;
[INFO] [stdout]    |     +++++++
[INFO] [stdout] 
[INFO] [stdout] 
[INFO] [stdout] warning: unused `std::result::Result` that must be used
[INFO] [stdout]   --> src/main.rs:89:5
[INFO] [stdout]    |
[INFO] [stdout] 89 |     log_request(uuid, req_method, uri, ctx, server_error, client_error).await;
[INFO] [stdout]    |     ^^^^^^^^^^^^^^^^^^^^^^^^^^^^^^^^^^^^^^^^^^^^^^^^^^^^^^^^^^^^^^^^^^^^^^^^^
[INFO] [stdout]    |
[INFO] [stdout]    = note: this `Result` may be an `Err` variant, which should be handled
[INFO] [stdout]    = note: `#[warn(unused_must_use)]` on by default
[INFO] [stdout] help: use `let _ = ...` to ignore the resulting value
[INFO] [stdout]    |
[INFO] [stdout] 89 |     let _ = log_request(uuid, req_method, uri, ctx, server_error, client_error).await;
[INFO] [stdout]    |     +++++++
[INFO] [stdout] 
[INFO] [stdout] 
[INFO] [stdout] warning: 7 warnings emitted
[INFO] [stdout] 
[INFO] [stdout] 
[INFO] [stdout] warning: 7 warnings emitted
[INFO] [stdout] 
[INFO] [stdout] 
[INFO] [stderr]     Finished test [unoptimized + debuginfo] target(s) in 24.71s
[INFO] running `Command { std: "docker" "inspect" "9cd98eaa71292073037b4e6736a39e5b75bbbdc0a9ddccbd56335cd4280e4ea9", kill_on_drop: false }`
[INFO] running `Command { std: "docker" "rm" "-f" "9cd98eaa71292073037b4e6736a39e5b75bbbdc0a9ddccbd56335cd4280e4ea9", kill_on_drop: false }`
[INFO] [stdout] 9cd98eaa71292073037b4e6736a39e5b75bbbdc0a9ddccbd56335cd4280e4ea9
[INFO] running `Command { std: "docker" "create" "-v" "/var/lib/crater-agent-workspace/builds/worker-4-tc1/target:/opt/rustwide/target:rw,Z" "-v" "/var/lib/crater-agent-workspace/builds/worker-4-tc1/source:/opt/rustwide/workdir:ro,Z" "-v" "/var/lib/crater-agent-workspace/cargo-home:/opt/rustwide/cargo-home:ro,Z" "-v" "/var/lib/crater-agent-workspace/rustup-home:/opt/rustwide/rustup-home:ro,Z" "-e" "SOURCE_DIR=/opt/rustwide/workdir" "-e" "CARGO_TARGET_DIR=/opt/rustwide/target" "-e" "CARGO_INCREMENTAL=0" "-e" "RUST_BACKTRACE=full" "-e" "RUSTFLAGS=--cap-lints=warn" "-e" "RUSTDOCFLAGS=--cap-lints=warn" "-e" "CARGO_HOME=/opt/rustwide/cargo-home" "-e" "RUSTUP_HOME=/opt/rustwide/rustup-home" "-w" "/opt/rustwide/workdir" "-m" "1610612736" "--user" "0:0" "--network" "none" "ghcr.io/rust-lang/crates-build-env/linux@sha256:2788e3201cd34a07e3172128adcd8b3090168a8e3bcc40d7c032b9dda1df7d1c" "/opt/rustwide/cargo-home/bin/cargo" "+1.75.0" "test" "--frozen", kill_on_drop: false }`
[INFO] [stdout] 2678a88df922bdbab967483522668e5cd6778877c79cae4496547ede238a6873
[INFO] running `Command { std: "docker" "start" "-a" "2678a88df922bdbab967483522668e5cd6778877c79cae4496547ede238a6873", kill_on_drop: false }`
[INFO] [stderr] warning: unused import: `status`
[INFO] [stderr]  --> src/main.rs:9:18
[INFO] [stderr]   |
[INFO] [stderr] 9 | use axum::http::{status, Method, Uri};
[INFO] [stderr]   |                  ^^^^^^
[INFO] [stderr]   |
[INFO] [stderr]   = note: `#[warn(unused_imports)]` on by default
[INFO] [stderr] 
[INFO] [stderr] warning: unused import: `extract::State`
[INFO] [stderr]  --> src/error.rs:2:5
[INFO] [stderr]   |
[INFO] [stderr] 2 |     extract::State,
[INFO] [stderr]   |     ^^^^^^^^^^^^^^
[INFO] [stderr] 
[INFO] [stderr] warning: unused imports: `RequestExt`, `RequestPartsExt`
[INFO] [stderr]   --> src/web/mw_auth.rs:10:12
[INFO] [stderr]    |
[INFO] [stderr] 10 | use axum::{RequestExt, RequestPartsExt};
[INFO] [stderr]    |            ^^^^^^^^^^  ^^^^^^^^^^^^^^^
[INFO] [stderr] 
[INFO] [stderr] warning: unused import: `Error`
[INFO] [stderr]  --> src/web/routes_tickets.rs:3:13
[INFO] [stderr]   |
[INFO] [stderr] 3 | use crate::{Error, Result};
[INFO] [stderr]   |             ^^^^^
[INFO] [stderr] 
[INFO] [stderr] warning: unused import: `get`
[INFO] [stderr]  --> src/web/routes_tickets.rs:5:29
[INFO] [stderr]   |
[INFO] [stderr] 5 | use axum::routing::{delete, get, post};
[INFO] [stderr]   |                             ^^^
[INFO] [stderr] 
[INFO] [stderr] warning: unused variable: `tc`
[INFO] [stderr]   --> src/web/routes_tickets.rs:27:11
[INFO] [stderr]    |
[INFO] [stderr] 27 |     State(tc): State<String>,
[INFO] [stderr]    |           ^^ help: if this is intentional, prefix it with an underscore: `_tc`
[INFO] [stderr]    |
[INFO] [stderr]    = note: `#[warn(unused_variables)]` on by default
[INFO] [stderr] 
[INFO] [stderr] warning: unused `std::result::Result` that must be used
[INFO] [stderr]   --> src/main.rs:89:5
[INFO] [stderr]    |
[INFO] [stderr] 89 |     log_request(uuid, req_method, uri, ctx, server_error, client_error).await;
[INFO] [stderr]    |     ^^^^^^^^^^^^^^^^^^^^^^^^^^^^^^^^^^^^^^^^^^^^^^^^^^^^^^^^^^^^^^^^^^^^^^^^^
[INFO] [stderr]    |
[INFO] [stderr]    = note: this `Result` may be an `Err` variant, which should be handled
[INFO] [stderr]    = note: `#[warn(unused_must_use)]` on by default
[INFO] [stderr] help: use `let _ = ...` to ignore the resulting value
[INFO] [stderr]    |
[INFO] [stderr] 89 |     let _ = log_request(uuid, req_method, uri, ctx, server_error, client_error).await;
[INFO] [stderr]    |     +++++++
[INFO] [stderr] 
[INFO] [stderr] warning: `axum-learn` (bin "axum-learn") generated 7 warnings (run `cargo fix --bin "axum-learn"` to apply 6 suggestions)
[INFO] [stderr] warning: `axum-learn` (bin "axum-learn" test) generated 7 warnings (7 duplicates)
[INFO] [stderr]     Finished test [unoptimized + debuginfo] target(s) in 0.21s
[INFO] [stderr]      Running unittests src/main.rs (/opt/rustwide/target/debug/deps/axum_learn-921b8ee77b95e5a7)
[INFO] [stdout] 
[INFO] [stdout] running 0 tests
[INFO] [stdout] 
[INFO] [stdout] test result: ok. 0 passed; 0 failed; 0 ignored; 0 measured; 0 filtered out; finished in 0.00s
[INFO] [stdout] 
[INFO] [stderr]      Running tests/quick_dev.rs (/opt/rustwide/target/debug/deps/quick_dev-3cc0fb822ce69199)
[INFO] [stdout] 
[INFO] [stdout] running 1 test
[INFO] [stderr] error: test failed, to rerun pass `--test quick_dev`
[INFO] [stdout] test quick_dev ... FAILED
[INFO] [stdout] 
[INFO] [stdout] failures:
[INFO] [stdout] 
[INFO] [stdout] ---- quick_dev stdout ----
[INFO] [stdout] Error: error sending request for url (http://localhost:8080/hello2/Mike): error trying to connect: tcp connect error: Cannot assign requested address (os error 99)
[INFO] [stdout] 
[INFO] [stdout] Caused by:
[INFO] [stdout]     0: error trying to connect: tcp connect error: Cannot assign requested address (os error 99)
[INFO] [stdout]     1: tcp connect error: Cannot assign requested address (os error 99)
[INFO] [stdout]     2: Cannot assign requested address (os error 99)
[INFO] [stdout] 
[INFO] [stdout] 
[INFO] [stdout] failures:
[INFO] [stdout]     quick_dev
[INFO] [stdout] 
[INFO] [stdout] test result: FAILED. 0 passed; 1 failed; 0 ignored; 0 measured; 0 filtered out; finished in 0.14s
[INFO] [stdout] 
[INFO] running `Command { std: "docker" "inspect" "2678a88df922bdbab967483522668e5cd6778877c79cae4496547ede238a6873", kill_on_drop: false }`
[INFO] running `Command { std: "docker" "rm" "-f" "2678a88df922bdbab967483522668e5cd6778877c79cae4496547ede238a6873", kill_on_drop: false }`
[INFO] [stdout] 2678a88df922bdbab967483522668e5cd6778877c79cae4496547ede238a6873
[INFO] testing airzhe/axum-learn against beta-2023-12-22 for beta-1.76-1
[INFO] running `Command { std: "git" "clone" "/workspace/cache/git-repos/https%3A%2F%2Fgithub.com%2Fairzhe%2Faxum-learn" "/workspace/builds/worker-4-tc2/source", kill_on_drop: false }`
[INFO] [stderr] Cloning into '/workspace/builds/worker-4-tc2/source'...
[INFO] [stderr] done.
[INFO] validating manifest of git repo https://github.com/airzhe/axum-learn on toolchain beta-2023-12-22
[INFO] running `Command { std: CARGO_HOME="/workspace/cargo-home" RUSTUP_HOME="/workspace/rustup-home" "/workspace/cargo-home/bin/cargo" "+beta-2023-12-22" "metadata" "--manifest-path" "Cargo.toml" "--no-deps", kill_on_drop: false }`
[INFO] started tweaking git repo https://github.com/airzhe/axum-learn
[INFO] finished tweaking git repo https://github.com/airzhe/axum-learn
[INFO] tweaked toml for git repo https://github.com/airzhe/axum-learn written to /workspace/builds/worker-4-tc2/source/Cargo.toml
[INFO] crate git repo https://github.com/airzhe/axum-learn already has a lockfile, it will not be regenerated
[INFO] running `Command { std: CARGO_HOME="/workspace/cargo-home" RUSTUP_HOME="/workspace/rustup-home" "/workspace/cargo-home/bin/cargo" "+beta-2023-12-22" "fetch" "--manifest-path" "Cargo.toml", kill_on_drop: false }`
[INFO] running `Command { std: "docker" "create" "-v" "/var/lib/crater-agent-workspace/builds/worker-4-tc2/target:/opt/rustwide/target:rw,Z" "-v" "/var/lib/crater-agent-workspace/builds/worker-4-tc2/source:/opt/rustwide/workdir:ro,Z" "-v" "/var/lib/crater-agent-workspace/cargo-home:/opt/rustwide/cargo-home:ro,Z" "-v" "/var/lib/crater-agent-workspace/rustup-home:/opt/rustwide/rustup-home:ro,Z" "-e" "SOURCE_DIR=/opt/rustwide/workdir" "-e" "CARGO_TARGET_DIR=/opt/rustwide/target" "-e" "CARGO_HOME=/opt/rustwide/cargo-home" "-e" "RUSTUP_HOME=/opt/rustwide/rustup-home" "-w" "/opt/rustwide/workdir" "-m" "1610612736" "--user" "0:0" "--network" "none" "ghcr.io/rust-lang/crates-build-env/linux@sha256:2788e3201cd34a07e3172128adcd8b3090168a8e3bcc40d7c032b9dda1df7d1c" "/opt/rustwide/cargo-home/bin/cargo" "+beta-2023-12-22" "metadata" "--no-deps" "--format-version=1", kill_on_drop: false }`
[INFO] [stdout] 2e8a01595c2766cc8b3a8ab011d89d60a59cb17e997d7e19310afb0476acff1d
[INFO] running `Command { std: "docker" "start" "-a" "2e8a01595c2766cc8b3a8ab011d89d60a59cb17e997d7e19310afb0476acff1d", kill_on_drop: false }`
[INFO] running `Command { std: "docker" "inspect" "2e8a01595c2766cc8b3a8ab011d89d60a59cb17e997d7e19310afb0476acff1d", kill_on_drop: false }`
[INFO] running `Command { std: "docker" "rm" "-f" "2e8a01595c2766cc8b3a8ab011d89d60a59cb17e997d7e19310afb0476acff1d", kill_on_drop: false }`
[INFO] [stdout] 2e8a01595c2766cc8b3a8ab011d89d60a59cb17e997d7e19310afb0476acff1d
[INFO] running `Command { std: "docker" "create" "-v" "/var/lib/crater-agent-workspace/builds/worker-4-tc2/target:/opt/rustwide/target:rw,Z" "-v" "/var/lib/crater-agent-workspace/builds/worker-4-tc2/source:/opt/rustwide/workdir:ro,Z" "-v" "/var/lib/crater-agent-workspace/cargo-home:/opt/rustwide/cargo-home:ro,Z" "-v" "/var/lib/crater-agent-workspace/rustup-home:/opt/rustwide/rustup-home:ro,Z" "-e" "SOURCE_DIR=/opt/rustwide/workdir" "-e" "CARGO_TARGET_DIR=/opt/rustwide/target" "-e" "CARGO_INCREMENTAL=0" "-e" "RUST_BACKTRACE=full" "-e" "RUSTFLAGS=--cap-lints=warn" "-e" "RUSTDOCFLAGS=--cap-lints=warn" "-e" "CARGO_HOME=/opt/rustwide/cargo-home" "-e" "RUSTUP_HOME=/opt/rustwide/rustup-home" "-w" "/opt/rustwide/workdir" "-m" "1610612736" "--user" "0:0" "--network" "none" "ghcr.io/rust-lang/crates-build-env/linux@sha256:2788e3201cd34a07e3172128adcd8b3090168a8e3bcc40d7c032b9dda1df7d1c" "/opt/rustwide/cargo-home/bin/cargo" "+beta-2023-12-22" "build" "--frozen" "--message-format=json", kill_on_drop: false }`
[INFO] [stdout] 875b060ba0f8a525edf5e81830109054bbdf66166677807cbbcc421ebe5d8353
[INFO] running `Command { std: "docker" "start" "-a" "875b060ba0f8a525edf5e81830109054bbdf66166677807cbbcc421ebe5d8353", kill_on_drop: false }`
[INFO] [stderr]    Compiling libc v0.2.142
[INFO] [stderr]    Compiling syn v1.0.109
[INFO] [stderr]    Compiling rustversion v1.0.12
[INFO] [stderr]    Compiling futures-task v0.3.28
[INFO] [stderr]    Compiling serde_derive v1.0.160
[INFO] [stderr]    Compiling futures-util v0.3.28
[INFO] [stderr]    Compiling tokio v1.27.0
[INFO] [stderr]    Compiling memchr v2.5.0
[INFO] [stderr]    Compiling serde v1.0.160
[INFO] [stderr]    Compiling once_cell v1.17.1
[INFO] [stderr]    Compiling syn v2.0.15
[INFO] [stderr]    Compiling unicase v2.6.0
[INFO] [stderr]    Compiling tower-layer v0.3.2
[INFO] [stderr]    Compiling strsim v0.10.0
[INFO] [stderr]    Compiling async-trait v0.1.68
[INFO] [stderr]    Compiling ident_case v1.0.1
[INFO] [stderr]    Compiling tracing-core v0.1.30
[INFO] [stderr]    Compiling time-core v0.1.0
[INFO] [stderr]    Compiling cookie v0.17.0
[INFO] [stderr]    Compiling time-macros v0.2.8
[INFO] [stderr]    Compiling serde_json v1.0.96
[INFO] [stderr]    Compiling regex-syntax v0.7.1
[INFO] [stderr]    Compiling heck v0.4.1
[INFO] [stderr]    Compiling matchit v0.7.0
[INFO] [stderr]    Compiling sync_wrapper v0.1.2
[INFO] [stderr]    Compiling http-range-header v0.3.0
[INFO] [stderr]    Compiling mime_guess v2.0.4
[INFO] [stderr]    Compiling tracing v0.1.37
[INFO] [stderr]    Compiling aho-corasick v1.0.1
[INFO] [stderr]    Compiling axum-core v0.3.4
[INFO] [stderr]    Compiling axum v0.6.16
[INFO] [stderr]    Compiling parking_lot_core v0.9.7
[INFO] [stderr]    Compiling socket2 v0.4.9
[INFO] [stderr]    Compiling signal-hook-registry v1.4.1
[INFO] [stderr]    Compiling mio v0.8.6
[INFO] [stderr]    Compiling num_cpus v1.15.0
[INFO] [stderr]    Compiling getrandom v0.2.9
[INFO] [stderr]    Compiling parking_lot v0.12.1
[INFO] [stderr]    Compiling uuid v1.3.1
[INFO] [stderr]    Compiling time v0.3.20
[INFO] [stderr]    Compiling regex v1.8.1
[INFO] [stderr]    Compiling darling_core v0.14.4
[INFO] [stderr]    Compiling futures-macro v0.3.28
[INFO] [stderr]    Compiling tokio-macros v2.0.0
[INFO] [stderr]    Compiling axum-macros v0.3.7
[INFO] [stderr]    Compiling pin-project-internal v1.0.12
[INFO] [stderr]    Compiling lazy-regex-proc_macros v2.4.1
[INFO] [stderr]    Compiling strum_macros v0.24.3
[INFO] [stderr]    Compiling darling_macro v0.14.4
[INFO] [stderr]    Compiling pin-project v1.0.12
[INFO] [stderr]    Compiling lazy-regex v2.5.0
[INFO] [stderr]    Compiling darling v0.14.4
[INFO] [stderr]    Compiling serde_with_macros v2.3.2
[INFO] [stderr]    Compiling tower-cookies v0.9.0
[INFO] [stderr]    Compiling hyper v0.14.26
[INFO] [stderr]    Compiling tower v0.4.13
[INFO] [stderr]    Compiling tokio-util v0.7.7
[INFO] [stderr]    Compiling tower-http v0.4.0
[INFO] [stderr]    Compiling serde_path_to_error v0.1.11
[INFO] [stderr]    Compiling serde_urlencoded v0.7.1
[INFO] [stderr]    Compiling serde_with v2.3.2
[INFO] [stderr]    Compiling axum-learn v0.1.0 (/opt/rustwide/workdir)
[INFO] [stdout] warning: unused import: `status`
[INFO] [stdout]  --> src/main.rs:9:18
[INFO] [stdout]   |
[INFO] [stdout] 9 | use axum::http::{status, Method, Uri};
[INFO] [stdout]   |                  ^^^^^^
[INFO] [stdout]   |
[INFO] [stdout]   = note: `#[warn(unused_imports)]` on by default
[INFO] [stdout] 
[INFO] [stdout] 
[INFO] [stdout] warning: unused import: `extract::State`
[INFO] [stdout]  --> src/error.rs:2:5
[INFO] [stdout]   |
[INFO] [stdout] 2 |     extract::State,
[INFO] [stdout]   |     ^^^^^^^^^^^^^^
[INFO] [stdout] 
[INFO] [stdout] 
[INFO] [stdout] warning: unused imports: `RequestExt`, `RequestPartsExt`
[INFO] [stdout]   --> src/web/mw_auth.rs:10:12
[INFO] [stdout]    |
[INFO] [stdout] 10 | use axum::{RequestExt, RequestPartsExt};
[INFO] [stdout]    |            ^^^^^^^^^^  ^^^^^^^^^^^^^^^
[INFO] [stdout] 
[INFO] [stdout] 
[INFO] [stdout] warning: unused import: `Error`
[INFO] [stdout]  --> src/web/routes_tickets.rs:3:13
[INFO] [stdout]   |
[INFO] [stdout] 3 | use crate::{Error, Result};
[INFO] [stdout]   |             ^^^^^
[INFO] [stdout] 
[INFO] [stdout] 
[INFO] [stdout] warning: unused import: `get`
[INFO] [stdout]  --> src/web/routes_tickets.rs:5:29
[INFO] [stdout]   |
[INFO] [stdout] 5 | use axum::routing::{delete, get, post};
[INFO] [stdout]   |                             ^^^
[INFO] [stdout] 
[INFO] [stdout] 
[INFO] [stdout] warning: unused variable: `tc`
[INFO] [stdout]   --> src/web/routes_tickets.rs:27:11
[INFO] [stdout]    |
[INFO] [stdout] 27 |     State(tc): State<String>,
[INFO] [stdout]    |           ^^ help: if this is intentional, prefix it with an underscore: `_tc`
[INFO] [stdout]    |
[INFO] [stdout]    = note: `#[warn(unused_variables)]` on by default
[INFO] [stdout] 
[INFO] [stdout] 
[INFO] [stdout] warning: unused `std::result::Result` that must be used
[INFO] [stdout]   --> src/main.rs:89:5
[INFO] [stdout]    |
[INFO] [stdout] 89 |     log_request(uuid, req_method, uri, ctx, server_error, client_error).await;
[INFO] [stdout]    |     ^^^^^^^^^^^^^^^^^^^^^^^^^^^^^^^^^^^^^^^^^^^^^^^^^^^^^^^^^^^^^^^^^^^^^^^^^
[INFO] [stdout]    |
[INFO] [stdout]    = note: this `Result` may be an `Err` variant, which should be handled
[INFO] [stdout]    = note: `#[warn(unused_must_use)]` on by default
[INFO] [stdout] help: use `let _ = ...` to ignore the resulting value
[INFO] [stdout]    |
[INFO] [stdout] 89 |     let _ = log_request(uuid, req_method, uri, ctx, server_error, client_error).await;
[INFO] [stdout]    |     +++++++
[INFO] [stdout] 
[INFO] [stdout] 
[INFO] [stdout] warning: 7 warnings emitted
[INFO] [stdout] 
[INFO] [stdout] 
[INFO] [stderr]     Finished dev [unoptimized + debuginfo] target(s) in 22.26s
[INFO] running `Command { std: "docker" "inspect" "875b060ba0f8a525edf5e81830109054bbdf66166677807cbbcc421ebe5d8353", kill_on_drop: false }`
[INFO] running `Command { std: "docker" "rm" "-f" "875b060ba0f8a525edf5e81830109054bbdf66166677807cbbcc421ebe5d8353", kill_on_drop: false }`
[INFO] [stdout] 875b060ba0f8a525edf5e81830109054bbdf66166677807cbbcc421ebe5d8353
[INFO] running `Command { std: "docker" "create" "-v" "/var/lib/crater-agent-workspace/builds/worker-4-tc2/target:/opt/rustwide/target:rw,Z" "-v" "/var/lib/crater-agent-workspace/builds/worker-4-tc2/source:/opt/rustwide/workdir:ro,Z" "-v" "/var/lib/crater-agent-workspace/cargo-home:/opt/rustwide/cargo-home:ro,Z" "-v" "/var/lib/crater-agent-workspace/rustup-home:/opt/rustwide/rustup-home:ro,Z" "-e" "SOURCE_DIR=/opt/rustwide/workdir" "-e" "CARGO_TARGET_DIR=/opt/rustwide/target" "-e" "CARGO_INCREMENTAL=0" "-e" "RUST_BACKTRACE=full" "-e" "RUSTFLAGS=--cap-lints=warn" "-e" "RUSTDOCFLAGS=--cap-lints=warn" "-e" "CARGO_HOME=/opt/rustwide/cargo-home" "-e" "RUSTUP_HOME=/opt/rustwide/rustup-home" "-w" "/opt/rustwide/workdir" "-m" "1610612736" "--user" "0:0" "--network" "none" "ghcr.io/rust-lang/crates-build-env/linux@sha256:2788e3201cd34a07e3172128adcd8b3090168a8e3bcc40d7c032b9dda1df7d1c" "/opt/rustwide/cargo-home/bin/cargo" "+beta-2023-12-22" "test" "--frozen" "--no-run" "--message-format=json", kill_on_drop: false }`
[INFO] [stdout] 999c9773bf2bf3b368da18bbfc99e3c9452110ecb6fe8d96a08de2f146b87dfd
[INFO] running `Command { std: "docker" "start" "-a" "999c9773bf2bf3b368da18bbfc99e3c9452110ecb6fe8d96a08de2f146b87dfd", kill_on_drop: false }`
[INFO] [stderr]    Compiling openssl-sys v0.9.86
[INFO] [stderr]    Compiling time v0.3.20
[INFO] [stderr]    Compiling openssl v0.10.51
[INFO] [stderr]    Compiling tokio-util v0.7.7
[INFO] [stderr]    Compiling openssl-macros v0.1.1
[INFO] [stderr]    Compiling cookie v0.16.2
[INFO] [stderr]    Compiling psl-types v2.0.11
[INFO] [stderr]    Compiling idna v0.2.3
[INFO] [stderr]    Compiling thiserror v1.0.40
[INFO] [stderr]    Compiling thiserror-impl v1.0.40
[INFO] [stderr]    Compiling anyhow v1.0.70
[INFO] [stderr]    Compiling publicsuffix v2.2.3
[INFO] [stderr]    Compiling native-tls v0.2.11
[INFO] [stderr]    Compiling h2 v0.3.18
[INFO] [stderr]    Compiling tower-http v0.4.0
[INFO] [stderr]    Compiling cookie v0.17.0
[INFO] [stderr]    Compiling cookie_store v0.16.1
[INFO] [stderr]    Compiling cookie_store v0.19.0
[INFO] [stderr]    Compiling tower-cookies v0.9.0
[INFO] [stderr]    Compiling tokio-native-tls v0.3.1
[INFO] [stderr]    Compiling hyper v0.14.26
[INFO] [stderr]    Compiling hyper-tls v0.5.0
[INFO] [stderr]    Compiling axum v0.6.16
[INFO] [stderr]    Compiling reqwest v0.11.16
[INFO] [stderr]    Compiling reqwest_cookie_store v0.5.0
[INFO] [stderr]    Compiling httpc-test v0.1.1
[INFO] [stderr]    Compiling axum-learn v0.1.0 (/opt/rustwide/workdir)
[INFO] [stdout] warning: unused import: `status`
[INFO] [stdout]  --> src/main.rs:9:18
[INFO] [stdout]   |
[INFO] [stdout] 9 | use axum::http::{status, Method, Uri};
[INFO] [stdout]   |                  ^^^^^^
[INFO] [stdout]   |
[INFO] [stdout]   = note: `#[warn(unused_imports)]` on by default
[INFO] [stdout] 
[INFO] [stdout] 
[INFO] [stdout] warning: unused import: `extract::State`
[INFO] [stdout]  --> src/error.rs:2:5
[INFO] [stdout]   |
[INFO] [stdout] 2 |     extract::State,
[INFO] [stdout]   |     ^^^^^^^^^^^^^^
[INFO] [stdout] 
[INFO] [stdout] 
[INFO] [stdout] warning: unused imports: `RequestExt`, `RequestPartsExt`
[INFO] [stdout]   --> src/web/mw_auth.rs:10:12
[INFO] [stdout]    |
[INFO] [stdout] 10 | use axum::{RequestExt, RequestPartsExt};
[INFO] [stdout]    |            ^^^^^^^^^^  ^^^^^^^^^^^^^^^
[INFO] [stdout] 
[INFO] [stdout] 
[INFO] [stdout] warning: unused import: `Error`
[INFO] [stdout]  --> src/web/routes_tickets.rs:3:13
[INFO] [stdout]   |
[INFO] [stdout] 3 | use crate::{Error, Result};
[INFO] [stdout]   |             ^^^^^
[INFO] [stdout] 
[INFO] [stdout] 
[INFO] [stdout] warning: unused import: `get`
[INFO] [stdout]  --> src/web/routes_tickets.rs:5:29
[INFO] [stdout]   |
[INFO] [stdout] 5 | use axum::routing::{delete, get, post};
[INFO] [stdout]   |                             ^^^
[INFO] [stdout] 
[INFO] [stdout] 
[INFO] [stdout] warning: unused import: `status`
[INFO] [stdout]  --> src/main.rs:9:18
[INFO] [stdout]   |
[INFO] [stdout] 9 | use axum::http::{status, Method, Uri};
[INFO] [stdout]   |                  ^^^^^^
[INFO] [stdout]   |
[INFO] [stdout]   = note: `#[warn(unused_imports)]` on by default
[INFO] [stdout] 
[INFO] [stdout] 
[INFO] [stdout] warning: unused import: `extract::State`
[INFO] [stdout]  --> src/error.rs:2:5
[INFO] [stdout]   |
[INFO] [stdout] 2 |     extract::State,
[INFO] [stdout]   |     ^^^^^^^^^^^^^^
[INFO] [stdout] 
[INFO] [stdout] 
[INFO] [stdout] warning: unused imports: `RequestExt`, `RequestPartsExt`
[INFO] [stdout]   --> src/web/mw_auth.rs:10:12
[INFO] [stdout]    |
[INFO] [stdout] 10 | use axum::{RequestExt, RequestPartsExt};
[INFO] [stdout]    |            ^^^^^^^^^^  ^^^^^^^^^^^^^^^
[INFO] [stdout] 
[INFO] [stdout] 
[INFO] [stdout] warning: unused import: `Error`
[INFO] [stdout]  --> src/web/routes_tickets.rs:3:13
[INFO] [stdout]   |
[INFO] [stdout] 3 | use crate::{Error, Result};
[INFO] [stdout]   |             ^^^^^
[INFO] [stdout] 
[INFO] [stdout] 
[INFO] [stdout] warning: unused import: `get`
[INFO] [stdout]  --> src/web/routes_tickets.rs:5:29
[INFO] [stdout]   |
[INFO] [stdout] 5 | use axum::routing::{delete, get, post};
[INFO] [stdout]   |                             ^^^
[INFO] [stdout] 
[INFO] [stdout] 
[INFO] [stdout] warning: unused variable: `tc`
[INFO] [stdout]   --> src/web/routes_tickets.rs:27:11
[INFO] [stdout]    |
[INFO] [stdout] 27 |     State(tc): State<String>,
[INFO] [stdout]    |           ^^ help: if this is intentional, prefix it with an underscore: `_tc`
[INFO] [stdout]    |
[INFO] [stdout]    = note: `#[warn(unused_variables)]` on by default
[INFO] [stdout] 
[INFO] [stdout] 
[INFO] [stdout] warning: unused variable: `tc`
[INFO] [stdout]   --> src/web/routes_tickets.rs:27:11
[INFO] [stdout]    |
[INFO] [stdout] 27 |     State(tc): State<String>,
[INFO] [stdout]    |           ^^ help: if this is intentional, prefix it with an underscore: `_tc`
[INFO] [stdout]    |
[INFO] [stdout]    = note: `#[warn(unused_variables)]` on by default
[INFO] [stdout] 
[INFO] [stdout] 
[INFO] [stdout] warning: unused `std::result::Result` that must be used
[INFO] [stdout]   --> src/main.rs:89:5
[INFO] [stdout]    |
[INFO] [stdout] 89 |     log_request(uuid, req_method, uri, ctx, server_error, client_error).await;
[INFO] [stdout]    |     ^^^^^^^^^^^^^^^^^^^^^^^^^^^^^^^^^^^^^^^^^^^^^^^^^^^^^^^^^^^^^^^^^^^^^^^^^
[INFO] [stdout]    |
[INFO] [stdout]    = note: this `Result` may be an `Err` variant, which should be handled
[INFO] [stdout]    = note: `#[warn(unused_must_use)]` on by default
[INFO] [stdout] help: use `let _ = ...` to ignore the resulting value
[INFO] [stdout]    |
[INFO] [stdout] 89 |     let _ = log_request(uuid, req_method, uri, ctx, server_error, client_error).await;
[INFO] [stdout]    |     +++++++
[INFO] [stdout] 
[INFO] [stdout] 
[INFO] [stdout] warning: unused `std::result::Result` that must be used
[INFO] [stdout]   --> src/main.rs:89:5
[INFO] [stdout]    |
[INFO] [stdout] 89 |     log_request(uuid, req_method, uri, ctx, server_error, client_error).await;
[INFO] [stdout]    |     ^^^^^^^^^^^^^^^^^^^^^^^^^^^^^^^^^^^^^^^^^^^^^^^^^^^^^^^^^^^^^^^^^^^^^^^^^
[INFO] [stdout]    |
[INFO] [stdout]    = note: this `Result` may be an `Err` variant, which should be handled
[INFO] [stdout]    = note: `#[warn(unused_must_use)]` on by default
[INFO] [stdout] help: use `let _ = ...` to ignore the resulting value
[INFO] [stdout]    |
[INFO] [stdout] 89 |     let _ = log_request(uuid, req_method, uri, ctx, server_error, client_error).await;
[INFO] [stdout]    |     +++++++
[INFO] [stdout] 
[INFO] [stdout] 
[INFO] [stdout] warning: 7 warnings emitted
[INFO] [stdout] 
[INFO] [stdout] 
[INFO] [stdout] warning: 7 warnings emitted
[INFO] [stdout] 
[INFO] [stdout] 
[INFO] [stderr]     Finished test [unoptimized + debuginfo] target(s) in 23.21s
[INFO] running `Command { std: "docker" "inspect" "999c9773bf2bf3b368da18bbfc99e3c9452110ecb6fe8d96a08de2f146b87dfd", kill_on_drop: false }`
[INFO] running `Command { std: "docker" "rm" "-f" "999c9773bf2bf3b368da18bbfc99e3c9452110ecb6fe8d96a08de2f146b87dfd", kill_on_drop: false }`
[INFO] [stdout] 999c9773bf2bf3b368da18bbfc99e3c9452110ecb6fe8d96a08de2f146b87dfd
[INFO] running `Command { std: "docker" "create" "-v" "/var/lib/crater-agent-workspace/builds/worker-4-tc2/target:/opt/rustwide/target:rw,Z" "-v" "/var/lib/crater-agent-workspace/builds/worker-4-tc2/source:/opt/rustwide/workdir:ro,Z" "-v" "/var/lib/crater-agent-workspace/cargo-home:/opt/rustwide/cargo-home:ro,Z" "-v" "/var/lib/crater-agent-workspace/rustup-home:/opt/rustwide/rustup-home:ro,Z" "-e" "SOURCE_DIR=/opt/rustwide/workdir" "-e" "CARGO_TARGET_DIR=/opt/rustwide/target" "-e" "CARGO_INCREMENTAL=0" "-e" "RUST_BACKTRACE=full" "-e" "RUSTFLAGS=--cap-lints=warn" "-e" "RUSTDOCFLAGS=--cap-lints=warn" "-e" "CARGO_HOME=/opt/rustwide/cargo-home" "-e" "RUSTUP_HOME=/opt/rustwide/rustup-home" "-w" "/opt/rustwide/workdir" "-m" "1610612736" "--user" "0:0" "--network" "none" "ghcr.io/rust-lang/crates-build-env/linux@sha256:2788e3201cd34a07e3172128adcd8b3090168a8e3bcc40d7c032b9dda1df7d1c" "/opt/rustwide/cargo-home/bin/cargo" "+beta-2023-12-22" "test" "--frozen", kill_on_drop: false }`
[INFO] [stdout] f05f5f42ed1c92ed1fa6936d519746e16bbbe5a2f945d02aa12b83ef75253b4b
[INFO] running `Command { std: "docker" "start" "-a" "f05f5f42ed1c92ed1fa6936d519746e16bbbe5a2f945d02aa12b83ef75253b4b", kill_on_drop: false }`
[INFO] [stderr] warning: unused import: `status`
[INFO] [stderr]  --> src/main.rs:9:18
[INFO] [stderr]   |
[INFO] [stderr] 9 | use axum::http::{status, Method, Uri};
[INFO] [stderr]   |                  ^^^^^^
[INFO] [stderr]   |
[INFO] [stderr]   = note: `#[warn(unused_imports)]` on by default
[INFO] [stderr] 
[INFO] [stderr] warning: unused import: `extract::State`
[INFO] [stderr]  --> src/error.rs:2:5
[INFO] [stderr]   |
[INFO] [stderr] 2 |     extract::State,
[INFO] [stderr]   |     ^^^^^^^^^^^^^^
[INFO] [stderr] 
[INFO] [stderr] warning: unused imports: `RequestExt`, `RequestPartsExt`
[INFO] [stderr]   --> src/web/mw_auth.rs:10:12
[INFO] [stderr]    |
[INFO] [stderr] 10 | use axum::{RequestExt, RequestPartsExt};
[INFO] [stderr]    |            ^^^^^^^^^^  ^^^^^^^^^^^^^^^
[INFO] [stderr] 
[INFO] [stderr] warning: unused import: `Error`
[INFO] [stderr]  --> src/web/routes_tickets.rs:3:13
[INFO] [stderr]   |
[INFO] [stderr] 3 | use crate::{Error, Result};
[INFO] [stderr]   |             ^^^^^
[INFO] [stderr] 
[INFO] [stderr] warning: unused import: `get`
[INFO] [stderr]  --> src/web/routes_tickets.rs:5:29
[INFO] [stderr]   |
[INFO] [stderr] 5 | use axum::routing::{delete, get, post};
[INFO] [stderr]   |                             ^^^
[INFO] [stderr] 
[INFO] [stderr] warning: unused variable: `tc`
[INFO] [stderr]   --> src/web/routes_tickets.rs:27:11
[INFO] [stderr]    |
[INFO] [stderr] 27 |     State(tc): State<String>,
[INFO] [stderr]    |           ^^ help: if this is intentional, prefix it with an underscore: `_tc`
[INFO] [stderr]    |
[INFO] [stderr]    = note: `#[warn(unused_variables)]` on by default
[INFO] [stderr] 
[INFO] [stderr] warning: unused `std::result::Result` that must be used
[INFO] [stderr]   --> src/main.rs:89:5
[INFO] [stderr]    |
[INFO] [stderr] 89 |     log_request(uuid, req_method, uri, ctx, server_error, client_error).await;
[INFO] [stderr]    |     ^^^^^^^^^^^^^^^^^^^^^^^^^^^^^^^^^^^^^^^^^^^^^^^^^^^^^^^^^^^^^^^^^^^^^^^^^
[INFO] [stderr]    |
[INFO] [stderr]    = note: this `Result` may be an `Err` variant, which should be handled
[INFO] [stderr]    = note: `#[warn(unused_must_use)]` on by default
[INFO] [stderr] help: use `let _ = ...` to ignore the resulting value
[INFO] [stderr]    |
[INFO] [stderr] 89 |     let _ = log_request(uuid, req_method, uri, ctx, server_error, client_error).await;
[INFO] [stderr]    |     +++++++
[INFO] [stderr] 
[INFO] [stderr] warning: `axum-learn` (bin "axum-learn") generated 7 warnings (run `cargo fix --bin "axum-learn"` to apply 6 suggestions)
[INFO] [stderr] warning: `axum-learn` (bin "axum-learn" test) generated 7 warnings (7 duplicates)
[INFO] [stderr]     Finished test [unoptimized + debuginfo] target(s) in 0.28s
[INFO] [stderr]      Running unittests src/main.rs (/opt/rustwide/target/debug/deps/axum_learn-324dcccacca8b27d)
[INFO] [stdout] 
[INFO] [stdout] running 0 tests
[INFO] [stdout] 
[INFO] [stdout] test result: ok. 0 passed; 0 failed; 0 ignored; 0 measured; 0 filtered out; finished in 0.00s
[INFO] [stdout] 
[INFO] [stderr]      Running tests/quick_dev.rs (/opt/rustwide/target/debug/deps/quick_dev-b5a8794de0a9a97d)
[INFO] [stdout] 
[INFO] [stdout] running 1 test
[INFO] [stdout] test quick_dev ... FAILED
[INFO] [stdout] 
[INFO] [stdout] failures:
[INFO] [stdout] 
[INFO] [stdout] ---- quick_dev stdout ----
[INFO] [stdout] Error: error sending request for url (http://localhost:8080/hello2/Mike): error trying to connect: tcp connect error: Cannot assign requested address (os error 99)
[INFO] [stdout] 
[INFO] [stdout] Caused by:
[INFO] [stdout]     0: error trying to connect: tcp connect error: Cannot assign requested address (os error 99)
[INFO] [stdout]     1: tcp connect error: Cannot assign requested address (os error 99)
[INFO] [stdout]     2: Cannot assign requested address (os error 99)
[INFO] [stdout] 
[INFO] [stdout] 
[INFO] [stdout] failures:
[INFO] [stdout]     quick_dev
[INFO] [stdout] 
[INFO] [stdout] test result: FAILED. 0 passed; 1 failed; 0 ignored; 0 measured; 0 filtered out; finished in 0.14s
[INFO] [stdout] 
[INFO] [stderr] error: test failed, to rerun pass `--test quick_dev`
[INFO] running `Command { std: "docker" "inspect" "f05f5f42ed1c92ed1fa6936d519746e16bbbe5a2f945d02aa12b83ef75253b4b", kill_on_drop: false }`
[INFO] running `Command { std: "docker" "rm" "-f" "f05f5f42ed1c92ed1fa6936d519746e16bbbe5a2f945d02aa12b83ef75253b4b", kill_on_drop: false }`
[INFO] [stdout] f05f5f42ed1c92ed1fa6936d519746e16bbbe5a2f945d02aa12b83ef75253b4b
