[INFO] cloning repository https://github.com/ahenshaw/aoc2023
[INFO] running `Command { std: "git" "-c" "credential.helper=" "-c" "credential.helper=/workspace/cargo-home/bin/git-credential-null" "clone" "--bare" "https://github.com/ahenshaw/aoc2023" "/workspace/cache/git-repos/https%3A%2F%2Fgithub.com%2Fahenshaw%2Faoc2023", kill_on_drop: false }`
[INFO] [stderr] Cloning into bare repository '/workspace/cache/git-repos/https%3A%2F%2Fgithub.com%2Fahenshaw%2Faoc2023'...
[INFO] running `Command { std: "git" "rev-parse" "HEAD", kill_on_drop: false }`
[INFO] [stdout] eaa06f5cd54b3bc03d32f8bcb48d0988833f4699
[INFO] testing ahenshaw/aoc2023 against 1.75.0 for beta-1.76-1
[INFO] running `Command { std: "git" "clone" "/workspace/cache/git-repos/https%3A%2F%2Fgithub.com%2Fahenshaw%2Faoc2023" "/workspace/builds/worker-7-tc1/source", kill_on_drop: false }`
[INFO] [stderr] Cloning into '/workspace/builds/worker-7-tc1/source'...
[INFO] [stderr] done.
[INFO] validating manifest of git repo https://github.com/ahenshaw/aoc2023 on toolchain 1.75.0
[INFO] running `Command { std: CARGO_HOME="/workspace/cargo-home" RUSTUP_HOME="/workspace/rustup-home" "/workspace/cargo-home/bin/cargo" "+1.75.0" "metadata" "--manifest-path" "Cargo.toml" "--no-deps", kill_on_drop: false }`
[INFO] removed /workspace/builds/worker-7-tc1/source/.cargo/config.toml
[INFO] started tweaking git repo https://github.com/ahenshaw/aoc2023
[INFO] finished tweaking git repo https://github.com/ahenshaw/aoc2023
[INFO] tweaked toml for git repo https://github.com/ahenshaw/aoc2023 written to /workspace/builds/worker-7-tc1/source/Cargo.toml
[INFO] crate git repo https://github.com/ahenshaw/aoc2023 already has a lockfile, it will not be regenerated
[INFO] running `Command { std: CARGO_HOME="/workspace/cargo-home" RUSTUP_HOME="/workspace/rustup-home" "/workspace/cargo-home/bin/cargo" "+1.75.0" "fetch" "--manifest-path" "Cargo.toml", kill_on_drop: false }`
[INFO] [stderr]     Updating crates.io index
[INFO] [stderr]  Downloading crates ...
[INFO] [stderr]   Downloaded brownstone v1.1.0
[INFO] [stderr]   Downloaded grid v0.12.0
[INFO] [stderr]   Downloaded counter v0.5.7
[INFO] [stderr]   Downloaded prse v1.0.3
[INFO] [stderr]   Downloaded gridly_grids v0.5.0
[INFO] [stderr]   Downloaded prse-derive v1.0.3
[INFO] [stderr]   Downloaded gridly v0.9.1
[INFO] running `Command { std: "docker" "create" "-v" "/var/lib/crater-agent-workspace/builds/worker-7-tc1/target:/opt/rustwide/target:rw,Z" "-v" "/var/lib/crater-agent-workspace/builds/worker-7-tc1/source:/opt/rustwide/workdir:ro,Z" "-v" "/var/lib/crater-agent-workspace/cargo-home:/opt/rustwide/cargo-home:ro,Z" "-v" "/var/lib/crater-agent-workspace/rustup-home:/opt/rustwide/rustup-home:ro,Z" "-e" "SOURCE_DIR=/opt/rustwide/workdir" "-e" "CARGO_TARGET_DIR=/opt/rustwide/target" "-e" "CARGO_HOME=/opt/rustwide/cargo-home" "-e" "RUSTUP_HOME=/opt/rustwide/rustup-home" "-w" "/opt/rustwide/workdir" "-m" "1610612736" "--user" "0:0" "--network" "none" "ghcr.io/rust-lang/crates-build-env/linux@sha256:2788e3201cd34a07e3172128adcd8b3090168a8e3bcc40d7c032b9dda1df7d1c" "/opt/rustwide/cargo-home/bin/cargo" "+1.75.0" "metadata" "--no-deps" "--format-version=1", kill_on_drop: false }`
[INFO] [stdout] 720c5f36b948f5396f57a581a83a973c58acb79a096d1f36451a05070e819338
[INFO] running `Command { std: "docker" "start" "-a" "720c5f36b948f5396f57a581a83a973c58acb79a096d1f36451a05070e819338", kill_on_drop: false }`
[INFO] running `Command { std: "docker" "inspect" "720c5f36b948f5396f57a581a83a973c58acb79a096d1f36451a05070e819338", kill_on_drop: false }`
[INFO] running `Command { std: "docker" "rm" "-f" "720c5f36b948f5396f57a581a83a973c58acb79a096d1f36451a05070e819338", kill_on_drop: false }`
[INFO] [stdout] 720c5f36b948f5396f57a581a83a973c58acb79a096d1f36451a05070e819338
[INFO] running `Command { std: "docker" "create" "-v" "/var/lib/crater-agent-workspace/builds/worker-7-tc1/target:/opt/rustwide/target:rw,Z" "-v" "/var/lib/crater-agent-workspace/builds/worker-7-tc1/source:/opt/rustwide/workdir:ro,Z" "-v" "/var/lib/crater-agent-workspace/cargo-home:/opt/rustwide/cargo-home:ro,Z" "-v" "/var/lib/crater-agent-workspace/rustup-home:/opt/rustwide/rustup-home:ro,Z" "-e" "SOURCE_DIR=/opt/rustwide/workdir" "-e" "CARGO_TARGET_DIR=/opt/rustwide/target" "-e" "CARGO_INCREMENTAL=0" "-e" "RUST_BACKTRACE=full" "-e" "RUSTFLAGS=--cap-lints=warn" "-e" "RUSTDOCFLAGS=--cap-lints=warn" "-e" "CARGO_HOME=/opt/rustwide/cargo-home" "-e" "RUSTUP_HOME=/opt/rustwide/rustup-home" "-w" "/opt/rustwide/workdir" "-m" "1610612736" "--user" "0:0" "--network" "none" "ghcr.io/rust-lang/crates-build-env/linux@sha256:2788e3201cd34a07e3172128adcd8b3090168a8e3bcc40d7c032b9dda1df7d1c" "/opt/rustwide/cargo-home/bin/cargo" "+1.75.0" "build" "--frozen" "--message-format=json", kill_on_drop: false }`
[INFO] [stdout] a5654223601a08f844a978de64ebed914010b3a392cad68d2a6d9f6d68506b23
[INFO] running `Command { std: "docker" "start" "-a" "a5654223601a08f844a978de64ebed914010b3a392cad68d2a6d9f6d68506b23", kill_on_drop: false }`
[INFO] [stderr]    Compiling proc-macro2 v1.0.70
[INFO] [stderr]    Compiling unicode-ident v1.0.12
[INFO] [stderr]    Compiling syn v1.0.109
[INFO] [stderr]    Compiling version_check v0.9.4
[INFO] [stderr]    Compiling fnv v1.0.7
[INFO] [stderr]    Compiling strsim v0.10.0
[INFO] [stderr]    Compiling ident_case v1.0.1
[INFO] [stderr]    Compiling either v1.9.0
[INFO] [stderr]    Compiling cfg-if v1.0.0
[INFO] [stderr]    Compiling autocfg v1.1.0
[INFO] [stderr]    Compiling thiserror v1.0.50
[INFO] [stderr]    Compiling zerocopy v0.7.30
[INFO] [stderr]    Compiling memchr v2.6.4
[INFO] [stderr]    Compiling once_cell v1.19.0
[INFO] [stderr]    Compiling allocator-api2 v0.2.16
[INFO] [stderr]    Compiling arrayvec v0.7.4
[INFO] [stderr]    Compiling regex-syntax v0.8.2
[INFO] [stderr]    Compiling instant v0.1.12
[INFO] [stderr]    Compiling gridly v0.9.1
[INFO] [stderr]    Compiling cached_proc_macro_types v0.1.0
[INFO] [stderr]    Compiling pico-args v0.5.0
[INFO] [stderr]    Compiling itertools v0.11.0
[INFO] [stderr]    Compiling itertools v0.12.0
[INFO] [stderr]    Compiling brownstone v1.1.0
[INFO] [stderr]    Compiling grid v0.12.0
[INFO] [stderr]    Compiling ahash v0.8.6
[INFO] [stderr]    Compiling num-traits v0.2.17
[INFO] [stderr]    Compiling gridly_grids v0.5.0
[INFO] [stderr]    Compiling aho-corasick v1.1.2
[INFO] [stderr]    Compiling hashbrown v0.14.3
[INFO] [stderr]    Compiling quote v1.0.33
[INFO] [stderr]    Compiling syn v2.0.39
[INFO] [stderr]    Compiling counter v0.5.7
[INFO] [stderr]    Compiling regex-automata v0.4.3
[INFO] [stderr]    Compiling thiserror-impl v1.0.50
[INFO] [stderr]    Compiling prse-derive v1.0.3
[INFO] [stderr]    Compiling darling_core v0.14.4
[INFO] [stderr]    Compiling prse v1.0.3
[INFO] [stderr]    Compiling regex v1.10.2
[INFO] [stderr]    Compiling darling_macro v0.14.4
[INFO] [stderr]    Compiling darling v0.14.4
[INFO] [stderr]    Compiling cached_proc_macro v0.18.1
[INFO] [stderr]    Compiling cached v0.46.1
[INFO] [stderr]    Compiling advent_of_code v0.9.0 (/opt/rustwide/workdir)
[INFO] [stdout] warning: unused variable: `cycle_detector`
[INFO] [stdout]   --> src/bin/14.rs:75:13
[INFO] [stdout]    |
[INFO] [stdout] 75 |     let mut cycle_detector = CycleDetector::new();
[INFO] [stdout]    |             ^^^^^^^^^^^^^^ help: if this is intentional, prefix it with an underscore: `_cycle_detector`
[INFO] [stdout]    |
[INFO] [stdout]    = note: `#[warn(unused_variables)]` on by default
[INFO] [stdout] 
[INFO] [stdout] 
[INFO] [stdout] warning: variable does not need to be mutable
[INFO] [stdout]   --> src/bin/14.rs:75:9
[INFO] [stdout]    |
[INFO] [stdout] 75 |     let mut cycle_detector = CycleDetector::new();
[INFO] [stdout]    |         ----^^^^^^^^^^^^^^
[INFO] [stdout]    |         |
[INFO] [stdout]    |         help: remove this `mut`
[INFO] [stdout]    |
[INFO] [stdout]    = note: `#[warn(unused_mut)]` on by default
[INFO] [stdout] 
[INFO] [stdout] 
[INFO] [stdout] warning: methods `add` and `get` are never used
[INFO] [stdout]   --> src/bin/14.rs:57:8
[INFO] [stdout]    |
[INFO] [stdout] 52 | impl CycleDetector {
[INFO] [stdout]    | ------------------ methods in this implementation
[INFO] [stdout] ...
[INFO] [stdout] 57 |     fn add(&mut self, item: &Platform) -> Option<usize> {
[INFO] [stdout]    |        ^^^
[INFO] [stdout] ...
[INFO] [stdout] 65 |     fn get(&mut self, index: usize) -> Platform {
[INFO] [stdout]    |        ^^^
[INFO] [stdout]    |
[INFO] [stdout]    = note: `#[warn(dead_code)]` on by default
[INFO] [stdout] 
[INFO] [stdout] 
[INFO] [stdout] warning: 3 warnings emitted
[INFO] [stdout] 
[INFO] [stdout] 
[INFO] [stderr]     Finished dev [unoptimized + debuginfo] target(s) in 7.23s
[INFO] running `Command { std: "docker" "inspect" "a5654223601a08f844a978de64ebed914010b3a392cad68d2a6d9f6d68506b23", kill_on_drop: false }`
[INFO] running `Command { std: "docker" "rm" "-f" "a5654223601a08f844a978de64ebed914010b3a392cad68d2a6d9f6d68506b23", kill_on_drop: false }`
[INFO] [stdout] a5654223601a08f844a978de64ebed914010b3a392cad68d2a6d9f6d68506b23
[INFO] running `Command { std: "docker" "create" "-v" "/var/lib/crater-agent-workspace/builds/worker-7-tc1/target:/opt/rustwide/target:rw,Z" "-v" "/var/lib/crater-agent-workspace/builds/worker-7-tc1/source:/opt/rustwide/workdir:ro,Z" "-v" "/var/lib/crater-agent-workspace/cargo-home:/opt/rustwide/cargo-home:ro,Z" "-v" "/var/lib/crater-agent-workspace/rustup-home:/opt/rustwide/rustup-home:ro,Z" "-e" "SOURCE_DIR=/opt/rustwide/workdir" "-e" "CARGO_TARGET_DIR=/opt/rustwide/target" "-e" "CARGO_INCREMENTAL=0" "-e" "RUST_BACKTRACE=full" "-e" "RUSTFLAGS=--cap-lints=warn" "-e" "RUSTDOCFLAGS=--cap-lints=warn" "-e" "CARGO_HOME=/opt/rustwide/cargo-home" "-e" "RUSTUP_HOME=/opt/rustwide/rustup-home" "-w" "/opt/rustwide/workdir" "-m" "1610612736" "--user" "0:0" "--network" "none" "ghcr.io/rust-lang/crates-build-env/linux@sha256:2788e3201cd34a07e3172128adcd8b3090168a8e3bcc40d7c032b9dda1df7d1c" "/opt/rustwide/cargo-home/bin/cargo" "+1.75.0" "test" "--frozen" "--no-run" "--message-format=json", kill_on_drop: false }`
[INFO] [stdout] 82e71e8b8868411e5da1e0ab0da1a993b25f6a1ebd9e99cfea21131a9af0dc8a
[INFO] running `Command { std: "docker" "start" "-a" "82e71e8b8868411e5da1e0ab0da1a993b25f6a1ebd9e99cfea21131a9af0dc8a", kill_on_drop: false }`
[INFO] [stderr]    Compiling advent_of_code v0.9.0 (/opt/rustwide/workdir)
[INFO] [stdout] warning: unused variable: `cycle_detector`
[INFO] [stdout]   --> src/bin/14.rs:75:13
[INFO] [stdout]    |
[INFO] [stdout] 75 |     let mut cycle_detector = CycleDetector::new();
[INFO] [stdout]    |             ^^^^^^^^^^^^^^ help: if this is intentional, prefix it with an underscore: `_cycle_detector`
[INFO] [stdout]    |
[INFO] [stdout]    = note: `#[warn(unused_variables)]` on by default
[INFO] [stdout] 
[INFO] [stdout] 
[INFO] [stdout] warning: variable does not need to be mutable
[INFO] [stdout]   --> src/bin/14.rs:75:9
[INFO] [stdout]    |
[INFO] [stdout] 75 |     let mut cycle_detector = CycleDetector::new();
[INFO] [stdout]    |         ----^^^^^^^^^^^^^^
[INFO] [stdout]    |         |
[INFO] [stdout]    |         help: remove this `mut`
[INFO] [stdout]    |
[INFO] [stdout]    = note: `#[warn(unused_mut)]` on by default
[INFO] [stdout] 
[INFO] [stdout] 
[INFO] [stdout] warning: methods `add` and `get` are never used
[INFO] [stdout]   --> src/bin/14.rs:57:8
[INFO] [stdout]    |
[INFO] [stdout] 52 | impl CycleDetector {
[INFO] [stdout]    | ------------------ methods in this implementation
[INFO] [stdout] ...
[INFO] [stdout] 57 |     fn add(&mut self, item: &Platform) -> Option<usize> {
[INFO] [stdout]    |        ^^^
[INFO] [stdout] ...
[INFO] [stdout] 65 |     fn get(&mut self, index: usize) -> Platform {
[INFO] [stdout]    |        ^^^
[INFO] [stdout]    |
[INFO] [stdout]    = note: `#[warn(dead_code)]` on by default
[INFO] [stdout] 
[INFO] [stdout] 
[INFO] [stdout] warning: 3 warnings emitted
[INFO] [stdout] 
[INFO] [stdout] 
[INFO] [stderr]     Finished test [unoptimized + debuginfo] target(s) in 1.35s
[INFO] running `Command { std: "docker" "inspect" "82e71e8b8868411e5da1e0ab0da1a993b25f6a1ebd9e99cfea21131a9af0dc8a", kill_on_drop: false }`
[INFO] running `Command { std: "docker" "rm" "-f" "82e71e8b8868411e5da1e0ab0da1a993b25f6a1ebd9e99cfea21131a9af0dc8a", kill_on_drop: false }`
[INFO] [stdout] 82e71e8b8868411e5da1e0ab0da1a993b25f6a1ebd9e99cfea21131a9af0dc8a
[INFO] running `Command { std: "docker" "create" "-v" "/var/lib/crater-agent-workspace/builds/worker-7-tc1/target:/opt/rustwide/target:rw,Z" "-v" "/var/lib/crater-agent-workspace/builds/worker-7-tc1/source:/opt/rustwide/workdir:ro,Z" "-v" "/var/lib/crater-agent-workspace/cargo-home:/opt/rustwide/cargo-home:ro,Z" "-v" "/var/lib/crater-agent-workspace/rustup-home:/opt/rustwide/rustup-home:ro,Z" "-e" "SOURCE_DIR=/opt/rustwide/workdir" "-e" "CARGO_TARGET_DIR=/opt/rustwide/target" "-e" "CARGO_INCREMENTAL=0" "-e" "RUST_BACKTRACE=full" "-e" "RUSTFLAGS=--cap-lints=warn" "-e" "RUSTDOCFLAGS=--cap-lints=warn" "-e" "CARGO_HOME=/opt/rustwide/cargo-home" "-e" "RUSTUP_HOME=/opt/rustwide/rustup-home" "-w" "/opt/rustwide/workdir" "-m" "1610612736" "--user" "0:0" "--network" "none" "ghcr.io/rust-lang/crates-build-env/linux@sha256:2788e3201cd34a07e3172128adcd8b3090168a8e3bcc40d7c032b9dda1df7d1c" "/opt/rustwide/cargo-home/bin/cargo" "+1.75.0" "test" "--frozen", kill_on_drop: false }`
[INFO] [stdout] 64bb538626d24abca4068613ed628a8fc78651d28a47cc7b3e406e35dde79cd9
[INFO] running `Command { std: "docker" "start" "-a" "64bb538626d24abca4068613ed628a8fc78651d28a47cc7b3e406e35dde79cd9", kill_on_drop: false }`
[INFO] [stderr] warning: unused variable: `cycle_detector`
[INFO] [stderr]   --> src/bin/14.rs:75:13
[INFO] [stderr]    |
[INFO] [stderr] 75 |     let mut cycle_detector = CycleDetector::new();
[INFO] [stderr]    |             ^^^^^^^^^^^^^^ help: if this is intentional, prefix it with an underscore: `_cycle_detector`
[INFO] [stderr]    |
[INFO] [stderr]    = note: `#[warn(unused_variables)]` on by default
[INFO] [stderr] 
[INFO] [stderr] warning: variable does not need to be mutable
[INFO] [stderr]   --> src/bin/14.rs:75:9
[INFO] [stderr]    |
[INFO] [stderr] 75 |     let mut cycle_detector = CycleDetector::new();
[INFO] [stderr]    |         ----^^^^^^^^^^^^^^
[INFO] [stderr]    |         |
[INFO] [stderr]    |         help: remove this `mut`
[INFO] [stderr]    |
[INFO] [stderr]    = note: `#[warn(unused_mut)]` on by default
[INFO] [stderr] 
[INFO] [stderr] warning: methods `add` and `get` are never used
[INFO] [stderr]   --> src/bin/14.rs:57:8
[INFO] [stderr]    |
[INFO] [stderr] 52 | impl CycleDetector {
[INFO] [stderr]    | ------------------ methods in this implementation
[INFO] [stderr] ...
[INFO] [stderr] 57 |     fn add(&mut self, item: &Platform) -> Option<usize> {
[INFO] [stderr]    |        ^^^
[INFO] [stderr] ...
[INFO] [stderr] 65 |     fn get(&mut self, index: usize) -> Platform {
[INFO] [stderr]    |        ^^^
[INFO] [stderr]    |
[INFO] [stderr]    = note: `#[warn(dead_code)]` on by default
[INFO] [stderr] 
[INFO] [stderr] warning: `advent_of_code` (bin "14" test) generated 3 warnings (run `cargo fix --bin "14" --tests` to apply 2 suggestions)
[INFO] [stderr]     Finished test [unoptimized + debuginfo] target(s) in 0.03s
[INFO] [stderr]      Running unittests src/lib.rs (/opt/rustwide/target/debug/deps/advent_of_code-0858a29587904b75)
[INFO] [stdout] 
[INFO] [stdout] running 0 tests
[INFO] [stdout] 
[INFO] [stdout] test result: ok. 0 passed; 0 failed; 0 ignored; 0 measured; 0 filtered out; finished in 0.00s
[INFO] [stdout] 
[INFO] [stderr]      Running unittests src/bin/01.rs (/opt/rustwide/target/debug/deps/01-37826f4dc0d1808b)
[INFO] [stdout] 
[INFO] [stdout] running 2 tests
[INFO] [stdout] test tests::test_part_one ... ok
[INFO] [stdout] test tests::test_part_two ... ok
[INFO] [stdout] 
[INFO] [stdout] test result: ok. 2 passed; 0 failed; 0 ignored; 0 measured; 0 filtered out; finished in 0.00s
[INFO] [stdout] 
[INFO] [stderr]      Running unittests src/bin/02.rs (/opt/rustwide/target/debug/deps/02-1645923b7b55c314)
[INFO] [stdout] 
[INFO] [stdout] running 2 tests
[INFO] [stdout] test tests::test_part_one ... ok
[INFO] [stdout] test tests::test_part_two ... ok
[INFO] [stdout] 
[INFO] [stdout] test result: ok. 2 passed; 0 failed; 0 ignored; 0 measured; 0 filtered out; finished in 0.00s
[INFO] [stdout] 
[INFO] [stderr]      Running unittests src/bin/03.rs (/opt/rustwide/target/debug/deps/03-4d8642e65e064f0f)
[INFO] [stdout] 
[INFO] [stdout] running 2 tests
[INFO] [stdout] test tests::test_part_two ... ok
[INFO] [stdout] test tests::test_part_one ... ok
[INFO] [stdout] 
[INFO] [stdout] test result: ok. 2 passed; 0 failed; 0 ignored; 0 measured; 0 filtered out; finished in 0.00s
[INFO] [stdout] 
[INFO] [stderr]      Running unittests src/bin/04.rs (/opt/rustwide/target/debug/deps/04-647729d0212882b6)
[INFO] [stdout] 
[INFO] [stdout] running 2 tests
[INFO] [stdout] test tests::test_part_one ... ok
[INFO] [stdout] test tests::test_part_two ... ok
[INFO] [stdout] 
[INFO] [stdout] test result: ok. 2 passed; 0 failed; 0 ignored; 0 measured; 0 filtered out; finished in 0.00s
[INFO] [stdout] 
[INFO] [stderr]      Running unittests src/bin/05.rs (/opt/rustwide/target/debug/deps/05-0cdd1f5a84605a7a)
[INFO] [stdout] 
[INFO] [stdout] running 2 tests
[INFO] [stdout] test tests::test_part_one ... ok
[INFO] [stdout] test tests::test_part_two ... ok
[INFO] [stdout] 
[INFO] [stdout] test result: ok. 2 passed; 0 failed; 0 ignored; 0 measured; 0 filtered out; finished in 0.00s
[INFO] [stdout] 
[INFO] [stderr]      Running unittests src/bin/06.rs (/opt/rustwide/target/debug/deps/06-e46955402dc22e48)
[INFO] [stdout] 
[INFO] [stdout] running 2 tests
[INFO] [stdout] test tests::test_part_one ... ok
[INFO] [stdout] test tests::test_part_two ... ok
[INFO] [stdout] 
[INFO] [stdout] test result: ok. 2 passed; 0 failed; 0 ignored; 0 measured; 0 filtered out; finished in 0.00s
[INFO] [stdout] 
[INFO] [stderr]      Running unittests src/bin/07.rs (/opt/rustwide/target/debug/deps/07-d30cb38d7031e66b)
[INFO] [stdout] 
[INFO] [stdout] running 2 tests
[INFO] [stdout] test tests::test_part_one ... ok
[INFO] [stdout] test tests::test_part_two ... ok
[INFO] [stdout] 
[INFO] [stdout] test result: ok. 2 passed; 0 failed; 0 ignored; 0 measured; 0 filtered out; finished in 0.00s
[INFO] [stdout] 
[INFO] [stderr]      Running unittests src/bin/08.rs (/opt/rustwide/target/debug/deps/08-29027d3190809e3a)
[INFO] [stdout] 
[INFO] [stdout] running 2 tests
[INFO] [stdout] test tests::test_part_one ... ok
[INFO] [stdout] test tests::test_part_two ... ok
[INFO] [stdout] 
[INFO] [stdout] test result: ok. 2 passed; 0 failed; 0 ignored; 0 measured; 0 filtered out; finished in 0.00s
[INFO] [stdout] 
[INFO] [stderr]      Running unittests src/bin/09.rs (/opt/rustwide/target/debug/deps/09-574ed280b9d43fd2)
[INFO] [stdout] 
[INFO] [stdout] running 2 tests
[INFO] [stdout] test tests::test_part_one ... ok
[INFO] [stdout] test tests::test_part_two ... ok
[INFO] [stdout] 
[INFO] [stdout] test result: ok. 2 passed; 0 failed; 0 ignored; 0 measured; 0 filtered out; finished in 0.00s
[INFO] [stdout] 
[INFO] [stderr]      Running unittests src/bin/10.rs (/opt/rustwide/target/debug/deps/10-d6da309dd0b2521b)
[INFO] [stdout] 
[INFO] [stdout] running 2 tests
[INFO] [stdout] test tests::test_part_one ... ok
[INFO] [stdout] test tests::test_part_two ... ok
[INFO] [stdout] 
[INFO] [stdout] test result: ok. 2 passed; 0 failed; 0 ignored; 0 measured; 0 filtered out; finished in 0.00s
[INFO] [stdout] 
[INFO] [stderr]      Running unittests src/bin/11.rs (/opt/rustwide/target/debug/deps/11-143d885943c59f07)
[INFO] [stdout] 
[INFO] [stdout] running 2 tests
[INFO] [stdout] test tests::test_part_one ... ok
[INFO] [stdout] test tests::test_part_two ... ok
[INFO] [stdout] 
[INFO] [stdout] test result: ok. 2 passed; 0 failed; 0 ignored; 0 measured; 0 filtered out; finished in 0.00s
[INFO] [stdout] 
[INFO] [stderr]      Running unittests src/bin/12.rs (/opt/rustwide/target/debug/deps/12-d27a2a2d5e371a7f)
[INFO] [stdout] 
[INFO] [stdout] running 2 tests
[INFO] [stdout] test tests::test_part_one ... ok
[INFO] [stdout] test tests::test_part_two has been running for over 60 seconds
[INFO] [stdout] test tests::test_part_two ... FAILED
[INFO] [stdout] 
[INFO] [stdout] failures:
[INFO] [stdout] 
[INFO] [stdout] ---- tests::test_part_two stdout ----
[INFO] [stdout] Final: ???.### 1,1,3 1
[INFO] [stdout] Final: .??..??...?##. 1,1,3 16384
[INFO] [stdout] Final: ?#?#?#?#?#?#?#? 1,3,1,6 16
[INFO] [stdout] Final: ????.#...#... 4,1,1 16
[INFO] [stdout] Final: ????.######..#####. 1,6,5 2500
[INFO] [stdout] Final: ?###???????? 3,2,1 15570400
[INFO] [stdout] thread 'tests::test_part_two' panicked at src/bin/12.rs:123:9:
[INFO] [stdout] assertion `left == right` failed
[INFO] [stdout]   left: Some(15589317)
[INFO] [stdout]  right: Some(525152)
[INFO] [stdout] stack backtrace:
[INFO] [stdout]    0:     0x558ac5edefdc - std::backtrace_rs::backtrace::libunwind::trace::ha637c64ce894333a
[INFO] [stdout]                                at /rustc/82e1608dfa6e0b5569232559e3d385fea5a93112/library/std/src/../../backtrace/src/backtrace/libunwind.rs:104:5
[INFO] [stdout]    1:     0x558ac5edefdc - std::backtrace_rs::backtrace::trace_unsynchronized::h47f62dea28e0c88d
[INFO] [stdout]                                at /rustc/82e1608dfa6e0b5569232559e3d385fea5a93112/library/std/src/../../backtrace/src/backtrace/mod.rs:66:5
[INFO] [stdout]    2:     0x558ac5edefdc - std::sys_common::backtrace::_print_fmt::h9eef0abe20ede486
[INFO] [stdout]                                at /rustc/82e1608dfa6e0b5569232559e3d385fea5a93112/library/std/src/sys_common/backtrace.rs:67:5
[INFO] [stdout]    3:     0x558ac5edefdc - <std::sys_common::backtrace::_print::DisplayBacktrace as core::fmt::Display>::fmt::hed7f999df88cc644
[INFO] [stdout]                                at /rustc/82e1608dfa6e0b5569232559e3d385fea5a93112/library/std/src/sys_common/backtrace.rs:44:22
[INFO] [stdout]    4:     0x558ac5f09000 - core::fmt::rt::Argument::fmt::h1539a9308b8d058d
[INFO] [stdout]                                at /rustc/82e1608dfa6e0b5569232559e3d385fea5a93112/library/core/src/fmt/rt.rs:142:9
[INFO] [stdout]    5:     0x558ac5f09000 - core::fmt::write::h3a39390d8560d9c9
[INFO] [stdout]                                at /rustc/82e1608dfa6e0b5569232559e3d385fea5a93112/library/core/src/fmt/mod.rs:1120:17
[INFO] [stdout]    6:     0x558ac5edc80f - std::io::Write::write_fmt::h040b369f3a0f9cbc
[INFO] [stdout]                                at /rustc/82e1608dfa6e0b5569232559e3d385fea5a93112/library/std/src/io/mod.rs:1762:15
[INFO] [stdout]    7:     0x558ac5ededc4 - std::sys_common::backtrace::_print::h894006fb5c6f3d45
[INFO] [stdout]                                at /rustc/82e1608dfa6e0b5569232559e3d385fea5a93112/library/std/src/sys_common/backtrace.rs:47:5
[INFO] [stdout]    8:     0x558ac5ededc4 - std::sys_common::backtrace::print::h23a2d212c6fff936
[INFO] [stdout]                                at /rustc/82e1608dfa6e0b5569232559e3d385fea5a93112/library/std/src/sys_common/backtrace.rs:34:9
[INFO] [stdout]    9:     0x558ac5ee0a87 - std::panicking::default_hook::{{closure}}::h8a1d2ee00185001a
[INFO] [stdout]   10:     0x558ac5ee0773 - std::panicking::default_hook::h6038f2eba384e475
[INFO] [stdout]                                at /rustc/82e1608dfa6e0b5569232559e3d385fea5a93112/library/std/src/panicking.rs:289:9
[INFO] [stdout]   11:     0x558ac5bf8f67 - <alloc::boxed::Box<F,A> as core::ops::function::Fn<Args>>::call::h0ad024c9bdc6d768
[INFO] [stdout]                                at /rustc/82e1608dfa6e0b5569232559e3d385fea5a93112/library/alloc/src/boxed.rs:2021:9
[INFO] [stdout]   12:     0x558ac5bf8f67 - test::test_main::{{closure}}::h7500b54257359db6
[INFO] [stdout]                                at /rustc/82e1608dfa6e0b5569232559e3d385fea5a93112/library/test/src/lib.rs:138:21
[INFO] [stdout]   13:     0x558ac5ee1098 - <alloc::boxed::Box<F,A> as core::ops::function::Fn<Args>>::call::h1f8f335eaa9cfaee
[INFO] [stdout]                                at /rustc/82e1608dfa6e0b5569232559e3d385fea5a93112/library/alloc/src/boxed.rs:2021:9
[INFO] [stdout]   14:     0x558ac5ee1098 - std::panicking::rust_panic_with_hook::h2b5517d590cab22e
[INFO] [stdout]                                at /rustc/82e1608dfa6e0b5569232559e3d385fea5a93112/library/std/src/panicking.rs:783:13
[INFO] [stdout]   15:     0x558ac5ee0dee - std::panicking::begin_panic_handler::{{closure}}::h233112c06e0ef43e
[INFO] [stdout]                                at /rustc/82e1608dfa6e0b5569232559e3d385fea5a93112/library/std/src/panicking.rs:657:13
[INFO] [stdout]   16:     0x558ac5edf4a6 - std::sys_common::backtrace::__rust_end_short_backtrace::h6e893f24d7ebbff8
[INFO] [stdout]                                at /rustc/82e1608dfa6e0b5569232559e3d385fea5a93112/library/std/src/sys_common/backtrace.rs:170:18
[INFO] [stdout]   17:     0x558ac5ee0b52 - rust_begin_unwind
[INFO] [stdout]                                at /rustc/82e1608dfa6e0b5569232559e3d385fea5a93112/library/std/src/panicking.rs:645:5
[INFO] [stdout]   18:     0x558ac5baf2a5 - core::panicking::panic_fmt::hbf0e066aabfa482c
[INFO] [stdout]                                at /rustc/82e1608dfa6e0b5569232559e3d385fea5a93112/library/core/src/panicking.rs:72:14
[INFO] [stdout]   19:     0x558ac5baf6fb - core::panicking::assert_failed_inner::h0bba8b7c26ee4492
[INFO] [stdout]   20:     0x558ac5e9485e - core::panicking::assert_failed::hdc372aa9c0f48bce
[INFO] [stdout]                                at /rustc/82e1608dfa6e0b5569232559e3d385fea5a93112/library/core/src/panicking.rs:279:5
[INFO] [stdout]   21:     0x558ac5bbea6e - _12::tests::test_part_two::he6693d258c85329a
[INFO] [stdout]                                at /opt/rustwide/workdir/src/bin/12.rs:123:9
[INFO] [stdout]   22:     0x558ac5bbe937 - _12::tests::test_part_two::{{closure}}::hfaed7f28c0fe683f
[INFO] [stdout]                                at /opt/rustwide/workdir/src/bin/12.rs:118:23
[INFO] [stdout]   23:     0x558ac5bba6c6 - core::ops::function::FnOnce::call_once::he6dd87ec6bf6af76
[INFO] [stdout]                                at /rustc/82e1608dfa6e0b5569232559e3d385fea5a93112/library/core/src/ops/function.rs:250:5
[INFO] [stdout]   24:     0x558ac5bfe5bf - core::ops::function::FnOnce::call_once::h2b5d431d5046312d
[INFO] [stdout]                                at /rustc/82e1608dfa6e0b5569232559e3d385fea5a93112/library/core/src/ops/function.rs:250:5
[INFO] [stdout]   25:     0x558ac5bfe5bf - test::__rust_begin_short_backtrace::h7714669af176e207
[INFO] [stdout]                                at /rustc/82e1608dfa6e0b5569232559e3d385fea5a93112/library/test/src/lib.rs:628:18
[INFO] [stdout]   26:     0x558ac5bfd5d5 - test::run_test_in_process::{{closure}}::h85218797dcbcec12
[INFO] [stdout]                                at /rustc/82e1608dfa6e0b5569232559e3d385fea5a93112/library/test/src/lib.rs:651:60
[INFO] [stdout]   27:     0x558ac5bfd5d5 - <core::panic::unwind_safe::AssertUnwindSafe<F> as core::ops::function::FnOnce<()>>::call_once::h76c106ea31c14d7b
[INFO] [stdout]                                at /rustc/82e1608dfa6e0b5569232559e3d385fea5a93112/library/core/src/panic/unwind_safe.rs:272:9
[INFO] [stdout]   28:     0x558ac5bfd5d5 - std::panicking::try::do_call::h3bd5d0f6620ee946
[INFO] [stdout]                                at /rustc/82e1608dfa6e0b5569232559e3d385fea5a93112/library/std/src/panicking.rs:552:40
[INFO] [stdout]   29:     0x558ac5bfd5d5 - std::panicking::try::h232e535e4744fe31
[INFO] [stdout]                                at /rustc/82e1608dfa6e0b5569232559e3d385fea5a93112/library/std/src/panicking.rs:516:19
[INFO] [stdout]   30:     0x558ac5bfd5d5 - std::panic::catch_unwind::h3ce3bd6ca8dbac68
[INFO] [stdout]                                at /rustc/82e1608dfa6e0b5569232559e3d385fea5a93112/library/std/src/panic.rs:142:14
[INFO] [stdout]   31:     0x558ac5bfd5d5 - test::run_test_in_process::hc97b257c9621286a
[INFO] [stdout]                                at /rustc/82e1608dfa6e0b5569232559e3d385fea5a93112/library/test/src/lib.rs:651:27
[INFO] [stdout]   32:     0x558ac5bfd5d5 - test::run_test::{{closure}}::h2aa798823a438d38
[INFO] [stdout]                                at /rustc/82e1608dfa6e0b5569232559e3d385fea5a93112/library/test/src/lib.rs:574:43
[INFO] [stdout]   33:     0x558ac5bc5896 - test::run_test::{{closure}}::h87d231c78fb59832
[INFO] [stdout]                                at /rustc/82e1608dfa6e0b5569232559e3d385fea5a93112/library/test/src/lib.rs:602:41
[INFO] [stdout]   34:     0x558ac5bc5896 - std::sys_common::backtrace::__rust_begin_short_backtrace::he6df152596625789
[INFO] [stdout]                                at /rustc/82e1608dfa6e0b5569232559e3d385fea5a93112/library/std/src/sys_common/backtrace.rs:154:18
[INFO] [stdout]   35:     0x558ac5bca947 - std::thread::Builder::spawn_unchecked_::{{closure}}::{{closure}}::ha94be15d1e0acf36
[INFO] [stdout]                                at /rustc/82e1608dfa6e0b5569232559e3d385fea5a93112/library/std/src/thread/mod.rs:529:17
[INFO] [stdout]   36:     0x558ac5bca947 - <core::panic::unwind_safe::AssertUnwindSafe<F> as core::ops::function::FnOnce<()>>::call_once::h9dc6bd6372f16606
[INFO] [stdout]                                at /rustc/82e1608dfa6e0b5569232559e3d385fea5a93112/library/core/src/panic/unwind_safe.rs:272:9
[INFO] [stdout]   37:     0x558ac5bca947 - std::panicking::try::do_call::h9057517f80303cd4
[INFO] [stdout]                                at /rustc/82e1608dfa6e0b5569232559e3d385fea5a93112/library/std/src/panicking.rs:552:40
[INFO] [stdout]   38:     0x558ac5bca947 - std::panicking::try::he3a30b11ee45340c
[INFO] [stdout]                                at /rustc/82e1608dfa6e0b5569232559e3d385fea5a93112/library/std/src/panicking.rs:516:19
[INFO] [stdout]   39:     0x558ac5bca947 - std::panic::catch_unwind::h410458cfd3528b8b
[INFO] [stdout]                                at /rustc/82e1608dfa6e0b5569232559e3d385fea5a93112/library/std/src/panic.rs:142:14
[INFO] [stdout]   40:     0x558ac5bca947 - std::thread::Builder::spawn_unchecked_::{{closure}}::h72ac3bdb567b737b
[INFO] [stdout]                                at /rustc/82e1608dfa6e0b5569232559e3d385fea5a93112/library/std/src/thread/mod.rs:528:30
[INFO] [stdout]   41:     0x558ac5bca947 - core::ops::function::FnOnce::call_once{{vtable.shim}}::h38f34da3654a8344
[INFO] [stdout]                                at /rustc/82e1608dfa6e0b5569232559e3d385fea5a93112/library/core/src/ops/function.rs:250:5
[INFO] [stdout]   42:     0x558ac5ee5b25 - <alloc::boxed::Box<F,A> as core::ops::function::FnOnce<Args>>::call_once::hc7eafaff61e32df9
[INFO] [stdout]                                at /rustc/82e1608dfa6e0b5569232559e3d385fea5a93112/library/alloc/src/boxed.rs:2007:9
[INFO] [stdout]   43:     0x558ac5ee5b25 - <alloc::boxed::Box<F,A> as core::ops::function::FnOnce<Args>>::call_once::h6ba4a5de48dd2304
[INFO] [stdout]                                at /rustc/82e1608dfa6e0b5569232559e3d385fea5a93112/library/alloc/src/boxed.rs:2007:9
[INFO] [stdout]   44:     0x558ac5ee5b25 - std::sys::unix::thread::Thread::new::thread_start::he469335aef763e45
[INFO] [stdout]                                at /rustc/82e1608dfa6e0b5569232559e3d385fea5a93112/library/std/src/sys/unix/thread.rs:108:17
[INFO] [stdout]   45:     0x7ffb4ad0dac3 - <unknown>
[INFO] [stdout]   46:     0x7ffb4ad9ebf4 - __clone
[INFO] [stdout]   47:                0x0 - <unknown>
[INFO] [stdout] 
[INFO] [stdout] 
[INFO] [stdout] failures:
[INFO] [stdout]     tests::test_part_two
[INFO] [stdout] 
[INFO] [stdout] test result: FAILED. 1 passed; 1 failed; 0 ignored; 0 measured; 0 filtered out; finished in 290.67s
[INFO] [stdout] 
[INFO] [stderr] error: test failed, to rerun pass `--bin 12`
[INFO] running `Command { std: "docker" "inspect" "64bb538626d24abca4068613ed628a8fc78651d28a47cc7b3e406e35dde79cd9", kill_on_drop: false }`
[INFO] running `Command { std: "docker" "rm" "-f" "64bb538626d24abca4068613ed628a8fc78651d28a47cc7b3e406e35dde79cd9", kill_on_drop: false }`
[INFO] [stdout] 64bb538626d24abca4068613ed628a8fc78651d28a47cc7b3e406e35dde79cd9
