[INFO] cloning repository https://github.com/afonsolage/advent_of_code
[INFO] running `Command { std: "git" "-c" "credential.helper=" "-c" "credential.helper=/workspace/cargo-home/bin/git-credential-null" "clone" "--bare" "https://github.com/afonsolage/advent_of_code" "/workspace/cache/git-repos/https%3A%2F%2Fgithub.com%2Fafonsolage%2Fadvent_of_code", kill_on_drop: false }`
[INFO] [stderr] Cloning into bare repository '/workspace/cache/git-repos/https%3A%2F%2Fgithub.com%2Fafonsolage%2Fadvent_of_code'...
[INFO] running `Command { std: "git" "rev-parse" "HEAD", kill_on_drop: false }`
[INFO] [stdout] 5ac081bd2a1c879a1dace830079e78d56bd7dbaf
[INFO] testing afonsolage/advent_of_code against 1.75.0 for beta-1.76-1
[INFO] running `Command { std: "git" "clone" "/workspace/cache/git-repos/https%3A%2F%2Fgithub.com%2Fafonsolage%2Fadvent_of_code" "/workspace/builds/worker-2-tc1/source", kill_on_drop: false }`
[INFO] [stderr] Cloning into '/workspace/builds/worker-2-tc1/source'...
[INFO] [stderr] done.
[INFO] validating manifest of git repo https://github.com/afonsolage/advent_of_code on toolchain 1.75.0
[INFO] running `Command { std: CARGO_HOME="/workspace/cargo-home" RUSTUP_HOME="/workspace/rustup-home" "/workspace/cargo-home/bin/cargo" "+1.75.0" "metadata" "--manifest-path" "Cargo.toml" "--no-deps", kill_on_drop: false }`
[INFO] started tweaking git repo https://github.com/afonsolage/advent_of_code
[INFO] finished tweaking git repo https://github.com/afonsolage/advent_of_code
[INFO] tweaked toml for git repo https://github.com/afonsolage/advent_of_code written to /workspace/builds/worker-2-tc1/source/Cargo.toml
[INFO] crate git repo https://github.com/afonsolage/advent_of_code already has a lockfile, it will not be regenerated
[INFO] running `Command { std: CARGO_HOME="/workspace/cargo-home" RUSTUP_HOME="/workspace/rustup-home" "/workspace/cargo-home/bin/cargo" "+1.75.0" "fetch" "--manifest-path" "Cargo.toml", kill_on_drop: false }`
[INFO] running `Command { std: "docker" "create" "-v" "/var/lib/crater-agent-workspace/builds/worker-2-tc1/target:/opt/rustwide/target:rw,Z" "-v" "/var/lib/crater-agent-workspace/builds/worker-2-tc1/source:/opt/rustwide/workdir:ro,Z" "-v" "/var/lib/crater-agent-workspace/cargo-home:/opt/rustwide/cargo-home:ro,Z" "-v" "/var/lib/crater-agent-workspace/rustup-home:/opt/rustwide/rustup-home:ro,Z" "-e" "SOURCE_DIR=/opt/rustwide/workdir" "-e" "CARGO_TARGET_DIR=/opt/rustwide/target" "-e" "CARGO_HOME=/opt/rustwide/cargo-home" "-e" "RUSTUP_HOME=/opt/rustwide/rustup-home" "-w" "/opt/rustwide/workdir" "-m" "1610612736" "--user" "0:0" "--network" "none" "ghcr.io/rust-lang/crates-build-env/linux@sha256:2788e3201cd34a07e3172128adcd8b3090168a8e3bcc40d7c032b9dda1df7d1c" "/opt/rustwide/cargo-home/bin/cargo" "+1.75.0" "metadata" "--no-deps" "--format-version=1", kill_on_drop: false }`
[INFO] [stdout] f94e245c6787fa2601d4e7d27662e5694a64f9ef05c17dee6b88ef6161f1f25e
[INFO] running `Command { std: "docker" "start" "-a" "f94e245c6787fa2601d4e7d27662e5694a64f9ef05c17dee6b88ef6161f1f25e", kill_on_drop: false }`
[INFO] running `Command { std: "docker" "inspect" "f94e245c6787fa2601d4e7d27662e5694a64f9ef05c17dee6b88ef6161f1f25e", kill_on_drop: false }`
[INFO] running `Command { std: "docker" "rm" "-f" "f94e245c6787fa2601d4e7d27662e5694a64f9ef05c17dee6b88ef6161f1f25e", kill_on_drop: false }`
[INFO] [stdout] f94e245c6787fa2601d4e7d27662e5694a64f9ef05c17dee6b88ef6161f1f25e
[INFO] running `Command { std: "docker" "create" "-v" "/var/lib/crater-agent-workspace/builds/worker-2-tc1/target:/opt/rustwide/target:rw,Z" "-v" "/var/lib/crater-agent-workspace/builds/worker-2-tc1/source:/opt/rustwide/workdir:ro,Z" "-v" "/var/lib/crater-agent-workspace/cargo-home:/opt/rustwide/cargo-home:ro,Z" "-v" "/var/lib/crater-agent-workspace/rustup-home:/opt/rustwide/rustup-home:ro,Z" "-e" "SOURCE_DIR=/opt/rustwide/workdir" "-e" "CARGO_TARGET_DIR=/opt/rustwide/target" "-e" "CARGO_INCREMENTAL=0" "-e" "RUST_BACKTRACE=full" "-e" "RUSTFLAGS=--cap-lints=warn" "-e" "RUSTDOCFLAGS=--cap-lints=warn" "-e" "CARGO_HOME=/opt/rustwide/cargo-home" "-e" "RUSTUP_HOME=/opt/rustwide/rustup-home" "-w" "/opt/rustwide/workdir" "-m" "1610612736" "--user" "0:0" "--network" "none" "ghcr.io/rust-lang/crates-build-env/linux@sha256:2788e3201cd34a07e3172128adcd8b3090168a8e3bcc40d7c032b9dda1df7d1c" "/opt/rustwide/cargo-home/bin/cargo" "+1.75.0" "build" "--frozen" "--message-format=json", kill_on_drop: false }`
[INFO] [stdout] e844e0f0a031244fed96fef27b5d874f3b0e409244f8f62f945455e93e3b66b4
[INFO] running `Command { std: "docker" "start" "-a" "e844e0f0a031244fed96fef27b5d874f3b0e409244f8f62f945455e93e3b66b4", kill_on_drop: false }`
[INFO] [stderr]    Compiling glam v0.25.0
[INFO] [stderr]    Compiling AdventOfCode v0.1.0 (/opt/rustwide/workdir)
[INFO] [stdout] warning: unused import: `HashSet`
[INFO] [stdout]  --> src/day14.rs:2:53
[INFO] [stdout]   |
[INFO] [stdout] 2 |     collections::{hash_map::DefaultHasher, HashMap, HashSet},
[INFO] [stdout]   |                                                     ^^^^^^^
[INFO] [stdout]   |
[INFO] [stdout]   = note: `#[warn(unused_imports)]` on by default
[INFO] [stdout] 
[INFO] [stdout] 
[INFO] [stdout] warning: unused variable: `row_count`
[INFO] [stdout]  --> src/day14.rs:7:9
[INFO] [stdout]   |
[INFO] [stdout] 7 |     let row_count = row.len();
[INFO] [stdout]   |         ^^^^^^^^^ help: if this is intentional, prefix it with an underscore: `_row_count`
[INFO] [stdout]   |
[INFO] [stdout]   = note: `#[warn(unused_variables)]` on by default
[INFO] [stdout] 
[INFO] [stdout] 
[INFO] [stdout] warning: unused variable: `row`
[INFO] [stdout]   --> src/day14.rs:19:13
[INFO] [stdout]    |
[INFO] [stdout] 19 | fn tilt_row(row: &mut [char]) {}
[INFO] [stdout]    |             ^^^ help: if this is intentional, prefix it with an underscore: `_row`
[INFO] [stdout] 
[INFO] [stdout] 
[INFO] [stdout] warning: unused variable: `column_count`
[INFO] [stdout]   --> src/day14.rs:57:9
[INFO] [stdout]    |
[INFO] [stdout] 57 |     let column_count = platform.len();
[INFO] [stdout]    |         ^^^^^^^^^^^^ help: if this is intentional, prefix it with an underscore: `_column_count`
[INFO] [stdout] 
[INFO] [stdout] 
[INFO] [stdout] warning: unused variable: `row_count`
[INFO] [stdout]    --> src/day14.rs:130:9
[INFO] [stdout]     |
[INFO] [stdout] 130 |     let row_count = platform.first().unwrap().len();
[INFO] [stdout]     |         ^^^^^^^^^ help: if this is intentional, prefix it with an underscore: `_row_count`
[INFO] [stdout] 
[INFO] [stdout] 
[INFO] [stdout] warning: unused variable: `n`
[INFO] [stdout]    --> src/day14.rs:180:9
[INFO] [stdout]     |
[INFO] [stdout] 180 |     for n in 0..1000 {
[INFO] [stdout]     |         ^ help: if this is intentional, prefix it with an underscore: `_n`
[INFO] [stdout] 
[INFO] [stdout] 
[INFO] [stdout] warning: function `tilt_row` is never used
[INFO] [stdout]   --> src/day14.rs:19:4
[INFO] [stdout]    |
[INFO] [stdout] 19 | fn tilt_row(row: &mut [char]) {}
[INFO] [stdout]    |    ^^^^^^^^
[INFO] [stdout]    |
[INFO] [stdout]    = note: `#[warn(dead_code)]` on by default
[INFO] [stdout] 
[INFO] [stdout] 
[INFO] [stdout] warning: function `transpose` is never used
[INFO] [stdout]   --> src/day14.rs:98:4
[INFO] [stdout]    |
[INFO] [stdout] 98 | fn transpose(platform: Vec<Vec<char>>) -> Vec<Vec<char>> {
[INFO] [stdout]    |    ^^^^^^^^^
[INFO] [stdout] 
[INFO] [stdout] 
[INFO] [stdout] warning: function `print` is never used
[INFO] [stdout]    --> src/day14.rs:129:4
[INFO] [stdout]     |
[INFO] [stdout] 129 | fn print(platform: &[Vec<char>]) {
[INFO] [stdout]     |    ^^^^^
[INFO] [stdout] 
[INFO] [stdout] 
[INFO] [stdout] warning: 9 warnings emitted
[INFO] [stdout] 
[INFO] [stdout] 
[INFO] [stdout] warning: unused import: `HashMap`
[INFO] [stdout]  --> src/day16.rs:1:24
[INFO] [stdout]   |
[INFO] [stdout] 1 | use std::collections::{HashMap, HashSet};
[INFO] [stdout]   |                        ^^^^^^^
[INFO] [stdout]   |
[INFO] [stdout]   = note: `#[warn(unused_imports)]` on by default
[INFO] [stdout] 
[INFO] [stdout] 
[INFO] [stdout] warning: unused import: `HashMap`
[INFO] [stdout]  --> src/day17.rs:1:36
[INFO] [stdout]   |
[INFO] [stdout] 1 | use std::collections::{BinaryHeap, HashMap, HashSet};
[INFO] [stdout]   |                                    ^^^^^^^
[INFO] [stdout]   |
[INFO] [stdout]   = note: `#[warn(unused_imports)]` on by default
[INFO] [stdout] 
[INFO] [stdout] 
[INFO] [stdout] warning: 1 warning emitted
[INFO] [stdout] 
[INFO] [stdout] 
[INFO] [stdout] warning: 1 warning emitted
[INFO] [stdout] 
[INFO] [stdout] 
[INFO] [stderr]     Finished dev [unoptimized + debuginfo] target(s) in 9.53s
[INFO] running `Command { std: "docker" "inspect" "e844e0f0a031244fed96fef27b5d874f3b0e409244f8f62f945455e93e3b66b4", kill_on_drop: false }`
[INFO] running `Command { std: "docker" "rm" "-f" "e844e0f0a031244fed96fef27b5d874f3b0e409244f8f62f945455e93e3b66b4", kill_on_drop: false }`
[INFO] [stdout] e844e0f0a031244fed96fef27b5d874f3b0e409244f8f62f945455e93e3b66b4
[INFO] running `Command { std: "docker" "create" "-v" "/var/lib/crater-agent-workspace/builds/worker-2-tc1/target:/opt/rustwide/target:rw,Z" "-v" "/var/lib/crater-agent-workspace/builds/worker-2-tc1/source:/opt/rustwide/workdir:ro,Z" "-v" "/var/lib/crater-agent-workspace/cargo-home:/opt/rustwide/cargo-home:ro,Z" "-v" "/var/lib/crater-agent-workspace/rustup-home:/opt/rustwide/rustup-home:ro,Z" "-e" "SOURCE_DIR=/opt/rustwide/workdir" "-e" "CARGO_TARGET_DIR=/opt/rustwide/target" "-e" "CARGO_INCREMENTAL=0" "-e" "RUST_BACKTRACE=full" "-e" "RUSTFLAGS=--cap-lints=warn" "-e" "RUSTDOCFLAGS=--cap-lints=warn" "-e" "CARGO_HOME=/opt/rustwide/cargo-home" "-e" "RUSTUP_HOME=/opt/rustwide/rustup-home" "-w" "/opt/rustwide/workdir" "-m" "1610612736" "--user" "0:0" "--network" "none" "ghcr.io/rust-lang/crates-build-env/linux@sha256:2788e3201cd34a07e3172128adcd8b3090168a8e3bcc40d7c032b9dda1df7d1c" "/opt/rustwide/cargo-home/bin/cargo" "+1.75.0" "test" "--frozen" "--no-run" "--message-format=json", kill_on_drop: false }`
[INFO] [stdout] 36dfb6c0515429da817198abdc9051f6848caf729fed7c8fe949f2d1e275400f
[INFO] running `Command { std: "docker" "start" "-a" "36dfb6c0515429da817198abdc9051f6848caf729fed7c8fe949f2d1e275400f", kill_on_drop: false }`
[INFO] [stderr]    Compiling AdventOfCode v0.1.0 (/opt/rustwide/workdir)
[INFO] [stdout] warning: unused import: `HashMap`
[INFO] [stdout]  --> src/day16.rs:1:24
[INFO] [stdout]   |
[INFO] [stdout] 1 | use std::collections::{HashMap, HashSet};
[INFO] [stdout]   |                        ^^^^^^^
[INFO] [stdout]   |
[INFO] [stdout]   = note: `#[warn(unused_imports)]` on by default
[INFO] [stdout] 
[INFO] [stdout] 
[INFO] [stdout] warning: 1 warning emitted
[INFO] [stdout] 
[INFO] [stdout] 
[INFO] [stdout] warning: unused import: `HashSet`
[INFO] [stdout]  --> src/day14.rs:2:53
[INFO] [stdout]   |
[INFO] [stdout] 2 |     collections::{hash_map::DefaultHasher, HashMap, HashSet},
[INFO] [stdout]   |                                                     ^^^^^^^
[INFO] [stdout]   |
[INFO] [stdout]   = note: `#[warn(unused_imports)]` on by default
[INFO] [stdout] 
[INFO] [stdout] 
[INFO] [stdout] warning: unused import: `std::collections::HashMap`
[INFO] [stdout]    --> src/day14.rs:195:9
[INFO] [stdout]     |
[INFO] [stdout] 195 |     use std::collections::HashMap;
[INFO] [stdout]     |         ^^^^^^^^^^^^^^^^^^^^^^^^^
[INFO] [stdout] 
[INFO] [stdout] 
[INFO] [stdout] warning: unused variable: `row_count`
[INFO] [stdout]  --> src/day14.rs:7:9
[INFO] [stdout]   |
[INFO] [stdout] 7 |     let row_count = row.len();
[INFO] [stdout]   |         ^^^^^^^^^ help: if this is intentional, prefix it with an underscore: `_row_count`
[INFO] [stdout]   |
[INFO] [stdout]   = note: `#[warn(unused_variables)]` on by default
[INFO] [stdout] 
[INFO] [stdout] 
[INFO] [stdout] warning: unused variable: `row`
[INFO] [stdout]   --> src/day14.rs:19:13
[INFO] [stdout]    |
[INFO] [stdout] 19 | fn tilt_row(row: &mut [char]) {}
[INFO] [stdout]    |             ^^^ help: if this is intentional, prefix it with an underscore: `_row`
[INFO] [stdout] 
[INFO] [stdout] 
[INFO] [stdout] warning: unused variable: `column_count`
[INFO] [stdout]   --> src/day14.rs:57:9
[INFO] [stdout]    |
[INFO] [stdout] 57 |     let column_count = platform.len();
[INFO] [stdout]    |         ^^^^^^^^^^^^ help: if this is intentional, prefix it with an underscore: `_column_count`
[INFO] [stdout] 
[INFO] [stdout] 
[INFO] [stdout] warning: unused variable: `row_count`
[INFO] [stdout]    --> src/day14.rs:130:9
[INFO] [stdout]     |
[INFO] [stdout] 130 |     let row_count = platform.first().unwrap().len();
[INFO] [stdout]     |         ^^^^^^^^^ help: if this is intentional, prefix it with an underscore: `_row_count`
[INFO] [stdout] 
[INFO] [stdout] 
[INFO] [stdout] warning: unused variable: `n`
[INFO] [stdout]    --> src/day14.rs:180:9
[INFO] [stdout]     |
[INFO] [stdout] 180 |     for n in 0..1000 {
[INFO] [stdout]     |         ^ help: if this is intentional, prefix it with an underscore: `_n`
[INFO] [stdout] 
[INFO] [stdout] 
[INFO] [stdout] warning: function `tilt_row` is never used
[INFO] [stdout]   --> src/day14.rs:19:4
[INFO] [stdout]    |
[INFO] [stdout] 19 | fn tilt_row(row: &mut [char]) {}
[INFO] [stdout]    |    ^^^^^^^^
[INFO] [stdout]    |
[INFO] [stdout]    = note: `#[warn(dead_code)]` on by default
[INFO] [stdout] 
[INFO] [stdout] 
[INFO] [stdout] warning: function `transpose` is never used
[INFO] [stdout]   --> src/day14.rs:98:4
[INFO] [stdout]    |
[INFO] [stdout] 98 | fn transpose(platform: Vec<Vec<char>>) -> Vec<Vec<char>> {
[INFO] [stdout]    |    ^^^^^^^^^
[INFO] [stdout] 
[INFO] [stdout] 
[INFO] [stdout] warning: function `print` is never used
[INFO] [stdout]    --> src/day14.rs:129:4
[INFO] [stdout]     |
[INFO] [stdout] 129 | fn print(platform: &[Vec<char>]) {
[INFO] [stdout]     |    ^^^^^
[INFO] [stdout] 
[INFO] [stdout] 
[INFO] [stdout] warning: 10 warnings emitted
[INFO] [stdout] 
[INFO] [stdout] 
[INFO] [stdout] warning: unused import: `HashMap`
[INFO] [stdout]  --> src/day17.rs:1:36
[INFO] [stdout]   |
[INFO] [stdout] 1 | use std::collections::{BinaryHeap, HashMap, HashSet};
[INFO] [stdout]   |                                    ^^^^^^^
[INFO] [stdout]   |
[INFO] [stdout]   = note: `#[warn(unused_imports)]` on by default
[INFO] [stdout] 
[INFO] [stdout] 
[INFO] [stdout] warning: 1 warning emitted
[INFO] [stdout] 
[INFO] [stdout] 
[INFO] [stderr]     Finished test [unoptimized + debuginfo] target(s) in 8.64s
[INFO] running `Command { std: "docker" "inspect" "36dfb6c0515429da817198abdc9051f6848caf729fed7c8fe949f2d1e275400f", kill_on_drop: false }`
[INFO] running `Command { std: "docker" "rm" "-f" "36dfb6c0515429da817198abdc9051f6848caf729fed7c8fe949f2d1e275400f", kill_on_drop: false }`
[INFO] [stdout] 36dfb6c0515429da817198abdc9051f6848caf729fed7c8fe949f2d1e275400f
[INFO] running `Command { std: "docker" "create" "-v" "/var/lib/crater-agent-workspace/builds/worker-2-tc1/target:/opt/rustwide/target:rw,Z" "-v" "/var/lib/crater-agent-workspace/builds/worker-2-tc1/source:/opt/rustwide/workdir:ro,Z" "-v" "/var/lib/crater-agent-workspace/cargo-home:/opt/rustwide/cargo-home:ro,Z" "-v" "/var/lib/crater-agent-workspace/rustup-home:/opt/rustwide/rustup-home:ro,Z" "-e" "SOURCE_DIR=/opt/rustwide/workdir" "-e" "CARGO_TARGET_DIR=/opt/rustwide/target" "-e" "CARGO_INCREMENTAL=0" "-e" "RUST_BACKTRACE=full" "-e" "RUSTFLAGS=--cap-lints=warn" "-e" "RUSTDOCFLAGS=--cap-lints=warn" "-e" "CARGO_HOME=/opt/rustwide/cargo-home" "-e" "RUSTUP_HOME=/opt/rustwide/rustup-home" "-w" "/opt/rustwide/workdir" "-m" "1610612736" "--user" "0:0" "--network" "none" "ghcr.io/rust-lang/crates-build-env/linux@sha256:2788e3201cd34a07e3172128adcd8b3090168a8e3bcc40d7c032b9dda1df7d1c" "/opt/rustwide/cargo-home/bin/cargo" "+1.75.0" "test" "--frozen", kill_on_drop: false }`
[INFO] [stdout] bb05bf7308cf2799148fe73b712009590298b6d8acfa6b1cf37b6b701f9c6e04
[INFO] running `Command { std: "docker" "start" "-a" "bb05bf7308cf2799148fe73b712009590298b6d8acfa6b1cf37b6b701f9c6e04", kill_on_drop: false }`
[INFO] [stderr] warning: unused import: `HashMap`
[INFO] [stderr]  --> src/day16.rs:1:24
[INFO] [stderr]   |
[INFO] [stderr] 1 | use std::collections::{HashMap, HashSet};
[INFO] [stderr]   |                        ^^^^^^^
[INFO] [stderr]   |
[INFO] [stderr]   = note: `#[warn(unused_imports)]` on by default
[INFO] [stderr] 
[INFO] [stderr] warning: `AdventOfCode` (bin "day16" test) generated 1 warning (run `cargo fix --bin "day16" --tests` to apply 1 suggestion)
[INFO] [stderr] warning: unused import: `HashSet`
[INFO] [stderr]  --> src/day14.rs:2:53
[INFO] [stderr]   |
[INFO] [stderr] 2 |     collections::{hash_map::DefaultHasher, HashMap, HashSet},
[INFO] [stderr]   |                                                     ^^^^^^^
[INFO] [stderr]   |
[INFO] [stderr]   = note: `#[warn(unused_imports)]` on by default
[INFO] [stderr] 
[INFO] [stderr] warning: unused import: `std::collections::HashMap`
[INFO] [stderr]    --> src/day14.rs:195:9
[INFO] [stderr]     |
[INFO] [stderr] 195 |     use std::collections::HashMap;
[INFO] [stderr]     |         ^^^^^^^^^^^^^^^^^^^^^^^^^
[INFO] [stderr] 
[INFO] [stderr] warning: unused variable: `row_count`
[INFO] [stderr]  --> src/day14.rs:7:9
[INFO] [stderr]   |
[INFO] [stderr] 7 |     let row_count = row.len();
[INFO] [stderr]   |         ^^^^^^^^^ help: if this is intentional, prefix it with an underscore: `_row_count`
[INFO] [stderr]   |
[INFO] [stderr]   = note: `#[warn(unused_variables)]` on by default
[INFO] [stderr] 
[INFO] [stderr] warning: unused variable: `row`
[INFO] [stderr]   --> src/day14.rs:19:13
[INFO] [stderr]    |
[INFO] [stderr] 19 | fn tilt_row(row: &mut [char]) {}
[INFO] [stderr]    |             ^^^ help: if this is intentional, prefix it with an underscore: `_row`
[INFO] [stderr] 
[INFO] [stderr] warning: unused variable: `column_count`
[INFO] [stderr]   --> src/day14.rs:57:9
[INFO] [stderr]    |
[INFO] [stderr] 57 |     let column_count = platform.len();
[INFO] [stderr]    |         ^^^^^^^^^^^^ help: if this is intentional, prefix it with an underscore: `_column_count`
[INFO] [stderr] 
[INFO] [stderr] warning: unused variable: `row_count`
[INFO] [stderr]    --> src/day14.rs:130:9
[INFO] [stderr]     |
[INFO] [stderr] 130 |     let row_count = platform.first().unwrap().len();
[INFO] [stderr]     |         ^^^^^^^^^ help: if this is intentional, prefix it with an underscore: `_row_count`
[INFO] [stderr] 
[INFO] [stderr] warning: unused variable: `n`
[INFO] [stderr]    --> src/day14.rs:180:9
[INFO] [stderr]     |
[INFO] [stderr] 180 |     for n in 0..1000 {
[INFO] [stderr]     |         ^ help: if this is intentional, prefix it with an underscore: `_n`
[INFO] [stderr] 
[INFO] [stderr] warning: function `tilt_row` is never used
[INFO] [stderr]   --> src/day14.rs:19:4
[INFO] [stderr]    |
[INFO] [stderr] 19 | fn tilt_row(row: &mut [char]) {}
[INFO] [stderr]    |    ^^^^^^^^
[INFO] [stderr]    |
[INFO] [stderr]    = note: `#[warn(dead_code)]` on by default
[INFO] [stderr] 
[INFO] [stderr] warning: function `transpose` is never used
[INFO] [stderr]   --> src/day14.rs:98:4
[INFO] [stderr]    |
[INFO] [stderr] 98 | fn transpose(platform: Vec<Vec<char>>) -> Vec<Vec<char>> {
[INFO] [stderr]    |    ^^^^^^^^^
[INFO] [stderr] 
[INFO] [stderr] warning: function `print` is never used
[INFO] [stderr]    --> src/day14.rs:129:4
[INFO] [stderr]     |
[INFO] [stderr] 129 | fn print(platform: &[Vec<char>]) {
[INFO] [stderr]     |    ^^^^^
[INFO] [stderr] 
[INFO] [stderr] warning: `AdventOfCode` (bin "day14" test) generated 10 warnings (run `cargo fix --bin "day14" --tests` to apply 7 suggestions)
[INFO] [stderr] warning: unused import: `HashMap`
[INFO] [stderr]  --> src/day17.rs:1:36
[INFO] [stderr]   |
[INFO] [stderr] 1 | use std::collections::{BinaryHeap, HashMap, HashSet};
[INFO] [stderr]   |                                    ^^^^^^^
[INFO] [stderr]   |
[INFO] [stderr]   = note: `#[warn(unused_imports)]` on by default
[INFO] [stderr] 
[INFO] [stderr] warning: `AdventOfCode` (bin "day17" test) generated 1 warning (run `cargo fix --bin "day17" --tests` to apply 1 suggestion)
[INFO] [stderr]     Finished test [unoptimized + debuginfo] target(s) in 0.02s
[INFO] [stderr]      Running unittests src/day01.rs (/opt/rustwide/target/debug/deps/day01-296242aac275ead4)
[INFO] [stdout] 
[INFO] [stdout] running 2 tests
[INFO] [stdout] test test::part01 ... ok
[INFO] [stdout] test test::part02 ... ok
[INFO] [stdout] 
[INFO] [stdout] test result: ok. 2 passed; 0 failed; 0 ignored; 0 measured; 0 filtered out; finished in 0.01s
[INFO] [stdout] 
[INFO] [stderr]      Running unittests src/day02.rs (/opt/rustwide/target/debug/deps/day02-13361b027c54ffb7)
[INFO] [stdout] 
[INFO] [stdout] running 2 tests
[INFO] [stdout] test tests::part01 ... ok
[INFO] [stdout] test tests::part02 ... ok
[INFO] [stdout] 
[INFO] [stdout] test result: ok. 2 passed; 0 failed; 0 ignored; 0 measured; 0 filtered out; finished in 0.00s
[INFO] [stdout] 
[INFO] [stderr]      Running unittests src/day03.rs (/opt/rustwide/target/debug/deps/day03-811e0e73536d2598)
[INFO] [stdout] 
[INFO] [stdout] running 2 tests
[INFO] [stdout] test tests::part01 ... ok
[INFO] [stderr]      Running unittests src/day04.rs (/opt/rustwide/target/debug/deps/day04-372d7cb995e8ad3b)
[INFO] [stdout] test tests::part02 ... ok
[INFO] [stdout] 
[INFO] [stdout] test result: ok. 2 passed; 0 failed; 0 ignored; 0 measured; 0 filtered out; finished in 0.01s
[INFO] [stdout] 
[INFO] [stdout] 
[INFO] [stdout] running 2 tests
[INFO] [stdout] test test::part01 ... ok
[INFO] [stdout] test test::part02 ... ok
[INFO] [stdout] 
[INFO] [stdout] test result: ok. 2 passed; 0 failed; 0 ignored; 0 measured; 0 filtered out; finished in 0.01s
[INFO] [stdout] 
[INFO] [stderr]      Running unittests src/day05.rs (/opt/rustwide/target/debug/deps/day05-06e671f77b56df09)
[INFO] [stdout] 
[INFO] [stdout] running 8 tests
[INFO] [stdout] test test::split_full_inside ... ok
[INFO] [stdout] test test::split_part_inside ... ok
[INFO] [stdout] test test::part02 ... ok
[INFO] [stdout] test test::map_range_part_inside ... ok
[INFO] [stdout] test test::map_range_full_inside ... ok
[INFO] [stdout] test test::split_outside ... ok
[INFO] [stdout] test test::part01 ... ok
[INFO] [stdout] test test::map_range_outside ... ok
[INFO] [stdout] 
[INFO] [stdout] test result: ok. 8 passed; 0 failed; 0 ignored; 0 measured; 0 filtered out; finished in 0.01s
[INFO] [stdout] 
[INFO] [stderr]      Running unittests src/day06.rs (/opt/rustwide/target/debug/deps/day06-04df912a5ecc9ac6)
[INFO] [stdout] 
[INFO] [stdout] running 2 tests
[INFO] [stdout] test test::part02 ... ok
[INFO] [stdout] test test::part01 ... ok
[INFO] [stdout] 
[INFO] [stdout] test result: ok. 2 passed; 0 failed; 0 ignored; 0 measured; 0 filtered out; finished in 0.00s
[INFO] [stdout] 
[INFO] [stderr]      Running unittests src/day07.rs (/opt/rustwide/target/debug/deps/day07-2506d09fa18d8273)
[INFO] [stdout] 
[INFO] [stdout] running 2 tests
[INFO] [stdout] test test::part02 ... ok
[INFO] [stdout] test test::part01 ... ok
[INFO] [stderr]      Running unittests src/day08.rs (/opt/rustwide/target/debug/deps/day08-615de016dde7d385)
[INFO] [stdout] 
[INFO] [stdout] test result: ok. 2 passed; 0 failed; 0 ignored; 0 measured; 0 filtered out; finished in 0.00s
[INFO] [stdout] 
[INFO] [stdout] 
[INFO] [stdout] running 3 tests
[INFO] [stdout] test test::part02 ... ok
[INFO] [stderr]      Running unittests src/day09.rs (/opt/rustwide/target/debug/deps/day09-b082c7184afc8125)
[INFO] [stdout] test test::part01_repeat ... ok
[INFO] [stdout] test test::part01 ... ok
[INFO] [stdout] 
[INFO] [stdout] test result: ok. 3 passed; 0 failed; 0 ignored; 0 measured; 0 filtered out; finished in 0.01s
[INFO] [stdout] 
[INFO] [stdout] 
[INFO] [stdout] running 8 tests
[INFO] [stdout] test test::part02 ... ok
[INFO] [stdout] test test::predict_line_2 ... ok
[INFO] [stdout] test test::predict_line_1 ... ok
[INFO] [stdout] test test::predict_back_line_1 ... ok
[INFO] [stdout] test test::predict_line_3 ... ok
[INFO] [stdout] test test::predict_back_line_2 ... ok
[INFO] [stdout] test test::part01 ... ok
[INFO] [stdout] test test::predict_back_line_3 ... ok
[INFO] [stdout] 
[INFO] [stdout] test result: ok. 8 passed; 0 failed; 0 ignored; 0 measured; 0 filtered out; finished in 0.01s
[INFO] [stdout] 
[INFO] [stderr]      Running unittests src/day10.rs (/opt/rustwide/target/debug/deps/day10-2192e94c66962604)
[INFO] [stdout] 
[INFO] [stdout] running 8 tests
[INFO] [stdout] test test::check_intersection_perpendicular ... ok
[INFO] [stdout] test test::check_intersection_intersects ... ok
[INFO] [stdout] test test::part02_1 ... ok
[INFO] [stdout] test test::part01_1 ... ok
[INFO] [stdout] test test::test_check_intersection ... ok
[INFO] [stdout] test test::part02_2 ... ok
[INFO] [stdout] test test::part01_2 ... ok
[INFO] [stdout] test test::part02_3 ... ok
[INFO] [stdout] 
[INFO] [stdout] test result: ok. 8 passed; 0 failed; 0 ignored; 0 measured; 0 filtered out; finished in 0.03s
[INFO] [stdout] 
[INFO] [stderr]      Running unittests src/day11.rs (/opt/rustwide/target/debug/deps/day11-ca3e02d09d6fcb40)
[INFO] [stdout] 
[INFO] [stdout] running 9 tests
[INFO] [stdout] test test::part01_path_1_4 ... ok
[INFO] [stdout] test test::part01 ... ok
[INFO] [stdout] test test::part01_path_3_6 ... ok
[INFO] [stdout] test test::part01_path_5_9 ... ok
[INFO] [stdout] test test::part01_path_1_7 ... ok
[INFO] [stdout] test test::part01_path_7_9 ... ok
[INFO] [stdout] test test::part01_path_8_9 ... ok
[INFO] [stdout] test test::part02_100 ... ok
[INFO] [stdout] test test::part02_10 ... ok
[INFO] [stdout] 
[INFO] [stdout] test result: ok. 9 passed; 0 failed; 0 ignored; 0 measured; 0 filtered out; finished in 0.02s
[INFO] [stdout] 
[INFO] [stderr]      Running unittests src/day12.rs (/opt/rustwide/target/debug/deps/day12-33ab0dd7c3397821)
[INFO] [stdout] 
[INFO] [stdout] running 4 tests
[INFO] [stdout] test test::count_arrangements_simple ... ok
[INFO] [stdout] test test::part01_single ... ok
[INFO] [stdout] test test::part01 ... ok
[INFO] [stdout] test test::part02 ... ok
[INFO] [stderr]      Running unittests src/day13.rs (/opt/rustwide/target/debug/deps/day13-f20afbb06bafce8d)
[INFO] [stdout] 
[INFO] [stdout] test result: ok. 4 passed; 0 failed; 0 ignored; 0 measured; 0 filtered out; finished in 0.01s
[INFO] [stdout] 
[INFO] [stdout] 
[INFO] [stdout] running 6 tests
[INFO] [stdout] test test::parse_column ... ok
[INFO] [stdout] test test::is_smudged ... ok
[INFO] [stdout] test test::count_mirroed ... ok
[INFO] [stdout] test test::parse_line ... ok
[INFO] [stdout] test test::part01 ... ok
[INFO] [stdout] test test::part02 ... ok
[INFO] [stderr]      Running unittests src/day14.rs (/opt/rustwide/target/debug/deps/day14-d1ffaa0247938081)
[INFO] [stdout] 
[INFO] [stdout] test result: ok. 6 passed; 0 failed; 0 ignored; 0 measured; 0 filtered out; finished in 0.01s
[INFO] [stdout] 
[INFO] [stdout] 
[INFO] [stdout] running 4 tests
[INFO] [stdout] test test::part01 ... ok
[INFO] [stdout] test test::calc_row_load ... ok
[INFO] [stdout] test test::tilt_north ... ok
[INFO] [stdout] test test::part02 ... ok
[INFO] [stderr]      Running unittests src/day15.rs (/opt/rustwide/target/debug/deps/day15-0df7791d4f183874)
[INFO] [stdout] 
[INFO] [stdout] test result: ok. 4 passed; 0 failed; 0 ignored; 0 measured; 0 filtered out; finished in 0.07s
[INFO] [stdout] 
[INFO] [stdout] 
[INFO] [stdout] running 3 tests
[INFO] [stdout] test test::hash ... ok
[INFO] [stdout] test test::part02 ... ok
[INFO] [stdout] test test::part01 ... ok
[INFO] [stderr]      Running unittests src/day16.rs (/opt/rustwide/target/debug/deps/day16-1bc1a7a541c5ad56)
[INFO] [stdout] 
[INFO] [stdout] test result: ok. 3 passed; 0 failed; 0 ignored; 0 measured; 0 filtered out; finished in 0.01s
[INFO] [stdout] 
[INFO] [stdout] 
[INFO] [stdout] running 2 tests
[INFO] [stdout] test test::part01 ... ok
[INFO] [stderr]      Running unittests src/day17.rs (/opt/rustwide/target/debug/deps/day17-9ec227e83702cea0)
[INFO] [stdout] test test::part02 ... ok
[INFO] [stdout] 
[INFO] [stdout] test result: ok. 2 passed; 0 failed; 0 ignored; 0 measured; 0 filtered out; finished in 0.01s
[INFO] [stdout] 
[INFO] [stdout] 
[INFO] [stdout] running 3 tests
[INFO] [stderr]      Running unittests src/day18.rs (/opt/rustwide/target/debug/deps/day18-c2c43ce953069380)
[INFO] [stdout] test test::part02 ... ok
[INFO] [stdout] test test::part02_2 ... ok
[INFO] [stdout] test test::part01 ... ok
[INFO] [stdout] 
[INFO] [stdout] test result: ok. 3 passed; 0 failed; 0 ignored; 0 measured; 0 filtered out; finished in 0.01s
[INFO] [stdout] 
[INFO] [stdout] 
[INFO] [stdout] running 2 tests
[INFO] [stdout] test test::part01 ... ok
[INFO] [stderr]      Running unittests src/day19.rs (/opt/rustwide/target/debug/deps/day19-6c81f3cb03a50a66)
[INFO] [stdout] test test::part02 ... ok
[INFO] [stdout] 
[INFO] [stdout] test result: ok. 2 passed; 0 failed; 0 ignored; 0 measured; 0 filtered out; finished in 0.00s
[INFO] [stdout] 
[INFO] [stdout] 
[INFO] [stdout] running 2 tests
[INFO] [stderr]      Running unittests src/day20.rs (/opt/rustwide/target/debug/deps/day20-b9fc5e90316f4102)
[INFO] [stdout] test test::part02 ... ok
[INFO] [stdout] test test::part01 ... ok
[INFO] [stdout] 
[INFO] [stdout] test result: ok. 2 passed; 0 failed; 0 ignored; 0 measured; 0 filtered out; finished in 0.00s
[INFO] [stdout] 
[INFO] [stdout] 
[INFO] [stdout] running 2 tests
[INFO] [stdout] test test::part01_2 ... ok
[INFO] [stderr]      Running unittests src/day21.rs (/opt/rustwide/target/debug/deps/day21-b2ccdc0ad242e8af)
[INFO] [stdout] test test::part01_1 ... ok
[INFO] [stdout] 
[INFO] [stdout] test result: ok. 2 passed; 0 failed; 0 ignored; 0 measured; 0 filtered out; finished in 0.02s
[INFO] [stdout] 
[INFO] [stderr]      Running unittests src/day22.rs (/opt/rustwide/target/debug/deps/day22-d6953117cf79d46b)
[INFO] [stdout] 
[INFO] [stdout] running 1 test
[INFO] [stdout] test test::part01 ... ok
[INFO] [stdout] 
[INFO] [stdout] test result: ok. 1 passed; 0 failed; 0 ignored; 0 measured; 0 filtered out; finished in 0.00s
[INFO] [stdout] 
[INFO] [stdout] 
[INFO] [stdout] running 2 tests
[INFO] [stdout] test test::part01 ... ok
[INFO] [stderr] error: test failed, to rerun pass `--bin day22`
[INFO] [stdout] test test::part02 ... FAILED
[INFO] [stdout] 
[INFO] [stdout] failures:
[INFO] [stdout] 
[INFO] [stdout] ---- test::part02 stdout ----
[INFO] [stdout] thread 'test::part02' panicked at src/day22.rs:253:9:
[INFO] [stdout] assertion `left == right` failed
[INFO] [stdout]   left: 0
[INFO] [stdout]  right: 7
[INFO] [stdout] stack backtrace:
[INFO] [stdout]    0:     0x560d9769023c - std::backtrace_rs::backtrace::libunwind::trace::ha637c64ce894333a
[INFO] [stdout]                                at /rustc/82e1608dfa6e0b5569232559e3d385fea5a93112/library/std/src/../../backtrace/src/backtrace/libunwind.rs:104:5
[INFO] [stdout]    1:     0x560d9769023c - std::backtrace_rs::backtrace::trace_unsynchronized::h47f62dea28e0c88d
[INFO] [stdout]                                at /rustc/82e1608dfa6e0b5569232559e3d385fea5a93112/library/std/src/../../backtrace/src/backtrace/mod.rs:66:5
[INFO] [stdout]    2:     0x560d9769023c - std::sys_common::backtrace::_print_fmt::h9eef0abe20ede486
[INFO] [stdout]                                at /rustc/82e1608dfa6e0b5569232559e3d385fea5a93112/library/std/src/sys_common/backtrace.rs:67:5
[INFO] [stdout]    3:     0x560d9769023c - <std::sys_common::backtrace::_print::DisplayBacktrace as core::fmt::Display>::fmt::hed7f999df88cc644
[INFO] [stdout]                                at /rustc/82e1608dfa6e0b5569232559e3d385fea5a93112/library/std/src/sys_common/backtrace.rs:44:22
[INFO] [stdout]    4:     0x560d976ba0c0 - core::fmt::rt::Argument::fmt::h1539a9308b8d058d
[INFO] [stdout]                                at /rustc/82e1608dfa6e0b5569232559e3d385fea5a93112/library/core/src/fmt/rt.rs:142:9
[INFO] [stdout]    5:     0x560d976ba0c0 - core::fmt::write::h3a39390d8560d9c9
[INFO] [stdout]                                at /rustc/82e1608dfa6e0b5569232559e3d385fea5a93112/library/core/src/fmt/mod.rs:1120:17
[INFO] [stdout]    6:     0x560d9768dbef - std::io::Write::write_fmt::h040b369f3a0f9cbc
[INFO] [stdout]                                at /rustc/82e1608dfa6e0b5569232559e3d385fea5a93112/library/std/src/io/mod.rs:1762:15
[INFO] [stdout]    7:     0x560d97690024 - std::sys_common::backtrace::_print::h894006fb5c6f3d45
[INFO] [stdout]                                at /rustc/82e1608dfa6e0b5569232559e3d385fea5a93112/library/std/src/sys_common/backtrace.rs:47:5
[INFO] [stdout]    8:     0x560d97690024 - std::sys_common::backtrace::print::h23a2d212c6fff936
[INFO] [stdout]                                at /rustc/82e1608dfa6e0b5569232559e3d385fea5a93112/library/std/src/sys_common/backtrace.rs:34:9
[INFO] [stdout]    9:     0x560d97691ce7 - std::panicking::default_hook::{{closure}}::h8a1d2ee00185001a
[INFO] [stdout]   10:     0x560d976919d3 - std::panicking::default_hook::h6038f2eba384e475
[INFO] [stdout]                                at /rustc/82e1608dfa6e0b5569232559e3d385fea5a93112/library/std/src/panicking.rs:289:9
[INFO] [stdout]   11:     0x560d976623e7 - <alloc::boxed::Box<F,A> as core::ops::function::Fn<Args>>::call::h0ad024c9bdc6d768
[INFO] [stdout]                                at /rustc/82e1608dfa6e0b5569232559e3d385fea5a93112/library/alloc/src/boxed.rs:2021:9
[INFO] [stdout]   12:     0x560d976623e7 - test::test_main::{{closure}}::h7500b54257359db6
[INFO] [stdout]                                at /rustc/82e1608dfa6e0b5569232559e3d385fea5a93112/library/test/src/lib.rs:138:21
[INFO] [stdout]   13:     0x560d976922f8 - <alloc::boxed::Box<F,A> as core::ops::function::Fn<Args>>::call::h1f8f335eaa9cfaee
[INFO] [stdout]                                at /rustc/82e1608dfa6e0b5569232559e3d385fea5a93112/library/alloc/src/boxed.rs:2021:9
[INFO] [stdout]   14:     0x560d976922f8 - std::panicking::rust_panic_with_hook::h2b5517d590cab22e
[INFO] [stdout]                                at /rustc/82e1608dfa6e0b5569232559e3d385fea5a93112/library/std/src/panicking.rs:783:13
[INFO] [stdout]   15:     0x560d9769204e - std::panicking::begin_panic_handler::{{closure}}::h233112c06e0ef43e
[INFO] [stdout]                                at /rustc/82e1608dfa6e0b5569232559e3d385fea5a93112/library/std/src/panicking.rs:657:13
[INFO] [stdout]   16:     0x560d97690706 - std::sys_common::backtrace::__rust_end_short_backtrace::h6e893f24d7ebbff8
[INFO] [stdout]                                at /rustc/82e1608dfa6e0b5569232559e3d385fea5a93112/library/std/src/sys_common/backtrace.rs:170:18
[INFO] [stdout]   17:     0x560d97691db2 - rust_begin_unwind
[INFO] [stdout]                                at /rustc/82e1608dfa6e0b5569232559e3d385fea5a93112/library/std/src/panicking.rs:645:5
[INFO] [stdout]   18:     0x560d9761dcf5 - core::panicking::panic_fmt::hbf0e066aabfa482c
[INFO] [stdout]                                at /rustc/82e1608dfa6e0b5569232559e3d385fea5a93112/library/core/src/panicking.rs:72:14
[INFO] [stdout]   19:     0x560d9761e01b - core::panicking::assert_failed_inner::h0bba8b7c26ee4492
[INFO] [stdout]   20:     0x560d97620f9e - core::panicking::assert_failed::h65aa6b98125028c8
[INFO] [stdout]                                at /rustc/82e1608dfa6e0b5569232559e3d385fea5a93112/library/core/src/panicking.rs:279:5
[INFO] [stdout]   21:     0x560d976243c4 - day22::test::part02::h62e50070c8daf887
[INFO] [stdout]                                at /opt/rustwide/workdir/src/day22.rs:253:9
[INFO] [stdout]   22:     0x560d97624327 - day22::test::part02::{{closure}}::h782c273a7f0ea6af
[INFO] [stdout]                                at /opt/rustwide/workdir/src/day22.rs:252:16
[INFO] [stdout]   23:     0x560d97625486 - core::ops::function::FnOnce::call_once::h1ea9935c3a2712f5
[INFO] [stdout]                                at /rustc/82e1608dfa6e0b5569232559e3d385fea5a93112/library/core/src/ops/function.rs:250:5
[INFO] [stdout]   24:     0x560d97667a3f - core::ops::function::FnOnce::call_once::h2b5d431d5046312d
[INFO] [stdout]                                at /rustc/82e1608dfa6e0b5569232559e3d385fea5a93112/library/core/src/ops/function.rs:250:5
[INFO] [stdout]   25:     0x560d97667a3f - test::__rust_begin_short_backtrace::h7714669af176e207
[INFO] [stdout]                                at /rustc/82e1608dfa6e0b5569232559e3d385fea5a93112/library/test/src/lib.rs:628:18
[INFO] [stdout]   26:     0x560d97666a55 - test::run_test_in_process::{{closure}}::h85218797dcbcec12
[INFO] [stdout]                                at /rustc/82e1608dfa6e0b5569232559e3d385fea5a93112/library/test/src/lib.rs:651:60
[INFO] [stdout]   27:     0x560d97666a55 - <core::panic::unwind_safe::AssertUnwindSafe<F> as core::ops::function::FnOnce<()>>::call_once::h76c106ea31c14d7b
[INFO] [stdout]                                at /rustc/82e1608dfa6e0b5569232559e3d385fea5a93112/library/core/src/panic/unwind_safe.rs:272:9
[INFO] [stdout]   28:     0x560d97666a55 - std::panicking::try::do_call::h3bd5d0f6620ee946
[INFO] [stdout]                                at /rustc/82e1608dfa6e0b5569232559e3d385fea5a93112/library/std/src/panicking.rs:552:40
[INFO] [stdout]   29:     0x560d97666a55 - std::panicking::try::h232e535e4744fe31
[INFO] [stdout]                                at /rustc/82e1608dfa6e0b5569232559e3d385fea5a93112/library/std/src/panicking.rs:516:19
[INFO] [stdout]   30:     0x560d97666a55 - std::panic::catch_unwind::h3ce3bd6ca8dbac68
[INFO] [stdout]                                at /rustc/82e1608dfa6e0b5569232559e3d385fea5a93112/library/std/src/panic.rs:142:14
[INFO] [stdout]   31:     0x560d97666a55 - test::run_test_in_process::hc97b257c9621286a
[INFO] [stdout]                                at /rustc/82e1608dfa6e0b5569232559e3d385fea5a93112/library/test/src/lib.rs:651:27
[INFO] [stdout]   32:     0x560d97666a55 - test::run_test::{{closure}}::h2aa798823a438d38
[INFO] [stdout]                                at /rustc/82e1608dfa6e0b5569232559e3d385fea5a93112/library/test/src/lib.rs:574:43
[INFO] [stdout]   33:     0x560d9762ed16 - test::run_test::{{closure}}::h87d231c78fb59832
[INFO] [stdout]                                at /rustc/82e1608dfa6e0b5569232559e3d385fea5a93112/library/test/src/lib.rs:602:41
[INFO] [stdout]   34:     0x560d9762ed16 - std::sys_common::backtrace::__rust_begin_short_backtrace::he6df152596625789
[INFO] [stdout]                                at /rustc/82e1608dfa6e0b5569232559e3d385fea5a93112/library/std/src/sys_common/backtrace.rs:154:18
[INFO] [stdout]   35:     0x560d97633dc7 - std::thread::Builder::spawn_unchecked_::{{closure}}::{{closure}}::ha94be15d1e0acf36
[INFO] [stdout]                                at /rustc/82e1608dfa6e0b5569232559e3d385fea5a93112/library/std/src/thread/mod.rs:529:17
[INFO] [stdout]   36:     0x560d97633dc7 - <core::panic::unwind_safe::AssertUnwindSafe<F> as core::ops::function::FnOnce<()>>::call_once::h9dc6bd6372f16606
[INFO] [stdout]                                at /rustc/82e1608dfa6e0b5569232559e3d385fea5a93112/library/core/src/panic/unwind_safe.rs:272:9
[INFO] [stdout]   37:     0x560d97633dc7 - std::panicking::try::do_call::h9057517f80303cd4
[INFO] [stdout]                                at /rustc/82e1608dfa6e0b5569232559e3d385fea5a93112/library/std/src/panicking.rs:552:40
[INFO] [stdout]   38:     0x560d97633dc7 - std::panicking::try::he3a30b11ee45340c
[INFO] [stdout]                                at /rustc/82e1608dfa6e0b5569232559e3d385fea5a93112/library/std/src/panicking.rs:516:19
[INFO] [stdout]   39:     0x560d97633dc7 - std::panic::catch_unwind::h410458cfd3528b8b
[INFO] [stdout]                                at /rustc/82e1608dfa6e0b5569232559e3d385fea5a93112/library/std/src/panic.rs:142:14
[INFO] [stdout]   40:     0x560d97633dc7 - std::thread::Builder::spawn_unchecked_::{{closure}}::h72ac3bdb567b737b
[INFO] [stdout]                                at /rustc/82e1608dfa6e0b5569232559e3d385fea5a93112/library/std/src/thread/mod.rs:528:30
[INFO] [stdout]   41:     0x560d97633dc7 - core::ops::function::FnOnce::call_once{{vtable.shim}}::h38f34da3654a8344
[INFO] [stdout]                                at /rustc/82e1608dfa6e0b5569232559e3d385fea5a93112/library/core/src/ops/function.rs:250:5
[INFO] [stdout]   42:     0x560d97696d85 - <alloc::boxed::Box<F,A> as core::ops::function::FnOnce<Args>>::call_once::hc7eafaff61e32df9
[INFO] [stdout]                                at /rustc/82e1608dfa6e0b5569232559e3d385fea5a93112/library/alloc/src/boxed.rs:2007:9
[INFO] [stdout]   43:     0x560d97696d85 - <alloc::boxed::Box<F,A> as core::ops::function::FnOnce<Args>>::call_once::h6ba4a5de48dd2304
[INFO] [stdout]                                at /rustc/82e1608dfa6e0b5569232559e3d385fea5a93112/library/alloc/src/boxed.rs:2007:9
[INFO] [stdout]   44:     0x560d97696d85 - std::sys::unix::thread::Thread::new::thread_start::he469335aef763e45
[INFO] [stdout]                                at /rustc/82e1608dfa6e0b5569232559e3d385fea5a93112/library/std/src/sys/unix/thread.rs:108:17
[INFO] [stdout]   45:     0x7f6916a00ac3 - <unknown>
[INFO] [stdout]   46:     0x7f6916a91bf4 - __clone
[INFO] [stdout]   47:                0x0 - <unknown>
[INFO] [stdout] 
[INFO] [stdout] 
[INFO] [stdout] failures:
[INFO] [stdout]     test::part02
[INFO] [stdout] 
[INFO] [stdout] test result: FAILED. 1 passed; 1 failed; 0 ignored; 0 measured; 0 filtered out; finished in 0.03s
[INFO] [stdout] 
[INFO] running `Command { std: "docker" "inspect" "bb05bf7308cf2799148fe73b712009590298b6d8acfa6b1cf37b6b701f9c6e04", kill_on_drop: false }`
[INFO] running `Command { std: "docker" "rm" "-f" "bb05bf7308cf2799148fe73b712009590298b6d8acfa6b1cf37b6b701f9c6e04", kill_on_drop: false }`
[INFO] [stdout] bb05bf7308cf2799148fe73b712009590298b6d8acfa6b1cf37b6b701f9c6e04
