[INFO] cloning repository https://github.com/actions-marketplace-validations/sile-typesetter_casile
[INFO] running `Command { std: "git" "-c" "credential.helper=" "-c" "credential.helper=/workspace/cargo-home/bin/git-credential-null" "clone" "--bare" "https://github.com/actions-marketplace-validations/sile-typesetter_casile" "/workspace/cache/git-repos/https%3A%2F%2Fgithub.com%2Factions-marketplace-validations%2Fsile-typesetter_casile", kill_on_drop: false }`
[INFO] [stderr] Cloning into bare repository '/workspace/cache/git-repos/https%3A%2F%2Fgithub.com%2Factions-marketplace-validations%2Fsile-typesetter_casile'...
[INFO] running `Command { std: "git" "rev-parse" "HEAD", kill_on_drop: false }`
[INFO] [stdout] 11f71c2059cf154e64307b13ee6d7038072e385f
[INFO] testing actions-marketplace-validations/sile-typesetter_casile against 1.75.0 for beta-1.76-1
[INFO] running `Command { std: "git" "clone" "/workspace/cache/git-repos/https%3A%2F%2Fgithub.com%2Factions-marketplace-validations%2Fsile-typesetter_casile" "/workspace/builds/worker-7-tc1/source", kill_on_drop: false }`
[INFO] [stderr] Cloning into '/workspace/builds/worker-7-tc1/source'...
[INFO] [stderr] done.
[INFO] validating manifest of git repo https://github.com/actions-marketplace-validations/sile-typesetter_casile on toolchain 1.75.0
[INFO] running `Command { std: CARGO_HOME="/workspace/cargo-home" RUSTUP_HOME="/workspace/rustup-home" "/workspace/cargo-home/bin/cargo" "+1.75.0" "metadata" "--manifest-path" "Cargo.toml" "--no-deps", kill_on_drop: false }`
[INFO] removed /workspace/builds/worker-7-tc1/source/rust-toolchain
[INFO] started tweaking git repo https://github.com/actions-marketplace-validations/sile-typesetter_casile
[INFO] finished tweaking git repo https://github.com/actions-marketplace-validations/sile-typesetter_casile
[INFO] tweaked toml for git repo https://github.com/actions-marketplace-validations/sile-typesetter_casile written to /workspace/builds/worker-7-tc1/source/Cargo.toml
[INFO] crate git repo https://github.com/actions-marketplace-validations/sile-typesetter_casile already has a lockfile, it will not be regenerated
[INFO] running `Command { std: CARGO_HOME="/workspace/cargo-home" RUSTUP_HOME="/workspace/rustup-home" "/workspace/cargo-home/bin/cargo" "+1.75.0" "fetch" "--manifest-path" "Cargo.toml", kill_on_drop: false }`
[INFO] [stderr]     Updating crates.io index
[INFO] [stderr]  Downloading crates ...
[INFO] [stderr]   Downloaded clap_complete v3.2.4
[INFO] [stderr]   Downloaded enum-iterator v1.1.3
[INFO] [stderr]   Downloaded unic-langid v0.9.0
[INFO] [stderr]   Downloaded git-warp-time v0.4.5
[INFO] [stderr]   Downloaded unic-langid-impl v0.9.0
[INFO] [stderr]   Downloaded intl_pluralrules v7.0.1
[INFO] [stderr]   Downloaded vergen v7.4.2
[INFO] [stderr]   Downloaded reiterate v0.1.3
[INFO] [stderr]   Downloaded fluent v0.12.0
[INFO] [stderr]   Downloaded fluent-fallback v0.0.4
[INFO] [stderr]   Downloaded vergen v6.0.2
[INFO] running `Command { std: "docker" "create" "-v" "/var/lib/crater-agent-workspace/builds/worker-7-tc1/target:/opt/rustwide/target:rw,Z" "-v" "/var/lib/crater-agent-workspace/builds/worker-7-tc1/source:/opt/rustwide/workdir:ro,Z" "-v" "/var/lib/crater-agent-workspace/cargo-home:/opt/rustwide/cargo-home:ro,Z" "-v" "/var/lib/crater-agent-workspace/rustup-home:/opt/rustwide/rustup-home:ro,Z" "-e" "SOURCE_DIR=/opt/rustwide/workdir" "-e" "CARGO_TARGET_DIR=/opt/rustwide/target" "-e" "CARGO_HOME=/opt/rustwide/cargo-home" "-e" "RUSTUP_HOME=/opt/rustwide/rustup-home" "-w" "/opt/rustwide/workdir" "-m" "1610612736" "--user" "0:0" "--network" "none" "ghcr.io/rust-lang/crates-build-env/linux@sha256:2788e3201cd34a07e3172128adcd8b3090168a8e3bcc40d7c032b9dda1df7d1c" "/opt/rustwide/cargo-home/bin/cargo" "+1.75.0" "metadata" "--no-deps" "--format-version=1", kill_on_drop: false }`
[INFO] [stdout] fc03644acd058bed2aec024ee61546ad3a3c33c080fe7bf8b539f21ffca45c06
[INFO] running `Command { std: "docker" "start" "-a" "fc03644acd058bed2aec024ee61546ad3a3c33c080fe7bf8b539f21ffca45c06", kill_on_drop: false }`
[INFO] running `Command { std: "docker" "inspect" "fc03644acd058bed2aec024ee61546ad3a3c33c080fe7bf8b539f21ffca45c06", kill_on_drop: false }`
[INFO] running `Command { std: "docker" "rm" "-f" "fc03644acd058bed2aec024ee61546ad3a3c33c080fe7bf8b539f21ffca45c06", kill_on_drop: false }`
[INFO] [stdout] fc03644acd058bed2aec024ee61546ad3a3c33c080fe7bf8b539f21ffca45c06
[INFO] running `Command { std: "docker" "create" "-v" "/var/lib/crater-agent-workspace/builds/worker-7-tc1/target:/opt/rustwide/target:rw,Z" "-v" "/var/lib/crater-agent-workspace/builds/worker-7-tc1/source:/opt/rustwide/workdir:ro,Z" "-v" "/var/lib/crater-agent-workspace/cargo-home:/opt/rustwide/cargo-home:ro,Z" "-v" "/var/lib/crater-agent-workspace/rustup-home:/opt/rustwide/rustup-home:ro,Z" "-e" "SOURCE_DIR=/opt/rustwide/workdir" "-e" "CARGO_TARGET_DIR=/opt/rustwide/target" "-e" "CARGO_INCREMENTAL=0" "-e" "RUST_BACKTRACE=full" "-e" "RUSTFLAGS=--cap-lints=warn" "-e" "RUSTDOCFLAGS=--cap-lints=warn" "-e" "CARGO_HOME=/opt/rustwide/cargo-home" "-e" "RUSTUP_HOME=/opt/rustwide/rustup-home" "-w" "/opt/rustwide/workdir" "-m" "1610612736" "--user" "0:0" "--network" "none" "ghcr.io/rust-lang/crates-build-env/linux@sha256:2788e3201cd34a07e3172128adcd8b3090168a8e3bcc40d7c032b9dda1df7d1c" "/opt/rustwide/cargo-home/bin/cargo" "+1.75.0" "build" "--frozen" "--message-format=json", kill_on_drop: false }`
[INFO] [stdout] dc88c2f0323f4051e8f9ba4653a6f1b3e3b42a0457df54dadb55a4604126e1bf
[INFO] running `Command { std: "docker" "start" "-a" "dc88c2f0323f4051e8f9ba4653a6f1b3e3b42a0457df54dadb55a4604126e1bf", kill_on_drop: false }`
[INFO] [stderr]    Compiling libc v0.2.135
[INFO] [stderr]    Compiling proc-macro2 v1.0.47
[INFO] [stderr]    Compiling unicode-ident v1.0.5
[INFO] [stderr]    Compiling quote v1.0.21
[INFO] [stderr]    Compiling syn v1.0.103
[INFO] [stderr]    Compiling pkg-config v0.3.25
[INFO] [stderr]    Compiling rustversion v1.0.9
[INFO] [stderr]    Compiling unicode-bidi v0.3.8
[INFO] [stderr]    Compiling once_cell v1.15.0
[INFO] [stderr]    Compiling tinyvec v1.6.0
[INFO] [stderr]    Compiling num-traits v0.2.15
[INFO] [stderr]    Compiling anyhow v1.0.65
[INFO] [stderr]    Compiling num-integer v0.1.45
[INFO] [stderr]    Compiling typenum v1.15.0
[INFO] [stderr]    Compiling thiserror v1.0.37
[INFO] [stderr]    Compiling generic-array v0.14.6
[INFO] [stderr]    Compiling tinystr v0.3.4
[INFO] [stderr]    Compiling iana-time-zone v0.1.51
[INFO] [stderr]    Compiling unic-langid-impl v0.9.0
[INFO] [stderr]    Compiling crossbeam-utils v0.8.11
[INFO] [stderr]    Compiling memoffset v0.6.5
[INFO] [stderr]    Compiling indexmap v1.9.1
[INFO] [stderr]    Compiling itoa v1.0.4
[INFO] [stderr]    Compiling num_threads v0.1.6
[INFO] [stderr]    Compiling crossbeam-epoch v0.9.10
[INFO] [stderr]    Compiling hashbrown v0.12.3
[INFO] [stderr]    Compiling unic-langid v0.9.0
[INFO] [stderr]    Compiling os_str_bytes v6.3.0
[INFO] [stderr]    Compiling heck v0.4.0
[INFO] [stderr]    Compiling type-map v0.4.0
[INFO] [stderr]    Compiling rayon-core v1.9.3
[INFO] [stderr]    Compiling same-file v1.0.6
[INFO] [stderr]    Compiling termcolor v1.1.3
[INFO] [stderr]    Compiling clap_lex v0.2.4
[INFO] [stderr]    Compiling cpufeatures v0.2.5
[INFO] [stderr]    Compiling strsim v0.10.0
[INFO] [stderr]    Compiling intl-memoizer v0.5.1
[INFO] [stderr]    Compiling walkdir v2.3.2
[INFO] [stderr]    Compiling fluent-langneg v0.13.0
[INFO] [stderr]    Compiling intl_pluralrules v7.0.1
[INFO] [stderr]    Compiling async-trait v0.1.57
[INFO] [stderr]    Compiling jobserver v0.1.24
[INFO] [stderr]    Compiling unicode-normalization v0.1.22
[INFO] [stderr]    Compiling time v0.1.44
[INFO] [stderr]    Compiling terminal_size v0.1.17
[INFO] [stderr]    Compiling time v0.3.14
[INFO] [stderr]    Compiling atty v0.2.14
[INFO] [stderr]    Compiling textwrap v0.15.0
[INFO] [stderr]    Compiling cc v1.0.73
[INFO] [stderr]    Compiling serde v1.0.145
[INFO] [stderr]    Compiling fluent-syntax v0.9.3
[INFO] [stderr]    Compiling proc-macro-error-attr v1.0.4
[INFO] [stderr]    Compiling num_cpus v1.13.1
[INFO] [stderr]    Compiling crossbeam-channel v0.5.6
[INFO] [stderr]    Compiling elsa v1.7.0
[INFO] [stderr]    Compiling rayon v1.5.3
[INFO] [stderr]    Compiling idna v0.3.0
[INFO] [stderr]    Compiling chrono v0.4.22
[INFO] [stderr]    Compiling crossbeam-deque v0.8.2
[INFO] [stderr]    Compiling either v1.8.0
[INFO] [stderr]    Compiling minimal-lexical v0.2.1
[INFO] [stderr]    Compiling linked-hash-map v0.5.6
[INFO] [stderr]    Compiling reiterate v0.1.3
[INFO] [stderr]    Compiling filetime v0.2.17
[INFO] [stderr]    Compiling aho-corasick v0.7.19
[INFO] [stderr]    Compiling yaml-rust v0.4.5
[INFO] [stderr]    Compiling regex-syntax v0.6.27
[INFO] [stderr]    Compiling pathdiff v0.2.1
[INFO] [stderr]    Compiling nom v7.1.1
[INFO] [stderr]    Compiling block-buffer v0.9.0
[INFO] [stderr]    Compiling digest v0.9.0
[INFO] [stderr]    Compiling itertools v0.10.3
[INFO] [stderr]    Compiling colored v2.0.0
[INFO] [stderr]    Compiling subprocess v0.2.9
[INFO] [stderr]    Compiling sha2 v0.9.9
[INFO] [stderr]    Compiling url v2.3.1
[INFO] [stderr]    Compiling vergen v7.4.2
[INFO] [stderr]    Compiling libz-sys v1.1.8
[INFO] [stderr]    Compiling libgit2-sys v0.13.4+1.4.2
[INFO] [stderr]    Compiling rust-embed-utils v7.2.0
[INFO] [stderr]    Compiling Inflector v0.11.4
[INFO] [stderr]    Compiling vergen v6.0.2
[INFO] [stderr]    Compiling regex v1.6.0
[INFO] [stderr]    Compiling proc-macro-error v1.0.4
[INFO] [stderr]    Compiling thiserror-impl v1.0.37
[INFO] [stderr]    Compiling getset v0.1.2
[INFO] [stderr]    Compiling enum-iterator-derive v0.8.1
[INFO] [stderr]    Compiling rental-impl v0.5.5
[INFO] [stderr]    Compiling enum-iterator-derive v1.1.0
[INFO] [stderr]    Compiling clap_derive v3.2.18
[INFO] [stderr]    Compiling rust-embed-impl v6.2.0
[INFO] [stderr]    Compiling git2 v0.14.4
[INFO] [stderr]    Compiling rust-embed v6.4.0
[INFO] [stderr]    Compiling enum-iterator v0.8.1
[INFO] [stderr]    Compiling config v0.13.2
[INFO] [stderr]    Compiling enum-iterator v1.1.3
[INFO] [stderr]    Compiling clap v3.2.20
[INFO] [stderr]    Compiling git-warp-time v0.4.5
[INFO] [stderr]    Compiling clap_complete v3.2.4
[INFO] [stderr]    Compiling rental v0.5.6
[INFO] [stderr]    Compiling fluent-bundle v0.12.0
[INFO] [stderr]    Compiling fluent v0.12.0
[INFO] [stderr]    Compiling fluent-fallback v0.0.4
[INFO] [stderr]    Compiling casile v0.10.9 (/opt/rustwide/workdir)
[INFO] [stdout] warning: use of deprecated method `config::Config::set_default`: please use 'ConfigBuilder' instead
[INFO] [stdout]   --> src/config.rs:19:14
[INFO] [stdout]    |
[INFO] [stdout] 19 |             .set_default("debug", false)?
[INFO] [stdout]    |              ^^^^^^^^^^^
[INFO] [stdout]    |
[INFO] [stdout]    = note: `#[warn(deprecated)]` on by default
[INFO] [stdout] 
[INFO] [stdout] 
[INFO] [stdout] warning: use of deprecated method `config::Config::set_default`: please use 'ConfigBuilder' instead
[INFO] [stdout]   --> src/config.rs:20:14
[INFO] [stdout]    |
[INFO] [stdout] 20 |             .set_default("quiet", false)?
[INFO] [stdout]    |              ^^^^^^^^^^^
[INFO] [stdout] 
[INFO] [stdout] 
[INFO] [stdout] warning: use of deprecated method `config::Config::set_default`: please use 'ConfigBuilder' instead
[INFO] [stdout]   --> src/config.rs:21:14
[INFO] [stdout]    |
[INFO] [stdout] 21 |             .set_default("verbose", false)?
[INFO] [stdout]    |              ^^^^^^^^^^^
[INFO] [stdout] 
[INFO] [stdout] 
[INFO] [stdout] warning: use of deprecated method `config::Config::set_default`: please use 'ConfigBuilder' instead
[INFO] [stdout]   --> src/config.rs:22:14
[INFO] [stdout]    |
[INFO] [stdout] 22 |             .set_default("language", crate::DEFAULT_LOCALE)?
[INFO] [stdout]    |              ^^^^^^^^^^^
[INFO] [stdout] 
[INFO] [stdout] 
[INFO] [stdout] warning: use of deprecated method `config::Config::set_default`: please use 'ConfigBuilder' instead
[INFO] [stdout]   --> src/config.rs:23:14
[INFO] [stdout]    |
[INFO] [stdout] 23 |             .set_default("path", "./")?;
[INFO] [stdout]    |              ^^^^^^^^^^^
[INFO] [stdout] 
[INFO] [stdout] 
[INFO] [stdout] warning: use of deprecated method `config::Config::merge`: please use 'ConfigBuilder' instead
[INFO] [stdout]   --> src/config.rs:34:16
[INFO] [stdout]    |
[INFO] [stdout] 34 |         config.merge(Environment::with_prefix("casile"))?;
[INFO] [stdout]    |                ^^^^^
[INFO] [stdout] 
[INFO] [stdout] 
[INFO] [stdout] warning: use of deprecated method `config::Config::merge`: please use 'ConfigBuilder' instead
[INFO] [stdout]   --> src/config.rs:43:20
[INFO] [stdout]    |
[INFO] [stdout] 43 |             config.merge(f)?;
[INFO] [stdout]    |                    ^^^^^
[INFO] [stdout] 
[INFO] [stdout] 
[INFO] [stdout] warning: use of deprecated method `config::Config::set`: please use 'ConfigBuilder' instead
[INFO] [stdout]   --> src/config.rs:67:49
[INFO] [stdout]    |
[INFO] [stdout] 67 |         self.write().expect(ERROR_CONFIG_WRITE).set(key, val)?;
[INFO] [stdout]    |                                                 ^^^
[INFO] [stdout] 
[INFO] [stdout] 
[INFO] [stdout] warning: use of deprecated method `config::Config::set`: please use 'ConfigBuilder' instead
[INFO] [stdout]   --> src/config.rs:76:49
[INFO] [stdout]    |
[INFO] [stdout] 76 |         self.write().expect(ERROR_CONFIG_WRITE).set(key, val)?;
[INFO] [stdout]    |                                                 ^^^
[INFO] [stdout] 
[INFO] [stdout] 
[INFO] [stdout] warning: 9 warnings emitted
[INFO] [stdout] 
[INFO] [stdout] 
[INFO] [stderr]     Finished dev [unoptimized + debuginfo] target(s) in 13.00s
[INFO] running `Command { std: "docker" "inspect" "dc88c2f0323f4051e8f9ba4653a6f1b3e3b42a0457df54dadb55a4604126e1bf", kill_on_drop: false }`
[INFO] running `Command { std: "docker" "rm" "-f" "dc88c2f0323f4051e8f9ba4653a6f1b3e3b42a0457df54dadb55a4604126e1bf", kill_on_drop: false }`
[INFO] [stdout] dc88c2f0323f4051e8f9ba4653a6f1b3e3b42a0457df54dadb55a4604126e1bf
[INFO] running `Command { std: "docker" "create" "-v" "/var/lib/crater-agent-workspace/builds/worker-7-tc1/target:/opt/rustwide/target:rw,Z" "-v" "/var/lib/crater-agent-workspace/builds/worker-7-tc1/source:/opt/rustwide/workdir:ro,Z" "-v" "/var/lib/crater-agent-workspace/cargo-home:/opt/rustwide/cargo-home:ro,Z" "-v" "/var/lib/crater-agent-workspace/rustup-home:/opt/rustwide/rustup-home:ro,Z" "-e" "SOURCE_DIR=/opt/rustwide/workdir" "-e" "CARGO_TARGET_DIR=/opt/rustwide/target" "-e" "CARGO_INCREMENTAL=0" "-e" "RUST_BACKTRACE=full" "-e" "RUSTFLAGS=--cap-lints=warn" "-e" "RUSTDOCFLAGS=--cap-lints=warn" "-e" "CARGO_HOME=/opt/rustwide/cargo-home" "-e" "RUSTUP_HOME=/opt/rustwide/rustup-home" "-w" "/opt/rustwide/workdir" "-m" "1610612736" "--user" "0:0" "--network" "none" "ghcr.io/rust-lang/crates-build-env/linux@sha256:2788e3201cd34a07e3172128adcd8b3090168a8e3bcc40d7c032b9dda1df7d1c" "/opt/rustwide/cargo-home/bin/cargo" "+1.75.0" "test" "--frozen" "--no-run" "--message-format=json", kill_on_drop: false }`
[INFO] [stdout] a30d047f4c18d8bfcaf8942abde77798db6ba8a480e6d00aad2f1ebfffd90be6
[INFO] running `Command { std: "docker" "start" "-a" "a30d047f4c18d8bfcaf8942abde77798db6ba8a480e6d00aad2f1ebfffd90be6", kill_on_drop: false }`
[INFO] [stderr]    Compiling num-traits v0.2.15
[INFO] [stderr]    Compiling predicates-core v1.0.3
[INFO] [stderr]    Compiling termtree v0.2.4
[INFO] [stderr]    Compiling difflib v0.4.0
[INFO] [stderr]    Compiling regex-automata v0.1.10
[INFO] [stderr]    Compiling normalize-line-endings v0.3.0
[INFO] [stderr]    Compiling wait-timeout v0.2.0
[INFO] [stderr]    Compiling predicates-tree v1.0.5
[INFO] [stderr]    Compiling bstr v0.2.17
[INFO] [stderr]    Compiling num-integer v0.1.45
[INFO] [stderr]    Compiling float-cmp v0.9.0
[INFO] [stderr]    Compiling predicates v2.1.1
[INFO] [stderr]    Compiling chrono v0.4.22
[INFO] [stderr]    Compiling assert_cmd v2.0.4
[INFO] [stderr]    Compiling vergen v6.0.2
[INFO] [stderr]    Compiling git-warp-time v0.4.5
[INFO] [stderr]    Compiling casile v0.10.9 (/opt/rustwide/workdir)
[INFO] [stdout] warning: use of deprecated method `config::Config::set_default`: please use 'ConfigBuilder' instead
[INFO] [stdout]   --> src/config.rs:19:14
[INFO] [stdout]    |
[INFO] [stdout] 19 |             .set_default("debug", false)?
[INFO] [stdout]    |              ^^^^^^^^^^^
[INFO] [stdout]    |
[INFO] [stdout]    = note: `#[warn(deprecated)]` on by default
[INFO] [stdout] 
[INFO] [stdout] 
[INFO] [stdout] warning: use of deprecated method `config::Config::set_default`: please use 'ConfigBuilder' instead
[INFO] [stdout]   --> src/config.rs:20:14
[INFO] [stdout]    |
[INFO] [stdout] 20 |             .set_default("quiet", false)?
[INFO] [stdout]    |              ^^^^^^^^^^^
[INFO] [stdout] 
[INFO] [stdout] 
[INFO] [stdout] warning: use of deprecated method `config::Config::set_default`: please use 'ConfigBuilder' instead
[INFO] [stdout]   --> src/config.rs:21:14
[INFO] [stdout]    |
[INFO] [stdout] 21 |             .set_default("verbose", false)?
[INFO] [stdout]    |              ^^^^^^^^^^^
[INFO] [stdout] 
[INFO] [stdout] 
[INFO] [stdout] warning: use of deprecated method `config::Config::set_default`: please use 'ConfigBuilder' instead
[INFO] [stdout]   --> src/config.rs:22:14
[INFO] [stdout]    |
[INFO] [stdout] 22 |             .set_default("language", crate::DEFAULT_LOCALE)?
[INFO] [stdout]    |              ^^^^^^^^^^^
[INFO] [stdout] 
[INFO] [stdout] 
[INFO] [stdout] warning: use of deprecated method `config::Config::set_default`: please use 'ConfigBuilder' instead
[INFO] [stdout]   --> src/config.rs:23:14
[INFO] [stdout]    |
[INFO] [stdout] 23 |             .set_default("path", "./")?;
[INFO] [stdout]    |              ^^^^^^^^^^^
[INFO] [stdout] 
[INFO] [stdout] 
[INFO] [stdout] warning: use of deprecated method `config::Config::merge`: please use 'ConfigBuilder' instead
[INFO] [stdout]   --> src/config.rs:34:16
[INFO] [stdout]    |
[INFO] [stdout] 34 |         config.merge(Environment::with_prefix("casile"))?;
[INFO] [stdout]    |                ^^^^^
[INFO] [stdout] 
[INFO] [stdout] 
[INFO] [stdout] warning: use of deprecated method `config::Config::merge`: please use 'ConfigBuilder' instead
[INFO] [stdout]   --> src/config.rs:43:20
[INFO] [stdout]    |
[INFO] [stdout] 43 |             config.merge(f)?;
[INFO] [stdout]    |                    ^^^^^
[INFO] [stdout] 
[INFO] [stdout] 
[INFO] [stdout] warning: use of deprecated method `config::Config::set`: please use 'ConfigBuilder' instead
[INFO] [stdout]   --> src/config.rs:67:49
[INFO] [stdout]    |
[INFO] [stdout] 67 |         self.write().expect(ERROR_CONFIG_WRITE).set(key, val)?;
[INFO] [stdout]    |                                                 ^^^
[INFO] [stdout] 
[INFO] [stdout] 
[INFO] [stdout] warning: use of deprecated method `config::Config::set`: please use 'ConfigBuilder' instead
[INFO] [stdout]   --> src/config.rs:76:49
[INFO] [stdout]    |
[INFO] [stdout] 76 |         self.write().expect(ERROR_CONFIG_WRITE).set(key, val)?;
[INFO] [stdout]    |                                                 ^^^
[INFO] [stdout] 
[INFO] [stdout] 
[INFO] [stdout] warning: use of deprecated method `config::Config::set_default`: please use 'ConfigBuilder' instead
[INFO] [stdout]   --> src/config.rs:19:14
[INFO] [stdout]    |
[INFO] [stdout] 19 |             .set_default("debug", false)?
[INFO] [stdout]    |              ^^^^^^^^^^^
[INFO] [stdout]    |
[INFO] [stdout]    = note: `#[warn(deprecated)]` on by default
[INFO] [stdout] 
[INFO] [stdout] 
[INFO] [stdout] warning: use of deprecated method `config::Config::set_default`: please use 'ConfigBuilder' instead
[INFO] [stdout]   --> src/config.rs:20:14
[INFO] [stdout]    |
[INFO] [stdout] 20 |             .set_default("quiet", false)?
[INFO] [stdout]    |              ^^^^^^^^^^^
[INFO] [stdout] 
[INFO] [stdout] 
[INFO] [stdout] warning: use of deprecated method `config::Config::set_default`: please use 'ConfigBuilder' instead
[INFO] [stdout]   --> src/config.rs:21:14
[INFO] [stdout]    |
[INFO] [stdout] 21 |             .set_default("verbose", false)?
[INFO] [stdout]    |              ^^^^^^^^^^^
[INFO] [stdout] 
[INFO] [stdout] 
[INFO] [stdout] warning: use of deprecated method `config::Config::set_default`: please use 'ConfigBuilder' instead
[INFO] [stdout]   --> src/config.rs:22:14
[INFO] [stdout]    |
[INFO] [stdout] 22 |             .set_default("language", crate::DEFAULT_LOCALE)?
[INFO] [stdout]    |              ^^^^^^^^^^^
[INFO] [stdout] 
[INFO] [stdout] 
[INFO] [stdout] warning: use of deprecated method `config::Config::set_default`: please use 'ConfigBuilder' instead
[INFO] [stdout]   --> src/config.rs:23:14
[INFO] [stdout]    |
[INFO] [stdout] 23 |             .set_default("path", "./")?;
[INFO] [stdout]    |              ^^^^^^^^^^^
[INFO] [stdout] 
[INFO] [stdout] 
[INFO] [stdout] warning: use of deprecated method `config::Config::merge`: please use 'ConfigBuilder' instead
[INFO] [stdout]   --> src/config.rs:34:16
[INFO] [stdout]    |
[INFO] [stdout] 34 |         config.merge(Environment::with_prefix("casile"))?;
[INFO] [stdout]    |                ^^^^^
[INFO] [stdout] 
[INFO] [stdout] 
[INFO] [stdout] warning: use of deprecated method `config::Config::merge`: please use 'ConfigBuilder' instead
[INFO] [stdout]   --> src/config.rs:43:20
[INFO] [stdout]    |
[INFO] [stdout] 43 |             config.merge(f)?;
[INFO] [stdout]    |                    ^^^^^
[INFO] [stdout] 
[INFO] [stdout] 
[INFO] [stdout] warning: use of deprecated method `config::Config::set`: please use 'ConfigBuilder' instead
[INFO] [stdout]   --> src/config.rs:67:49
[INFO] [stdout]    |
[INFO] [stdout] 67 |         self.write().expect(ERROR_CONFIG_WRITE).set(key, val)?;
[INFO] [stdout]    |                                                 ^^^
[INFO] [stdout] 
[INFO] [stdout] 
[INFO] [stdout] warning: use of deprecated method `config::Config::set`: please use 'ConfigBuilder' instead
[INFO] [stdout]   --> src/config.rs:76:49
[INFO] [stdout]    |
[INFO] [stdout] 76 |         self.write().expect(ERROR_CONFIG_WRITE).set(key, val)?;
[INFO] [stdout]    |                                                 ^^^
[INFO] [stdout] 
[INFO] [stdout] 
[INFO] [stdout] warning: 9 warnings emitted
[INFO] [stdout] 
[INFO] [stdout] 
[INFO] [stdout] warning: 9 warnings emitted
[INFO] [stdout] 
[INFO] [stdout] 
[INFO] [stderr]     Finished test [unoptimized + debuginfo] target(s) in 4.51s
[INFO] running `Command { std: "docker" "inspect" "a30d047f4c18d8bfcaf8942abde77798db6ba8a480e6d00aad2f1ebfffd90be6", kill_on_drop: false }`
[INFO] running `Command { std: "docker" "rm" "-f" "a30d047f4c18d8bfcaf8942abde77798db6ba8a480e6d00aad2f1ebfffd90be6", kill_on_drop: false }`
[INFO] [stdout] a30d047f4c18d8bfcaf8942abde77798db6ba8a480e6d00aad2f1ebfffd90be6
[INFO] running `Command { std: "docker" "create" "-v" "/var/lib/crater-agent-workspace/builds/worker-7-tc1/target:/opt/rustwide/target:rw,Z" "-v" "/var/lib/crater-agent-workspace/builds/worker-7-tc1/source:/opt/rustwide/workdir:ro,Z" "-v" "/var/lib/crater-agent-workspace/cargo-home:/opt/rustwide/cargo-home:ro,Z" "-v" "/var/lib/crater-agent-workspace/rustup-home:/opt/rustwide/rustup-home:ro,Z" "-e" "SOURCE_DIR=/opt/rustwide/workdir" "-e" "CARGO_TARGET_DIR=/opt/rustwide/target" "-e" "CARGO_INCREMENTAL=0" "-e" "RUST_BACKTRACE=full" "-e" "RUSTFLAGS=--cap-lints=warn" "-e" "RUSTDOCFLAGS=--cap-lints=warn" "-e" "CARGO_HOME=/opt/rustwide/cargo-home" "-e" "RUSTUP_HOME=/opt/rustwide/rustup-home" "-w" "/opt/rustwide/workdir" "-m" "1610612736" "--user" "0:0" "--network" "none" "ghcr.io/rust-lang/crates-build-env/linux@sha256:2788e3201cd34a07e3172128adcd8b3090168a8e3bcc40d7c032b9dda1df7d1c" "/opt/rustwide/cargo-home/bin/cargo" "+1.75.0" "test" "--frozen", kill_on_drop: false }`
[INFO] [stdout] 180f01444a433befe20bc2f50c47c7f45e4a613c6a67d3d7566e829f614714b2
[INFO] running `Command { std: "docker" "start" "-a" "180f01444a433befe20bc2f50c47c7f45e4a613c6a67d3d7566e829f614714b2", kill_on_drop: false }`
[INFO] [stderr] warning: use of deprecated method `config::Config::set_default`: please use 'ConfigBuilder' instead
[INFO] [stderr]   --> src/config.rs:19:14
[INFO] [stderr]    |
[INFO] [stderr] 19 |             .set_default("debug", false)?
[INFO] [stderr]    |              ^^^^^^^^^^^
[INFO] [stderr]    |
[INFO] [stderr]    = note: `#[warn(deprecated)]` on by default
[INFO] [stderr] 
[INFO] [stderr] warning: use of deprecated method `config::Config::set_default`: please use 'ConfigBuilder' instead
[INFO] [stderr]   --> src/config.rs:20:14
[INFO] [stderr]    |
[INFO] [stderr] 20 |             .set_default("quiet", false)?
[INFO] [stderr]    |              ^^^^^^^^^^^
[INFO] [stderr] 
[INFO] [stderr] warning: use of deprecated method `config::Config::set_default`: please use 'ConfigBuilder' instead
[INFO] [stderr]   --> src/config.rs:21:14
[INFO] [stderr]    |
[INFO] [stderr] 21 |             .set_default("verbose", false)?
[INFO] [stderr]    |              ^^^^^^^^^^^
[INFO] [stderr] 
[INFO] [stderr] warning: use of deprecated method `config::Config::set_default`: please use 'ConfigBuilder' instead
[INFO] [stderr]   --> src/config.rs:22:14
[INFO] [stderr]    |
[INFO] [stderr] 22 |             .set_default("language", crate::DEFAULT_LOCALE)?
[INFO] [stderr]    |              ^^^^^^^^^^^
[INFO] [stderr] 
[INFO] [stderr] warning: use of deprecated method `config::Config::set_default`: please use 'ConfigBuilder' instead
[INFO] [stderr]   --> src/config.rs:23:14
[INFO] [stderr]    |
[INFO] [stderr] 23 |             .set_default("path", "./")?;
[INFO] [stderr]    |              ^^^^^^^^^^^
[INFO] [stderr] 
[INFO] [stderr] warning: use of deprecated method `config::Config::merge`: please use 'ConfigBuilder' instead
[INFO] [stderr]   --> src/config.rs:34:16
[INFO] [stderr]    |
[INFO] [stderr] 34 |         config.merge(Environment::with_prefix("casile"))?;
[INFO] [stderr]    |                ^^^^^
[INFO] [stderr] 
[INFO] [stderr] warning: use of deprecated method `config::Config::merge`: please use 'ConfigBuilder' instead
[INFO] [stderr]   --> src/config.rs:43:20
[INFO] [stderr]    |
[INFO] [stderr] 43 |             config.merge(f)?;
[INFO] [stderr]    |                    ^^^^^
[INFO] [stderr] 
[INFO] [stderr] warning: use of deprecated method `config::Config::set`: please use 'ConfigBuilder' instead
[INFO] [stderr]   --> src/config.rs:67:49
[INFO] [stderr]    |
[INFO] [stderr] 67 |         self.write().expect(ERROR_CONFIG_WRITE).set(key, val)?;
[INFO] [stderr]    |                                                 ^^^
[INFO] [stderr] 
[INFO] [stderr] warning: use of deprecated method `config::Config::set`: please use 'ConfigBuilder' instead
[INFO] [stderr]   --> src/config.rs:76:49
[INFO] [stderr]    |
[INFO] [stderr] 76 |         self.write().expect(ERROR_CONFIG_WRITE).set(key, val)?;
[INFO] [stderr]    |                                                 ^^^
[INFO] [stderr] 
[INFO] [stderr] warning: `casile` (lib) generated 9 warnings
[INFO] [stderr] warning: `casile` (lib test) generated 9 warnings (9 duplicates)
[INFO] [stderr]     Finished test [unoptimized + debuginfo] target(s) in 0.09s
[INFO] [stderr]      Running unittests src/lib.rs (/opt/rustwide/target/debug/deps/casile-c29280e3c2944b66)
[INFO] [stdout] 
[INFO] [stdout] running 2 tests
[INFO] [stdout] test i18n::tests::parse_locale ... ok
[INFO] [stdout] test i18n::tests::trim_systemd_locale ... ok
[INFO] [stdout] 
[INFO] [stdout] test result: ok. 2 passed; 0 failed; 0 ignored; 0 measured; 0 filtered out; finished in 0.00s
[INFO] [stdout] 
[INFO] [stderr]      Running unittests src/main.rs (/opt/rustwide/target/debug/deps/casile-00f82428bc700821)
[INFO] [stdout] 
[INFO] [stdout] running 0 tests
[INFO] [stdout] 
[INFO] [stdout] test result: ok. 0 passed; 0 failed; 0 ignored; 0 measured; 0 filtered out; finished in 0.00s
[INFO] [stdout] 
[INFO] [stderr]      Running tests/cli.rs (/opt/rustwide/target/debug/deps/cli-a97f5b6e22f5bc1d)
[INFO] [stdout] 
[INFO] [stdout] running 3 tests
[INFO] [stdout] test setup_path_exists ... ok
[INFO] [stdout] test ouput_is_localized ... ok
[INFO] [stdout] test outputs_version ... FAILED
[INFO] [stdout] 
[INFO] [stdout] failures:
[INFO] [stdout] 
[INFO] [stdout] ---- outputs_version stdout ----
[INFO] [stdout] thread 'outputs_version' panicked at /rustc/82e1608dfa6e0b5569232559e3d385fea5a93112/library/core/src/ops/function.rs:250:5:
[INFO] [stdout] Unexpected stdout, failed var.starts_with("casile v")
[INFO] [stdout] ├── var: casile 0.10.9
[INFO] [stdout] └── var as str: casile 0.10.9
[INFO] [stdout] 
[INFO] [stdout] command=`"/opt/rustwide/target/debug/casile" "--version"`
[INFO] [stdout] code=0
[INFO] [stdout] stdout="casile 0.10.9\n"
[INFO] [stdout] stderr=""
[INFO] [stdout] 
[INFO] [stdout] stack backtrace:
[INFO] [stdout]    0:     0x5575d35c90bc - std::backtrace_rs::backtrace::libunwind::trace::ha637c64ce894333a
[INFO] [stdout]                                at /rustc/82e1608dfa6e0b5569232559e3d385fea5a93112/library/std/src/../../backtrace/src/backtrace/libunwind.rs:104:5
[INFO] [stdout]    1:     0x5575d35c90bc - std::backtrace_rs::backtrace::trace_unsynchronized::h47f62dea28e0c88d
[INFO] [stdout]                                at /rustc/82e1608dfa6e0b5569232559e3d385fea5a93112/library/std/src/../../backtrace/src/backtrace/mod.rs:66:5
[INFO] [stdout]    2:     0x5575d35c90bc - std::sys_common::backtrace::_print_fmt::h9eef0abe20ede486
[INFO] [stdout]                                at /rustc/82e1608dfa6e0b5569232559e3d385fea5a93112/library/std/src/sys_common/backtrace.rs:67:5
[INFO] [stdout]    3:     0x5575d35c90bc - <std::sys_common::backtrace::_print::DisplayBacktrace as core::fmt::Display>::fmt::hed7f999df88cc644
[INFO] [stdout]                                at /rustc/82e1608dfa6e0b5569232559e3d385fea5a93112/library/std/src/sys_common/backtrace.rs:44:22
[INFO] [stdout]    4:     0x5575d35f3a40 - core::fmt::rt::Argument::fmt::h1539a9308b8d058d
[INFO] [stdout]                                at /rustc/82e1608dfa6e0b5569232559e3d385fea5a93112/library/core/src/fmt/rt.rs:142:9
[INFO] [stdout]    5:     0x5575d35f3a40 - core::fmt::write::h3a39390d8560d9c9
[INFO] [stdout]                                at /rustc/82e1608dfa6e0b5569232559e3d385fea5a93112/library/core/src/fmt/mod.rs:1120:17
[INFO] [stdout]    6:     0x5575d35c667f - std::io::Write::write_fmt::h040b369f3a0f9cbc
[INFO] [stdout]                                at /rustc/82e1608dfa6e0b5569232559e3d385fea5a93112/library/std/src/io/mod.rs:1762:15
[INFO] [stdout]    7:     0x5575d35c8ea4 - std::sys_common::backtrace::_print::h894006fb5c6f3d45
[INFO] [stdout]                                at /rustc/82e1608dfa6e0b5569232559e3d385fea5a93112/library/std/src/sys_common/backtrace.rs:47:5
[INFO] [stdout]    8:     0x5575d35c8ea4 - std::sys_common::backtrace::print::h23a2d212c6fff936
[INFO] [stdout]                                at /rustc/82e1608dfa6e0b5569232559e3d385fea5a93112/library/std/src/sys_common/backtrace.rs:34:9
[INFO] [stdout]    9:     0x5575d35cabe7 - std::panicking::default_hook::{{closure}}::h8a1d2ee00185001a
[INFO] [stdout]   10:     0x5575d35ca8d3 - std::panicking::default_hook::h6038f2eba384e475
[INFO] [stdout]                                at /rustc/82e1608dfa6e0b5569232559e3d385fea5a93112/library/std/src/panicking.rs:289:9
[INFO] [stdout]   11:     0x5575d3574227 - <alloc::boxed::Box<F,A> as core::ops::function::Fn<Args>>::call::h0ad024c9bdc6d768
[INFO] [stdout]                                at /rustc/82e1608dfa6e0b5569232559e3d385fea5a93112/library/alloc/src/boxed.rs:2021:9
[INFO] [stdout]   12:     0x5575d3574227 - test::test_main::{{closure}}::h7500b54257359db6
[INFO] [stdout]                                at /rustc/82e1608dfa6e0b5569232559e3d385fea5a93112/library/test/src/lib.rs:138:21
[INFO] [stdout]   13:     0x5575d35cb1f8 - <alloc::boxed::Box<F,A> as core::ops::function::Fn<Args>>::call::h1f8f335eaa9cfaee
[INFO] [stdout]                                at /rustc/82e1608dfa6e0b5569232559e3d385fea5a93112/library/alloc/src/boxed.rs:2021:9
[INFO] [stdout]   14:     0x5575d35cb1f8 - std::panicking::rust_panic_with_hook::h2b5517d590cab22e
[INFO] [stdout]                                at /rustc/82e1608dfa6e0b5569232559e3d385fea5a93112/library/std/src/panicking.rs:783:13
[INFO] [stdout]   15:     0x5575d35caf4e - std::panicking::begin_panic_handler::{{closure}}::h233112c06e0ef43e
[INFO] [stdout]                                at /rustc/82e1608dfa6e0b5569232559e3d385fea5a93112/library/std/src/panicking.rs:657:13
[INFO] [stdout]   16:     0x5575d35c9586 - std::sys_common::backtrace::__rust_end_short_backtrace::h6e893f24d7ebbff8
[INFO] [stdout]                                at /rustc/82e1608dfa6e0b5569232559e3d385fea5a93112/library/std/src/sys_common/backtrace.rs:170:18
[INFO] [stdout]   17:     0x5575d35cacb2 - rust_begin_unwind
[INFO] [stdout]                                at /rustc/82e1608dfa6e0b5569232559e3d385fea5a93112/library/std/src/panicking.rs:645:5
[INFO] [stdout]   18:     0x5575d353ccf5 - core::panicking::panic_fmt::hbf0e066aabfa482c
[INFO] [stdout]                                at /rustc/82e1608dfa6e0b5569232559e3d385fea5a93112/library/core/src/panicking.rs:72:14
[INFO] [stdout]   19:     0x5575d357eddf - core::panicking::panic_display::h892930ea9d18e032
[INFO] [stdout]                                at /rustc/82e1608dfa6e0b5569232559e3d385fea5a93112/library/core/src/panicking.rs:178:5
[INFO] [stdout]   20:     0x5575d3581397 - assert_cmd::assert::AssertError::panic::h7d18235ac8b10ebe
[INFO] [stdout]                                at /opt/rustwide/cargo-home/registry/src/index.crates.io-6f17d22bba15001f/assert_cmd-2.0.4/src/assert.rs:1036:9
[INFO] [stdout]   21:     0x5575d357e157 - core::ops::function::FnOnce::call_once::h6a0469cfd56e9508
[INFO] [stdout]                                at /rustc/82e1608dfa6e0b5569232559e3d385fea5a93112/library/core/src/ops/function.rs:250:5
[INFO] [stdout]   22:     0x5575d357ec15 - core::result::Result<T,E>::unwrap_or_else::hc7bbf5b0167e431b
[INFO] [stdout]                                at /rustc/82e1608dfa6e0b5569232559e3d385fea5a93112/library/core/src/result.rs:1430:23
[INFO] [stdout]   23:     0x5575d353dc85 - assert_cmd::assert::Assert::stdout::h7442c0f25207049f
[INFO] [stdout]                                at /opt/rustwide/cargo-home/registry/src/index.crates.io-6f17d22bba15001f/assert_cmd-2.0.4/src/assert.rs:362:9
[INFO] [stdout]   24:     0x5575d354028d - cli::outputs_version::h8d8f663bb50e8ede
[INFO] [stdout]                                at /opt/rustwide/workdir/tests/cli.rs:13:5
[INFO] [stdout]   25:     0x5575d35400c7 - cli::outputs_version::{{closure}}::h2b15c3dbc485fb14
[INFO] [stdout]                                at /opt/rustwide/workdir/tests/cli.rs:10:25
[INFO] [stdout]   26:     0x5575d353ef56 - core::ops::function::FnOnce::call_once::hd6aaffaff37393ec
[INFO] [stdout]                                at /rustc/82e1608dfa6e0b5569232559e3d385fea5a93112/library/core/src/ops/function.rs:250:5
[INFO] [stdout]   27:     0x5575d357987f - core::ops::function::FnOnce::call_once::h2b5d431d5046312d
[INFO] [stdout]                                at /rustc/82e1608dfa6e0b5569232559e3d385fea5a93112/library/core/src/ops/function.rs:250:5
[INFO] [stdout]   28:     0x5575d357987f - test::__rust_begin_short_backtrace::h7714669af176e207
[INFO] [stdout]                                at /rustc/82e1608dfa6e0b5569232559e3d385fea5a93112/library/test/src/lib.rs:628:18
[INFO] [stdout]   29:     0x5575d3578895 - test::run_test_in_process::{{closure}}::h85218797dcbcec12
[INFO] [stdout]                                at /rustc/82e1608dfa6e0b5569232559e3d385fea5a93112/library/test/src/lib.rs:651:60
[INFO] [stdout]   30:     0x5575d3578895 - <core::panic::unwind_safe::AssertUnwindSafe<F> as core::ops::function::FnOnce<()>>::call_once::h76c106ea31c14d7b
[INFO] [stdout]                                at /rustc/82e1608dfa6e0b5569232559e3d385fea5a93112/library/core/src/panic/unwind_safe.rs:272:9
[INFO] [stdout]   31:     0x5575d3578895 - std::panicking::try::do_call::h3bd5d0f6620ee946
[INFO] [stdout]                                at /rustc/82e1608dfa6e0b5569232559e3d385fea5a93112/library/std/src/panicking.rs:552:40
[INFO] [stdout]   32:     0x5575d3578895 - std::panicking::try::h232e535e4744fe31
[INFO] [stdout]                                at /rustc/82e1608dfa6e0b5569232559e3d385fea5a93112/library/std/src/panicking.rs:516:19
[INFO] [stdout]   33:     0x5575d3578895 - std::panic::catch_unwind::h3ce3bd6ca8dbac68
[INFO] [stdout]                                at /rustc/82e1608dfa6e0b5569232559e3d385fea5a93112/library/std/src/panic.rs:142:14
[INFO] [stdout]   34:     0x5575d3578895 - test::run_test_in_process::hc97b257c9621286a
[INFO] [stdout]                                at /rustc/82e1608dfa6e0b5569232559e3d385fea5a93112/library/test/src/lib.rs:651:27
[INFO] [stdout]   35:     0x5575d3578895 - test::run_test::{{closure}}::h2aa798823a438d38
[INFO] [stdout]                                at /rustc/82e1608dfa6e0b5569232559e3d385fea5a93112/library/test/src/lib.rs:574:43
[INFO] [stdout]   36:     0x5575d3540b56 - test::run_test::{{closure}}::h87d231c78fb59832
[INFO] [stdout]                                at /rustc/82e1608dfa6e0b5569232559e3d385fea5a93112/library/test/src/lib.rs:602:41
[INFO] [stdout]   37:     0x5575d3540b56 - std::sys_common::backtrace::__rust_begin_short_backtrace::he6df152596625789
[INFO] [stdout]                                at /rustc/82e1608dfa6e0b5569232559e3d385fea5a93112/library/std/src/sys_common/backtrace.rs:154:18
[INFO] [stdout]   38:     0x5575d3545c07 - std::thread::Builder::spawn_unchecked_::{{closure}}::{{closure}}::ha94be15d1e0acf36
[INFO] [stdout]                                at /rustc/82e1608dfa6e0b5569232559e3d385fea5a93112/library/std/src/thread/mod.rs:529:17
[INFO] [stdout]   39:     0x5575d3545c07 - <core::panic::unwind_safe::AssertUnwindSafe<F> as core::ops::function::FnOnce<()>>::call_once::h9dc6bd6372f16606
[INFO] [stdout]                                at /rustc/82e1608dfa6e0b5569232559e3d385fea5a93112/library/core/src/panic/unwind_safe.rs:272:9
[INFO] [stdout]   40:     0x5575d3545c07 - std::panicking::try::do_call::h9057517f80303cd4
[INFO] [stdout]                                at /rustc/82e1608dfa6e0b5569232559e3d385fea5a93112/library/std/src/panicking.rs:552:40
[INFO] [stdout]   41:     0x5575d3545c07 - std::panicking::try::he3a30b11ee45340c
[INFO] [stdout]                                at /rustc/82e1608dfa6e0b5569232559e3d385fea5a93112/library/std/src/panicking.rs:516:19
[INFO] [stdout]   42:     0x5575d3545c07 - std::panic::catch_unwind::h410458cfd3528b8b
[INFO] [stdout]                                at /rustc/82e1608dfa6e0b5569232559e3d385fea5a93112/library/std/src/panic.rs:142:14
[INFO] [stdout]   43:     0x5575d3545c07 - std::thread::Builder::spawn_unchecked_::{{closure}}::h72ac3bdb567b737b
[INFO] [stdout]                                at /rustc/82e1608dfa6e0b5569232559e3d385fea5a93112/library/std/src/thread/mod.rs:528:30
[INFO] [stdout]   44:     0x5575d3545c07 - core::ops::function::FnOnce::call_once{{vtable.shim}}::h38f34da3654a8344
[INFO] [stdout]                                at /rustc/82e1608dfa6e0b5569232559e3d385fea5a93112/library/core/src/ops/function.rs:250:5
[INFO] [stdout]   45:     0x5575d35d05e5 - <alloc::boxed::Box<F,A> as core::ops::function::FnOnce<Args>>::call_once::hc7eafaff61e32df9
[INFO] [stdout]                                at /rustc/82e1608dfa6e0b5569232559e3d385fea5a93112/library/alloc/src/boxed.rs:2007:9
[INFO] [stdout]   46:     0x5575d35d05e5 - <alloc::boxed::Box<F,A> as core::ops::function::FnOnce<Args>>::call_once::h6ba4a5de48dd2304
[INFO] [stdout]                                at /rustc/82e1608dfa6e0b5569232559e3d385fea5a93112/library/alloc/src/boxed.rs:2007:9
[INFO] [stdout]   47:     0x5575d35d05e5 - std::sys::unix::thread::Thread::new::thread_start::he469335aef763e45
[INFO] [stdout]                                at /rustc/82e1608dfa6e0b5569232559e3d385fea5a93112/library/std/src/sys/unix/thread.rs:108:17
[INFO] [stdout]   48:     0x7f21ac8aaac3 - <unknown>
[INFO] [stdout]   49:     0x7f21ac93bbf4 - __clone
[INFO] [stdout]   50:                0x0 - <unknown>
[INFO] [stdout] 
[INFO] [stdout] 
[INFO] [stdout] failures:
[INFO] [stdout]     outputs_version
[INFO] [stdout] 
[INFO] [stdout] test result: FAILED. 2 passed; 1 failed; 0 ignored; 0 measured; 0 filtered out; finished in 0.06s
[INFO] [stdout] 
[INFO] [stderr] error: test failed, to rerun pass `--test cli`
[INFO] running `Command { std: "docker" "inspect" "180f01444a433befe20bc2f50c47c7f45e4a613c6a67d3d7566e829f614714b2", kill_on_drop: false }`
[INFO] running `Command { std: "docker" "rm" "-f" "180f01444a433befe20bc2f50c47c7f45e4a613c6a67d3d7566e829f614714b2", kill_on_drop: false }`
[INFO] [stdout] 180f01444a433befe20bc2f50c47c7f45e4a613c6a67d3d7566e829f614714b2
