[INFO] cloning repository https://github.com/abyteintime/stitchkit
[INFO] running `Command { std: "git" "-c" "credential.helper=" "-c" "credential.helper=/workspace/cargo-home/bin/git-credential-null" "clone" "--bare" "https://github.com/abyteintime/stitchkit" "/workspace/cache/git-repos/https%3A%2F%2Fgithub.com%2Fabyteintime%2Fstitchkit", kill_on_drop: false }`
[INFO] [stderr] Cloning into bare repository '/workspace/cache/git-repos/https%3A%2F%2Fgithub.com%2Fabyteintime%2Fstitchkit'...
[INFO] running `Command { std: "git" "rev-parse" "HEAD", kill_on_drop: false }`
[INFO] [stdout] 504427ad8cab77a9a70986d3dba53e4853e1ce35
[INFO] testing abyteintime/stitchkit against 1.75.0 for beta-1.76-1
[INFO] running `Command { std: "git" "clone" "/workspace/cache/git-repos/https%3A%2F%2Fgithub.com%2Fabyteintime%2Fstitchkit" "/workspace/builds/worker-2-tc1/source", kill_on_drop: false }`
[INFO] [stderr] Cloning into '/workspace/builds/worker-2-tc1/source'...
[INFO] [stderr] done.
[INFO] validating manifest of git repo https://github.com/abyteintime/stitchkit on toolchain 1.75.0
[INFO] running `Command { std: CARGO_HOME="/workspace/cargo-home" RUSTUP_HOME="/workspace/rustup-home" "/workspace/cargo-home/bin/cargo" "+1.75.0" "metadata" "--manifest-path" "Cargo.toml" "--no-deps", kill_on_drop: false }`
[INFO] started tweaking git repo https://github.com/abyteintime/stitchkit
[INFO] finished tweaking git repo https://github.com/abyteintime/stitchkit
[INFO] tweaked toml for git repo https://github.com/abyteintime/stitchkit written to /workspace/builds/worker-2-tc1/source/Cargo.toml
[INFO] crate git repo https://github.com/abyteintime/stitchkit already has a lockfile, it will not be regenerated
[INFO] running `Command { std: CARGO_HOME="/workspace/cargo-home" RUSTUP_HOME="/workspace/rustup-home" "/workspace/cargo-home/bin/cargo" "+1.75.0" "fetch" "--manifest-path" "Cargo.toml", kill_on_drop: false }`
[INFO] [stderr]     Updating crates.io index
[INFO] [stderr]  Downloading crates ...
[INFO] [stderr]   Downloaded ref-cast-impl v1.0.18
[INFO] [stderr]   Downloaded ref-cast v1.0.18
[INFO] [stderr]   Downloaded tracing-chrome v0.7.1
[INFO] [stderr]   Downloaded indoc v2.0.2
[INFO] [stderr]   Downloaded rust-lzo v0.6.2
[INFO] running `Command { std: "docker" "create" "-v" "/var/lib/crater-agent-workspace/builds/worker-2-tc1/target:/opt/rustwide/target:rw,Z" "-v" "/var/lib/crater-agent-workspace/builds/worker-2-tc1/source:/opt/rustwide/workdir:ro,Z" "-v" "/var/lib/crater-agent-workspace/cargo-home:/opt/rustwide/cargo-home:ro,Z" "-v" "/var/lib/crater-agent-workspace/rustup-home:/opt/rustwide/rustup-home:ro,Z" "-e" "SOURCE_DIR=/opt/rustwide/workdir" "-e" "CARGO_TARGET_DIR=/opt/rustwide/target" "-e" "CARGO_HOME=/opt/rustwide/cargo-home" "-e" "RUSTUP_HOME=/opt/rustwide/rustup-home" "-w" "/opt/rustwide/workdir" "-m" "1610612736" "--user" "0:0" "--network" "none" "ghcr.io/rust-lang/crates-build-env/linux@sha256:2788e3201cd34a07e3172128adcd8b3090168a8e3bcc40d7c032b9dda1df7d1c" "/opt/rustwide/cargo-home/bin/cargo" "+1.75.0" "metadata" "--no-deps" "--format-version=1", kill_on_drop: false }`
[INFO] [stdout] 9434a1587588f76e5b9822ebdccacb5dc6437c5dbb4239af19af9fa13011575c
[INFO] running `Command { std: "docker" "start" "-a" "9434a1587588f76e5b9822ebdccacb5dc6437c5dbb4239af19af9fa13011575c", kill_on_drop: false }`
[INFO] running `Command { std: "docker" "inspect" "9434a1587588f76e5b9822ebdccacb5dc6437c5dbb4239af19af9fa13011575c", kill_on_drop: false }`
[INFO] running `Command { std: "docker" "rm" "-f" "9434a1587588f76e5b9822ebdccacb5dc6437c5dbb4239af19af9fa13011575c", kill_on_drop: false }`
[INFO] [stdout] 9434a1587588f76e5b9822ebdccacb5dc6437c5dbb4239af19af9fa13011575c
[INFO] running `Command { std: "docker" "create" "-v" "/var/lib/crater-agent-workspace/builds/worker-2-tc1/target:/opt/rustwide/target:rw,Z" "-v" "/var/lib/crater-agent-workspace/builds/worker-2-tc1/source:/opt/rustwide/workdir:ro,Z" "-v" "/var/lib/crater-agent-workspace/cargo-home:/opt/rustwide/cargo-home:ro,Z" "-v" "/var/lib/crater-agent-workspace/rustup-home:/opt/rustwide/rustup-home:ro,Z" "-e" "SOURCE_DIR=/opt/rustwide/workdir" "-e" "CARGO_TARGET_DIR=/opt/rustwide/target" "-e" "CARGO_INCREMENTAL=0" "-e" "RUST_BACKTRACE=full" "-e" "RUSTFLAGS=--cap-lints=warn" "-e" "RUSTDOCFLAGS=--cap-lints=warn" "-e" "CARGO_HOME=/opt/rustwide/cargo-home" "-e" "RUSTUP_HOME=/opt/rustwide/rustup-home" "-w" "/opt/rustwide/workdir" "-m" "1610612736" "--user" "0:0" "--network" "none" "ghcr.io/rust-lang/crates-build-env/linux@sha256:2788e3201cd34a07e3172128adcd8b3090168a8e3bcc40d7c032b9dda1df7d1c" "/opt/rustwide/cargo-home/bin/cargo" "+1.75.0" "build" "--frozen" "--message-format=json", kill_on_drop: false }`
[INFO] [stdout] ef34f795306c1f42d6fd86ba692c9f06b3ba73eeb405af094f84a15e08dff51f
[INFO] running `Command { std: "docker" "start" "-a" "ef34f795306c1f42d6fd86ba692c9f06b3ba73eeb405af094f84a15e08dff51f", kill_on_drop: false }`
[INFO] [stderr]    Compiling proc-macro2 v1.0.64
[INFO] [stderr]    Compiling quote v1.0.29
[INFO] [stderr]    Compiling unicode-ident v1.0.10
[INFO] [stderr]    Compiling bitflags v2.3.3
[INFO] [stderr]    Compiling syn v1.0.109
[INFO] [stderr]    Compiling thiserror v1.0.43
[INFO] [stderr]    Compiling pin-project-lite v0.2.10
[INFO] [stderr]    Compiling strsim v0.10.0
[INFO] [stderr]    Compiling libc v0.2.147
[INFO] [stderr]    Compiling ref-cast v1.0.18
[INFO] [stderr]    Compiling termcolor v1.2.0
[INFO] [stderr]    Compiling unicode-width v0.1.10
[INFO] [stderr]    Compiling fnv v1.0.7
[INFO] [stderr]    Compiling ident_case v1.0.1
[INFO] [stderr]    Compiling rustix v0.38.3
[INFO] [stderr]    Compiling linux-raw-sys v0.4.3
[INFO] [stderr]    Compiling indoc v2.0.2
[INFO] [stderr]    Compiling regex-syntax v0.7.3
[INFO] [stderr]    Compiling codespan-reporting v0.11.1
[INFO] [stderr]    Compiling utf8parse v0.2.1
[INFO] [stderr]    Compiling anstyle-query v1.0.0
[INFO] [stderr]    Compiling anstyle-parse v0.2.1
[INFO] [stderr]    Compiling anstyle v1.0.1
[INFO] [stderr]    Compiling colorchoice v1.0.0
[INFO] [stderr]    Compiling heck v0.4.1
[INFO] [stderr]    Compiling serde v1.0.185
[INFO] [stderr]    Compiling syn v2.0.24
[INFO] [stderr]    Compiling getrandom v0.2.10
[INFO] [stderr]    Compiling indexmap v1.9.3
[INFO] [stderr]    Compiling uuid v1.4.0
[INFO] [stderr]    Compiling regex-automata v0.3.2
[INFO] [stderr]    Compiling clap_lex v0.5.0
[INFO] [stderr]    Compiling serde_json v1.0.107
[INFO] [stderr]    Compiling smallvec v1.11.0
[INFO] [stderr]    Compiling anyhow v1.0.71
[INFO] [stderr]    Compiling is-terminal v0.4.9
[INFO] [stderr]    Compiling anstream v0.3.2
[INFO] [stderr]    Compiling rust-lzo v0.6.2
[INFO] [stderr]    Compiling hashbrown v0.12.3
[INFO] [stderr]    Compiling clap_builder v4.3.11
[INFO] [stderr]    Compiling itoa v1.0.9
[INFO] [stderr]    Compiling ryu v1.0.15
[INFO] [stderr]    Compiling same-file v1.0.6
[INFO] [stderr]    Compiling camino v1.1.6
[INFO] [stderr]    Compiling walkdir v2.3.3
[INFO] [stderr]    Compiling regex v1.9.1
[INFO] [stderr]    Compiling darling_core v0.14.4
[INFO] [stderr]    Compiling thiserror-impl v1.0.43
[INFO] [stderr]    Compiling tracing-attributes v0.1.26
[INFO] [stderr]    Compiling ref-cast-impl v1.0.18
[INFO] [stderr]    Compiling clap_derive v4.3.2
[INFO] [stderr]    Compiling stitchkit-core-derive v0.1.0 (/opt/rustwide/workdir/crates/stitchkit-core-derive)
[INFO] [stderr]    Compiling darling_macro v0.14.4
[INFO] [stderr]    Compiling darling v0.14.4
[INFO] [stderr]    Compiling muscript-syntax-derive v0.1.0 (/opt/rustwide/workdir/crates/muscript-syntax-derive)
[INFO] [stderr]    Compiling stitchkit-core v0.1.0 (/opt/rustwide/workdir/crates/stitchkit-core)
[INFO] [stderr]    Compiling stitchkit-manifest v0.1.0 (/opt/rustwide/workdir/crates/stitchkit-manifest)
[INFO] [stderr]    Compiling tracing v0.1.37
[INFO] [stderr]    Compiling muscript-foundation v0.1.0 (/opt/rustwide/workdir/crates/muscript-foundation)
[INFO] [stderr]    Compiling tracing-subscriber v0.3.17
[INFO] [stderr]    Compiling stitchkit-archive v0.1.0 (/opt/rustwide/workdir/crates/stitchkit-archive)
[INFO] [stderr]    Compiling muscript-lexer v0.1.0 (/opt/rustwide/workdir/crates/muscript-lexer)
[INFO] [stderr]    Compiling clap v4.3.11
[INFO] [stderr]    Compiling muscript-preprocessor v0.1.0 (/opt/rustwide/workdir/crates/muscript-preprocessor)
[INFO] [stderr]    Compiling stitchkit-reflection-types v0.1.0 (/opt/rustwide/workdir/crates/stitchkit-reflection-types)
[INFO] [stderr]    Compiling muscript-syntax v0.1.0 (/opt/rustwide/workdir/crates/muscript-syntax)
[INFO] [stdout] warning: unused import: `recovery::*`
[INFO] [stdout]   --> crates/muscript-syntax/src/parsing.rs:13:9
[INFO] [stdout]    |
[INFO] [stdout] 13 | pub use recovery::*;
[INFO] [stdout]    |         ^^^^^^^^^^^
[INFO] [stdout]    |
[INFO] [stdout]    = note: `#[warn(unused_imports)]` on by default
[INFO] [stdout] 
[INFO] [stdout] 
[INFO] [stderr]    Compiling tracing-chrome v0.7.1
[INFO] [stderr]    Compiling muscript-analysis v0.1.0 (/opt/rustwide/workdir/crates/muscript-analysis)
[INFO] [stdout] warning: 1 warning emitted
[INFO] [stdout] 
[INFO] [stdout] 
[INFO] [stderr]    Compiling stitchkit v0.1.0 (/opt/rustwide/workdir/crates/stitchkit)
[INFO] [stderr]    Compiling muscript v0.1.0 (/opt/rustwide/workdir/crates/muscript)
[INFO] [stderr]     Finished dev [unoptimized + debuginfo] target(s) in 28.05s
[INFO] running `Command { std: "docker" "inspect" "ef34f795306c1f42d6fd86ba692c9f06b3ba73eeb405af094f84a15e08dff51f", kill_on_drop: false }`
[INFO] running `Command { std: "docker" "rm" "-f" "ef34f795306c1f42d6fd86ba692c9f06b3ba73eeb405af094f84a15e08dff51f", kill_on_drop: false }`
[INFO] [stdout] ef34f795306c1f42d6fd86ba692c9f06b3ba73eeb405af094f84a15e08dff51f
[INFO] running `Command { std: "docker" "create" "-v" "/var/lib/crater-agent-workspace/builds/worker-2-tc1/target:/opt/rustwide/target:rw,Z" "-v" "/var/lib/crater-agent-workspace/builds/worker-2-tc1/source:/opt/rustwide/workdir:ro,Z" "-v" "/var/lib/crater-agent-workspace/cargo-home:/opt/rustwide/cargo-home:ro,Z" "-v" "/var/lib/crater-agent-workspace/rustup-home:/opt/rustwide/rustup-home:ro,Z" "-e" "SOURCE_DIR=/opt/rustwide/workdir" "-e" "CARGO_TARGET_DIR=/opt/rustwide/target" "-e" "CARGO_INCREMENTAL=0" "-e" "RUST_BACKTRACE=full" "-e" "RUSTFLAGS=--cap-lints=warn" "-e" "RUSTDOCFLAGS=--cap-lints=warn" "-e" "CARGO_HOME=/opt/rustwide/cargo-home" "-e" "RUSTUP_HOME=/opt/rustwide/rustup-home" "-w" "/opt/rustwide/workdir" "-m" "1610612736" "--user" "0:0" "--network" "none" "ghcr.io/rust-lang/crates-build-env/linux@sha256:2788e3201cd34a07e3172128adcd8b3090168a8e3bcc40d7c032b9dda1df7d1c" "/opt/rustwide/cargo-home/bin/cargo" "+1.75.0" "test" "--frozen" "--no-run" "--message-format=json", kill_on_drop: false }`
[INFO] [stdout] 84ef76a5434e1c9fb07d7e565f73303d01a5b59881bbd866c9a9a495609448ae
[INFO] running `Command { std: "docker" "start" "-a" "84ef76a5434e1c9fb07d7e565f73303d01a5b59881bbd866c9a9a495609448ae", kill_on_drop: false }`
[INFO] [stderr]    Compiling stitchkit-core-derive v0.1.0 (/opt/rustwide/workdir/crates/stitchkit-core-derive)
[INFO] [stderr]    Compiling muscript-syntax-derive v0.1.0 (/opt/rustwide/workdir/crates/muscript-syntax-derive)
[INFO] [stderr]    Compiling muscript-preprocessor v0.1.0 (/opt/rustwide/workdir/crates/muscript-preprocessor)
[INFO] [stderr]    Compiling muscript-lexer v0.1.0 (/opt/rustwide/workdir/crates/muscript-lexer)
[INFO] [stderr]    Compiling stitchkit-manifest v0.1.0 (/opt/rustwide/workdir/crates/stitchkit-manifest)
[INFO] [stderr]    Compiling muscript-foundation v0.1.0 (/opt/rustwide/workdir/crates/muscript-foundation)
[INFO] [stderr]    Compiling stitchkit-core v0.1.0 (/opt/rustwide/workdir/crates/stitchkit-core)
[INFO] [stderr]    Compiling stitchkit-archive v0.1.0 (/opt/rustwide/workdir/crates/stitchkit-archive)
[INFO] [stderr]    Compiling muscript-syntax v0.1.0 (/opt/rustwide/workdir/crates/muscript-syntax)
[INFO] [stdout] warning: unused import: `recovery::*`
[INFO] [stdout]   --> crates/muscript-syntax/src/parsing.rs:13:9
[INFO] [stdout]    |
[INFO] [stdout] 13 | pub use recovery::*;
[INFO] [stdout]    |         ^^^^^^^^^^^
[INFO] [stdout]    |
[INFO] [stdout]    = note: `#[warn(unused_imports)]` on by default
[INFO] [stdout] 
[INFO] [stdout] 
[INFO] [stdout] warning: unused import: `recovery::*`
[INFO] [stdout]   --> crates/muscript-syntax/src/parsing.rs:13:9
[INFO] [stdout]    |
[INFO] [stdout] 13 | pub use recovery::*;
[INFO] [stdout]    |         ^^^^^^^^^^^
[INFO] [stdout]    |
[INFO] [stdout]    = note: `#[warn(unused_imports)]` on by default
[INFO] [stdout] 
[INFO] [stdout] 
[INFO] [stderr]    Compiling stitchkit-reflection-types v0.1.0 (/opt/rustwide/workdir/crates/stitchkit-reflection-types)
[INFO] [stderr]    Compiling muscript-analysis v0.1.0 (/opt/rustwide/workdir/crates/muscript-analysis)
[INFO] [stdout] warning: 1 warning emitted
[INFO] [stdout] 
[INFO] [stdout] 
[INFO] [stdout] warning: 1 warning emitted
[INFO] [stdout] 
[INFO] [stdout] 
[INFO] [stderr]    Compiling stitchkit v0.1.0 (/opt/rustwide/workdir/crates/stitchkit)
[INFO] [stderr]    Compiling muscript v0.1.0 (/opt/rustwide/workdir/crates/muscript)
[INFO] [stderr]     Finished test [unoptimized + debuginfo] target(s) in 3.88s
[INFO] running `Command { std: "docker" "inspect" "84ef76a5434e1c9fb07d7e565f73303d01a5b59881bbd866c9a9a495609448ae", kill_on_drop: false }`
[INFO] running `Command { std: "docker" "rm" "-f" "84ef76a5434e1c9fb07d7e565f73303d01a5b59881bbd866c9a9a495609448ae", kill_on_drop: false }`
[INFO] [stdout] 84ef76a5434e1c9fb07d7e565f73303d01a5b59881bbd866c9a9a495609448ae
[INFO] running `Command { std: "docker" "create" "-v" "/var/lib/crater-agent-workspace/builds/worker-2-tc1/target:/opt/rustwide/target:rw,Z" "-v" "/var/lib/crater-agent-workspace/builds/worker-2-tc1/source:/opt/rustwide/workdir:ro,Z" "-v" "/var/lib/crater-agent-workspace/cargo-home:/opt/rustwide/cargo-home:ro,Z" "-v" "/var/lib/crater-agent-workspace/rustup-home:/opt/rustwide/rustup-home:ro,Z" "-e" "SOURCE_DIR=/opt/rustwide/workdir" "-e" "CARGO_TARGET_DIR=/opt/rustwide/target" "-e" "CARGO_INCREMENTAL=0" "-e" "RUST_BACKTRACE=full" "-e" "RUSTFLAGS=--cap-lints=warn" "-e" "RUSTDOCFLAGS=--cap-lints=warn" "-e" "CARGO_HOME=/opt/rustwide/cargo-home" "-e" "RUSTUP_HOME=/opt/rustwide/rustup-home" "-w" "/opt/rustwide/workdir" "-m" "1610612736" "--user" "0:0" "--network" "none" "ghcr.io/rust-lang/crates-build-env/linux@sha256:2788e3201cd34a07e3172128adcd8b3090168a8e3bcc40d7c032b9dda1df7d1c" "/opt/rustwide/cargo-home/bin/cargo" "+1.75.0" "test" "--frozen", kill_on_drop: false }`
[INFO] [stdout] a0f0760964081251f681b1751bec191ef62064e588e40ae3d96e06f615352e7e
[INFO] running `Command { std: "docker" "start" "-a" "a0f0760964081251f681b1751bec191ef62064e588e40ae3d96e06f615352e7e", kill_on_drop: false }`
[INFO] [stderr] warning: unused import: `recovery::*`
[INFO] [stderr]   --> crates/muscript-syntax/src/parsing.rs:13:9
[INFO] [stderr]    |
[INFO] [stderr] 13 | pub use recovery::*;
[INFO] [stderr]    |         ^^^^^^^^^^^
[INFO] [stderr]    |
[INFO] [stderr]    = note: `#[warn(unused_imports)]` on by default
[INFO] [stderr] 
[INFO] [stderr] warning: `muscript-syntax` (lib) generated 1 warning (run `cargo fix --lib -p muscript-syntax` to apply 1 suggestion)
[INFO] [stderr] warning: `muscript-syntax` (lib test) generated 1 warning (1 duplicate)
[INFO] [stderr]     Finished test [unoptimized + debuginfo] target(s) in 0.05s
[INFO] [stderr]      Running unittests src/main.rs (/opt/rustwide/target/debug/deps/muscript-63f19f385d9924e6)
[INFO] [stdout] 
[INFO] [stdout] running 0 tests
[INFO] [stdout] 
[INFO] [stdout] test result: ok. 0 passed; 0 failed; 0 ignored; 0 measured; 0 filtered out; finished in 0.00s
[INFO] [stdout] 
[INFO] [stderr]      Running unittests src/lib.rs (/opt/rustwide/target/debug/deps/muscript_analysis-44e0b1c3bfdb011f)
[INFO] [stdout] 
[INFO] [stdout] running 0 tests
[INFO] [stdout] 
[INFO] [stdout] test result: ok. 0 passed; 0 failed; 0 ignored; 0 measured; 0 filtered out; finished in 0.00s
[INFO] [stdout] 
[INFO] [stderr]      Running unittests src/lib.rs (/opt/rustwide/target/debug/deps/muscript_foundation-827e9bd7bc17ca8a)
[INFO] [stdout] 
[INFO] [stdout] running 0 tests
[INFO] [stdout] 
[INFO] [stdout] test result: ok. 0 passed; 0 failed; 0 ignored; 0 measured; 0 filtered out; finished in 0.00s
[INFO] [stdout] 
[INFO] [stderr]      Running unittests src/lib.rs (/opt/rustwide/target/debug/deps/muscript_lexer-06cb012bac66798a)
[INFO] [stdout] 
[INFO] [stdout] running 1 test
[INFO] [stdout] test sliced_tokens::tests::iteration_over_many_slices ... ok
[INFO] [stdout] 
[INFO] [stdout] test result: ok. 1 passed; 0 failed; 0 ignored; 0 measured; 0 filtered out; finished in 0.00s
[INFO] [stdout] 
[INFO] [stderr]      Running unittests src/lib.rs (/opt/rustwide/target/debug/deps/muscript_preprocessor-bd0e3f890b8f7b6a)
[INFO] [stdout] 
[INFO] [stdout] running 0 tests
[INFO] [stdout] 
[INFO] [stdout] test result: ok. 0 passed; 0 failed; 0 ignored; 0 measured; 0 filtered out; finished in 0.00s
[INFO] [stdout] 
[INFO] [stderr]      Running unittests src/lib.rs (/opt/rustwide/target/debug/deps/muscript_syntax-efc733537e516d24)
[INFO] [stdout] 
[INFO] [stdout] running 0 tests
[INFO] [stdout] 
[INFO] [stdout] test result: ok. 0 passed; 0 failed; 0 ignored; 0 measured; 0 filtered out; finished in 0.00s
[INFO] [stdout] 
[INFO] [stderr]      Running unittests src/lib.rs (/opt/rustwide/target/debug/deps/muscript_syntax_derive-4f6705b4b864d1bc)
[INFO] [stdout] 
[INFO] [stdout] running 0 tests
[INFO] [stdout] 
[INFO] [stdout] test result: ok. 0 passed; 0 failed; 0 ignored; 0 measured; 0 filtered out; finished in 0.00s
[INFO] [stdout] 
[INFO] [stderr]      Running unittests src/main.rs (/opt/rustwide/target/debug/deps/stitchkit-4404f829f49d1d0e)
[INFO] [stdout] 
[INFO] [stdout] running 0 tests
[INFO] [stdout] 
[INFO] [stdout] test result: ok. 0 passed; 0 failed; 0 ignored; 0 measured; 0 filtered out; finished in 0.00s
[INFO] [stdout] 
[INFO] [stderr]      Running unittests src/lib.rs (/opt/rustwide/target/debug/deps/stitchkit_archive-348f27c27d932b0f)
[INFO] [stdout] 
[INFO] [stdout] running 0 tests
[INFO] [stdout] 
[INFO] [stdout] test result: ok. 0 passed; 0 failed; 0 ignored; 0 measured; 0 filtered out; finished in 0.00s
[INFO] [stdout] 
[INFO] [stderr]      Running unittests src/lib.rs (/opt/rustwide/target/debug/deps/stitchkit_core-209ed241a71d9317)
[INFO] [stdout] 
[INFO] [stdout] running 0 tests
[INFO] [stdout] 
[INFO] [stdout] test result: ok. 0 passed; 0 failed; 0 ignored; 0 measured; 0 filtered out; finished in 0.00s
[INFO] [stdout] 
[INFO] [stderr]      Running unittests src/lib.rs (/opt/rustwide/target/debug/deps/stitchkit_core_derive-7a4c042083731448)
[INFO] [stdout] 
[INFO] [stdout] running 0 tests
[INFO] [stdout] 
[INFO] [stdout] test result: ok. 0 passed; 0 failed; 0 ignored; 0 measured; 0 filtered out; finished in 0.00s
[INFO] [stdout] 
[INFO] [stderr]      Running unittests src/lib.rs (/opt/rustwide/target/debug/deps/stitchkit_manifest-42943336b3b6a386)
[INFO] [stdout] 
[INFO] [stdout] running 0 tests
[INFO] [stdout] 
[INFO] [stdout] test result: ok. 0 passed; 0 failed; 0 ignored; 0 measured; 0 filtered out; finished in 0.00s
[INFO] [stdout] 
[INFO] [stderr]      Running unittests src/lib.rs (/opt/rustwide/target/debug/deps/stitchkit_reflection_types-ca1b1f946f1e9a33)
[INFO] [stdout] 
[INFO] [stdout] running 0 tests
[INFO] [stdout] 
[INFO] [stdout] test result: ok. 0 passed; 0 failed; 0 ignored; 0 measured; 0 filtered out; finished in 0.00s
[INFO] [stdout] 
[INFO] [stderr]    Doc-tests muscript-analysis
[INFO] [stdout] 
[INFO] [stdout] running 0 tests
[INFO] [stdout] 
[INFO] [stdout] test result: ok. 0 passed; 0 failed; 0 ignored; 0 measured; 0 filtered out; finished in 0.00s
[INFO] [stdout] 
[INFO] [stderr]    Doc-tests muscript-foundation
[INFO] [stdout] 
[INFO] [stdout] running 0 tests
[INFO] [stdout] 
[INFO] [stdout] test result: ok. 0 passed; 0 failed; 0 ignored; 0 measured; 0 filtered out; finished in 0.00s
[INFO] [stdout] 
[INFO] [stderr]    Doc-tests muscript-lexer
[INFO] [stdout] 
[INFO] [stdout] running 0 tests
[INFO] [stdout] 
[INFO] [stdout] test result: ok. 0 passed; 0 failed; 0 ignored; 0 measured; 0 filtered out; finished in 0.00s
[INFO] [stdout] 
[INFO] [stderr]    Doc-tests muscript-preprocessor
[INFO] [stdout] 
[INFO] [stdout] running 0 tests
[INFO] [stdout] 
[INFO] [stdout] test result: ok. 0 passed; 0 failed; 0 ignored; 0 measured; 0 filtered out; finished in 0.00s
[INFO] [stdout] 
[INFO] [stderr]    Doc-tests muscript-syntax
[INFO] [stdout] 
[INFO] [stdout] running 0 tests
[INFO] [stdout] 
[INFO] [stdout] test result: ok. 0 passed; 0 failed; 0 ignored; 0 measured; 0 filtered out; finished in 0.00s
[INFO] [stdout] 
[INFO] [stderr]    Doc-tests muscript-syntax-derive
[INFO] [stdout] 
[INFO] [stdout] running 0 tests
[INFO] [stdout] 
[INFO] [stdout] test result: ok. 0 passed; 0 failed; 0 ignored; 0 measured; 0 filtered out; finished in 0.00s
[INFO] [stdout] 
[INFO] [stderr]    Doc-tests stitchkit-archive
[INFO] [stdout] 
[INFO] [stdout] running 0 tests
[INFO] [stdout] 
[INFO] [stdout] test result: ok. 0 passed; 0 failed; 0 ignored; 0 measured; 0 filtered out; finished in 0.00s
[INFO] [stdout] 
[INFO] [stderr]    Doc-tests stitchkit-core
[INFO] [stdout] 
[INFO] [stdout] running 2 tests
[INFO] [stdout] test crates/stitchkit-core/src/context.rs - context::context (line 37) ... FAILED
[INFO] [stdout] test crates/stitchkit-core/src/context.rs - context::context (line 44) ... FAILED
[INFO] [stdout] 
[INFO] [stdout] failures:
[INFO] [stdout] 
[INFO] [stdout] ---- crates/stitchkit-core/src/context.rs - context::context (line 37) stdout ----
[INFO] [stdout] error: expected one of `!` or `[`, found keyword `use`
[INFO] [stdout]  --> crates/stitchkit-core/src/context.rs:39:2
[INFO] [stdout]   |
[INFO] [stdout] 5 | #use stitchkit_core::context;
[INFO] [stdout]   |  ^^^ expected one of `!` or `[`
[INFO] [stdout] 
[INFO] [stdout] error: aborting due to previous error
[INFO] [stdout] 
[INFO] [stdout] Couldn't compile the test.
[INFO] [stdout] ---- crates/stitchkit-core/src/context.rs - context::context (line 44) stdout ----
[INFO] [stdout] error: expected one of `!` or `[`, found keyword `use`
[INFO] [stdout]  --> crates/stitchkit-core/src/context.rs:46:2
[INFO] [stdout]   |
[INFO] [stdout] 5 | #use stitchkit_core::context;
[INFO] [stdout]   |  ^^^ expected one of `!` or `[`
[INFO] [stdout] 
[INFO] [stdout] error: aborting due to previous error
[INFO] [stdout] 
[INFO] [stdout] Couldn't compile the test.
[INFO] [stdout] 
[INFO] [stdout] failures:
[INFO] [stdout]     crates/stitchkit-core/src/context.rs - context::context (line 37)
[INFO] [stdout]     crates/stitchkit-core/src/context.rs - context::context (line 44)
[INFO] [stdout] 
[INFO] [stdout] test result: FAILED. 0 passed; 2 failed; 0 ignored; 0 measured; 0 filtered out; finished in 0.03s
[INFO] [stdout] 
[INFO] [stderr] error: doctest failed, to rerun pass `-p stitchkit-core --doc`
[INFO] running `Command { std: "docker" "inspect" "a0f0760964081251f681b1751bec191ef62064e588e40ae3d96e06f615352e7e", kill_on_drop: false }`
[INFO] running `Command { std: "docker" "rm" "-f" "a0f0760964081251f681b1751bec191ef62064e588e40ae3d96e06f615352e7e", kill_on_drop: false }`
[INFO] [stdout] a0f0760964081251f681b1751bec191ef62064e588e40ae3d96e06f615352e7e
[INFO] testing abyteintime/stitchkit against beta-2023-12-22 for beta-1.76-1
[INFO] running `Command { std: "git" "clone" "/workspace/cache/git-repos/https%3A%2F%2Fgithub.com%2Fabyteintime%2Fstitchkit" "/workspace/builds/worker-2-tc2/source", kill_on_drop: false }`
[INFO] [stderr] Cloning into '/workspace/builds/worker-2-tc2/source'...
[INFO] [stderr] done.
[INFO] validating manifest of git repo https://github.com/abyteintime/stitchkit on toolchain beta-2023-12-22
[INFO] running `Command { std: CARGO_HOME="/workspace/cargo-home" RUSTUP_HOME="/workspace/rustup-home" "/workspace/cargo-home/bin/cargo" "+beta-2023-12-22" "metadata" "--manifest-path" "Cargo.toml" "--no-deps", kill_on_drop: false }`
[INFO] started tweaking git repo https://github.com/abyteintime/stitchkit
[INFO] finished tweaking git repo https://github.com/abyteintime/stitchkit
[INFO] tweaked toml for git repo https://github.com/abyteintime/stitchkit written to /workspace/builds/worker-2-tc2/source/Cargo.toml
[INFO] crate git repo https://github.com/abyteintime/stitchkit already has a lockfile, it will not be regenerated
[INFO] running `Command { std: CARGO_HOME="/workspace/cargo-home" RUSTUP_HOME="/workspace/rustup-home" "/workspace/cargo-home/bin/cargo" "+beta-2023-12-22" "fetch" "--manifest-path" "Cargo.toml", kill_on_drop: false }`
[INFO] running `Command { std: "docker" "create" "-v" "/var/lib/crater-agent-workspace/builds/worker-2-tc2/target:/opt/rustwide/target:rw,Z" "-v" "/var/lib/crater-agent-workspace/builds/worker-2-tc2/source:/opt/rustwide/workdir:ro,Z" "-v" "/var/lib/crater-agent-workspace/cargo-home:/opt/rustwide/cargo-home:ro,Z" "-v" "/var/lib/crater-agent-workspace/rustup-home:/opt/rustwide/rustup-home:ro,Z" "-e" "SOURCE_DIR=/opt/rustwide/workdir" "-e" "CARGO_TARGET_DIR=/opt/rustwide/target" "-e" "CARGO_HOME=/opt/rustwide/cargo-home" "-e" "RUSTUP_HOME=/opt/rustwide/rustup-home" "-w" "/opt/rustwide/workdir" "-m" "1610612736" "--user" "0:0" "--network" "none" "ghcr.io/rust-lang/crates-build-env/linux@sha256:2788e3201cd34a07e3172128adcd8b3090168a8e3bcc40d7c032b9dda1df7d1c" "/opt/rustwide/cargo-home/bin/cargo" "+beta-2023-12-22" "metadata" "--no-deps" "--format-version=1", kill_on_drop: false }`
[INFO] [stdout] 8c987b5664061d2a4a2c123520c825b7b88f830d868360dcafe704c453e484d1
[INFO] running `Command { std: "docker" "start" "-a" "8c987b5664061d2a4a2c123520c825b7b88f830d868360dcafe704c453e484d1", kill_on_drop: false }`
[INFO] running `Command { std: "docker" "inspect" "8c987b5664061d2a4a2c123520c825b7b88f830d868360dcafe704c453e484d1", kill_on_drop: false }`
[INFO] running `Command { std: "docker" "rm" "-f" "8c987b5664061d2a4a2c123520c825b7b88f830d868360dcafe704c453e484d1", kill_on_drop: false }`
[INFO] [stdout] 8c987b5664061d2a4a2c123520c825b7b88f830d868360dcafe704c453e484d1
[INFO] running `Command { std: "docker" "create" "-v" "/var/lib/crater-agent-workspace/builds/worker-2-tc2/target:/opt/rustwide/target:rw,Z" "-v" "/var/lib/crater-agent-workspace/builds/worker-2-tc2/source:/opt/rustwide/workdir:ro,Z" "-v" "/var/lib/crater-agent-workspace/cargo-home:/opt/rustwide/cargo-home:ro,Z" "-v" "/var/lib/crater-agent-workspace/rustup-home:/opt/rustwide/rustup-home:ro,Z" "-e" "SOURCE_DIR=/opt/rustwide/workdir" "-e" "CARGO_TARGET_DIR=/opt/rustwide/target" "-e" "CARGO_INCREMENTAL=0" "-e" "RUST_BACKTRACE=full" "-e" "RUSTFLAGS=--cap-lints=warn" "-e" "RUSTDOCFLAGS=--cap-lints=warn" "-e" "CARGO_HOME=/opt/rustwide/cargo-home" "-e" "RUSTUP_HOME=/opt/rustwide/rustup-home" "-w" "/opt/rustwide/workdir" "-m" "1610612736" "--user" "0:0" "--network" "none" "ghcr.io/rust-lang/crates-build-env/linux@sha256:2788e3201cd34a07e3172128adcd8b3090168a8e3bcc40d7c032b9dda1df7d1c" "/opt/rustwide/cargo-home/bin/cargo" "+beta-2023-12-22" "build" "--frozen" "--message-format=json", kill_on_drop: false }`
[INFO] [stdout] 7aa2e218509e12c6a00c5d208f8700d2a0cfa239a4b10edb1921c3bc0c788a8f
[INFO] running `Command { std: "docker" "start" "-a" "7aa2e218509e12c6a00c5d208f8700d2a0cfa239a4b10edb1921c3bc0c788a8f", kill_on_drop: false }`
[INFO] [stderr]    Compiling proc-macro2 v1.0.64
[INFO] [stderr]    Compiling quote v1.0.29
[INFO] [stderr]    Compiling unicode-ident v1.0.10
[INFO] [stderr]    Compiling bitflags v2.3.3
[INFO] [stderr]    Compiling syn v1.0.109
[INFO] [stderr]    Compiling thiserror v1.0.43
[INFO] [stderr]    Compiling pin-project-lite v0.2.10
[INFO] [stderr]    Compiling strsim v0.10.0
[INFO] [stderr]    Compiling libc v0.2.147
[INFO] [stderr]    Compiling ref-cast v1.0.18
[INFO] [stderr]    Compiling unicode-width v0.1.10
[INFO] [stderr]    Compiling termcolor v1.2.0
[INFO] [stderr]    Compiling fnv v1.0.7
[INFO] [stderr]    Compiling ident_case v1.0.1
[INFO] [stderr]    Compiling rustix v0.38.3
[INFO] [stderr]    Compiling linux-raw-sys v0.4.3
[INFO] [stderr]    Compiling regex-syntax v0.7.3
[INFO] [stderr]    Compiling indoc v2.0.2
[INFO] [stderr]    Compiling codespan-reporting v0.11.1
[INFO] [stderr]    Compiling utf8parse v0.2.1
[INFO] [stderr]    Compiling anstyle-parse v0.2.1
[INFO] [stderr]    Compiling serde v1.0.185
[INFO] [stderr]    Compiling syn v2.0.24
[INFO] [stderr]    Compiling getrandom v0.2.10
[INFO] [stderr]    Compiling anstyle-query v1.0.0
[INFO] [stderr]    Compiling anstyle v1.0.1
[INFO] [stderr]    Compiling heck v0.4.1
[INFO] [stderr]    Compiling colorchoice v1.0.0
[INFO] [stderr]    Compiling is-terminal v0.4.9
[INFO] [stderr]    Compiling uuid v1.4.0
[INFO] [stderr]    Compiling anstream v0.3.2
[INFO] [stderr]    Compiling indexmap v1.9.3
[INFO] [stderr]    Compiling smallvec v1.11.0
[INFO] [stderr]    Compiling serde_json v1.0.107
[INFO] [stderr]    Compiling clap_lex v0.5.0
[INFO] [stderr]    Compiling anyhow v1.0.71
[INFO] [stderr]    Compiling regex-automata v0.3.2
[INFO] [stderr]    Compiling clap_builder v4.3.11
[INFO] [stderr]    Compiling rust-lzo v0.6.2
[INFO] [stderr]    Compiling ryu v1.0.15
[INFO] [stderr]    Compiling hashbrown v0.12.3
[INFO] [stderr]    Compiling itoa v1.0.9
[INFO] [stderr]    Compiling same-file v1.0.6
[INFO] [stderr]    Compiling camino v1.1.6
[INFO] [stderr]    Compiling walkdir v2.3.3
[INFO] [stderr]    Compiling regex v1.9.1
[INFO] [stderr]    Compiling darling_core v0.14.4
[INFO] [stderr]    Compiling tracing-attributes v0.1.26
[INFO] [stderr]    Compiling thiserror-impl v1.0.43
[INFO] [stderr]    Compiling ref-cast-impl v1.0.18
[INFO] [stderr]    Compiling stitchkit-core-derive v0.1.0 (/opt/rustwide/workdir/crates/stitchkit-core-derive)
[INFO] [stderr]    Compiling clap_derive v4.3.2
[INFO] [stderr]    Compiling darling_macro v0.14.4
[INFO] [stderr]    Compiling darling v0.14.4
[INFO] [stderr]    Compiling muscript-syntax-derive v0.1.0 (/opt/rustwide/workdir/crates/muscript-syntax-derive)
[INFO] [stderr]    Compiling stitchkit-core v0.1.0 (/opt/rustwide/workdir/crates/stitchkit-core)
[INFO] [stderr]    Compiling stitchkit-manifest v0.1.0 (/opt/rustwide/workdir/crates/stitchkit-manifest)
[INFO] [stderr]    Compiling tracing v0.1.37
[INFO] [stderr]    Compiling muscript-foundation v0.1.0 (/opt/rustwide/workdir/crates/muscript-foundation)
[INFO] [stderr]    Compiling tracing-subscriber v0.3.17
[INFO] [stderr]    Compiling stitchkit-archive v0.1.0 (/opt/rustwide/workdir/crates/stitchkit-archive)
[INFO] [stderr]    Compiling muscript-lexer v0.1.0 (/opt/rustwide/workdir/crates/muscript-lexer)
[INFO] [stderr]    Compiling muscript-preprocessor v0.1.0 (/opt/rustwide/workdir/crates/muscript-preprocessor)
[INFO] [stderr]    Compiling clap v4.3.11
[INFO] [stderr]    Compiling muscript-syntax v0.1.0 (/opt/rustwide/workdir/crates/muscript-syntax)
[INFO] [stderr]    Compiling stitchkit-reflection-types v0.1.0 (/opt/rustwide/workdir/crates/stitchkit-reflection-types)
[INFO] [stdout] warning: unused import: `recovery::*`
[INFO] [stdout]   --> crates/muscript-syntax/src/parsing.rs:13:9
[INFO] [stdout]    |
[INFO] [stdout] 13 | pub use recovery::*;
[INFO] [stdout]    |         ^^^^^^^^^^^
[INFO] [stdout]    |
[INFO] [stdout]    = note: `#[warn(unused_imports)]` on by default
[INFO] [stdout] 
[INFO] [stdout] 
[INFO] [stderr]    Compiling tracing-chrome v0.7.1
[INFO] [stderr]    Compiling muscript-analysis v0.1.0 (/opt/rustwide/workdir/crates/muscript-analysis)
[INFO] [stdout] warning: 1 warning emitted
[INFO] [stdout] 
[INFO] [stdout] 
[INFO] [stderr]    Compiling stitchkit v0.1.0 (/opt/rustwide/workdir/crates/stitchkit)
[INFO] [stderr]    Compiling muscript v0.1.0 (/opt/rustwide/workdir/crates/muscript)
[INFO] [stderr]     Finished dev [unoptimized + debuginfo] target(s) in 13.63s
[INFO] running `Command { std: "docker" "inspect" "7aa2e218509e12c6a00c5d208f8700d2a0cfa239a4b10edb1921c3bc0c788a8f", kill_on_drop: false }`
[INFO] running `Command { std: "docker" "rm" "-f" "7aa2e218509e12c6a00c5d208f8700d2a0cfa239a4b10edb1921c3bc0c788a8f", kill_on_drop: false }`
[INFO] [stdout] 7aa2e218509e12c6a00c5d208f8700d2a0cfa239a4b10edb1921c3bc0c788a8f
[INFO] running `Command { std: "docker" "create" "-v" "/var/lib/crater-agent-workspace/builds/worker-2-tc2/target:/opt/rustwide/target:rw,Z" "-v" "/var/lib/crater-agent-workspace/builds/worker-2-tc2/source:/opt/rustwide/workdir:ro,Z" "-v" "/var/lib/crater-agent-workspace/cargo-home:/opt/rustwide/cargo-home:ro,Z" "-v" "/var/lib/crater-agent-workspace/rustup-home:/opt/rustwide/rustup-home:ro,Z" "-e" "SOURCE_DIR=/opt/rustwide/workdir" "-e" "CARGO_TARGET_DIR=/opt/rustwide/target" "-e" "CARGO_INCREMENTAL=0" "-e" "RUST_BACKTRACE=full" "-e" "RUSTFLAGS=--cap-lints=warn" "-e" "RUSTDOCFLAGS=--cap-lints=warn" "-e" "CARGO_HOME=/opt/rustwide/cargo-home" "-e" "RUSTUP_HOME=/opt/rustwide/rustup-home" "-w" "/opt/rustwide/workdir" "-m" "1610612736" "--user" "0:0" "--network" "none" "ghcr.io/rust-lang/crates-build-env/linux@sha256:2788e3201cd34a07e3172128adcd8b3090168a8e3bcc40d7c032b9dda1df7d1c" "/opt/rustwide/cargo-home/bin/cargo" "+beta-2023-12-22" "test" "--frozen" "--no-run" "--message-format=json", kill_on_drop: false }`
[INFO] [stdout] 55bd39c8cc33688b8c982cbaeeeee45793414d88b023cac1ee245082a8d3683a
[INFO] running `Command { std: "docker" "start" "-a" "55bd39c8cc33688b8c982cbaeeeee45793414d88b023cac1ee245082a8d3683a", kill_on_drop: false }`
[INFO] [stderr]    Compiling stitchkit-core-derive v0.1.0 (/opt/rustwide/workdir/crates/stitchkit-core-derive)
[INFO] [stderr]    Compiling muscript-syntax-derive v0.1.0 (/opt/rustwide/workdir/crates/muscript-syntax-derive)
[INFO] [stderr]    Compiling muscript-preprocessor v0.1.0 (/opt/rustwide/workdir/crates/muscript-preprocessor)
[INFO] [stderr]    Compiling muscript-lexer v0.1.0 (/opt/rustwide/workdir/crates/muscript-lexer)
[INFO] [stderr]    Compiling muscript-foundation v0.1.0 (/opt/rustwide/workdir/crates/muscript-foundation)
[INFO] [stderr]    Compiling stitchkit-manifest v0.1.0 (/opt/rustwide/workdir/crates/stitchkit-manifest)
[INFO] [stderr]    Compiling stitchkit-core v0.1.0 (/opt/rustwide/workdir/crates/stitchkit-core)
[INFO] [stderr]    Compiling stitchkit-archive v0.1.0 (/opt/rustwide/workdir/crates/stitchkit-archive)
[INFO] [stderr]    Compiling muscript-syntax v0.1.0 (/opt/rustwide/workdir/crates/muscript-syntax)
[INFO] [stdout] warning: unused import: `recovery::*`
[INFO] [stdout]   --> crates/muscript-syntax/src/parsing.rs:13:9
[INFO] [stdout]    |
[INFO] [stdout] 13 | pub use recovery::*;
[INFO] [stdout]    |         ^^^^^^^^^^^
[INFO] [stdout]    |
[INFO] [stdout]    = note: `#[warn(unused_imports)]` on by default
[INFO] [stdout] 
[INFO] [stdout] 
[INFO] [stdout] warning: unused import: `recovery::*`
[INFO] [stdout]   --> crates/muscript-syntax/src/parsing.rs:13:9
[INFO] [stdout]    |
[INFO] [stdout] 13 | pub use recovery::*;
[INFO] [stdout]    |         ^^^^^^^^^^^
[INFO] [stdout]    |
[INFO] [stdout]    = note: `#[warn(unused_imports)]` on by default
[INFO] [stdout] 
[INFO] [stdout] 
[INFO] [stderr]    Compiling stitchkit-reflection-types v0.1.0 (/opt/rustwide/workdir/crates/stitchkit-reflection-types)
[INFO] [stderr]    Compiling muscript-analysis v0.1.0 (/opt/rustwide/workdir/crates/muscript-analysis)
[INFO] [stdout] warning: 1 warning emitted
[INFO] [stdout] 
[INFO] [stdout] 
[INFO] [stdout] warning: 1 warning emitted
[INFO] [stdout] 
[INFO] [stdout] 
[INFO] [stderr]    Compiling stitchkit v0.1.0 (/opt/rustwide/workdir/crates/stitchkit)
[INFO] [stderr]    Compiling muscript v0.1.0 (/opt/rustwide/workdir/crates/muscript)
[INFO] [stderr]     Finished test [unoptimized + debuginfo] target(s) in 3.84s
[INFO] running `Command { std: "docker" "inspect" "55bd39c8cc33688b8c982cbaeeeee45793414d88b023cac1ee245082a8d3683a", kill_on_drop: false }`
[INFO] running `Command { std: "docker" "rm" "-f" "55bd39c8cc33688b8c982cbaeeeee45793414d88b023cac1ee245082a8d3683a", kill_on_drop: false }`
[INFO] [stdout] 55bd39c8cc33688b8c982cbaeeeee45793414d88b023cac1ee245082a8d3683a
[INFO] running `Command { std: "docker" "create" "-v" "/var/lib/crater-agent-workspace/builds/worker-2-tc2/target:/opt/rustwide/target:rw,Z" "-v" "/var/lib/crater-agent-workspace/builds/worker-2-tc2/source:/opt/rustwide/workdir:ro,Z" "-v" "/var/lib/crater-agent-workspace/cargo-home:/opt/rustwide/cargo-home:ro,Z" "-v" "/var/lib/crater-agent-workspace/rustup-home:/opt/rustwide/rustup-home:ro,Z" "-e" "SOURCE_DIR=/opt/rustwide/workdir" "-e" "CARGO_TARGET_DIR=/opt/rustwide/target" "-e" "CARGO_INCREMENTAL=0" "-e" "RUST_BACKTRACE=full" "-e" "RUSTFLAGS=--cap-lints=warn" "-e" "RUSTDOCFLAGS=--cap-lints=warn" "-e" "CARGO_HOME=/opt/rustwide/cargo-home" "-e" "RUSTUP_HOME=/opt/rustwide/rustup-home" "-w" "/opt/rustwide/workdir" "-m" "1610612736" "--user" "0:0" "--network" "none" "ghcr.io/rust-lang/crates-build-env/linux@sha256:2788e3201cd34a07e3172128adcd8b3090168a8e3bcc40d7c032b9dda1df7d1c" "/opt/rustwide/cargo-home/bin/cargo" "+beta-2023-12-22" "test" "--frozen", kill_on_drop: false }`
[INFO] [stdout] 938145ec8b644398a55176c370e0baa6398addca4dfd8af9018be523635b78ed
[INFO] running `Command { std: "docker" "start" "-a" "938145ec8b644398a55176c370e0baa6398addca4dfd8af9018be523635b78ed", kill_on_drop: false }`
[INFO] [stderr] warning: unused import: `recovery::*`
[INFO] [stderr]   --> crates/muscript-syntax/src/parsing.rs:13:9
[INFO] [stderr]    |
[INFO] [stderr] 13 | pub use recovery::*;
[INFO] [stderr]    |         ^^^^^^^^^^^
[INFO] [stderr]    |
[INFO] [stderr]    = note: `#[warn(unused_imports)]` on by default
[INFO] [stderr] 
[INFO] [stderr] warning: `muscript-syntax` (lib) generated 1 warning (run `cargo fix --lib -p muscript-syntax` to apply 1 suggestion)
[INFO] [stderr] warning: `muscript-syntax` (lib test) generated 1 warning (1 duplicate)
[INFO] [stderr]     Finished test [unoptimized + debuginfo] target(s) in 0.05s
[INFO] [stderr]      Running unittests src/main.rs (/opt/rustwide/target/debug/deps/muscript-28074788ca84a17c)
[INFO] [stdout] 
[INFO] [stdout] running 0 tests
[INFO] [stdout] 
[INFO] [stdout] test result: ok. 0 passed; 0 failed; 0 ignored; 0 measured; 0 filtered out; finished in 0.00s
[INFO] [stdout] 
[INFO] [stderr]      Running unittests src/lib.rs (/opt/rustwide/target/debug/deps/muscript_analysis-cfd44a384d23b611)
[INFO] [stdout] 
[INFO] [stdout] running 0 tests
[INFO] [stdout] 
[INFO] [stdout] test result: ok. 0 passed; 0 failed; 0 ignored; 0 measured; 0 filtered out; finished in 0.00s
[INFO] [stdout] 
[INFO] [stderr]      Running unittests src/lib.rs (/opt/rustwide/target/debug/deps/muscript_foundation-9711069266414daf)
[INFO] [stdout] 
[INFO] [stdout] running 0 tests
[INFO] [stdout] 
[INFO] [stdout] test result: ok. 0 passed; 0 failed; 0 ignored; 0 measured; 0 filtered out; finished in 0.00s
[INFO] [stdout] 
[INFO] [stderr]      Running unittests src/lib.rs (/opt/rustwide/target/debug/deps/muscript_lexer-cb6c577ef57f7532)
[INFO] [stdout] 
[INFO] [stdout] running 1 test
[INFO] [stdout] test sliced_tokens::tests::iteration_over_many_slices ... ok
[INFO] [stdout] 
[INFO] [stdout] test result: ok. 1 passed; 0 failed; 0 ignored; 0 measured; 0 filtered out; finished in 0.00s
[INFO] [stdout] 
[INFO] [stderr]      Running unittests src/lib.rs (/opt/rustwide/target/debug/deps/muscript_preprocessor-165289f2afbf4758)
[INFO] [stdout] 
[INFO] [stdout] running 0 tests
[INFO] [stdout] 
[INFO] [stdout] test result: ok. 0 passed; 0 failed; 0 ignored; 0 measured; 0 filtered out; finished in 0.00s
[INFO] [stdout] 
[INFO] [stderr]      Running unittests src/lib.rs (/opt/rustwide/target/debug/deps/muscript_syntax-b1ad99e3cca75c8a)
[INFO] [stdout] 
[INFO] [stdout] running 0 tests
[INFO] [stdout] 
[INFO] [stdout] test result: ok. 0 passed; 0 failed; 0 ignored; 0 measured; 0 filtered out; finished in 0.00s
[INFO] [stdout] 
[INFO] [stderr]      Running unittests src/lib.rs (/opt/rustwide/target/debug/deps/muscript_syntax_derive-60294fe14690de96)
[INFO] [stdout] 
[INFO] [stdout] running 0 tests
[INFO] [stdout] 
[INFO] [stdout] test result: ok. 0 passed; 0 failed; 0 ignored; 0 measured; 0 filtered out; finished in 0.00s
[INFO] [stdout] 
[INFO] [stderr]      Running unittests src/main.rs (/opt/rustwide/target/debug/deps/stitchkit-7471f6702eb9f558)
[INFO] [stdout] 
[INFO] [stdout] running 0 tests
[INFO] [stdout] 
[INFO] [stdout] test result: ok. 0 passed; 0 failed; 0 ignored; 0 measured; 0 filtered out; finished in 0.00s
[INFO] [stdout] 
[INFO] [stderr]      Running unittests src/lib.rs (/opt/rustwide/target/debug/deps/stitchkit_archive-150a4ccf92407ad1)
[INFO] [stdout] 
[INFO] [stdout] running 0 tests
[INFO] [stdout] 
[INFO] [stdout] test result: ok. 0 passed; 0 failed; 0 ignored; 0 measured; 0 filtered out; finished in 0.00s
[INFO] [stdout] 
[INFO] [stderr]      Running unittests src/lib.rs (/opt/rustwide/target/debug/deps/stitchkit_core-6b450bc16af70073)
[INFO] [stdout] 
[INFO] [stdout] running 0 tests
[INFO] [stdout] 
[INFO] [stdout] test result: ok. 0 passed; 0 failed; 0 ignored; 0 measured; 0 filtered out; finished in 0.00s
[INFO] [stdout] 
[INFO] [stderr]      Running unittests src/lib.rs (/opt/rustwide/target/debug/deps/stitchkit_core_derive-0a17362522092605)
[INFO] [stdout] 
[INFO] [stdout] running 0 tests
[INFO] [stdout] 
[INFO] [stdout] test result: ok. 0 passed; 0 failed; 0 ignored; 0 measured; 0 filtered out; finished in 0.00s
[INFO] [stdout] 
[INFO] [stderr]      Running unittests src/lib.rs (/opt/rustwide/target/debug/deps/stitchkit_manifest-99ab818bca0347c8)
[INFO] [stdout] 
[INFO] [stdout] running 0 tests
[INFO] [stdout] 
[INFO] [stdout] test result: ok. 0 passed; 0 failed; 0 ignored; 0 measured; 0 filtered out; finished in 0.00s
[INFO] [stdout] 
[INFO] [stderr]      Running unittests src/lib.rs (/opt/rustwide/target/debug/deps/stitchkit_reflection_types-7ea1efb365da61aa)
[INFO] [stdout] 
[INFO] [stdout] running 0 tests
[INFO] [stdout] 
[INFO] [stdout] test result: ok. 0 passed; 0 failed; 0 ignored; 0 measured; 0 filtered out; finished in 0.00s
[INFO] [stdout] 
[INFO] [stderr]    Doc-tests muscript-analysis
[INFO] [stdout] 
[INFO] [stdout] running 0 tests
[INFO] [stdout] 
[INFO] [stdout] test result: ok. 0 passed; 0 failed; 0 ignored; 0 measured; 0 filtered out; finished in 0.00s
[INFO] [stdout] 
[INFO] [stderr]    Doc-tests muscript-foundation
[INFO] [stdout] 
[INFO] [stdout] running 0 tests
[INFO] [stdout] 
[INFO] [stdout] test result: ok. 0 passed; 0 failed; 0 ignored; 0 measured; 0 filtered out; finished in 0.00s
[INFO] [stdout] 
[INFO] [stderr]    Doc-tests muscript-lexer
[INFO] [stdout] 
[INFO] [stdout] running 0 tests
[INFO] [stdout] 
[INFO] [stdout] test result: ok. 0 passed; 0 failed; 0 ignored; 0 measured; 0 filtered out; finished in 0.00s
[INFO] [stdout] 
[INFO] [stderr]    Doc-tests muscript-preprocessor
[INFO] [stdout] 
[INFO] [stdout] running 0 tests
[INFO] [stdout] 
[INFO] [stdout] test result: ok. 0 passed; 0 failed; 0 ignored; 0 measured; 0 filtered out; finished in 0.00s
[INFO] [stdout] 
[INFO] [stderr]    Doc-tests muscript-syntax
[INFO] [stdout] 
[INFO] [stdout] running 0 tests
[INFO] [stdout] 
[INFO] [stdout] test result: ok. 0 passed; 0 failed; 0 ignored; 0 measured; 0 filtered out; finished in 0.00s
[INFO] [stdout] 
[INFO] [stderr]    Doc-tests muscript-syntax-derive
[INFO] [stdout] 
[INFO] [stdout] running 0 tests
[INFO] [stdout] 
[INFO] [stdout] test result: ok. 0 passed; 0 failed; 0 ignored; 0 measured; 0 filtered out; finished in 0.00s
[INFO] [stdout] 
[INFO] [stderr]    Doc-tests stitchkit-archive
[INFO] [stdout] 
[INFO] [stdout] running 0 tests
[INFO] [stdout] 
[INFO] [stdout] test result: ok. 0 passed; 0 failed; 0 ignored; 0 measured; 0 filtered out; finished in 0.00s
[INFO] [stdout] 
[INFO] [stderr]    Doc-tests stitchkit-core
[INFO] [stdout] 
[INFO] [stdout] running 2 tests
[INFO] [stdout] test crates/stitchkit-core/src/context.rs - context::context (line 37) ... FAILED
[INFO] [stdout] test crates/stitchkit-core/src/context.rs - context::context (line 44) ... FAILED
[INFO] [stdout] 
[INFO] [stdout] failures:
[INFO] [stdout] 
[INFO] [stdout] ---- crates/stitchkit-core/src/context.rs - context::context (line 37) stdout ----
[INFO] [stdout] error: expected one of `!` or `[`, found keyword `use`
[INFO] [stdout]  --> crates/stitchkit-core/src/context.rs:39:2
[INFO] [stdout]   |
[INFO] [stdout] 5 | #use stitchkit_core::context;
[INFO] [stdout]   |  ^^^ expected one of `!` or `[`
[INFO] [stdout] 
[INFO] [stdout] error: aborting due to 1 previous error
[INFO] [stdout] 
[INFO] [stdout] Couldn't compile the test.
[INFO] [stdout] ---- crates/stitchkit-core/src/context.rs - context::context (line 44) stdout ----
[INFO] [stdout] error: expected one of `!` or `[`, found keyword `use`
[INFO] [stdout]  --> crates/stitchkit-core/src/context.rs:46:2
[INFO] [stdout]   |
[INFO] [stdout] 5 | #use stitchkit_core::context;
[INFO] [stdout]   |  ^^^ expected one of `!` or `[`
[INFO] [stdout] 
[INFO] [stdout] error: aborting due to 1 previous error
[INFO] [stdout] 
[INFO] [stdout] Couldn't compile the test.
[INFO] [stdout] 
[INFO] [stdout] failures:
[INFO] [stdout]     crates/stitchkit-core/src/context.rs - context::context (line 37)
[INFO] [stdout]     crates/stitchkit-core/src/context.rs - context::context (line 44)
[INFO] [stdout] 
[INFO] [stdout] test result: FAILED. 0 passed; 2 failed; 0 ignored; 0 measured; 0 filtered out; finished in 0.03s
[INFO] [stdout] 
[INFO] [stderr] error: doctest failed, to rerun pass `-p stitchkit-core --doc`
[INFO] running `Command { std: "docker" "inspect" "938145ec8b644398a55176c370e0baa6398addca4dfd8af9018be523635b78ed", kill_on_drop: false }`
[INFO] running `Command { std: "docker" "rm" "-f" "938145ec8b644398a55176c370e0baa6398addca4dfd8af9018be523635b78ed", kill_on_drop: false }`
[INFO] [stdout] 938145ec8b644398a55176c370e0baa6398addca4dfd8af9018be523635b78ed
