[INFO] cloning repository https://github.com/abiriadev/digital-link-rs
[INFO] running `Command { std: "git" "-c" "credential.helper=" "-c" "credential.helper=/workspace/cargo-home/bin/git-credential-null" "clone" "--bare" "https://github.com/abiriadev/digital-link-rs" "/workspace/cache/git-repos/https%3A%2F%2Fgithub.com%2Fabiriadev%2Fdigital-link-rs", kill_on_drop: false }`
[INFO] [stderr] Cloning into bare repository '/workspace/cache/git-repos/https%3A%2F%2Fgithub.com%2Fabiriadev%2Fdigital-link-rs'...
[INFO] running `Command { std: "git" "rev-parse" "HEAD", kill_on_drop: false }`
[INFO] [stdout] bf5087efebf00bddb812fcc4130b00b817dd0c35
[INFO] testing abiriadev/digital-link-rs against 1.75.0 for beta-1.76-1
[INFO] running `Command { std: "git" "clone" "/workspace/cache/git-repos/https%3A%2F%2Fgithub.com%2Fabiriadev%2Fdigital-link-rs" "/workspace/builds/worker-2-tc1/source", kill_on_drop: false }`
[INFO] [stderr] Cloning into '/workspace/builds/worker-2-tc1/source'...
[INFO] [stderr] done.
[INFO] validating manifest of git repo https://github.com/abiriadev/digital-link-rs on toolchain 1.75.0
[INFO] running `Command { std: CARGO_HOME="/workspace/cargo-home" RUSTUP_HOME="/workspace/rustup-home" "/workspace/cargo-home/bin/cargo" "+1.75.0" "metadata" "--manifest-path" "Cargo.toml" "--no-deps", kill_on_drop: false }`
[INFO] started tweaking git repo https://github.com/abiriadev/digital-link-rs
[INFO] finished tweaking git repo https://github.com/abiriadev/digital-link-rs
[INFO] tweaked toml for git repo https://github.com/abiriadev/digital-link-rs written to /workspace/builds/worker-2-tc1/source/Cargo.toml
[INFO] crate git repo https://github.com/abiriadev/digital-link-rs already has a lockfile, it will not be regenerated
[INFO] running `Command { std: CARGO_HOME="/workspace/cargo-home" RUSTUP_HOME="/workspace/rustup-home" "/workspace/cargo-home/bin/cargo" "+1.75.0" "fetch" "--manifest-path" "Cargo.toml", kill_on_drop: false }`
[INFO] running `Command { std: "docker" "create" "-v" "/var/lib/crater-agent-workspace/builds/worker-2-tc1/target:/opt/rustwide/target:rw,Z" "-v" "/var/lib/crater-agent-workspace/builds/worker-2-tc1/source:/opt/rustwide/workdir:ro,Z" "-v" "/var/lib/crater-agent-workspace/cargo-home:/opt/rustwide/cargo-home:ro,Z" "-v" "/var/lib/crater-agent-workspace/rustup-home:/opt/rustwide/rustup-home:ro,Z" "-e" "SOURCE_DIR=/opt/rustwide/workdir" "-e" "CARGO_TARGET_DIR=/opt/rustwide/target" "-e" "CARGO_HOME=/opt/rustwide/cargo-home" "-e" "RUSTUP_HOME=/opt/rustwide/rustup-home" "-w" "/opt/rustwide/workdir" "-m" "1610612736" "--user" "0:0" "--network" "none" "ghcr.io/rust-lang/crates-build-env/linux@sha256:2788e3201cd34a07e3172128adcd8b3090168a8e3bcc40d7c032b9dda1df7d1c" "/opt/rustwide/cargo-home/bin/cargo" "+1.75.0" "metadata" "--no-deps" "--format-version=1", kill_on_drop: false }`
[INFO] [stdout] 745bf90d5ff4139dcfde9d3460b2532d7e32ea8ad7cd48d1d373ae5eccae884a
[INFO] running `Command { std: "docker" "start" "-a" "745bf90d5ff4139dcfde9d3460b2532d7e32ea8ad7cd48d1d373ae5eccae884a", kill_on_drop: false }`
[INFO] running `Command { std: "docker" "inspect" "745bf90d5ff4139dcfde9d3460b2532d7e32ea8ad7cd48d1d373ae5eccae884a", kill_on_drop: false }`
[INFO] running `Command { std: "docker" "rm" "-f" "745bf90d5ff4139dcfde9d3460b2532d7e32ea8ad7cd48d1d373ae5eccae884a", kill_on_drop: false }`
[INFO] [stdout] 745bf90d5ff4139dcfde9d3460b2532d7e32ea8ad7cd48d1d373ae5eccae884a
[INFO] running `Command { std: "docker" "create" "-v" "/var/lib/crater-agent-workspace/builds/worker-2-tc1/target:/opt/rustwide/target:rw,Z" "-v" "/var/lib/crater-agent-workspace/builds/worker-2-tc1/source:/opt/rustwide/workdir:ro,Z" "-v" "/var/lib/crater-agent-workspace/cargo-home:/opt/rustwide/cargo-home:ro,Z" "-v" "/var/lib/crater-agent-workspace/rustup-home:/opt/rustwide/rustup-home:ro,Z" "-e" "SOURCE_DIR=/opt/rustwide/workdir" "-e" "CARGO_TARGET_DIR=/opt/rustwide/target" "-e" "CARGO_INCREMENTAL=0" "-e" "RUST_BACKTRACE=full" "-e" "RUSTFLAGS=--cap-lints=warn" "-e" "RUSTDOCFLAGS=--cap-lints=warn" "-e" "CARGO_HOME=/opt/rustwide/cargo-home" "-e" "RUSTUP_HOME=/opt/rustwide/rustup-home" "-w" "/opt/rustwide/workdir" "-m" "1610612736" "--user" "0:0" "--network" "none" "ghcr.io/rust-lang/crates-build-env/linux@sha256:2788e3201cd34a07e3172128adcd8b3090168a8e3bcc40d7c032b9dda1df7d1c" "/opt/rustwide/cargo-home/bin/cargo" "+1.75.0" "build" "--frozen" "--message-format=json", kill_on_drop: false }`
[INFO] [stdout] 014247049b190cb7e9f49b5d46e8a3e780e109a9eb3f3e981c8e334a0906c2a7
[INFO] running `Command { std: "docker" "start" "-a" "014247049b190cb7e9f49b5d46e8a3e780e109a9eb3f3e981c8e334a0906c2a7", kill_on_drop: false }`
[INFO] [stderr]    Compiling proc-macro2 v1.0.66
[INFO] [stderr]    Compiling unicode-ident v1.0.11
[INFO] [stderr]    Compiling wasm-bindgen-shared v0.2.87
[INFO] [stderr]    Compiling once_cell v1.18.0
[INFO] [stderr]    Compiling log v0.4.20
[INFO] [stderr]    Compiling bumpalo v3.13.0
[INFO] [stderr]    Compiling libc v0.2.147
[INFO] [stderr]    Compiling tinyvec_macros v0.1.1
[INFO] [stderr]    Compiling serde v1.0.183
[INFO] [stderr]    Compiling wasm-bindgen v0.2.87
[INFO] [stderr]    Compiling lazy_static v1.4.0
[INFO] [stderr]    Compiling paste v1.0.14
[INFO] [stderr]    Compiling thiserror v1.0.47
[INFO] [stderr]    Compiling percent-encoding v2.3.0
[INFO] [stderr]    Compiling unicode-bidi v0.3.13
[INFO] [stderr]    Compiling linked-hash-map v0.5.6
[INFO] [stderr]    Compiling tinyvec v1.6.0
[INFO] [stderr]    Compiling memchr v2.5.0
[INFO] [stderr]    Compiling similar v2.2.1
[INFO] [stderr]    Compiling yaml-rust v0.4.5
[INFO] [stderr]    Compiling form_urlencoded v1.2.0
[INFO] [stderr]    Compiling minimal-lexical v0.2.1
[INFO] [stderr]    Compiling assert_matches v1.5.0
[INFO] [stderr]    Compiling nom v7.1.3
[INFO] [stderr]    Compiling quote v1.0.33
[INFO] [stderr]    Compiling syn v2.0.29
[INFO] [stderr]    Compiling console v0.15.7
[INFO] [stderr]    Compiling unicode-normalization v0.1.22
[INFO] [stderr]    Compiling idna v0.4.0
[INFO] [stderr]    Compiling url v2.4.0
[INFO] [stderr]    Compiling insta v1.31.0
[INFO] [stderr]    Compiling wasm-bindgen-backend v0.2.87
[INFO] [stderr]    Compiling thiserror-impl v1.0.47
[INFO] [stderr]    Compiling wasm-bindgen-macro-support v0.2.87
[INFO] [stderr]    Compiling wasm-bindgen-macro v0.2.87
[INFO] [stderr]    Compiling js-sys v0.3.64
[INFO] [stderr]    Compiling digital-link-rs v0.1.0 (/opt/rustwide/workdir)
[INFO] [stdout] warning: unused import: `DigitalLinkWasm`
[INFO] [stdout]  --> src/model/mod.rs:2:37
[INFO] [stdout]   |
[INFO] [stdout] 2 | pub use digital_link::{DigitalLink, DigitalLinkWasm};
[INFO] [stdout]   |                                     ^^^^^^^^^^^^^^^
[INFO] [stdout]   |
[INFO] [stdout]   = note: `#[warn(unused_imports)]` on by default
[INFO] [stdout] 
[INFO] [stdout] 
[INFO] [stdout] warning: associated function `stringify_refno` is never used
[INFO] [stdout]    --> src/model/gs1path.rs:149:5
[INFO] [stdout]     |
[INFO] [stdout] 63  | impl Gs1Path {
[INFO] [stdout]     | ------------ associated function in this implementation
[INFO] [stdout] ...
[INFO] [stdout] 149 |     fn stringify_refno(refno: &Option<String>) -> String {
[INFO] [stdout]     |        ^^^^^^^^^^^^^^^
[INFO] [stdout]     |
[INFO] [stdout]     = note: `#[warn(dead_code)]` on by default
[INFO] [stdout] 
[INFO] [stdout] 
[INFO] [stdout] warning: function `refno_value` is never used
[INFO] [stdout]   --> src/parser/macros.rs:22:11
[INFO] [stdout]    |
[INFO] [stdout] 22 |             pub fn [<$name _value>](i: &str) -> nom::IResult<&str, &str> {
[INFO] [stdout]    |                    ^^^^^^^^^^^^^^^^
[INFO] [stdout]    |
[INFO] [stdout]   ::: src/parser/qualifier.rs:13:1
[INFO] [stdout]    |
[INFO] [stdout] 13 | comp! { refno,        "8020",    many_m_n(1, 25, xchar) }
[INFO] [stdout]    | --------------------------------------------------------- in this macro invocation
[INFO] [stdout]    |
[INFO] [stdout]    = note: this warning originates in the macro `comp` (in Nightly builds, run with -Z macro-backtrace for more info)
[INFO] [stdout] 
[INFO] [stdout] 
[INFO] [stdout] warning: function `refno` is never used
[INFO] [stdout]   --> src/parser/qualifier.rs:13:9
[INFO] [stdout]    |
[INFO] [stdout] 13 | comp! { refno,        "8020",    many_m_n(1, 25, xchar) }
[INFO] [stdout]    |         ^^^^^
[INFO] [stdout]    |
[INFO] [stdout]    = note: this warning originates in the macro `comp` (in Nightly builds, run with -Z macro-backtrace for more info)
[INFO] [stdout] 
[INFO] [stdout] 
[INFO] [stdout] warning: 4 warnings emitted
[INFO] [stdout] 
[INFO] [stdout] 
[INFO] [stderr]     Finished dev [unoptimized + debuginfo] target(s) in 6.85s
[INFO] running `Command { std: "docker" "inspect" "014247049b190cb7e9f49b5d46e8a3e780e109a9eb3f3e981c8e334a0906c2a7", kill_on_drop: false }`
[INFO] running `Command { std: "docker" "rm" "-f" "014247049b190cb7e9f49b5d46e8a3e780e109a9eb3f3e981c8e334a0906c2a7", kill_on_drop: false }`
[INFO] [stdout] 014247049b190cb7e9f49b5d46e8a3e780e109a9eb3f3e981c8e334a0906c2a7
[INFO] running `Command { std: "docker" "create" "-v" "/var/lib/crater-agent-workspace/builds/worker-2-tc1/target:/opt/rustwide/target:rw,Z" "-v" "/var/lib/crater-agent-workspace/builds/worker-2-tc1/source:/opt/rustwide/workdir:ro,Z" "-v" "/var/lib/crater-agent-workspace/cargo-home:/opt/rustwide/cargo-home:ro,Z" "-v" "/var/lib/crater-agent-workspace/rustup-home:/opt/rustwide/rustup-home:ro,Z" "-e" "SOURCE_DIR=/opt/rustwide/workdir" "-e" "CARGO_TARGET_DIR=/opt/rustwide/target" "-e" "CARGO_INCREMENTAL=0" "-e" "RUST_BACKTRACE=full" "-e" "RUSTFLAGS=--cap-lints=warn" "-e" "RUSTDOCFLAGS=--cap-lints=warn" "-e" "CARGO_HOME=/opt/rustwide/cargo-home" "-e" "RUSTUP_HOME=/opt/rustwide/rustup-home" "-w" "/opt/rustwide/workdir" "-m" "1610612736" "--user" "0:0" "--network" "none" "ghcr.io/rust-lang/crates-build-env/linux@sha256:2788e3201cd34a07e3172128adcd8b3090168a8e3bcc40d7c032b9dda1df7d1c" "/opt/rustwide/cargo-home/bin/cargo" "+1.75.0" "test" "--frozen" "--no-run" "--message-format=json", kill_on_drop: false }`
[INFO] [stdout] 3969547c774251b874999b913087fda828702b079b22584d23bbcb7ae5f54610
[INFO] running `Command { std: "docker" "start" "-a" "3969547c774251b874999b913087fda828702b079b22584d23bbcb7ae5f54610", kill_on_drop: false }`
[INFO] [stdout] warning: unused import: `DigitalLinkWasm`
[INFO] [stdout]  --> src/model/mod.rs:2:37
[INFO] [stdout]   |
[INFO] [stdout] 2 | pub use digital_link::{DigitalLink, DigitalLinkWasm};
[INFO] [stdout]   |                                     ^^^^^^^^^^^^^^^
[INFO] [stdout]   |
[INFO] [stdout]   = note: `#[warn(unused_imports)]` on by default
[INFO] [stdout] 
[INFO] [stdout] 
[INFO] [stdout] warning: associated function `stringify_refno` is never used
[INFO] [stdout]    --> src/model/gs1path.rs:149:5
[INFO] [stdout]     |
[INFO] [stdout] 63  | impl Gs1Path {
[INFO] [stdout]     | ------------ associated function in this implementation
[INFO] [stdout] ...
[INFO] [stdout] 149 |     fn stringify_refno(refno: &Option<String>) -> String {
[INFO] [stdout]     |        ^^^^^^^^^^^^^^^
[INFO] [stdout]     |
[INFO] [stdout]     = note: `#[warn(dead_code)]` on by default
[INFO] [stdout] 
[INFO] [stdout] 
[INFO] [stderr]    Compiling digital-link-rs v0.1.0 (/opt/rustwide/workdir)
[INFO] [stdout] warning: function `refno_value` is never used
[INFO] [stdout]   --> src/parser/macros.rs:22:11
[INFO] [stdout]    |
[INFO] [stdout] 22 |             pub fn [<$name _value>](i: &str) -> nom::IResult<&str, &str> {
[INFO] [stdout]    |                    ^^^^^^^^^^^^^^^^
[INFO] [stdout]    |
[INFO] [stdout]   ::: src/parser/qualifier.rs:13:1
[INFO] [stdout]    |
[INFO] [stdout] 13 | comp! { refno,        "8020",    many_m_n(1, 25, xchar) }
[INFO] [stdout]    | --------------------------------------------------------- in this macro invocation
[INFO] [stdout]    |
[INFO] [stdout]    = note: this warning originates in the macro `comp` (in Nightly builds, run with -Z macro-backtrace for more info)
[INFO] [stdout] 
[INFO] [stdout] 
[INFO] [stdout] warning: function `refno` is never used
[INFO] [stdout]   --> src/parser/qualifier.rs:13:9
[INFO] [stdout]    |
[INFO] [stdout] 13 | comp! { refno,        "8020",    many_m_n(1, 25, xchar) }
[INFO] [stdout]    |         ^^^^^
[INFO] [stdout]    |
[INFO] [stdout]    = note: this warning originates in the macro `comp` (in Nightly builds, run with -Z macro-backtrace for more info)
[INFO] [stdout] 
[INFO] [stdout] 
[INFO] [stdout] warning: 4 warnings emitted
[INFO] [stdout] 
[INFO] [stdout] 
[INFO] [stdout] warning: unused import: `DigitalLinkWasm`
[INFO] [stdout]  --> src/model/mod.rs:2:37
[INFO] [stdout]   |
[INFO] [stdout] 2 | pub use digital_link::{DigitalLink, DigitalLinkWasm};
[INFO] [stdout]   |                                     ^^^^^^^^^^^^^^^
[INFO] [stdout]   |
[INFO] [stdout]   = note: `#[warn(unused_imports)]` on by default
[INFO] [stdout] 
[INFO] [stdout] 
[INFO] [stdout] warning: associated function `stringify_refno` is never used
[INFO] [stdout]    --> src/model/gs1path.rs:149:5
[INFO] [stdout]     |
[INFO] [stdout] 63  | impl Gs1Path {
[INFO] [stdout]     | ------------ associated function in this implementation
[INFO] [stdout] ...
[INFO] [stdout] 149 |     fn stringify_refno(refno: &Option<String>) -> String {
[INFO] [stdout]     |        ^^^^^^^^^^^^^^^
[INFO] [stdout]     |
[INFO] [stdout]     = note: `#[warn(dead_code)]` on by default
[INFO] [stdout] 
[INFO] [stdout] 
[INFO] [stdout] warning: function `refno_value` is never used
[INFO] [stdout]   --> src/parser/macros.rs:22:11
[INFO] [stdout]    |
[INFO] [stdout] 22 |             pub fn [<$name _value>](i: &str) -> nom::IResult<&str, &str> {
[INFO] [stdout]    |                    ^^^^^^^^^^^^^^^^
[INFO] [stdout]    |
[INFO] [stdout]   ::: src/parser/qualifier.rs:13:1
[INFO] [stdout]    |
[INFO] [stdout] 13 | comp! { refno,        "8020",    many_m_n(1, 25, xchar) }
[INFO] [stdout]    | --------------------------------------------------------- in this macro invocation
[INFO] [stdout]    |
[INFO] [stdout]    = note: this warning originates in the macro `comp` (in Nightly builds, run with -Z macro-backtrace for more info)
[INFO] [stdout] 
[INFO] [stdout] 
[INFO] [stdout] warning: function `refno` is never used
[INFO] [stdout]   --> src/parser/qualifier.rs:13:9
[INFO] [stdout]    |
[INFO] [stdout] 13 | comp! { refno,        "8020",    many_m_n(1, 25, xchar) }
[INFO] [stdout]    |         ^^^^^
[INFO] [stdout]    |
[INFO] [stdout]    = note: this warning originates in the macro `comp` (in Nightly builds, run with -Z macro-backtrace for more info)
[INFO] [stdout] 
[INFO] [stdout] 
[INFO] [stdout] warning: 4 warnings emitted
[INFO] [stdout] 
[INFO] [stdout] 
[INFO] [stderr]     Finished test [unoptimized + debuginfo] target(s) in 1.28s
[INFO] running `Command { std: "docker" "inspect" "3969547c774251b874999b913087fda828702b079b22584d23bbcb7ae5f54610", kill_on_drop: false }`
[INFO] running `Command { std: "docker" "rm" "-f" "3969547c774251b874999b913087fda828702b079b22584d23bbcb7ae5f54610", kill_on_drop: false }`
[INFO] [stdout] 3969547c774251b874999b913087fda828702b079b22584d23bbcb7ae5f54610
[INFO] running `Command { std: "docker" "create" "-v" "/var/lib/crater-agent-workspace/builds/worker-2-tc1/target:/opt/rustwide/target:rw,Z" "-v" "/var/lib/crater-agent-workspace/builds/worker-2-tc1/source:/opt/rustwide/workdir:ro,Z" "-v" "/var/lib/crater-agent-workspace/cargo-home:/opt/rustwide/cargo-home:ro,Z" "-v" "/var/lib/crater-agent-workspace/rustup-home:/opt/rustwide/rustup-home:ro,Z" "-e" "SOURCE_DIR=/opt/rustwide/workdir" "-e" "CARGO_TARGET_DIR=/opt/rustwide/target" "-e" "CARGO_INCREMENTAL=0" "-e" "RUST_BACKTRACE=full" "-e" "RUSTFLAGS=--cap-lints=warn" "-e" "RUSTDOCFLAGS=--cap-lints=warn" "-e" "CARGO_HOME=/opt/rustwide/cargo-home" "-e" "RUSTUP_HOME=/opt/rustwide/rustup-home" "-w" "/opt/rustwide/workdir" "-m" "1610612736" "--user" "0:0" "--network" "none" "ghcr.io/rust-lang/crates-build-env/linux@sha256:2788e3201cd34a07e3172128adcd8b3090168a8e3bcc40d7c032b9dda1df7d1c" "/opt/rustwide/cargo-home/bin/cargo" "+1.75.0" "test" "--frozen", kill_on_drop: false }`
[INFO] [stdout] 216848bed205530d5edb9520646972e0fc547eb39c38c07ff3110e9439efa868
[INFO] running `Command { std: "docker" "start" "-a" "216848bed205530d5edb9520646972e0fc547eb39c38c07ff3110e9439efa868", kill_on_drop: false }`
[INFO] [stderr] warning: unused import: `DigitalLinkWasm`
[INFO] [stderr]  --> src/model/mod.rs:2:37
[INFO] [stderr]   |
[INFO] [stderr] 2 | pub use digital_link::{DigitalLink, DigitalLinkWasm};
[INFO] [stderr]   |                                     ^^^^^^^^^^^^^^^
[INFO] [stderr]   |
[INFO] [stderr]   = note: `#[warn(unused_imports)]` on by default
[INFO] [stderr] 
[INFO] [stderr] warning: associated function `stringify_refno` is never used
[INFO] [stderr]    --> src/model/gs1path.rs:149:5
[INFO] [stderr]     |
[INFO] [stderr] 63  | impl Gs1Path {
[INFO] [stderr]     | ------------ associated function in this implementation
[INFO] [stderr] ...
[INFO] [stderr] 149 |     fn stringify_refno(refno: &Option<String>) -> String {
[INFO] [stderr]     |        ^^^^^^^^^^^^^^^
[INFO] [stderr]     |
[INFO] [stderr]     = note: `#[warn(dead_code)]` on by default
[INFO] [stderr] 
[INFO] [stderr] warning: function `refno_value` is never used
[INFO] [stderr]   --> src/parser/macros.rs:22:11
[INFO] [stderr]    |
[INFO] [stderr] 22 |             pub fn [<$name _value>](i: &str) -> nom::IResult<&str, &str> {
[INFO] [stderr]    |                    ^^^^^^^^^^^^^^^^
[INFO] [stderr]    |
[INFO] [stderr]   ::: src/parser/qualifier.rs:13:1
[INFO] [stderr]    |
[INFO] [stderr] 13 | comp! { refno,        "8020",    many_m_n(1, 25, xchar) }
[INFO] [stderr]    | --------------------------------------------------------- in this macro invocation
[INFO] [stderr]    |
[INFO] [stderr]    = note: this warning originates in the macro `comp` (in Nightly builds, run with -Z macro-backtrace for more info)
[INFO] [stderr] 
[INFO] [stderr] warning: function `refno` is never used
[INFO] [stderr]   --> src/parser/qualifier.rs:13:9
[INFO] [stderr]    |
[INFO] [stderr] 13 | comp! { refno,        "8020",    many_m_n(1, 25, xchar) }
[INFO] [stderr]    |         ^^^^^
[INFO] [stderr]    |
[INFO] [stderr]    = note: this warning originates in the macro `comp` (in Nightly builds, run with -Z macro-backtrace for more info)
[INFO] [stderr] 
[INFO] [stderr] warning: `digital-link-rs` (lib) generated 4 warnings (run `cargo fix --lib -p digital-link-rs` to apply 1 suggestion)
[INFO] [stderr] warning: `digital-link-rs` (lib test) generated 4 warnings (4 duplicates)
[INFO] [stderr]     Finished test [unoptimized + debuginfo] target(s) in 0.02s
[INFO] [stderr]      Running unittests src/lib.rs (/opt/rustwide/target/debug/deps/digital_link_rs-22d6fd4d44dd5bde)
[INFO] [stdout] 
[INFO] [stdout] running 23 tests
[INFO] [stdout] test model::digital_link::tests::serialized_result_should_be_same_as_input ... ok
[INFO] [stdout] test parser::primitive::tests::escaped_colon_should_be_xchar ... ok
[INFO] [stdout] test parser::primitive::tests::escaped_hash_should_not_be_ychar ... ok
[INFO] [stdout] test parser::primitive::tests::escaped_question_mark_should_be_xchar ... ok
[INFO] [stdout] test parser::gs1path::tests::should_accept_spec_example_5_10 ... ok
[INFO] [stdout] test parser::gs1path::tests::should_accept_spec_example_5_3 ... ok
[INFO] [stdout] test parser::gs1path::tests::should_accept_spec_example_5_1 ... ok
[INFO] [stdout] test parser::gs1path::tests::should_accept_spec_example_5_4 ... ok
[INFO] [stdout] test parser::gs1path::tests::should_accept_spec_example_5_11 ... ok
[INFO] [stdout] test parser::gs1path::tests::should_accept_spec_example_5_2 ... ok
[INFO] [stdout] test parser::gs1path::tests::should_accept_spec_example_5_6 ... ok
[INFO] [stdout] test parser::gs1path::tests::should_accept_spec_example_5_5 ... ok
[INFO] [stdout] test parser::primitive::tests::escaped_question_mark_should_be_ychar ... ok
[INFO] [stdout] test parser::gs1path::tests::should_accept_spec_example_5_9 ... ok
[INFO] [stdout] test parser::gs1path::tests::should_not_accept_root_path ... ok
[INFO] [stdout] test parser::gs1path::tests::should_accept_spec_example_5_8 ... ok
[INFO] [stdout] test parser::gs1path::tests::should_accept_spec_example_5_7 ... ok
[INFO] [stdout] test parser::primitive::tests::hash_should_not_be_ychar ... ok
[INFO] [stdout] test parser::primitive::tests::x_should_be_xchar ... ok
[INFO] [stdout] test parser::primitive::tests::hash_should_not_be_xchar ... ok
[INFO] [stdout] test parser::primitive::tests::colon_should_not_be_xchar ... ok
[INFO] [stdout] test parser::primitive::tests::question_mark_should_not_be_xchar ... ok
[INFO] [stdout] test parser::primitive::tests::escaped_hash_should_not_be_xchar ... ok
[INFO] [stdout] 
[INFO] [stdout] test result: ok. 23 passed; 0 failed; 0 ignored; 0 measured; 0 filtered out; finished in 0.01s
[INFO] [stdout] 
[INFO] [stderr]      Running tests/parse.rs (/opt/rustwide/target/debug/deps/parse-ccf6fee1cc7f493e)
[INFO] [stdout] 
[INFO] [stdout] running 1 test
[INFO] [stdout] test parse ... ok
[INFO] [stdout] 
[INFO] [stdout] test result: ok. 1 passed; 0 failed; 0 ignored; 0 measured; 0 filtered out; finished in 0.00s
[INFO] [stdout] 
[INFO] [stderr]    Doc-tests digital-link-rs
[INFO] [stdout] 
[INFO] [stdout] running 1 test
[INFO] [stdout] test src/lib.rs - (line 4) ... FAILED
[INFO] [stdout] 
[INFO] [stdout] failures:
[INFO] [stdout] 
[INFO] [stdout] ---- src/lib.rs - (line 4) stdout ----
[INFO] [stdout] error[E0254]: the name `digital_link_rs` is defined multiple times
[INFO] [stdout]  --> src/lib.rs:6:23
[INFO] [stdout]   |
[INFO] [stdout] 3 | extern crate r#digital_link_rs;
[INFO] [stdout]   | ------------------------------- previous import of the extern crate `digital_link_rs` here
[INFO] [stdout] 4 | use digital_link_rs::{self, DigitalLink, Gs1Path};
[INFO] [stdout]   |                       ^^^^--
[INFO] [stdout]   |                       |
[INFO] [stdout]   |                       `digital_link_rs` reimported here
[INFO] [stdout]   |                       help: remove unnecessary import
[INFO] [stdout]   |
[INFO] [stdout]   = note: `digital_link_rs` must be defined only once in the type namespace of this module
[INFO] [stdout] 
[INFO] [stdout] error: aborting due to previous error
[INFO] [stdout] 
[INFO] [stdout] For more information about this error, try `rustc --explain E0254`.
[INFO] [stdout] Couldn't compile the test.
[INFO] [stdout] 
[INFO] [stdout] failures:
[INFO] [stdout]     src/lib.rs - (line 4)
[INFO] [stdout] 
[INFO] [stdout] test result: FAILED. 0 passed; 1 failed; 0 ignored; 0 measured; 0 filtered out; finished in 0.03s
[INFO] [stdout] 
[INFO] [stderr] error: doctest failed, to rerun pass `--doc`
[INFO] running `Command { std: "docker" "inspect" "216848bed205530d5edb9520646972e0fc547eb39c38c07ff3110e9439efa868", kill_on_drop: false }`
[INFO] running `Command { std: "docker" "rm" "-f" "216848bed205530d5edb9520646972e0fc547eb39c38c07ff3110e9439efa868", kill_on_drop: false }`
[INFO] [stdout] 216848bed205530d5edb9520646972e0fc547eb39c38c07ff3110e9439efa868
[INFO] testing abiriadev/digital-link-rs against beta-2023-12-22 for beta-1.76-1
[INFO] running `Command { std: "git" "clone" "/workspace/cache/git-repos/https%3A%2F%2Fgithub.com%2Fabiriadev%2Fdigital-link-rs" "/workspace/builds/worker-2-tc2/source", kill_on_drop: false }`
[INFO] [stderr] Cloning into '/workspace/builds/worker-2-tc2/source'...
[INFO] [stderr] done.
[INFO] validating manifest of git repo https://github.com/abiriadev/digital-link-rs on toolchain beta-2023-12-22
[INFO] running `Command { std: CARGO_HOME="/workspace/cargo-home" RUSTUP_HOME="/workspace/rustup-home" "/workspace/cargo-home/bin/cargo" "+beta-2023-12-22" "metadata" "--manifest-path" "Cargo.toml" "--no-deps", kill_on_drop: false }`
[INFO] started tweaking git repo https://github.com/abiriadev/digital-link-rs
[INFO] finished tweaking git repo https://github.com/abiriadev/digital-link-rs
[INFO] tweaked toml for git repo https://github.com/abiriadev/digital-link-rs written to /workspace/builds/worker-2-tc2/source/Cargo.toml
[INFO] crate git repo https://github.com/abiriadev/digital-link-rs already has a lockfile, it will not be regenerated
[INFO] running `Command { std: CARGO_HOME="/workspace/cargo-home" RUSTUP_HOME="/workspace/rustup-home" "/workspace/cargo-home/bin/cargo" "+beta-2023-12-22" "fetch" "--manifest-path" "Cargo.toml", kill_on_drop: false }`
[INFO] running `Command { std: "docker" "create" "-v" "/var/lib/crater-agent-workspace/builds/worker-2-tc2/target:/opt/rustwide/target:rw,Z" "-v" "/var/lib/crater-agent-workspace/builds/worker-2-tc2/source:/opt/rustwide/workdir:ro,Z" "-v" "/var/lib/crater-agent-workspace/cargo-home:/opt/rustwide/cargo-home:ro,Z" "-v" "/var/lib/crater-agent-workspace/rustup-home:/opt/rustwide/rustup-home:ro,Z" "-e" "SOURCE_DIR=/opt/rustwide/workdir" "-e" "CARGO_TARGET_DIR=/opt/rustwide/target" "-e" "CARGO_HOME=/opt/rustwide/cargo-home" "-e" "RUSTUP_HOME=/opt/rustwide/rustup-home" "-w" "/opt/rustwide/workdir" "-m" "1610612736" "--user" "0:0" "--network" "none" "ghcr.io/rust-lang/crates-build-env/linux@sha256:2788e3201cd34a07e3172128adcd8b3090168a8e3bcc40d7c032b9dda1df7d1c" "/opt/rustwide/cargo-home/bin/cargo" "+beta-2023-12-22" "metadata" "--no-deps" "--format-version=1", kill_on_drop: false }`
[INFO] [stdout] 96ed85048882307289602df390dcffeaad56c35005c38310bc8f1209c2fae667
[INFO] running `Command { std: "docker" "start" "-a" "96ed85048882307289602df390dcffeaad56c35005c38310bc8f1209c2fae667", kill_on_drop: false }`
[INFO] running `Command { std: "docker" "inspect" "96ed85048882307289602df390dcffeaad56c35005c38310bc8f1209c2fae667", kill_on_drop: false }`
[INFO] running `Command { std: "docker" "rm" "-f" "96ed85048882307289602df390dcffeaad56c35005c38310bc8f1209c2fae667", kill_on_drop: false }`
[INFO] [stdout] 96ed85048882307289602df390dcffeaad56c35005c38310bc8f1209c2fae667
[INFO] running `Command { std: "docker" "create" "-v" "/var/lib/crater-agent-workspace/builds/worker-2-tc2/target:/opt/rustwide/target:rw,Z" "-v" "/var/lib/crater-agent-workspace/builds/worker-2-tc2/source:/opt/rustwide/workdir:ro,Z" "-v" "/var/lib/crater-agent-workspace/cargo-home:/opt/rustwide/cargo-home:ro,Z" "-v" "/var/lib/crater-agent-workspace/rustup-home:/opt/rustwide/rustup-home:ro,Z" "-e" "SOURCE_DIR=/opt/rustwide/workdir" "-e" "CARGO_TARGET_DIR=/opt/rustwide/target" "-e" "CARGO_INCREMENTAL=0" "-e" "RUST_BACKTRACE=full" "-e" "RUSTFLAGS=--cap-lints=warn" "-e" "RUSTDOCFLAGS=--cap-lints=warn" "-e" "CARGO_HOME=/opt/rustwide/cargo-home" "-e" "RUSTUP_HOME=/opt/rustwide/rustup-home" "-w" "/opt/rustwide/workdir" "-m" "1610612736" "--user" "0:0" "--network" "none" "ghcr.io/rust-lang/crates-build-env/linux@sha256:2788e3201cd34a07e3172128adcd8b3090168a8e3bcc40d7c032b9dda1df7d1c" "/opt/rustwide/cargo-home/bin/cargo" "+beta-2023-12-22" "build" "--frozen" "--message-format=json", kill_on_drop: false }`
[INFO] [stdout] 8e59dc99ab9b168e88d2780ecd67a83624faac2f07745a179656d8b6e77d0b49
[INFO] running `Command { std: "docker" "start" "-a" "8e59dc99ab9b168e88d2780ecd67a83624faac2f07745a179656d8b6e77d0b49", kill_on_drop: false }`
[INFO] [stderr]    Compiling proc-macro2 v1.0.66
[INFO] [stderr]    Compiling unicode-ident v1.0.11
[INFO] [stderr]    Compiling wasm-bindgen-shared v0.2.87
[INFO] [stderr]    Compiling log v0.4.20
[INFO] [stderr]    Compiling once_cell v1.18.0
[INFO] [stderr]    Compiling bumpalo v3.13.0
[INFO] [stderr]    Compiling tinyvec_macros v0.1.1
[INFO] [stderr]    Compiling libc v0.2.147
[INFO] [stderr]    Compiling serde v1.0.183
[INFO] [stderr]    Compiling wasm-bindgen v0.2.87
[INFO] [stderr]    Compiling percent-encoding v2.3.0
[INFO] [stderr]    Compiling lazy_static v1.4.0
[INFO] [stderr]    Compiling paste v1.0.14
[INFO] [stderr]    Compiling thiserror v1.0.47
[INFO] [stderr]    Compiling unicode-bidi v0.3.13
[INFO] [stderr]    Compiling linked-hash-map v0.5.6
[INFO] [stderr]    Compiling tinyvec v1.6.0
[INFO] [stderr]    Compiling memchr v2.5.0
[INFO] [stderr]    Compiling similar v2.2.1
[INFO] [stderr]    Compiling yaml-rust v0.4.5
[INFO] [stderr]    Compiling form_urlencoded v1.2.0
[INFO] [stderr]    Compiling minimal-lexical v0.2.1
[INFO] [stderr]    Compiling assert_matches v1.5.0
[INFO] [stderr]    Compiling nom v7.1.3
[INFO] [stderr]    Compiling quote v1.0.33
[INFO] [stderr]    Compiling syn v2.0.29
[INFO] [stderr]    Compiling unicode-normalization v0.1.22
[INFO] [stderr]    Compiling console v0.15.7
[INFO] [stderr]    Compiling idna v0.4.0
[INFO] [stderr]    Compiling url v2.4.0
[INFO] [stderr]    Compiling insta v1.31.0
[INFO] [stderr]    Compiling wasm-bindgen-backend v0.2.87
[INFO] [stderr]    Compiling thiserror-impl v1.0.47
[INFO] [stderr]    Compiling wasm-bindgen-macro-support v0.2.87
[INFO] [stderr]    Compiling wasm-bindgen-macro v0.2.87
[INFO] [stderr]    Compiling js-sys v0.3.64
[INFO] [stderr]    Compiling digital-link-rs v0.1.0 (/opt/rustwide/workdir)
[INFO] [stdout] warning: unused import: `DigitalLinkWasm`
[INFO] [stdout]  --> src/model/mod.rs:2:37
[INFO] [stdout]   |
[INFO] [stdout] 2 | pub use digital_link::{DigitalLink, DigitalLinkWasm};
[INFO] [stdout]   |                                     ^^^^^^^^^^^^^^^
[INFO] [stdout]   |
[INFO] [stdout]   = note: `#[warn(unused_imports)]` on by default
[INFO] [stdout] 
[INFO] [stdout] 
[INFO] [stdout] warning: associated function `stringify_refno` is never used
[INFO] [stdout]    --> src/model/gs1path.rs:149:5
[INFO] [stdout]     |
[INFO] [stdout] 63  | impl Gs1Path {
[INFO] [stdout]     | ------------ associated function in this implementation
[INFO] [stdout] ...
[INFO] [stdout] 149 |     fn stringify_refno(refno: &Option<String>) -> String {
[INFO] [stdout]     |        ^^^^^^^^^^^^^^^
[INFO] [stdout]     |
[INFO] [stdout]     = note: `#[warn(dead_code)]` on by default
[INFO] [stdout] 
[INFO] [stdout] 
[INFO] [stdout] warning: function `refno_value` is never used
[INFO] [stdout]   --> src/parser/macros.rs:22:11
[INFO] [stdout]    |
[INFO] [stdout] 22 |             pub fn [<$name _value>](i: &str) -> nom::IResult<&str, &str> {
[INFO] [stdout]    |                    ^^^^^^^^^^^^^^^^
[INFO] [stdout]    |
[INFO] [stdout]   ::: src/parser/qualifier.rs:13:1
[INFO] [stdout]    |
[INFO] [stdout] 13 | comp! { refno,        "8020",    many_m_n(1, 25, xchar) }
[INFO] [stdout]    | --------------------------------------------------------- in this macro invocation
[INFO] [stdout]    |
[INFO] [stdout]    = note: this warning originates in the macro `comp` (in Nightly builds, run with -Z macro-backtrace for more info)
[INFO] [stdout] 
[INFO] [stdout] 
[INFO] [stdout] warning: function `refno` is never used
[INFO] [stdout]   --> src/parser/qualifier.rs:13:9
[INFO] [stdout]    |
[INFO] [stdout] 13 | comp! { refno,        "8020",    many_m_n(1, 25, xchar) }
[INFO] [stdout]    |         ^^^^^
[INFO] [stdout]    |
[INFO] [stdout]    = note: this warning originates in the macro `comp` (in Nightly builds, run with -Z macro-backtrace for more info)
[INFO] [stdout] 
[INFO] [stdout] 
[INFO] [stdout] warning: 4 warnings emitted
[INFO] [stdout] 
[INFO] [stdout] 
[INFO] [stderr]     Finished dev [unoptimized + debuginfo] target(s) in 7.03s
[INFO] running `Command { std: "docker" "inspect" "8e59dc99ab9b168e88d2780ecd67a83624faac2f07745a179656d8b6e77d0b49", kill_on_drop: false }`
[INFO] running `Command { std: "docker" "rm" "-f" "8e59dc99ab9b168e88d2780ecd67a83624faac2f07745a179656d8b6e77d0b49", kill_on_drop: false }`
[INFO] [stdout] 8e59dc99ab9b168e88d2780ecd67a83624faac2f07745a179656d8b6e77d0b49
[INFO] running `Command { std: "docker" "create" "-v" "/var/lib/crater-agent-workspace/builds/worker-2-tc2/target:/opt/rustwide/target:rw,Z" "-v" "/var/lib/crater-agent-workspace/builds/worker-2-tc2/source:/opt/rustwide/workdir:ro,Z" "-v" "/var/lib/crater-agent-workspace/cargo-home:/opt/rustwide/cargo-home:ro,Z" "-v" "/var/lib/crater-agent-workspace/rustup-home:/opt/rustwide/rustup-home:ro,Z" "-e" "SOURCE_DIR=/opt/rustwide/workdir" "-e" "CARGO_TARGET_DIR=/opt/rustwide/target" "-e" "CARGO_INCREMENTAL=0" "-e" "RUST_BACKTRACE=full" "-e" "RUSTFLAGS=--cap-lints=warn" "-e" "RUSTDOCFLAGS=--cap-lints=warn" "-e" "CARGO_HOME=/opt/rustwide/cargo-home" "-e" "RUSTUP_HOME=/opt/rustwide/rustup-home" "-w" "/opt/rustwide/workdir" "-m" "1610612736" "--user" "0:0" "--network" "none" "ghcr.io/rust-lang/crates-build-env/linux@sha256:2788e3201cd34a07e3172128adcd8b3090168a8e3bcc40d7c032b9dda1df7d1c" "/opt/rustwide/cargo-home/bin/cargo" "+beta-2023-12-22" "test" "--frozen" "--no-run" "--message-format=json", kill_on_drop: false }`
[INFO] [stdout] 98fdaec24ba410433998d462c006752d1c0723649a03c4235e985a86759d59e9
[INFO] running `Command { std: "docker" "start" "-a" "98fdaec24ba410433998d462c006752d1c0723649a03c4235e985a86759d59e9", kill_on_drop: false }`
[INFO] [stdout] warning: unused import: `DigitalLinkWasm`
[INFO] [stdout]  --> src/model/mod.rs:2:37
[INFO] [stdout]   |
[INFO] [stdout] 2 | pub use digital_link::{DigitalLink, DigitalLinkWasm};
[INFO] [stdout]   |                                     ^^^^^^^^^^^^^^^
[INFO] [stdout]   |
[INFO] [stdout]   = note: `#[warn(unused_imports)]` on by default
[INFO] [stdout] 
[INFO] [stdout] 
[INFO] [stdout] warning: associated function `stringify_refno` is never used
[INFO] [stdout]    --> src/model/gs1path.rs:149:5
[INFO] [stdout]     |
[INFO] [stdout] 63  | impl Gs1Path {
[INFO] [stdout]     | ------------ associated function in this implementation
[INFO] [stdout] ...
[INFO] [stdout] 149 |     fn stringify_refno(refno: &Option<String>) -> String {
[INFO] [stdout]     |        ^^^^^^^^^^^^^^^
[INFO] [stdout]     |
[INFO] [stdout]     = note: `#[warn(dead_code)]` on by default
[INFO] [stdout] 
[INFO] [stdout] 
[INFO] [stderr]    Compiling digital-link-rs v0.1.0 (/opt/rustwide/workdir)
[INFO] [stdout] warning: function `refno_value` is never used
[INFO] [stdout]   --> src/parser/macros.rs:22:11
[INFO] [stdout]    |
[INFO] [stdout] 22 |             pub fn [<$name _value>](i: &str) -> nom::IResult<&str, &str> {
[INFO] [stdout]    |                    ^^^^^^^^^^^^^^^^
[INFO] [stdout]    |
[INFO] [stdout]   ::: src/parser/qualifier.rs:13:1
[INFO] [stdout]    |
[INFO] [stdout] 13 | comp! { refno,        "8020",    many_m_n(1, 25, xchar) }
[INFO] [stdout]    | --------------------------------------------------------- in this macro invocation
[INFO] [stdout]    |
[INFO] [stdout]    = note: this warning originates in the macro `comp` (in Nightly builds, run with -Z macro-backtrace for more info)
[INFO] [stdout] 
[INFO] [stdout] 
[INFO] [stdout] warning: function `refno` is never used
[INFO] [stdout]   --> src/parser/qualifier.rs:13:9
[INFO] [stdout]    |
[INFO] [stdout] 13 | comp! { refno,        "8020",    many_m_n(1, 25, xchar) }
[INFO] [stdout]    |         ^^^^^
[INFO] [stdout]    |
[INFO] [stdout]    = note: this warning originates in the macro `comp` (in Nightly builds, run with -Z macro-backtrace for more info)
[INFO] [stdout] 
[INFO] [stdout] 
[INFO] [stdout] warning: 4 warnings emitted
[INFO] [stdout] 
[INFO] [stdout] 
[INFO] [stdout] warning: unused import: `DigitalLinkWasm`
[INFO] [stdout]  --> src/model/mod.rs:2:37
[INFO] [stdout]   |
[INFO] [stdout] 2 | pub use digital_link::{DigitalLink, DigitalLinkWasm};
[INFO] [stdout]   |                                     ^^^^^^^^^^^^^^^
[INFO] [stdout]   |
[INFO] [stdout]   = note: `#[warn(unused_imports)]` on by default
[INFO] [stdout] 
[INFO] [stdout] 
[INFO] [stdout] warning: associated function `stringify_refno` is never used
[INFO] [stdout]    --> src/model/gs1path.rs:149:5
[INFO] [stdout]     |
[INFO] [stdout] 63  | impl Gs1Path {
[INFO] [stdout]     | ------------ associated function in this implementation
[INFO] [stdout] ...
[INFO] [stdout] 149 |     fn stringify_refno(refno: &Option<String>) -> String {
[INFO] [stdout]     |        ^^^^^^^^^^^^^^^
[INFO] [stdout]     |
[INFO] [stdout]     = note: `#[warn(dead_code)]` on by default
[INFO] [stdout] 
[INFO] [stdout] 
[INFO] [stdout] warning: function `refno_value` is never used
[INFO] [stdout]   --> src/parser/macros.rs:22:11
[INFO] [stdout]    |
[INFO] [stdout] 22 |             pub fn [<$name _value>](i: &str) -> nom::IResult<&str, &str> {
[INFO] [stdout]    |                    ^^^^^^^^^^^^^^^^
[INFO] [stdout]    |
[INFO] [stdout]   ::: src/parser/qualifier.rs:13:1
[INFO] [stdout]    |
[INFO] [stdout] 13 | comp! { refno,        "8020",    many_m_n(1, 25, xchar) }
[INFO] [stdout]    | --------------------------------------------------------- in this macro invocation
[INFO] [stdout]    |
[INFO] [stdout]    = note: this warning originates in the macro `comp` (in Nightly builds, run with -Z macro-backtrace for more info)
[INFO] [stdout] 
[INFO] [stdout] 
[INFO] [stdout] warning: function `refno` is never used
[INFO] [stdout]   --> src/parser/qualifier.rs:13:9
[INFO] [stdout]    |
[INFO] [stdout] 13 | comp! { refno,        "8020",    many_m_n(1, 25, xchar) }
[INFO] [stdout]    |         ^^^^^
[INFO] [stdout]    |
[INFO] [stdout]    = note: this warning originates in the macro `comp` (in Nightly builds, run with -Z macro-backtrace for more info)
[INFO] [stdout] 
[INFO] [stdout] 
[INFO] [stdout] warning: 4 warnings emitted
[INFO] [stdout] 
[INFO] [stdout] 
[INFO] [stderr]     Finished test [unoptimized + debuginfo] target(s) in 1.37s
[INFO] running `Command { std: "docker" "inspect" "98fdaec24ba410433998d462c006752d1c0723649a03c4235e985a86759d59e9", kill_on_drop: false }`
[INFO] running `Command { std: "docker" "rm" "-f" "98fdaec24ba410433998d462c006752d1c0723649a03c4235e985a86759d59e9", kill_on_drop: false }`
[INFO] [stdout] 98fdaec24ba410433998d462c006752d1c0723649a03c4235e985a86759d59e9
[INFO] running `Command { std: "docker" "create" "-v" "/var/lib/crater-agent-workspace/builds/worker-2-tc2/target:/opt/rustwide/target:rw,Z" "-v" "/var/lib/crater-agent-workspace/builds/worker-2-tc2/source:/opt/rustwide/workdir:ro,Z" "-v" "/var/lib/crater-agent-workspace/cargo-home:/opt/rustwide/cargo-home:ro,Z" "-v" "/var/lib/crater-agent-workspace/rustup-home:/opt/rustwide/rustup-home:ro,Z" "-e" "SOURCE_DIR=/opt/rustwide/workdir" "-e" "CARGO_TARGET_DIR=/opt/rustwide/target" "-e" "CARGO_INCREMENTAL=0" "-e" "RUST_BACKTRACE=full" "-e" "RUSTFLAGS=--cap-lints=warn" "-e" "RUSTDOCFLAGS=--cap-lints=warn" "-e" "CARGO_HOME=/opt/rustwide/cargo-home" "-e" "RUSTUP_HOME=/opt/rustwide/rustup-home" "-w" "/opt/rustwide/workdir" "-m" "1610612736" "--user" "0:0" "--network" "none" "ghcr.io/rust-lang/crates-build-env/linux@sha256:2788e3201cd34a07e3172128adcd8b3090168a8e3bcc40d7c032b9dda1df7d1c" "/opt/rustwide/cargo-home/bin/cargo" "+beta-2023-12-22" "test" "--frozen", kill_on_drop: false }`
[INFO] [stdout] 58275d389f47a8d725585ff720610531ce13de5d1235bdf6a45926b78deea7df
[INFO] running `Command { std: "docker" "start" "-a" "58275d389f47a8d725585ff720610531ce13de5d1235bdf6a45926b78deea7df", kill_on_drop: false }`
[INFO] [stderr] warning: unused import: `DigitalLinkWasm`
[INFO] [stderr]  --> src/model/mod.rs:2:37
[INFO] [stderr]   |
[INFO] [stderr] 2 | pub use digital_link::{DigitalLink, DigitalLinkWasm};
[INFO] [stderr]   |                                     ^^^^^^^^^^^^^^^
[INFO] [stderr]   |
[INFO] [stderr]   = note: `#[warn(unused_imports)]` on by default
[INFO] [stderr] 
[INFO] [stderr] warning: associated function `stringify_refno` is never used
[INFO] [stderr]    --> src/model/gs1path.rs:149:5
[INFO] [stderr]     |
[INFO] [stderr] 63  | impl Gs1Path {
[INFO] [stderr]     | ------------ associated function in this implementation
[INFO] [stderr] ...
[INFO] [stderr] 149 |     fn stringify_refno(refno: &Option<String>) -> String {
[INFO] [stderr]     |        ^^^^^^^^^^^^^^^
[INFO] [stderr]     |
[INFO] [stderr]     = note: `#[warn(dead_code)]` on by default
[INFO] [stderr] 
[INFO] [stderr] warning: function `refno_value` is never used
[INFO] [stderr]   --> src/parser/macros.rs:22:11
[INFO] [stderr]    |
[INFO] [stderr] 22 |             pub fn [<$name _value>](i: &str) -> nom::IResult<&str, &str> {
[INFO] [stderr]    |                    ^^^^^^^^^^^^^^^^
[INFO] [stderr]    |
[INFO] [stderr]   ::: src/parser/qualifier.rs:13:1
[INFO] [stderr]    |
[INFO] [stderr] 13 | comp! { refno,        "8020",    many_m_n(1, 25, xchar) }
[INFO] [stderr]    | --------------------------------------------------------- in this macro invocation
[INFO] [stderr]    |
[INFO] [stderr]    = note: this warning originates in the macro `comp` (in Nightly builds, run with -Z macro-backtrace for more info)
[INFO] [stderr] 
[INFO] [stderr] warning: function `refno` is never used
[INFO] [stderr]   --> src/parser/qualifier.rs:13:9
[INFO] [stderr]    |
[INFO] [stderr] 13 | comp! { refno,        "8020",    many_m_n(1, 25, xchar) }
[INFO] [stderr]    |         ^^^^^
[INFO] [stderr]    |
[INFO] [stderr]    = note: this warning originates in the macro `comp` (in Nightly builds, run with -Z macro-backtrace for more info)
[INFO] [stderr] 
[INFO] [stderr] warning: `digital-link-rs` (lib) generated 4 warnings (run `cargo fix --lib -p digital-link-rs` to apply 1 suggestion)
[INFO] [stderr] warning: `digital-link-rs` (lib test) generated 4 warnings (4 duplicates)
[INFO] [stderr]     Finished test [unoptimized + debuginfo] target(s) in 0.02s
[INFO] [stderr]      Running unittests src/lib.rs (/opt/rustwide/target/debug/deps/digital_link_rs-95465d0c7f3dc99a)
[INFO] [stdout] 
[INFO] [stdout] running 23 tests
[INFO] [stdout] test model::digital_link::tests::serialized_result_should_be_same_as_input ... ok
[INFO] [stdout] test parser::primitive::tests::escaped_colon_should_be_xchar ... ok
[INFO] [stdout] test parser::primitive::tests::escaped_hash_should_not_be_ychar ... ok
[INFO] [stdout] test parser::primitive::tests::escaped_question_mark_should_be_xchar ... ok
[INFO] [stdout] test parser::gs1path::tests::should_accept_spec_example_5_1 ... ok
[INFO] [stdout] test parser::gs1path::tests::should_accept_spec_example_5_10 ... ok
[INFO] [stdout] test parser::gs1path::tests::should_accept_spec_example_5_11 ... ok
[INFO] [stdout] test parser::gs1path::tests::should_accept_spec_example_5_3 ... ok
[INFO] [stdout] test parser::gs1path::tests::should_accept_spec_example_5_2 ... ok
[INFO] [stdout] test parser::gs1path::tests::should_accept_spec_example_5_5 ... ok
[INFO] [stdout] test parser::primitive::tests::x_should_be_xchar ... ok
[INFO] [stdout] test parser::gs1path::tests::should_accept_spec_example_5_8 ... ok
[INFO] [stdout] test parser::gs1path::tests::should_accept_spec_example_5_6 ... ok
[INFO] [stdout] test parser::gs1path::tests::should_accept_spec_example_5_9 ... ok
[INFO] [stdout] test parser::gs1path::tests::should_accept_spec_example_5_7 ... ok
[INFO] [stdout] test parser::gs1path::tests::should_not_accept_root_path ... ok
[INFO] [stdout] test parser::gs1path::tests::should_accept_spec_example_5_4 ... ok
[INFO] [stdout] test parser::primitive::tests::hash_should_not_be_xchar ... ok
[INFO] [stdout] test parser::primitive::tests::escaped_question_mark_should_be_ychar ... ok
[INFO] [stdout] test parser::primitive::tests::colon_should_not_be_xchar ... ok
[INFO] [stdout] test parser::primitive::tests::escaped_hash_should_not_be_xchar ... ok
[INFO] [stdout] test parser::primitive::tests::hash_should_not_be_ychar ... ok
[INFO] [stdout] test parser::primitive::tests::question_mark_should_not_be_xchar ... ok
[INFO] [stdout] 
[INFO] [stdout] test result: ok. 23 passed; 0 failed; 0 ignored; 0 measured; 0 filtered out; finished in 0.02s
[INFO] [stdout] 
[INFO] [stderr]      Running tests/parse.rs (/opt/rustwide/target/debug/deps/parse-791da5be4a41a730)
[INFO] [stdout] 
[INFO] [stdout] running 1 test
[INFO] [stdout] test parse ... ok
[INFO] [stdout] 
[INFO] [stdout] test result: ok. 1 passed; 0 failed; 0 ignored; 0 measured; 0 filtered out; finished in 0.00s
[INFO] [stdout] 
[INFO] [stderr]    Doc-tests digital-link-rs
[INFO] [stdout] 
[INFO] [stdout] running 1 test
[INFO] [stdout] test src/lib.rs - (line 4) ... FAILED
[INFO] [stdout] 
[INFO] [stdout] failures:
[INFO] [stdout] 
[INFO] [stdout] ---- src/lib.rs - (line 4) stdout ----
[INFO] [stdout] error[E0254]: the name `digital_link_rs` is defined multiple times
[INFO] [stdout]  --> src/lib.rs:6:23
[INFO] [stdout]   |
[INFO] [stdout] 3 | extern crate r#digital_link_rs;
[INFO] [stdout]   | ------------------------------- previous import of the extern crate `digital_link_rs` here
[INFO] [stdout] 4 | use digital_link_rs::{self, DigitalLink, Gs1Path};
[INFO] [stdout]   |                       ^^^^--
[INFO] [stdout]   |                       |
[INFO] [stdout]   |                       `digital_link_rs` reimported here
[INFO] [stdout]   |                       help: remove unnecessary import
[INFO] [stdout]   |
[INFO] [stdout]   = note: `digital_link_rs` must be defined only once in the type namespace of this module
[INFO] [stdout] 
[INFO] [stdout] error: aborting due to 1 previous error
[INFO] [stdout] 
[INFO] [stdout] For more information about this error, try `rustc --explain E0254`.
[INFO] [stdout] Couldn't compile the test.
[INFO] [stdout] 
[INFO] [stdout] failures:
[INFO] [stdout]     src/lib.rs - (line 4)
[INFO] [stdout] 
[INFO] [stdout] test result: FAILED. 0 passed; 1 failed; 0 ignored; 0 measured; 0 filtered out; finished in 0.03s
[INFO] [stdout] 
[INFO] [stderr] error: doctest failed, to rerun pass `--doc`
[INFO] running `Command { std: "docker" "inspect" "58275d389f47a8d725585ff720610531ce13de5d1235bdf6a45926b78deea7df", kill_on_drop: false }`
[INFO] running `Command { std: "docker" "rm" "-f" "58275d389f47a8d725585ff720610531ce13de5d1235bdf6a45926b78deea7df", kill_on_drop: false }`
[INFO] [stdout] 58275d389f47a8d725585ff720610531ce13de5d1235bdf6a45926b78deea7df
