[INFO] cloning repository https://github.com/abhishekshinde2104/LLDPA
[INFO] running `Command { std: "git" "-c" "credential.helper=" "-c" "credential.helper=/workspace/cargo-home/bin/git-credential-null" "clone" "--bare" "https://github.com/abhishekshinde2104/LLDPA" "/workspace/cache/git-repos/https%3A%2F%2Fgithub.com%2Fabhishekshinde2104%2FLLDPA", kill_on_drop: false }`
[INFO] [stderr] Cloning into bare repository '/workspace/cache/git-repos/https%3A%2F%2Fgithub.com%2Fabhishekshinde2104%2FLLDPA'...
[INFO] running `Command { std: "git" "rev-parse" "HEAD", kill_on_drop: false }`
[INFO] [stdout] e5090fdc2e3828d93b4bc935aafba68578ebcedb
[INFO] testing abhishekshinde2104/LLDPA against 1.75.0 for beta-1.76-1
[INFO] running `Command { std: "git" "clone" "/workspace/cache/git-repos/https%3A%2F%2Fgithub.com%2Fabhishekshinde2104%2FLLDPA" "/workspace/builds/worker-5-tc1/source", kill_on_drop: false }`
[INFO] [stderr] Cloning into '/workspace/builds/worker-5-tc1/source'...
[INFO] [stderr] done.
[INFO] [stderr] Updating files:  38% (954/2478)
Updating files:  39% (967/2478)
Updating files:  40% (992/2478)
Updating files:  41% (1016/2478)
Updating files:  42% (1041/2478)
Updating files:  43% (1066/2478)
Updating files:  44% (1091/2478)
Updating files:  45% (1116/2478)
Updating files:  46% (1140/2478)
Updating files:  47% (1165/2478)
Updating files:  48% (1190/2478)
Updating files:  48% (1211/2478)
Updating files:  49% (1215/2478)
Updating files:  50% (1239/2478)
Updating files:  51% (1264/2478)
Updating files:  51% (1282/2478)
Updating files:  52% (1289/2478)
Updating files:  53% (1314/2478)
Updating files:  53% (1322/2478)
Updating files:  54% (1339/2478)
Updating files:  55% (1363/2478)
Updating files:  56% (1388/2478)
Updating files:  57% (1413/2478)
Updating files:  58% (1438/2478)
Updating files:  59% (1463/2478)
Updating files:  60% (1487/2478)
Updating files:  61% (1512/2478)
Updating files:  62% (1537/2478)
Updating files:  63% (1562/2478)
Updating files:  64% (1586/2478)
Updating files:  65% (1611/2478)
Updating files:  66% (1636/2478)
Updating files:  67% (1661/2478)
Updating files:  68% (1686/2478)
Updating files:  69% (1710/2478)
Updating files:  70% (1735/2478)
Updating files:  71% (1760/2478)
Updating files:  72% (1785/2478)
Updating files:  73% (1809/2478)
Updating files:  74% (1834/2478)
Updating files:  75% (1859/2478)
Updating files:  76% (1884/2478)
Updating files:  77% (1909/2478)
Updating files:  78% (1933/2478)
Updating files:  79% (1958/2478)
Updating files:  80% (1983/2478)
Updating files:  81% (2008/2478)
Updating files:  82% (2032/2478)
Updating files:  83% (2057/2478)
Updating files:  84% (2082/2478)
Updating files:  85% (2107/2478)
Updating files:  86% (2132/2478)
Updating files:  87% (2156/2478)
Updating files:  88% (2181/2478)
Updating files:  89% (2206/2478)
Updating files:  90% (2231/2478)
Updating files:  91% (2255/2478)
Updating files:  92% (2280/2478)
Updating files:  93% (2305/2478)
Updating files:  94% (2330/2478)
Updating files:  95% (2355/2478)
Updating files:  96% (2379/2478)
Updating files:  96% (2393/2478)
Updating files:  97% (2404/2478)
Updating files:  98% (2429/2478)
Updating files:  99% (2454/2478)
Updating files: 100% (2478/2478)
Updating files: 100% (2478/2478), done.
[INFO] validating manifest of git repo https://github.com/abhishekshinde2104/LLDPA on toolchain 1.75.0
[INFO] running `Command { std: CARGO_HOME="/workspace/cargo-home" RUSTUP_HOME="/workspace/rustup-home" "/workspace/cargo-home/bin/cargo" "+1.75.0" "metadata" "--manifest-path" "Cargo.toml" "--no-deps", kill_on_drop: false }`
[INFO] removed /workspace/builds/worker-5-tc1/source/.cargo/config
[INFO] started tweaking git repo https://github.com/abhishekshinde2104/LLDPA
[INFO] finished tweaking git repo https://github.com/abhishekshinde2104/LLDPA
[INFO] tweaked toml for git repo https://github.com/abhishekshinde2104/LLDPA written to /workspace/builds/worker-5-tc1/source/Cargo.toml
[INFO] crate git repo https://github.com/abhishekshinde2104/LLDPA already has a lockfile, it will not be regenerated
[INFO] running `Command { std: CARGO_HOME="/workspace/cargo-home" RUSTUP_HOME="/workspace/rustup-home" "/workspace/cargo-home/bin/cargo" "+1.75.0" "fetch" "--manifest-path" "Cargo.toml", kill_on_drop: false }`
[INFO] [stderr]  Downloading crates ...
[INFO] [stderr]   Downloaded pnet_macros v0.29.0
[INFO] [stderr]   Downloaded pnet_sys v0.29.0
[INFO] [stderr]   Downloaded pnet_macros_support v0.29.0
[INFO] [stderr]   Downloaded pnet_base v0.29.0
[INFO] [stderr]   Downloaded pnet_packet v0.29.0
[INFO] [stderr]   Downloaded pnet_transport v0.29.0
[INFO] [stderr]   Downloaded pnet v0.29.0
[INFO] [stderr]   Downloaded pnet_datalink v0.29.0
[INFO] running `Command { std: "docker" "create" "-v" "/var/lib/crater-agent-workspace/builds/worker-5-tc1/target:/opt/rustwide/target:rw,Z" "-v" "/var/lib/crater-agent-workspace/builds/worker-5-tc1/source:/opt/rustwide/workdir:ro,Z" "-v" "/var/lib/crater-agent-workspace/cargo-home:/opt/rustwide/cargo-home:ro,Z" "-v" "/var/lib/crater-agent-workspace/rustup-home:/opt/rustwide/rustup-home:ro,Z" "-e" "SOURCE_DIR=/opt/rustwide/workdir" "-e" "CARGO_TARGET_DIR=/opt/rustwide/target" "-e" "CARGO_HOME=/opt/rustwide/cargo-home" "-e" "RUSTUP_HOME=/opt/rustwide/rustup-home" "-w" "/opt/rustwide/workdir" "-m" "1610612736" "--user" "0:0" "--network" "none" "ghcr.io/rust-lang/crates-build-env/linux@sha256:2788e3201cd34a07e3172128adcd8b3090168a8e3bcc40d7c032b9dda1df7d1c" "/opt/rustwide/cargo-home/bin/cargo" "+1.75.0" "metadata" "--no-deps" "--format-version=1", kill_on_drop: false }`
[INFO] [stdout] 956eab0cf1402f2a7bc16bf87719b8c9e1e042278c416f3314a643205cb4c80a
[INFO] running `Command { std: "docker" "start" "-a" "956eab0cf1402f2a7bc16bf87719b8c9e1e042278c416f3314a643205cb4c80a", kill_on_drop: false }`
[INFO] running `Command { std: "docker" "inspect" "956eab0cf1402f2a7bc16bf87719b8c9e1e042278c416f3314a643205cb4c80a", kill_on_drop: false }`
[INFO] running `Command { std: "docker" "rm" "-f" "956eab0cf1402f2a7bc16bf87719b8c9e1e042278c416f3314a643205cb4c80a", kill_on_drop: false }`
[INFO] [stdout] 956eab0cf1402f2a7bc16bf87719b8c9e1e042278c416f3314a643205cb4c80a
[INFO] running `Command { std: "docker" "create" "-v" "/var/lib/crater-agent-workspace/builds/worker-5-tc1/target:/opt/rustwide/target:rw,Z" "-v" "/var/lib/crater-agent-workspace/builds/worker-5-tc1/source:/opt/rustwide/workdir:ro,Z" "-v" "/var/lib/crater-agent-workspace/cargo-home:/opt/rustwide/cargo-home:ro,Z" "-v" "/var/lib/crater-agent-workspace/rustup-home:/opt/rustwide/rustup-home:ro,Z" "-e" "SOURCE_DIR=/opt/rustwide/workdir" "-e" "CARGO_TARGET_DIR=/opt/rustwide/target" "-e" "CARGO_INCREMENTAL=0" "-e" "RUST_BACKTRACE=full" "-e" "RUSTFLAGS=--cap-lints=warn" "-e" "RUSTDOCFLAGS=--cap-lints=warn" "-e" "CARGO_HOME=/opt/rustwide/cargo-home" "-e" "RUSTUP_HOME=/opt/rustwide/rustup-home" "-w" "/opt/rustwide/workdir" "-m" "1610612736" "--user" "0:0" "--network" "none" "ghcr.io/rust-lang/crates-build-env/linux@sha256:2788e3201cd34a07e3172128adcd8b3090168a8e3bcc40d7c032b9dda1df7d1c" "/opt/rustwide/cargo-home/bin/cargo" "+1.75.0" "build" "--frozen" "--message-format=json", kill_on_drop: false }`
[INFO] [stdout] 375ba9dfb6c225a266fa710978b8988bd23cc93c01376c271c0ba56ed7beba58
[INFO] running `Command { std: "docker" "start" "-a" "375ba9dfb6c225a266fa710978b8988bd23cc93c01376c271c0ba56ed7beba58", kill_on_drop: false }`
[INFO] [stderr]    Compiling proc-macro2 v1.0.53
[INFO] [stderr]    Compiling memchr v2.5.0
[INFO] [stderr]    Compiling quote v1.0.26
[INFO] [stderr]    Compiling libc v0.2.140
[INFO] [stderr]    Compiling serde v1.0.158
[INFO] [stderr]    Compiling regex-syntax v0.6.29
[INFO] [stderr]    Compiling pnet_base v0.29.0
[INFO] [stderr]    Compiling pnet v0.29.0
[INFO] [stderr]    Compiling bytes v1.4.0
[INFO] [stderr]    Compiling pnet_macros_support v0.29.0
[INFO] [stderr]    Compiling aho-corasick v0.7.20
[INFO] [stderr]    Compiling pnet_sys v0.29.0
[INFO] [stderr]    Compiling syn v1.0.109
[INFO] [stderr]    Compiling regex v1.7.2
[INFO] [stderr]    Compiling ipnetwork v0.18.0
[INFO] [stderr]    Compiling pnet_datalink v0.29.0
[INFO] [stderr]    Compiling pnet_macros v0.29.0
[INFO] [stderr]    Compiling pnet_packet v0.29.0
[INFO] [stderr]    Compiling pnet_transport v0.29.0
[INFO] [stderr]    Compiling lldp-rs v0.1.0 (/opt/rustwide/workdir)
[INFO] [stdout] warning: unused import: `crate::tlv::eolldpdu_tlv::EndOfLLDPDUTLV`
[INFO] [stdout]  --> src/agent.rs:3:5
[INFO] [stdout]   |
[INFO] [stdout] 3 | use crate::tlv::eolldpdu_tlv::EndOfLLDPDUTLV;
[INFO] [stdout]   |     ^^^^^^^^^^^^^^^^^^^^^^^^^^^^^^^^^^^^^^^^
[INFO] [stdout]   |
[INFO] [stdout]   = note: `#[warn(unused_imports)]` on by default
[INFO] [stdout] 
[INFO] [stdout] 
[INFO] [stdout] warning: unused import: `EtherType`
[INFO] [stdout]   --> src/agent.rs:13:30
[INFO] [stdout]    |
[INFO] [stdout] 13 | use pnet::packet::ethernet::{EtherType, EthernetPacket, MutableEthernetPacket};
[INFO] [stdout]    |                              ^^^^^^^^^
[INFO] [stdout] 
[INFO] [stdout] 
[INFO] [stdout] warning: unused imports: `BufMut`, `Buf`
[INFO] [stdout]  --> src/tlv/managementaddress_tlv.rs:3:13
[INFO] [stdout]   |
[INFO] [stdout] 3 | use bytes::{Buf, BufMut};
[INFO] [stdout]   |             ^^^  ^^^^^^
[INFO] [stdout] 
[INFO] [stdout] 
[INFO] [stdout] warning: unused import: `bytes::BufMut`
[INFO] [stdout]  --> src/tlv/organizationallyspecific_tlv.rs:4:5
[INFO] [stdout]   |
[INFO] [stdout] 4 | use bytes::BufMut;
[INFO] [stdout]   |     ^^^^^^^^^^^^^
[INFO] [stdout] 
[INFO] [stdout] 
[INFO] [stdout] warning: unused import: `bytes::BufMut`
[INFO] [stdout]  --> src/tlv/portid_tlv.rs:2:5
[INFO] [stdout]   |
[INFO] [stdout] 2 | use bytes::BufMut;
[INFO] [stdout]   |     ^^^^^^^^^^^^^
[INFO] [stdout] 
[INFO] [stdout] 
[INFO] [stdout] warning: unused imports: `BufMut`, `Buf`
[INFO] [stdout]  --> src/tlv/ttl_tlv.rs:2:13
[INFO] [stdout]   |
[INFO] [stdout] 2 | use bytes::{Buf, BufMut};
[INFO] [stdout]   |             ^^^  ^^^^^^
[INFO] [stdout] 
[INFO] [stdout] 
[INFO] [stdout] warning: unnecessary parentheses around function argument
[INFO] [stdout]    --> src/tlv.rs:184:50
[INFO] [stdout]     |
[INFO] [stdout] 184 |             TlvType::ChassisId => Tlv::ChassisId((ChassisIdTLV::new_from_bytes(bytes))),
[INFO] [stdout]     |                                                  ^                                   ^
[INFO] [stdout]     |
[INFO] [stdout]     = note: `#[warn(unused_parens)]` on by default
[INFO] [stdout] help: remove these parentheses
[INFO] [stdout]     |
[INFO] [stdout] 184 -             TlvType::ChassisId => Tlv::ChassisId((ChassisIdTLV::new_from_bytes(bytes))),
[INFO] [stdout] 184 +             TlvType::ChassisId => Tlv::ChassisId(ChassisIdTLV::new_from_bytes(bytes)),
[INFO] [stdout]     |
[INFO] [stdout] 
[INFO] [stdout] 
[INFO] [stdout] warning: unnecessary parentheses around function argument
[INFO] [stdout]    --> src/tlv.rs:185:43
[INFO] [stdout]     |
[INFO] [stdout] 185 |             TlvType::PortId=> Tlv::PortId((PortIdTLV::new_from_bytes(bytes))),
[INFO] [stdout]     |                                           ^                                ^
[INFO] [stdout]     |
[INFO] [stdout] help: remove these parentheses
[INFO] [stdout]     |
[INFO] [stdout] 185 -             TlvType::PortId=> Tlv::PortId((PortIdTLV::new_from_bytes(bytes))),
[INFO] [stdout] 185 +             TlvType::PortId=> Tlv::PortId(PortIdTLV::new_from_bytes(bytes)),
[INFO] [stdout]     |
[INFO] [stdout] 
[INFO] [stdout] 
[INFO] [stdout] warning: unnecessary parentheses around function argument
[INFO] [stdout]    --> src/tlv.rs:186:38
[INFO] [stdout]     |
[INFO] [stdout] 186 |             TlvType::Ttl => Tlv::Ttl((TtlTLV::new_from_bytes(bytes))),
[INFO] [stdout]     |                                      ^                             ^
[INFO] [stdout]     |
[INFO] [stdout] help: remove these parentheses
[INFO] [stdout]     |
[INFO] [stdout] 186 -             TlvType::Ttl => Tlv::Ttl((TtlTLV::new_from_bytes(bytes))),
[INFO] [stdout] 186 +             TlvType::Ttl => Tlv::Ttl(TtlTLV::new_from_bytes(bytes)),
[INFO] [stdout]     |
[INFO] [stdout] 
[INFO] [stdout] 
[INFO] [stdout] warning: unnecessary parentheses around function argument
[INFO] [stdout]    --> src/tlv.rs:187:54
[INFO] [stdout]     |
[INFO] [stdout] 187 |             TlvType::EndOfLLDPDU => Tlv::EndOfLldpdu((EndOfLLDPDUTLV::new_from_bytes(bytes))),
[INFO] [stdout]     |                                                      ^                                     ^
[INFO] [stdout]     |
[INFO] [stdout] help: remove these parentheses
[INFO] [stdout]     |
[INFO] [stdout] 187 -             TlvType::EndOfLLDPDU => Tlv::EndOfLldpdu((EndOfLLDPDUTLV::new_from_bytes(bytes))),
[INFO] [stdout] 187 +             TlvType::EndOfLLDPDU => Tlv::EndOfLldpdu(EndOfLLDPDUTLV::new_from_bytes(bytes)),
[INFO] [stdout]     |
[INFO] [stdout] 
[INFO] [stdout] 
[INFO] [stdout] warning: unnecessary parentheses around function argument
[INFO] [stdout]    --> src/tlv.rs:188:62
[INFO] [stdout]     |
[INFO] [stdout] 188 |             TlvType::PortDescription => Tlv::PortDescription((PortDescriptionTLV::new_from_bytes(bytes))),
[INFO] [stdout]     |                                                              ^                                         ^
[INFO] [stdout]     |
[INFO] [stdout] help: remove these parentheses
[INFO] [stdout]     |
[INFO] [stdout] 188 -             TlvType::PortDescription => Tlv::PortDescription((PortDescriptionTLV::new_from_bytes(bytes))),
[INFO] [stdout] 188 +             TlvType::PortDescription => Tlv::PortDescription(PortDescriptionTLV::new_from_bytes(bytes)),
[INFO] [stdout]     |
[INFO] [stdout] 
[INFO] [stdout] 
[INFO] [stdout] warning: unnecessary parentheses around function argument
[INFO] [stdout]    --> src/tlv.rs:189:52
[INFO] [stdout]     |
[INFO] [stdout] 189 |             TlvType::SystemName => Tlv::SystemName((SystemNameTLV::new_from_bytes(bytes))),
[INFO] [stdout]     |                                                    ^                                    ^
[INFO] [stdout]     |
[INFO] [stdout] help: remove these parentheses
[INFO] [stdout]     |
[INFO] [stdout] 189 -             TlvType::SystemName => Tlv::SystemName((SystemNameTLV::new_from_bytes(bytes))),
[INFO] [stdout] 189 +             TlvType::SystemName => Tlv::SystemName(SystemNameTLV::new_from_bytes(bytes)),
[INFO] [stdout]     |
[INFO] [stdout] 
[INFO] [stdout] 
[INFO] [stdout] warning: unnecessary parentheses around function argument
[INFO] [stdout]    --> src/tlv.rs:190:66
[INFO] [stdout]     |
[INFO] [stdout] 190 |             TlvType::SystemDescription => Tlv::SystemDescription((SystemDescriptionTLV::new_from_bytes(bytes))),
[INFO] [stdout]     |                                                                  ^                                           ^
[INFO] [stdout]     |
[INFO] [stdout] help: remove these parentheses
[INFO] [stdout]     |
[INFO] [stdout] 190 -             TlvType::SystemDescription => Tlv::SystemDescription((SystemDescriptionTLV::new_from_bytes(bytes))),
[INFO] [stdout] 190 +             TlvType::SystemDescription => Tlv::SystemDescription(SystemDescriptionTLV::new_from_bytes(bytes)),
[INFO] [stdout]     |
[INFO] [stdout] 
[INFO] [stdout] 
[INFO] [stdout] warning: unnecessary parentheses around function argument
[INFO] [stdout]    --> src/tlv.rs:191:68
[INFO] [stdout]     |
[INFO] [stdout] 191 |             TlvType::SystemCapabilities => Tlv::SystemCapabilities((SystemCapabilitiesTLV::new_from_bytes(bytes))),
[INFO] [stdout]     |                                                                    ^                                            ^
[INFO] [stdout]     |
[INFO] [stdout] help: remove these parentheses
[INFO] [stdout]     |
[INFO] [stdout] 191 -             TlvType::SystemCapabilities => Tlv::SystemCapabilities((SystemCapabilitiesTLV::new_from_bytes(bytes))),
[INFO] [stdout] 191 +             TlvType::SystemCapabilities => Tlv::SystemCapabilities(SystemCapabilitiesTLV::new_from_bytes(bytes)),
[INFO] [stdout]     |
[INFO] [stdout] 
[INFO] [stdout] 
[INFO] [stdout] warning: unnecessary parentheses around function argument
[INFO] [stdout]    --> src/tlv.rs:192:66
[INFO] [stdout]     |
[INFO] [stdout] 192 |             TlvType::ManagementAddress => Tlv::ManagementAddress((ManagementAddressTLV::new_from_bytes(bytes))),
[INFO] [stdout]     |                                                                  ^                                           ^
[INFO] [stdout]     |
[INFO] [stdout] help: remove these parentheses
[INFO] [stdout]     |
[INFO] [stdout] 192 -             TlvType::ManagementAddress => Tlv::ManagementAddress((ManagementAddressTLV::new_from_bytes(bytes))),
[INFO] [stdout] 192 +             TlvType::ManagementAddress => Tlv::ManagementAddress(ManagementAddressTLV::new_from_bytes(bytes)),
[INFO] [stdout]     |
[INFO] [stdout] 
[INFO] [stdout] 
[INFO] [stdout] warning: unnecessary parentheses around function argument
[INFO] [stdout]    --> src/tlv.rs:193:80
[INFO] [stdout]     |
[INFO] [stdout] 193 |             TlvType::OrganizationallySpecific => Tlv::OrganizationallySpecific((OrganizationallySpecificTLV::new_from_bytes(bytes))),
[INFO] [stdout]     |                                                                                ^                                                  ^
[INFO] [stdout]     |
[INFO] [stdout] help: remove these parentheses
[INFO] [stdout]     |
[INFO] [stdout] 193 -             TlvType::OrganizationallySpecific => Tlv::OrganizationallySpecific((OrganizationallySpecificTLV::new_from_bytes(bytes))),
[INFO] [stdout] 193 +             TlvType::OrganizationallySpecific => Tlv::OrganizationallySpecific(OrganizationallySpecificTLV::new_from_bytes(bytes)),
[INFO] [stdout]     |
[INFO] [stdout] 
[INFO] [stdout] 
[INFO] [stdout] warning: value assigned to `type_value` is never read
[INFO] [stdout]   --> src/tlv/eolldpdu_tlv.rs:45:17
[INFO] [stdout]    |
[INFO] [stdout] 45 |         let mut type_value = bytes[0];
[INFO] [stdout]    |                 ^^^^^^^^^^
[INFO] [stdout]    |
[INFO] [stdout]    = help: maybe it is overwritten before being read?
[INFO] [stdout]    = note: `#[warn(unused_assignments)]` on by default
[INFO] [stdout] 
[INFO] [stdout] 
[INFO] [stdout] warning: value assigned to `type_value` is never read
[INFO] [stdout]    --> src/tlv/managementaddress_tlv.rs:154:17
[INFO] [stdout]     |
[INFO] [stdout] 154 |         let mut type_value = bytes[0];
[INFO] [stdout]     |                 ^^^^^^^^^^
[INFO] [stdout]     |
[INFO] [stdout]     = help: maybe it is overwritten before being read?
[INFO] [stdout] 
[INFO] [stdout] 
[INFO] [stdout] warning: unused variable: `last_bit`
[INFO] [stdout]    --> src/tlv/managementaddress_tlv.rs:157:13
[INFO] [stdout]     |
[INFO] [stdout] 157 |         let last_bit = bytes[0] & 0b00000001;
[INFO] [stdout]     |             ^^^^^^^^ help: if this is intentional, prefix it with an underscore: `_last_bit`
[INFO] [stdout]     |
[INFO] [stdout]     = note: `#[warn(unused_variables)]` on by default
[INFO] [stdout] 
[INFO] [stdout] 
[INFO] [stdout] warning: value assigned to `type_value` is never read
[INFO] [stdout]   --> src/tlv/organizationallyspecific_tlv.rs:74:17
[INFO] [stdout]    |
[INFO] [stdout] 74 |         let mut type_value: u8 = bytes[0];
[INFO] [stdout]    |                 ^^^^^^^^^^
[INFO] [stdout]    |
[INFO] [stdout]    = help: maybe it is overwritten before being read?
[INFO] [stdout] 
[INFO] [stdout] 
[INFO] [stdout] warning: value assigned to `type_value` is never read
[INFO] [stdout]   --> src/tlv/organizationallyspecific_tlv.rs:79:9
[INFO] [stdout]    |
[INFO] [stdout] 79 |         type_value = type_value >> 1;
[INFO] [stdout]    |         ^^^^^^^^^^
[INFO] [stdout]    |
[INFO] [stdout]    = help: maybe it is overwritten before being read?
[INFO] [stdout] 
[INFO] [stdout] 
[INFO] [stdout] warning: value assigned to `length_value` is never read
[INFO] [stdout]   --> src/tlv/organizationallyspecific_tlv.rs:84:13
[INFO] [stdout]    |
[INFO] [stdout] 84 |             length_value= length_value + 256;
[INFO] [stdout]    |             ^^^^^^^^^^^^
[INFO] [stdout]    |
[INFO] [stdout]    = help: maybe it is overwritten before being read?
[INFO] [stdout] 
[INFO] [stdout] 
[INFO] [stdout] warning: unused variable: `value_bytes`
[INFO] [stdout]   --> src/tlv/portdescription_tlv.rs:43:13
[INFO] [stdout]    |
[INFO] [stdout] 43 |         let value_bytes: Vec<u8> = value.as_bytes().to_vec();
[INFO] [stdout]    |             ^^^^^^^^^^^ help: if this is intentional, prefix it with an underscore: `_value_bytes`
[INFO] [stdout] 
[INFO] [stdout] 
[INFO] [stdout] warning: value assigned to `type_value` is never read
[INFO] [stdout]   --> src/tlv/portdescription_tlv.rs:55:17
[INFO] [stdout]    |
[INFO] [stdout] 55 |         let mut type_value = bytes[0];
[INFO] [stdout]    |                 ^^^^^^^^^^
[INFO] [stdout]    |
[INFO] [stdout]    = help: maybe it is overwritten before being read?
[INFO] [stdout] 
[INFO] [stdout] 
[INFO] [stdout] warning: variable `length` is assigned to, but never used
[INFO] [stdout]    --> src/tlv/portid_tlv.rs:175:17
[INFO] [stdout]     |
[INFO] [stdout] 175 |         let mut length = bytes[1] as usize;
[INFO] [stdout]     |                 ^^^^^^
[INFO] [stdout]     |
[INFO] [stdout]     = note: consider using `_length` instead
[INFO] [stdout] 
[INFO] [stdout] 
[INFO] [stdout] warning: value assigned to `length` is never read
[INFO] [stdout]    --> src/tlv/portid_tlv.rs:177:13
[INFO] [stdout]     |
[INFO] [stdout] 177 |             length += 1 << 9;
[INFO] [stdout]     |             ^^^^^^
[INFO] [stdout]     |
[INFO] [stdout]     = help: maybe it is overwritten before being read?
[INFO] [stdout] 
[INFO] [stdout] 
[INFO] [stdout] warning: value assigned to `type_value` is never read
[INFO] [stdout]    --> src/tlv/systemcapabilities_tlv.rs:146:17
[INFO] [stdout]     |
[INFO] [stdout] 146 |         let mut type_value = bytes[0];
[INFO] [stdout]     |                 ^^^^^^^^^^
[INFO] [stdout]     |
[INFO] [stdout]     = help: maybe it is overwritten before being read?
[INFO] [stdout] 
[INFO] [stdout] 
[INFO] [stdout] warning: value assigned to `type_value` is never read
[INFO] [stdout]   --> src/tlv/systemdescription_tlv.rs:54:17
[INFO] [stdout]    |
[INFO] [stdout] 54 |         let mut type_value = bytes[0];
[INFO] [stdout]    |                 ^^^^^^^^^^
[INFO] [stdout]    |
[INFO] [stdout]    = help: maybe it is overwritten before being read?
[INFO] [stdout] 
[INFO] [stdout] 
[INFO] [stdout] warning: value assigned to `type_value` is never read
[INFO] [stdout]   --> src/tlv/systemname_tlv.rs:54:17
[INFO] [stdout]    |
[INFO] [stdout] 54 |         let mut type_value = bytes[0];
[INFO] [stdout]    |                 ^^^^^^^^^^
[INFO] [stdout]    |
[INFO] [stdout]    = help: maybe it is overwritten before being read?
[INFO] [stdout] 
[INFO] [stdout] 
[INFO] [stdout] warning: value assigned to `type_value` is never read
[INFO] [stdout]   --> src/tlv/ttl_tlv.rs:53:17
[INFO] [stdout]    |
[INFO] [stdout] 53 |         let mut type_value = bytes[0];
[INFO] [stdout]    |                 ^^^^^^^^^^
[INFO] [stdout]    |
[INFO] [stdout]    = help: maybe it is overwritten before being read?
[INFO] [stdout] 
[INFO] [stdout] 
[INFO] [stdout] warning: value assigned to `type_value` is never read
[INFO] [stdout]   --> src/tlv/ttl_tlv.rs:58:9
[INFO] [stdout]    |
[INFO] [stdout] 58 |         type_value = type_value >> 1;
[INFO] [stdout]    |         ^^^^^^^^^^
[INFO] [stdout]    |
[INFO] [stdout]    = help: maybe it is overwritten before being read?
[INFO] [stdout] 
[INFO] [stdout] 
[INFO] [stdout] warning: value assigned to `type_value` is never read
[INFO] [stdout]    --> src/tlv.rs:176:17
[INFO] [stdout]     |
[INFO] [stdout] 176 |         let mut type_value: u8 = bytes[0];
[INFO] [stdout]     |                 ^^^^^^^^^^
[INFO] [stdout]     |
[INFO] [stdout]     = help: maybe it is overwritten before being read?
[INFO] [stdout] 
[INFO] [stdout] 
[INFO] [stdout] warning: methods `complete`, `is_valid`, `is_empty`, and `getitem` are never used
[INFO] [stdout]    --> src/lldpdu.rs:182:12
[INFO] [stdout]     |
[INFO] [stdout] 51  | impl Lldpdu {
[INFO] [stdout]     | ----------- methods in this implementation
[INFO] [stdout] ...
[INFO] [stdout] 182 |     pub fn complete(&self) -> bool {
[INFO] [stdout]     |            ^^^^^^^^
[INFO] [stdout] ...
[INFO] [stdout] 187 |     pub fn is_valid(&self) -> bool {
[INFO] [stdout]     |            ^^^^^^^^
[INFO] [stdout] ...
[INFO] [stdout] 197 |     pub fn is_empty(&self) -> bool {
[INFO] [stdout]     |            ^^^^^^^^
[INFO] [stdout] ...
[INFO] [stdout] 213 |     pub fn getitem(&self, item: usize) -> &Tlv {
[INFO] [stdout]     |            ^^^^^^^
[INFO] [stdout]     |
[INFO] [stdout]     = note: `#[warn(dead_code)]` on by default
[INFO] [stdout] 
[INFO] [stdout] 
[INFO] [stdout] warning: associated functions `get_length` and `from_bytes` are never used
[INFO] [stdout]    --> src/tlv.rs:163:12
[INFO] [stdout]     |
[INFO] [stdout] 114 | impl Tlv {
[INFO] [stdout]     | -------- associated functions in this implementation
[INFO] [stdout] ...
[INFO] [stdout] 163 |     pub fn get_length(bytes: &[u8]) -> u16 {
[INFO] [stdout]     |            ^^^^^^^^^^
[INFO] [stdout] ...
[INFO] [stdout] 174 |     pub fn from_bytes(bytes: &[u8]) -> Tlv {
[INFO] [stdout]     |            ^^^^^^^^^^
[INFO] [stdout] 
[INFO] [stdout] 
[INFO] [stdout] warning: associated items `new` and `len` are never used
[INFO] [stdout]   --> src/tlv/eolldpdu_tlv.rs:35:12
[INFO] [stdout]    |
[INFO] [stdout] 33 | impl EndOfLLDPDUTLV {
[INFO] [stdout]    | ------------------- associated items in this implementation
[INFO] [stdout] 34 |     /// Constructor
[INFO] [stdout] 35 |     pub fn new() -> EndOfLLDPDUTLV {
[INFO] [stdout]    |            ^^^
[INFO] [stdout] ...
[INFO] [stdout] 67 |     pub fn len(&self) -> usize {
[INFO] [stdout]    |            ^^^
[INFO] [stdout] 
[INFO] [stdout] 
[INFO] [stdout] warning: associated items `new`, `supports`, and `enabled` are never used
[INFO] [stdout]    --> src/tlv/systemcapabilities_tlv.rs:121:12
[INFO] [stdout]     |
[INFO] [stdout] 115 | impl SystemCapabilitiesTLV {
[INFO] [stdout]     | -------------------------- associated items in this implementation
[INFO] [stdout] ...
[INFO] [stdout] 121 |     pub fn new(supported: u16, enabled: u16) -> SystemCapabilitiesTLV {
[INFO] [stdout]     |            ^^^
[INFO] [stdout] ...
[INFO] [stdout] 192 |     fn supports(&self, capabilities: u16) -> bool {
[INFO] [stdout]     |        ^^^^^^^^
[INFO] [stdout] ...
[INFO] [stdout] 205 |     fn enabled(&self, capabilities: u16) -> bool {
[INFO] [stdout]     |        ^^^^^^^
[INFO] [stdout] 
[INFO] [stdout] 
[INFO] [stdout] warning: associated function `new` is never used
[INFO] [stdout]   --> src/tlv/systemname_tlv.rs:41:12
[INFO] [stdout]    |
[INFO] [stdout] 40 | impl SystemNameTLV {
[INFO] [stdout]    | ------------------ associated function in this implementation
[INFO] [stdout] 41 |     pub fn new(name: String) -> SystemNameTLV {
[INFO] [stdout]    |            ^^^
[INFO] [stdout] 
[INFO] [stdout] 
[INFO] [stdout] warning: 37 warnings emitted
[INFO] [stdout] 
[INFO] [stdout] 
[INFO] [stderr]     Finished dev [unoptimized + debuginfo] target(s) in 8.65s
[INFO] running `Command { std: "docker" "inspect" "375ba9dfb6c225a266fa710978b8988bd23cc93c01376c271c0ba56ed7beba58", kill_on_drop: false }`
[INFO] running `Command { std: "docker" "rm" "-f" "375ba9dfb6c225a266fa710978b8988bd23cc93c01376c271c0ba56ed7beba58", kill_on_drop: false }`
[INFO] [stdout] 375ba9dfb6c225a266fa710978b8988bd23cc93c01376c271c0ba56ed7beba58
[INFO] running `Command { std: "docker" "create" "-v" "/var/lib/crater-agent-workspace/builds/worker-5-tc1/target:/opt/rustwide/target:rw,Z" "-v" "/var/lib/crater-agent-workspace/builds/worker-5-tc1/source:/opt/rustwide/workdir:ro,Z" "-v" "/var/lib/crater-agent-workspace/cargo-home:/opt/rustwide/cargo-home:ro,Z" "-v" "/var/lib/crater-agent-workspace/rustup-home:/opt/rustwide/rustup-home:ro,Z" "-e" "SOURCE_DIR=/opt/rustwide/workdir" "-e" "CARGO_TARGET_DIR=/opt/rustwide/target" "-e" "CARGO_INCREMENTAL=0" "-e" "RUST_BACKTRACE=full" "-e" "RUSTFLAGS=--cap-lints=warn" "-e" "RUSTDOCFLAGS=--cap-lints=warn" "-e" "CARGO_HOME=/opt/rustwide/cargo-home" "-e" "RUSTUP_HOME=/opt/rustwide/rustup-home" "-w" "/opt/rustwide/workdir" "-m" "1610612736" "--user" "0:0" "--network" "none" "ghcr.io/rust-lang/crates-build-env/linux@sha256:2788e3201cd34a07e3172128adcd8b3090168a8e3bcc40d7c032b9dda1df7d1c" "/opt/rustwide/cargo-home/bin/cargo" "+1.75.0" "test" "--frozen" "--no-run" "--message-format=json", kill_on_drop: false }`
[INFO] [stdout] 32800d7b86ee4ae9c8ea073ffe422666cd8b9ab74f9837f43bdb481179c60e44
[INFO] running `Command { std: "docker" "start" "-a" "32800d7b86ee4ae9c8ea073ffe422666cd8b9ab74f9837f43bdb481179c60e44", kill_on_drop: false }`
[INFO] [stderr]    Compiling lldp-rs v0.1.0 (/opt/rustwide/workdir)
[INFO] [stdout] warning: unused import: `crate::tlv::eolldpdu_tlv::EndOfLLDPDUTLV`
[INFO] [stdout]  --> src/agent.rs:3:5
[INFO] [stdout]   |
[INFO] [stdout] 3 | use crate::tlv::eolldpdu_tlv::EndOfLLDPDUTLV;
[INFO] [stdout]   |     ^^^^^^^^^^^^^^^^^^^^^^^^^^^^^^^^^^^^^^^^
[INFO] [stdout]   |
[INFO] [stdout]   = note: `#[warn(unused_imports)]` on by default
[INFO] [stdout] 
[INFO] [stdout] 
[INFO] [stdout] warning: unused import: `EtherType`
[INFO] [stdout]   --> src/agent.rs:13:30
[INFO] [stdout]    |
[INFO] [stdout] 13 | use pnet::packet::ethernet::{EtherType, EthernetPacket, MutableEthernetPacket};
[INFO] [stdout]    |                              ^^^^^^^^^
[INFO] [stdout] 
[INFO] [stdout] 
[INFO] [stdout] warning: unused import: `Buf`
[INFO] [stdout]  --> src/tlv/managementaddress_tlv.rs:3:13
[INFO] [stdout]   |
[INFO] [stdout] 3 | use bytes::{Buf, BufMut};
[INFO] [stdout]   |             ^^^
[INFO] [stdout] 
[INFO] [stdout] 
[INFO] [stdout] warning: unused import: `Buf`
[INFO] [stdout]  --> src/tlv/ttl_tlv.rs:2:13
[INFO] [stdout]   |
[INFO] [stdout] 2 | use bytes::{Buf, BufMut};
[INFO] [stdout]   |             ^^^
[INFO] [stdout] 
[INFO] [stdout] 
[INFO] [stdout] warning: unnecessary parentheses around function argument
[INFO] [stdout]    --> src/tlv.rs:184:50
[INFO] [stdout]     |
[INFO] [stdout] 184 |             TlvType::ChassisId => Tlv::ChassisId((ChassisIdTLV::new_from_bytes(bytes))),
[INFO] [stdout]     |                                                  ^                                   ^
[INFO] [stdout]     |
[INFO] [stdout]     = note: `#[warn(unused_parens)]` on by default
[INFO] [stdout] help: remove these parentheses
[INFO] [stdout]     |
[INFO] [stdout] 184 -             TlvType::ChassisId => Tlv::ChassisId((ChassisIdTLV::new_from_bytes(bytes))),
[INFO] [stdout] 184 +             TlvType::ChassisId => Tlv::ChassisId(ChassisIdTLV::new_from_bytes(bytes)),
[INFO] [stdout]     |
[INFO] [stdout] 
[INFO] [stdout] 
[INFO] [stdout] warning: unnecessary parentheses around function argument
[INFO] [stdout]    --> src/tlv.rs:185:43
[INFO] [stdout]     |
[INFO] [stdout] 185 |             TlvType::PortId=> Tlv::PortId((PortIdTLV::new_from_bytes(bytes))),
[INFO] [stdout]     |                                           ^                                ^
[INFO] [stdout]     |
[INFO] [stdout] help: remove these parentheses
[INFO] [stdout]     |
[INFO] [stdout] 185 -             TlvType::PortId=> Tlv::PortId((PortIdTLV::new_from_bytes(bytes))),
[INFO] [stdout] 185 +             TlvType::PortId=> Tlv::PortId(PortIdTLV::new_from_bytes(bytes)),
[INFO] [stdout]     |
[INFO] [stdout] 
[INFO] [stdout] 
[INFO] [stdout] warning: unnecessary parentheses around function argument
[INFO] [stdout]    --> src/tlv.rs:186:38
[INFO] [stdout]     |
[INFO] [stdout] 186 |             TlvType::Ttl => Tlv::Ttl((TtlTLV::new_from_bytes(bytes))),
[INFO] [stdout]     |                                      ^                             ^
[INFO] [stdout]     |
[INFO] [stdout] help: remove these parentheses
[INFO] [stdout]     |
[INFO] [stdout] 186 -             TlvType::Ttl => Tlv::Ttl((TtlTLV::new_from_bytes(bytes))),
[INFO] [stdout] 186 +             TlvType::Ttl => Tlv::Ttl(TtlTLV::new_from_bytes(bytes)),
[INFO] [stdout]     |
[INFO] [stdout] 
[INFO] [stdout] 
[INFO] [stdout] warning: unnecessary parentheses around function argument
[INFO] [stdout]    --> src/tlv.rs:187:54
[INFO] [stdout]     |
[INFO] [stdout] 187 |             TlvType::EndOfLLDPDU => Tlv::EndOfLldpdu((EndOfLLDPDUTLV::new_from_bytes(bytes))),
[INFO] [stdout]     |                                                      ^                                     ^
[INFO] [stdout]     |
[INFO] [stdout] help: remove these parentheses
[INFO] [stdout]     |
[INFO] [stdout] 187 -             TlvType::EndOfLLDPDU => Tlv::EndOfLldpdu((EndOfLLDPDUTLV::new_from_bytes(bytes))),
[INFO] [stdout] 187 +             TlvType::EndOfLLDPDU => Tlv::EndOfLldpdu(EndOfLLDPDUTLV::new_from_bytes(bytes)),
[INFO] [stdout]     |
[INFO] [stdout] 
[INFO] [stdout] 
[INFO] [stdout] warning: unnecessary parentheses around function argument
[INFO] [stdout]    --> src/tlv.rs:188:62
[INFO] [stdout]     |
[INFO] [stdout] 188 |             TlvType::PortDescription => Tlv::PortDescription((PortDescriptionTLV::new_from_bytes(bytes))),
[INFO] [stdout]     |                                                              ^                                         ^
[INFO] [stdout]     |
[INFO] [stdout] help: remove these parentheses
[INFO] [stdout]     |
[INFO] [stdout] 188 -             TlvType::PortDescription => Tlv::PortDescription((PortDescriptionTLV::new_from_bytes(bytes))),
[INFO] [stdout] 188 +             TlvType::PortDescription => Tlv::PortDescription(PortDescriptionTLV::new_from_bytes(bytes)),
[INFO] [stdout]     |
[INFO] [stdout] 
[INFO] [stdout] 
[INFO] [stdout] warning: unnecessary parentheses around function argument
[INFO] [stdout]    --> src/tlv.rs:189:52
[INFO] [stdout]     |
[INFO] [stdout] 189 |             TlvType::SystemName => Tlv::SystemName((SystemNameTLV::new_from_bytes(bytes))),
[INFO] [stdout]     |                                                    ^                                    ^
[INFO] [stdout]     |
[INFO] [stdout] help: remove these parentheses
[INFO] [stdout]     |
[INFO] [stdout] 189 -             TlvType::SystemName => Tlv::SystemName((SystemNameTLV::new_from_bytes(bytes))),
[INFO] [stdout] 189 +             TlvType::SystemName => Tlv::SystemName(SystemNameTLV::new_from_bytes(bytes)),
[INFO] [stdout]     |
[INFO] [stdout] 
[INFO] [stdout] 
[INFO] [stdout] warning: unnecessary parentheses around function argument
[INFO] [stdout]    --> src/tlv.rs:190:66
[INFO] [stdout]     |
[INFO] [stdout] 190 |             TlvType::SystemDescription => Tlv::SystemDescription((SystemDescriptionTLV::new_from_bytes(bytes))),
[INFO] [stdout]     |                                                                  ^                                           ^
[INFO] [stdout]     |
[INFO] [stdout] help: remove these parentheses
[INFO] [stdout]     |
[INFO] [stdout] 190 -             TlvType::SystemDescription => Tlv::SystemDescription((SystemDescriptionTLV::new_from_bytes(bytes))),
[INFO] [stdout] 190 +             TlvType::SystemDescription => Tlv::SystemDescription(SystemDescriptionTLV::new_from_bytes(bytes)),
[INFO] [stdout]     |
[INFO] [stdout] 
[INFO] [stdout] 
[INFO] [stdout] warning: unnecessary parentheses around function argument
[INFO] [stdout]    --> src/tlv.rs:191:68
[INFO] [stdout]     |
[INFO] [stdout] 191 |             TlvType::SystemCapabilities => Tlv::SystemCapabilities((SystemCapabilitiesTLV::new_from_bytes(bytes))),
[INFO] [stdout]     |                                                                    ^                                            ^
[INFO] [stdout]     |
[INFO] [stdout] help: remove these parentheses
[INFO] [stdout]     |
[INFO] [stdout] 191 -             TlvType::SystemCapabilities => Tlv::SystemCapabilities((SystemCapabilitiesTLV::new_from_bytes(bytes))),
[INFO] [stdout] 191 +             TlvType::SystemCapabilities => Tlv::SystemCapabilities(SystemCapabilitiesTLV::new_from_bytes(bytes)),
[INFO] [stdout]     |
[INFO] [stdout] 
[INFO] [stdout] 
[INFO] [stdout] warning: unnecessary parentheses around function argument
[INFO] [stdout]    --> src/tlv.rs:192:66
[INFO] [stdout]     |
[INFO] [stdout] 192 |             TlvType::ManagementAddress => Tlv::ManagementAddress((ManagementAddressTLV::new_from_bytes(bytes))),
[INFO] [stdout]     |                                                                  ^                                           ^
[INFO] [stdout]     |
[INFO] [stdout] help: remove these parentheses
[INFO] [stdout]     |
[INFO] [stdout] 192 -             TlvType::ManagementAddress => Tlv::ManagementAddress((ManagementAddressTLV::new_from_bytes(bytes))),
[INFO] [stdout] 192 +             TlvType::ManagementAddress => Tlv::ManagementAddress(ManagementAddressTLV::new_from_bytes(bytes)),
[INFO] [stdout]     |
[INFO] [stdout] 
[INFO] [stdout] 
[INFO] [stdout] warning: unnecessary parentheses around function argument
[INFO] [stdout]    --> src/tlv.rs:193:80
[INFO] [stdout]     |
[INFO] [stdout] 193 |             TlvType::OrganizationallySpecific => Tlv::OrganizationallySpecific((OrganizationallySpecificTLV::new_from_bytes(bytes))),
[INFO] [stdout]     |                                                                                ^                                                  ^
[INFO] [stdout]     |
[INFO] [stdout] help: remove these parentheses
[INFO] [stdout]     |
[INFO] [stdout] 193 -             TlvType::OrganizationallySpecific => Tlv::OrganizationallySpecific((OrganizationallySpecificTLV::new_from_bytes(bytes))),
[INFO] [stdout] 193 +             TlvType::OrganizationallySpecific => Tlv::OrganizationallySpecific(OrganizationallySpecificTLV::new_from_bytes(bytes)),
[INFO] [stdout]     |
[INFO] [stdout] 
[INFO] [stdout] 
[INFO] [stdout] warning: value assigned to `type_value` is never read
[INFO] [stdout]   --> src/tlv/eolldpdu_tlv.rs:45:17
[INFO] [stdout]    |
[INFO] [stdout] 45 |         let mut type_value = bytes[0];
[INFO] [stdout]    |                 ^^^^^^^^^^
[INFO] [stdout]    |
[INFO] [stdout]    = help: maybe it is overwritten before being read?
[INFO] [stdout]    = note: `#[warn(unused_assignments)]` on by default
[INFO] [stdout] 
[INFO] [stdout] 
[INFO] [stdout] warning: value assigned to `type_value` is never read
[INFO] [stdout]    --> src/tlv/managementaddress_tlv.rs:154:17
[INFO] [stdout]     |
[INFO] [stdout] 154 |         let mut type_value = bytes[0];
[INFO] [stdout]     |                 ^^^^^^^^^^
[INFO] [stdout]     |
[INFO] [stdout]     = help: maybe it is overwritten before being read?
[INFO] [stdout] 
[INFO] [stdout] 
[INFO] [stdout] warning: unused variable: `last_bit`
[INFO] [stdout]    --> src/tlv/managementaddress_tlv.rs:157:13
[INFO] [stdout]     |
[INFO] [stdout] 157 |         let last_bit = bytes[0] & 0b00000001;
[INFO] [stdout]     |             ^^^^^^^^ help: if this is intentional, prefix it with an underscore: `_last_bit`
[INFO] [stdout]     |
[INFO] [stdout]     = note: `#[warn(unused_variables)]` on by default
[INFO] [stdout] 
[INFO] [stdout] 
[INFO] [stdout] warning: value assigned to `type_value` is never read
[INFO] [stdout]   --> src/tlv/organizationallyspecific_tlv.rs:74:17
[INFO] [stdout]    |
[INFO] [stdout] 74 |         let mut type_value: u8 = bytes[0];
[INFO] [stdout]    |                 ^^^^^^^^^^
[INFO] [stdout]    |
[INFO] [stdout]    = help: maybe it is overwritten before being read?
[INFO] [stdout] 
[INFO] [stdout] 
[INFO] [stdout] warning: value assigned to `type_value` is never read
[INFO] [stdout]   --> src/tlv/organizationallyspecific_tlv.rs:79:9
[INFO] [stdout]    |
[INFO] [stdout] 79 |         type_value = type_value >> 1;
[INFO] [stdout]    |         ^^^^^^^^^^
[INFO] [stdout]    |
[INFO] [stdout]    = help: maybe it is overwritten before being read?
[INFO] [stdout] 
[INFO] [stdout] 
[INFO] [stdout] warning: value assigned to `length_value` is never read
[INFO] [stdout]   --> src/tlv/organizationallyspecific_tlv.rs:84:13
[INFO] [stdout]    |
[INFO] [stdout] 84 |             length_value= length_value + 256;
[INFO] [stdout]    |             ^^^^^^^^^^^^
[INFO] [stdout]    |
[INFO] [stdout]    = help: maybe it is overwritten before being read?
[INFO] [stdout] 
[INFO] [stdout] 
[INFO] [stdout] warning: unused variable: `value_bytes`
[INFO] [stdout]   --> src/tlv/portdescription_tlv.rs:43:13
[INFO] [stdout]    |
[INFO] [stdout] 43 |         let value_bytes: Vec<u8> = value.as_bytes().to_vec();
[INFO] [stdout]    |             ^^^^^^^^^^^ help: if this is intentional, prefix it with an underscore: `_value_bytes`
[INFO] [stdout] 
[INFO] [stdout] 
[INFO] [stdout] warning: value assigned to `type_value` is never read
[INFO] [stdout]   --> src/tlv/portdescription_tlv.rs:55:17
[INFO] [stdout]    |
[INFO] [stdout] 55 |         let mut type_value = bytes[0];
[INFO] [stdout]    |                 ^^^^^^^^^^
[INFO] [stdout]    |
[INFO] [stdout]    = help: maybe it is overwritten before being read?
[INFO] [stdout] 
[INFO] [stdout] 
[INFO] [stdout] warning: variable `length` is assigned to, but never used
[INFO] [stdout]    --> src/tlv/portid_tlv.rs:175:17
[INFO] [stdout]     |
[INFO] [stdout] 175 |         let mut length = bytes[1] as usize;
[INFO] [stdout]     |                 ^^^^^^
[INFO] [stdout]     |
[INFO] [stdout]     = note: consider using `_length` instead
[INFO] [stdout] 
[INFO] [stdout] 
[INFO] [stdout] warning: value assigned to `length` is never read
[INFO] [stdout]    --> src/tlv/portid_tlv.rs:177:13
[INFO] [stdout]     |
[INFO] [stdout] 177 |             length += 1 << 9;
[INFO] [stdout]     |             ^^^^^^
[INFO] [stdout]     |
[INFO] [stdout]     = help: maybe it is overwritten before being read?
[INFO] [stdout] 
[INFO] [stdout] 
[INFO] [stdout] warning: value assigned to `type_value` is never read
[INFO] [stdout]    --> src/tlv/systemcapabilities_tlv.rs:146:17
[INFO] [stdout]     |
[INFO] [stdout] 146 |         let mut type_value = bytes[0];
[INFO] [stdout]     |                 ^^^^^^^^^^
[INFO] [stdout]     |
[INFO] [stdout]     = help: maybe it is overwritten before being read?
[INFO] [stdout] 
[INFO] [stdout] 
[INFO] [stdout] warning: value assigned to `type_value` is never read
[INFO] [stdout]   --> src/tlv/systemdescription_tlv.rs:54:17
[INFO] [stdout]    |
[INFO] [stdout] 54 |         let mut type_value = bytes[0];
[INFO] [stdout]    |                 ^^^^^^^^^^
[INFO] [stdout]    |
[INFO] [stdout]    = help: maybe it is overwritten before being read?
[INFO] [stdout] 
[INFO] [stdout] 
[INFO] [stdout] warning: value assigned to `type_value` is never read
[INFO] [stdout]   --> src/tlv/systemname_tlv.rs:54:17
[INFO] [stdout]    |
[INFO] [stdout] 54 |         let mut type_value = bytes[0];
[INFO] [stdout]    |                 ^^^^^^^^^^
[INFO] [stdout]    |
[INFO] [stdout]    = help: maybe it is overwritten before being read?
[INFO] [stdout] 
[INFO] [stdout] 
[INFO] [stdout] warning: value assigned to `type_value` is never read
[INFO] [stdout]   --> src/tlv/ttl_tlv.rs:53:17
[INFO] [stdout]    |
[INFO] [stdout] 53 |         let mut type_value = bytes[0];
[INFO] [stdout]    |                 ^^^^^^^^^^
[INFO] [stdout]    |
[INFO] [stdout]    = help: maybe it is overwritten before being read?
[INFO] [stdout] 
[INFO] [stdout] 
[INFO] [stdout] warning: value assigned to `type_value` is never read
[INFO] [stdout]   --> src/tlv/ttl_tlv.rs:58:9
[INFO] [stdout]    |
[INFO] [stdout] 58 |         type_value = type_value >> 1;
[INFO] [stdout]    |         ^^^^^^^^^^
[INFO] [stdout]    |
[INFO] [stdout]    = help: maybe it is overwritten before being read?
[INFO] [stdout] 
[INFO] [stdout] 
[INFO] [stdout] warning: value assigned to `type_value` is never read
[INFO] [stdout]    --> src/tlv.rs:176:17
[INFO] [stdout]     |
[INFO] [stdout] 176 |         let mut type_value: u8 = bytes[0];
[INFO] [stdout]     |                 ^^^^^^^^^^
[INFO] [stdout]     |
[INFO] [stdout]     = help: maybe it is overwritten before being read?
[INFO] [stdout] 
[INFO] [stdout] 
[INFO] [stdout] warning: method `is_empty` is never used
[INFO] [stdout]    --> src/lldpdu.rs:197:12
[INFO] [stdout]     |
[INFO] [stdout] 51  | impl Lldpdu {
[INFO] [stdout]     | ----------- method in this implementation
[INFO] [stdout] ...
[INFO] [stdout] 197 |     pub fn is_empty(&self) -> bool {
[INFO] [stdout]     |            ^^^^^^^^
[INFO] [stdout]     |
[INFO] [stdout]     = note: `#[warn(dead_code)]` on by default
[INFO] [stdout] 
[INFO] [stdout] 
[INFO] [stdout] warning: associated functions `get_length` and `from_bytes` are never used
[INFO] [stdout]    --> src/tlv.rs:163:12
[INFO] [stdout]     |
[INFO] [stdout] 114 | impl Tlv {
[INFO] [stdout]     | -------- associated functions in this implementation
[INFO] [stdout] ...
[INFO] [stdout] 163 |     pub fn get_length(bytes: &[u8]) -> u16 {
[INFO] [stdout]     |            ^^^^^^^^^^
[INFO] [stdout] ...
[INFO] [stdout] 174 |     pub fn from_bytes(bytes: &[u8]) -> Tlv {
[INFO] [stdout]     |            ^^^^^^^^^^
[INFO] [stdout] 
[INFO] [stdout] 
[INFO] [stdout] warning: method `enabled` is never used
[INFO] [stdout]    --> src/tlv/systemcapabilities_tlv.rs:205:8
[INFO] [stdout]     |
[INFO] [stdout] 115 | impl SystemCapabilitiesTLV {
[INFO] [stdout]     | -------------------------- method in this implementation
[INFO] [stdout] ...
[INFO] [stdout] 205 |     fn enabled(&self, capabilities: u16) -> bool {
[INFO] [stdout]     |        ^^^^^^^
[INFO] [stdout] 
[INFO] [stdout] 
[INFO] [stdout] warning: 33 warnings emitted
[INFO] [stdout] 
[INFO] [stdout] 
[INFO] [stderr]     Finished test [unoptimized + debuginfo] target(s) in 1.60s
[INFO] running `Command { std: "docker" "inspect" "32800d7b86ee4ae9c8ea073ffe422666cd8b9ab74f9837f43bdb481179c60e44", kill_on_drop: false }`
[INFO] running `Command { std: "docker" "rm" "-f" "32800d7b86ee4ae9c8ea073ffe422666cd8b9ab74f9837f43bdb481179c60e44", kill_on_drop: false }`
[INFO] [stdout] 32800d7b86ee4ae9c8ea073ffe422666cd8b9ab74f9837f43bdb481179c60e44
[INFO] running `Command { std: "docker" "create" "-v" "/var/lib/crater-agent-workspace/builds/worker-5-tc1/target:/opt/rustwide/target:rw,Z" "-v" "/var/lib/crater-agent-workspace/builds/worker-5-tc1/source:/opt/rustwide/workdir:ro,Z" "-v" "/var/lib/crater-agent-workspace/cargo-home:/opt/rustwide/cargo-home:ro,Z" "-v" "/var/lib/crater-agent-workspace/rustup-home:/opt/rustwide/rustup-home:ro,Z" "-e" "SOURCE_DIR=/opt/rustwide/workdir" "-e" "CARGO_TARGET_DIR=/opt/rustwide/target" "-e" "CARGO_INCREMENTAL=0" "-e" "RUST_BACKTRACE=full" "-e" "RUSTFLAGS=--cap-lints=warn" "-e" "RUSTDOCFLAGS=--cap-lints=warn" "-e" "CARGO_HOME=/opt/rustwide/cargo-home" "-e" "RUSTUP_HOME=/opt/rustwide/rustup-home" "-w" "/opt/rustwide/workdir" "-m" "1610612736" "--user" "0:0" "--network" "none" "ghcr.io/rust-lang/crates-build-env/linux@sha256:2788e3201cd34a07e3172128adcd8b3090168a8e3bcc40d7c032b9dda1df7d1c" "/opt/rustwide/cargo-home/bin/cargo" "+1.75.0" "test" "--frozen", kill_on_drop: false }`
[INFO] [stdout] e3b2028057e0da8979149b50af4d1393e75e3c56d293cd0b272a112c9b44880b
[INFO] running `Command { std: "docker" "start" "-a" "e3b2028057e0da8979149b50af4d1393e75e3c56d293cd0b272a112c9b44880b", kill_on_drop: false }`
[INFO] [stderr] warning: unused import: `crate::tlv::eolldpdu_tlv::EndOfLLDPDUTLV`
[INFO] [stderr]  --> src/agent.rs:3:5
[INFO] [stderr]   |
[INFO] [stderr] 3 | use crate::tlv::eolldpdu_tlv::EndOfLLDPDUTLV;
[INFO] [stderr]   |     ^^^^^^^^^^^^^^^^^^^^^^^^^^^^^^^^^^^^^^^^
[INFO] [stderr]   |
[INFO] [stderr]   = note: `#[warn(unused_imports)]` on by default
[INFO] [stderr] 
[INFO] [stderr] warning: unused import: `EtherType`
[INFO] [stderr]   --> src/agent.rs:13:30
[INFO] [stderr]    |
[INFO] [stderr] 13 | use pnet::packet::ethernet::{EtherType, EthernetPacket, MutableEthernetPacket};
[INFO] [stderr]    |                              ^^^^^^^^^
[INFO] [stderr] 
[INFO] [stderr] warning: unused import: `Buf`
[INFO] [stderr]  --> src/tlv/managementaddress_tlv.rs:3:13
[INFO] [stderr]   |
[INFO] [stderr] 3 | use bytes::{Buf, BufMut};
[INFO] [stderr]   |             ^^^
[INFO] [stderr] 
[INFO] [stderr] warning: unused import: `Buf`
[INFO] [stderr]  --> src/tlv/ttl_tlv.rs:2:13
[INFO] [stderr]   |
[INFO] [stderr] 2 | use bytes::{Buf, BufMut};
[INFO] [stderr]   |             ^^^
[INFO] [stderr] 
[INFO] [stderr] warning: unnecessary parentheses around function argument
[INFO] [stderr]    --> src/tlv.rs:184:50
[INFO] [stderr]     |
[INFO] [stderr] 184 |             TlvType::ChassisId => Tlv::ChassisId((ChassisIdTLV::new_from_bytes(bytes))),
[INFO] [stderr]     |                                                  ^                                   ^
[INFO] [stderr]     |
[INFO] [stderr]     = note: `#[warn(unused_parens)]` on by default
[INFO] [stderr] help: remove these parentheses
[INFO] [stderr]     |
[INFO] [stderr] 184 -             TlvType::ChassisId => Tlv::ChassisId((ChassisIdTLV::new_from_bytes(bytes))),
[INFO] [stderr] 184 +             TlvType::ChassisId => Tlv::ChassisId(ChassisIdTLV::new_from_bytes(bytes)),
[INFO] [stderr]     |
[INFO] [stderr] 
[INFO] [stderr] warning: unnecessary parentheses around function argument
[INFO] [stderr]    --> src/tlv.rs:185:43
[INFO] [stderr]     |
[INFO] [stderr] 185 |             TlvType::PortId=> Tlv::PortId((PortIdTLV::new_from_bytes(bytes))),
[INFO] [stderr]     |                                           ^                                ^
[INFO] [stderr]     |
[INFO] [stderr] help: remove these parentheses
[INFO] [stderr]     |
[INFO] [stderr] 185 -             TlvType::PortId=> Tlv::PortId((PortIdTLV::new_from_bytes(bytes))),
[INFO] [stderr] 185 +             TlvType::PortId=> Tlv::PortId(PortIdTLV::new_from_bytes(bytes)),
[INFO] [stderr]     |
[INFO] [stderr] 
[INFO] [stderr] warning: unnecessary parentheses around function argument
[INFO] [stderr]    --> src/tlv.rs:186:38
[INFO] [stderr]     |
[INFO] [stderr] 186 |             TlvType::Ttl => Tlv::Ttl((TtlTLV::new_from_bytes(bytes))),
[INFO] [stderr]     |                                      ^                             ^
[INFO] [stderr]     |
[INFO] [stderr] help: remove these parentheses
[INFO] [stderr]     |
[INFO] [stderr] 186 -             TlvType::Ttl => Tlv::Ttl((TtlTLV::new_from_bytes(bytes))),
[INFO] [stderr] 186 +             TlvType::Ttl => Tlv::Ttl(TtlTLV::new_from_bytes(bytes)),
[INFO] [stderr]     |
[INFO] [stderr] 
[INFO] [stderr] warning: unnecessary parentheses around function argument
[INFO] [stderr]    --> src/tlv.rs:187:54
[INFO] [stderr]     |
[INFO] [stderr] 187 |             TlvType::EndOfLLDPDU => Tlv::EndOfLldpdu((EndOfLLDPDUTLV::new_from_bytes(bytes))),
[INFO] [stderr]     |                                                      ^                                     ^
[INFO] [stderr]     |
[INFO] [stderr] help: remove these parentheses
[INFO] [stderr]     |
[INFO] [stderr] 187 -             TlvType::EndOfLLDPDU => Tlv::EndOfLldpdu((EndOfLLDPDUTLV::new_from_bytes(bytes))),
[INFO] [stderr] 187 +             TlvType::EndOfLLDPDU => Tlv::EndOfLldpdu(EndOfLLDPDUTLV::new_from_bytes(bytes)),
[INFO] [stderr]     |
[INFO] [stderr] 
[INFO] [stderr] warning: unnecessary parentheses around function argument
[INFO] [stderr]    --> src/tlv.rs:188:62
[INFO] [stderr]     |
[INFO] [stderr] 188 |             TlvType::PortDescription => Tlv::PortDescription((PortDescriptionTLV::new_from_bytes(bytes))),
[INFO] [stderr]     |                                                              ^                                         ^
[INFO] [stderr]     |
[INFO] [stderr] help: remove these parentheses
[INFO] [stderr]     |
[INFO] [stderr] 188 -             TlvType::PortDescription => Tlv::PortDescription((PortDescriptionTLV::new_from_bytes(bytes))),
[INFO] [stderr] 188 +             TlvType::PortDescription => Tlv::PortDescription(PortDescriptionTLV::new_from_bytes(bytes)),
[INFO] [stderr]     |
[INFO] [stderr] 
[INFO] [stderr] warning: unnecessary parentheses around function argument
[INFO] [stderr]    --> src/tlv.rs:189:52
[INFO] [stderr]     |
[INFO] [stderr] 189 |             TlvType::SystemName => Tlv::SystemName((SystemNameTLV::new_from_bytes(bytes))),
[INFO] [stderr]     |                                                    ^                                    ^
[INFO] [stderr]     |
[INFO] [stderr] help: remove these parentheses
[INFO] [stderr]     |
[INFO] [stderr] 189 -             TlvType::SystemName => Tlv::SystemName((SystemNameTLV::new_from_bytes(bytes))),
[INFO] [stderr] 189 +             TlvType::SystemName => Tlv::SystemName(SystemNameTLV::new_from_bytes(bytes)),
[INFO] [stderr]     |
[INFO] [stderr] 
[INFO] [stderr] warning: unnecessary parentheses around function argument
[INFO] [stderr]    --> src/tlv.rs:190:66
[INFO] [stderr]     |
[INFO] [stderr] 190 |             TlvType::SystemDescription => Tlv::SystemDescription((SystemDescriptionTLV::new_from_bytes(bytes))),
[INFO] [stderr]     |                                                                  ^                                           ^
[INFO] [stderr]     |
[INFO] [stderr] help: remove these parentheses
[INFO] [stderr]     |
[INFO] [stderr] 190 -             TlvType::SystemDescription => Tlv::SystemDescription((SystemDescriptionTLV::new_from_bytes(bytes))),
[INFO] [stderr] 190 +             TlvType::SystemDescription => Tlv::SystemDescription(SystemDescriptionTLV::new_from_bytes(bytes)),
[INFO] [stderr]     |
[INFO] [stderr] 
[INFO] [stderr] warning: unnecessary parentheses around function argument
[INFO] [stderr]    --> src/tlv.rs:191:68
[INFO] [stderr]     |
[INFO] [stderr] 191 |             TlvType::SystemCapabilities => Tlv::SystemCapabilities((SystemCapabilitiesTLV::new_from_bytes(bytes))),
[INFO] [stderr]     |                                                                    ^                                            ^
[INFO] [stderr]     |
[INFO] [stderr] help: remove these parentheses
[INFO] [stderr]     |
[INFO] [stderr] 191 -             TlvType::SystemCapabilities => Tlv::SystemCapabilities((SystemCapabilitiesTLV::new_from_bytes(bytes))),
[INFO] [stderr] 191 +             TlvType::SystemCapabilities => Tlv::SystemCapabilities(SystemCapabilitiesTLV::new_from_bytes(bytes)),
[INFO] [stderr]     |
[INFO] [stderr] 
[INFO] [stderr] warning: unnecessary parentheses around function argument
[INFO] [stderr]    --> src/tlv.rs:192:66
[INFO] [stderr]     |
[INFO] [stderr] 192 |             TlvType::ManagementAddress => Tlv::ManagementAddress((ManagementAddressTLV::new_from_bytes(bytes))),
[INFO] [stderr]     |                                                                  ^                                           ^
[INFO] [stderr]     |
[INFO] [stderr] help: remove these parentheses
[INFO] [stderr]     |
[INFO] [stderr] 192 -             TlvType::ManagementAddress => Tlv::ManagementAddress((ManagementAddressTLV::new_from_bytes(bytes))),
[INFO] [stderr] 192 +             TlvType::ManagementAddress => Tlv::ManagementAddress(ManagementAddressTLV::new_from_bytes(bytes)),
[INFO] [stderr]     |
[INFO] [stderr] 
[INFO] [stderr] warning: unnecessary parentheses around function argument
[INFO] [stderr]    --> src/tlv.rs:193:80
[INFO] [stderr]     |
[INFO] [stderr] 193 |             TlvType::OrganizationallySpecific => Tlv::OrganizationallySpecific((OrganizationallySpecificTLV::new_from_bytes(bytes))),
[INFO] [stderr]     |                                                                                ^                                                  ^
[INFO] [stderr]     |
[INFO] [stderr] help: remove these parentheses
[INFO] [stderr]     |
[INFO] [stderr] 193 -             TlvType::OrganizationallySpecific => Tlv::OrganizationallySpecific((OrganizationallySpecificTLV::new_from_bytes(bytes))),
[INFO] [stderr] 193 +             TlvType::OrganizationallySpecific => Tlv::OrganizationallySpecific(OrganizationallySpecificTLV::new_from_bytes(bytes)),
[INFO] [stderr]     |
[INFO] [stderr] 
[INFO] [stderr] warning: value assigned to `type_value` is never read
[INFO] [stderr]   --> src/tlv/eolldpdu_tlv.rs:45:17
[INFO] [stderr]    |
[INFO] [stderr] 45 |         let mut type_value = bytes[0];
[INFO] [stderr]    |                 ^^^^^^^^^^
[INFO] [stderr]    |
[INFO] [stderr]    = help: maybe it is overwritten before being read?
[INFO] [stderr]    = note: `#[warn(unused_assignments)]` on by default
[INFO] [stderr] 
[INFO] [stderr] warning: value assigned to `type_value` is never read
[INFO] [stderr]    --> src/tlv/managementaddress_tlv.rs:154:17
[INFO] [stderr]     |
[INFO] [stderr] 154 |         let mut type_value = bytes[0];
[INFO] [stderr]     |                 ^^^^^^^^^^
[INFO] [stderr]     |
[INFO] [stderr]     = help: maybe it is overwritten before being read?
[INFO] [stderr] 
[INFO] [stderr] warning: unused variable: `last_bit`
[INFO] [stderr]    --> src/tlv/managementaddress_tlv.rs:157:13
[INFO] [stderr]     |
[INFO] [stderr] 157 |         let last_bit = bytes[0] & 0b00000001;
[INFO] [stderr]     |             ^^^^^^^^ help: if this is intentional, prefix it with an underscore: `_last_bit`
[INFO] [stderr]     |
[INFO] [stderr]     = note: `#[warn(unused_variables)]` on by default
[INFO] [stderr] 
[INFO] [stderr] warning: value assigned to `type_value` is never read
[INFO] [stderr]   --> src/tlv/organizationallyspecific_tlv.rs:74:17
[INFO] [stderr]    |
[INFO] [stderr] 74 |         let mut type_value: u8 = bytes[0];
[INFO] [stderr]    |                 ^^^^^^^^^^
[INFO] [stderr]    |
[INFO] [stderr]    = help: maybe it is overwritten before being read?
[INFO] [stderr] 
[INFO] [stderr] warning: value assigned to `type_value` is never read
[INFO] [stderr]   --> src/tlv/organizationallyspecific_tlv.rs:79:9
[INFO] [stderr]    |
[INFO] [stderr] 79 |         type_value = type_value >> 1;
[INFO] [stderr]    |         ^^^^^^^^^^
[INFO] [stderr]    |
[INFO] [stderr]    = help: maybe it is overwritten before being read?
[INFO] [stderr] 
[INFO] [stderr] warning: value assigned to `length_value` is never read
[INFO] [stderr]   --> src/tlv/organizationallyspecific_tlv.rs:84:13
[INFO] [stderr]    |
[INFO] [stderr] 84 |             length_value= length_value + 256;
[INFO] [stderr]    |             ^^^^^^^^^^^^
[INFO] [stderr]    |
[INFO] [stderr]    = help: maybe it is overwritten before being read?
[INFO] [stderr] 
[INFO] [stderr] warning: unused variable: `value_bytes`
[INFO] [stderr]   --> src/tlv/portdescription_tlv.rs:43:13
[INFO] [stderr]    |
[INFO] [stderr] 43 |         let value_bytes: Vec<u8> = value.as_bytes().to_vec();
[INFO] [stderr]    |             ^^^^^^^^^^^ help: if this is intentional, prefix it with an underscore: `_value_bytes`
[INFO] [stderr] 
[INFO] [stderr] warning: value assigned to `type_value` is never read
[INFO] [stderr]   --> src/tlv/portdescription_tlv.rs:55:17
[INFO] [stderr]    |
[INFO] [stderr] 55 |         let mut type_value = bytes[0];
[INFO] [stderr]    |                 ^^^^^^^^^^
[INFO] [stderr]    |
[INFO] [stderr]    = help: maybe it is overwritten before being read?
[INFO] [stderr] 
[INFO] [stderr] warning: variable `length` is assigned to, but never used
[INFO] [stderr]    --> src/tlv/portid_tlv.rs:175:17
[INFO] [stderr]     |
[INFO] [stderr] 175 |         let mut length = bytes[1] as usize;
[INFO] [stderr]     |                 ^^^^^^
[INFO] [stderr]     |
[INFO] [stderr]     = note: consider using `_length` instead
[INFO] [stderr] 
[INFO] [stderr] warning: value assigned to `length` is never read
[INFO] [stderr]    --> src/tlv/portid_tlv.rs:177:13
[INFO] [stderr]     |
[INFO] [stderr] 177 |             length += 1 << 9;
[INFO] [stderr]     |             ^^^^^^
[INFO] [stderr]     |
[INFO] [stderr]     = help: maybe it is overwritten before being read?
[INFO] [stderr] 
[INFO] [stderr] warning: value assigned to `type_value` is never read
[INFO] [stderr]    --> src/tlv/systemcapabilities_tlv.rs:146:17
[INFO] [stderr]     |
[INFO] [stderr] 146 |         let mut type_value = bytes[0];
[INFO] [stderr]     |                 ^^^^^^^^^^
[INFO] [stderr]     |
[INFO] [stderr]     = help: maybe it is overwritten before being read?
[INFO] [stderr] 
[INFO] [stderr] warning: value assigned to `type_value` is never read
[INFO] [stderr]   --> src/tlv/systemdescription_tlv.rs:54:17
[INFO] [stderr]    |
[INFO] [stderr] 54 |         let mut type_value = bytes[0];
[INFO] [stderr]    |                 ^^^^^^^^^^
[INFO] [stderr]    |
[INFO] [stderr]    = help: maybe it is overwritten before being read?
[INFO] [stderr] 
[INFO] [stderr] warning: value assigned to `type_value` is never read
[INFO] [stderr]   --> src/tlv/systemname_tlv.rs:54:17
[INFO] [stderr]    |
[INFO] [stderr] 54 |         let mut type_value = bytes[0];
[INFO] [stderr]    |                 ^^^^^^^^^^
[INFO] [stderr]    |
[INFO] [stderr]    = help: maybe it is overwritten before being read?
[INFO] [stderr] 
[INFO] [stderr] warning: value assigned to `type_value` is never read
[INFO] [stderr]   --> src/tlv/ttl_tlv.rs:53:17
[INFO] [stderr]    |
[INFO] [stderr] 53 |         let mut type_value = bytes[0];
[INFO] [stderr]    |                 ^^^^^^^^^^
[INFO] [stderr]    |
[INFO] [stderr]    = help: maybe it is overwritten before being read?
[INFO] [stderr] 
[INFO] [stderr] warning: value assigned to `type_value` is never read
[INFO] [stderr]   --> src/tlv/ttl_tlv.rs:58:9
[INFO] [stderr]    |
[INFO] [stderr] 58 |         type_value = type_value >> 1;
[INFO] [stderr]    |         ^^^^^^^^^^
[INFO] [stderr]    |
[INFO] [stderr]    = help: maybe it is overwritten before being read?
[INFO] [stderr] 
[INFO] [stderr] warning: value assigned to `type_value` is never read
[INFO] [stderr]    --> src/tlv.rs:176:17
[INFO] [stderr]     |
[INFO] [stderr] 176 |         let mut type_value: u8 = bytes[0];
[INFO] [stderr]     |                 ^^^^^^^^^^
[INFO] [stderr]     |
[INFO] [stderr]     = help: maybe it is overwritten before being read?
[INFO] [stderr] 
[INFO] [stderr] warning: method `is_empty` is never used
[INFO] [stderr]    --> src/lldpdu.rs:197:12
[INFO] [stderr]     |
[INFO] [stderr] 51  | impl Lldpdu {
[INFO] [stderr]     | ----------- method in this implementation
[INFO] [stderr] ...
[INFO] [stderr] 197 |     pub fn is_empty(&self) -> bool {
[INFO] [stderr]     |            ^^^^^^^^
[INFO] [stderr]     |
[INFO] [stderr]     = note: `#[warn(dead_code)]` on by default
[INFO] [stderr] 
[INFO] [stderr] warning: associated functions `get_length` and `from_bytes` are never used
[INFO] [stderr]    --> src/tlv.rs:163:12
[INFO] [stderr]     |
[INFO] [stderr] 114 | impl Tlv {
[INFO] [stderr]     | -------- associated functions in this implementation
[INFO] [stderr] ...
[INFO] [stderr] 163 |     pub fn get_length(bytes: &[u8]) -> u16 {
[INFO] [stderr]     |            ^^^^^^^^^^
[INFO] [stderr] ...
[INFO] [stderr] 174 |     pub fn from_bytes(bytes: &[u8]) -> Tlv {
[INFO] [stderr]     |            ^^^^^^^^^^
[INFO] [stderr] 
[INFO] [stderr] warning: method `enabled` is never used
[INFO] [stderr]    --> src/tlv/systemcapabilities_tlv.rs:205:8
[INFO] [stderr]     |
[INFO] [stderr] 115 | impl SystemCapabilitiesTLV {
[INFO] [stderr]     | -------------------------- method in this implementation
[INFO] [stderr] ...
[INFO] [stderr] 205 |     fn enabled(&self, capabilities: u16) -> bool {
[INFO] [stderr]     |        ^^^^^^^
[INFO] [stderr] 
[INFO] [stderr] warning: `lldp-rs` (bin "lldp-rs" test) generated 33 warnings (run `cargo fix --bin "lldp-rs" --tests` to apply 16 suggestions)
[INFO] [stderr]     Finished test [unoptimized + debuginfo] target(s) in 0.04s
[INFO] [stderr]      Running unittests src/main.rs (/opt/rustwide/target/debug/deps/lldp_rs-3cf724d8296b05f2)
[INFO] [stdout] 
[INFO] [stdout] running 116 tests
[INFO] [stdout] test agent::tests::test_announce ... ok
[INFO] [stdout] test agent::tests::test_announce2 ... ok
[INFO] [stdout] test lldpdu::tests::test_append_tlv_length ... ok
[INFO] [stdout] test lldpdu::tests::test_dump ... ok
[INFO] [stdout] test lldpdu::tests::test_display ... ok
[INFO] [stdout] test lldpdu::tests::test_append_tlv_order ... ok
[INFO] [stdout] test tlv::chassisid_tlv::tests::test_address_subtype_ipv4_dump ... ok
[INFO] [stdout] test tlv::chassisid_tlv::tests::test_address_subtype_ipv6_dump ... ok
[INFO] [stdout] test tlv::chassisid_tlv::tests::test_display1 ... ok
[INFO] [stdout] test lldpdu::tests::test_append_duplicate_optional_tlv ... ok
[INFO] [stdout] test tlv::chassisid_tlv::tests::test_generic_subtypes ... ok
[INFO] [stdout] test lldpdu::tests::test_lldpdu_complete ... ok
[INFO] [stdout] test tlv::chassisid_tlv::tests::test_length ... ok
[INFO] [stdout] test tlv::chassisid_tlv::tests::test_load_generic ... ok
[INFO] [stdout] test tlv::chassisid_tlv::tests::test_display2 ... ok
[INFO] [stdout] test tlv::chassisid_tlv::tests::test_display3 ... ok
[INFO] [stdout] test lldpdu::tests::test_lldpdu_incomplete ... ok
[INFO] [stdout] test lldpdu::tests::test_load ... ok
[INFO] [stdout] test lldpdu::tests::test_valid_lldpdu_is_valid ... ok
[INFO] [stdout] test tlv::chassisid_tlv::tests::test_mac_subtype_dump ... ok
[INFO] [stdout] test tlv::chassisid_tlv::tests::test_load_mac ... ok
[INFO] [stdout] test tlv::chassisid_tlv::tests::test_load_ipv4 ... ok
[INFO] [stdout] test tlv::chassisid_tlv::tests::test_load_ipv6 ... ok
[INFO] [stdout] test tlv::chassisid_tlv::tests::test_subtype ... ok
[INFO] [stdout] test tlv::chassisid_tlv::tests::test_type ... ok
[INFO] [stdout] test tlv::chassisid_tlv::tests::test_mac_subtype_load ... ok
[INFO] [stdout] test tlv::chassisid_tlv::tests::test_value ... ok
[INFO] [stdout] test tlv::eolldpdu_tlv::tests::test_eolldpdu_load ... ok
[INFO] [stdout] test tlv::eolldpdu_tlv::tests::test_eolldpdu_type ... ok
[INFO] [stdout] test tlv::eolldpdu_tlv::tests::test_eolldpdu_display ... ok
[INFO] [stdout] test tlv::eolldpdu_tlv::tests::test_eolldpdu_dump ... ok
[INFO] [stdout] test tlv::managementaddress_tlv::tests::test_chassisid_type ... ok
[INFO] [stdout] test tlv::eolldpdu_tlv::tests::test_eolldpdu_length ... ok
[INFO] [stdout] test tlv::managementaddress_tlv::tests::test_display_v4 ... ok
[INFO] [stdout] test tlv::chassisid_tlv::tests::test_load_generic_unicode ... ok
[INFO] [stdout] test tlv::managementaddress_tlv::tests::test_dump_v4 ... ok
[INFO] [stdout] test tlv::managementaddress_tlv::tests::test_dump_v6 ... ok
[INFO] [stdout] test tlv::managementaddress_tlv::tests::test_display_v6 ... ok
[INFO] [stdout] test tlv::managementaddress_tlv::tests::test_dump_zero_oid ... ok
[INFO] [stdout] test tlv::managementaddress_tlv::tests::test_length_v4 ... ok
[INFO] [stdout] test tlv::managementaddress_tlv::tests::test_load_v4 ... ok
[INFO] [stdout] test tlv::managementaddress_tlv::tests::test_none_oid ... ok
[INFO] [stdout] test tlv::managementaddress_tlv::tests::test_load_v6 ... ok
[INFO] [stdout] test tlv::managementaddress_tlv::tests::test_load_zero_oid ... ok
[INFO] [stdout] test tlv::managementaddress_tlv::tests::test_length_v6 ... ok
[INFO] [stdout] test tlv::organizationallyspecific_tlv::tests::test_load ... ok
[INFO] [stdout] test tlv::organizationallyspecific_tlv::tests::test_length ... ok
[INFO] [stdout] test tlv::managementaddress_tlv::tests::test_oid ... ok
[INFO] [stdout] test tlv::organizationallyspecific_tlv::tests::test_dump ... ok
[INFO] [stdout] test tlv::organizationallyspecific_tlv::tests::test_display ... ok
[INFO] [stdout] test tlv::managementaddress_tlv::tests::test_value ... ok
[INFO] [stdout] test tlv::organizationallyspecific_tlv::tests::test_value ... ok
[INFO] [stdout] test tlv::organizationallyspecific_tlv::tests::test_type ... ok
[INFO] [stdout] test tlv::organizationallyspecific_tlv::tests::test_subtype ... ok
[INFO] [stdout] test tlv::portdescription_tlv::tests::test_display ... ok
[INFO] [stdout] test tlv::portdescription_tlv::tests::test_length ... ok
[INFO] [stdout] test tlv::portdescription_tlv::tests::test_dump ... ok
[INFO] [stdout] test tlv::portdescription_tlv::tests::test_load ... ok
[INFO] [stdout] test tlv::portid_tlv::tests::test_chassisid_display2 ... ok
[INFO] [stdout] test tlv::portdescription_tlv::tests::test_type ... ok
[INFO] [stdout] test tlv::portid_tlv::tests::test_address_subtype_ipv4_dump ... ok
[INFO] [stdout] test tlv::portid_tlv::tests::test_chassisid_display3 ... ok
[INFO] [stdout] test tlv::portid_tlv::tests::test_address_subtype_ipv6_dump ... ok
[INFO] [stdout] test tlv::portdescription_tlv::tests::test_value ... ok
[INFO] [stdout] test tlv::portid_tlv::tests::test_length ... ok
[INFO] [stdout] test tlv::portid_tlv::tests::test_generic_subtypes_dump ... ok
[INFO] [stdout] test tlv::portid_tlv::tests::test_display1 ... ok
[INFO] [stdout] test tlv::portid_tlv::tests::test_generic_subtypes ... ok
[INFO] [stdout] test tlv::portid_tlv::tests::test_load ... ok
[INFO] [stdout] test tlv::portid_tlv::tests::test_load_ipv4 ... ok
[INFO] [stdout] test tlv::portid_tlv::tests::test_subtype ... ok
[INFO] [stdout] test tlv::portid_tlv::tests::test_load_ipv6 ... ok
[INFO] [stdout] test tlv::portid_tlv::tests::test_type ... ok
[INFO] [stdout] test tlv::portid_tlv::tests::test_value ... ok
[INFO] [stdout] test tlv::systemcapabilities_tlv::tests::test_display ... ok
[INFO] [stdout] test tlv::systemcapabilities_tlv::tests::test_dump ... ok
[INFO] [stdout] test tlv::systemcapabilities_tlv::tests::test_load ... ok
[INFO] [stdout] test tlv::systemcapabilities_tlv::tests::test_enabled ... ok
[INFO] [stdout] test tlv::systemcapabilities_tlv::tests::test_length ... ok
[INFO] [stdout] test lldpdu::tests::test_append_duplicate_required_tlv ... ok
[INFO] [stdout] test tlv::systemcapabilities_tlv::tests::test_type ... ok
[INFO] [stdout] test tlv::systemcapabilities_tlv::tests::test_value ... ok
[INFO] [stdout] test tlv::systemcapabilities_tlv::tests::test_supports ... ok
[INFO] [stdout] test lldpdu::tests::test_lldpdu_too_big ... ok
[INFO] [stdout] test lldpdu::tests::test_lldpdu_too_many_ends ... ok
[INFO] [stdout] test tlv::chassisid_tlv::tests::test_load_invalid_ipv6 - should panic ... ok
[INFO] [stdout] test tlv::systemdescription_tlv::tests::test_display ... ok
[INFO] [stdout] test tlv::systemdescription_tlv::tests::test_portdescription_length ... ok
[INFO] [stdout] test tlv::systemdescription_tlv::tests::test_portdescription_load ... ok
[INFO] [stdout] test tlv::systemdescription_tlv::tests::test_portdescription_dump ... ok
[INFO] [stdout] test tlv::systemdescription_tlv::tests::test_portdescription_type ... ok
[INFO] [stdout] test tlv::systemname_tlv::tests::test_display ... ok
[INFO] [stdout] test tlv::systemname_tlv::tests::test_load ... ok
[INFO] [stdout] test tlv::ttl_tlv::tests::test_display ... ok
[INFO] [stdout] test tlv::systemname_tlv::tests::test_length ... ok
[INFO] [stdout] test tlv::systemname_tlv::tests::test_dump ... ok
[INFO] [stdout] test tlv::ttl_tlv::tests::test_dump ... ok
[INFO] [stdout] test tlv::chassisid_tlv::tests::test_load_invalid_generic - should panic ... ok
[INFO] [stdout] test tlv::ttl_tlv::tests::test_length ... ok
[INFO] [stdout] test tlv::systemdescription_tlv::tests::test_portdescription_value ... ok
[INFO] [stdout] test tlv::systemname_tlv::tests::test_type ... ok
[INFO] [stdout] test tlv::ttl_tlv::tests::test_type ... ok
[INFO] [stdout] test tlv::ttl_tlv::tests::test_value ... ok
[INFO] [stdout] test tlv::systemname_tlv::tests::test_value ... ok
[INFO] [stdout] test tlv::ttl_tlv::tests::test_load_incorrect_length - should panic ... ok
[INFO] [stdout] test tlv::chassisid_tlv::tests::test_load_invalid_mac - should panic ... ok
[INFO] [stdout] test tlv::ttl_tlv::tests::test_load ... ok
[INFO] [stdout] test tlv::portid_tlv::tests::test_load_invalid_ipv4 - should panic ... ok
[INFO] [stdout] test tlv::portid_tlv::tests::test_load_invalid_ipv6 - should panic ... ok
[INFO] [stdout] test tlv::systemcapabilities_tlv::tests::test_capability_mismatch - should panic ... ok
[INFO] [stdout] test agent::tests::test_socket_bind ... FAILED
[INFO] [stdout] test tlv::systemcapabilities_tlv::tests::test_load_capability_mismatch - should panic ... ok
[INFO] [stdout] test lldpdu::tests::test_invalid_lldpdu_is_invalid ... ok
[INFO] [stdout] test tlv::chassisid_tlv::tests::test_load_invalid_ipv4 - should panic ... ok
[INFO] [stdout] test agent::tests::test_run ... FAILED
[INFO] [stdout] test tlv::ttl_tlv::tests::test_load_invalid_length - should panic ... ok
[INFO] [stdout] 
[INFO] [stdout] failures:
[INFO] [stdout] 
[INFO] [stdout] ---- agent::tests::test_socket_bind stdout ----
[INFO] [stdout] thread 'agent::tests::test_socket_bind' panicked at src/agent.rs:76:31:
[INFO] [stdout] An error occurred when creating the datalink channel: No such device (os error 19)
[INFO] [stdout] stack backtrace:
[INFO] [stdout]    0:     0x55ae337f2bdc - std::backtrace_rs::backtrace::libunwind::trace::ha637c64ce894333a
[INFO] [stdout]                                at /rustc/82e1608dfa6e0b5569232559e3d385fea5a93112/library/std/src/../../backtrace/src/backtrace/libunwind.rs:104:5
[INFO] [stdout]    1:     0x55ae337f2bdc - std::backtrace_rs::backtrace::trace_unsynchronized::h47f62dea28e0c88d
[INFO] [stdout]                                at /rustc/82e1608dfa6e0b5569232559e3d385fea5a93112/library/std/src/../../backtrace/src/backtrace/mod.rs:66:5
[INFO] [stdout]    2:     0x55ae337f2bdc - std::sys_common::backtrace::_print_fmt::h9eef0abe20ede486
[INFO] [stdout]                                at /rustc/82e1608dfa6e0b5569232559e3d385fea5a93112/library/std/src/sys_common/backtrace.rs:67:5
[INFO] [stdout]    3:     0x55ae337f2bdc - <std::sys_common::backtrace::_print::DisplayBacktrace as core::fmt::Display>::fmt::hed7f999df88cc644
[INFO] [stdout]                                at /rustc/82e1608dfa6e0b5569232559e3d385fea5a93112/library/std/src/sys_common/backtrace.rs:44:22
[INFO] [stdout]    4:     0x55ae3381ecc0 - core::fmt::rt::Argument::fmt::h1539a9308b8d058d
[INFO] [stdout]                                at /rustc/82e1608dfa6e0b5569232559e3d385fea5a93112/library/core/src/fmt/rt.rs:142:9
[INFO] [stdout]    5:     0x55ae3381ecc0 - core::fmt::write::h3a39390d8560d9c9
[INFO] [stdout]                                at /rustc/82e1608dfa6e0b5569232559e3d385fea5a93112/library/core/src/fmt/mod.rs:1120:17
[INFO] [stdout]    6:     0x55ae337f058f - std::io::Write::write_fmt::h040b369f3a0f9cbc
[INFO] [stdout]                                at /rustc/82e1608dfa6e0b5569232559e3d385fea5a93112/library/std/src/io/mod.rs:1762:15
[INFO] [stdout]    7:     0x55ae337f29c4 - std::sys_common::backtrace::_print::h894006fb5c6f3d45
[INFO] [stdout]                                at /rustc/82e1608dfa6e0b5569232559e3d385fea5a93112/library/std/src/sys_common/backtrace.rs:47:5
[INFO] [stdout]    8:     0x55ae337f29c4 - std::sys_common::backtrace::print::h23a2d212c6fff936
[INFO] [stdout]                                at /rustc/82e1608dfa6e0b5569232559e3d385fea5a93112/library/std/src/sys_common/backtrace.rs:34:9
[INFO] [stdout]    9:     0x55ae337f4687 - std::panicking::default_hook::{{closure}}::h8a1d2ee00185001a
[INFO] [stdout]   10:     0x55ae337f4373 - std::panicking::default_hook::h6038f2eba384e475
[INFO] [stdout]                                at /rustc/82e1608dfa6e0b5569232559e3d385fea5a93112/library/std/src/panicking.rs:289:9
[INFO] [stdout]   11:     0x55ae3379a427 - <alloc::boxed::Box<F,A> as core::ops::function::Fn<Args>>::call::h0ad024c9bdc6d768
[INFO] [stdout]                                at /rustc/82e1608dfa6e0b5569232559e3d385fea5a93112/library/alloc/src/boxed.rs:2021:9
[INFO] [stdout]   12:     0x55ae3379a427 - test::test_main::{{closure}}::h7500b54257359db6
[INFO] [stdout]                                at /rustc/82e1608dfa6e0b5569232559e3d385fea5a93112/library/test/src/lib.rs:138:21
[INFO] [stdout]   13:     0x55ae337f4c98 - <alloc::boxed::Box<F,A> as core::ops::function::Fn<Args>>::call::h1f8f335eaa9cfaee
[INFO] [stdout]                                at /rustc/82e1608dfa6e0b5569232559e3d385fea5a93112/library/alloc/src/boxed.rs:2021:9
[INFO] [stdout]   14:     0x55ae337f4c98 - std::panicking::rust_panic_with_hook::h2b5517d590cab22e
[INFO] [stdout]                                at /rustc/82e1608dfa6e0b5569232559e3d385fea5a93112/library/std/src/panicking.rs:783:13
[INFO] [stdout]   15:     0x55ae337f49ee - std::panicking::begin_panic_handler::{{closure}}::h233112c06e0ef43e
[INFO] [stdout]                                at /rustc/82e1608dfa6e0b5569232559e3d385fea5a93112/library/std/src/panicking.rs:657:13
[INFO] [stdout]   16:     0x55ae337f30a6 - std::sys_common::backtrace::__rust_end_short_backtrace::h6e893f24d7ebbff8
[INFO] [stdout]                                at /rustc/82e1608dfa6e0b5569232559e3d385fea5a93112/library/std/src/sys_common/backtrace.rs:170:18
[INFO] [stdout]   17:     0x55ae337f4752 - rust_begin_unwind
[INFO] [stdout]                                at /rustc/82e1608dfa6e0b5569232559e3d385fea5a93112/library/std/src/panicking.rs:645:5
[INFO] [stdout]   18:     0x55ae3372fd55 - core::panicking::panic_fmt::hbf0e066aabfa482c
[INFO] [stdout]                                at /rustc/82e1608dfa6e0b5569232559e3d385fea5a93112/library/core/src/panicking.rs:72:14
[INFO] [stdout]   19:     0x55ae3373761f - lldp_rs::agent::LLDPAgent::new::h1451a3f863962502
[INFO] [stdout]                                at /opt/rustwide/workdir/src/agent.rs:76:31
[INFO] [stdout]   20:     0x55ae3375ba6c - lldp_rs::agent::tests::test_socket_bind::hf35f948d0090752d
[INFO] [stdout]                                at /opt/rustwide/workdir/src/agent.rs:297:17
[INFO] [stdout]   21:     0x55ae3375b987 - lldp_rs::agent::tests::test_socket_bind::{{closure}}::ha52fa51e4a6db5b9
[INFO] [stdout]                                at /opt/rustwide/workdir/src/agent.rs:296:26
[INFO] [stdout]   22:     0x55ae33742166 - core::ops::function::FnOnce::call_once::h208d55779c5f749f
[INFO] [stdout]                                at /rustc/82e1608dfa6e0b5569232559e3d385fea5a93112/library/core/src/ops/function.rs:250:5
[INFO] [stdout]   23:     0x55ae3379fa7f - core::ops::function::FnOnce::call_once::h2b5d431d5046312d
[INFO] [stdout]                                at /rustc/82e1608dfa6e0b5569232559e3d385fea5a93112/library/core/src/ops/function.rs:250:5
[INFO] [stdout]   24:     0x55ae3379fa7f - test::__rust_begin_short_backtrace::h7714669af176e207
[INFO] [stdout]                                at /rustc/82e1608dfa6e0b5569232559e3d385fea5a93112/library/test/src/lib.rs:628:18
[INFO] [stdout]   25:     0x55ae3379ea95 - test::run_test_in_process::{{closure}}::h85218797dcbcec12
[INFO] [stdout]                                at /rustc/82e1608dfa6e0b5569232559e3d385fea5a93112/library/test/src/lib.rs:651:60
[INFO] [stdout]   26:     0x55ae3379ea95 - <core::panic::unwind_safe::AssertUnwindSafe<F> as core::ops::function::FnOnce<()>>::call_once::h76c106ea31c14d7b
[INFO] [stdout]                                at /rustc/82e1608dfa6e0b5569232559e3d385fea5a93112/library/core/src/panic/unwind_safe.rs:272:9
[INFO] [stdout]   27:     0x55ae3379ea95 - std::panicking::try::do_call::h3bd5d0f6620ee946
[INFO] [stdout]                                at /rustc/82e1608dfa6e0b5569232559e3d385fea5a93112/library/std/src/panicking.rs:552:40
[INFO] [stdout]   28:     0x55ae3379ea95 - std::panicking::try::h232e535e4744fe31
[INFO] [stdout]                                at /rustc/82e1608dfa6e0b5569232559e3d385fea5a93112/library/std/src/panicking.rs:516:19
[INFO] [stdout]   29:     0x55ae3379ea95 - std::panic::catch_unwind::h3ce3bd6ca8dbac68
[INFO] [stdout]                                at /rustc/82e1608dfa6e0b5569232559e3d385fea5a93112/library/std/src/panic.rs:142:14
[INFO] [stdout]   30:     0x55ae3379ea95 - test::run_test_in_process::hc97b257c9621286a
[INFO] [stdout]                                at /rustc/82e1608dfa6e0b5569232559e3d385fea5a93112/library/test/src/lib.rs:651:27
[INFO] [stdout]   31:     0x55ae3379ea95 - test::run_test::{{closure}}::h2aa798823a438d38
[INFO] [stdout]                                at /rustc/82e1608dfa6e0b5569232559e3d385fea5a93112/library/test/src/lib.rs:574:43
[INFO] [stdout]   32:     0x55ae33766d56 - test::run_test::{{closure}}::h87d231c78fb59832
[INFO] [stdout]                                at /rustc/82e1608dfa6e0b5569232559e3d385fea5a93112/library/test/src/lib.rs:602:41
[INFO] [stdout]   33:     0x55ae33766d56 - std::sys_common::backtrace::__rust_begin_short_backtrace::he6df152596625789
[INFO] [stdout]                                at /rustc/82e1608dfa6e0b5569232559e3d385fea5a93112/library/std/src/sys_common/backtrace.rs:154:18
[INFO] [stdout]   34:     0x55ae3376be07 - std::thread::Builder::spawn_unchecked_::{{closure}}::{{closure}}::ha94be15d1e0acf36
[INFO] [stdout]                                at /rustc/82e1608dfa6e0b5569232559e3d385fea5a93112/library/std/src/thread/mod.rs:529:17
[INFO] [stdout]   35:     0x55ae3376be07 - <core::panic::unwind_safe::AssertUnwindSafe<F> as core::ops::function::FnOnce<()>>::call_once::h9dc6bd6372f16606
[INFO] [stdout]                                at /rustc/82e1608dfa6e0b5569232559e3d385fea5a93112/library/core/src/panic/unwind_safe.rs:272:9
[INFO] [stdout]   36:     0x55ae3376be07 - std::panicking::try::do_call::h9057517f80303cd4
[INFO] [stdout]                                at /rustc/82e1608dfa6e0b5569232559e3d385fea5a93112/library/std/src/panicking.rs:552:40
[INFO] [stdout]   37:     0x55ae3376be07 - std::panicking::try::he3a30b11ee45340c
[INFO] [stdout]                                at /rustc/82e1608dfa6e0b5569232559e3d385fea5a93112/library/std/src/panicking.rs:516:19
[INFO] [stdout]   38:     0x55ae3376be07 - std::panic::catch_unwind::h410458cfd3528b8b
[INFO] [stdout]                                at /rustc/82e1608dfa6e0b5569232559e3d385fea5a93112/library/std/src/panic.rs:142:14
[INFO] [stdout]   39:     0x55ae3376be07 - std::thread::Builder::spawn_unchecked_::{{closure}}::h72ac3bdb567b737b
[INFO] [stdout]                                at /rustc/82e1608dfa6e0b5569232559e3d385fea5a93112/library/std/src/thread/mod.rs:528:30
[INFO] [stdout]   40:     0x55ae3376be07 - core::ops::function::FnOnce::call_once{{vtable.shim}}::h38f34da3654a8344
[INFO] [stdout]                                at /rustc/82e1608dfa6e0b5569232559e3d385fea5a93112/library/core/src/ops/function.rs:250:5
[INFO] [stdout]   41:     0x55ae337f9735 - <alloc::boxed::Box<F,A> as core::ops::function::FnOnce<Args>>::call_once::hc7eafaff61e32df9
[INFO] [stdout]                                at /rustc/82e1608dfa6e0b5569232559e3d385fea5a93112/library/alloc/src/boxed.rs:2007:9
[INFO] [stdout]   42:     0x55ae337f9735 - <alloc::boxed::Box<F,A> as core::ops::function::FnOnce<Args>>::call_once::h6ba4a5de48dd2304
[INFO] [stdout]                                at /rustc/82e1608dfa6e0b5569232559e3d385fea5a93112/library/alloc/src/boxed.rs:2007:9
[INFO] [stdout]   43:     0x55ae337f9735 - std::sys::unix::thread::Thread::new::thread_start::he469335aef763e45
[INFO] [stdout]                                at /rustc/82e1608dfa6e0b5569232559e3d385fea5a93112/library/std/src/sys/unix/thread.rs:108:17
[INFO] [stdout]   44:     0x7f0386773ac3 - <unknown>
[INFO] [stdout]   45:     0x7f0386804bf4 - __clone
[INFO] [stdout]   46:                0x0 - <unknown>
[INFO] [stdout] 
[INFO] [stdout] ---- agent::tests::test_run stdout ----
[INFO] [stdout] thread 'agent::tests::test_run' panicked at src/agent.rs:76:31:
[INFO] [stdout] An error occurred when creating the datalink channel: No such device (os error 19)
[INFO] [stdout] stack backtrace:
[INFO] [stdout]    0:     0x55ae337f2bdc - std::backtrace_rs::backtrace::libunwind::trace::ha637c64ce894333a
[INFO] [stdout]                                at /rustc/82e1608dfa6e0b5569232559e3d385fea5a93112/library/std/src/../../backtrace/src/backtrace/libunwind.rs:104:5
[INFO] [stdout]    1:     0x55ae337f2bdc - std::backtrace_rs::backtrace::trace_unsynchronized::h47f62dea28e0c88d
[INFO] [stdout]                                at /rustc/82e1608dfa6e0b5569232559e3d385fea5a93112/library/std/src/../../backtrace/src/backtrace/mod.rs:66:5
[INFO] [stdout]    2:     0x55ae337f2bdc - std::sys_common::backtrace::_print_fmt::h9eef0abe20ede486
[INFO] [stdout]                                at /rustc/82e1608dfa6e0b5569232559e3d385fea5a93112/library/std/src/sys_common/backtrace.rs:67:5
[INFO] [stdout]    3:     0x55ae337f2bdc - <std::sys_common::backtrace::_print::DisplayBacktrace as core::fmt::Display>::fmt::hed7f999df88cc644
[INFO] [stdout]                                at /rustc/82e1608dfa6e0b5569232559e3d385fea5a93112/library/std/src/sys_common/backtrace.rs:44:22
[INFO] [stdout]    4:     0x55ae3381ecc0 - core::fmt::rt::Argument::fmt::h1539a9308b8d058d
[INFO] [stdout]                                at /rustc/82e1608dfa6e0b5569232559e3d385fea5a93112/library/core/src/fmt/rt.rs:142:9
[INFO] [stdout]    5:     0x55ae3381ecc0 - core::fmt::write::h3a39390d8560d9c9
[INFO] [stdout]                                at /rustc/82e1608dfa6e0b5569232559e3d385fea5a93112/library/core/src/fmt/mod.rs:1120:17
[INFO] [stdout]    6:     0x55ae337f058f - std::io::Write::write_fmt::h040b369f3a0f9cbc
[INFO] [stdout]                                at /rustc/82e1608dfa6e0b5569232559e3d385fea5a93112/library/std/src/io/mod.rs:1762:15
[INFO] [stdout]    7:     0x55ae337f29c4 - std::sys_common::backtrace::_print::h894006fb5c6f3d45
[INFO] [stdout]                                at /rustc/82e1608dfa6e0b5569232559e3d385fea5a93112/library/std/src/sys_common/backtrace.rs:47:5
[INFO] [stdout]    8:     0x55ae337f29c4 - std::sys_common::backtrace::print::h23a2d212c6fff936
[INFO] [stdout]                                at /rustc/82e1608dfa6e0b5569232559e3d385fea5a93112/library/std/src/sys_common/backtrace.rs:34:9
[INFO] [stdout]    9:     0x55ae337f4687 - std::panicking::default_hook::{{closure}}::h8a1d2ee00185001a
[INFO] [stdout]   10:     0x55ae337f4373 - std::panicking::default_hook::h6038f2eba384e475
[INFO] [stdout]                                at /rustc/82e1608dfa6e0b5569232559e3d385fea5a93112/library/std/src/panicking.rs:289:9
[INFO] [stdout]   11:     0x55ae3379a427 - <alloc::boxed::Box<F,A> as core::ops::function::Fn<Args>>::call::h0ad024c9bdc6d768
[INFO] [stdout]                                at /rustc/82e1608dfa6e0b5569232559e3d385fea5a93112/library/alloc/src/boxed.rs:2021:9
[INFO] [stdout]   12:     0x55ae3379a427 - test::test_main::{{closure}}::h7500b54257359db6
[INFO] [stdout]                                at /rustc/82e1608dfa6e0b5569232559e3d385fea5a93112/library/test/src/lib.rs:138:21
[INFO] [stdout]   13:     0x55ae337f4c98 - <alloc::boxed::Box<F,A> as core::ops::function::Fn<Args>>::call::h1f8f335eaa9cfaee
[INFO] [stdout]                                at /rustc/82e1608dfa6e0b5569232559e3d385fea5a93112/library/alloc/src/boxed.rs:2021:9
[INFO] [stdout]   14:     0x55ae337f4c98 - std::panicking::rust_panic_with_hook::h2b5517d590cab22e
[INFO] [stdout]                                at /rustc/82e1608dfa6e0b5569232559e3d385fea5a93112/library/std/src/panicking.rs:783:13
[INFO] [stdout]   15:     0x55ae337f49ee - std::panicking::begin_panic_handler::{{closure}}::h233112c06e0ef43e
[INFO] [stdout]                                at /rustc/82e1608dfa6e0b5569232559e3d385fea5a93112/library/std/src/panicking.rs:657:13
[INFO] [stdout]   16:     0x55ae337f30a6 - std::sys_common::backtrace::__rust_end_short_backtrace::h6e893f24d7ebbff8
[INFO] [stdout]                                at /rustc/82e1608dfa6e0b5569232559e3d385fea5a93112/library/std/src/sys_common/backtrace.rs:170:18
[INFO] [stdout]   17:     0x55ae337f4752 - rust_begin_unwind
[INFO] [stdout]                                at /rustc/82e1608dfa6e0b5569232559e3d385fea5a93112/library/std/src/panicking.rs:645:5
[INFO] [stdout]   18:     0x55ae3372fd55 - core::panicking::panic_fmt::hbf0e066aabfa482c
[INFO] [stdout]                                at /rustc/82e1608dfa6e0b5569232559e3d385fea5a93112/library/core/src/panicking.rs:72:14
[INFO] [stdout]   19:     0x55ae3373761f - lldp_rs::agent::LLDPAgent::new::h1451a3f863962502
[INFO] [stdout]                                at /opt/rustwide/workdir/src/agent.rs:76:31
[INFO] [stdout]   20:     0x55ae3375bd41 - lldp_rs::agent::tests::test_run::h0b28736291d36fac
[INFO] [stdout]                                at /opt/rustwide/workdir/src/agent.rs:343:21
[INFO] [stdout]   21:     0x55ae3375ba97 - lldp_rs::agent::tests::test_run::{{closure}}::heb3302ba2140c758
[INFO] [stdout]                                at /opt/rustwide/workdir/src/agent.rs:317:18
[INFO] [stdout]   22:     0x55ae33742c36 - core::ops::function::FnOnce::call_once::h75a639f84945f160
[INFO] [stdout]                                at /rustc/82e1608dfa6e0b5569232559e3d385fea5a93112/library/core/src/ops/function.rs:250:5
[INFO] [stdout]   23:     0x55ae3379fa7f - core::ops::function::FnOnce::call_once::h2b5d431d5046312d
[INFO] [stdout]                                at /rustc/82e1608dfa6e0b5569232559e3d385fea5a93112/library/core/src/ops/function.rs:250:5
[INFO] [stdout]   24:     0x55ae3379fa7f - test::__rust_begin_short_backtrace::h7714669af176e207
[INFO] [stdout]                                at /rustc/82e1608dfa6e0b5569232559e3d385fea5a93112/library/test/src/lib.rs:628:18
[INFO] [stdout]   25:     0x55ae3379ea95 - test::run_test_in_process::{{closure}}::h85218797dcbcec12
[INFO] [stdout]                                at /rustc/82e1608dfa6e0b5569232559e3d385fea5a93112/library/test/src/lib.rs:651:60
[INFO] [stdout]   26:     0x55ae3379ea95 - <core::panic::unwind_safe::AssertUnwindSafe<F> as core::ops::function::FnOnce<()>>::call_once::h76c106ea31c14d7b
[INFO] [stdout]                                at /rustc/82e1608dfa6e0b5569232559e3d385fea5a93112/library/core/src/panic/unwind_safe.rs:272:9
[INFO] [stdout]   27:     0x55ae3379ea95 - std::panicking::try::do_call::h3bd5d0f6620ee946
[INFO] [stdout]                                at /rustc/82e1608dfa6e0b5569232559e3d385fea5a93112/library/std/src/panicking.rs:552:40
[INFO] [stdout]   28:     0x55ae3379ea95 - std::panicking::try::h232e535e4744fe31
[INFO] [stdout]                                at /rustc/82e1608dfa6e0b5569232559e3d385fea5a93112/library/std/src/panicking.rs:516:19
[INFO] [stdout]   29:     0x55ae3379ea95 - std::panic::catch_unwind::h3ce3bd6ca8dbac68
[INFO] [stdout]                                at /rustc/82e1608dfa6e0b5569232559e3d385fea5a93112/library/std/src/panic.rs:142:14
[INFO] [stdout]   30:     0x55ae3379ea95 - test::run_test_in_process::hc97b257c9621286a
[INFO] [stdout]                                at /rustc/82e1608dfa6e0b5569232559e3d385fea5a93112/library/test/src/lib.rs:651:27
[INFO] [stdout]   31:     0x55ae3379ea95 - test::run_test::{{closure}}::h2aa798823a438d38
[INFO] [stdout]                                at /rustc/82e1608dfa6e0b5569232559e3d385fea5a93112/library/test/src/lib.rs:574:43
[INFO] [stdout]   32:     0x55ae33766d56 - test::run_test::{{closure}}::h87d231c78fb59832
[INFO] [stdout]                                at /rustc/82e1608dfa6e0b5569232559e3d385fea5a93112/library/test/src/lib.rs:602:41
[INFO] [stdout]   33:     0x55ae33766d56 - std::sys_common::backtrace::__rust_begin_short_backtrace::he6df152596625789
[INFO] [stdout]                                at /rustc/82e1608dfa6e0b5569232559e3d385fea5a93112/library/std/src/sys_common/backtrace.rs:154:18
[INFO] [stdout]   34:     0x55ae3376be07 - std::thread::Builder::spawn_unchecked_::{{closure}}::{{closure}}::ha94be15d1e0acf36
[INFO] [stdout]                                at /rustc/82e1608dfa6e0b5569232559e3d385fea5a93112/library/std/src/thread/mod.rs:529:17
[INFO] [stdout]   35:     0x55ae3376be07 - <core::panic::unwind_safe::AssertUnwindSafe<F> as core::ops::function::FnOnce<()>>::call_once::h9dc6bd6372f16606
[INFO] [stdout]                                at /rustc/82e1608dfa6e0b5569232559e3d385fea5a93112/library/core/src/panic/unwind_safe.rs:272:9
[INFO] [stdout]   36:     0x55ae3376be07 - std::panicking::try::do_call::h9057517f80303cd4
[INFO] [stdout]                                at /rustc/82e1608dfa6e0b5569232559e3d385fea5a93112/library/std/src/panicking.rs:552:40
[INFO] [stdout]   37:     0x55ae3376be07 - std::panicking::try::he3a30b11ee45340c
[INFO] [stdout]                                at /rustc/82e1608dfa6e0b5569232559e3d385fea5a93112/library/std/src/panicking.rs:516:19
[INFO] [stdout]   38:     0x55ae3376be07 - std::panic::catch_unwind::h410458cfd3528b8b
[INFO] [stdout]                                at /rustc/82e1608dfa6e0b5569232559e3d385fea5a93112/library/std/src/panic.rs:142:14
[INFO] [stdout]   39:     0x55ae3376be07 - std::thread::Builder::spawn_unchecked_::{{closure}}::h72ac3bdb567b737b
[INFO] [stdout]                                at /rustc/82e1608dfa6e0b5569232559e3d385fea5a93112/library/std/src/thread/mod.rs:528:30
[INFO] [stdout]   40:     0x55ae3376be07 - core::ops::function::FnOnce::call_once{{vtable.shim}}::h38f34da3654a8344
[INFO] [stdout]                                at /rustc/82e1608dfa6e0b5569232559e3d385fea5a93112/library/core/src/ops/function.rs:250:5
[INFO] [stdout]   41:     0x55ae337f9735 - <alloc::boxed::Box<F,A> as core::ops::function::FnOnce<Args>>::call_once::hc7eafaff61e32df9
[INFO] [stdout]                                at /rustc/82e1608dfa6e0b5569232559e3d385fea5a93112/library/alloc/src/boxed.rs:2007:9
[INFO] [stdout]   42:     0x55ae337f9735 - <alloc::boxed::Box<F,A> as core::ops::function::FnOnce<Args>>::call_once::h6ba4a5de48dd2304
[INFO] [stdout]                                at /rustc/82e1608dfa6e0b5569232559e3d385fea5a93112/library/alloc/src/boxed.rs:2007:9
[INFO] [stdout]   43:     0x55ae337f9735 - std::sys::unix::thread::Thread::new::thread_start::he469335aef763e45
[INFO] [stdout]                                at /rustc/82e1608dfa6e0b5569232559e3d385fea5a93112/library/std/src/sys/unix/thread.rs:108:17
[INFO] [stdout]   44:     0x7f0386773ac3 - <unknown>
[INFO] [stdout]   45:     0x7f0386804bf4 - __clone
[INFO] [stdout]   46:                0x0 - <unknown>
[INFO] [stdout] 
[INFO] [stdout] 
[INFO] [stdout] failures:
[INFO] [stdout]     agent::tests::test_run
[INFO] [stdout]     agent::tests::test_socket_bind
[INFO] [stdout] 
[INFO] [stdout] test result: FAILED. 114 passed; 2 failed; 0 ignored; 0 measured; 0 filtered out; finished in 0.20s
[INFO] [stdout] 
[INFO] [stderr] error: test failed, to rerun pass `--bin lldp-rs`
[INFO] running `Command { std: "docker" "inspect" "e3b2028057e0da8979149b50af4d1393e75e3c56d293cd0b272a112c9b44880b", kill_on_drop: false }`
[INFO] running `Command { std: "docker" "rm" "-f" "e3b2028057e0da8979149b50af4d1393e75e3c56d293cd0b272a112c9b44880b", kill_on_drop: false }`
[INFO] [stdout] e3b2028057e0da8979149b50af4d1393e75e3c56d293cd0b272a112c9b44880b
