[INFO] cloning repository https://github.com/abdulhaseeb13mar/messiToken-scrypto
[INFO] running `Command { std: "git" "-c" "credential.helper=" "-c" "credential.helper=/workspace/cargo-home/bin/git-credential-null" "clone" "--bare" "https://github.com/abdulhaseeb13mar/messiToken-scrypto" "/workspace/cache/git-repos/https%3A%2F%2Fgithub.com%2Fabdulhaseeb13mar%2FmessiToken-scrypto", kill_on_drop: false }`
[INFO] [stderr] Cloning into bare repository '/workspace/cache/git-repos/https%3A%2F%2Fgithub.com%2Fabdulhaseeb13mar%2FmessiToken-scrypto'...
[INFO] running `Command { std: "git" "rev-parse" "HEAD", kill_on_drop: false }`
[INFO] [stdout] cd0a90feb47b6ae1c4e8a93cae61eadaa8f0bd41
[INFO] testing abdulhaseeb13mar/messiToken-scrypto against 1.75.0 for beta-1.76-1
[INFO] running `Command { std: "git" "clone" "/workspace/cache/git-repos/https%3A%2F%2Fgithub.com%2Fabdulhaseeb13mar%2FmessiToken-scrypto" "/workspace/builds/worker-0-tc1/source", kill_on_drop: false }`
[INFO] [stderr] Cloning into '/workspace/builds/worker-0-tc1/source'...
[INFO] [stderr] done.
[INFO] validating manifest of git repo https://github.com/abdulhaseeb13mar/messiToken-scrypto on toolchain 1.75.0
[INFO] running `Command { std: CARGO_HOME="/workspace/cargo-home" RUSTUP_HOME="/workspace/rustup-home" "/workspace/cargo-home/bin/cargo" "+1.75.0" "metadata" "--manifest-path" "Cargo.toml" "--no-deps", kill_on_drop: false }`
[INFO] started tweaking git repo https://github.com/abdulhaseeb13mar/messiToken-scrypto
[INFO] finished tweaking git repo https://github.com/abdulhaseeb13mar/messiToken-scrypto
[INFO] tweaked toml for git repo https://github.com/abdulhaseeb13mar/messiToken-scrypto written to /workspace/builds/worker-0-tc1/source/Cargo.toml
[INFO] crate git repo https://github.com/abdulhaseeb13mar/messiToken-scrypto already has a lockfile, it will not be regenerated
[INFO] running `Command { std: CARGO_HOME="/workspace/cargo-home" RUSTUP_HOME="/workspace/rustup-home" "/workspace/cargo-home/bin/cargo" "+1.75.0" "fetch" "--manifest-path" "Cargo.toml", kill_on_drop: false }`
[INFO] [stderr]     Updating git repository `https://github.com/radixdlt/radixdlt-scrypto`
[INFO] [stderr]     Updating git repository `https://github.com/radixdlt/elliptic-curves`
[INFO] [stderr]     Updating git repository `https://github.com/bluss/indexmap`
[INFO] [stderr]     Updating git repository `https://github.com/radixdlt/wasmi`
[INFO] [stderr]     Updating git submodule `https://github.com/robbepop/wasm_kernel.git`
[INFO] [stderr]     Updating git submodule `https://github.com/WebAssembly/testsuite.git`
[INFO] [stderr]     Updating git submodule `https://github.com/WebAssembly/testsuite.git`
[INFO] running `Command { std: "docker" "create" "-v" "/var/lib/crater-agent-workspace/builds/worker-0-tc1/target:/opt/rustwide/target:rw,Z" "-v" "/var/lib/crater-agent-workspace/builds/worker-0-tc1/source:/opt/rustwide/workdir:ro,Z" "-v" "/var/lib/crater-agent-workspace/cargo-home:/opt/rustwide/cargo-home:ro,Z" "-v" "/var/lib/crater-agent-workspace/rustup-home:/opt/rustwide/rustup-home:ro,Z" "-e" "SOURCE_DIR=/opt/rustwide/workdir" "-e" "CARGO_TARGET_DIR=/opt/rustwide/target" "-e" "CARGO_HOME=/opt/rustwide/cargo-home" "-e" "RUSTUP_HOME=/opt/rustwide/rustup-home" "-w" "/opt/rustwide/workdir" "-m" "1610612736" "--user" "0:0" "--network" "none" "ghcr.io/rust-lang/crates-build-env/linux@sha256:2788e3201cd34a07e3172128adcd8b3090168a8e3bcc40d7c032b9dda1df7d1c" "/opt/rustwide/cargo-home/bin/cargo" "+1.75.0" "metadata" "--no-deps" "--format-version=1", kill_on_drop: false }`
[INFO] [stdout] 0f344c363425381224553ed8e25f7eab69e6b9747e744c368907dbedd5bf087c
[INFO] running `Command { std: "docker" "start" "-a" "0f344c363425381224553ed8e25f7eab69e6b9747e744c368907dbedd5bf087c", kill_on_drop: false }`
[INFO] running `Command { std: "docker" "inspect" "0f344c363425381224553ed8e25f7eab69e6b9747e744c368907dbedd5bf087c", kill_on_drop: false }`
[INFO] running `Command { std: "docker" "rm" "-f" "0f344c363425381224553ed8e25f7eab69e6b9747e744c368907dbedd5bf087c", kill_on_drop: false }`
[INFO] [stdout] 0f344c363425381224553ed8e25f7eab69e6b9747e744c368907dbedd5bf087c
[INFO] running `Command { std: "docker" "create" "-v" "/var/lib/crater-agent-workspace/builds/worker-0-tc1/target:/opt/rustwide/target:rw,Z" "-v" "/var/lib/crater-agent-workspace/builds/worker-0-tc1/source:/opt/rustwide/workdir:ro,Z" "-v" "/var/lib/crater-agent-workspace/cargo-home:/opt/rustwide/cargo-home:ro,Z" "-v" "/var/lib/crater-agent-workspace/rustup-home:/opt/rustwide/rustup-home:ro,Z" "-e" "SOURCE_DIR=/opt/rustwide/workdir" "-e" "CARGO_TARGET_DIR=/opt/rustwide/target" "-e" "CARGO_INCREMENTAL=0" "-e" "RUST_BACKTRACE=full" "-e" "RUSTFLAGS=--cap-lints=warn" "-e" "RUSTDOCFLAGS=--cap-lints=warn" "-e" "CARGO_HOME=/opt/rustwide/cargo-home" "-e" "RUSTUP_HOME=/opt/rustwide/rustup-home" "-w" "/opt/rustwide/workdir" "-m" "1610612736" "--user" "0:0" "--network" "none" "ghcr.io/rust-lang/crates-build-env/linux@sha256:2788e3201cd34a07e3172128adcd8b3090168a8e3bcc40d7c032b9dda1df7d1c" "/opt/rustwide/cargo-home/bin/cargo" "+1.75.0" "build" "--frozen" "--message-format=json", kill_on_drop: false }`
[INFO] [stdout] aac19f90c17a49b86999d82762bc214fb2d6efeb98d74e51aa4efbd343c89e7b
[INFO] running `Command { std: "docker" "start" "-a" "aac19f90c17a49b86999d82762bc214fb2d6efeb98d74e51aa4efbd343c89e7b", kill_on_drop: false }`
[INFO] [stderr]    Compiling version_check v0.9.4
[INFO] [stderr]    Compiling typenum v1.15.0
[INFO] [stderr]    Compiling proc-macro2 v1.0.40
[INFO] [stderr]    Compiling unicode-ident v1.0.2
[INFO] [stderr]    Compiling quote v1.0.20
[INFO] [stderr]    Compiling syn v1.0.98
[INFO] [stderr]    Compiling subtle v2.4.1
[INFO] [stderr]    Compiling libc v0.2.126
[INFO] [stderr]    Compiling serde_derive v1.0.139
[INFO] [stderr]    Compiling autocfg v1.1.0
[INFO] [stderr]    Compiling rand_core v0.6.3
[INFO] [stderr]    Compiling serde v1.0.139
[INFO] [stderr]    Compiling zeroize v1.5.6
[INFO] [stderr]    Compiling const-oid v0.7.1
[INFO] [stderr]    Compiling base16ct v0.1.1
[INFO] [stderr]    Compiling serde_json v1.0.82
[INFO] [stderr]    Compiling der v0.5.1
[INFO] [stderr]    Compiling ff v0.11.1
[INFO] [stderr]    Compiling itoa v1.0.2
[INFO] [stderr]    Compiling opaque-debug v0.3.0
[INFO] [stderr]    Compiling group v0.11.0
[INFO] [stderr]    Compiling ryu v1.0.10
[INFO] [stderr]    Compiling cpufeatures v0.2.2
[INFO] [stderr]    Compiling keccak v0.1.2
[INFO] [stderr]    Compiling hex v0.4.3
[INFO] [stderr]    Compiling generic-array v0.14.5
[INFO] [stderr]    Compiling num-traits v0.2.15
[INFO] [stderr]    Compiling num-integer v0.1.45
[INFO] [stderr]    Compiling num-bigint v0.4.3
[INFO] [stderr]    Compiling getrandom v0.2.7
[INFO] [stderr]    Compiling uuid v0.8.2
[INFO] [stderr]    Compiling digest v0.9.0
[INFO] [stderr]    Compiling crypto-mac v0.11.1
[INFO] [stderr]    Compiling crypto-bigint v0.3.2
[INFO] [stderr]    Compiling sec1 v0.2.1
[INFO] [stderr]    Compiling block-buffer v0.10.2
[INFO] [stderr]    Compiling block-buffer v0.9.0
[INFO] [stderr]    Compiling crypto-common v0.1.6
[INFO] [stderr]    Compiling signature v1.4.0
[INFO] [stderr]    Compiling hmac v0.11.0
[INFO] [stderr]    Compiling sha2 v0.9.9
[INFO] [stderr]    Compiling digest v0.10.3
[INFO] [stderr]    Compiling sha3 v0.10.1
[INFO] [stderr]    Compiling elliptic-curve v0.11.12
[INFO] [stderr]    Compiling rfc6979 v0.1.0
[INFO] [stderr]    Compiling ecdsa v0.13.4
[INFO] [stderr]    Compiling p256 v0.10.1 (https://github.com/radixdlt/elliptic-curves?branch=alloc#e747aa3e)
[INFO] [stderr]    Compiling toml v0.5.9
[INFO] [stderr]    Compiling sbor-derive v0.4.1 (https://github.com/radixdlt/radixdlt-scrypto?tag=v0.4.1#8c176b71)
[INFO] [stderr]    Compiling sbor v0.4.1 (https://github.com/radixdlt/radixdlt-scrypto?tag=v0.4.1#8c176b71)
[INFO] [stderr]    Compiling scrypto-abi v0.4.1 (https://github.com/radixdlt/radixdlt-scrypto?tag=v0.4.1#8c176b71)
[INFO] [stderr]    Compiling cargo_toml v0.10.3
[INFO] [stderr]    Compiling scrypto-derive v0.4.1 (https://github.com/radixdlt/radixdlt-scrypto?tag=v0.4.1#8c176b71)
[INFO] [stderr]    Compiling scrypto v0.4.1 (https://github.com/radixdlt/radixdlt-scrypto?tag=v0.4.1#8c176b71)
[INFO] [stderr]    Compiling messi-token v0.1.0 (/opt/rustwide/workdir)
[INFO] [stderr]     Finished dev [unoptimized + debuginfo] target(s) in 10.57s
[INFO] running `Command { std: "docker" "inspect" "aac19f90c17a49b86999d82762bc214fb2d6efeb98d74e51aa4efbd343c89e7b", kill_on_drop: false }`
[INFO] running `Command { std: "docker" "rm" "-f" "aac19f90c17a49b86999d82762bc214fb2d6efeb98d74e51aa4efbd343c89e7b", kill_on_drop: false }`
[INFO] [stdout] aac19f90c17a49b86999d82762bc214fb2d6efeb98d74e51aa4efbd343c89e7b
[INFO] running `Command { std: "docker" "create" "-v" "/var/lib/crater-agent-workspace/builds/worker-0-tc1/target:/opt/rustwide/target:rw,Z" "-v" "/var/lib/crater-agent-workspace/builds/worker-0-tc1/source:/opt/rustwide/workdir:ro,Z" "-v" "/var/lib/crater-agent-workspace/cargo-home:/opt/rustwide/cargo-home:ro,Z" "-v" "/var/lib/crater-agent-workspace/rustup-home:/opt/rustwide/rustup-home:ro,Z" "-e" "SOURCE_DIR=/opt/rustwide/workdir" "-e" "CARGO_TARGET_DIR=/opt/rustwide/target" "-e" "CARGO_INCREMENTAL=0" "-e" "RUST_BACKTRACE=full" "-e" "RUSTFLAGS=--cap-lints=warn" "-e" "RUSTDOCFLAGS=--cap-lints=warn" "-e" "CARGO_HOME=/opt/rustwide/cargo-home" "-e" "RUSTUP_HOME=/opt/rustwide/rustup-home" "-w" "/opt/rustwide/workdir" "-m" "1610612736" "--user" "0:0" "--network" "none" "ghcr.io/rust-lang/crates-build-env/linux@sha256:2788e3201cd34a07e3172128adcd8b3090168a8e3bcc40d7c032b9dda1df7d1c" "/opt/rustwide/cargo-home/bin/cargo" "+1.75.0" "test" "--frozen" "--no-run" "--message-format=json", kill_on_drop: false }`
[INFO] [stdout] 08a922315221121b0981243ebce0579f9ad71f75af8b709d2e95f0f37c2dfff9
[INFO] running `Command { std: "docker" "start" "-a" "08a922315221121b0981243ebce0579f9ad71f75af8b709d2e95f0f37c2dfff9", kill_on_drop: false }`
[INFO] [stderr]    Compiling libc v0.2.126
[INFO] [stderr]    Compiling ahash v0.7.6
[INFO] [stderr]    Compiling num-rational v0.4.1
[INFO] [stderr]    Compiling libm v0.2.2
[INFO] [stderr]    Compiling once_cell v1.13.0
[INFO] [stderr]    Compiling parity-wasm v0.42.2
[INFO] [stderr]    Compiling indexmap v1.8.1 (https://github.com/bluss/indexmap?tag=1.8.1#275379c4)
[INFO] [stderr]    Compiling memory_units v0.4.0
[INFO] [stderr]    Compiling downcast-rs v1.2.0
[INFO] [stderr]    Compiling lazy_static v1.4.0
[INFO] [stderr]    Compiling bencher v0.1.5
[INFO] [stderr]    Compiling getrandom v0.2.7
[INFO] [stderr]    Compiling atty v0.2.14
[INFO] [stderr]    Compiling colored v2.0.0
[INFO] [stderr]    Compiling uuid v0.8.2
[INFO] [stderr]    Compiling hashbrown v0.11.2
[INFO] [stderr]    Compiling sbor-derive v0.4.1 (https://github.com/radixdlt/radixdlt-scrypto?tag=v0.4.1#8c176b71)
[INFO] [stderr]    Compiling wasmi-validation v0.4.1 (https://github.com/radixdlt/wasmi?branch=expose-exports#e331fa3d)
[INFO] [stderr]    Compiling wasmi_core v0.1.0 (https://github.com/radixdlt/wasmi?branch=expose-exports#e331fa3d)
[INFO] [stderr]    Compiling lru v0.7.7
[INFO] [stderr]    Compiling wasmi v0.11.0 (https://github.com/radixdlt/wasmi?branch=expose-exports#e331fa3d)
[INFO] [stderr]    Compiling sbor v0.4.1 (https://github.com/radixdlt/radixdlt-scrypto?tag=v0.4.1#8c176b71)
[INFO] [stderr]    Compiling scrypto-abi v0.4.1 (https://github.com/radixdlt/radixdlt-scrypto?tag=v0.4.1#8c176b71)
[INFO] [stderr]    Compiling scrypto-derive v0.4.1 (https://github.com/radixdlt/radixdlt-scrypto?tag=v0.4.1#8c176b71)
[INFO] [stderr]    Compiling scrypto v0.4.1 (https://github.com/radixdlt/radixdlt-scrypto?tag=v0.4.1#8c176b71)
[INFO] [stderr]    Compiling radix-engine v0.4.1 (https://github.com/radixdlt/radixdlt-scrypto?tag=v0.4.1#8c176b71)
[INFO] [stderr]    Compiling messi-token v0.1.0 (/opt/rustwide/workdir)
[INFO] [stderr]     Finished test [unoptimized + debuginfo] target(s) in 7.38s
[INFO] running `Command { std: "docker" "inspect" "08a922315221121b0981243ebce0579f9ad71f75af8b709d2e95f0f37c2dfff9", kill_on_drop: false }`
[INFO] running `Command { std: "docker" "rm" "-f" "08a922315221121b0981243ebce0579f9ad71f75af8b709d2e95f0f37c2dfff9", kill_on_drop: false }`
[INFO] [stdout] 08a922315221121b0981243ebce0579f9ad71f75af8b709d2e95f0f37c2dfff9
[INFO] running `Command { std: "docker" "create" "-v" "/var/lib/crater-agent-workspace/builds/worker-0-tc1/target:/opt/rustwide/target:rw,Z" "-v" "/var/lib/crater-agent-workspace/builds/worker-0-tc1/source:/opt/rustwide/workdir:ro,Z" "-v" "/var/lib/crater-agent-workspace/cargo-home:/opt/rustwide/cargo-home:ro,Z" "-v" "/var/lib/crater-agent-workspace/rustup-home:/opt/rustwide/rustup-home:ro,Z" "-e" "SOURCE_DIR=/opt/rustwide/workdir" "-e" "CARGO_TARGET_DIR=/opt/rustwide/target" "-e" "CARGO_INCREMENTAL=0" "-e" "RUST_BACKTRACE=full" "-e" "RUSTFLAGS=--cap-lints=warn" "-e" "RUSTDOCFLAGS=--cap-lints=warn" "-e" "CARGO_HOME=/opt/rustwide/cargo-home" "-e" "RUSTUP_HOME=/opt/rustwide/rustup-home" "-w" "/opt/rustwide/workdir" "-m" "1610612736" "--user" "0:0" "--network" "none" "ghcr.io/rust-lang/crates-build-env/linux@sha256:2788e3201cd34a07e3172128adcd8b3090168a8e3bcc40d7c032b9dda1df7d1c" "/opt/rustwide/cargo-home/bin/cargo" "+1.75.0" "test" "--frozen", kill_on_drop: false }`
[INFO] [stdout] 0782d4d39642b6324af6d45ad792651ff5dbef1c42528c9427fa4d918c44d507
[INFO] running `Command { std: "docker" "start" "-a" "0782d4d39642b6324af6d45ad792651ff5dbef1c42528c9427fa4d918c44d507", kill_on_drop: false }`
[INFO] [stderr]     Finished test [unoptimized + debuginfo] target(s) in 0.07s
[INFO] [stderr]      Running unittests src/lib.rs (/opt/rustwide/target/debug/deps/messi_token-70df8cef6da5e877)
[INFO] [stdout] 
[INFO] [stdout] running 0 tests
[INFO] [stdout] 
[INFO] [stdout] test result: ok. 0 passed; 0 failed; 0 ignored; 0 measured; 0 filtered out; finished in 0.00s
[INFO] [stdout] 
[INFO] [stderr]      Running tests/lib.rs (/opt/rustwide/target/debug/deps/lib-f6e21ac34abdf8e6)
[INFO] [stdout] 
[INFO] [stdout] running 1 test
[INFO] [stderr]    Compiling typenum v1.15.0
[INFO] [stderr]    Compiling version_check v0.9.4
[INFO] [stderr]    Compiling proc-macro2 v1.0.40
[INFO] [stderr]    Compiling unicode-ident v1.0.2
[INFO] [stderr]    Compiling quote v1.0.20
[INFO] [stderr]    Compiling syn v1.0.98
[INFO] [stderr]    Compiling subtle v2.4.1
[INFO] [stderr]    Compiling libc v0.2.126
[INFO] [stderr]    Compiling autocfg v1.1.0
[INFO] [stderr]    Compiling serde_derive v1.0.139
[INFO] [stderr]    Compiling rand_core v0.6.3
[INFO] [stderr]    Compiling cfg-if v1.0.0
[INFO] [stderr]    Compiling serde v1.0.139
[INFO] [stderr]    Compiling zeroize v1.5.6
[INFO] [stderr]    Compiling const-oid v0.7.1
[INFO] [stderr] error[E0463]: can't find crate for `core`
[INFO] [stderr]   |
[INFO] [stderr]   = note: the `wasm32-unknown-unknown` target may not be installed
[INFO] [stderr]   = help: consider downloading the target with `rustup target add wasm32-unknown-unknown`
[INFO] [stderr] 
[INFO] [stderr] error[E0463]: can't find crate for `compiler_builtins`
[INFO] [stderr] 
[INFO] [stderr] error: cannot find attribute `derive` in this scope
[INFO] [stderr]    --> /opt/rustwide/cargo-home/registry/src/index.crates.io-6f17d22bba15001f/subtle-2.4.1/src/lib.rs:110:3
[INFO] [stderr]     |
[INFO] [stderr] 110 | #[derive(Copy, Clone, Debug)]
[INFO] [stderr]     |   ^^^^^^
[INFO] [stderr] 
[INFO] [stderr] error: cannot find macro `debug_assert` in this scope
[INFO] [stderr]    --> /opt/rustwide/cargo-home/registry/src/index.crates.io-6f17d22bba15001f/subtle-2.4.1/src/lib.rs:145:9
[INFO] [stderr]     |
[INFO] [stderr] 145 |         debug_assert!((source.0 == 0u8) | (source.0 == 1u8));
[INFO] [stderr]     |         ^^^^^^^^^^^^
[INFO] [stderr] 
[INFO] [stderr] error: cannot find macro `debug_assert` in this scope
[INFO] [stderr]    --> /opt/rustwide/cargo-home/registry/src/index.crates.io-6f17d22bba15001f/subtle-2.4.1/src/lib.rs:215:5
[INFO] [stderr]     |
[INFO] [stderr] 215 |     debug_assert!((input == 0u8) | (input == 1u8));
[INFO] [stderr]     |     ^^^^^^^^^^^^
[INFO] [stderr] 
[INFO] [stderr] error: cannot find attribute `derive` in this scope
[INFO] [stderr]    --> /opt/rustwide/cargo-home/registry/src/index.crates.io-6f17d22bba15001f/subtle-2.4.1/src/lib.rs:569:3
[INFO] [stderr]     |
[INFO] [stderr] 569 | #[derive(Clone, Copy, Debug)]
[INFO] [stderr]     |   ^^^^^^
[INFO] [stderr] 
[INFO] [stderr] error: cannot find macro `assert_eq` in this scope
[INFO] [stderr]    --> /opt/rustwide/cargo-home/registry/src/index.crates.io-6f17d22bba15001f/subtle-2.4.1/src/lib.rs:612:9
[INFO] [stderr]     |
[INFO] [stderr] 612 |         assert_eq!(self.is_some.unwrap_u8(), 1);
[INFO] [stderr]     |         ^^^^^^^^^
[INFO] [stderr] 
[INFO] [stderr]    Compiling base16ct v0.1.1
[INFO] [stderr] error[E0405]: cannot find trait `From` in this scope
[INFO] [stderr]    --> /opt/rustwide/cargo-home/registry/src/index.crates.io-6f17d22bba15001f/subtle-2.4.1/src/lib.rs:129:6
[INFO] [stderr]     |
[INFO] [stderr] 129 | impl From<Choice> for bool {
[INFO] [stderr]     |      ^^^^ not found in this scope
[INFO] [stderr] 
[INFO] [stderr] error[E0405]: cannot find trait `From` in this scope
[INFO] [stderr]    --> /opt/rustwide/cargo-home/registry/src/index.crates.io-6f17d22bba15001f/subtle-2.4.1/src/lib.rs:230:6
[INFO] [stderr]     |
[INFO] [stderr] 230 | impl From<u8> for Choice {
[INFO] [stderr]     |      ^^^^ not found in this scope
[INFO] [stderr] 
[INFO] [stderr] error[E0405]: cannot find trait `Copy` in this scope
[INFO] [stderr]    --> /opt/rustwide/cargo-home/registry/src/index.crates.io-6f17d22bba15001f/subtle-2.4.1/src/lib.rs:357:36
[INFO] [stderr]     |
[INFO] [stderr] 357 | pub trait ConditionallySelectable: Copy {
[INFO] [stderr]     |                                    ^^^^ not found in this scope
[INFO] [stderr] 
[INFO] [stderr] error[E0405]: cannot find trait `From` in this scope
[INFO] [stderr]    --> /opt/rustwide/cargo-home/registry/src/index.crates.io-6f17d22bba15001f/subtle-2.4.1/src/lib.rs:575:9
[INFO] [stderr]     |
[INFO] [stderr] 575 | impl<T> From<CtOption<T>> for Option<T> {
[INFO] [stderr]     |         ^^^^ not found in this scope
[INFO] [stderr] 
[INFO] [stderr] error[E0425]: cannot find value `None` in this scope
[INFO] [stderr]    --> /opt/rustwide/cargo-home/registry/src/index.crates.io-6f17d22bba15001f/subtle-2.4.1/src/lib.rs:589:13
[INFO] [stderr]     |
[INFO] [stderr] 589 |             None
[INFO] [stderr]     |             ^^^^ not found in this scope
[INFO] [stderr] 
[INFO] [stderr] error[E0405]: cannot find trait `FnOnce` in this scope
[INFO] [stderr]    --> /opt/rustwide/cargo-home/registry/src/index.crates.io-6f17d22bba15001f/subtle-2.4.1/src/lib.rs:633:12
[INFO] [stderr]     |
[INFO] [stderr] 633 |         F: FnOnce() -> T,
[INFO] [stderr]     |            ^^^^^^ not found in this scope
[INFO] [stderr] 
[INFO] [stderr] error[E0405]: cannot find trait `Default` in this scope
[INFO] [stderr]    --> /opt/rustwide/cargo-home/registry/src/index.crates.io-6f17d22bba15001f/subtle-2.4.1/src/lib.rs:661:12
[INFO] [stderr]     |
[INFO] [stderr] 661 |         T: Default + ConditionallySelectable,
[INFO] [stderr]     |            ^^^^^^^ not found in this scope
[INFO] [stderr] 
[INFO] [stderr] error[E0463]: can't find crate for `core`
[INFO] [stderr]   --> /opt/rustwide/cargo-home/registry/src/index.crates.io-6f17d22bba15001f/rand_core-0.6.3/src/lib.rs:41:5
[INFO] [stderr]    |
[INFO] [stderr] 41 | use core::convert::AsMut;
[INFO] [stderr]    |     ^^^^ can't find crate
[INFO] [stderr]    |
[INFO] [stderr]    = note: the `wasm32-unknown-unknown` target may not be installed
[INFO] [stderr]    = help: consider downloading the target with `rustup target add wasm32-unknown-unknown`
[INFO] [stderr] 
[INFO] [stderr] error[E0463]: can't find crate for `core`
[INFO] [stderr]   --> /opt/rustwide/cargo-home/registry/src/index.crates.io-6f17d22bba15001f/rand_core-0.6.3/src/lib.rs:42:5
[INFO] [stderr]    |
[INFO] [stderr] 42 | use core::default::Default;
[INFO] [stderr]    |     ^^^^ can't find crate
[INFO] [stderr]    |
[INFO] [stderr]    = note: the `wasm32-unknown-unknown` target may not be installed
[INFO] [stderr]    = help: consider downloading the target with `rustup target add wasm32-unknown-unknown`
[INFO] [stderr] 
[INFO] [stderr] error[E0405]: cannot find trait `FnOnce` in this scope
[INFO] [stderr]    --> /opt/rustwide/cargo-home/registry/src/index.crates.io-6f17d22bba15001f/subtle-2.4.1/src/lib.rs:662:12
[INFO] [stderr]     |
[INFO] [stderr] 662 |         F: FnOnce(T) -> U,
[INFO] [stderr]     |            ^^^^^^ not found in this scope
[INFO] [stderr] 
[INFO] [stderr] error[E0405]: cannot find trait `Default` in this scope
[INFO] [stderr]    --> /opt/rustwide/cargo-home/registry/src/index.crates.io-6f17d22bba15001f/subtle-2.4.1/src/lib.rs:684:12
[INFO] [stderr]     |
[INFO] [stderr] 684 |         T: Default + ConditionallySelectable,
[INFO] [stderr]     |            ^^^^^^^ not found in this scope
[INFO] [stderr] 
[INFO] [stderr] error[E0405]: cannot find trait `FnOnce` in this scope
[INFO] [stderr]    --> /opt/rustwide/cargo-home/registry/src/index.crates.io-6f17d22bba15001f/subtle-2.4.1/src/lib.rs:685:12
[INFO] [stderr]     |
[INFO] [stderr] 685 |         F: FnOnce(T) -> CtOption<U>,
[INFO] [stderr]     |            ^^^^^^ not found in this scope
[INFO] [stderr] 
[INFO] [stderr] error[E0405]: cannot find trait `FnOnce` in this scope
[INFO] [stderr]    --> /opt/rustwide/cargo-home/registry/src/index.crates.io-6f17d22bba15001f/subtle-2.4.1/src/lib.rs:703:12
[INFO] [stderr]     |
[INFO] [stderr] 703 |         F: FnOnce() -> CtOption<T>,
[INFO] [stderr]     |            ^^^^^^ not found in this scope
[INFO] [stderr] 
[INFO] [stderr] error[E0463]: can't find crate for `core`
[INFO] [stderr]   --> /opt/rustwide/cargo-home/registry/src/index.crates.io-6f17d22bba15001f/rand_core-0.6.3/src/error.rs:11:5
[INFO] [stderr]    |
[INFO] [stderr] 11 | use core::fmt;
[INFO] [stderr]    |     ^^^^ can't find crate
[INFO] [stderr]    |
[INFO] [stderr]    = note: the `wasm32-unknown-unknown` target may not be installed
[INFO] [stderr]    = help: consider downloading the target with `rustup target add wasm32-unknown-unknown`
[INFO] [stderr] 
[INFO] [stderr] error[E0463]: can't find crate for `core`
[INFO] [stderr]   --> /opt/rustwide/cargo-home/registry/src/index.crates.io-6f17d22bba15001f/rand_core-0.6.3/src/error.rs:12:5
[INFO] [stderr]    |
[INFO] [stderr] 12 | use core::num::NonZeroU32;
[INFO] [stderr]    |     ^^^^ can't find crate
[INFO] [stderr]    |
[INFO] [stderr]    = note: the `wasm32-unknown-unknown` target may not be installed
[INFO] [stderr]    = help: consider downloading the target with `rustup target add wasm32-unknown-unknown`
[INFO] [stderr] 
[INFO] [stderr] error[E0463]: can't find crate for `core`
[INFO] [stderr]   --> /opt/rustwide/cargo-home/registry/src/index.crates.io-6f17d22bba15001f/rand_core-0.6.3/src/impls.rs:21:5
[INFO] [stderr]    |
[INFO] [stderr] 21 | use core::cmp::min;
[INFO] [stderr]    |     ^^^^ can't find crate
[INFO] [stderr]    |
[INFO] [stderr]    = note: the `wasm32-unknown-unknown` target may not be installed
[INFO] [stderr]    = help: consider downloading the target with `rustup target add wasm32-unknown-unknown`
[INFO] [stderr] 
[INFO] [stderr] error[E0463]: can't find crate for `core`
[INFO] [stderr]   --> /opt/rustwide/cargo-home/registry/src/index.crates.io-6f17d22bba15001f/rand_core-0.6.3/src/block.rs:58:5
[INFO] [stderr]    |
[INFO] [stderr] 58 | use core::convert::AsRef;
[INFO] [stderr]    |     ^^^^ can't find crate
[INFO] [stderr]    |
[INFO] [stderr]    = note: the `wasm32-unknown-unknown` target may not be installed
[INFO] [stderr]    = help: consider downloading the target with `rustup target add wasm32-unknown-unknown`
[INFO] [stderr] 
[INFO] [stderr] error[E0463]: can't find crate for `core`
[INFO] [stderr]   --> /opt/rustwide/cargo-home/registry/src/index.crates.io-6f17d22bba15001f/rand_core-0.6.3/src/block.rs:59:5
[INFO] [stderr]    |
[INFO] [stderr] 59 | use core::fmt;
[INFO] [stderr]    |     ^^^^ can't find crate
[INFO] [stderr]    |
[INFO] [stderr]    = note: the `wasm32-unknown-unknown` target may not be installed
[INFO] [stderr]    = help: consider downloading the target with `rustup target add wasm32-unknown-unknown`
[INFO] [stderr] 
[INFO] [stderr] error[E0463]: can't find crate for `core`
[INFO] [stderr]    --> /opt/rustwide/cargo-home/registry/src/index.crates.io-6f17d22bba15001f/zeroize-1.5.6/src/lib.rs:253:5
[INFO] [stderr]     |
[INFO] [stderr] 253 | use core::{
[INFO] [stderr]     |     ^^^^ can't find crate
[INFO] [stderr]     |
[INFO] [stderr]     = note: the `wasm32-unknown-unknown` target may not be installed
[INFO] [stderr]     = help: consider downloading the target with `rustup target add wasm32-unknown-unknown`
[INFO] [stderr] 
[INFO] [stderr] error[E0463]: can't find crate for `core`
[INFO] [stderr]   --> /opt/rustwide/cargo-home/registry/src/index.crates.io-6f17d22bba15001f/rand_core-0.6.3/src/le.rs:14:5
[INFO] [stderr]    |
[INFO] [stderr] 14 | use core::convert::TryInto;
[INFO] [stderr]    |     ^^^^ can't find crate
[INFO] [stderr]    |
[INFO] [stderr]    = note: the `wasm32-unknown-unknown` target may not be installed
[INFO] [stderr]    = help: consider downloading the target with `rustup target add wasm32-unknown-unknown`
[INFO] [stderr] 
[INFO] [stderr] error: cannot find macro `write` in this scope
[INFO] [stderr]    --> /opt/rustwide/cargo-home/registry/src/index.crates.io-6f17d22bba15001f/rand_core-0.6.3/src/error.rs:130:13
[INFO] [stderr]     |
[INFO] [stderr] 130 |             write!(f, "Error {{ code: {} }}", self.code)
[INFO] [stderr]     |             ^^^^^
[INFO] [stderr] 
[INFO] [stderr] error: cannot find macro `write` in this scope
[INFO] [stderr]    --> /opt/rustwide/cargo-home/registry/src/index.crates.io-6f17d22bba15001f/rand_core-0.6.3/src/error.rs:147:13
[INFO] [stderr]     |
[INFO] [stderr] 147 |             write!(f, "error code {}", self.code)
[INFO] [stderr]     |             ^^^^^
[INFO] [stderr] 
[INFO] [stderr] error: cannot find macro `cfg` in this scope
[INFO] [stderr]    --> /opt/rustwide/cargo-home/registry/src/index.crates.io-6f17d22bba15001f/rand_core-0.6.3/src/impls.rs:63:12
[INFO] [stderr]     |
[INFO] [stderr] 63  |         if cfg!(target_endian = "little") {
[INFO] [stderr]     |            ^^^
[INFO] [stderr] ...
[INFO] [stderr] 118 |     fill_via_chunks!(src, dest, u32)
[INFO] [stderr]     |     -------------------------------- in this macro invocation
[INFO] [stderr]     |
[INFO] [stderr]     = note: `cfg` is in scope, but it is an attribute: `#[cfg]`
[INFO] [stderr]     = note: this error originates in the macro `fill_via_chunks` (in Nightly builds, run with -Z macro-backtrace for more info)
[INFO] [stderr] 
[INFO] [stderr] error: cannot find macro `cfg` in this scope
[INFO] [stderr]    --> /opt/rustwide/cargo-home/registry/src/index.crates.io-6f17d22bba15001f/rand_core-0.6.3/src/impls.rs:63:12
[INFO] [stderr]     |
[INFO] [stderr] 63  |         if cfg!(target_endian = "little") {
[INFO] [stderr]     |            ^^^
[INFO] [stderr] ...
[INFO] [stderr] 132 |     fill_via_chunks!(src, dest, u64)
[INFO] [stderr]     |     -------------------------------- in this macro invocation
[INFO] [stderr]     |
[INFO] [stderr]     = note: `cfg` is in scope, but it is an attribute: `#[cfg]`
[INFO] [stderr]     = note: this error originates in the macro `fill_via_chunks` (in Nightly builds, run with -Z macro-backtrace for more info)
[INFO] [stderr] 
[INFO] [stderr] error: cannot find attribute `derive` in this scope
[INFO] [stderr]    --> /opt/rustwide/cargo-home/registry/src/index.crates.io-6f17d22bba15001f/rand_core-0.6.3/src/block.rs:115:3
[INFO] [stderr]     |
[INFO] [stderr] 115 | #[derive(Clone)]
[INFO] [stderr]     |   ^^^^^^
[INFO] [stderr] 
[INFO] [stderr] error: cannot find macro `assert` in this scope
[INFO] [stderr]    --> /opt/rustwide/cargo-home/registry/src/index.crates.io-6f17d22bba15001f/rand_core-0.6.3/src/block.rs:175:9
[INFO] [stderr]     |
[INFO] [stderr] 175 |         assert!(index < self.results.as_ref().len());
[INFO] [stderr]     |         ^^^^^^
[INFO] [stderr] 
[INFO] [stderr] error: cannot find attribute `derive` in this scope
[INFO] [stderr]    --> /opt/rustwide/cargo-home/registry/src/index.crates.io-6f17d22bba15001f/rand_core-0.6.3/src/block.rs:284:3
[INFO] [stderr]     |
[INFO] [stderr] 284 | #[derive(Clone)]
[INFO] [stderr]     |   ^^^^^^
[INFO] [stderr] 
[INFO] [stderr] error: cannot find macro `assert` in this scope
[INFO] [stderr]    --> /opt/rustwide/cargo-home/registry/src/index.crates.io-6f17d22bba15001f/rand_core-0.6.3/src/block.rs:342:9
[INFO] [stderr]     |
[INFO] [stderr] 342 |         assert!(index < self.results.as_ref().len());
[INFO] [stderr]     |         ^^^^^^
[INFO] [stderr] 
[INFO] [stderr] error: cannot find macro `cfg` in this scope
[INFO] [stderr]    --> /opt/rustwide/cargo-home/registry/src/index.crates.io-6f17d22bba15001f/rand_core-0.6.3/src/block.rs:370:16
[INFO] [stderr]     |
[INFO] [stderr] 370 |             if cfg!(target_endian = "little") {
[INFO] [stderr]     |                ^^^
[INFO] [stderr]     |
[INFO] [stderr]     = note: `cfg` is in scope, but it is an attribute: `#[cfg]`
[INFO] [stderr] 
[INFO] [stderr] error: cannot find macro `assert` in this scope
[INFO] [stderr]   --> /opt/rustwide/cargo-home/registry/src/index.crates.io-6f17d22bba15001f/rand_core-0.6.3/src/le.rs:19:5
[INFO] [stderr]    |
[INFO] [stderr] 19 |     assert!(src.len() >= 4 * dst.len());
[INFO] [stderr]    |     ^^^^^^
[INFO] [stderr] 
[INFO] [stderr] error: cannot find macro `assert` in this scope
[INFO] [stderr]   --> /opt/rustwide/cargo-home/registry/src/index.crates.io-6f17d22bba15001f/rand_core-0.6.3/src/le.rs:28:5
[INFO] [stderr]    |
[INFO] [stderr] 28 |     assert!(src.len() >= 8 * dst.len());
[INFO] [stderr]    |     ^^^^^^
[INFO] [stderr] 
[INFO] [stderr] error: cannot find attribute `test` in this scope
[INFO] [stderr]   --> /opt/rustwide/cargo-home/registry/src/index.crates.io-6f17d22bba15001f/rand_core-0.6.3/src/le.rs:34:3
[INFO] [stderr]    |
[INFO] [stderr] 34 | #[test]
[INFO] [stderr]    |   ^^^^
[INFO] [stderr] 
[INFO] [stderr] error: cannot find macro `assert_eq` in this scope
[INFO] [stderr]   --> /opt/rustwide/cargo-home/registry/src/index.crates.io-6f17d22bba15001f/rand_core-0.6.3/src/le.rs:40:5
[INFO] [stderr]    |
[INFO] [stderr] 40 |     assert_eq!(buf[0], 0x04030201);
[INFO] [stderr]    |     ^^^^^^^^^
[INFO] [stderr] 
[INFO] [stderr] error: cannot find macro `assert` in this scope
[INFO] [stderr]    --> /opt/rustwide/cargo-home/registry/src/index.crates.io-6f17d22bba15001f/zeroize-1.5.6/src/lib.rs:431:9
[INFO] [stderr]     |
[INFO] [stderr] 431 |         assert!(size <= isize::MAX as usize);
[INFO] [stderr]     |         ^^^^^^
[INFO] [stderr] 
[INFO] [stderr] error: cannot find macro `assert` in this scope
[INFO] [stderr]    --> /opt/rustwide/cargo-home/registry/src/index.crates.io-6f17d22bba15001f/zeroize-1.5.6/src/lib.rs:457:9
[INFO] [stderr]     |
[INFO] [stderr] 457 |         assert!(self.len() <= isize::MAX as usize);
[INFO] [stderr]     |         ^^^^^^
[INFO] [stderr] 
[INFO] [stderr] error: cannot find attribute `derive` in this scope
[INFO] [stderr]    --> /opt/rustwide/cargo-home/registry/src/index.crates.io-6f17d22bba15001f/zeroize-1.5.6/src/lib.rs:616:3
[INFO] [stderr]     |
[INFO] [stderr] 616 | #[derive(Debug, Default, Eq, PartialEq)]
[INFO] [stderr]     |   ^^^^^^
[INFO] [stderr] 
[INFO] [stderr] error: cannot find macro `assert_eq` in this scope
[INFO] [stderr]   --> /opt/rustwide/cargo-home/registry/src/index.crates.io-6f17d22bba15001f/rand_core-0.6.3/src/le.rs:41:5
[INFO] [stderr]    |
[INFO] [stderr] 41 |     assert_eq!(buf[3], 0x100F0E0D);
[INFO] [stderr]    |     ^^^^^^^^^
[INFO] [stderr] 
[INFO] [stderr] Some errors have detailed explanations: E0405, E0425, E0463.
[INFO] [stderr] For more information about an error, try `rustc --explain E0405`.
[INFO] [stderr] error: cannot find macro `assert_eq` in this scope
[INFO] [stderr]   --> /opt/rustwide/cargo-home/registry/src/index.crates.io-6f17d22bba15001f/rand_core-0.6.3/src/le.rs:45:5
[INFO] [stderr]    |
[INFO] [stderr] 45 |     assert_eq!(buf[0], 0x05040302);
[INFO] [stderr]    |     ^^^^^^^^^
[INFO] [stderr] 
[INFO] [stderr] error: cannot find macro `assert_eq` in this scope
[INFO] [stderr]   --> /opt/rustwide/cargo-home/registry/src/index.crates.io-6f17d22bba15001f/rand_core-0.6.3/src/le.rs:46:5
[INFO] [stderr]    |
[INFO] [stderr] 46 |     assert_eq!(buf[2], 0x0D0C0B0A);
[INFO] [stderr]    |     ^^^^^^^^^
[INFO] [stderr] 
[INFO] [stderr] error: cannot find macro `assert_eq` in this scope
[INFO] [stderr]   --> /opt/rustwide/cargo-home/registry/src/index.crates.io-6f17d22bba15001f/rand_core-0.6.3/src/le.rs:50:5
[INFO] [stderr]    |
[INFO] [stderr] 50 |     assert_eq!(buf[0], 0x0807060504030201);
[INFO] [stderr]    |     ^^^^^^^^^
[INFO] [stderr] 
[INFO] [stderr] error: cannot find macro `assert_eq` in this scope
[INFO] [stderr]   --> /opt/rustwide/cargo-home/registry/src/index.crates.io-6f17d22bba15001f/rand_core-0.6.3/src/le.rs:51:5
[INFO] [stderr]    |
[INFO] [stderr] 51 |     assert_eq!(buf[1], 0x100F0E0D0C0B0A09);
[INFO] [stderr]    |     ^^^^^^^^^
[INFO] [stderr] 
[INFO] [stderr] error: cannot find macro `assert_eq` in this scope
[INFO] [stderr]   --> /opt/rustwide/cargo-home/registry/src/index.crates.io-6f17d22bba15001f/rand_core-0.6.3/src/le.rs:55:5
[INFO] [stderr]    |
[INFO] [stderr] 55 |     assert_eq!(buf[0], 0x0F0E0D0C0B0A0908);
[INFO] [stderr]    |     ^^^^^^^^^
[INFO] [stderr] 
[INFO] [stderr] error: could not compile `subtle` (lib) due to 18 previous errors
[INFO] [stderr] warning: build failed, waiting for other jobs to finish...
[INFO] [stderr] error[E0463]: can't find crate for `core`
[INFO] [stderr]  --> /opt/rustwide/cargo-home/registry/src/index.crates.io-6f17d22bba15001f/const-oid-0.7.1/src/arcs.rs:4:5
[INFO] [stderr]   |
[INFO] [stderr] 4 | use core::mem;
[INFO] [stderr]   |     ^^^^ can't find crate
[INFO] [stderr]   |
[INFO] [stderr]   = note: the `wasm32-unknown-unknown` target may not be installed
[INFO] [stderr]   = help: consider downloading the target with `rustup target add wasm32-unknown-unknown`
[INFO] [stderr] 
[INFO] [stderr] error[E0463]: can't find crate for `core`
[INFO] [stderr]  --> /opt/rustwide/cargo-home/registry/src/index.crates.io-6f17d22bba15001f/const-oid-0.7.1/src/error.rs:3:5
[INFO] [stderr]   |
[INFO] [stderr] 3 | use core::fmt;
[INFO] [stderr]   |     ^^^^ can't find crate
[INFO] [stderr]   |
[INFO] [stderr]   = note: the `wasm32-unknown-unknown` target may not be installed
[INFO] [stderr]   = help: consider downloading the target with `rustup target add wasm32-unknown-unknown`
[INFO] [stderr] 
[INFO] [stderr] error[E0463]: can't find crate for `core`
[INFO] [stderr]   --> /opt/rustwide/cargo-home/registry/src/index.crates.io-6f17d22bba15001f/const-oid-0.7.1/src/lib.rs:29:5
[INFO] [stderr]    |
[INFO] [stderr] 29 | use core::{fmt, str::FromStr};
[INFO] [stderr]    |     ^^^^ can't find crate
[INFO] [stderr]    |
[INFO] [stderr]    = note: the `wasm32-unknown-unknown` target may not be installed
[INFO] [stderr]    = help: consider downloading the target with `rustup target add wasm32-unknown-unknown`
[INFO] [stderr] 
[INFO] [stderr] error[E0405]: cannot find trait `Copy` in this scope
[INFO] [stderr]    --> /opt/rustwide/cargo-home/registry/src/index.crates.io-6f17d22bba15001f/zeroize-1.5.6/src/lib.rs:285:28
[INFO] [stderr]     |
[INFO] [stderr] 285 | pub trait DefaultIsZeroes: Copy + Default + Sized {}
[INFO] [stderr]     |                            ^^^^ not found in this scope
[INFO] [stderr] 
[INFO] [stderr] error[E0405]: cannot find trait `Default` in this scope
[INFO] [stderr]    --> /opt/rustwide/cargo-home/registry/src/index.crates.io-6f17d22bba15001f/zeroize-1.5.6/src/lib.rs:285:35
[INFO] [stderr]     |
[INFO] [stderr] 285 | pub trait DefaultIsZeroes: Copy + Default + Sized {}
[INFO] [stderr]     |                                   ^^^^^^^ not found in this scope
[INFO] [stderr] 
[INFO] [stderr] error[E0405]: cannot find trait `Sized` in this scope
[INFO] [stderr]    --> /opt/rustwide/cargo-home/registry/src/index.crates.io-6f17d22bba15001f/zeroize-1.5.6/src/lib.rs:285:45
[INFO] [stderr]     |
[INFO] [stderr] 285 | pub trait DefaultIsZeroes: Copy + Default + Sized {}
[INFO] [stderr]     |                                             ^^^^^ not found in this scope
[INFO] [stderr] 
[INFO] [stderr] error: cannot find macro `include_str` in this scope
[INFO] [stderr]  --> /opt/rustwide/cargo-home/registry/src/index.crates.io-6f17d22bba15001f/const-oid-0.7.1/src/lib.rs:3:10
[INFO] [stderr]   |
[INFO] [stderr] 3 | #![doc = include_str!("../README.md")]
[INFO] [stderr]   |          ^^^^^^^^^^^
[INFO] [stderr] 
[INFO] [stderr] error[E0412]: cannot find type `Option` in this scope
[INFO] [stderr]    --> /opt/rustwide/cargo-home/registry/src/index.crates.io-6f17d22bba15001f/zeroize-1.5.6/src/lib.rs:376:21
[INFO] [stderr]     |
[INFO] [stderr] 376 | impl<Z> Zeroize for Option<Z>
[INFO] [stderr]     |                     ^^^^^^ not found in this scope
[INFO] [stderr] 
[INFO] [stderr] error[E0531]: cannot find tuple struct or tuple variant `Some` in this scope
[INFO] [stderr]    --> /opt/rustwide/cargo-home/registry/src/index.crates.io-6f17d22bba15001f/zeroize-1.5.6/src/lib.rs:381:16
[INFO] [stderr]     |
[INFO] [stderr] 381 |         if let Some(value) = self {
[INFO] [stderr]     |                ^^^^ not found in this scope
[INFO] [stderr] 
[INFO] [stderr] error[E0412]: cannot find type `Option` in this scope
[INFO] [stderr]    --> /opt/rustwide/cargo-home/registry/src/index.crates.io-6f17d22bba15001f/zeroize-1.5.6/src/lib.rs:416:27
[INFO] [stderr]     |
[INFO] [stderr] 416 | impl<Z> ZeroizeOnDrop for Option<Z> where Z: ZeroizeOnDrop {}
[INFO] [stderr]     |                           ^^^^^^ not found in this scope
[INFO] [stderr] 
[INFO] [stderr] error: cannot find macro `debug_assert` in this scope
[INFO] [stderr]   --> /opt/rustwide/cargo-home/registry/src/index.crates.io-6f17d22bba15001f/const-oid-0.7.1/src/arcs.rs:64:29
[INFO] [stderr]    |
[INFO] [stderr] 64 | ...                   debug_assert!(
[INFO] [stderr]    |                       ^^^^^^^^^^^^
[INFO] [stderr] 
[INFO] [stderr] error[E0405]: cannot find trait `Clone` in this scope
[INFO] [stderr]    --> /opt/rustwide/cargo-home/registry/src/index.crates.io-6f17d22bba15001f/zeroize-1.5.6/src/lib.rs:631:26
[INFO] [stderr]     |
[INFO] [stderr] 631 | impl<Z: Zeroize + Clone> Clone for Zeroizing<Z> {
[INFO] [stderr]     |                          ^^^^^ not found in this scope
[INFO] [stderr] 
[INFO] [stderr] error[E0405]: cannot find trait `Clone` in this scope
[INFO] [stderr]    --> /opt/rustwide/cargo-home/registry/src/index.crates.io-6f17d22bba15001f/zeroize-1.5.6/src/lib.rs:631:19
[INFO] [stderr]     |
[INFO] [stderr] 631 | impl<Z: Zeroize + Clone> Clone for Zeroizing<Z> {
[INFO] [stderr]     |                   ^^^^^ not found in this scope
[INFO] [stderr] 
[INFO] [stderr] error: cannot find macro `debug_assert_eq` in this scope
[INFO] [stderr]   --> /opt/rustwide/cargo-home/registry/src/index.crates.io-6f17d22bba15001f/const-oid-0.7.1/src/arcs.rs:76:29
[INFO] [stderr]    |
[INFO] [stderr] 76 | ...                   debug_assert_eq!(arc_bytes, 0, "truncated OID");
[INFO] [stderr]    |                       ^^^^^^^^^^^^^^^
[INFO] [stderr] 
[INFO] [stderr] error[E0405]: cannot find trait `From` in this scope
[INFO] [stderr]    --> /opt/rustwide/cargo-home/registry/src/index.crates.io-6f17d22bba15001f/zeroize-1.5.6/src/lib.rs:644:9
[INFO] [stderr]     |
[INFO] [stderr] 644 | impl<Z> From<Z> for Zeroizing<Z>
[INFO] [stderr]     |         ^^^^ not found in this scope
[INFO] [stderr] 
[INFO] [stderr] error[E0405]: cannot find trait `AsRef` in this scope
[INFO] [stderr]    --> /opt/rustwide/cargo-home/registry/src/index.crates.io-6f17d22bba15001f/zeroize-1.5.6/src/lib.rs:676:12
[INFO] [stderr]     |
[INFO] [stderr] 676 | impl<T, Z> AsRef<T> for Zeroizing<Z>
[INFO] [stderr]     |            ^^^^^ not found in this scope
[INFO] [stderr] 
[INFO] [stderr] error[E0405]: cannot find trait `Sized` in this scope
[INFO] [stderr]    --> /opt/rustwide/cargo-home/registry/src/index.crates.io-6f17d22bba15001f/zeroize-1.5.6/src/lib.rs:678:9
[INFO] [stderr]     |
[INFO] [stderr] 678 |     T: ?Sized,
[INFO] [stderr]     |         ^^^^^ not found in this scope
[INFO] [stderr] 
[INFO] [stderr] error[E0405]: cannot find trait `AsRef` in this scope
[INFO] [stderr]    --> /opt/rustwide/cargo-home/registry/src/index.crates.io-6f17d22bba15001f/zeroize-1.5.6/src/lib.rs:679:8
[INFO] [stderr]     |
[INFO] [stderr] 679 |     Z: AsRef<T> + Zeroize,
[INFO] [stderr]     |        ^^^^^ not found in this scope
[INFO] [stderr] 
[INFO] [stderr] error: cannot find attribute `derive` in this scope
[INFO] [stderr]   --> /opt/rustwide/cargo-home/registry/src/index.crates.io-6f17d22bba15001f/const-oid-0.7.1/src/arcs.rs:90:3
[INFO] [stderr]    |
[INFO] [stderr] 90 | #[derive(Copy, Clone, Debug, Eq, PartialEq)]
[INFO] [stderr]    |   ^^^^^^
[INFO] [stderr] 
[INFO] [stderr] error[E0405]: cannot find trait `AsMut` in this scope
[INFO] [stderr]    --> /opt/rustwide/cargo-home/registry/src/index.crates.io-6f17d22bba15001f/zeroize-1.5.6/src/lib.rs:687:12
[INFO] [stderr]     |
[INFO] [stderr] 687 | impl<T, Z> AsMut<T> for Zeroizing<Z>
[INFO] [stderr]     |            ^^^^^ not found in this scope
[INFO] [stderr] 
[INFO] [stderr] error[E0405]: cannot find trait `Sized` in this scope
[INFO] [stderr]    --> /opt/rustwide/cargo-home/registry/src/index.crates.io-6f17d22bba15001f/zeroize-1.5.6/src/lib.rs:689:9
[INFO] [stderr]     |
[INFO] [stderr] 689 |     T: ?Sized,
[INFO] [stderr]     |         ^^^^^ not found in this scope
[INFO] [stderr] 
[INFO] [stderr] error[E0405]: cannot find trait `AsMut` in this scope
[INFO] [stderr]    --> /opt/rustwide/cargo-home/registry/src/index.crates.io-6f17d22bba15001f/zeroize-1.5.6/src/lib.rs:690:8
[INFO] [stderr]     |
[INFO] [stderr] 690 |     Z: AsMut<T> + Zeroize,
[INFO] [stderr]     |        ^^^^^ not found in this scope
[INFO] [stderr] 
[INFO] [stderr] error: cannot find macro `debug_assert_eq` in this scope
[INFO] [stderr]    --> /opt/rustwide/cargo-home/registry/src/index.crates.io-6f17d22bba15001f/const-oid-0.7.1/src/arcs.rs:123:9
[INFO] [stderr]     |
[INFO] [stderr] 123 |         debug_assert_eq!(octet, result.0);
[INFO] [stderr]     |         ^^^^^^^^^^^^^^^
[INFO] [stderr] 
[INFO] [stderr] error[E0405]: cannot find trait `Drop` in this scope
[INFO] [stderr]    --> /opt/rustwide/cargo-home/registry/src/index.crates.io-6f17d22bba15001f/zeroize-1.5.6/src/lib.rs:709:9
[INFO] [stderr]     |
[INFO] [stderr] 709 | impl<Z> Drop for Zeroizing<Z>
[INFO] [stderr]     |         ^^^^ not found in this scope
[INFO] [stderr] 
[INFO] [stderr] error: cannot find attribute `derive` in this scope
[INFO] [stderr]  --> /opt/rustwide/cargo-home/registry/src/index.crates.io-6f17d22bba15001f/const-oid-0.7.1/src/error.rs:9:3
[INFO] [stderr]   |
[INFO] [stderr] 9 | #[derive(Copy, Clone, Debug, Eq, PartialEq)]
[INFO] [stderr]   |   ^^^^^^
[INFO] [stderr] 
[INFO] [stderr] error[E0405]: cannot find trait `Copy` in this scope
[INFO] [stderr]    --> /opt/rustwide/cargo-home/registry/src/index.crates.io-6f17d22bba15001f/zeroize-1.5.6/src/lib.rs:728:22
[INFO] [stderr]     |
[INFO] [stderr] 728 | fn volatile_write<T: Copy + Sized>(dst: &mut T, src: T) {
[INFO] [stderr]     |                      ^^^^ not found in this scope
[INFO] [stderr] 
[INFO] [stderr] error: cannot find macro `matches` in this scope
[INFO] [stderr]   --> /opt/rustwide/cargo-home/registry/src/index.crates.io-6f17d22bba15001f/const-oid-0.7.1/src/parser.rs:22:13
[INFO] [stderr]    |
[INFO] [stderr] 22 |             matches!(bytes[0], b'0'..=b'9'),
[INFO] [stderr]    |             ^^^^^^^
[INFO] [stderr] 
[INFO] [stderr] error: cannot find macro `matches` in this scope
[INFO] [stderr]   --> /opt/rustwide/cargo-home/registry/src/index.crates.io-6f17d22bba15001f/const-oid-0.7.1/src/parser.rs:60:21
[INFO] [stderr]    |
[INFO] [stderr] 60 |                     matches!(byte, b'0'..=b'9' | b'.'),
[INFO] [stderr]    |                     ^^^^^^^
[INFO] [stderr] 
[INFO] [stderr] error: cannot find attribute `derive` in this scope
[INFO] [stderr]   --> /opt/rustwide/cargo-home/registry/src/index.crates.io-6f17d22bba15001f/const-oid-0.7.1/src/lib.rs:46:3
[INFO] [stderr]    |
[INFO] [stderr] 46 | #[derive(Copy, Clone, Eq, Hash, PartialEq, PartialOrd, Ord)]
[INFO] [stderr]    |   ^^^^^^
[INFO] [stderr] 
[INFO] [stderr] error: cannot find macro `write` in this scope
[INFO] [stderr]    --> /opt/rustwide/cargo-home/registry/src/index.crates.io-6f17d22bba15001f/const-oid-0.7.1/src/lib.rs:229:9
[INFO] [stderr]     |
[INFO] [stderr] 229 |         write!(f, "ObjectIdentifier({})", self)
[INFO] [stderr]     |         ^^^^^
[INFO] [stderr] 
[INFO] [stderr] error: cannot find macro `write` in this scope
[INFO] [stderr]    --> /opt/rustwide/cargo-home/registry/src/index.crates.io-6f17d22bba15001f/const-oid-0.7.1/src/lib.rs:238:13
[INFO] [stderr]     |
[INFO] [stderr] 238 |             write!(f, "{}", arc)?;
[INFO] [stderr]     |             ^^^^^
[INFO] [stderr] 
[INFO] [stderr] error: cannot find macro `write` in this scope
[INFO] [stderr]    --> /opt/rustwide/cargo-home/registry/src/index.crates.io-6f17d22bba15001f/const-oid-0.7.1/src/lib.rs:241:17
[INFO] [stderr]     |
[INFO] [stderr] 241 |                 write!(f, ".")?;
[INFO] [stderr]     |                 ^^^^^
[INFO] [stderr] 
[INFO] [stderr] error[E0405]: cannot find trait `Sized` in this scope
[INFO] [stderr]    --> /opt/rustwide/cargo-home/registry/src/index.crates.io-6f17d22bba15001f/zeroize-1.5.6/src/lib.rs:728:29
[INFO] [stderr]     |
[INFO] [stderr] 728 | fn volatile_write<T: Copy + Sized>(dst: &mut T, src: T) {
[INFO] [stderr]     |                             ^^^^^ not found in this scope
[INFO] [stderr] 
[INFO] [stderr] error[E0405]: cannot find trait `Copy` in this scope
[INFO] [stderr]    --> /opt/rustwide/cargo-home/registry/src/index.crates.io-6f17d22bba15001f/zeroize-1.5.6/src/lib.rs:741:27
[INFO] [stderr]     |
[INFO] [stderr] 741 | unsafe fn volatile_set<T: Copy + Sized>(dst: *mut T, src: T, count: usize) {
[INFO] [stderr]     |                           ^^^^ not found in this scope
[INFO] [stderr] 
[INFO] [stderr] error[E0405]: cannot find trait `Sized` in this scope
[INFO] [stderr]    --> /opt/rustwide/cargo-home/registry/src/index.crates.io-6f17d22bba15001f/zeroize-1.5.6/src/lib.rs:741:34
[INFO] [stderr]     |
[INFO] [stderr] 741 | unsafe fn volatile_set<T: Copy + Sized>(dst: *mut T, src: T, count: usize) {
[INFO] [stderr]     |                                  ^^^^^ not found in this scope
[INFO] [stderr] 
[INFO] [stderr] error[E0405]: cannot find trait `Sized` in this scope
[INFO] [stderr]    --> /opt/rustwide/cargo-home/registry/src/index.crates.io-6f17d22bba15001f/zeroize-1.5.6/src/lib.rs:769:30
[INFO] [stderr]     |
[INFO] [stderr] 769 |     impl<T: ZeroizeOnDrop + ?Sized> AssertZeroizeOnDrop for &&mut T {
[INFO] [stderr]     |                              ^^^^^ not found in this scope
[INFO] [stderr] 
[INFO] [stderr] error[E0405]: cannot find trait `Sized` in this scope
[INFO] [stderr]    --> /opt/rustwide/cargo-home/registry/src/index.crates.io-6f17d22bba15001f/zeroize-1.5.6/src/lib.rs:778:24
[INFO] [stderr]     |
[INFO] [stderr] 778 |     impl<T: Zeroize + ?Sized> AssertZeroize for T {
[INFO] [stderr]     |                        ^^^^^ not found in this scope
[INFO] [stderr] 
[INFO] [stderr] error[E0433]: failed to resolve: use of undeclared type `Option`
[INFO] [stderr]    --> /opt/rustwide/cargo-home/registry/src/index.crates.io-6f17d22bba15001f/zeroize-1.5.6/src/lib.rs:410:44
[INFO] [stderr]     |
[INFO] [stderr] 410 |         unsafe { ptr::write_volatile(self, Option::default()) }
[INFO] [stderr]     |                                            ^^^^^^ use of undeclared type `Option`
[INFO] [stderr] 
[INFO] [stderr] Some errors have detailed explanations: E0405, E0412, E0433, E0463, E0531.
[INFO] [stderr] error[E0463]: can't find crate for `core`
[INFO] [stderr]  --> /opt/rustwide/cargo-home/registry/src/index.crates.io-6f17d22bba15001f/const-oid-0.7.1/src/error.rs:6:22
[INFO] [stderr]   |
[INFO] [stderr] 6 | pub type Result<T> = core::result::Result<T, Error>;
[INFO] [stderr]   |                      ^^^^ can't find crate
[INFO] [stderr]   |
[INFO] [stderr]   = note: the `wasm32-unknown-unknown` target may not be installed
[INFO] [stderr]   = help: consider downloading the target with `rustup target add wasm32-unknown-unknown`
[INFO] [stderr] 
[INFO] [stderr] error: could not compile `zeroize` (lib) due to 29 previous errors
[INFO] [stderr] error[E0463]: can't find crate for `core`
[INFO] [stderr]   --> /opt/rustwide/cargo-home/registry/src/index.crates.io-6f17d22bba15001f/rand_core-0.6.3/src/impls.rs:57:29
[INFO] [stderr]    |
[INFO] [stderr] 57 |         const SIZE: usize = core::mem::size_of::<$ty>();
[INFO] [stderr]    |                             ^^^^ can't find crate
[INFO] [stderr]    |
[INFO] [stderr]    = note: the `wasm32-unknown-unknown` target may not be installed
[INFO] [stderr]    = help: consider downloading the target with `rustup target add wasm32-unknown-unknown`
[INFO] [stderr] 
[INFO] [stderr] error[E0463]: can't find crate for `core`
[INFO] [stderr]   --> /opt/rustwide/cargo-home/registry/src/index.crates.io-6f17d22bba15001f/rand_core-0.6.3/src/impls.rs:65:17
[INFO] [stderr]    |
[INFO] [stderr] 65 |                 core::ptr::copy_nonoverlapping(
[INFO] [stderr]    |                 ^^^^ can't find crate
[INFO] [stderr]    |
[INFO] [stderr]    = note: the `wasm32-unknown-unknown` target may not be installed
[INFO] [stderr]    = help: consider downloading the target with `rustup target add wasm32-unknown-unknown`
[INFO] [stderr] 
[INFO] [stderr] error[E0463]: can't find crate for `core`
[INFO] [stderr]   --> /opt/rustwide/cargo-home/registry/src/index.crates.io-6f17d22bba15001f/rand_core-0.6.3/src/impls.rs:75:21
[INFO] [stderr]    |
[INFO] [stderr] 75 |                     core::ptr::copy_nonoverlapping(
[INFO] [stderr]    |                     ^^^^ can't find crate
[INFO] [stderr]    |
[INFO] [stderr]    = note: the `wasm32-unknown-unknown` target may not be installed
[INFO] [stderr]    = help: consider downloading the target with `rustup target add wasm32-unknown-unknown`
[INFO] [stderr] 
[INFO] [stderr] error[E0463]: can't find crate for `core`
[INFO] [stderr]  --> /opt/rustwide/cargo-home/registry/src/index.crates.io-6f17d22bba15001f/base16ct-0.1.1/src/display.rs:1:5
[INFO] [stderr]   |
[INFO] [stderr] 1 | use core::fmt;
[INFO] [stderr]   |     ^^^^ can't find crate
[INFO] [stderr]   |
[INFO] [stderr]   = note: the `wasm32-unknown-unknown` target may not be installed
[INFO] [stderr]   = help: consider downloading the target with `rustup target add wasm32-unknown-unknown`
[INFO] [stderr] 
[INFO] [stderr] error[E0463]: can't find crate for `core`
[INFO] [stderr]  --> /opt/rustwide/cargo-home/registry/src/index.crates.io-6f17d22bba15001f/base16ct-0.1.1/src/error.rs:1:5
[INFO] [stderr]   |
[INFO] [stderr] 1 | use core::fmt;
[INFO] [stderr]   |     ^^^^ can't find crate
[INFO] [stderr]   |
[INFO] [stderr]   = note: the `wasm32-unknown-unknown` target may not be installed
[INFO] [stderr]   = help: consider downloading the target with `rustup target add wasm32-unknown-unknown`
[INFO] [stderr] 
[INFO] [stderr] error[E0412]: cannot find type `Option` in this scope
[INFO] [stderr]   --> /opt/rustwide/cargo-home/registry/src/index.crates.io-6f17d22bba15001f/const-oid-0.7.1/src/arcs.rs:29:13
[INFO] [stderr]    |
[INFO] [stderr] 29 |     cursor: Option<usize>,
[INFO] [stderr]    |             ^^^^^^ not found in this scope
[INFO] [stderr] 
[INFO] [stderr] error[E0425]: cannot find value `None` in this scope
[INFO] [stderr]   --> /opt/rustwide/cargo-home/registry/src/index.crates.io-6f17d22bba15001f/const-oid-0.7.1/src/arcs.rs:35:29
[INFO] [stderr]    |
[INFO] [stderr] 35 |         Self { oid, cursor: None }
[INFO] [stderr]    |                             ^^^^ not found in this scope
[INFO] [stderr] 
[INFO] [stderr] error[E0405]: cannot find trait `Iterator` in this scope
[INFO] [stderr]   --> /opt/rustwide/cargo-home/registry/src/index.crates.io-6f17d22bba15001f/const-oid-0.7.1/src/arcs.rs:39:10
[INFO] [stderr]    |
[INFO] [stderr] 39 | impl<'a> Iterator for Arcs<'a> {
[INFO] [stderr]    |          ^^^^^^^^ not found in this scope
[INFO] [stderr] 
[INFO] [stderr] error[E0412]: cannot find type `Option` in this scope
[INFO] [stderr]   --> /opt/rustwide/cargo-home/registry/src/index.crates.io-6f17d22bba15001f/const-oid-0.7.1/src/arcs.rs:42:27
[INFO] [stderr]    |
[INFO] [stderr] 42 |     fn next(&mut self) -> Option<Arc> {
[INFO] [stderr]    |                           ^^^^^^ not found in this scope
[INFO] [stderr] 
[INFO] [stderr] error: cannot find attribute `derive` in this scope
[INFO] [stderr]  --> /opt/rustwide/cargo-home/registry/src/index.crates.io-6f17d22bba15001f/base16ct-0.1.1/src/error.rs:7:3
[INFO] [stderr]   |
[INFO] [stderr] 7 | #[derive(Clone, Eq, PartialEq, Debug)]
[INFO] [stderr]   |   ^^^^^^
[INFO] [stderr] 
[INFO] [stderr] error[E0531]: cannot find tuple struct or tuple variant `Some` in this scope
[INFO] [stderr]   --> /opt/rustwide/cargo-home/registry/src/index.crates.io-6f17d22bba15001f/const-oid-0.7.1/src/arcs.rs:50:13
[INFO] [stderr]    |
[INFO] [stderr] 50 |             Some(0) => {
[INFO] [stderr]    |             ^^^^ not found in this scope
[INFO] [stderr] 
[INFO] [stderr] error: cannot find macro `write` in this scope
[INFO] [stderr]  --> /opt/rustwide/cargo-home/registry/src/index.crates.io-6f17d22bba15001f/base16ct-0.1.1/src/display.rs:9:9
[INFO] [stderr]   |
[INFO] [stderr] 9 |         write!(f, "{:X}", self)
[INFO] [stderr]   |         ^^^^^
[INFO] [stderr] 
[INFO] [stderr] error[E0531]: cannot find tuple struct or tuple variant `Some` in this scope
[INFO] [stderr]   --> /opt/rustwide/cargo-home/registry/src/index.crates.io-6f17d22bba15001f/const-oid-0.7.1/src/arcs.rs:55:13
[INFO] [stderr]    |
[INFO] [stderr] 55 |             Some(offset) => {
[INFO] [stderr]    |             ^^^^ not found in this scope
[INFO] [stderr] 
[INFO] [stderr] error[E0531]: cannot find tuple struct or tuple variant `Some` in this scope
[INFO] [stderr]   --> /opt/rustwide/cargo-home/registry/src/index.crates.io-6f17d22bba15001f/const-oid-0.7.1/src/arcs.rs:62:25
[INFO] [stderr]    |
[INFO] [stderr] 62 |                         Some(byte) => {
[INFO] [stderr]    |                         ^^^^ not found in this scope
[INFO] [stderr] 
[INFO] [stderr] error[E0405]: cannot find trait `TryFrom` in this scope
[INFO] [stderr]    --> /opt/rustwide/cargo-home/registry/src/index.crates.io-6f17d22bba15001f/const-oid-0.7.1/src/arcs.rs:116:6
[INFO] [stderr]     |
[INFO] [stderr] 116 | impl TryFrom<u8> for RootArcs {
[INFO] [stderr]     |      ^^^^^^^ not found in this scope
[INFO] [stderr] 
[INFO] [stderr] error: cannot find attribute `derive` in this scope
[INFO] [stderr]  --> /opt/rustwide/cargo-home/registry/src/index.crates.io-6f17d22bba15001f/base16ct-0.1.1/src/display.rs:4:3
[INFO] [stderr]   |
[INFO] [stderr] 4 | #[derive(Copy, Clone, Debug, Eq, PartialEq)]
[INFO] [stderr]   |   ^^^^^^
[INFO] [stderr] 
[INFO] [stderr] error[E0405]: cannot find trait `From` in this scope
[INFO] [stderr]    --> /opt/rustwide/cargo-home/registry/src/index.crates.io-6f17d22bba15001f/const-oid-0.7.1/src/arcs.rs:128:6
[INFO] [stderr]     |
[INFO] [stderr] 128 | impl From<RootArcs> for u8 {
[INFO] [stderr]     |      ^^^^ not found in this scope
[INFO] [stderr] 
[INFO] [stderr] error[E0531]: cannot find tuple struct or tuple variant `Some` in this scope
[INFO] [stderr]    --> /opt/rustwide/cargo-home/registry/src/index.crates.io-6f17d22bba15001f/const-oid-0.7.1/src/lib.rs:129:17
[INFO] [stderr]     |
[INFO] [stderr] 129 |                 Some(byte) => {
[INFO] [stderr]     |                 ^^^^ not found in this scope
[INFO] [stderr] 
[INFO] [stderr] error[E0412]: cannot find type `Option` in this scope
[INFO] [stderr]    --> /opt/rustwide/cargo-home/registry/src/index.crates.io-6f17d22bba15001f/const-oid-0.7.1/src/lib.rs:164:40
[INFO] [stderr]     |
[INFO] [stderr] 164 |     pub fn arc(&self, index: usize) -> Option<Arc> {
[INFO] [stderr]     |                                        ^^^^^^ not found in this scope
[INFO] [stderr] 
[INFO] [stderr] error[E0405]: cannot find trait `AsRef` in this scope
[INFO] [stderr]    --> /opt/rustwide/cargo-home/registry/src/index.crates.io-6f17d22bba15001f/const-oid-0.7.1/src/lib.rs:177:6
[INFO] [stderr]     |
[INFO] [stderr] 177 | impl AsRef<[u8]> for ObjectIdentifier {
[INFO] [stderr]     |      ^^^^^ not found in this scope
[INFO] [stderr] 
[INFO] [stderr] error[E0405]: cannot find trait `TryFrom` in this scope
[INFO] [stderr]    --> /opt/rustwide/cargo-home/registry/src/index.crates.io-6f17d22bba15001f/const-oid-0.7.1/src/lib.rs:213:6
[INFO] [stderr]     |
[INFO] [stderr] 213 | impl TryFrom<&[u8]> for ObjectIdentifier {
[INFO] [stderr]     |      ^^^^^^^ not found in this scope
[INFO] [stderr] 
[INFO] [stderr] error[E0405]: cannot find trait `From` in this scope
[INFO] [stderr]    --> /opt/rustwide/cargo-home/registry/src/index.crates.io-6f17d22bba15001f/const-oid-0.7.1/src/lib.rs:221:6
[INFO] [stderr]     |
[INFO] [stderr] 221 | impl From<&ObjectIdentifier> for ObjectIdentifier {
[INFO] [stderr]     |      ^^^^ not found in this scope
[INFO] [stderr] 
[INFO] [stderr] error[E0463]: can't find crate for `core`
[INFO] [stderr]   --> /opt/rustwide/cargo-home/registry/src/index.crates.io-6f17d22bba15001f/base16ct-0.1.1/src/lower.rs:36:39
[INFO] [stderr]    |
[INFO] [stderr] 36 |     encode(src, dst).map(|r| unsafe { core::str::from_utf8_unchecked(r) })
[INFO] [stderr]    |                                       ^^^^ can't find crate
[INFO] [stderr]    |
[INFO] [stderr]    = note: the `wasm32-unknown-unknown` target may not be installed
[INFO] [stderr]    = help: consider downloading the target with `rustup target add wasm32-unknown-unknown`
[INFO] [stderr] 
[INFO] [stderr] error[E0425]: cannot find function, tuple struct or tuple variant `Some` in this scope
[INFO] [stderr]   --> /opt/rustwide/cargo-home/registry/src/index.crates.io-6f17d22bba15001f/const-oid-0.7.1/src/arcs.rs:47:31
[INFO] [stderr]    |
[INFO] [stderr] 47 |                 self.cursor = Some(0);
[INFO] [stderr]    |                               ^^^^ not found in this scope
[INFO] [stderr] 
[INFO] [stderr] error[E0425]: cannot find function, tuple struct or tuple variant `Some` in this scope
[INFO] [stderr]   --> /opt/rustwide/cargo-home/registry/src/index.crates.io-6f17d22bba15001f/const-oid-0.7.1/src/arcs.rs:48:17
[INFO] [stderr]    |
[INFO] [stderr] 48 |                 Some(root.first_arc())
[INFO] [stderr]    |                 ^^^^ not found in this scope
[INFO] [stderr] 
[INFO] [stderr] error[E0425]: cannot find function, tuple struct or tuple variant `Some` in this scope
[INFO] [stderr]   --> /opt/rustwide/cargo-home/registry/src/index.crates.io-6f17d22bba15001f/const-oid-0.7.1/src/arcs.rs:52:31
[INFO] [stderr]    |
[INFO] [stderr] 52 |                 self.cursor = Some(1);
[INFO] [stderr]    |                               ^^^^ not found in this scope
[INFO] [stderr] 
[INFO] [stderr] error[E0425]: cannot find function, tuple struct or tuple variant `Some` in this scope
[INFO] [stderr]   --> /opt/rustwide/cargo-home/registry/src/index.crates.io-6f17d22bba15001f/const-oid-0.7.1/src/arcs.rs:53:17
[INFO] [stderr]    |
[INFO] [stderr] 53 |                 Some(root.second_arc())
[INFO] [stderr]    |                 ^^^^ not found in this scope
[INFO] [stderr] 
[INFO] [stderr] error[E0425]: cannot find function, tuple struct or tuple variant `Some` in this scope
[INFO] [stderr]   --> /opt/rustwide/cargo-home/registry/src/index.crates.io-6f17d22bba15001f/const-oid-0.7.1/src/arcs.rs:71:47
[INFO] [stderr]    |
[INFO] [stderr] 71 | ...                   self.cursor = Some(offset + arc_bytes);
[INFO] [stderr]    |                                     ^^^^ not found in this scope
[INFO] [stderr] 
[INFO] [stderr] error[E0425]: cannot find function, tuple struct or tuple variant `Some` in this scope
[INFO] [stderr]   --> /opt/rustwide/cargo-home/registry/src/index.crates.io-6f17d22bba15001f/const-oid-0.7.1/src/arcs.rs:72:40
[INFO] [stderr]    |
[INFO] [stderr] 72 | ...                   return Some(result);
[INFO] [stderr]    |                              ^^^^ not found in this scope
[INFO] [stderr] 
[INFO] [stderr] error[E0425]: cannot find function, tuple struct or tuple variant `Err` in this scope
[INFO] [stderr]   --> /opt/rustwide/cargo-home/registry/src/index.crates.io-6f17d22bba15001f/const-oid-0.7.1/src/arcs.rs:98:20
[INFO] [stderr]    |
[INFO] [stderr] 98 |             return Err(Error);
[INFO] [stderr]    |                    ^^^ not found in this scope
[INFO] [stderr] 
[INFO] [stderr] error[E0425]: cannot find function, tuple struct or tuple variant `Ok` in this scope
[INFO] [stderr]    --> /opt/rustwide/cargo-home/registry/src/index.crates.io-6f17d22bba15001f/const-oid-0.7.1/src/arcs.rs:102:9
[INFO] [stderr]     |
[INFO] [stderr] 102 |         Ok(Self(byte))
[INFO] [stderr]     |         ^^ not found in this scope
[INFO] [stderr] 
[INFO] [stderr] error[E0425]: cannot find function, tuple struct or tuple variant `Ok` in this scope
[INFO] [stderr]    --> /opt/rustwide/cargo-home/registry/src/index.crates.io-6f17d22bba15001f/const-oid-0.7.1/src/arcs.rs:124:9
[INFO] [stderr]     |
[INFO] [stderr] 124 |         Ok(result)
[INFO] [stderr]     |         ^^ not found in this scope
[INFO] [stderr] 
[INFO] [stderr] error[E0425]: cannot find function, tuple struct or tuple variant `Ok` in this scope
[INFO] [stderr]    --> /opt/rustwide/cargo-home/registry/src/index.crates.io-6f17d22bba15001f/const-oid-0.7.1/src/encoder.rs:128:5
[INFO] [stderr]     |
[INFO] [stderr] 128 |     Ok(nbytes + 1)
[INFO] [stderr]     |     ^^ not found in this scope
[INFO] [stderr] 
[INFO] [stderr] error[E0425]: cannot find function, tuple struct or tuple variant `Err` in this scope
[INFO] [stderr]   --> /opt/rustwide/cargo-home/registry/src/index.crates.io-6f17d22bba15001f/const-oid-0.7.1/src/lib.rs:92:25
[INFO] [stderr]    |
[INFO] [stderr] 92 |             _ => return Err(Error),
[INFO] [stderr]    |                         ^^^ not found in this scope
[INFO] [stderr] 
[INFO] [stderr] error[E0425]: cannot find function, tuple struct or tuple variant `Ok` in this scope
[INFO] [stderr]    --> /opt/rustwide/cargo-home/registry/src/index.crates.io-6f17d22bba15001f/const-oid-0.7.1/src/lib.rs:101:9
[INFO] [stderr]     |
[INFO] [stderr] 101 |         Ok(Self {
[INFO] [stderr]     |         ^^ not found in this scope
[INFO] [stderr] 
[INFO] [stderr] error[E0425]: cannot find function, tuple struct or tuple variant `Err` in this scope
[INFO] [stderr]    --> /opt/rustwide/cargo-home/registry/src/index.crates.io-6f17d22bba15001f/const-oid-0.7.1/src/lib.rs:112:20
[INFO] [stderr]     |
[INFO] [stderr] 112 |             return Err(Error);
[INFO] [stderr]     |                    ^^^ not found in this scope
[INFO] [stderr] 
[INFO] [stderr] error[E0425]: cannot find function, tuple struct or tuple variant `Err` in this scope
[INFO] [stderr]    --> /opt/rustwide/cargo-home/registry/src/index.crates.io-6f17d22bba15001f/const-oid-0.7.1/src/lib.rs:132:32
[INFO] [stderr]     |
[INFO] [stderr] 132 |                         return Err(Error);
[INFO] [stderr]     |                                ^^^ not found in this scope
[INFO] [stderr] 
[INFO] [stderr] error[E0425]: cannot find function, tuple struct or tuple variant `Err` in this scope
[INFO] [stderr]    --> /opt/rustwide/cargo-home/registry/src/index.crates.io-6f17d22bba15001f/const-oid-0.7.1/src/lib.rs:142:32
[INFO] [stderr]     |
[INFO] [stderr] 142 |                 None => return Err(Error), // truncated OID
[INFO] [stderr]     |                                ^^^ not found in this scope
[INFO] [stderr] 
[INFO] [stderr] error[E0425]: cannot find function, tuple struct or tuple variant `Ok` in this scope
[INFO] [stderr]    --> /opt/rustwide/cargo-home/registry/src/index.crates.io-6f17d22bba15001f/const-oid-0.7.1/src/lib.rs:149:9
[INFO] [stderr]     |
[INFO] [stderr] 149 |         Ok(Self {
[INFO] [stderr]     |         ^^ not found in this scope
[INFO] [stderr] 
[INFO] [stderr] error[E0425]: cannot find function, tuple struct or tuple variant `Ok` in this scope
[INFO] [stderr]    --> /opt/rustwide/cargo-home/registry/src/index.crates.io-6f17d22bba15001f/const-oid-0.7.1/src/lib.rs:202:13
[INFO] [stderr]     |
[INFO] [stderr] 202 |             Ok(Self {
[INFO] [stderr]     |             ^^ not found in this scope
[INFO] [stderr] 
[INFO] [stderr] error[E0405]: cannot find trait `AsMut` in this scope
[INFO] [stderr]   --> /opt/rustwide/cargo-home/registry/src/index.crates.io-6f17d22bba15001f/rand_core-0.6.3/src/block.rs:74:41
[INFO] [stderr]    |
[INFO] [stderr] 74 |     type Results: AsRef<[Self::Item]> + AsMut<[Self::Item]> + Default;
[INFO] [stderr]    |                                         ^^^^^ not found in this scope
[INFO] [stderr] 
[INFO] [stderr] error[E0425]: cannot find function, tuple struct or tuple variant `Err` in this scope
[INFO] [stderr]    --> /opt/rustwide/cargo-home/registry/src/index.crates.io-6f17d22bba15001f/const-oid-0.7.1/src/lib.rs:208:13
[INFO] [stderr]     |
[INFO] [stderr] 208 |             Err(Error)
[INFO] [stderr]     |             ^^^ not found in this scope
[INFO] [stderr] 
[INFO] [stderr] error[E0425]: cannot find function, tuple struct or tuple variant `Ok` in this scope
[INFO] [stderr]    --> /opt/rustwide/cargo-home/registry/src/index.crates.io-6f17d22bba15001f/const-oid-0.7.1/src/lib.rs:245:9
[INFO] [stderr]     |
[INFO] [stderr] 245 |         Ok(())
[INFO] [stderr]     |         ^^ not found in this scope
[INFO] [stderr] 
[INFO] [stderr] error[E0405]: cannot find trait `Default` in this scope
[INFO] [stderr]   --> /opt/rustwide/cargo-home/registry/src/index.crates.io-6f17d22bba15001f/rand_core-0.6.3/src/block.rs:74:63
[INFO] [stderr]    |
[INFO] [stderr] 74 |     type Results: AsRef<[Self::Item]> + AsMut<[Self::Item]> + Default;
[INFO] [stderr]    |                                                               ^^^^^^^ not found in this scope
[INFO] [stderr] 
[INFO] [stderr] Some errors have detailed explanations: E0405, E0412, E0425, E0463, E0531.
[INFO] [stderr] error[E0405]: cannot find trait `Sized` in this scope
[INFO] [stderr]    --> /opt/rustwide/cargo-home/registry/src/index.crates.io-6f17d22bba15001f/rand_core-0.6.3/src/block.rs:123:40
[INFO] [stderr]     |
[INFO] [stderr] 123 | pub struct BlockRng<R: BlockRngCore + ?Sized> {
[INFO] [stderr]     |                                        ^^^^^ not found in this scope
[INFO] [stderr] 
[INFO] [stderr] error[E0405]: cannot find trait `AsMut` in this scope
[INFO] [stderr]    --> /opt/rustwide/cargo-home/registry/src/index.crates.io-6f17d22bba15001f/rand_core-0.6.3/src/block.rs:183:50
[INFO] [stderr]     |
[INFO] [stderr] 183 |     <R as BlockRngCore>::Results: AsRef<[u32]> + AsMut<[u32]>,
[INFO] [stderr]     |                                                  ^^^^^ not found in this scope
[INFO] [stderr] 
[INFO] [stderr] error[E0412]: cannot find type `Result` in this scope
[INFO] [stderr]    --> /opt/rustwide/cargo-home/registry/src/index.crates.io-6f17d22bba15001f/rand_core-0.6.3/src/block.rs:237:54
[INFO] [stderr]     |
[INFO] [stderr] 237 |     fn try_fill_bytes(&mut self, dest: &mut [u8]) -> Result<(), Error> {
[INFO] [stderr]     |                                                      ^^^^^^ not found in this scope
[INFO] [stderr] 
[INFO] [stderr] error[E0412]: cannot find type `Result` in this scope
[INFO] [stderr]    --> /opt/rustwide/cargo-home/registry/src/index.crates.io-6f17d22bba15001f/rand_core-0.6.3/src/block.rs:257:40
[INFO] [stderr]     |
[INFO] [stderr] 257 |     fn from_rng<S: RngCore>(rng: S) -> Result<Self, Error> {
[INFO] [stderr]     |                                        ^^^^^^ not found in this scope
[INFO] [stderr] 
[INFO] [stderr] error[E0405]: cannot find trait `Sized` in this scope
[INFO] [stderr]    --> /opt/rustwide/cargo-home/registry/src/index.crates.io-6f17d22bba15001f/rand_core-0.6.3/src/block.rs:286:42
[INFO] [stderr]     |
[INFO] [stderr] 286 | pub struct BlockRng64<R: BlockRngCore + ?Sized> {
[INFO] [stderr]     |                                          ^^^^^ not found in this scope
[INFO] [stderr] 
[INFO] [stderr] error[E0463]: can't find crate for `core`
[INFO] [stderr]   --> /opt/rustwide/cargo-home/registry/src/index.crates.io-6f17d22bba15001f/base16ct-0.1.1/src/upper.rs:36:39
[INFO] [stderr]    |
[INFO] [stderr] 36 |     encode(src, dst).map(|r| unsafe { core::str::from_utf8_unchecked(r) })
[INFO] [stderr]    |                                       ^^^^ can't find crate
[INFO] [stderr]    |
[INFO] [stderr]    = note: the `wasm32-unknown-unknown` target may not be installed
[INFO] [stderr]    = help: consider downloading the target with `rustup target add wasm32-unknown-unknown`
[INFO] [stderr] 
[INFO] [stderr] error[E0405]: cannot find trait `AsMut` in this scope
[INFO] [stderr]    --> /opt/rustwide/cargo-home/registry/src/index.crates.io-6f17d22bba15001f/rand_core-0.6.3/src/block.rs:351:50
[INFO] [stderr]     |
[INFO] [stderr] 351 |     <R as BlockRngCore>::Results: AsRef<[u64]> + AsMut<[u64]>,
[INFO] [stderr]     |                                                  ^^^^^ not found in this scope
[INFO] [stderr] 
[INFO] [stderr] error: could not compile `const-oid` (lib) due to 51 previous errors
[INFO] [stderr] error[E0412]: cannot find type `Result` in this scope
[INFO] [stderr]    --> /opt/rustwide/cargo-home/registry/src/index.crates.io-6f17d22bba15001f/rand_core-0.6.3/src/block.rs:412:54
[INFO] [stderr]     |
[INFO] [stderr] 412 |     fn try_fill_bytes(&mut self, dest: &mut [u8]) -> Result<(), Error> {
[INFO] [stderr]     |                                                      ^^^^^^ not found in this scope
[INFO] [stderr] 
[INFO] [stderr] error[E0463]: can't find crate for `core`
[INFO] [stderr]  --> /opt/rustwide/cargo-home/registry/src/index.crates.io-6f17d22bba15001f/base16ct-0.1.1/src/error.rs:4:22
[INFO] [stderr]   |
[INFO] [stderr] 4 | pub type Result<T> = core::result::Result<T, Error>;
[INFO] [stderr]   |                      ^^^^ can't find crate
[INFO] [stderr]   |
[INFO] [stderr]   = note: the `wasm32-unknown-unknown` target may not be installed
[INFO] [stderr]   = help: consider downloading the target with `rustup target add wasm32-unknown-unknown`
[INFO] [stderr] 
[INFO] [stderr] error[E0463]: can't find crate for `core`
[INFO] [stderr]   --> /opt/rustwide/cargo-home/registry/src/index.crates.io-6f17d22bba15001f/base16ct-0.1.1/src/error.rs:28:22
[INFO] [stderr]    |
[INFO] [stderr] 28 | impl From<Error> for core::fmt::Error {
[INFO] [stderr]    |                      ^^^^ can't find crate
[INFO] [stderr]    |
[INFO] [stderr]    = note: the `wasm32-unknown-unknown` target may not be installed
[INFO] [stderr]    = help: consider downloading the target with `rustup target add wasm32-unknown-unknown`
[INFO] [stderr] 
[INFO] [stderr] error[E0463]: can't find crate for `core`
[INFO] [stderr]   --> /opt/rustwide/cargo-home/registry/src/index.crates.io-6f17d22bba15001f/base16ct-0.1.1/src/error.rs:29:26
[INFO] [stderr]    |
[INFO] [stderr] 29 |     fn from(_: Error) -> core::fmt::Error {
[INFO] [stderr]    |                          ^^^^ can't find crate
[INFO] [stderr]    |
[INFO] [stderr]    = note: the `wasm32-unknown-unknown` target may not be installed
[INFO] [stderr]    = help: consider downloading the target with `rustup target add wasm32-unknown-unknown`
[INFO] [stderr] 
[INFO] [stderr] error[E0412]: cannot find type `Result` in this scope
[INFO] [stderr]    --> /opt/rustwide/cargo-home/registry/src/index.crates.io-6f17d22bba15001f/rand_core-0.6.3/src/block.rs:432:40
[INFO] [stderr]     |
[INFO] [stderr] 432 |     fn from_rng<S: RngCore>(rng: S) -> Result<Self, Error> {
[INFO] [stderr]     |                                        ^^^^^^ not found in this scope
[INFO] [stderr] 
[INFO] [stderr] error[E0412]: cannot find type `Option` in this scope
[INFO] [stderr]   --> /opt/rustwide/cargo-home/registry/src/index.crates.io-6f17d22bba15001f/rand_core-0.6.3/src/error.rs:87:35
[INFO] [stderr]    |
[INFO] [stderr] 87 |     pub fn raw_os_error(&self) -> Option<i32> {
[INFO] [stderr]    |                                   ^^^^^^ not found in this scope
[INFO] [stderr] 
[INFO] [stderr] error[E0463]: can't find crate for `core`
[INFO] [stderr]   --> /opt/rustwide/cargo-home/registry/src/index.crates.io-6f17d22bba15001f/base16ct-0.1.1/src/error.rs:30:9
[INFO] [stderr]    |
[INFO] [stderr] 30 |         core::fmt::Error::default()
[INFO] [stderr]    |         ^^^^ can't find crate
[INFO] [stderr]    |
[INFO] [stderr]    = note: the `wasm32-unknown-unknown` target may not be installed
[INFO] [stderr]    = help: consider downloading the target with `rustup target add wasm32-unknown-unknown`
[INFO] [stderr] 
[INFO] [stderr] error[E0531]: cannot find tuple struct or tuple variant `Some` in this scope
[INFO] [stderr]   --> /opt/rustwide/cargo-home/registry/src/index.crates.io-6f17d22bba15001f/rand_core-0.6.3/src/error.rs:95:13
[INFO] [stderr]    |
[INFO] [stderr] 95 |             Some(code) if u32::from(code) < Self::INTERNAL_START => Some(u32::from(code) as i32),
[INFO] [stderr]    |             ^^^^ not found in this scope
[INFO] [stderr] 
[INFO] [stderr] error[E0425]: cannot find value `None` in this scope
[INFO] [stderr]   --> /opt/rustwide/cargo-home/registry/src/index.crates.io-6f17d22bba15001f/rand_core-0.6.3/src/error.rs:96:18
[INFO] [stderr]    |
[INFO] [stderr] 96 |             _ => None,
[INFO] [stderr]    |                  ^^^^ not found in this scope
[INFO] [stderr] 
[INFO] [stderr] error[E0412]: cannot find type `Option` in this scope
[INFO] [stderr]    --> /opt/rustwide/cargo-home/registry/src/index.crates.io-6f17d22bba15001f/rand_core-0.6.3/src/error.rs:106:27
[INFO] [stderr]     |
[INFO] [stderr] 106 |     pub fn code(&self) -> Option<NonZeroU32> {
[INFO] [stderr]     |                           ^^^^^^ not found in this scope
[INFO] [stderr] 
[INFO] [stderr] error[E0405]: cannot find trait `From` in this scope
[INFO] [stderr]    --> /opt/rustwide/cargo-home/registry/src/index.crates.io-6f17d22bba15001f/rand_core-0.6.3/src/error.rs:152:6
[INFO] [stderr]     |
[INFO] [stderr] 152 | impl From<NonZeroU32> for Error {
[INFO] [stderr]     |      ^^^^ not found in this scope
[INFO] [stderr] 
[INFO] [stderr] error[E0405]: cannot find trait `Sized` in this scope
[INFO] [stderr]   --> /opt/rustwide/cargo-home/registry/src/index.crates.io-6f17d22bba15001f/rand_core-0.6.3/src/impls.rs:24:39
[INFO] [stderr]    |
[INFO] [stderr] 24 | pub fn next_u64_via_u32<R: RngCore + ?Sized>(rng: &mut R) -> u64 {
[INFO] [stderr]    |                                       ^^^^^ not found in this scope
[INFO] [stderr] 
[INFO] [stderr] error[E0405]: cannot find trait `Sized` in this scope
[INFO] [stderr]   --> /opt/rustwide/cargo-home/registry/src/index.crates.io-6f17d22bba15001f/rand_core-0.6.3/src/impls.rs:37:42
[INFO] [stderr]    |
[INFO] [stderr] 37 | pub fn fill_bytes_via_next<R: RngCore + ?Sized>(rng: &mut R, dest: &mut [u8]) {
[INFO] [stderr]    |                                          ^^^^^ not found in this scope
[INFO] [stderr] 
[INFO] [stderr] error[E0405]: cannot find trait `Sized` in this scope
[INFO] [stderr]    --> /opt/rustwide/cargo-home/registry/src/index.crates.io-6f17d22bba15001f/rand_core-0.6.3/src/impls.rs:136:40
[INFO] [stderr]     |
[INFO] [stderr] 136 | pub fn next_u32_via_fill<R: RngCore + ?Sized>(rng: &mut R) -> u32 {
[INFO] [stderr]     |                                        ^^^^^ not found in this scope
[INFO] [stderr] 
[INFO] [stderr] error[E0405]: cannot find trait `Sized` in this scope
[INFO] [stderr]    --> /opt/rustwide/cargo-home/registry/src/index.crates.io-6f17d22bba15001f/rand_core-0.6.3/src/impls.rs:143:40
[INFO] [stderr]     |
[INFO] [stderr] 143 | pub fn next_u64_via_fill<R: RngCore + ?Sized>(rng: &mut R) -> u64 {
[INFO] [stderr]     |                                        ^^^^^ not found in this scope
[INFO] [stderr] 
[INFO] [stderr] error[E0412]: cannot find type `Result` in this scope
[INFO] [stderr]    --> /opt/rustwide/cargo-home/registry/src/index.crates.io-6f17d22bba15001f/rand_core-0.6.3/src/lib.rs:184:54
[INFO] [stderr]     |
[INFO] [stderr] 184 |     fn try_fill_bytes(&mut self, dest: &mut [u8]) -> Result<(), Error>;
[INFO] [stderr]     |                                                      ^^^^^^ not found in this scope
[INFO] [stderr] 
[INFO] [stderr] error[E0405]: cannot find trait `Sized` in this scope
[INFO] [stderr]    --> /opt/rustwide/cargo-home/registry/src/index.crates.io-6f17d22bba15001f/rand_core-0.6.3/src/lib.rs:217:24
[INFO] [stderr]     |
[INFO] [stderr] 217 | pub trait SeedableRng: Sized {
[INFO] [stderr]     |                        ^^^^^ not found in this scope
[INFO] [stderr] 
[INFO] [stderr] error[E0405]: cannot find trait `Sized` in this scope
[INFO] [stderr]    --> /opt/rustwide/cargo-home/registry/src/index.crates.io-6f17d22bba15001f/rand_core-0.6.3/src/lib.rs:263:16
[INFO] [stderr]     |
[INFO] [stderr] 263 |     type Seed: Sized + Default + AsMut<[u8]>;
[INFO] [stderr]     |                ^^^^^ not found in this scope
[INFO] [stderr] 
[INFO] [stderr] error[E0412]: cannot find type `Result` in this scope
[INFO] [stderr]    --> /opt/rustwide/cargo-home/registry/src/index.crates.io-6f17d22bba15001f/rand_core-0.6.3/src/lib.rs:361:44
[INFO] [stderr]     |
[INFO] [stderr] 361 |     fn from_rng<R: RngCore>(mut rng: R) -> Result<Self, Error> {
[INFO] [stderr]     |                                            ^^^^^^ not found in this scope
[INFO] [stderr] 
[INFO] [stderr] error[E0405]: cannot find trait `Sized` in this scope
[INFO] [stderr]    --> /opt/rustwide/cargo-home/registry/src/index.crates.io-6f17d22bba15001f/rand_core-0.6.3/src/lib.rs:395:24
[INFO] [stderr]     |
[INFO] [stderr] 395 | impl<'a, R: RngCore + ?Sized> RngCore for &'a mut R {
[INFO] [stderr]     |                        ^^^^^ not found in this scope
[INFO] [stderr] 
[INFO] [stderr] error[E0412]: cannot find type `Result` in this scope
[INFO] [stderr]    --> /opt/rustwide/cargo-home/registry/src/index.crates.io-6f17d22bba15001f/rand_core-0.6.3/src/lib.rs:412:54
[INFO] [stderr]     |
[INFO] [stderr] 412 |     fn try_fill_bytes(&mut self, dest: &mut [u8]) -> Result<(), Error> {
[INFO] [stderr]     |                                                      ^^^^^^ not found in this scope
[INFO] [stderr] 
[INFO] [stderr] error[E0405]: cannot find trait `Sized` in this scope
[INFO] [stderr]    --> /opt/rustwide/cargo-home/registry/src/index.crates.io-6f17d22bba15001f/rand_core-0.6.3/src/lib.rs:452:26
[INFO] [stderr]     |
[INFO] [stderr] 452 | impl<'a, R: CryptoRng + ?Sized> CryptoRng for &'a mut R {}
[INFO] [stderr]     |                          ^^^^^ not found in this scope
[INFO] [stderr] 
[INFO] [stderr] error[E0405]: cannot find trait `AsRef` in this scope
[INFO] [stderr]  --> /opt/rustwide/cargo-home/registry/src/index.crates.io-6f17d22bba15001f/base16ct-0.1.1/src/lower.rs:6:25
[INFO] [stderr]   |
[INFO] [stderr] 6 | pub fn decode(src: impl AsRef<[u8]>, dst: &mut [u8]) -> Result<&[u8], Error> {
[INFO] [stderr]   |                         ^^^^^ not found in this scope
[INFO] [stderr] 
[INFO] [stderr] error[E0412]: cannot find type `Result` in this scope
[INFO] [stderr]  --> /opt/rustwide/cargo-home/registry/src/index.crates.io-6f17d22bba15001f/base16ct-0.1.1/src/lower.rs:6:57
[INFO] [stderr]   |
[INFO] [stderr] 6 | pub fn decode(src: impl AsRef<[u8]>, dst: &mut [u8]) -> Result<&[u8], Error> {
[INFO] [stderr]   |                                                         ^^^^^^ not found in this scope
[INFO] [stderr]   |
[INFO] [stderr] help: consider importing this type alias through its public re-export
[INFO] [stderr]   |
[INFO] [stderr] 1 + use crate::Result;
[INFO] [stderr]   |
[INFO] [stderr] 
[INFO] [stderr] error[E0412]: cannot find type `Result` in this scope
[INFO] [stderr]   --> /opt/rustwide/cargo-home/registry/src/index.crates.io-6f17d22bba15001f/base16ct-0.1.1/src/lower.rs:23:53
[INFO] [stderr]    |
[INFO] [stderr] 23 | pub fn encode<'a>(src: &[u8], dst: &'a mut [u8]) -> Result<&'a [u8], Error> {
[INFO] [stderr]    |                                                     ^^^^^^ not found in this scope
[INFO] [stderr]    |
[INFO] [stderr] help: consider importing this type alias through its public re-export
[INFO] [stderr]    |
[INFO] [stderr] 1  + use crate::Result;
[INFO] [stderr]    |
[INFO] [stderr] 
[INFO] [stderr] error[E0412]: cannot find type `Result` in this scope
[INFO] [stderr]   --> /opt/rustwide/cargo-home/registry/src/index.crates.io-6f17d22bba15001f/base16ct-0.1.1/src/lower.rs:35:57
[INFO] [stderr]    |
[INFO] [stderr] 35 | pub fn encode_str<'a>(src: &[u8], dst: &'a mut [u8]) -> Result<&'a str, Error> {
[INFO] [stderr]    |                                                         ^^^^^^ not found in this scope
[INFO] [stderr]    |
[INFO] [stderr] help: consider importing this type alias through its public re-export
[INFO] [stderr]    |
[INFO] [stderr] 1  + use crate::Result;
[INFO] [stderr]    |
[INFO] [stderr] 
[INFO] [stderr] error[E0405]: cannot find trait `AsRef` in this scope
[INFO] [stderr]  --> /opt/rustwide/cargo-home/registry/src/index.crates.io-6f17d22bba15001f/base16ct-0.1.1/src/mixed.rs:6:25
[INFO] [stderr]   |
[INFO] [stderr] 6 | pub fn decode(src: impl AsRef<[u8]>, dst: &mut [u8]) -> Result<&[u8], Error> {
[INFO] [stderr]   |                         ^^^^^ not found in this scope
[INFO] [stderr] 
[INFO] [stderr] error[E0412]: cannot find type `Result` in this scope
[INFO] [stderr]  --> /opt/rustwide/cargo-home/registry/src/index.crates.io-6f17d22bba15001f/base16ct-0.1.1/src/mixed.rs:6:57
[INFO] [stderr]   |
[INFO] [stderr] 6 | pub fn decode(src: impl AsRef<[u8]>, dst: &mut [u8]) -> Result<&[u8], Error> {
[INFO] [stderr]   |                                                         ^^^^^^ not found in this scope
[INFO] [stderr]   |
[INFO] [stderr] help: consider importing this type alias through its public re-export
[INFO] [stderr]   |
[INFO] [stderr] 1 + use crate::Result;
[INFO] [stderr]   |
[INFO] [stderr] 
[INFO] [stderr] error[E0405]: cannot find trait `AsRef` in this scope
[INFO] [stderr]  --> /opt/rustwide/cargo-home/registry/src/index.crates.io-6f17d22bba15001f/base16ct-0.1.1/src/upper.rs:6:25
[INFO] [stderr]   |
[INFO] [stderr] 6 | pub fn decode(src: impl AsRef<[u8]>, dst: &mut [u8]) -> Result<&[u8], Error> {
[INFO] [stderr]   |                         ^^^^^ not found in this scope
[INFO] [stderr] 
[INFO] [stderr] error[E0412]: cannot find type `Result` in this scope
[INFO] [stderr]  --> /opt/rustwide/cargo-home/registry/src/index.crates.io-6f17d22bba15001f/base16ct-0.1.1/src/upper.rs:6:57
[INFO] [stderr]   |
[INFO] [stderr] 6 | pub fn decode(src: impl AsRef<[u8]>, dst: &mut [u8]) -> Result<&[u8], Error> {
[INFO] [stderr]   |                                                         ^^^^^^ not found in this scope
[INFO] [stderr]   |
[INFO] [stderr] help: consider importing this type alias through its public re-export
[INFO] [stderr]   |
[INFO] [stderr] 1 + use crate::Result;
[INFO] [stderr]   |
[INFO] [stderr] 
[INFO] [stderr] error[E0412]: cannot find type `Result` in this scope
[INFO] [stderr]   --> /opt/rustwide/cargo-home/registry/src/index.crates.io-6f17d22bba15001f/base16ct-0.1.1/src/upper.rs:23:53
[INFO] [stderr]    |
[INFO] [stderr] 23 | pub fn encode<'a>(src: &[u8], dst: &'a mut [u8]) -> Result<&'a [u8], Error> {
[INFO] [stderr]    |                                                     ^^^^^^ not found in this scope
[INFO] [stderr]    |
[INFO] [stderr] help: consider importing this type alias through its public re-export
[INFO] [stderr]    |
[INFO] [stderr] 1  + use crate::Result;
[INFO] [stderr]    |
[INFO] [stderr] 
[INFO] [stderr] error[E0412]: cannot find type `Result` in this scope
[INFO] [stderr]   --> /opt/rustwide/cargo-home/registry/src/index.crates.io-6f17d22bba15001f/base16ct-0.1.1/src/upper.rs:35:57
[INFO] [stderr]    |
[INFO] [stderr] 35 | pub fn encode_str<'a>(src: &[u8], dst: &'a mut [u8]) -> Result<&'a str, Error> {
[INFO] [stderr]    |                                                         ^^^^^^ not found in this scope
[INFO] [stderr]    |
[INFO] [stderr] help: consider importing this type alias through its public re-export
[INFO] [stderr]    |
[INFO] [stderr] 1  + use crate::Result;
[INFO] [stderr]    |
[INFO] [stderr] 
[INFO] [stderr] error[E0405]: cannot find trait `From` in this scope
[INFO] [stderr]   --> /opt/rustwide/cargo-home/registry/src/index.crates.io-6f17d22bba15001f/base16ct-0.1.1/src/error.rs:28:6
[INFO] [stderr]    |
[INFO] [stderr] 28 | impl From<Error> for core::fmt::Error {
[INFO] [stderr]    |      ^^^^ not found in this scope
[INFO] [stderr] 
[INFO] [stderr] error[E0405]: cannot find trait `Fn` in this scope
[INFO] [stderr]    --> /opt/rustwide/cargo-home/registry/src/index.crates.io-6f17d22bba15001f/base16ct-0.1.1/src/lib.rs:101:25
[INFO] [stderr]     |
[INFO] [stderr] 101 |     decode_nibble: impl Fn(u8) -> u16,
[INFO] [stderr]     |                         ^^ not found in this scope
[INFO] [stderr] 
[INFO] [stderr] error[E0425]: cannot find function, tuple struct or tuple variant `Ok` in this scope
[INFO] [stderr]    --> /opt/rustwide/cargo-home/registry/src/index.crates.io-6f17d22bba15001f/rand_core-0.6.3/src/block.rs:239:9
[INFO] [stderr]     |
[INFO] [stderr] 239 |         Ok(())
[INFO] [stderr]     |         ^^ not found in this scope
[INFO] [stderr] 
[INFO] [stderr] error[E0425]: cannot find function, tuple struct or tuple variant `Ok` in this scope
[INFO] [stderr]    --> /opt/rustwide/cargo-home/registry/src/index.crates.io-6f17d22bba15001f/rand_core-0.6.3/src/block.rs:258:9
[INFO] [stderr]     |
[INFO] [stderr] 258 |         Ok(Self::new(R::from_rng(rng)?))
[INFO] [stderr]     |         ^^ not found in this scope
[INFO] [stderr] 
[INFO] [stderr] error[E0425]: cannot find function, tuple struct or tuple variant `Ok` in this scope
[INFO] [stderr]    --> /opt/rustwide/cargo-home/registry/src/index.crates.io-6f17d22bba15001f/rand_core-0.6.3/src/block.rs:414:9
[INFO] [stderr]     |
[INFO] [stderr] 414 |         Ok(())
[INFO] [stderr]     |         ^^ not found in this scope
[INFO] [stderr] 
[INFO] [stderr] error[E0425]: cannot find function, tuple struct or tuple variant `Ok` in this scope
[INFO] [stderr]    --> /opt/rustwide/cargo-home/registry/src/index.crates.io-6f17d22bba15001f/rand_core-0.6.3/src/block.rs:433:9
[INFO] [stderr]     |
[INFO] [stderr] 433 |         Ok(Self::new(R::from_rng(rng)?))
[INFO] [stderr]     |         ^^ not found in this scope
[INFO] [stderr] 
[INFO] [stderr] error[E0425]: cannot find function, tuple struct or tuple variant `Ok` in this scope
[INFO] [stderr]   --> /opt/rustwide/cargo-home/registry/src/index.crates.io-6f17d22bba15001f/base16ct-0.1.1/src/lower.rs:31:5
[INFO] [stderr]    |
[INFO] [stderr] 31 |     Ok(dst)
[INFO] [stderr]    |     ^^ not found in this scope
[INFO] [stderr] 
[INFO] [stderr] error[E0425]: cannot find function, tuple struct or tuple variant `Some` in this scope
[INFO] [stderr]   --> /opt/rustwide/cargo-home/registry/src/index.crates.io-6f17d22bba15001f/rand_core-0.6.3/src/error.rs:95:69
[INFO] [stderr]    |
[INFO] [stderr] 95 |             Some(code) if u32::from(code) < Self::INTERNAL_START => Some(u32::from(code) as i32),
[INFO] [stderr]    |                                                                     ^^^^ not found in this scope
[INFO] [stderr] 
[INFO] [stderr] error[E0425]: cannot find function, tuple struct or tuple variant `Ok` in this scope
[INFO] [stderr]   --> /opt/rustwide/cargo-home/registry/src/index.crates.io-6f17d22bba15001f/base16ct-0.1.1/src/upper.rs:31:5
[INFO] [stderr]    |
[INFO] [stderr] 31 |     Ok(dst)
[INFO] [stderr]    |     ^^ not found in this scope
[INFO] [stderr] 
[INFO] [stderr] error[E0425]: cannot find function, tuple struct or tuple variant `Some` in this scope
[INFO] [stderr]    --> /opt/rustwide/cargo-home/registry/src/index.crates.io-6f17d22bba15001f/rand_core-0.6.3/src/error.rs:113:13
[INFO] [stderr]     |
[INFO] [stderr] 113 |             Some(self.code)
[INFO] [stderr]     |             ^^^^ not found in this scope
[INFO] [stderr] 
[INFO] [stderr] error[E0425]: cannot find function, tuple struct or tuple variant `Ok` in this scope
[INFO] [stderr]   --> /opt/rustwide/cargo-home/registry/src/index.crates.io-6f17d22bba15001f/base16ct-0.1.1/src/display.rs:21:9
[INFO] [stderr]    |
[INFO] [stderr] 21 |         Ok(())
[INFO] [stderr]    |         ^^ not found in this scope
[INFO] [stderr] 
[INFO] [stderr] error[E0425]: cannot find function, tuple struct or tuple variant `Ok` in this scope
[INFO] [stderr]    --> /opt/rustwide/cargo-home/registry/src/index.crates.io-6f17d22bba15001f/rand_core-0.6.3/src/lib.rs:364:9
[INFO] [stderr]     |
[INFO] [stderr] 364 |         Ok(Self::from_seed(seed))
[INFO] [stderr]     |         ^^ not found in this scope
[INFO] [stderr] 
[INFO] [stderr] error[E0425]: cannot find function, tuple struct or tuple variant `Ok` in this scope
[INFO] [stderr]   --> /opt/rustwide/cargo-home/registry/src/index.crates.io-6f17d22bba15001f/base16ct-0.1.1/src/display.rs:33:9
[INFO] [stderr]    |
[INFO] [stderr] 33 |         Ok(())
[INFO] [stderr]    |         ^^ not found in this scope
[INFO] [stderr] 
[INFO] [stderr] error[E0425]: cannot find function, tuple struct or tuple variant `Ok` in this scope
[INFO] [stderr]   --> /opt/rustwide/cargo-home/registry/src/index.crates.io-6f17d22bba15001f/base16ct-0.1.1/src/lib.rs:86:9
[INFO] [stderr]    |
[INFO] [stderr] 86 |         Ok(bytes.len() / 2)
[INFO] [stderr]    |         ^^ not found in this scope
[INFO] [stderr] 
[INFO] [stderr] error[E0425]: cannot find function, tuple struct or tuple variant `Err` in this scope
[INFO] [stderr]   --> /opt/rustwide/cargo-home/registry/src/index.crates.io-6f17d22bba15001f/base16ct-0.1.1/src/lib.rs:88:9
[INFO] [stderr]    |
[INFO] [stderr] 88 |         Err(Error::InvalidLength)
[INFO] [stderr]    |         ^^^ not found in this scope
[INFO] [stderr] 
[INFO] [stderr] error[E0425]: cannot find function, tuple struct or tuple variant `Ok` in this scope
[INFO] [stderr]    --> /opt/rustwide/cargo-home/registry/src/index.crates.io-6f17d22bba15001f/base16ct-0.1.1/src/lib.rs:115:14
[INFO] [stderr]     |
[INFO] [stderr] 115 |         0 => Ok(dst),
[INFO] [stderr]     |              ^^ not found in this scope
[INFO] [stderr] 
[INFO] [stderr] error[E0425]: cannot find function, tuple struct or tuple variant `Err` in this scope
[INFO] [stderr]    --> /opt/rustwide/cargo-home/registry/src/index.crates.io-6f17d22bba15001f/base16ct-0.1.1/src/lib.rs:116:14
[INFO] [stderr]     |
[INFO] [stderr] 116 |         _ => Err(Error::InvalidEncoding),
[INFO] [stderr]     |              ^^^ help: a local variable with a similar name exists: `err`
[INFO] [stderr] 
[INFO] [stderr] Some errors have detailed explanations: E0405, E0412, E0425, E0463.
[INFO] [stderr] error: could not compile `rand_core` (lib) due to 65 previous errors
[INFO] [stderr] error: could not compile `base16ct` (lib) due to 33 previous errors
[INFO] [stdout] test test_hello ... FAILED
[INFO] [stdout] 
[INFO] [stdout] failures:
[INFO] [stdout] 
[INFO] [stdout] ---- test_hello stdout ----
[INFO] [stdout] thread 'test_hello' panicked at /opt/rustwide/cargo-home/git/checkouts/radixdlt-scrypto-1833d92590086ce0/8c176b7/scrypto/src/misc/cargo.rs:15:9:
[INFO] [stdout] Failed to compile package: "/opt/rustwide/workdir"
[INFO] [stdout] stack backtrace:
[INFO] [stdout]    0:     0x562ebfb3397c - std::backtrace_rs::backtrace::libunwind::trace::ha637c64ce894333a
[INFO] [stdout]                                at /rustc/82e1608dfa6e0b5569232559e3d385fea5a93112/library/std/src/../../backtrace/src/backtrace/libunwind.rs:104:5
[INFO] [stdout]    1:     0x562ebfb3397c - std::backtrace_rs::backtrace::trace_unsynchronized::h47f62dea28e0c88d
[INFO] [stdout]                                at /rustc/82e1608dfa6e0b5569232559e3d385fea5a93112/library/std/src/../../backtrace/src/backtrace/mod.rs:66:5
[INFO] [stdout]    2:     0x562ebfb3397c - std::sys_common::backtrace::_print_fmt::h9eef0abe20ede486
[INFO] [stdout]                                at /rustc/82e1608dfa6e0b5569232559e3d385fea5a93112/library/std/src/sys_common/backtrace.rs:67:5
[INFO] [stdout]    3:     0x562ebfb3397c - <std::sys_common::backtrace::_print::DisplayBacktrace as core::fmt::Display>::fmt::hed7f999df88cc644
[INFO] [stdout]                                at /rustc/82e1608dfa6e0b5569232559e3d385fea5a93112/library/std/src/sys_common/backtrace.rs:44:22
[INFO] [stdout]    4:     0x562ebfb5fe80 - core::fmt::rt::Argument::fmt::h1539a9308b8d058d
[INFO] [stdout]                                at /rustc/82e1608dfa6e0b5569232559e3d385fea5a93112/library/core/src/fmt/rt.rs:142:9
[INFO] [stdout]    5:     0x562ebfb5fe80 - core::fmt::write::h3a39390d8560d9c9
[INFO] [stdout]                                at /rustc/82e1608dfa6e0b5569232559e3d385fea5a93112/library/core/src/fmt/mod.rs:1120:17
[INFO] [stdout]    6:     0x562ebfb30ecf - std::io::Write::write_fmt::h040b369f3a0f9cbc
[INFO] [stdout]                                at /rustc/82e1608dfa6e0b5569232559e3d385fea5a93112/library/std/src/io/mod.rs:1762:15
[INFO] [stdout]    7:     0x562ebfb33764 - std::sys_common::backtrace::_print::h894006fb5c6f3d45
[INFO] [stdout]                                at /rustc/82e1608dfa6e0b5569232559e3d385fea5a93112/library/std/src/sys_common/backtrace.rs:47:5
[INFO] [stdout]    8:     0x562ebfb33764 - std::sys_common::backtrace::print::h23a2d212c6fff936
[INFO] [stdout]                                at /rustc/82e1608dfa6e0b5569232559e3d385fea5a93112/library/std/src/sys_common/backtrace.rs:34:9
[INFO] [stdout]    9:     0x562ebfb35427 - std::panicking::default_hook::{{closure}}::h8a1d2ee00185001a
[INFO] [stdout]   10:     0x562ebfb35113 - std::panicking::default_hook::h6038f2eba384e475
[INFO] [stdout]                                at /rustc/82e1608dfa6e0b5569232559e3d385fea5a93112/library/std/src/panicking.rs:289:9
[INFO] [stdout]   11:     0x562ebf62c477 - <alloc::boxed::Box<F,A> as core::ops::function::Fn<Args>>::call::h0ad024c9bdc6d768
[INFO] [stdout]                                at /rustc/82e1608dfa6e0b5569232559e3d385fea5a93112/library/alloc/src/boxed.rs:2021:9
[INFO] [stdout]   12:     0x562ebf62c477 - test::test_main::{{closure}}::h7500b54257359db6
[INFO] [stdout]                                at /rustc/82e1608dfa6e0b5569232559e3d385fea5a93112/library/test/src/lib.rs:138:21
[INFO] [stdout]   13:     0x562ebfb35a38 - <alloc::boxed::Box<F,A> as core::ops::function::Fn<Args>>::call::h1f8f335eaa9cfaee
[INFO] [stdout]                                at /rustc/82e1608dfa6e0b5569232559e3d385fea5a93112/library/alloc/src/boxed.rs:2021:9
[INFO] [stdout]   14:     0x562ebfb35a38 - std::panicking::rust_panic_with_hook::h2b5517d590cab22e
[INFO] [stdout]                                at /rustc/82e1608dfa6e0b5569232559e3d385fea5a93112/library/std/src/panicking.rs:783:13
[INFO] [stdout]   15:     0x562ebfb3578e - std::panicking::begin_panic_handler::{{closure}}::h233112c06e0ef43e
[INFO] [stdout]                                at /rustc/82e1608dfa6e0b5569232559e3d385fea5a93112/library/std/src/panicking.rs:657:13
[INFO] [stdout]   16:     0x562ebfb33e46 - std::sys_common::backtrace::__rust_end_short_backtrace::h6e893f24d7ebbff8
[INFO] [stdout]                                at /rustc/82e1608dfa6e0b5569232559e3d385fea5a93112/library/std/src/sys_common/backtrace.rs:170:18
[INFO] [stdout]   17:     0x562ebfb354f2 - rust_begin_unwind
[INFO] [stdout]                                at /rustc/82e1608dfa6e0b5569232559e3d385fea5a93112/library/std/src/panicking.rs:645:5
[INFO] [stdout]   18:     0x562ebf5d7ee5 - core::panicking::panic_fmt::hbf0e066aabfa482c
[INFO] [stdout]                                at /rustc/82e1608dfa6e0b5569232559e3d385fea5a93112/library/core/src/panicking.rs:72:14
[INFO] [stdout]   19:     0x562ebf5f6b13 - scrypto::misc::cargo::compile_package::h27ac9a9211d35173
[INFO] [stdout]                                at /opt/rustwide/cargo-home/git/checkouts/radixdlt-scrypto-1833d92590086ce0/8c176b7/scrypto/src/misc/cargo.rs:15:9
[INFO] [stdout]   20:     0x562ebf5f8388 - lib::test_hello::hdff4eaeb2a9cf75a
[INFO] [stdout]                                at /opt/rustwide/workdir/tests/lib.rs:11:44
[INFO] [stdout]   21:     0x562ebf5f8237 - lib::test_hello::{{closure}}::h299a33e474467251
[INFO] [stdout]                                at /opt/rustwide/workdir/tests/lib.rs:6:16
[INFO] [stdout]   22:     0x562ebf5ebf86 - core::ops::function::FnOnce::call_once::hc5e6d2442e3d9b2c
[INFO] [stdout]                                at /rustc/82e1608dfa6e0b5569232559e3d385fea5a93112/library/core/src/ops/function.rs:250:5
[INFO] [stdout]   23:     0x562ebf631acf - core::ops::function::FnOnce::call_once::h2b5d431d5046312d
[INFO] [stdout]                                at /rustc/82e1608dfa6e0b5569232559e3d385fea5a93112/library/core/src/ops/function.rs:250:5
[INFO] [stdout]   24:     0x562ebf631acf - test::__rust_begin_short_backtrace::h7714669af176e207
[INFO] [stdout]                                at /rustc/82e1608dfa6e0b5569232559e3d385fea5a93112/library/test/src/lib.rs:628:18
[INFO] [stdout]   25:     0x562ebf630ae5 - test::run_test_in_process::{{closure}}::h85218797dcbcec12
[INFO] [stdout]                                at /rustc/82e1608dfa6e0b5569232559e3d385fea5a93112/library/test/src/lib.rs:651:60
[INFO] [stdout]   26:     0x562ebf630ae5 - <core::panic::unwind_safe::AssertUnwindSafe<F> as core::ops::function::FnOnce<()>>::call_once::h76c106ea31c14d7b
[INFO] [stdout]                                at /rustc/82e1608dfa6e0b5569232559e3d385fea5a93112/library/core/src/panic/unwind_safe.rs:272:9
[INFO] [stdout]   27:     0x562ebf630ae5 - std::panicking::try::do_call::h3bd5d0f6620ee946
[INFO] [stdout]                                at /rustc/82e1608dfa6e0b5569232559e3d385fea5a93112/library/std/src/panicking.rs:552:40
[INFO] [stdout]   28:     0x562ebf630ae5 - std::panicking::try::h232e535e4744fe31
[INFO] [stdout]                                at /rustc/82e1608dfa6e0b5569232559e3d385fea5a93112/library/std/src/panicking.rs:516:19
[INFO] [stdout]   29:     0x562ebf630ae5 - std::panic::catch_unwind::h3ce3bd6ca8dbac68
[INFO] [stdout]                                at /rustc/82e1608dfa6e0b5569232559e3d385fea5a93112/library/std/src/panic.rs:142:14
[INFO] [stdout]   30:     0x562ebf630ae5 - test::run_test_in_process::hc97b257c9621286a
[INFO] [stdout]                                at /rustc/82e1608dfa6e0b5569232559e3d385fea5a93112/library/test/src/lib.rs:651:27
[INFO] [stdout]   31:     0x562ebf630ae5 - test::run_test::{{closure}}::h2aa798823a438d38
[INFO] [stdout]                                at /rustc/82e1608dfa6e0b5569232559e3d385fea5a93112/library/test/src/lib.rs:574:43
[INFO] [stdout]   32:     0x562ebf5f8da6 - test::run_test::{{closure}}::h87d231c78fb59832
[INFO] [stdout]                                at /rustc/82e1608dfa6e0b5569232559e3d385fea5a93112/library/test/src/lib.rs:602:41
[INFO] [stdout]   33:     0x562ebf5f8da6 - std::sys_common::backtrace::__rust_begin_short_backtrace::he6df152596625789
[INFO] [stdout]                                at /rustc/82e1608dfa6e0b5569232559e3d385fea5a93112/library/std/src/sys_common/backtrace.rs:154:18
[INFO] [stdout]   34:     0x562ebf5fde57 - std::thread::Builder::spawn_unchecked_::{{closure}}::{{closure}}::ha94be15d1e0acf36
[INFO] [stdout]                                at /rustc/82e1608dfa6e0b5569232559e3d385fea5a93112/library/std/src/thread/mod.rs:529:17
[INFO] [stdout]   35:     0x562ebf5fde57 - <core::panic::unwind_safe::AssertUnwindSafe<F> as core::ops::function::FnOnce<()>>::call_once::h9dc6bd6372f16606
[INFO] [stdout]                                at /rustc/82e1608dfa6e0b5569232559e3d385fea5a93112/library/core/src/panic/unwind_safe.rs:272:9
[INFO] [stdout]   36:     0x562ebf5fde57 - std::panicking::try::do_call::h9057517f80303cd4
[INFO] [stdout]                                at /rustc/82e1608dfa6e0b5569232559e3d385fea5a93112/library/std/src/panicking.rs:552:40
[INFO] [stdout]   37:     0x562ebf5fde57 - std::panicking::try::he3a30b11ee45340c
[INFO] [stdout]                                at /rustc/82e1608dfa6e0b5569232559e3d385fea5a93112/library/std/src/panicking.rs:516:19
[INFO] [stdout]   38:     0x562ebf5fde57 - std::panic::catch_unwind::h410458cfd3528b8b
[INFO] [stdout]                                at /rustc/82e1608dfa6e0b5569232559e3d385fea5a93112/library/std/src/panic.rs:142:14
[INFO] [stdout]   39:     0x562ebf5fde57 - std::thread::Builder::spawn_unchecked_::{{closure}}::h72ac3bdb567b737b
[INFO] [stdout]                                at /rustc/82e1608dfa6e0b5569232559e3d385fea5a93112/library/std/src/thread/mod.rs:528:30
[INFO] [stdout]   40:     0x562ebf5fde57 - core::ops::function::FnOnce::call_once{{vtable.shim}}::h38f34da3654a8344
[INFO] [stdout]                                at /rustc/82e1608dfa6e0b5569232559e3d385fea5a93112/library/core/src/ops/function.rs:250:5
[INFO] [stdout]   41:     0x562ebfb3ab25 - <alloc::boxed::Box<F,A> as core::ops::function::FnOnce<Args>>::call_once::hc7eafaff61e32df9
[INFO] [stdout]                                at /rustc/82e1608dfa6e0b5569232559e3d385fea5a93112/library/alloc/src/boxed.rs:2007:9
[INFO] [stdout]   42:     0x562ebfb3ab25 - <alloc::boxed::Box<F,A> as core::ops::function::FnOnce<Args>>::call_once::h6ba4a5de48dd2304
[INFO] [stdout]                                at /rustc/82e1608dfa6e0b5569232559e3d385fea5a93112/library/alloc/src/boxed.rs:2007:9
[INFO] [stdout]   43:     0x562ebfb3ab25 - std::sys::unix::thread::Thread::new::thread_start::he469335aef763e45
[INFO] [stdout]                                at /rustc/82e1608dfa6e0b5569232559e3d385fea5a93112/library/std/src/sys/unix/thread.rs:108:17
[INFO] [stdout]   44:     0x7f48727d2ac3 - <unknown>
[INFO] [stdout]   45:     0x7f4872863bf4 - __clone
[INFO] [stdout]   46:                0x0 - <unknown>
[INFO] [stdout] 
[INFO] [stdout] 
[INFO] [stdout] failures:
[INFO] [stdout]     test_hello
[INFO] [stdout] 
[INFO] [stdout] test result: FAILED. 0 passed; 1 failed; 0 ignored; 0 measured; 0 filtered out; finished in 0.88s
[INFO] [stdout] 
[INFO] [stderr] error: test failed, to rerun pass `--test lib`
[INFO] running `Command { std: "docker" "inspect" "0782d4d39642b6324af6d45ad792651ff5dbef1c42528c9427fa4d918c44d507", kill_on_drop: false }`
[INFO] running `Command { std: "docker" "rm" "-f" "0782d4d39642b6324af6d45ad792651ff5dbef1c42528c9427fa4d918c44d507", kill_on_drop: false }`
[INFO] [stdout] 0782d4d39642b6324af6d45ad792651ff5dbef1c42528c9427fa4d918c44d507
[INFO] testing abdulhaseeb13mar/messiToken-scrypto against beta-2023-12-22 for beta-1.76-1
[INFO] running `Command { std: "git" "clone" "/workspace/cache/git-repos/https%3A%2F%2Fgithub.com%2Fabdulhaseeb13mar%2FmessiToken-scrypto" "/workspace/builds/worker-0-tc2/source", kill_on_drop: false }`
[INFO] [stderr] Cloning into '/workspace/builds/worker-0-tc2/source'...
[INFO] [stderr] done.
[INFO] validating manifest of git repo https://github.com/abdulhaseeb13mar/messiToken-scrypto on toolchain beta-2023-12-22
[INFO] running `Command { std: CARGO_HOME="/workspace/cargo-home" RUSTUP_HOME="/workspace/rustup-home" "/workspace/cargo-home/bin/cargo" "+beta-2023-12-22" "metadata" "--manifest-path" "Cargo.toml" "--no-deps", kill_on_drop: false }`
[INFO] started tweaking git repo https://github.com/abdulhaseeb13mar/messiToken-scrypto
[INFO] finished tweaking git repo https://github.com/abdulhaseeb13mar/messiToken-scrypto
[INFO] tweaked toml for git repo https://github.com/abdulhaseeb13mar/messiToken-scrypto written to /workspace/builds/worker-0-tc2/source/Cargo.toml
[INFO] crate git repo https://github.com/abdulhaseeb13mar/messiToken-scrypto already has a lockfile, it will not be regenerated
[INFO] running `Command { std: CARGO_HOME="/workspace/cargo-home" RUSTUP_HOME="/workspace/rustup-home" "/workspace/cargo-home/bin/cargo" "+beta-2023-12-22" "fetch" "--manifest-path" "Cargo.toml", kill_on_drop: false }`
[INFO] running `Command { std: "docker" "create" "-v" "/var/lib/crater-agent-workspace/builds/worker-0-tc2/target:/opt/rustwide/target:rw,Z" "-v" "/var/lib/crater-agent-workspace/builds/worker-0-tc2/source:/opt/rustwide/workdir:ro,Z" "-v" "/var/lib/crater-agent-workspace/cargo-home:/opt/rustwide/cargo-home:ro,Z" "-v" "/var/lib/crater-agent-workspace/rustup-home:/opt/rustwide/rustup-home:ro,Z" "-e" "SOURCE_DIR=/opt/rustwide/workdir" "-e" "CARGO_TARGET_DIR=/opt/rustwide/target" "-e" "CARGO_HOME=/opt/rustwide/cargo-home" "-e" "RUSTUP_HOME=/opt/rustwide/rustup-home" "-w" "/opt/rustwide/workdir" "-m" "1610612736" "--user" "0:0" "--network" "none" "ghcr.io/rust-lang/crates-build-env/linux@sha256:2788e3201cd34a07e3172128adcd8b3090168a8e3bcc40d7c032b9dda1df7d1c" "/opt/rustwide/cargo-home/bin/cargo" "+beta-2023-12-22" "metadata" "--no-deps" "--format-version=1", kill_on_drop: false }`
[INFO] [stdout] 958a381b9f8d705fe94aa2f1b478c5059e9115fc1b95a7f1c0bc086514fe39f5
[INFO] running `Command { std: "docker" "start" "-a" "958a381b9f8d705fe94aa2f1b478c5059e9115fc1b95a7f1c0bc086514fe39f5", kill_on_drop: false }`
[INFO] running `Command { std: "docker" "inspect" "958a381b9f8d705fe94aa2f1b478c5059e9115fc1b95a7f1c0bc086514fe39f5", kill_on_drop: false }`
[INFO] running `Command { std: "docker" "rm" "-f" "958a381b9f8d705fe94aa2f1b478c5059e9115fc1b95a7f1c0bc086514fe39f5", kill_on_drop: false }`
[INFO] [stdout] 958a381b9f8d705fe94aa2f1b478c5059e9115fc1b95a7f1c0bc086514fe39f5
[INFO] running `Command { std: "docker" "create" "-v" "/var/lib/crater-agent-workspace/builds/worker-0-tc2/target:/opt/rustwide/target:rw,Z" "-v" "/var/lib/crater-agent-workspace/builds/worker-0-tc2/source:/opt/rustwide/workdir:ro,Z" "-v" "/var/lib/crater-agent-workspace/cargo-home:/opt/rustwide/cargo-home:ro,Z" "-v" "/var/lib/crater-agent-workspace/rustup-home:/opt/rustwide/rustup-home:ro,Z" "-e" "SOURCE_DIR=/opt/rustwide/workdir" "-e" "CARGO_TARGET_DIR=/opt/rustwide/target" "-e" "CARGO_INCREMENTAL=0" "-e" "RUST_BACKTRACE=full" "-e" "RUSTFLAGS=--cap-lints=warn" "-e" "RUSTDOCFLAGS=--cap-lints=warn" "-e" "CARGO_HOME=/opt/rustwide/cargo-home" "-e" "RUSTUP_HOME=/opt/rustwide/rustup-home" "-w" "/opt/rustwide/workdir" "-m" "1610612736" "--user" "0:0" "--network" "none" "ghcr.io/rust-lang/crates-build-env/linux@sha256:2788e3201cd34a07e3172128adcd8b3090168a8e3bcc40d7c032b9dda1df7d1c" "/opt/rustwide/cargo-home/bin/cargo" "+beta-2023-12-22" "build" "--frozen" "--message-format=json", kill_on_drop: false }`
[INFO] [stdout] d11dcde24a75d392fdb7487a23cb60faf4148c52a5c26536fa0c4d98d08632fa
[INFO] running `Command { std: "docker" "start" "-a" "d11dcde24a75d392fdb7487a23cb60faf4148c52a5c26536fa0c4d98d08632fa", kill_on_drop: false }`
[INFO] [stderr]    Compiling typenum v1.15.0
[INFO] [stderr]    Compiling version_check v0.9.4
[INFO] [stderr]    Compiling proc-macro2 v1.0.40
[INFO] [stderr]    Compiling unicode-ident v1.0.2
[INFO] [stderr]    Compiling quote v1.0.20
[INFO] [stderr]    Compiling syn v1.0.98
[INFO] [stderr]    Compiling libc v0.2.126
[INFO] [stderr]    Compiling subtle v2.4.1
[INFO] [stderr]    Compiling serde_derive v1.0.139
[INFO] [stderr]    Compiling autocfg v1.1.0
[INFO] [stderr]    Compiling rand_core v0.6.3
[INFO] [stderr]    Compiling serde v1.0.139
[INFO] [stderr]    Compiling zeroize v1.5.6
[INFO] [stderr]    Compiling const-oid v0.7.1
[INFO] [stderr]    Compiling base16ct v0.1.1
[INFO] [stderr]    Compiling serde_json v1.0.82
[INFO] [stderr]    Compiling cpufeatures v0.2.2
[INFO] [stderr]    Compiling opaque-debug v0.3.0
[INFO] [stderr]    Compiling itoa v1.0.2
[INFO] [stderr]    Compiling ff v0.11.1
[INFO] [stderr]    Compiling der v0.5.1
[INFO] [stderr]    Compiling ryu v1.0.10
[INFO] [stderr]    Compiling group v0.11.0
[INFO] [stderr]    Compiling keccak v0.1.2
[INFO] [stderr]    Compiling hex v0.4.3
[INFO] [stderr]    Compiling generic-array v0.14.5
[INFO] [stderr]    Compiling num-traits v0.2.15
[INFO] [stderr]    Compiling num-integer v0.1.45
[INFO] [stderr]    Compiling num-bigint v0.4.3
[INFO] [stderr]    Compiling getrandom v0.2.7
[INFO] [stderr]    Compiling uuid v0.8.2
[INFO] [stderr]    Compiling digest v0.9.0
[INFO] [stderr]    Compiling crypto-mac v0.11.1
[INFO] [stderr]    Compiling crypto-bigint v0.3.2
[INFO] [stderr]    Compiling sec1 v0.2.1
[INFO] [stderr]    Compiling crypto-common v0.1.6
[INFO] [stderr]    Compiling block-buffer v0.10.2
[INFO] [stderr]    Compiling block-buffer v0.9.0
[INFO] [stderr]    Compiling signature v1.4.0
[INFO] [stderr]    Compiling sha2 v0.9.9
[INFO] [stderr]    Compiling hmac v0.11.0
[INFO] [stderr]    Compiling digest v0.10.3
[INFO] [stderr]    Compiling sha3 v0.10.1
[INFO] [stderr]    Compiling elliptic-curve v0.11.12
[INFO] [stderr]    Compiling rfc6979 v0.1.0
[INFO] [stderr]    Compiling ecdsa v0.13.4
[INFO] [stderr]    Compiling p256 v0.10.1 (https://github.com/radixdlt/elliptic-curves?branch=alloc#e747aa3e)
[INFO] [stderr]    Compiling toml v0.5.9
[INFO] [stderr]    Compiling sbor-derive v0.4.1 (https://github.com/radixdlt/radixdlt-scrypto?tag=v0.4.1#8c176b71)
[INFO] [stderr]    Compiling sbor v0.4.1 (https://github.com/radixdlt/radixdlt-scrypto?tag=v0.4.1#8c176b71)
[INFO] [stderr]    Compiling scrypto-abi v0.4.1 (https://github.com/radixdlt/radixdlt-scrypto?tag=v0.4.1#8c176b71)
[INFO] [stderr]    Compiling cargo_toml v0.10.3
[INFO] [stderr]    Compiling scrypto-derive v0.4.1 (https://github.com/radixdlt/radixdlt-scrypto?tag=v0.4.1#8c176b71)
[INFO] [stderr]    Compiling scrypto v0.4.1 (https://github.com/radixdlt/radixdlt-scrypto?tag=v0.4.1#8c176b71)
[INFO] [stderr]    Compiling messi-token v0.1.0 (/opt/rustwide/workdir)
[INFO] [stderr]     Finished dev [unoptimized + debuginfo] target(s) in 13.48s
[INFO] running `Command { std: "docker" "inspect" "d11dcde24a75d392fdb7487a23cb60faf4148c52a5c26536fa0c4d98d08632fa", kill_on_drop: false }`
[INFO] running `Command { std: "docker" "rm" "-f" "d11dcde24a75d392fdb7487a23cb60faf4148c52a5c26536fa0c4d98d08632fa", kill_on_drop: false }`
[INFO] [stdout] d11dcde24a75d392fdb7487a23cb60faf4148c52a5c26536fa0c4d98d08632fa
[INFO] running `Command { std: "docker" "create" "-v" "/var/lib/crater-agent-workspace/builds/worker-0-tc2/target:/opt/rustwide/target:rw,Z" "-v" "/var/lib/crater-agent-workspace/builds/worker-0-tc2/source:/opt/rustwide/workdir:ro,Z" "-v" "/var/lib/crater-agent-workspace/cargo-home:/opt/rustwide/cargo-home:ro,Z" "-v" "/var/lib/crater-agent-workspace/rustup-home:/opt/rustwide/rustup-home:ro,Z" "-e" "SOURCE_DIR=/opt/rustwide/workdir" "-e" "CARGO_TARGET_DIR=/opt/rustwide/target" "-e" "CARGO_INCREMENTAL=0" "-e" "RUST_BACKTRACE=full" "-e" "RUSTFLAGS=--cap-lints=warn" "-e" "RUSTDOCFLAGS=--cap-lints=warn" "-e" "CARGO_HOME=/opt/rustwide/cargo-home" "-e" "RUSTUP_HOME=/opt/rustwide/rustup-home" "-w" "/opt/rustwide/workdir" "-m" "1610612736" "--user" "0:0" "--network" "none" "ghcr.io/rust-lang/crates-build-env/linux@sha256:2788e3201cd34a07e3172128adcd8b3090168a8e3bcc40d7c032b9dda1df7d1c" "/opt/rustwide/cargo-home/bin/cargo" "+beta-2023-12-22" "test" "--frozen" "--no-run" "--message-format=json", kill_on_drop: false }`
[INFO] [stdout] 47aace8f532c987bec2dfc0031fd05b0aeccd550e70da3fbe43c952a5c97e299
[INFO] running `Command { std: "docker" "start" "-a" "47aace8f532c987bec2dfc0031fd05b0aeccd550e70da3fbe43c952a5c97e299", kill_on_drop: false }`
[INFO] [stderr]    Compiling libc v0.2.126
[INFO] [stderr]    Compiling ahash v0.7.6
[INFO] [stderr]    Compiling num-rational v0.4.1
[INFO] [stderr]    Compiling libm v0.2.2
[INFO] [stderr]    Compiling once_cell v1.13.0
[INFO] [stderr]    Compiling parity-wasm v0.42.2
[INFO] [stderr]    Compiling indexmap v1.8.1 (https://github.com/bluss/indexmap?tag=1.8.1#275379c4)
[INFO] [stderr]    Compiling memory_units v0.4.0
[INFO] [stderr]    Compiling downcast-rs v1.2.0
[INFO] [stderr]    Compiling lazy_static v1.4.0
[INFO] [stderr]    Compiling bencher v0.1.5
[INFO] [stderr]    Compiling getrandom v0.2.7
[INFO] [stderr]    Compiling atty v0.2.14
[INFO] [stderr]    Compiling colored v2.0.0
[INFO] [stderr]    Compiling uuid v0.8.2
[INFO] [stderr]    Compiling hashbrown v0.11.2
[INFO] [stderr]    Compiling sbor-derive v0.4.1 (https://github.com/radixdlt/radixdlt-scrypto?tag=v0.4.1#8c176b71)
[INFO] [stderr]    Compiling wasmi_core v0.1.0 (https://github.com/radixdlt/wasmi?branch=expose-exports#e331fa3d)
[INFO] [stderr]    Compiling wasmi-validation v0.4.1 (https://github.com/radixdlt/wasmi?branch=expose-exports#e331fa3d)
[INFO] [stderr]    Compiling lru v0.7.7
[INFO] [stderr]    Compiling wasmi v0.11.0 (https://github.com/radixdlt/wasmi?branch=expose-exports#e331fa3d)
[INFO] [stderr]    Compiling sbor v0.4.1 (https://github.com/radixdlt/radixdlt-scrypto?tag=v0.4.1#8c176b71)
[INFO] [stderr]    Compiling scrypto-abi v0.4.1 (https://github.com/radixdlt/radixdlt-scrypto?tag=v0.4.1#8c176b71)
[INFO] [stderr]    Compiling scrypto-derive v0.4.1 (https://github.com/radixdlt/radixdlt-scrypto?tag=v0.4.1#8c176b71)
[INFO] [stderr]    Compiling scrypto v0.4.1 (https://github.com/radixdlt/radixdlt-scrypto?tag=v0.4.1#8c176b71)
[INFO] [stderr]    Compiling radix-engine v0.4.1 (https://github.com/radixdlt/radixdlt-scrypto?tag=v0.4.1#8c176b71)
[INFO] [stderr]    Compiling messi-token v0.1.0 (/opt/rustwide/workdir)
[INFO] [stderr]     Finished test [unoptimized + debuginfo] target(s) in 8.21s
[INFO] running `Command { std: "docker" "inspect" "47aace8f532c987bec2dfc0031fd05b0aeccd550e70da3fbe43c952a5c97e299", kill_on_drop: false }`
[INFO] running `Command { std: "docker" "rm" "-f" "47aace8f532c987bec2dfc0031fd05b0aeccd550e70da3fbe43c952a5c97e299", kill_on_drop: false }`
[INFO] [stdout] 47aace8f532c987bec2dfc0031fd05b0aeccd550e70da3fbe43c952a5c97e299
[INFO] running `Command { std: "docker" "create" "-v" "/var/lib/crater-agent-workspace/builds/worker-0-tc2/target:/opt/rustwide/target:rw,Z" "-v" "/var/lib/crater-agent-workspace/builds/worker-0-tc2/source:/opt/rustwide/workdir:ro,Z" "-v" "/var/lib/crater-agent-workspace/cargo-home:/opt/rustwide/cargo-home:ro,Z" "-v" "/var/lib/crater-agent-workspace/rustup-home:/opt/rustwide/rustup-home:ro,Z" "-e" "SOURCE_DIR=/opt/rustwide/workdir" "-e" "CARGO_TARGET_DIR=/opt/rustwide/target" "-e" "CARGO_INCREMENTAL=0" "-e" "RUST_BACKTRACE=full" "-e" "RUSTFLAGS=--cap-lints=warn" "-e" "RUSTDOCFLAGS=--cap-lints=warn" "-e" "CARGO_HOME=/opt/rustwide/cargo-home" "-e" "RUSTUP_HOME=/opt/rustwide/rustup-home" "-w" "/opt/rustwide/workdir" "-m" "1610612736" "--user" "0:0" "--network" "none" "ghcr.io/rust-lang/crates-build-env/linux@sha256:2788e3201cd34a07e3172128adcd8b3090168a8e3bcc40d7c032b9dda1df7d1c" "/opt/rustwide/cargo-home/bin/cargo" "+beta-2023-12-22" "test" "--frozen", kill_on_drop: false }`
[INFO] [stdout] f24546c48b23c4d67762afa491da276cabab6b0fe110f73c1e104988b2991724
[INFO] running `Command { std: "docker" "start" "-a" "f24546c48b23c4d67762afa491da276cabab6b0fe110f73c1e104988b2991724", kill_on_drop: false }`
[INFO] [stderr]     Finished test [unoptimized + debuginfo] target(s) in 0.07s
[INFO] [stderr]      Running unittests src/lib.rs (/opt/rustwide/target/debug/deps/messi_token-ef1e157b6f0490a0)
[INFO] [stdout] 
[INFO] [stdout] running 0 tests
[INFO] [stdout] 
[INFO] [stdout] test result: ok. 0 passed; 0 failed; 0 ignored; 0 measured; 0 filtered out; finished in 0.00s
[INFO] [stdout] 
[INFO] [stderr]      Running tests/lib.rs (/opt/rustwide/target/debug/deps/lib-121d8fa2a93ed7bc)
[INFO] [stdout] 
[INFO] [stdout] running 1 test
[INFO] [stderr]    Compiling version_check v0.9.4
[INFO] [stderr]    Compiling typenum v1.15.0
[INFO] [stderr]    Compiling proc-macro2 v1.0.40
[INFO] [stderr]    Compiling unicode-ident v1.0.2
[INFO] [stderr]    Compiling quote v1.0.20
[INFO] [stderr]    Compiling syn v1.0.98
[INFO] [stderr]    Compiling libc v0.2.126
[INFO] [stderr]    Compiling subtle v2.4.1
[INFO] [stderr]    Compiling serde_derive v1.0.139
[INFO] [stderr]    Compiling autocfg v1.1.0
[INFO] [stderr]    Compiling cfg-if v1.0.0
[INFO] [stderr]    Compiling rand_core v0.6.3
[INFO] [stderr]    Compiling serde v1.0.139
[INFO] [stderr]    Compiling zeroize v1.5.6
[INFO] [stderr]    Compiling const-oid v0.7.1
[INFO] [stderr] error[E0463]: can't find crate for `core`
[INFO] [stderr]   |
[INFO] [stderr]   = note: the `wasm32-unknown-unknown` target may not be installed
[INFO] [stderr]   = help: consider downloading the target with `rustup target add wasm32-unknown-unknown`
[INFO] [stderr] 
[INFO] [stderr] error[E0463]: can't find crate for `compiler_builtins`
[INFO] [stderr] 
[INFO] [stderr] error: cannot find attribute `derive` in this scope
[INFO] [stderr]    --> /opt/rustwide/cargo-home/registry/src/index.crates.io-6f17d22bba15001f/subtle-2.4.1/src/lib.rs:110:3
[INFO] [stderr]     |
[INFO] [stderr] 110 | #[derive(Copy, Clone, Debug)]
[INFO] [stderr]     |   ^^^^^^
[INFO] [stderr] 
[INFO] [stderr] error: cannot find macro `debug_assert` in this scope
[INFO] [stderr]    --> /opt/rustwide/cargo-home/registry/src/index.crates.io-6f17d22bba15001f/subtle-2.4.1/src/lib.rs:145:9
[INFO] [stderr]     |
[INFO] [stderr] 145 |         debug_assert!((source.0 == 0u8) | (source.0 == 1u8));
[INFO] [stderr]     |         ^^^^^^^^^^^^
[INFO] [stderr] 
[INFO] [stderr] error: cannot find macro `debug_assert` in this scope
[INFO] [stderr]    --> /opt/rustwide/cargo-home/registry/src/index.crates.io-6f17d22bba15001f/subtle-2.4.1/src/lib.rs:215:5
[INFO] [stderr]     |
[INFO] [stderr] 215 |     debug_assert!((input == 0u8) | (input == 1u8));
[INFO] [stderr]     |     ^^^^^^^^^^^^
[INFO] [stderr] 
[INFO] [stderr] error: cannot find attribute `derive` in this scope
[INFO] [stderr]    --> /opt/rustwide/cargo-home/registry/src/index.crates.io-6f17d22bba15001f/subtle-2.4.1/src/lib.rs:569:3
[INFO] [stderr]     |
[INFO] [stderr] 569 | #[derive(Clone, Copy, Debug)]
[INFO] [stderr]     |   ^^^^^^
[INFO] [stderr] 
[INFO] [stderr] error: cannot find macro `assert_eq` in this scope
[INFO] [stderr]    --> /opt/rustwide/cargo-home/registry/src/index.crates.io-6f17d22bba15001f/subtle-2.4.1/src/lib.rs:612:9
[INFO] [stderr]     |
[INFO] [stderr] 612 |         assert_eq!(self.is_some.unwrap_u8(), 1);
[INFO] [stderr]     |         ^^^^^^^^^
[INFO] [stderr] 
[INFO] [stderr] error[E0405]: cannot find trait `From` in this scope
[INFO] [stderr]    --> /opt/rustwide/cargo-home/registry/src/index.crates.io-6f17d22bba15001f/subtle-2.4.1/src/lib.rs:129:6
[INFO] [stderr]     |
[INFO] [stderr] 129 | impl From<Choice> for bool {
[INFO] [stderr]     |      ^^^^ not found in this scope
[INFO] [stderr] 
[INFO] [stderr] error[E0405]: cannot find trait `From` in this scope
[INFO] [stderr]    --> /opt/rustwide/cargo-home/registry/src/index.crates.io-6f17d22bba15001f/subtle-2.4.1/src/lib.rs:230:6
[INFO] [stderr]     |
[INFO] [stderr] 230 | impl From<u8> for Choice {
[INFO] [stderr]     |      ^^^^ not found in this scope
[INFO] [stderr] 
[INFO] [stderr] error[E0405]: cannot find trait `Copy` in this scope
[INFO] [stderr]    --> /opt/rustwide/cargo-home/registry/src/index.crates.io-6f17d22bba15001f/subtle-2.4.1/src/lib.rs:357:36
[INFO] [stderr]     |
[INFO] [stderr] 357 | pub trait ConditionallySelectable: Copy {
[INFO] [stderr]     |                                    ^^^^ not found in this scope
[INFO] [stderr] 
[INFO] [stderr] error[E0405]: cannot find trait `From` in this scope
[INFO] [stderr]    --> /opt/rustwide/cargo-home/registry/src/index.crates.io-6f17d22bba15001f/subtle-2.4.1/src/lib.rs:575:9
[INFO] [stderr]     |
[INFO] [stderr] 575 | impl<T> From<CtOption<T>> for Option<T> {
[INFO] [stderr]     |         ^^^^ not found in this scope
[INFO] [stderr] 
[INFO] [stderr] error[E0425]: cannot find value `None` in this scope
[INFO] [stderr]    --> /opt/rustwide/cargo-home/registry/src/index.crates.io-6f17d22bba15001f/subtle-2.4.1/src/lib.rs:589:13
[INFO] [stderr]     |
[INFO] [stderr] 589 |             None
[INFO] [stderr]     |             ^^^^ not found in this scope
[INFO] [stderr] 
[INFO] [stderr] error[E0405]: cannot find trait `FnOnce` in this scope
[INFO] [stderr]    --> /opt/rustwide/cargo-home/registry/src/index.crates.io-6f17d22bba15001f/subtle-2.4.1/src/lib.rs:633:12
[INFO] [stderr]     |
[INFO] [stderr] 633 |         F: FnOnce() -> T,
[INFO] [stderr]     |            ^^^^^^ not found in this scope
[INFO] [stderr] 
[INFO] [stderr] error[E0405]: cannot find trait `Default` in this scope
[INFO] [stderr]    --> /opt/rustwide/cargo-home/registry/src/index.crates.io-6f17d22bba15001f/subtle-2.4.1/src/lib.rs:661:12
[INFO] [stderr]     |
[INFO] [stderr] 661 |         T: Default + ConditionallySelectable,
[INFO] [stderr]     |            ^^^^^^^ not found in this scope
[INFO] [stderr] 
[INFO] [stderr] error[E0405]: cannot find trait `FnOnce` in this scope
[INFO] [stderr]    --> /opt/rustwide/cargo-home/registry/src/index.crates.io-6f17d22bba15001f/subtle-2.4.1/src/lib.rs:662:12
[INFO] [stderr]     |
[INFO] [stderr] 662 |         F: FnOnce(T) -> U,
[INFO] [stderr]     |            ^^^^^^ not found in this scope
[INFO] [stderr] 
[INFO] [stderr] error[E0405]: cannot find trait `Default` in this scope
[INFO] [stderr]    --> /opt/rustwide/cargo-home/registry/src/index.crates.io-6f17d22bba15001f/subtle-2.4.1/src/lib.rs:684:12
[INFO] [stderr]     |
[INFO] [stderr] 684 |         T: Default + ConditionallySelectable,
[INFO] [stderr]     |            ^^^^^^^ not found in this scope
[INFO] [stderr] 
[INFO] [stderr] error[E0405]: cannot find trait `FnOnce` in this scope
[INFO] [stderr]    --> /opt/rustwide/cargo-home/registry/src/index.crates.io-6f17d22bba15001f/subtle-2.4.1/src/lib.rs:685:12
[INFO] [stderr]     |
[INFO] [stderr] 685 |         F: FnOnce(T) -> CtOption<U>,
[INFO] [stderr]     |            ^^^^^^ not found in this scope
[INFO] [stderr] 
[INFO] [stderr] error[E0405]: cannot find trait `FnOnce` in this scope
[INFO] [stderr]    --> /opt/rustwide/cargo-home/registry/src/index.crates.io-6f17d22bba15001f/subtle-2.4.1/src/lib.rs:703:12
[INFO] [stderr]     |
[INFO] [stderr] 703 |         F: FnOnce() -> CtOption<T>,
[INFO] [stderr]     |            ^^^^^^ not found in this scope
[INFO] [stderr] 
[INFO] [stderr]    Compiling serde_json v1.0.82
[INFO] [stderr] Some errors have detailed explanations: E0405, E0425, E0463.
[INFO] [stderr] For more information about an error, try `rustc --explain E0405`.
[INFO] [stderr] error[E0463]: can't find crate for `core`
[INFO] [stderr]   --> /opt/rustwide/cargo-home/registry/src/index.crates.io-6f17d22bba15001f/rand_core-0.6.3/src/lib.rs:41:5
[INFO] [stderr]    |
[INFO] [stderr] 41 | use core::convert::AsMut;
[INFO] [stderr]    |     ^^^^ can't find crate
[INFO] [stderr]    |
[INFO] [stderr]    = note: the `wasm32-unknown-unknown` target may not be installed
[INFO] [stderr]    = help: consider downloading the target with `rustup target add wasm32-unknown-unknown`
[INFO] [stderr] 
[INFO] [stderr] error: could not compile `subtle` (lib) due to 18 previous errors
[INFO] [stderr] warning: build failed, waiting for other jobs to finish...
[INFO] [stderr] error[E0463]: can't find crate for `core`
[INFO] [stderr]  --> /opt/rustwide/cargo-home/registry/src/index.crates.io-6f17d22bba15001f/const-oid-0.7.1/src/arcs.rs:4:5
[INFO] [stderr]   |
[INFO] [stderr] 4 | use core::mem;
[INFO] [stderr]   |     ^^^^ can't find crate
[INFO] [stderr]   |
[INFO] [stderr]   = note: the `wasm32-unknown-unknown` target may not be installed
[INFO] [stderr]   = help: consider downloading the target with `rustup target add wasm32-unknown-unknown`
[INFO] [stderr] 
[INFO] [stderr] error[E0463]: can't find crate for `core`
[INFO] [stderr]  --> /opt/rustwide/cargo-home/registry/src/index.crates.io-6f17d22bba15001f/const-oid-0.7.1/src/error.rs:3:5
[INFO] [stderr]   |
[INFO] [stderr] 3 | use core::fmt;
[INFO] [stderr]   |     ^^^^ can't find crate
[INFO] [stderr]   |
[INFO] [stderr]   = note: the `wasm32-unknown-unknown` target may not be installed
[INFO] [stderr]   = help: consider downloading the target with `rustup target add wasm32-unknown-unknown`
[INFO] [stderr] 
[INFO] [stderr] error[E0463]: can't find crate for `core`
[INFO] [stderr]    --> /opt/rustwide/cargo-home/registry/src/index.crates.io-6f17d22bba15001f/zeroize-1.5.6/src/lib.rs:253:5
[INFO] [stderr]     |
[INFO] [stderr] 253 | use core::{
[INFO] [stderr]     |     ^^^^ can't find crate
[INFO] [stderr]     |
[INFO] [stderr]     = note: the `wasm32-unknown-unknown` target may not be installed
[INFO] [stderr]     = help: consider downloading the target with `rustup target add wasm32-unknown-unknown`
[INFO] [stderr] 
[INFO] [stderr] error[E0463]: can't find crate for `core`
[INFO] [stderr]   --> /opt/rustwide/cargo-home/registry/src/index.crates.io-6f17d22bba15001f/const-oid-0.7.1/src/lib.rs:29:5
[INFO] [stderr]    |
[INFO] [stderr] 29 | use core::{fmt, str::FromStr};
[INFO] [stderr]    |     ^^^^ can't find crate
[INFO] [stderr]    |
[INFO] [stderr]    = note: the `wasm32-unknown-unknown` target may not be installed
[INFO] [stderr]    = help: consider downloading the target with `rustup target add wasm32-unknown-unknown`
[INFO] [stderr] 
[INFO] [stderr] error: cannot find macro `include_str` in this scope
[INFO] [stderr]  --> /opt/rustwide/cargo-home/registry/src/index.crates.io-6f17d22bba15001f/const-oid-0.7.1/src/lib.rs:3:10
[INFO] [stderr]   |
[INFO] [stderr] 3 | #![doc = include_str!("../README.md")]
[INFO] [stderr]   |          ^^^^^^^^^^^
[INFO] [stderr] 
[INFO] [stderr] error: cannot find macro `debug_assert` in this scope
[INFO] [stderr]   --> /opt/rustwide/cargo-home/registry/src/index.crates.io-6f17d22bba15001f/const-oid-0.7.1/src/arcs.rs:64:29
[INFO] [stderr]    |
[INFO] [stderr] 64 | ...                   debug_assert!(
[INFO] [stderr]    |                       ^^^^^^^^^^^^
[INFO] [stderr] 
[INFO] [stderr] error: cannot find macro `debug_assert_eq` in this scope
[INFO] [stderr]   --> /opt/rustwide/cargo-home/registry/src/index.crates.io-6f17d22bba15001f/const-oid-0.7.1/src/arcs.rs:76:29
[INFO] [stderr]    |
[INFO] [stderr] 76 | ...                   debug_assert_eq!(arc_bytes, 0, "truncated OID");
[INFO] [stderr]    |                       ^^^^^^^^^^^^^^^
[INFO] [stderr] 
[INFO] [stderr] error: cannot find attribute `derive` in this scope
[INFO] [stderr]   --> /opt/rustwide/cargo-home/registry/src/index.crates.io-6f17d22bba15001f/const-oid-0.7.1/src/arcs.rs:90:3
[INFO] [stderr]    |
[INFO] [stderr] 90 | #[derive(Copy, Clone, Debug, Eq, PartialEq)]
[INFO] [stderr]    |   ^^^^^^
[INFO] [stderr] 
[INFO] [stderr] error: cannot find macro `debug_assert_eq` in this scope
[INFO] [stderr]    --> /opt/rustwide/cargo-home/registry/src/index.crates.io-6f17d22bba15001f/const-oid-0.7.1/src/arcs.rs:123:9
[INFO] [stderr]     |
[INFO] [stderr] 123 |         debug_assert_eq!(octet, result.0);
[INFO] [stderr]     |         ^^^^^^^^^^^^^^^
[INFO] [stderr] 
[INFO] [stderr] error: cannot find attribute `derive` in this scope
[INFO] [stderr]  --> /opt/rustwide/cargo-home/registry/src/index.crates.io-6f17d22bba15001f/const-oid-0.7.1/src/error.rs:9:3
[INFO] [stderr]   |
[INFO] [stderr] 9 | #[derive(Copy, Clone, Debug, Eq, PartialEq)]
[INFO] [stderr]   |   ^^^^^^
[INFO] [stderr] 
[INFO] [stderr] error: cannot find macro `matches` in this scope
[INFO] [stderr]   --> /opt/rustwide/cargo-home/registry/src/index.crates.io-6f17d22bba15001f/const-oid-0.7.1/src/parser.rs:22:13
[INFO] [stderr]    |
[INFO] [stderr] 22 |             matches!(bytes[0], b'0'..=b'9'),
[INFO] [stderr]    |             ^^^^^^^
[INFO] [stderr] 
[INFO] [stderr] error: cannot find macro `matches` in this scope
[INFO] [stderr]   --> /opt/rustwide/cargo-home/registry/src/index.crates.io-6f17d22bba15001f/const-oid-0.7.1/src/parser.rs:60:21
[INFO] [stderr]    |
[INFO] [stderr] 60 |                     matches!(byte, b'0'..=b'9' | b'.'),
[INFO] [stderr]    |                     ^^^^^^^
[INFO] [stderr] 
[INFO] [stderr] error: cannot find attribute `derive` in this scope
[INFO] [stderr]   --> /opt/rustwide/cargo-home/registry/src/index.crates.io-6f17d22bba15001f/const-oid-0.7.1/src/lib.rs:46:3
[INFO] [stderr]    |
[INFO] [stderr] 46 | #[derive(Copy, Clone, Eq, Hash, PartialEq, PartialOrd, Ord)]
[INFO] [stderr]    |   ^^^^^^
[INFO] [stderr] 
[INFO] [stderr] error: cannot find macro `write` in this scope
[INFO] [stderr]    --> /opt/rustwide/cargo-home/registry/src/index.crates.io-6f17d22bba15001f/const-oid-0.7.1/src/lib.rs:229:9
[INFO] [stderr]     |
[INFO] [stderr] 229 |         write!(f, "ObjectIdentifier({})", self)
[INFO] [stderr]     |         ^^^^^
[INFO] [stderr] 
[INFO] [stderr] error: cannot find macro `write` in this scope
[INFO] [stderr]    --> /opt/rustwide/cargo-home/registry/src/index.crates.io-6f17d22bba15001f/const-oid-0.7.1/src/lib.rs:238:13
[INFO] [stderr]     |
[INFO] [stderr] 238 |             write!(f, "{}", arc)?;
[INFO] [stderr]     |             ^^^^^
[INFO] [stderr] 
[INFO] [stderr] error[E0463]: can't find crate for `core`
[INFO] [stderr]   --> /opt/rustwide/cargo-home/registry/src/index.crates.io-6f17d22bba15001f/rand_core-0.6.3/src/lib.rs:42:5
[INFO] [stderr]    |
[INFO] [stderr] 42 | use core::default::Default;
[INFO] [stderr]    |     ^^^^ can't find crate
[INFO] [stderr]    |
[INFO] [stderr]    = note: the `wasm32-unknown-unknown` target may not be installed
[INFO] [stderr]    = help: consider downloading the target with `rustup target add wasm32-unknown-unknown`
[INFO] [stderr] 
[INFO] [stderr] error[E0463]: can't find crate for `core`
[INFO] [stderr]   --> /opt/rustwide/cargo-home/registry/src/index.crates.io-6f17d22bba15001f/rand_core-0.6.3/src/error.rs:11:5
[INFO] [stderr]    |
[INFO] [stderr] 11 | use core::fmt;
[INFO] [stderr]    |     ^^^^ can't find crate
[INFO] [stderr]    |
[INFO] [stderr]    = note: the `wasm32-unknown-unknown` target may not be installed
[INFO] [stderr]    = help: consider downloading the target with `rustup target add wasm32-unknown-unknown`
[INFO] [stderr] 
[INFO] [stderr] error: cannot find macro `write` in this scope
[INFO] [stderr]    --> /opt/rustwide/cargo-home/registry/src/index.crates.io-6f17d22bba15001f/const-oid-0.7.1/src/lib.rs:241:17
[INFO] [stderr]     |
[INFO] [stderr] 241 |                 write!(f, ".")?;
[INFO] [stderr]     |                 ^^^^^
[INFO] [stderr] 
[INFO] [stderr] error[E0463]: can't find crate for `core`
[INFO] [stderr]   --> /opt/rustwide/cargo-home/registry/src/index.crates.io-6f17d22bba15001f/rand_core-0.6.3/src/error.rs:12:5
[INFO] [stderr]    |
[INFO] [stderr] 12 | use core::num::NonZeroU32;
[INFO] [stderr]    |     ^^^^ can't find crate
[INFO] [stderr]    |
[INFO] [stderr]    = note: the `wasm32-unknown-unknown` target may not be installed
[INFO] [stderr]    = help: consider downloading the target with `rustup target add wasm32-unknown-unknown`
[INFO] [stderr] 
[INFO] [stderr] error[E0463]: can't find crate for `core`
[INFO] [stderr]   --> /opt/rustwide/cargo-home/registry/src/index.crates.io-6f17d22bba15001f/rand_core-0.6.3/src/impls.rs:21:5
[INFO] [stderr]    |
[INFO] [stderr] 21 | use core::cmp::min;
[INFO] [stderr]    |     ^^^^ can't find crate
[INFO] [stderr]    |
[INFO] [stderr]    = note: the `wasm32-unknown-unknown` target may not be installed
[INFO] [stderr]    = help: consider downloading the target with `rustup target add wasm32-unknown-unknown`
[INFO] [stderr] 
[INFO] [stderr] error[E0463]: can't find crate for `core`
[INFO] [stderr]   --> /opt/rustwide/cargo-home/registry/src/index.crates.io-6f17d22bba15001f/rand_core-0.6.3/src/block.rs:58:5
[INFO] [stderr]    |
[INFO] [stderr] 58 | use core::convert::AsRef;
[INFO] [stderr]    |     ^^^^ can't find crate
[INFO] [stderr]    |
[INFO] [stderr]    = note: the `wasm32-unknown-unknown` target may not be installed
[INFO] [stderr]    = help: consider downloading the target with `rustup target add wasm32-unknown-unknown`
[INFO] [stderr] 
[INFO] [stderr] error[E0463]: can't find crate for `core`
[INFO] [stderr]   --> /opt/rustwide/cargo-home/registry/src/index.crates.io-6f17d22bba15001f/rand_core-0.6.3/src/block.rs:59:5
[INFO] [stderr]    |
[INFO] [stderr] 59 | use core::fmt;
[INFO] [stderr]    |     ^^^^ can't find crate
[INFO] [stderr]    |
[INFO] [stderr]    = note: the `wasm32-unknown-unknown` target may not be installed
[INFO] [stderr]    = help: consider downloading the target with `rustup target add wasm32-unknown-unknown`
[INFO] [stderr] 
[INFO] [stderr] error[E0463]: can't find crate for `core`
[INFO] [stderr]   --> /opt/rustwide/cargo-home/registry/src/index.crates.io-6f17d22bba15001f/rand_core-0.6.3/src/le.rs:14:5
[INFO] [stderr]    |
[INFO] [stderr] 14 | use core::convert::TryInto;
[INFO] [stderr]    |     ^^^^ can't find crate
[INFO] [stderr]    |
[INFO] [stderr]    = note: the `wasm32-unknown-unknown` target may not be installed
[INFO] [stderr]    = help: consider downloading the target with `rustup target add wasm32-unknown-unknown`
[INFO] [stderr] 
[INFO] [stderr] error: cannot find macro `write` in this scope
[INFO] [stderr]    --> /opt/rustwide/cargo-home/registry/src/index.crates.io-6f17d22bba15001f/rand_core-0.6.3/src/error.rs:130:13
[INFO] [stderr]     |
[INFO] [stderr] 130 |             write!(f, "Error {{ code: {} }}", self.code)
[INFO] [stderr]     |             ^^^^^
[INFO] [stderr] 
[INFO] [stderr] error: cannot find macro `write` in this scope
[INFO] [stderr]    --> /opt/rustwide/cargo-home/registry/src/index.crates.io-6f17d22bba15001f/rand_core-0.6.3/src/error.rs:147:13
[INFO] [stderr]     |
[INFO] [stderr] 147 |             write!(f, "error code {}", self.code)
[INFO] [stderr]     |             ^^^^^
[INFO] [stderr] 
[INFO] [stderr] error: cannot find macro `cfg` in this scope
[INFO] [stderr]    --> /opt/rustwide/cargo-home/registry/src/index.crates.io-6f17d22bba15001f/rand_core-0.6.3/src/impls.rs:63:12
[INFO] [stderr]     |
[INFO] [stderr] 63  |         if cfg!(target_endian = "little") {
[INFO] [stderr]     |            ^^^
[INFO] [stderr] ...
[INFO] [stderr] 118 |     fill_via_chunks!(src, dest, u32)
[INFO] [stderr]     |     -------------------------------- in this macro invocation
[INFO] [stderr]     |
[INFO] [stderr]     = note: `cfg` is in scope, but it is an attribute: `#[cfg]`
[INFO] [stderr]     = note: this error originates in the macro `fill_via_chunks` (in Nightly builds, run with -Z macro-backtrace for more info)
[INFO] [stderr] 
[INFO] [stderr] error: cannot find macro `cfg` in this scope
[INFO] [stderr]    --> /opt/rustwide/cargo-home/registry/src/index.crates.io-6f17d22bba15001f/rand_core-0.6.3/src/impls.rs:63:12
[INFO] [stderr]     |
[INFO] [stderr] 63  |         if cfg!(target_endian = "little") {
[INFO] [stderr]     |            ^^^
[INFO] [stderr] ...
[INFO] [stderr] 132 |     fill_via_chunks!(src, dest, u64)
[INFO] [stderr]     |     -------------------------------- in this macro invocation
[INFO] [stderr]     |
[INFO] [stderr]     = note: `cfg` is in scope, but it is an attribute: `#[cfg]`
[INFO] [stderr]     = note: this error originates in the macro `fill_via_chunks` (in Nightly builds, run with -Z macro-backtrace for more info)
[INFO] [stderr] 
[INFO] [stderr] error: cannot find attribute `derive` in this scope
[INFO] [stderr]    --> /opt/rustwide/cargo-home/registry/src/index.crates.io-6f17d22bba15001f/rand_core-0.6.3/src/block.rs:115:3
[INFO] [stderr]     |
[INFO] [stderr] 115 | #[derive(Clone)]
[INFO] [stderr]     |   ^^^^^^
[INFO] [stderr] 
[INFO] [stderr] error: cannot find macro `assert` in this scope
[INFO] [stderr]    --> /opt/rustwide/cargo-home/registry/src/index.crates.io-6f17d22bba15001f/rand_core-0.6.3/src/block.rs:175:9
[INFO] [stderr]     |
[INFO] [stderr] 175 |         assert!(index < self.results.as_ref().len());
[INFO] [stderr]     |         ^^^^^^
[INFO] [stderr] 
[INFO] [stderr] error: cannot find attribute `derive` in this scope
[INFO] [stderr]    --> /opt/rustwide/cargo-home/registry/src/index.crates.io-6f17d22bba15001f/rand_core-0.6.3/src/block.rs:284:3
[INFO] [stderr]     |
[INFO] [stderr] 284 | #[derive(Clone)]
[INFO] [stderr]     |   ^^^^^^
[INFO] [stderr] 
[INFO] [stderr] error: cannot find macro `assert` in this scope
[INFO] [stderr]    --> /opt/rustwide/cargo-home/registry/src/index.crates.io-6f17d22bba15001f/rand_core-0.6.3/src/block.rs:342:9
[INFO] [stderr]     |
[INFO] [stderr] 342 |         assert!(index < self.results.as_ref().len());
[INFO] [stderr]     |         ^^^^^^
[INFO] [stderr] 
[INFO] [stderr] error: cannot find macro `cfg` in this scope
[INFO] [stderr]    --> /opt/rustwide/cargo-home/registry/src/index.crates.io-6f17d22bba15001f/rand_core-0.6.3/src/block.rs:370:16
[INFO] [stderr]     |
[INFO] [stderr] 370 |             if cfg!(target_endian = "little") {
[INFO] [stderr]     |                ^^^
[INFO] [stderr]     |
[INFO] [stderr]     = note: `cfg` is in scope, but it is an attribute: `#[cfg]`
[INFO] [stderr] 
[INFO] [stderr] error: cannot find macro `assert` in this scope
[INFO] [stderr]   --> /opt/rustwide/cargo-home/registry/src/index.crates.io-6f17d22bba15001f/rand_core-0.6.3/src/le.rs:19:5
[INFO] [stderr]    |
[INFO] [stderr] 19 |     assert!(src.len() >= 4 * dst.len());
[INFO] [stderr]    |     ^^^^^^
[INFO] [stderr] 
[INFO] [stderr] error: cannot find macro `assert` in this scope
[INFO] [stderr]   --> /opt/rustwide/cargo-home/registry/src/index.crates.io-6f17d22bba15001f/rand_core-0.6.3/src/le.rs:28:5
[INFO] [stderr]    |
[INFO] [stderr] 28 |     assert!(src.len() >= 8 * dst.len());
[INFO] [stderr]    |     ^^^^^^
[INFO] [stderr] 
[INFO] [stderr] error: cannot find attribute `test` in this scope
[INFO] [stderr]   --> /opt/rustwide/cargo-home/registry/src/index.crates.io-6f17d22bba15001f/rand_core-0.6.3/src/le.rs:34:3
[INFO] [stderr]    |
[INFO] [stderr] 34 | #[test]
[INFO] [stderr]    |   ^^^^
[INFO] [stderr] 
[INFO] [stderr] error: cannot find macro `assert_eq` in this scope
[INFO] [stderr]   --> /opt/rustwide/cargo-home/registry/src/index.crates.io-6f17d22bba15001f/rand_core-0.6.3/src/le.rs:40:5
[INFO] [stderr]    |
[INFO] [stderr] 40 |     assert_eq!(buf[0], 0x04030201);
[INFO] [stderr]    |     ^^^^^^^^^
[INFO] [stderr] 
[INFO] [stderr] error: cannot find macro `assert_eq` in this scope
[INFO] [stderr]   --> /opt/rustwide/cargo-home/registry/src/index.crates.io-6f17d22bba15001f/rand_core-0.6.3/src/le.rs:41:5
[INFO] [stderr]    |
[INFO] [stderr] 41 |     assert_eq!(buf[3], 0x100F0E0D);
[INFO] [stderr]    |     ^^^^^^^^^
[INFO] [stderr] 
[INFO] [stderr] error: cannot find macro `assert_eq` in this scope
[INFO] [stderr]   --> /opt/rustwide/cargo-home/registry/src/index.crates.io-6f17d22bba15001f/rand_core-0.6.3/src/le.rs:45:5
[INFO] [stderr]    |
[INFO] [stderr] 45 |     assert_eq!(buf[0], 0x05040302);
[INFO] [stderr]    |     ^^^^^^^^^
[INFO] [stderr] 
[INFO] [stderr] error: cannot find macro `assert_eq` in this scope
[INFO] [stderr]   --> /opt/rustwide/cargo-home/registry/src/index.crates.io-6f17d22bba15001f/rand_core-0.6.3/src/le.rs:46:5
[INFO] [stderr]    |
[INFO] [stderr] 46 |     assert_eq!(buf[2], 0x0D0C0B0A);
[INFO] [stderr]    |     ^^^^^^^^^
[INFO] [stderr] 
[INFO] [stderr] error: cannot find macro `assert_eq` in this scope
[INFO] [stderr]   --> /opt/rustwide/cargo-home/registry/src/index.crates.io-6f17d22bba15001f/rand_core-0.6.3/src/le.rs:50:5
[INFO] [stderr]    |
[INFO] [stderr] 50 |     assert_eq!(buf[0], 0x0807060504030201);
[INFO] [stderr]    |     ^^^^^^^^^
[INFO] [stderr] 
[INFO] [stderr] error[E0463]: can't find crate for `core`
[INFO] [stderr]  --> /opt/rustwide/cargo-home/registry/src/index.crates.io-6f17d22bba15001f/const-oid-0.7.1/src/error.rs:6:22
[INFO] [stderr]   |
[INFO] [stderr] 6 | pub type Result<T> = core::result::Result<T, Error>;
[INFO] [stderr]   |                      ^^^^ can't find crate
[INFO] [stderr]   |
[INFO] [stderr]   = note: the `wasm32-unknown-unknown` target may not be installed
[INFO] [stderr]   = help: consider downloading the target with `rustup target add wasm32-unknown-unknown`
[INFO] [stderr] 
[INFO] [stderr] error: cannot find macro `assert_eq` in this scope
[INFO] [stderr]   --> /opt/rustwide/cargo-home/registry/src/index.crates.io-6f17d22bba15001f/rand_core-0.6.3/src/le.rs:51:5
[INFO] [stderr]    |
[INFO] [stderr] 51 |     assert_eq!(buf[1], 0x100F0E0D0C0B0A09);
[INFO] [stderr]    |     ^^^^^^^^^
[INFO] [stderr] 
[INFO] [stderr] error: cannot find macro `assert_eq` in this scope
[INFO] [stderr]   --> /opt/rustwide/cargo-home/registry/src/index.crates.io-6f17d22bba15001f/rand_core-0.6.3/src/le.rs:55:5
[INFO] [stderr]    |
[INFO] [stderr] 55 |     assert_eq!(buf[0], 0x0F0E0D0C0B0A0908);
[INFO] [stderr]    |     ^^^^^^^^^
[INFO] [stderr] 
[INFO] [stderr] error: cannot find macro `assert` in this scope
[INFO] [stderr]    --> /opt/rustwide/cargo-home/registry/src/index.crates.io-6f17d22bba15001f/zeroize-1.5.6/src/lib.rs:431:9
[INFO] [stderr]     |
[INFO] [stderr] 431 |         assert!(size <= isize::MAX as usize);
[INFO] [stderr]     |         ^^^^^^
[INFO] [stderr] 
[INFO] [stderr] error: cannot find macro `assert` in this scope
[INFO] [stderr]    --> /opt/rustwide/cargo-home/registry/src/index.crates.io-6f17d22bba15001f/zeroize-1.5.6/src/lib.rs:457:9
[INFO] [stderr]     |
[INFO] [stderr] 457 |         assert!(self.len() <= isize::MAX as usize);
[INFO] [stderr]     |         ^^^^^^
[INFO] [stderr] 
[INFO] [stderr] error: cannot find attribute `derive` in this scope
[INFO] [stderr]    --> /opt/rustwide/cargo-home/registry/src/index.crates.io-6f17d22bba15001f/zeroize-1.5.6/src/lib.rs:616:3
[INFO] [stderr]     |
[INFO] [stderr] 616 | #[derive(Debug, Default, Eq, PartialEq)]
[INFO] [stderr]     |   ^^^^^^
[INFO] [stderr] 
[INFO] [stderr] error[E0412]: cannot find type `Option` in this scope
[INFO] [stderr]   --> /opt/rustwide/cargo-home/registry/src/index.crates.io-6f17d22bba15001f/const-oid-0.7.1/src/arcs.rs:29:13
[INFO] [stderr]    |
[INFO] [stderr] 29 |     cursor: Option<usize>,
[INFO] [stderr]    |             ^^^^^^ not found in this scope
[INFO] [stderr] 
[INFO] [stderr] error[E0425]: cannot find value `None` in this scope
[INFO] [stderr]   --> /opt/rustwide/cargo-home/registry/src/index.crates.io-6f17d22bba15001f/const-oid-0.7.1/src/arcs.rs:35:29
[INFO] [stderr]    |
[INFO] [stderr] 35 |         Self { oid, cursor: None }
[INFO] [stderr]    |                             ^^^^ not found in this scope
[INFO] [stderr] 
[INFO] [stderr] error[E0405]: cannot find trait `Iterator` in this scope
[INFO] [stderr]   --> /opt/rustwide/cargo-home/registry/src/index.crates.io-6f17d22bba15001f/const-oid-0.7.1/src/arcs.rs:39:10
[INFO] [stderr]    |
[INFO] [stderr] 39 | impl<'a> Iterator for Arcs<'a> {
[INFO] [stderr]    |          ^^^^^^^^ not found in this scope
[INFO] [stderr] 
[INFO] [stderr] error[E0412]: cannot find type `Option` in this scope
[INFO] [stderr]   --> /opt/rustwide/cargo-home/registry/src/index.crates.io-6f17d22bba15001f/const-oid-0.7.1/src/arcs.rs:42:27
[INFO] [stderr]    |
[INFO] [stderr] 42 |     fn next(&mut self) -> Option<Arc> {
[INFO] [stderr]    |                           ^^^^^^ not found in this scope
[INFO] [stderr] 
[INFO] [stderr] error[E0531]: cannot find tuple struct or tuple variant `Some` in this scope
[INFO] [stderr]   --> /opt/rustwide/cargo-home/registry/src/index.crates.io-6f17d22bba15001f/const-oid-0.7.1/src/arcs.rs:50:13
[INFO] [stderr]    |
[INFO] [stderr] 50 |             Some(0) => {
[INFO] [stderr]    |             ^^^^ not found in this scope
[INFO] [stderr] 
[INFO] [stderr] error[E0531]: cannot find tuple struct or tuple variant `Some` in this scope
[INFO] [stderr]   --> /opt/rustwide/cargo-home/registry/src/index.crates.io-6f17d22bba15001f/const-oid-0.7.1/src/arcs.rs:55:13
[INFO] [stderr]    |
[INFO] [stderr] 55 |             Some(offset) => {
[INFO] [stderr]    |             ^^^^ not found in this scope
[INFO] [stderr] 
[INFO] [stderr] error[E0531]: cannot find tuple struct or tuple variant `Some` in this scope
[INFO] [stderr]   --> /opt/rustwide/cargo-home/registry/src/index.crates.io-6f17d22bba15001f/const-oid-0.7.1/src/arcs.rs:62:25
[INFO] [stderr]    |
[INFO] [stderr] 62 |                         Some(byte) => {
[INFO] [stderr]    |                         ^^^^ not found in this scope
[INFO] [stderr] 
[INFO] [stderr] error[E0405]: cannot find trait `TryFrom` in this scope
[INFO] [stderr]    --> /opt/rustwide/cargo-home/registry/src/index.crates.io-6f17d22bba15001f/const-oid-0.7.1/src/arcs.rs:116:6
[INFO] [stderr]     |
[INFO] [stderr] 116 | impl TryFrom<u8> for RootArcs {
[INFO] [stderr]     |      ^^^^^^^ not found in this scope
[INFO] [stderr] 
[INFO] [stderr] error[E0405]: cannot find trait `From` in this scope
[INFO] [stderr]    --> /opt/rustwide/cargo-home/registry/src/index.crates.io-6f17d22bba15001f/const-oid-0.7.1/src/arcs.rs:128:6
[INFO] [stderr]     |
[INFO] [stderr] 128 | impl From<RootArcs> for u8 {
[INFO] [stderr]     |      ^^^^ not found in this scope
[INFO] [stderr] 
[INFO] [stderr] error[E0531]: cannot find tuple struct or tuple variant `Some` in this scope
[INFO] [stderr]    --> /opt/rustwide/cargo-home/registry/src/index.crates.io-6f17d22bba15001f/const-oid-0.7.1/src/lib.rs:129:17
[INFO] [stderr]     |
[INFO] [stderr] 129 |                 Some(byte) => {
[INFO] [stderr]     |                 ^^^^ not found in this scope
[INFO] [stderr] 
[INFO] [stderr] error[E0412]: cannot find type `Option` in this scope
[INFO] [stderr]    --> /opt/rustwide/cargo-home/registry/src/index.crates.io-6f17d22bba15001f/const-oid-0.7.1/src/lib.rs:164:40
[INFO] [stderr]     |
[INFO] [stderr] 164 |     pub fn arc(&self, index: usize) -> Option<Arc> {
[INFO] [stderr]     |                                        ^^^^^^ not found in this scope
[INFO] [stderr] 
[INFO] [stderr] error[E0405]: cannot find trait `AsRef` in this scope
[INFO] [stderr]    --> /opt/rustwide/cargo-home/registry/src/index.crates.io-6f17d22bba15001f/const-oid-0.7.1/src/lib.rs:177:6
[INFO] [stderr]     |
[INFO] [stderr] 177 | impl AsRef<[u8]> for ObjectIdentifier {
[INFO] [stderr]     |      ^^^^^ not found in this scope
[INFO] [stderr] 
[INFO] [stderr] error[E0405]: cannot find trait `TryFrom` in this scope
[INFO] [stderr]    --> /opt/rustwide/cargo-home/registry/src/index.crates.io-6f17d22bba15001f/const-oid-0.7.1/src/lib.rs:213:6
[INFO] [stderr]     |
[INFO] [stderr] 213 | impl TryFrom<&[u8]> for ObjectIdentifier {
[INFO] [stderr]     |      ^^^^^^^ not found in this scope
[INFO] [stderr] 
[INFO] [stderr] error[E0405]: cannot find trait `From` in this scope
[INFO] [stderr]    --> /opt/rustwide/cargo-home/registry/src/index.crates.io-6f17d22bba15001f/const-oid-0.7.1/src/lib.rs:221:6
[INFO] [stderr]     |
[INFO] [stderr] 221 | impl From<&ObjectIdentifier> for ObjectIdentifier {
[INFO] [stderr]     |      ^^^^ not found in this scope
[INFO] [stderr] 
[INFO] [stderr] error[E0425]: cannot find function, tuple struct or tuple variant `Some` in this scope
[INFO] [stderr]   --> /opt/rustwide/cargo-home/registry/src/index.crates.io-6f17d22bba15001f/const-oid-0.7.1/src/arcs.rs:47:31
[INFO] [stderr]    |
[INFO] [stderr] 47 |                 self.cursor = Some(0);
[INFO] [stderr]    |                               ^^^^ not found in this scope
[INFO] [stderr] 
[INFO] [stderr] error[E0425]: cannot find function, tuple struct or tuple variant `Some` in this scope
[INFO] [stderr]   --> /opt/rustwide/cargo-home/registry/src/index.crates.io-6f17d22bba15001f/const-oid-0.7.1/src/arcs.rs:48:17
[INFO] [stderr]    |
[INFO] [stderr] 48 |                 Some(root.first_arc())
[INFO] [stderr]    |                 ^^^^ not found in this scope
[INFO] [stderr] 
[INFO] [stderr] error[E0425]: cannot find function, tuple struct or tuple variant `Some` in this scope
[INFO] [stderr]   --> /opt/rustwide/cargo-home/registry/src/index.crates.io-6f17d22bba15001f/const-oid-0.7.1/src/arcs.rs:52:31
[INFO] [stderr]    |
[INFO] [stderr] 52 |                 self.cursor = Some(1);
[INFO] [stderr]    |                               ^^^^ not found in this scope
[INFO] [stderr] 
[INFO] [stderr] error[E0425]: cannot find function, tuple struct or tuple variant `Some` in this scope
[INFO] [stderr]   --> /opt/rustwide/cargo-home/registry/src/index.crates.io-6f17d22bba15001f/const-oid-0.7.1/src/arcs.rs:53:17
[INFO] [stderr]    |
[INFO] [stderr] 53 |                 Some(root.second_arc())
[INFO] [stderr]    |                 ^^^^ not found in this scope
[INFO] [stderr] 
[INFO] [stderr] error[E0425]: cannot find function, tuple struct or tuple variant `Some` in this scope
[INFO] [stderr]   --> /opt/rustwide/cargo-home/registry/src/index.crates.io-6f17d22bba15001f/const-oid-0.7.1/src/arcs.rs:71:47
[INFO] [stderr]    |
[INFO] [stderr] 71 | ...                   self.cursor = Some(offset + arc_bytes);
[INFO] [stderr]    |                                     ^^^^ not found in this scope
[INFO] [stderr] 
[INFO] [stderr] error[E0425]: cannot find function, tuple struct or tuple variant `Some` in this scope
[INFO] [stderr]   --> /opt/rustwide/cargo-home/registry/src/index.crates.io-6f17d22bba15001f/const-oid-0.7.1/src/arcs.rs:72:40
[INFO] [stderr]    |
[INFO] [stderr] 72 | ...                   return Some(result);
[INFO] [stderr]    |                              ^^^^ not found in this scope
[INFO] [stderr] 
[INFO] [stderr] error[E0425]: cannot find function, tuple struct or tuple variant `Err` in this scope
[INFO] [stderr]   --> /opt/rustwide/cargo-home/registry/src/index.crates.io-6f17d22bba15001f/const-oid-0.7.1/src/arcs.rs:98:20
[INFO] [stderr]    |
[INFO] [stderr] 98 |             return Err(Error);
[INFO] [stderr]    |                    ^^^ not found in this scope
[INFO] [stderr] 
[INFO] [stderr] error[E0425]: cannot find function, tuple struct or tuple variant `Ok` in this scope
[INFO] [stderr]    --> /opt/rustwide/cargo-home/registry/src/index.crates.io-6f17d22bba15001f/const-oid-0.7.1/src/arcs.rs:102:9
[INFO] [stderr]     |
[INFO] [stderr] 102 |         Ok(Self(byte))
[INFO] [stderr]     |         ^^ not found in this scope
[INFO] [stderr] 
[INFO] [stderr] error[E0425]: cannot find function, tuple struct or tuple variant `Ok` in this scope
[INFO] [stderr]    --> /opt/rustwide/cargo-home/registry/src/index.crates.io-6f17d22bba15001f/const-oid-0.7.1/src/arcs.rs:124:9
[INFO] [stderr]     |
[INFO] [stderr] 124 |         Ok(result)
[INFO] [stderr]     |         ^^ not found in this scope
[INFO] [stderr] 
[INFO] [stderr] error[E0425]: cannot find function, tuple struct or tuple variant `Ok` in this scope
[INFO] [stderr]    --> /opt/rustwide/cargo-home/registry/src/index.crates.io-6f17d22bba15001f/const-oid-0.7.1/src/encoder.rs:128:5
[INFO] [stderr]     |
[INFO] [stderr] 128 |     Ok(nbytes + 1)
[INFO] [stderr]     |     ^^ not found in this scope
[INFO] [stderr] 
[INFO] [stderr] error[E0425]: cannot find function, tuple struct or tuple variant `Err` in this scope
[INFO] [stderr]   --> /opt/rustwide/cargo-home/registry/src/index.crates.io-6f17d22bba15001f/const-oid-0.7.1/src/lib.rs:92:25
[INFO] [stderr]    |
[INFO] [stderr] 92 |             _ => return Err(Error),
[INFO] [stderr]    |                         ^^^ not found in this scope
[INFO] [stderr] 
[INFO] [stderr] error[E0425]: cannot find function, tuple struct or tuple variant `Ok` in this scope
[INFO] [stderr]    --> /opt/rustwide/cargo-home/registry/src/index.crates.io-6f17d22bba15001f/const-oid-0.7.1/src/lib.rs:101:9
[INFO] [stderr]     |
[INFO] [stderr] 101 |         Ok(Self {
[INFO] [stderr]     |         ^^ not found in this scope
[INFO] [stderr] 
[INFO] [stderr] error[E0425]: cannot find function, tuple struct or tuple variant `Err` in this scope
[INFO] [stderr]    --> /opt/rustwide/cargo-home/registry/src/index.crates.io-6f17d22bba15001f/const-oid-0.7.1/src/lib.rs:112:20
[INFO] [stderr]     |
[INFO] [stderr] 112 |             return Err(Error);
[INFO] [stderr]     |                    ^^^ not found in this scope
[INFO] [stderr] 
[INFO] [stderr] error[E0425]: cannot find function, tuple struct or tuple variant `Err` in this scope
[INFO] [stderr]    --> /opt/rustwide/cargo-home/registry/src/index.crates.io-6f17d22bba15001f/const-oid-0.7.1/src/lib.rs:132:32
[INFO] [stderr]     |
[INFO] [stderr] 132 |                         return Err(Error);
[INFO] [stderr]     |                                ^^^ not found in this scope
[INFO] [stderr] 
[INFO] [stderr] error[E0425]: cannot find function, tuple struct or tuple variant `Err` in this scope
[INFO] [stderr]    --> /opt/rustwide/cargo-home/registry/src/index.crates.io-6f17d22bba15001f/const-oid-0.7.1/src/lib.rs:142:32
[INFO] [stderr]     |
[INFO] [stderr] 142 |                 None => return Err(Error), // truncated OID
[INFO] [stderr]     |                                ^^^ not found in this scope
[INFO] [stderr] 
[INFO] [stderr] error[E0425]: cannot find function, tuple struct or tuple variant `Ok` in this scope
[INFO] [stderr]    --> /opt/rustwide/cargo-home/registry/src/index.crates.io-6f17d22bba15001f/const-oid-0.7.1/src/lib.rs:149:9
[INFO] [stderr]     |
[INFO] [stderr] 149 |         Ok(Self {
[INFO] [stderr]     |         ^^ not found in this scope
[INFO] [stderr] 
[INFO] [stderr] error[E0425]: cannot find function, tuple struct or tuple variant `Ok` in this scope
[INFO] [stderr]    --> /opt/rustwide/cargo-home/registry/src/index.crates.io-6f17d22bba15001f/const-oid-0.7.1/src/lib.rs:202:13
[INFO] [stderr]     |
[INFO] [stderr] 202 |             Ok(Self {
[INFO] [stderr]     |             ^^ not found in this scope
[INFO] [stderr] 
[INFO] [stderr] error[E0425]: cannot find function, tuple struct or tuple variant `Err` in this scope
[INFO] [stderr]    --> /opt/rustwide/cargo-home/registry/src/index.crates.io-6f17d22bba15001f/const-oid-0.7.1/src/lib.rs:208:13
[INFO] [stderr]     |
[INFO] [stderr] 208 |             Err(Error)
[INFO] [stderr]     |             ^^^ not found in this scope
[INFO] [stderr] 
[INFO] [stderr] error[E0425]: cannot find function, tuple struct or tuple variant `Ok` in this scope
[INFO] [stderr]    --> /opt/rustwide/cargo-home/registry/src/index.crates.io-6f17d22bba15001f/const-oid-0.7.1/src/lib.rs:245:9
[INFO] [stderr]     |
[INFO] [stderr] 245 |         Ok(())
[INFO] [stderr]     |         ^^ not found in this scope
[INFO] [stderr] 
[INFO] [stderr] Some errors have detailed explanations: E0405, E0412, E0425, E0463, E0531.
[INFO] [stderr] error[E0463]: can't find crate for `core`
[INFO] [stderr]   --> /opt/rustwide/cargo-home/registry/src/index.crates.io-6f17d22bba15001f/rand_core-0.6.3/src/impls.rs:57:29
[INFO] [stderr]    |
[INFO] [stderr] 57 |         const SIZE: usize = core::mem::size_of::<$ty>();
[INFO] [stderr]    |                             ^^^^ can't find crate
[INFO] [stderr]    |
[INFO] [stderr]    = note: the `wasm32-unknown-unknown` target may not be installed
[INFO] [stderr]    = help: consider downloading the target with `rustup target add wasm32-unknown-unknown`
[INFO] [stderr] 
[INFO] [stderr] error[E0463]: can't find crate for `core`
[INFO] [stderr]   --> /opt/rustwide/cargo-home/registry/src/index.crates.io-6f17d22bba15001f/rand_core-0.6.3/src/impls.rs:65:17
[INFO] [stderr]    |
[INFO] [stderr] 65 |                 core::ptr::copy_nonoverlapping(
[INFO] [stderr]    |                 ^^^^ can't find crate
[INFO] [stderr]    |
[INFO] [stderr]    = note: the `wasm32-unknown-unknown` target may not be installed
[INFO] [stderr]    = help: consider downloading the target with `rustup target add wasm32-unknown-unknown`
[INFO] [stderr] 
[INFO] [stderr] error[E0463]: can't find crate for `core`
[INFO] [stderr]   --> /opt/rustwide/cargo-home/registry/src/index.crates.io-6f17d22bba15001f/rand_core-0.6.3/src/impls.rs:75:21
[INFO] [stderr]    |
[INFO] [stderr] 75 |                     core::ptr::copy_nonoverlapping(
[INFO] [stderr]    |                     ^^^^ can't find crate
[INFO] [stderr]    |
[INFO] [stderr]    = note: the `wasm32-unknown-unknown` target may not be installed
[INFO] [stderr]    = help: consider downloading the target with `rustup target add wasm32-unknown-unknown`
[INFO] [stderr] 
[INFO] [stderr] error: could not compile `const-oid` (lib) due to 51 previous errors
[INFO] [stderr] error[E0405]: cannot find trait `Copy` in this scope
[INFO] [stderr]    --> /opt/rustwide/cargo-home/registry/src/index.crates.io-6f17d22bba15001f/zeroize-1.5.6/src/lib.rs:285:28
[INFO] [stderr]     |
[INFO] [stderr] 285 | pub trait DefaultIsZeroes: Copy + Default + Sized {}
[INFO] [stderr]     |                            ^^^^ not found in this scope
[INFO] [stderr] 
[INFO] [stderr] error[E0405]: cannot find trait `Default` in this scope
[INFO] [stderr]    --> /opt/rustwide/cargo-home/registry/src/index.crates.io-6f17d22bba15001f/zeroize-1.5.6/src/lib.rs:285:35
[INFO] [stderr]     |
[INFO] [stderr] 285 | pub trait DefaultIsZeroes: Copy + Default + Sized {}
[INFO] [stderr]     |                                   ^^^^^^^ not found in this scope
[INFO] [stderr] 
[INFO] [stderr] error[E0405]: cannot find trait `Sized` in this scope
[INFO] [stderr]    --> /opt/rustwide/cargo-home/registry/src/index.crates.io-6f17d22bba15001f/zeroize-1.5.6/src/lib.rs:285:45
[INFO] [stderr]     |
[INFO] [stderr] 285 | pub trait DefaultIsZeroes: Copy + Default + Sized {}
[INFO] [stderr]     |                                             ^^^^^ not found in this scope
[INFO] [stderr] 
[INFO] [stderr] error[E0412]: cannot find type `Option` in this scope
[INFO] [stderr]    --> /opt/rustwide/cargo-home/registry/src/index.crates.io-6f17d22bba15001f/zeroize-1.5.6/src/lib.rs:376:21
[INFO] [stderr]     |
[INFO] [stderr] 376 | impl<Z> Zeroize for Option<Z>
[INFO] [stderr]     |                     ^^^^^^ not found in this scope
[INFO] [stderr] 
[INFO] [stderr] error[E0531]: cannot find tuple struct or tuple variant `Some` in this scope
[INFO] [stderr]    --> /opt/rustwide/cargo-home/registry/src/index.crates.io-6f17d22bba15001f/zeroize-1.5.6/src/lib.rs:381:16
[INFO] [stderr]     |
[INFO] [stderr] 381 |         if let Some(value) = self {
[INFO] [stderr]     |                ^^^^ not found in this scope
[INFO] [stderr] 
[INFO] [stderr] error[E0412]: cannot find type `Option` in this scope
[INFO] [stderr]    --> /opt/rustwide/cargo-home/registry/src/index.crates.io-6f17d22bba15001f/zeroize-1.5.6/src/lib.rs:416:27
[INFO] [stderr]     |
[INFO] [stderr] 416 | impl<Z> ZeroizeOnDrop for Option<Z> where Z: ZeroizeOnDrop {}
[INFO] [stderr]     |                           ^^^^^^ not found in this scope
[INFO] [stderr] 
[INFO] [stderr] error[E0405]: cannot find trait `Clone` in this scope
[INFO] [stderr]    --> /opt/rustwide/cargo-home/registry/src/index.crates.io-6f17d22bba15001f/zeroize-1.5.6/src/lib.rs:631:26
[INFO] [stderr]     |
[INFO] [stderr] 631 | impl<Z: Zeroize + Clone> Clone for Zeroizing<Z> {
[INFO] [stderr]     |                          ^^^^^ not found in this scope
[INFO] [stderr] 
[INFO] [stderr] error[E0405]: cannot find trait `Clone` in this scope
[INFO] [stderr]    --> /opt/rustwide/cargo-home/registry/src/index.crates.io-6f17d22bba15001f/zeroize-1.5.6/src/lib.rs:631:19
[INFO] [stderr]     |
[INFO] [stderr] 631 | impl<Z: Zeroize + Clone> Clone for Zeroizing<Z> {
[INFO] [stderr]     |                   ^^^^^ not found in this scope
[INFO] [stderr] 
[INFO] [stderr] error[E0405]: cannot find trait `From` in this scope
[INFO] [stderr]    --> /opt/rustwide/cargo-home/registry/src/index.crates.io-6f17d22bba15001f/zeroize-1.5.6/src/lib.rs:644:9
[INFO] [stderr]     |
[INFO] [stderr] 644 | impl<Z> From<Z> for Zeroizing<Z>
[INFO] [stderr]     |         ^^^^ not found in this scope
[INFO] [stderr] 
[INFO] [stderr] error[E0405]: cannot find trait `AsRef` in this scope
[INFO] [stderr]    --> /opt/rustwide/cargo-home/registry/src/index.crates.io-6f17d22bba15001f/zeroize-1.5.6/src/lib.rs:676:12
[INFO] [stderr]     |
[INFO] [stderr] 676 | impl<T, Z> AsRef<T> for Zeroizing<Z>
[INFO] [stderr]     |            ^^^^^ not found in this scope
[INFO] [stderr] 
[INFO] [stderr] error[E0405]: cannot find trait `Sized` in this scope
[INFO] [stderr]    --> /opt/rustwide/cargo-home/registry/src/index.crates.io-6f17d22bba15001f/zeroize-1.5.6/src/lib.rs:678:9
[INFO] [stderr]     |
[INFO] [stderr] 678 |     T: ?Sized,
[INFO] [stderr]     |         ^^^^^ not found in this scope
[INFO] [stderr] 
[INFO] [stderr] error[E0405]: cannot find trait `AsRef` in this scope
[INFO] [stderr]    --> /opt/rustwide/cargo-home/registry/src/index.crates.io-6f17d22bba15001f/zeroize-1.5.6/src/lib.rs:679:8
[INFO] [stderr]     |
[INFO] [stderr] 679 |     Z: AsRef<T> + Zeroize,
[INFO] [stderr]     |        ^^^^^ not found in this scope
[INFO] [stderr] 
[INFO] [stderr] error[E0405]: cannot find trait `AsMut` in this scope
[INFO] [stderr]    --> /opt/rustwide/cargo-home/registry/src/index.crates.io-6f17d22bba15001f/zeroize-1.5.6/src/lib.rs:687:12
[INFO] [stderr]     |
[INFO] [stderr] 687 | impl<T, Z> AsMut<T> for Zeroizing<Z>
[INFO] [stderr]     |            ^^^^^ not found in this scope
[INFO] [stderr] 
[INFO] [stderr] error[E0405]: cannot find trait `Sized` in this scope
[INFO] [stderr]    --> /opt/rustwide/cargo-home/registry/src/index.crates.io-6f17d22bba15001f/zeroize-1.5.6/src/lib.rs:689:9
[INFO] [stderr]     |
[INFO] [stderr] 689 |     T: ?Sized,
[INFO] [stderr]     |         ^^^^^ not found in this scope
[INFO] [stderr] 
[INFO] [stderr] error[E0405]: cannot find trait `AsMut` in this scope
[INFO] [stderr]    --> /opt/rustwide/cargo-home/registry/src/index.crates.io-6f17d22bba15001f/zeroize-1.5.6/src/lib.rs:690:8
[INFO] [stderr]     |
[INFO] [stderr] 690 |     Z: AsMut<T> + Zeroize,
[INFO] [stderr]     |        ^^^^^ not found in this scope
[INFO] [stderr] 
[INFO] [stderr] error[E0405]: cannot find trait `Drop` in this scope
[INFO] [stderr]    --> /opt/rustwide/cargo-home/registry/src/index.crates.io-6f17d22bba15001f/zeroize-1.5.6/src/lib.rs:709:9
[INFO] [stderr]     |
[INFO] [stderr] 709 | impl<Z> Drop for Zeroizing<Z>
[INFO] [stderr]     |         ^^^^ not found in this scope
[INFO] [stderr] 
[INFO] [stderr] error[E0405]: cannot find trait `Copy` in this scope
[INFO] [stderr]    --> /opt/rustwide/cargo-home/registry/src/index.crates.io-6f17d22bba15001f/zeroize-1.5.6/src/lib.rs:728:22
[INFO] [stderr]     |
[INFO] [stderr] 728 | fn volatile_write<T: Copy + Sized>(dst: &mut T, src: T) {
[INFO] [stderr]     |                      ^^^^ not found in this scope
[INFO] [stderr] 
[INFO] [stderr] error[E0405]: cannot find trait `Sized` in this scope
[INFO] [stderr]    --> /opt/rustwide/cargo-home/registry/src/index.crates.io-6f17d22bba15001f/zeroize-1.5.6/src/lib.rs:728:29
[INFO] [stderr]     |
[INFO] [stderr] 728 | fn volatile_write<T: Copy + Sized>(dst: &mut T, src: T) {
[INFO] [stderr]     |                             ^^^^^ not found in this scope
[INFO] [stderr] 
[INFO] [stderr] error[E0405]: cannot find trait `Copy` in this scope
[INFO] [stderr]    --> /opt/rustwide/cargo-home/registry/src/index.crates.io-6f17d22bba15001f/zeroize-1.5.6/src/lib.rs:741:27
[INFO] [stderr]     |
[INFO] [stderr] 741 | unsafe fn volatile_set<T: Copy + Sized>(dst: *mut T, src: T, count: usize) {
[INFO] [stderr]     |                           ^^^^ not found in this scope
[INFO] [stderr] 
[INFO] [stderr] error[E0405]: cannot find trait `Sized` in this scope
[INFO] [stderr]    --> /opt/rustwide/cargo-home/registry/src/index.crates.io-6f17d22bba15001f/zeroize-1.5.6/src/lib.rs:741:34
[INFO] [stderr]     |
[INFO] [stderr] 741 | unsafe fn volatile_set<T: Copy + Sized>(dst: *mut T, src: T, count: usize) {
[INFO] [stderr]     |                                  ^^^^^ not found in this scope
[INFO] [stderr] 
[INFO] [stderr] error[E0405]: cannot find trait `Sized` in this scope
[INFO] [stderr]    --> /opt/rustwide/cargo-home/registry/src/index.crates.io-6f17d22bba15001f/zeroize-1.5.6/src/lib.rs:769:30
[INFO] [stderr]     |
[INFO] [stderr] 769 |     impl<T: ZeroizeOnDrop + ?Sized> AssertZeroizeOnDrop for &&mut T {
[INFO] [stderr]     |                              ^^^^^ not found in this scope
[INFO] [stderr] 
[INFO] [stderr] error[E0405]: cannot find trait `Sized` in this scope
[INFO] [stderr]    --> /opt/rustwide/cargo-home/registry/src/index.crates.io-6f17d22bba15001f/zeroize-1.5.6/src/lib.rs:778:24
[INFO] [stderr]     |
[INFO] [stderr] 778 |     impl<T: Zeroize + ?Sized> AssertZeroize for T {
[INFO] [stderr]     |                        ^^^^^ not found in this scope
[INFO] [stderr] 
[INFO] [stderr] error[E0433]: failed to resolve: use of undeclared type `Option`
[INFO] [stderr]    --> /opt/rustwide/cargo-home/registry/src/index.crates.io-6f17d22bba15001f/zeroize-1.5.6/src/lib.rs:410:44
[INFO] [stderr]     |
[INFO] [stderr] 410 |         unsafe { ptr::write_volatile(self, Option::default()) }
[INFO] [stderr]     |                                            ^^^^^^ use of undeclared type `Option`
[INFO] [stderr] 
[INFO] [stderr] Some errors have detailed explanations: E0405, E0412, E0433, E0463, E0531.
[INFO] [stderr] error[E0405]: cannot find trait `AsMut` in this scope
[INFO] [stderr]   --> /opt/rustwide/cargo-home/registry/src/index.crates.io-6f17d22bba15001f/rand_core-0.6.3/src/block.rs:74:41
[INFO] [stderr]    |
[INFO] [stderr] 74 |     type Results: AsRef<[Self::Item]> + AsMut<[Self::Item]> + Default;
[INFO] [stderr]    |                                         ^^^^^ not found in this scope
[INFO] [stderr] 
[INFO] [stderr] error[E0405]: cannot find trait `Default` in this scope
[INFO] [stderr]   --> /opt/rustwide/cargo-home/registry/src/index.crates.io-6f17d22bba15001f/rand_core-0.6.3/src/block.rs:74:63
[INFO] [stderr]    |
[INFO] [stderr] 74 |     type Results: AsRef<[Self::Item]> + AsMut<[Self::Item]> + Default;
[INFO] [stderr]    |                                                               ^^^^^^^ not found in this scope
[INFO] [stderr] 
[INFO] [stderr] error[E0405]: cannot find trait `Sized` in this scope
[INFO] [stderr]    --> /opt/rustwide/cargo-home/registry/src/index.crates.io-6f17d22bba15001f/rand_core-0.6.3/src/block.rs:123:40
[INFO] [stderr]     |
[INFO] [stderr] 123 | pub struct BlockRng<R: BlockRngCore + ?Sized> {
[INFO] [stderr]     |                                        ^^^^^ not found in this scope
[INFO] [stderr] 
[INFO] [stderr] error[E0405]: cannot find trait `AsMut` in this scope
[INFO] [stderr]    --> /opt/rustwide/cargo-home/registry/src/index.crates.io-6f17d22bba15001f/rand_core-0.6.3/src/block.rs:183:50
[INFO] [stderr]     |
[INFO] [stderr] 183 |     <R as BlockRngCore>::Results: AsRef<[u32]> + AsMut<[u32]>,
[INFO] [stderr]     |                                                  ^^^^^ not found in this scope
[INFO] [stderr] 
[INFO] [stderr] error[E0412]: cannot find type `Result` in this scope
[INFO] [stderr]    --> /opt/rustwide/cargo-home/registry/src/index.crates.io-6f17d22bba15001f/rand_core-0.6.3/src/block.rs:237:54
[INFO] [stderr]     |
[INFO] [stderr] 237 |     fn try_fill_bytes(&mut self, dest: &mut [u8]) -> Result<(), Error> {
[INFO] [stderr]     |                                                      ^^^^^^ not found in this scope
[INFO] [stderr] 
[INFO] [stderr] error[E0412]: cannot find type `Result` in this scope
[INFO] [stderr]    --> /opt/rustwide/cargo-home/registry/src/index.crates.io-6f17d22bba15001f/rand_core-0.6.3/src/block.rs:257:40
[INFO] [stderr]     |
[INFO] [stderr] 257 |     fn from_rng<S: RngCore>(rng: S) -> Result<Self, Error> {
[INFO] [stderr]     |                                        ^^^^^^ not found in this scope
[INFO] [stderr] 
[INFO] [stderr] error[E0405]: cannot find trait `Sized` in this scope
[INFO] [stderr]    --> /opt/rustwide/cargo-home/registry/src/index.crates.io-6f17d22bba15001f/rand_core-0.6.3/src/block.rs:286:42
[INFO] [stderr]     |
[INFO] [stderr] 286 | pub struct BlockRng64<R: BlockRngCore + ?Sized> {
[INFO] [stderr]     |                                          ^^^^^ not found in this scope
[INFO] [stderr] 
[INFO] [stderr] error[E0405]: cannot find trait `AsMut` in this scope
[INFO] [stderr]    --> /opt/rustwide/cargo-home/registry/src/index.crates.io-6f17d22bba15001f/rand_core-0.6.3/src/block.rs:351:50
[INFO] [stderr]     |
[INFO] [stderr] 351 |     <R as BlockRngCore>::Results: AsRef<[u64]> + AsMut<[u64]>,
[INFO] [stderr]     |                                                  ^^^^^ not found in this scope
[INFO] [stderr] 
[INFO] [stderr] error[E0412]: cannot find type `Result` in this scope
[INFO] [stderr]    --> /opt/rustwide/cargo-home/registry/src/index.crates.io-6f17d22bba15001f/rand_core-0.6.3/src/block.rs:412:54
[INFO] [stderr]     |
[INFO] [stderr] 412 |     fn try_fill_bytes(&mut self, dest: &mut [u8]) -> Result<(), Error> {
[INFO] [stderr]     |                                                      ^^^^^^ not found in this scope
[INFO] [stderr] 
[INFO] [stderr] error[E0412]: cannot find type `Result` in this scope
[INFO] [stderr]    --> /opt/rustwide/cargo-home/registry/src/index.crates.io-6f17d22bba15001f/rand_core-0.6.3/src/block.rs:432:40
[INFO] [stderr]     |
[INFO] [stderr] 432 |     fn from_rng<S: RngCore>(rng: S) -> Result<Self, Error> {
[INFO] [stderr]     |                                        ^^^^^^ not found in this scope
[INFO] [stderr] 
[INFO] [stderr] error[E0412]: cannot find type `Option` in this scope
[INFO] [stderr]   --> /opt/rustwide/cargo-home/registry/src/index.crates.io-6f17d22bba15001f/rand_core-0.6.3/src/error.rs:87:35
[INFO] [stderr]    |
[INFO] [stderr] 87 |     pub fn raw_os_error(&self) -> Option<i32> {
[INFO] [stderr]    |                                   ^^^^^^ not found in this scope
[INFO] [stderr] 
[INFO] [stderr] error[E0531]: cannot find tuple struct or tuple variant `Some` in this scope
[INFO] [stderr]   --> /opt/rustwide/cargo-home/registry/src/index.crates.io-6f17d22bba15001f/rand_core-0.6.3/src/error.rs:95:13
[INFO] [stderr]    |
[INFO] [stderr] 95 |             Some(code) if u32::from(code) < Self::INTERNAL_START => Some(u32::from(code) as i32),
[INFO] [stderr]    |             ^^^^ not found in this scope
[INFO] [stderr] 
[INFO] [stderr] error[E0425]: cannot find value `None` in this scope
[INFO] [stderr]   --> /opt/rustwide/cargo-home/registry/src/index.crates.io-6f17d22bba15001f/rand_core-0.6.3/src/error.rs:96:18
[INFO] [stderr]    |
[INFO] [stderr] 96 |             _ => None,
[INFO] [stderr]    |                  ^^^^ not found in this scope
[INFO] [stderr] 
[INFO] [stderr] error[E0412]: cannot find type `Option` in this scope
[INFO] [stderr]    --> /opt/rustwide/cargo-home/registry/src/index.crates.io-6f17d22bba15001f/rand_core-0.6.3/src/error.rs:106:27
[INFO] [stderr]     |
[INFO] [stderr] 106 |     pub fn code(&self) -> Option<NonZeroU32> {
[INFO] [stderr]     |                           ^^^^^^ not found in this scope
[INFO] [stderr] 
[INFO] [stderr] error: could not compile `zeroize` (lib) due to 29 previous errors
[INFO] [stderr] error[E0405]: cannot find trait `From` in this scope
[INFO] [stderr]    --> /opt/rustwide/cargo-home/registry/src/index.crates.io-6f17d22bba15001f/rand_core-0.6.3/src/error.rs:152:6
[INFO] [stderr]     |
[INFO] [stderr] 152 | impl From<NonZeroU32> for Error {
[INFO] [stderr]     |      ^^^^ not found in this scope
[INFO] [stderr] 
[INFO] [stderr] error[E0405]: cannot find trait `Sized` in this scope
[INFO] [stderr]   --> /opt/rustwide/cargo-home/registry/src/index.crates.io-6f17d22bba15001f/rand_core-0.6.3/src/impls.rs:24:39
[INFO] [stderr]    |
[INFO] [stderr] 24 | pub fn next_u64_via_u32<R: RngCore + ?Sized>(rng: &mut R) -> u64 {
[INFO] [stderr]    |                                       ^^^^^ not found in this scope
[INFO] [stderr] 
[INFO] [stderr] error[E0405]: cannot find trait `Sized` in this scope
[INFO] [stderr]   --> /opt/rustwide/cargo-home/registry/src/index.crates.io-6f17d22bba15001f/rand_core-0.6.3/src/impls.rs:37:42
[INFO] [stderr]    |
[INFO] [stderr] 37 | pub fn fill_bytes_via_next<R: RngCore + ?Sized>(rng: &mut R, dest: &mut [u8]) {
[INFO] [stderr]    |                                          ^^^^^ not found in this scope
[INFO] [stderr] 
[INFO] [stderr] error[E0405]: cannot find trait `Sized` in this scope
[INFO] [stderr]    --> /opt/rustwide/cargo-home/registry/src/index.crates.io-6f17d22bba15001f/rand_core-0.6.3/src/impls.rs:136:40
[INFO] [stderr]     |
[INFO] [stderr] 136 | pub fn next_u32_via_fill<R: RngCore + ?Sized>(rng: &mut R) -> u32 {
[INFO] [stderr]     |                                        ^^^^^ not found in this scope
[INFO] [stderr] 
[INFO] [stderr] error[E0405]: cannot find trait `Sized` in this scope
[INFO] [stderr]    --> /opt/rustwide/cargo-home/registry/src/index.crates.io-6f17d22bba15001f/rand_core-0.6.3/src/impls.rs:143:40
[INFO] [stderr]     |
[INFO] [stderr] 143 | pub fn next_u64_via_fill<R: RngCore + ?Sized>(rng: &mut R) -> u64 {
[INFO] [stderr]     |                                        ^^^^^ not found in this scope
[INFO] [stderr] 
[INFO] [stderr] error[E0412]: cannot find type `Result` in this scope
[INFO] [stderr]    --> /opt/rustwide/cargo-home/registry/src/index.crates.io-6f17d22bba15001f/rand_core-0.6.3/src/lib.rs:184:54
[INFO] [stderr]     |
[INFO] [stderr] 184 |     fn try_fill_bytes(&mut self, dest: &mut [u8]) -> Result<(), Error>;
[INFO] [stderr]     |                                                      ^^^^^^ not found in this scope
[INFO] [stderr] 
[INFO] [stderr] error[E0405]: cannot find trait `Sized` in this scope
[INFO] [stderr]    --> /opt/rustwide/cargo-home/registry/src/index.crates.io-6f17d22bba15001f/rand_core-0.6.3/src/lib.rs:217:24
[INFO] [stderr]     |
[INFO] [stderr] 217 | pub trait SeedableRng: Sized {
[INFO] [stderr]     |                        ^^^^^ not found in this scope
[INFO] [stderr] 
[INFO] [stderr] error[E0405]: cannot find trait `Sized` in this scope
[INFO] [stderr]    --> /opt/rustwide/cargo-home/registry/src/index.crates.io-6f17d22bba15001f/rand_core-0.6.3/src/lib.rs:263:16
[INFO] [stderr]     |
[INFO] [stderr] 263 |     type Seed: Sized + Default + AsMut<[u8]>;
[INFO] [stderr]     |                ^^^^^ not found in this scope
[INFO] [stderr] 
[INFO] [stderr] error[E0412]: cannot find type `Result` in this scope
[INFO] [stderr]    --> /opt/rustwide/cargo-home/registry/src/index.crates.io-6f17d22bba15001f/rand_core-0.6.3/src/lib.rs:361:44
[INFO] [stderr]     |
[INFO] [stderr] 361 |     fn from_rng<R: RngCore>(mut rng: R) -> Result<Self, Error> {
[INFO] [stderr]     |                                            ^^^^^^ not found in this scope
[INFO] [stderr] 
[INFO] [stderr] error[E0405]: cannot find trait `Sized` in this scope
[INFO] [stderr]    --> /opt/rustwide/cargo-home/registry/src/index.crates.io-6f17d22bba15001f/rand_core-0.6.3/src/lib.rs:395:24
[INFO] [stderr]     |
[INFO] [stderr] 395 | impl<'a, R: RngCore + ?Sized> RngCore for &'a mut R {
[INFO] [stderr]     |                        ^^^^^ not found in this scope
[INFO] [stderr] 
[INFO] [stderr] error[E0412]: cannot find type `Result` in this scope
[INFO] [stderr]    --> /opt/rustwide/cargo-home/registry/src/index.crates.io-6f17d22bba15001f/rand_core-0.6.3/src/lib.rs:412:54
[INFO] [stderr]     |
[INFO] [stderr] 412 |     fn try_fill_bytes(&mut self, dest: &mut [u8]) -> Result<(), Error> {
[INFO] [stderr]     |                                                      ^^^^^^ not found in this scope
[INFO] [stderr] 
[INFO] [stderr] error[E0405]: cannot find trait `Sized` in this scope
[INFO] [stderr]    --> /opt/rustwide/cargo-home/registry/src/index.crates.io-6f17d22bba15001f/rand_core-0.6.3/src/lib.rs:452:26
[INFO] [stderr]     |
[INFO] [stderr] 452 | impl<'a, R: CryptoRng + ?Sized> CryptoRng for &'a mut R {}
[INFO] [stderr]     |                          ^^^^^ not found in this scope
[INFO] [stderr] 
[INFO] [stderr] error[E0425]: cannot find function, tuple struct or tuple variant `Ok` in this scope
[INFO] [stderr]    --> /opt/rustwide/cargo-home/registry/src/index.crates.io-6f17d22bba15001f/rand_core-0.6.3/src/block.rs:239:9
[INFO] [stderr]     |
[INFO] [stderr] 239 |         Ok(())
[INFO] [stderr]     |         ^^ not found in this scope
[INFO] [stderr] 
[INFO] [stderr] error[E0425]: cannot find function, tuple struct or tuple variant `Ok` in this scope
[INFO] [stderr]    --> /opt/rustwide/cargo-home/registry/src/index.crates.io-6f17d22bba15001f/rand_core-0.6.3/src/block.rs:258:9
[INFO] [stderr]     |
[INFO] [stderr] 258 |         Ok(Self::new(R::from_rng(rng)?))
[INFO] [stderr]     |         ^^ not found in this scope
[INFO] [stderr] 
[INFO] [stderr] error[E0425]: cannot find function, tuple struct or tuple variant `Ok` in this scope
[INFO] [stderr]    --> /opt/rustwide/cargo-home/registry/src/index.crates.io-6f17d22bba15001f/rand_core-0.6.3/src/block.rs:414:9
[INFO] [stderr]     |
[INFO] [stderr] 414 |         Ok(())
[INFO] [stderr]     |         ^^ not found in this scope
[INFO] [stderr] 
[INFO] [stderr] error[E0425]: cannot find function, tuple struct or tuple variant `Ok` in this scope
[INFO] [stderr]    --> /opt/rustwide/cargo-home/registry/src/index.crates.io-6f17d22bba15001f/rand_core-0.6.3/src/block.rs:433:9
[INFO] [stderr]     |
[INFO] [stderr] 433 |         Ok(Self::new(R::from_rng(rng)?))
[INFO] [stderr]     |         ^^ not found in this scope
[INFO] [stderr] 
[INFO] [stderr] error[E0425]: cannot find function, tuple struct or tuple variant `Some` in this scope
[INFO] [stderr]   --> /opt/rustwide/cargo-home/registry/src/index.crates.io-6f17d22bba15001f/rand_core-0.6.3/src/error.rs:95:69
[INFO] [stderr]    |
[INFO] [stderr] 95 |             Some(code) if u32::from(code) < Self::INTERNAL_START => Some(u32::from(code) as i32),
[INFO] [stderr]    |                                                                     ^^^^ not found in this scope
[INFO] [stderr] 
[INFO] [stderr] error[E0425]: cannot find function, tuple struct or tuple variant `Some` in this scope
[INFO] [stderr]    --> /opt/rustwide/cargo-home/registry/src/index.crates.io-6f17d22bba15001f/rand_core-0.6.3/src/error.rs:113:13
[INFO] [stderr]     |
[INFO] [stderr] 113 |             Some(self.code)
[INFO] [stderr]     |             ^^^^ not found in this scope
[INFO] [stderr] 
[INFO] [stderr] error[E0425]: cannot find function, tuple struct or tuple variant `Ok` in this scope
[INFO] [stderr]    --> /opt/rustwide/cargo-home/registry/src/index.crates.io-6f17d22bba15001f/rand_core-0.6.3/src/lib.rs:364:9
[INFO] [stderr]     |
[INFO] [stderr] 364 |         Ok(Self::from_seed(seed))
[INFO] [stderr]     |         ^^ not found in this scope
[INFO] [stderr] 
[INFO] [stderr] error: could not compile `rand_core` (lib) due to 65 previous errors
[INFO] [stdout] test test_hello ... FAILED
[INFO] [stdout] 
[INFO] [stdout] failures:
[INFO] [stdout] 
[INFO] [stdout] ---- test_hello stdout ----
[INFO] [stdout] thread 'test_hello' panicked at /opt/rustwide/cargo-home/git/checkouts/radixdlt-scrypto-1833d92590086ce0/8c176b7/scrypto/src/misc/cargo.rs:15:9:
[INFO] [stdout] Failed to compile package: "/opt/rustwide/workdir"
[INFO] [stdout] stack backtrace:
[INFO] [stdout]    0:     0x55d50b4efa56 - std::backtrace_rs::backtrace::libunwind::trace::h261606ad26a499c1
[INFO] [stdout]                                at /rustc/0e09125c6c3c2fd70d7de961bcf0e51575235fad/library/std/src/../../backtrace/src/backtrace/libunwind.rs:104:5
[INFO] [stdout]    1:     0x55d50b4efa56 - std::backtrace_rs::backtrace::trace_unsynchronized::hd183f0625477fb28
[INFO] [stdout]                                at /rustc/0e09125c6c3c2fd70d7de961bcf0e51575235fad/library/std/src/../../backtrace/src/backtrace/mod.rs:66:5
[INFO] [stdout]    2:     0x55d50b4efa56 - std::sys_common::backtrace::_print_fmt::hd7f8fef21b4eda67
[INFO] [stdout]                                at /rustc/0e09125c6c3c2fd70d7de961bcf0e51575235fad/library/std/src/sys_common/backtrace.rs:68:5
[INFO] [stdout]    3:     0x55d50b4efa56 - <std::sys_common::backtrace::_print::DisplayBacktrace as core::fmt::Display>::fmt::h623d9b51f2f453f1
[INFO] [stdout]                                at /rustc/0e09125c6c3c2fd70d7de961bcf0e51575235fad/library/std/src/sys_common/backtrace.rs:44:22
[INFO] [stdout]    4:     0x55d50b51b230 - core::fmt::rt::Argument::fmt::h9f417ac76a86f368
[INFO] [stdout]                                at /rustc/0e09125c6c3c2fd70d7de961bcf0e51575235fad/library/core/src/fmt/rt.rs:142:9
[INFO] [stdout]    5:     0x55d50b51b230 - core::fmt::write::hc9b6faf4ac2aeff7
[INFO] [stdout]                                at /rustc/0e09125c6c3c2fd70d7de961bcf0e51575235fad/library/core/src/fmt/mod.rs:1120:17
[INFO] [stdout]    6:     0x55d50b4ed0ef - std::io::Write::write_fmt::he04625a3a989fec3
[INFO] [stdout]                                at /rustc/0e09125c6c3c2fd70d7de961bcf0e51575235fad/library/std/src/io/mod.rs:1810:15
[INFO] [stdout]    7:     0x55d50b4ef834 - std::sys_common::backtrace::_print::hd5d66399c7df88a2
[INFO] [stdout]                                at /rustc/0e09125c6c3c2fd70d7de961bcf0e51575235fad/library/std/src/sys_common/backtrace.rs:47:5
[INFO] [stdout]    8:     0x55d50b4ef834 - std::sys_common::backtrace::print::he81ed2da642d37e5
[INFO] [stdout]                                at /rustc/0e09125c6c3c2fd70d7de961bcf0e51575235fad/library/std/src/sys_common/backtrace.rs:34:9
[INFO] [stdout]    9:     0x55d50b4f15a7 - std::panicking::default_hook::{{closure}}::h85773f4fa117163d
[INFO] [stdout]   10:     0x55d50b4f128d - std::panicking::default_hook::h6a1694a91d09b278
[INFO] [stdout]                                at /rustc/0e09125c6c3c2fd70d7de961bcf0e51575235fad/library/std/src/panicking.rs:289:9
[INFO] [stdout]   11:     0x55d50afdd697 - <alloc::boxed::Box<F,A> as core::ops::function::Fn<Args>>::call::h616ac37fa3cd6c8f
[INFO] [stdout]                                at /rustc/0e09125c6c3c2fd70d7de961bcf0e51575235fad/library/alloc/src/boxed.rs:2029:9
[INFO] [stdout]   12:     0x55d50afdd697 - test::test_main::{{closure}}::h00d84697cefdcbb6
[INFO] [stdout]                                at /rustc/0e09125c6c3c2fd70d7de961bcf0e51575235fad/library/test/src/lib.rs:138:21
[INFO] [stdout]   13:     0x55d50b4f1bc6 - <alloc::boxed::Box<F,A> as core::ops::function::Fn<Args>>::call::hcb3fe3b9bb537ba8
[INFO] [stdout]                                at /rustc/0e09125c6c3c2fd70d7de961bcf0e51575235fad/library/alloc/src/boxed.rs:2029:9
[INFO] [stdout]   14:     0x55d50b4f1bc6 - std::panicking::rust_panic_with_hook::h0a7ad96e90f7145b
[INFO] [stdout]                                at /rustc/0e09125c6c3c2fd70d7de961bcf0e51575235fad/library/std/src/panicking.rs:783:13
[INFO] [stdout]   15:     0x55d50b4f1912 - std::panicking::begin_panic_handler::{{closure}}::h7919090525c6485e
[INFO] [stdout]                                at /rustc/0e09125c6c3c2fd70d7de961bcf0e51575235fad/library/std/src/panicking.rs:657:13
[INFO] [stdout]   16:     0x55d50b4eff56 - std::sys_common::backtrace::__rust_end_short_backtrace::hf3289479464f7dfe
[INFO] [stdout]                                at /rustc/0e09125c6c3c2fd70d7de961bcf0e51575235fad/library/std/src/sys_common/backtrace.rs:171:18
[INFO] [stdout]   17:     0x55d50b4f1670 - rust_begin_unwind
[INFO] [stdout]                                at /rustc/0e09125c6c3c2fd70d7de961bcf0e51575235fad/library/std/src/panicking.rs:645:5
[INFO] [stdout]   18:     0x55d50af87ed5 - core::panicking::panic_fmt::hcc9f77c5c132af55
[INFO] [stdout]                                at /rustc/0e09125c6c3c2fd70d7de961bcf0e51575235fad/library/core/src/panicking.rs:72:14
[INFO] [stdout]   19:     0x55d50afa0a81 - scrypto::misc::cargo::compile_package::h876240d0c039fbfd
[INFO] [stdout]                                at /opt/rustwide/cargo-home/git/checkouts/radixdlt-scrypto-1833d92590086ce0/8c176b7/scrypto/src/misc/cargo.rs:15:9
[INFO] [stdout]   20:     0x55d50afa8608 - lib::test_hello::he23d03a9eed78b9e
[INFO] [stdout]                                at /opt/rustwide/workdir/tests/lib.rs:11:44
[INFO] [stdout]   21:     0x55d50afa84b7 - lib::test_hello::{{closure}}::h900d29af79573e75
[INFO] [stdout]                                at /opt/rustwide/workdir/tests/lib.rs:6:16
[INFO] [stdout]   22:     0x55d50af96e36 - core::ops::function::FnOnce::call_once::h663939cee9bb6dab
[INFO] [stdout]                                at /rustc/0e09125c6c3c2fd70d7de961bcf0e51575235fad/library/core/src/ops/function.rs:250:5
[INFO] [stdout]   23:     0x55d50afe2f6f - core::ops::function::FnOnce::call_once::hd64d26f405258157
[INFO] [stdout]                                at /rustc/0e09125c6c3c2fd70d7de961bcf0e51575235fad/library/core/src/ops/function.rs:250:5
[INFO] [stdout]   24:     0x55d50afe2f6f - test::__rust_begin_short_backtrace::he21b0b7a6d731bf9
[INFO] [stdout]                                at /rustc/0e09125c6c3c2fd70d7de961bcf0e51575235fad/library/test/src/lib.rs:627:18
[INFO] [stdout]   25:     0x55d50afe1cf1 - test::run_test_in_process::{{closure}}::hf5c73986d7bdfde2
[INFO] [stdout]                                at /rustc/0e09125c6c3c2fd70d7de961bcf0e51575235fad/library/test/src/lib.rs:650:60
[INFO] [stdout]   26:     0x55d50afe1cf1 - <core::panic::unwind_safe::AssertUnwindSafe<F> as core::ops::function::FnOnce<()>>::call_once::h330011ad032aadc0
[INFO] [stdout]                                at /rustc/0e09125c6c3c2fd70d7de961bcf0e51575235fad/library/core/src/panic/unwind_safe.rs:272:9
[INFO] [stdout]   27:     0x55d50afe1cf1 - std::panicking::try::do_call::he61b0a958b795a41
[INFO] [stdout]                                at /rustc/0e09125c6c3c2fd70d7de961bcf0e51575235fad/library/std/src/panicking.rs:552:40
[INFO] [stdout]   28:     0x55d50afe1cf1 - std::panicking::try::h7309da130f906eb7
[INFO] [stdout]                                at /rustc/0e09125c6c3c2fd70d7de961bcf0e51575235fad/library/std/src/panicking.rs:516:19
[INFO] [stdout]   29:     0x55d50afe1cf1 - std::panic::catch_unwind::hc5c3a06fdaf0a92a
[INFO] [stdout]                                at /rustc/0e09125c6c3c2fd70d7de961bcf0e51575235fad/library/std/src/panic.rs:142:14
[INFO] [stdout]   30:     0x55d50afe1cf1 - test::run_test_in_process::h7e7b7c71c3324e0f
[INFO] [stdout]                                at /rustc/0e09125c6c3c2fd70d7de961bcf0e51575235fad/library/test/src/lib.rs:650:27
[INFO] [stdout]   31:     0x55d50afe1cf1 - test::run_test::{{closure}}::h1f509f28f5cf20b1
[INFO] [stdout]                                at /rustc/0e09125c6c3c2fd70d7de961bcf0e51575235fad/library/test/src/lib.rs:573:43
[INFO] [stdout]   32:     0x55d50afa9026 - test::run_test::{{closure}}::h1754218abf443f6d
[INFO] [stdout]                                at /rustc/0e09125c6c3c2fd70d7de961bcf0e51575235fad/library/test/src/lib.rs:601:41
[INFO] [stdout]   33:     0x55d50afa9026 - std::sys_common::backtrace::__rust_begin_short_backtrace::h2ee174b9d5954948
[INFO] [stdout]                                at /rustc/0e09125c6c3c2fd70d7de961bcf0e51575235fad/library/std/src/sys_common/backtrace.rs:155:18
[INFO] [stdout]   34:     0x55d50afae087 - std::thread::Builder::spawn_unchecked_::{{closure}}::{{closure}}::hf60bee9c1a17ef09
[INFO] [stdout]                                at /rustc/0e09125c6c3c2fd70d7de961bcf0e51575235fad/library/std/src/thread/mod.rs:529:17
[INFO] [stdout]   35:     0x55d50afae087 - <core::panic::unwind_safe::AssertUnwindSafe<F> as core::ops::function::FnOnce<()>>::call_once::h33d0dddec5216160
[INFO] [stdout]                                at /rustc/0e09125c6c3c2fd70d7de961bcf0e51575235fad/library/core/src/panic/unwind_safe.rs:272:9
[INFO] [stdout]   36:     0x55d50afae087 - std::panicking::try::do_call::h144b3048b546f835
[INFO] [stdout]                                at /rustc/0e09125c6c3c2fd70d7de961bcf0e51575235fad/library/std/src/panicking.rs:552:40
[INFO] [stdout]   37:     0x55d50afae087 - std::panicking::try::h978244d04646189f
[INFO] [stdout]                                at /rustc/0e09125c6c3c2fd70d7de961bcf0e51575235fad/library/std/src/panicking.rs:516:19
[INFO] [stdout]   38:     0x55d50afae087 - std::panic::catch_unwind::hdf436369d188fe86
[INFO] [stdout]                                at /rustc/0e09125c6c3c2fd70d7de961bcf0e51575235fad/library/std/src/panic.rs:142:14
[INFO] [stdout]   39:     0x55d50afae087 - std::thread::Builder::spawn_unchecked_::{{closure}}::h87329cbdd33c79ec
[INFO] [stdout]                                at /rustc/0e09125c6c3c2fd70d7de961bcf0e51575235fad/library/std/src/thread/mod.rs:528:30
[INFO] [stdout]   40:     0x55d50afae087 - core::ops::function::FnOnce::call_once{{vtable.shim}}::h401abbe67897d450
[INFO] [stdout]                                at /rustc/0e09125c6c3c2fd70d7de961bcf0e51575235fad/library/core/src/ops/function.rs:250:5
[INFO] [stdout]   41:     0x55d50b4f6cc5 - <alloc::boxed::Box<F,A> as core::ops::function::FnOnce<Args>>::call_once::h5d7c8f150ab9c84c
[INFO] [stdout]                                at /rustc/0e09125c6c3c2fd70d7de961bcf0e51575235fad/library/alloc/src/boxed.rs:2015:9
[INFO] [stdout]   42:     0x55d50b4f6cc5 - <alloc::boxed::Box<F,A> as core::ops::function::FnOnce<Args>>::call_once::h570d5b005c242c15
[INFO] [stdout]                                at /rustc/0e09125c6c3c2fd70d7de961bcf0e51575235fad/library/alloc/src/boxed.rs:2015:9
[INFO] [stdout]   43:     0x55d50b4f6cc5 - std::sys::unix::thread::Thread::new::thread_start::h36b0a20c0b2361ad
[INFO] [stdout]                                at /rustc/0e09125c6c3c2fd70d7de961bcf0e51575235fad/library/std/src/sys/unix/thread.rs:108:17
[INFO] [stdout]   44:     0x7fcdd1295ac3 - <unknown>
[INFO] [stdout]   45:     0x7fcdd1326bf4 - __clone
[INFO] [stdout]   46:                0x0 - <unknown>
[INFO] [stdout] 
[INFO] [stdout] 
[INFO] [stdout] failures:
[INFO] [stdout]     test_hello
[INFO] [stdout] 
[INFO] [stdout] test result: FAILED. 0 passed; 1 failed; 0 ignored; 0 measured; 0 filtered out; finished in 0.86s
[INFO] [stdout] 
[INFO] [stderr] error: test failed, to rerun pass `--test lib`
[INFO] running `Command { std: "docker" "inspect" "f24546c48b23c4d67762afa491da276cabab6b0fe110f73c1e104988b2991724", kill_on_drop: false }`
[INFO] running `Command { std: "docker" "rm" "-f" "f24546c48b23c4d67762afa491da276cabab6b0fe110f73c1e104988b2991724", kill_on_drop: false }`
[INFO] [stdout] f24546c48b23c4d67762afa491da276cabab6b0fe110f73c1e104988b2991724
