[INFO] cloning repository https://github.com/YouSafe/chess-engine
[INFO] running `Command { std: "git" "-c" "credential.helper=" "-c" "credential.helper=/workspace/cargo-home/bin/git-credential-null" "clone" "--bare" "https://github.com/YouSafe/chess-engine" "/workspace/cache/git-repos/https%3A%2F%2Fgithub.com%2FYouSafe%2Fchess-engine", kill_on_drop: false }`
[INFO] [stderr] Cloning into bare repository '/workspace/cache/git-repos/https%3A%2F%2Fgithub.com%2FYouSafe%2Fchess-engine'...
[INFO] running `Command { std: "git" "rev-parse" "HEAD", kill_on_drop: false }`
[INFO] [stdout] 34f6d0692ebef5901222d8d7ed4206dfc03d25bd
[INFO] testing YouSafe/chess-engine against 1.75.0 for beta-1.76-1
[INFO] running `Command { std: "git" "clone" "/workspace/cache/git-repos/https%3A%2F%2Fgithub.com%2FYouSafe%2Fchess-engine" "/workspace/builds/worker-6-tc1/source", kill_on_drop: false }`
[INFO] [stderr] Cloning into '/workspace/builds/worker-6-tc1/source'...
[INFO] [stderr] done.
[INFO] validating manifest of git repo https://github.com/YouSafe/chess-engine on toolchain 1.75.0
[INFO] running `Command { std: CARGO_HOME="/workspace/cargo-home" RUSTUP_HOME="/workspace/rustup-home" "/workspace/cargo-home/bin/cargo" "+1.75.0" "metadata" "--manifest-path" "Cargo.toml" "--no-deps", kill_on_drop: false }`
[INFO] started tweaking git repo https://github.com/YouSafe/chess-engine
[INFO] finished tweaking git repo https://github.com/YouSafe/chess-engine
[INFO] tweaked toml for git repo https://github.com/YouSafe/chess-engine written to /workspace/builds/worker-6-tc1/source/Cargo.toml
[INFO] crate git repo https://github.com/YouSafe/chess-engine already has a lockfile, it will not be regenerated
[INFO] running `Command { std: CARGO_HOME="/workspace/cargo-home" RUSTUP_HOME="/workspace/rustup-home" "/workspace/cargo-home/bin/cargo" "+1.75.0" "fetch" "--manifest-path" "Cargo.toml", kill_on_drop: false }`
[INFO] running `Command { std: "docker" "create" "-v" "/var/lib/crater-agent-workspace/builds/worker-6-tc1/target:/opt/rustwide/target:rw,Z" "-v" "/var/lib/crater-agent-workspace/builds/worker-6-tc1/source:/opt/rustwide/workdir:ro,Z" "-v" "/var/lib/crater-agent-workspace/cargo-home:/opt/rustwide/cargo-home:ro,Z" "-v" "/var/lib/crater-agent-workspace/rustup-home:/opt/rustwide/rustup-home:ro,Z" "-e" "SOURCE_DIR=/opt/rustwide/workdir" "-e" "CARGO_TARGET_DIR=/opt/rustwide/target" "-e" "CARGO_HOME=/opt/rustwide/cargo-home" "-e" "RUSTUP_HOME=/opt/rustwide/rustup-home" "-w" "/opt/rustwide/workdir" "-m" "1610612736" "--user" "0:0" "--network" "none" "ghcr.io/rust-lang/crates-build-env/linux@sha256:2788e3201cd34a07e3172128adcd8b3090168a8e3bcc40d7c032b9dda1df7d1c" "/opt/rustwide/cargo-home/bin/cargo" "+1.75.0" "metadata" "--no-deps" "--format-version=1", kill_on_drop: false }`
[INFO] [stdout] 5b8022cfb4f30de872cdecdd5632afa858da288151c2d40a8f26fc08206a6b89
[INFO] running `Command { std: "docker" "start" "-a" "5b8022cfb4f30de872cdecdd5632afa858da288151c2d40a8f26fc08206a6b89", kill_on_drop: false }`
[INFO] running `Command { std: "docker" "inspect" "5b8022cfb4f30de872cdecdd5632afa858da288151c2d40a8f26fc08206a6b89", kill_on_drop: false }`
[INFO] running `Command { std: "docker" "rm" "-f" "5b8022cfb4f30de872cdecdd5632afa858da288151c2d40a8f26fc08206a6b89", kill_on_drop: false }`
[INFO] [stdout] 5b8022cfb4f30de872cdecdd5632afa858da288151c2d40a8f26fc08206a6b89
[INFO] running `Command { std: "docker" "create" "-v" "/var/lib/crater-agent-workspace/builds/worker-6-tc1/target:/opt/rustwide/target:rw,Z" "-v" "/var/lib/crater-agent-workspace/builds/worker-6-tc1/source:/opt/rustwide/workdir:ro,Z" "-v" "/var/lib/crater-agent-workspace/cargo-home:/opt/rustwide/cargo-home:ro,Z" "-v" "/var/lib/crater-agent-workspace/rustup-home:/opt/rustwide/rustup-home:ro,Z" "-e" "SOURCE_DIR=/opt/rustwide/workdir" "-e" "CARGO_TARGET_DIR=/opt/rustwide/target" "-e" "CARGO_INCREMENTAL=0" "-e" "RUST_BACKTRACE=full" "-e" "RUSTFLAGS=--cap-lints=warn" "-e" "RUSTDOCFLAGS=--cap-lints=warn" "-e" "CARGO_HOME=/opt/rustwide/cargo-home" "-e" "RUSTUP_HOME=/opt/rustwide/rustup-home" "-w" "/opt/rustwide/workdir" "-m" "1610612736" "--user" "0:0" "--network" "none" "ghcr.io/rust-lang/crates-build-env/linux@sha256:2788e3201cd34a07e3172128adcd8b3090168a8e3bcc40d7c032b9dda1df7d1c" "/opt/rustwide/cargo-home/bin/cargo" "+1.75.0" "build" "--frozen" "--message-format=json", kill_on_drop: false }`
[INFO] [stdout] 4207ac4bf957f6d7c6b3d42db240c1338f5171ed1ed956354268cd181ae0dab7
[INFO] running `Command { std: "docker" "start" "-a" "4207ac4bf957f6d7c6b3d42db240c1338f5171ed1ed956354268cd181ae0dab7", kill_on_drop: false }`
[INFO] [stderr]    Compiling arrayvec v0.7.4
[INFO] [stderr]    Compiling lazy_static v1.4.0
[INFO] [stderr]    Compiling chess-core v0.1.0 (/opt/rustwide/workdir/chess-core)
[INFO] [stderr]    Compiling engine v0.1.0 (/opt/rustwide/workdir/engine)
[INFO] [stdout] warning: associated function `new_mate_eval` is never used
[INFO] [stdout]   --> engine/src/evaluation.rs:48:12
[INFO] [stdout]    |
[INFO] [stdout] 23 | impl Evaluation {
[INFO] [stdout]    | --------------- associated function in this implementation
[INFO] [stdout] ...
[INFO] [stdout] 48 |     pub fn new_mate_eval(mating_color: Color, ply_from_root: u8) -> Evaluation {
[INFO] [stdout]    |            ^^^^^^^^^^^^^
[INFO] [stdout]    |
[INFO] [stdout]    = note: `#[warn(dead_code)]` on by default
[INFO] [stdout] 
[INFO] [stdout] 
[INFO] [stdout] warning: associated function `new_depth_limit` is never used
[INFO] [stdout]   --> engine/src/search_limits.rs:15:12
[INFO] [stdout]    |
[INFO] [stdout] 14 | impl SearchLimits {
[INFO] [stdout]    | ----------------- associated function in this implementation
[INFO] [stdout] 15 |     pub fn new_depth_limit(depth: u8) -> SearchLimits {
[INFO] [stdout]    |            ^^^^^^^^^^^^^^^
[INFO] [stdout] 
[INFO] [stdout] 
[INFO] [stdout] warning: 2 warnings emitted
[INFO] [stdout] 
[INFO] [stdout] 
[INFO] [stderr]     Finished dev [optimized + debuginfo] target(s) in 9.98s
[INFO] running `Command { std: "docker" "inspect" "4207ac4bf957f6d7c6b3d42db240c1338f5171ed1ed956354268cd181ae0dab7", kill_on_drop: false }`
[INFO] running `Command { std: "docker" "rm" "-f" "4207ac4bf957f6d7c6b3d42db240c1338f5171ed1ed956354268cd181ae0dab7", kill_on_drop: false }`
[INFO] [stdout] 4207ac4bf957f6d7c6b3d42db240c1338f5171ed1ed956354268cd181ae0dab7
[INFO] running `Command { std: "docker" "create" "-v" "/var/lib/crater-agent-workspace/builds/worker-6-tc1/target:/opt/rustwide/target:rw,Z" "-v" "/var/lib/crater-agent-workspace/builds/worker-6-tc1/source:/opt/rustwide/workdir:ro,Z" "-v" "/var/lib/crater-agent-workspace/cargo-home:/opt/rustwide/cargo-home:ro,Z" "-v" "/var/lib/crater-agent-workspace/rustup-home:/opt/rustwide/rustup-home:ro,Z" "-e" "SOURCE_DIR=/opt/rustwide/workdir" "-e" "CARGO_TARGET_DIR=/opt/rustwide/target" "-e" "CARGO_INCREMENTAL=0" "-e" "RUST_BACKTRACE=full" "-e" "RUSTFLAGS=--cap-lints=warn" "-e" "RUSTDOCFLAGS=--cap-lints=warn" "-e" "CARGO_HOME=/opt/rustwide/cargo-home" "-e" "RUSTUP_HOME=/opt/rustwide/rustup-home" "-w" "/opt/rustwide/workdir" "-m" "1610612736" "--user" "0:0" "--network" "none" "ghcr.io/rust-lang/crates-build-env/linux@sha256:2788e3201cd34a07e3172128adcd8b3090168a8e3bcc40d7c032b9dda1df7d1c" "/opt/rustwide/cargo-home/bin/cargo" "+1.75.0" "test" "--frozen" "--no-run" "--message-format=json", kill_on_drop: false }`
[INFO] [stdout] a444302b933763d3a7c7b7012212e62e7979aae9c0ac84f93b8622cb087c79b6
[INFO] running `Command { std: "docker" "start" "-a" "a444302b933763d3a7c7b7012212e62e7979aae9c0ac84f93b8622cb087c79b6", kill_on_drop: false }`
[INFO] [stderr]    Compiling crossbeam-utils v0.8.16
[INFO] [stderr]    Compiling memoffset v0.9.0
[INFO] [stderr]    Compiling cfg-if v1.0.0
[INFO] [stderr]    Compiling crossbeam-epoch v0.9.15
[INFO] [stderr]    Compiling serde v1.0.173
[INFO] [stderr]    Compiling serde_derive v1.0.173
[INFO] [stderr]    Compiling scopeguard v1.2.0
[INFO] [stderr]    Compiling num-traits v0.2.16
[INFO] [stderr]    Compiling either v1.8.1
[INFO] [stderr]    Compiling rayon-core v1.11.0
[INFO] [stderr]    Compiling rustix v0.38.4
[INFO] [stderr]    Compiling serde_json v1.0.103
[INFO] [stderr]    Compiling ciborium-io v0.2.1
[INFO] [stderr]    Compiling libc v0.2.147
[INFO] [stderr]    Compiling half v1.8.2
[INFO] [stderr]    Compiling linux-raw-sys v0.4.3
[INFO] [stderr]    Compiling plotters-backend v0.3.5
[INFO] [stderr]    Compiling regex-syntax v0.7.4
[INFO] [stderr]    Compiling itoa v1.0.9
[INFO] [stderr]    Compiling anstyle v1.0.1
[INFO] [stderr]    Compiling clap_lex v0.5.0
[INFO] [stderr]    Compiling ryu v1.0.15
[INFO] [stderr]    Compiling bitflags v2.3.3
[INFO] [stderr]    Compiling clap_builder v4.3.17
[INFO] [stderr]    Compiling plotters-svg v0.3.5
[INFO] [stderr]    Compiling ciborium-ll v0.2.1
[INFO] [stderr]    Compiling itertools v0.10.5
[INFO] [stderr]    Compiling cast v0.3.0
[INFO] [stderr]    Compiling same-file v1.0.6
[INFO] [stderr]    Compiling walkdir v2.3.3
[INFO] [stderr]    Compiling anes v0.1.6
[INFO] [stderr]    Compiling once_cell v1.18.0
[INFO] [stderr]    Compiling oorandom v11.1.3
[INFO] [stderr]    Compiling num_cpus v1.16.0
[INFO] [stderr]    Compiling crossbeam-channel v0.5.8
[INFO] [stdout] warning: associated function `new_mate_eval` is never used
[INFO] [stdout]   --> engine/src/evaluation.rs:48:12
[INFO] [stdout]    |
[INFO] [stdout] 23 | impl Evaluation {
[INFO] [stdout]    | --------------- associated function in this implementation
[INFO] [stdout] ...
[INFO] [stdout] 48 |     pub fn new_mate_eval(mating_color: Color, ply_from_root: u8) -> Evaluation {
[INFO] [stdout]    |            ^^^^^^^^^^^^^
[INFO] [stdout]    |
[INFO] [stdout]    = note: `#[warn(dead_code)]` on by default
[INFO] [stdout] 
[INFO] [stdout] 
[INFO] [stdout] warning: associated function `new_depth_limit` is never used
[INFO] [stdout]   --> engine/src/search_limits.rs:15:12
[INFO] [stdout]    |
[INFO] [stdout] 14 | impl SearchLimits {
[INFO] [stdout]    | ----------------- associated function in this implementation
[INFO] [stdout] 15 |     pub fn new_depth_limit(depth: u8) -> SearchLimits {
[INFO] [stdout]    |            ^^^^^^^^^^^^^^^
[INFO] [stdout] 
[INFO] [stdout] 
[INFO] [stderr]    Compiling engine v0.1.0 (/opt/rustwide/workdir/engine)
[INFO] [stdout] warning: 2 warnings emitted
[INFO] [stdout] 
[INFO] [stdout] 
[INFO] [stderr]    Compiling crossbeam-deque v0.8.3
[INFO] [stderr]    Compiling is-terminal v0.4.9
[INFO] [stderr]    Compiling regex-automata v0.3.3
[INFO] [stderr]    Compiling plotters v0.3.5
[INFO] [stderr]    Compiling rayon v1.7.0
[INFO] [stderr]    Compiling criterion-plot v0.5.0
[INFO] [stderr]    Compiling clap v4.3.17
[INFO] [stderr]    Compiling regex v1.9.1
[INFO] [stderr]    Compiling ciborium v0.2.1
[INFO] [stderr]    Compiling tinytemplate v1.2.1
[INFO] [stderr]    Compiling criterion v0.5.1
[INFO] [stderr]    Compiling chess-core v0.1.0 (/opt/rustwide/workdir/chess-core)
[INFO] [stderr]     Finished test [optimized + debuginfo] target(s) in 28.82s
[INFO] running `Command { std: "docker" "inspect" "a444302b933763d3a7c7b7012212e62e7979aae9c0ac84f93b8622cb087c79b6", kill_on_drop: false }`
[INFO] running `Command { std: "docker" "rm" "-f" "a444302b933763d3a7c7b7012212e62e7979aae9c0ac84f93b8622cb087c79b6", kill_on_drop: false }`
[INFO] [stdout] a444302b933763d3a7c7b7012212e62e7979aae9c0ac84f93b8622cb087c79b6
[INFO] running `Command { std: "docker" "create" "-v" "/var/lib/crater-agent-workspace/builds/worker-6-tc1/target:/opt/rustwide/target:rw,Z" "-v" "/var/lib/crater-agent-workspace/builds/worker-6-tc1/source:/opt/rustwide/workdir:ro,Z" "-v" "/var/lib/crater-agent-workspace/cargo-home:/opt/rustwide/cargo-home:ro,Z" "-v" "/var/lib/crater-agent-workspace/rustup-home:/opt/rustwide/rustup-home:ro,Z" "-e" "SOURCE_DIR=/opt/rustwide/workdir" "-e" "CARGO_TARGET_DIR=/opt/rustwide/target" "-e" "CARGO_INCREMENTAL=0" "-e" "RUST_BACKTRACE=full" "-e" "RUSTFLAGS=--cap-lints=warn" "-e" "RUSTDOCFLAGS=--cap-lints=warn" "-e" "CARGO_HOME=/opt/rustwide/cargo-home" "-e" "RUSTUP_HOME=/opt/rustwide/rustup-home" "-w" "/opt/rustwide/workdir" "-m" "1610612736" "--user" "0:0" "--network" "none" "ghcr.io/rust-lang/crates-build-env/linux@sha256:2788e3201cd34a07e3172128adcd8b3090168a8e3bcc40d7c032b9dda1df7d1c" "/opt/rustwide/cargo-home/bin/cargo" "+1.75.0" "test" "--frozen", kill_on_drop: false }`
[INFO] [stdout] c5f2297af1eb991cf8e7949fd05a6fc3beda4141e8b2af8cf316f584b44fd2e5
[INFO] running `Command { std: "docker" "start" "-a" "c5f2297af1eb991cf8e7949fd05a6fc3beda4141e8b2af8cf316f584b44fd2e5", kill_on_drop: false }`
[INFO] [stderr] warning: associated function `new_mate_eval` is never used
[INFO] [stderr]   --> engine/src/evaluation.rs:48:12
[INFO] [stderr]    |
[INFO] [stderr] 23 | impl Evaluation {
[INFO] [stderr]    | --------------- associated function in this implementation
[INFO] [stderr] ...
[INFO] [stderr] 48 |     pub fn new_mate_eval(mating_color: Color, ply_from_root: u8) -> Evaluation {
[INFO] [stderr]    |            ^^^^^^^^^^^^^
[INFO] [stderr]    |
[INFO] [stderr]    = note: `#[warn(dead_code)]` on by default
[INFO] [stderr] 
[INFO] [stderr] warning: associated function `new_depth_limit` is never used
[INFO] [stderr]   --> engine/src/search_limits.rs:15:12
[INFO] [stderr]    |
[INFO] [stderr] 14 | impl SearchLimits {
[INFO] [stderr]    | ----------------- associated function in this implementation
[INFO] [stderr] 15 |     pub fn new_depth_limit(depth: u8) -> SearchLimits {
[INFO] [stderr]    |            ^^^^^^^^^^^^^^^
[INFO] [stderr] 
[INFO] [stderr] warning: `engine` (lib) generated 2 warnings
[INFO] [stderr]     Finished test [optimized + debuginfo] target(s) in 0.06s
[INFO] [stderr]      Running unittests src/lib.rs (/opt/rustwide/target/debug/deps/chess_core-e00190e8099569f8)
[INFO] [stdout] 
[INFO] [stdout] running 97 tests
[INFO] [stdout] test bitboard::test::test_get_bit ... ok
[INFO] [stdout] test bitboard::test::test_not_8th_rank ... ok
[INFO] [stdout] test bitboard::test::test_display ... ok
[INFO] [stdout] test bitboard::test::test_not_a_file ... ok
[INFO] [stdout] test bitboard::test::test_not_1st_rank ... ok
[INFO] [stdout] test bitboard::test::test_not_ab_file ... ok
[INFO] [stdout] test bitboard::test::test_not_gh_file ... ok
[INFO] [stdout] test bitboard::test::test_not_h_file ... ok
[INFO] [stdout] test bitboard::test::test_set_bit ... ok
[INFO] [stdout] test board::test::test_display ... ok
[INFO] [stdout] test board::test::test_fen_parsing ... ok
[INFO] [stdout] test chess_move::test::test ... ok
[INFO] [stdout] test color::test::test_not ... ok
[INFO] [stdout] test movgen::castling::test::test_black_castling ... ok
[INFO] [stdout] test movgen::castling::test::test_both_sides_blocked ... ok
[INFO] [stdout] test movgen::castling::test::test_white_castling ... ok
[INFO] [stdout] test movgen::castling::test::test_would_land_on_check_king_side ... ok
[INFO] [stdout] test movgen::castling::test::test_would_land_on_check_queen_side ... ok
[INFO] [stdout] test movgen::en_passant::test::test_en_passant ... ok
[INFO] [stdout] test movgen::en_passant::test::test_en_passant_edge ... ok
[INFO] [stdout] test movgen::en_passant::test::test_en_passant2 ... ok
[INFO] [stdout] test movgen::en_passant::test::test_invalid_en_passant_diagonal ... ok
[INFO] [stdout] test movgen::en_passant::test::test_en_passant_in_check ... ok
[INFO] [stdout] test movgen::en_passant::test::test_invalid_en_passant_vertical ... ok
[INFO] [stdout] test movgen::en_passant::test::test_invalid_en_passant_horizontal ... ok
[INFO] [stdout] test movgen::en_passant::test::test_valid_en_passant ... ok
[INFO] [stdout] test movgen::king::test::test_checkmate ... ok
[INFO] [stdout] test movgen::king::test::test_xray_attack ... ok
[INFO] [stdout] test movgen::knight::test::test_capture_marked_as_quiet ... ok
[INFO] [stdout] test movgen::king::test::test_forced_capture ... ok
[INFO] [stdout] test movgen::en_passant::test::test_en_passant_vertical_pin ... ok
[INFO] [stdout] test movgen::knight::test::test_capture_empty_square ... ok
[INFO] [stdout] test movgen::knight::test::test_check_evasion ... ok
[INFO] [stdout] test movgen::knight::test::test_pinned_knight_can_not_move ... ok
[INFO] [stdout] test movgen::knight::test::test_self_capture_prevention ... ok
[INFO] [stdout] test movgen::pawn_capture::test::capture_pinner ... ok
[INFO] [stdout] test movgen::pawn_capture::test::test_blocked_capture_by_pin ... ok
[INFO] [stdout] test movgen::pawn_capture::test::test_capture_own_pawn ... ok
[INFO] [stdout] test movgen::pawn_capture::test::test_capture_promotion ... ok
[INFO] [stdout] test movgen::pawn_capture::test::test_force_knight_capture ... ok
[INFO] [stdout] test movgen::quiet_pawn::test::test_check_pawn_can_not_block ... ok
[INFO] [stdout] test movgen::pawn_capture::test::test_multiple_captures ... ok
[INFO] [stdout] test movgen::quiet_pawn::test::test_forced_check_block ... ok
[INFO] [stdout] test movgen::quiet_pawn::test::test_pinned_by_rook_but_can_move_forward ... ok
[INFO] [stdout] test movgen::pawn_capture::test::test_capture_with_pinned_pawn ... ok
[INFO] [stdout] test movgen::quiet_pawn::test::test_promotion ... ok
[INFO] [stdout] test movgen::quiet_pawn::test::test_pawn_pushes_startpos ... ok
[INFO] [stdout] test movgen::quiet_pawn::test::test_bishop_pin ... ok
[INFO] [stdout] test movgen::quiet_pawn::test::test_rook_backward_pin ... ok
[INFO] [stdout] test movgen::quiet_pawn::test::test_single_and_double_push ... ok
[INFO] [stdout] test movgen::quiet_pawn::test::test_two_pawns_one_bishop_pin ... ok
[INFO] [stdout] test movgen::slider::test::test_pinned_bishop_captures ... ok
[INFO] [stdout] test movgen::slider::test::test_move_along_pin_ray ... ok
[INFO] [stdout] test movgen::slider::test::test_pinned_queen_captures ... ok
[INFO] [stdout] test movgen::slider::test::test_pinned_rook_captures ... ok
[INFO] [stdout] test movgen::test::test_generate_attack_bitboard ... ok
[INFO] [stdout] test movgen::test::test_is_square_attacked_pawn_attack ... ok
[INFO] [stdout] test movgen::test::test_is_square_attacked_bishop_attack ... ok
[INFO] [stdout] test movgen::test::test_is_square_attacked_knight_attack ... ok
[INFO] [stdout] test movgen::test::moves_at_kiwipete ... ok
[INFO] [stdout] test movgen::test::test_build_attacked_bitboard ... ok
[INFO] [stdout] test movgen::test::moves_at_startpos ... ok
[INFO] [stdout] test movgen::test::test_is_square_attacked_queen_attack ... ok
[INFO] [stdout] test movgen::test::test_is_square_attacked_rook_attack ... ok
[INFO] [stdout] test square::test::test_square_parsing ... ok
[INFO] [stdout] test tables::king_move::test::test_king_attack_a1 ... ok
[INFO] [stdout] test tables::king_move::test::test_king_attack_a8 ... ok
[INFO] [stdout] test tables::king_move::test::test_king_attack_e4 ... ok
[INFO] [stdout] test tables::king_move::test::test_king_attack_h1 ... ok
[INFO] [stdout] test tables::king_move::test::test_king_attack_h5 ... ok
[INFO] [stdout] test tables::king_move::test::test_king_attack_h8 ... ok
[INFO] [stdout] test tables::knight_move::test::test_knight_attack_a1 ... ok
[INFO] [stdout] test tables::knight_move::test::test_knight_attack_a8 ... ok
[INFO] [stdout] test tables::knight_move::test::test_knight_attack_e4 ... ok
[INFO] [stdout] test tables::knight_move::test::test_knight_attack_h1 ... ok
[INFO] [stdout] test tables::knight_move::test::test_knight_attack_h8 ... ok
[INFO] [stdout] test tables::pawn_move::test::test_pawn_attack_black_a8 ... ok
[INFO] [stdout] test tables::pawn_move::test::test_pawn_attack_black_e6 ... ok
[INFO] [stdout] test tables::knight_move::test::test_knight_attack_h5 ... ok
[INFO] [stdout] test tables::pawn_move::test::test_pawn_attack_black_h8 ... ok
[INFO] [stdout] test tables::pawn_move::test::test_pawn_attack_white_a1 ... ok
[INFO] [stdout] test tables::pawn_move::test::test_pawn_attack_white_e4 ... ok
[INFO] [stdout] test tables::pawn_move::test::test_pawn_attack_white_h1 ... ok
[INFO] [stdout] test tables::slider_move::test::test_bishop_attack_on_the_fly_a1 ... ok
[INFO] [stdout] test tables::slider_move::test::test_bishop_attack_on_the_fly_e4 ... ok
[INFO] [stdout] test tables::slider_move::test::test_rook_attack_table ... ok
[INFO] [stdout] test tables::slider_move::test::test_rook_attacks_on_the_fly_e4 ... ok
[INFO] [stdout] test tables::slider_move::test::test_rook_attacks_on_the_fly_a1 ... ok
[INFO] [stdout] test tables::slider_move::test::test_bishop_attack_table ... ok
[INFO] [stdout] test tables::rays_between::test::test_generate_rays_between_negative_diagonal ... ok
[INFO] [stdout] test tables::rays_between::test::test_generate_rays_between_negative_diagonal_backwards ... ok
[INFO] [stdout] test tables::rays_between::test::test_generate_rays_between_neighbours ... ok
[INFO] [stdout] test tables::rays_between::test::test_generate_rays_between_horizontal ... ok
[INFO] [stdout] test tables::rays_between::test::test_generate_rays_between_positive_diagonal ... ok
[INFO] [stdout] test tables::rays_between::test::test_generate_rays_between_vertical ... ok
[INFO] [stdout] test tables::test::test_generation ... ok
[INFO] [stdout] test tables::xray_line::test::test_generate_xray_lines ... ok
[INFO] [stdout] 
[INFO] [stdout] test result: ok. 97 passed; 0 failed; 0 ignored; 0 measured; 0 filtered out; finished in 0.02s
[INFO] [stdout] 
[INFO] [stderr]      Running unittests src/bin/perf-test.rs (/opt/rustwide/target/debug/deps/perf_test-a2d98cbe478c2088)
[INFO] [stdout] 
[INFO] [stdout] running 0 tests
[INFO] [stdout] 
[INFO] [stdout] test result: ok. 0 passed; 0 failed; 0 ignored; 0 measured; 0 filtered out; finished in 0.00s
[INFO] [stdout] 
[INFO] [stderr]      Running unittests src/lib.rs (/opt/rustwide/target/debug/deps/engine-b06778edb1cf48fd)
[INFO] [stdout] 
[INFO] [stdout] running 23 tests
[INFO] [stdout] test evaluation::test::test_adjust_mate_ply ... ok
[INFO] [stdout] test clock::test::test_first_move ... ok
[INFO] [stdout] test evaluation::test::test_checkmate_eval ... ok
[INFO] [stdout] test evaluation::test::test_mate_full_moves ... ok
[INFO] [stdout] test evaluation::test::test_mate_num_ply ... ok
[INFO] [stdout] test evaluation::test::test_min_and_max ... ok
[INFO] [stdout] test move_ordering::test::test ... ok
[INFO] [stdout] test piece_square_table::test::pawn_piece_square_value ... ok
[INFO] [stdout] test search::test::back_rank_mate_black ... ok
[INFO] [stdout] test search::test::mate_in_one ... ok
[INFO] [stdout] test search::test::mate_in_one_queen_rook ... ok
[INFO] [stdout] test search::test::mate_in_one_corner ... ok
[INFO] [stdout] test search::test::mate_in_two_ply ... ok
[INFO] [stdout] test search::test::mate_in_one_two_queens ... ok
[INFO] [stdout] test search::test::test_mate_in_three ... ok
[INFO] [stdout] test search::test::back_rank_mate_white ... ok
[INFO] [stdout] test clock::test::test_infinite_time ... FAILED
[INFO] [stdout] test search::test::take_white_queen ... ok
[INFO] [stdout] test search::test::test_mate_in_two ... ok
[INFO] [stdout] test search::test::test_mate_in_seven ... ok
[INFO] [stdout] test search::test::test_rook_vs_king ... ok
[INFO] [stdout] test search::test::test_deep_mate has been running for over 60 seconds
[INFO] [stdout] test search::test::test_pawn_vs_king has been running for over 60 seconds
[ERROR] error running command: no output for 300 seconds
[INFO] running `Command { std: "docker" "inspect" "c5f2297af1eb991cf8e7949fd05a6fc3beda4141e8b2af8cf316f584b44fd2e5", kill_on_drop: false }`
[INFO] running `Command { std: "docker" "rm" "-f" "c5f2297af1eb991cf8e7949fd05a6fc3beda4141e8b2af8cf316f584b44fd2e5", kill_on_drop: false }`
[INFO] [stdout] c5f2297af1eb991cf8e7949fd05a6fc3beda4141e8b2af8cf316f584b44fd2e5
[INFO] testing YouSafe/chess-engine against beta-2023-12-22 for beta-1.76-1
[INFO] running `Command { std: "git" "clone" "/workspace/cache/git-repos/https%3A%2F%2Fgithub.com%2FYouSafe%2Fchess-engine" "/workspace/builds/worker-6-tc2/source", kill_on_drop: false }`
[INFO] [stderr] Cloning into '/workspace/builds/worker-6-tc2/source'...
[INFO] [stderr] done.
[INFO] validating manifest of git repo https://github.com/YouSafe/chess-engine on toolchain beta-2023-12-22
[INFO] running `Command { std: CARGO_HOME="/workspace/cargo-home" RUSTUP_HOME="/workspace/rustup-home" "/workspace/cargo-home/bin/cargo" "+beta-2023-12-22" "metadata" "--manifest-path" "Cargo.toml" "--no-deps", kill_on_drop: false }`
[INFO] started tweaking git repo https://github.com/YouSafe/chess-engine
[INFO] finished tweaking git repo https://github.com/YouSafe/chess-engine
[INFO] tweaked toml for git repo https://github.com/YouSafe/chess-engine written to /workspace/builds/worker-6-tc2/source/Cargo.toml
[INFO] crate git repo https://github.com/YouSafe/chess-engine already has a lockfile, it will not be regenerated
[INFO] running `Command { std: CARGO_HOME="/workspace/cargo-home" RUSTUP_HOME="/workspace/rustup-home" "/workspace/cargo-home/bin/cargo" "+beta-2023-12-22" "fetch" "--manifest-path" "Cargo.toml", kill_on_drop: false }`
[INFO] running `Command { std: "docker" "create" "-v" "/var/lib/crater-agent-workspace/builds/worker-6-tc2/target:/opt/rustwide/target:rw,Z" "-v" "/var/lib/crater-agent-workspace/builds/worker-6-tc2/source:/opt/rustwide/workdir:ro,Z" "-v" "/var/lib/crater-agent-workspace/cargo-home:/opt/rustwide/cargo-home:ro,Z" "-v" "/var/lib/crater-agent-workspace/rustup-home:/opt/rustwide/rustup-home:ro,Z" "-e" "SOURCE_DIR=/opt/rustwide/workdir" "-e" "CARGO_TARGET_DIR=/opt/rustwide/target" "-e" "CARGO_HOME=/opt/rustwide/cargo-home" "-e" "RUSTUP_HOME=/opt/rustwide/rustup-home" "-w" "/opt/rustwide/workdir" "-m" "1610612736" "--user" "0:0" "--network" "none" "ghcr.io/rust-lang/crates-build-env/linux@sha256:2788e3201cd34a07e3172128adcd8b3090168a8e3bcc40d7c032b9dda1df7d1c" "/opt/rustwide/cargo-home/bin/cargo" "+beta-2023-12-22" "metadata" "--no-deps" "--format-version=1", kill_on_drop: false }`
[INFO] [stdout] ba24f95e0bb24b9cc937416fc5cc8af5034b5aa50b70d183db1164af0c9d0b8b
[INFO] running `Command { std: "docker" "start" "-a" "ba24f95e0bb24b9cc937416fc5cc8af5034b5aa50b70d183db1164af0c9d0b8b", kill_on_drop: false }`
[INFO] running `Command { std: "docker" "inspect" "ba24f95e0bb24b9cc937416fc5cc8af5034b5aa50b70d183db1164af0c9d0b8b", kill_on_drop: false }`
[INFO] running `Command { std: "docker" "rm" "-f" "ba24f95e0bb24b9cc937416fc5cc8af5034b5aa50b70d183db1164af0c9d0b8b", kill_on_drop: false }`
[INFO] [stdout] ba24f95e0bb24b9cc937416fc5cc8af5034b5aa50b70d183db1164af0c9d0b8b
[INFO] running `Command { std: "docker" "create" "-v" "/var/lib/crater-agent-workspace/builds/worker-6-tc2/target:/opt/rustwide/target:rw,Z" "-v" "/var/lib/crater-agent-workspace/builds/worker-6-tc2/source:/opt/rustwide/workdir:ro,Z" "-v" "/var/lib/crater-agent-workspace/cargo-home:/opt/rustwide/cargo-home:ro,Z" "-v" "/var/lib/crater-agent-workspace/rustup-home:/opt/rustwide/rustup-home:ro,Z" "-e" "SOURCE_DIR=/opt/rustwide/workdir" "-e" "CARGO_TARGET_DIR=/opt/rustwide/target" "-e" "CARGO_INCREMENTAL=0" "-e" "RUST_BACKTRACE=full" "-e" "RUSTFLAGS=--cap-lints=warn" "-e" "RUSTDOCFLAGS=--cap-lints=warn" "-e" "CARGO_HOME=/opt/rustwide/cargo-home" "-e" "RUSTUP_HOME=/opt/rustwide/rustup-home" "-w" "/opt/rustwide/workdir" "-m" "1610612736" "--user" "0:0" "--network" "none" "ghcr.io/rust-lang/crates-build-env/linux@sha256:2788e3201cd34a07e3172128adcd8b3090168a8e3bcc40d7c032b9dda1df7d1c" "/opt/rustwide/cargo-home/bin/cargo" "+beta-2023-12-22" "build" "--frozen" "--message-format=json", kill_on_drop: false }`
[INFO] [stdout] b2a6b153fe89180c6dc8ef5cfee39e1773e64a4d6b1e4876e9a92c9c98b00367
[INFO] running `Command { std: "docker" "start" "-a" "b2a6b153fe89180c6dc8ef5cfee39e1773e64a4d6b1e4876e9a92c9c98b00367", kill_on_drop: false }`
[INFO] [stderr]    Compiling lazy_static v1.4.0
[INFO] [stderr]    Compiling arrayvec v0.7.4
[INFO] [stderr]    Compiling chess-core v0.1.0 (/opt/rustwide/workdir/chess-core)
[INFO] [stderr]    Compiling engine v0.1.0 (/opt/rustwide/workdir/engine)
[INFO] [stdout] warning: associated function `new_mate_eval` is never used
[INFO] [stdout]   --> engine/src/evaluation.rs:48:12
[INFO] [stdout]    |
[INFO] [stdout] 23 | impl Evaluation {
[INFO] [stdout]    | --------------- associated function in this implementation
[INFO] [stdout] ...
[INFO] [stdout] 48 |     pub fn new_mate_eval(mating_color: Color, ply_from_root: u8) -> Evaluation {
[INFO] [stdout]    |            ^^^^^^^^^^^^^
[INFO] [stdout]    |
[INFO] [stdout]    = note: `#[warn(dead_code)]` on by default
[INFO] [stdout] 
[INFO] [stdout] 
[INFO] [stdout] warning: associated function `new_depth_limit` is never used
[INFO] [stdout]   --> engine/src/search_limits.rs:15:12
[INFO] [stdout]    |
[INFO] [stdout] 14 | impl SearchLimits {
[INFO] [stdout]    | ----------------- associated function in this implementation
[INFO] [stdout] 15 |     pub fn new_depth_limit(depth: u8) -> SearchLimits {
[INFO] [stdout]    |            ^^^^^^^^^^^^^^^
[INFO] [stdout] 
[INFO] [stdout] 
[INFO] [stdout] warning: 2 warnings emitted
[INFO] [stdout] 
[INFO] [stdout] 
[INFO] [stderr]     Finished dev [optimized + debuginfo] target(s) in 8.62s
[INFO] running `Command { std: "docker" "inspect" "b2a6b153fe89180c6dc8ef5cfee39e1773e64a4d6b1e4876e9a92c9c98b00367", kill_on_drop: false }`
[INFO] running `Command { std: "docker" "rm" "-f" "b2a6b153fe89180c6dc8ef5cfee39e1773e64a4d6b1e4876e9a92c9c98b00367", kill_on_drop: false }`
[INFO] [stdout] b2a6b153fe89180c6dc8ef5cfee39e1773e64a4d6b1e4876e9a92c9c98b00367
[INFO] running `Command { std: "docker" "create" "-v" "/var/lib/crater-agent-workspace/builds/worker-6-tc2/target:/opt/rustwide/target:rw,Z" "-v" "/var/lib/crater-agent-workspace/builds/worker-6-tc2/source:/opt/rustwide/workdir:ro,Z" "-v" "/var/lib/crater-agent-workspace/cargo-home:/opt/rustwide/cargo-home:ro,Z" "-v" "/var/lib/crater-agent-workspace/rustup-home:/opt/rustwide/rustup-home:ro,Z" "-e" "SOURCE_DIR=/opt/rustwide/workdir" "-e" "CARGO_TARGET_DIR=/opt/rustwide/target" "-e" "CARGO_INCREMENTAL=0" "-e" "RUST_BACKTRACE=full" "-e" "RUSTFLAGS=--cap-lints=warn" "-e" "RUSTDOCFLAGS=--cap-lints=warn" "-e" "CARGO_HOME=/opt/rustwide/cargo-home" "-e" "RUSTUP_HOME=/opt/rustwide/rustup-home" "-w" "/opt/rustwide/workdir" "-m" "1610612736" "--user" "0:0" "--network" "none" "ghcr.io/rust-lang/crates-build-env/linux@sha256:2788e3201cd34a07e3172128adcd8b3090168a8e3bcc40d7c032b9dda1df7d1c" "/opt/rustwide/cargo-home/bin/cargo" "+beta-2023-12-22" "test" "--frozen" "--no-run" "--message-format=json", kill_on_drop: false }`
[INFO] [stdout] 32b25c2e018233071ecff44b750ba929822221a79f046a9e6ab4b78fd2df9338
[INFO] running `Command { std: "docker" "start" "-a" "32b25c2e018233071ecff44b750ba929822221a79f046a9e6ab4b78fd2df9338", kill_on_drop: false }`
[INFO] [stderr]    Compiling crossbeam-utils v0.8.16
[INFO] [stderr]    Compiling memoffset v0.9.0
[INFO] [stderr]    Compiling cfg-if v1.0.0
[INFO] [stderr]    Compiling crossbeam-epoch v0.9.15
[INFO] [stderr]    Compiling serde v1.0.173
[INFO] [stderr]    Compiling serde_derive v1.0.173
[INFO] [stderr]    Compiling scopeguard v1.2.0
[INFO] [stderr]    Compiling num-traits v0.2.16
[INFO] [stderr]    Compiling rustix v0.38.4
[INFO] [stderr]    Compiling either v1.8.1
[INFO] [stderr]    Compiling rayon-core v1.11.0
[INFO] [stderr]    Compiling serde_json v1.0.103
[INFO] [stderr]    Compiling regex-syntax v0.7.4
[INFO] [stderr]    Compiling libc v0.2.147
[INFO] [stderr]    Compiling half v1.8.2
[INFO] [stderr]    Compiling itoa v1.0.9
[INFO] [stderr]    Compiling anstyle v1.0.1
[INFO] [stderr]    Compiling linux-raw-sys v0.4.3
[INFO] [stderr]    Compiling ciborium-io v0.2.1
[INFO] [stderr]    Compiling plotters-backend v0.3.5
[INFO] [stderr]    Compiling ryu v1.0.15
[INFO] [stderr]    Compiling bitflags v2.3.3
[INFO] [stderr]    Compiling clap_lex v0.5.0
[INFO] [stderr]    Compiling ciborium-ll v0.2.1
[INFO] [stderr]    Compiling itertools v0.10.5
[INFO] [stderr]    Compiling cast v0.3.0
[INFO] [stderr]    Compiling same-file v1.0.6
[INFO] [stderr]    Compiling clap_builder v4.3.17
[INFO] [stderr]    Compiling plotters-svg v0.3.5
[INFO] [stderr]    Compiling walkdir v2.3.3
[INFO] [stderr]    Compiling once_cell v1.18.0
[INFO] [stderr]    Compiling oorandom v11.1.3
[INFO] [stderr]    Compiling crossbeam-channel v0.5.8
[INFO] [stderr]    Compiling num_cpus v1.16.0
[INFO] [stderr]    Compiling anes v0.1.6
[INFO] [stdout] warning: associated function `new_mate_eval` is never used
[INFO] [stdout]   --> engine/src/evaluation.rs:48:12
[INFO] [stdout]    |
[INFO] [stdout] 23 | impl Evaluation {
[INFO] [stdout]    | --------------- associated function in this implementation
[INFO] [stdout] ...
[INFO] [stdout] 48 |     pub fn new_mate_eval(mating_color: Color, ply_from_root: u8) -> Evaluation {
[INFO] [stdout]    |            ^^^^^^^^^^^^^
[INFO] [stdout]    |
[INFO] [stdout]    = note: `#[warn(dead_code)]` on by default
[INFO] [stdout] 
[INFO] [stdout] 
[INFO] [stdout] warning: associated function `new_depth_limit` is never used
[INFO] [stdout]   --> engine/src/search_limits.rs:15:12
[INFO] [stdout]    |
[INFO] [stdout] 14 | impl SearchLimits {
[INFO] [stdout]    | ----------------- associated function in this implementation
[INFO] [stdout] 15 |     pub fn new_depth_limit(depth: u8) -> SearchLimits {
[INFO] [stdout]    |            ^^^^^^^^^^^^^^^
[INFO] [stdout] 
[INFO] [stdout] 
[INFO] [stdout] warning: 2 warnings emitted
[INFO] [stdout] 
[INFO] [stdout] 
[INFO] [stderr]    Compiling engine v0.1.0 (/opt/rustwide/workdir/engine)
[INFO] [stderr]    Compiling crossbeam-deque v0.8.3
[INFO] [stderr]    Compiling is-terminal v0.4.9
[INFO] [stderr]    Compiling regex-automata v0.3.3
[INFO] [stderr]    Compiling plotters v0.3.5
[INFO] [stderr]    Compiling rayon v1.7.0
[INFO] [stderr]    Compiling criterion-plot v0.5.0
[INFO] [stderr]    Compiling clap v4.3.17
[INFO] [stderr]    Compiling regex v1.9.1
[INFO] [stderr]    Compiling ciborium v0.2.1
[INFO] [stderr]    Compiling tinytemplate v1.2.1
[INFO] [stderr]    Compiling criterion v0.5.1
[INFO] [stderr]    Compiling chess-core v0.1.0 (/opt/rustwide/workdir/chess-core)
[INFO] [stderr]     Finished test [optimized + debuginfo] target(s) in 20.76s
[INFO] running `Command { std: "docker" "inspect" "32b25c2e018233071ecff44b750ba929822221a79f046a9e6ab4b78fd2df9338", kill_on_drop: false }`
[INFO] running `Command { std: "docker" "rm" "-f" "32b25c2e018233071ecff44b750ba929822221a79f046a9e6ab4b78fd2df9338", kill_on_drop: false }`
[INFO] [stdout] 32b25c2e018233071ecff44b750ba929822221a79f046a9e6ab4b78fd2df9338
[INFO] running `Command { std: "docker" "create" "-v" "/var/lib/crater-agent-workspace/builds/worker-6-tc2/target:/opt/rustwide/target:rw,Z" "-v" "/var/lib/crater-agent-workspace/builds/worker-6-tc2/source:/opt/rustwide/workdir:ro,Z" "-v" "/var/lib/crater-agent-workspace/cargo-home:/opt/rustwide/cargo-home:ro,Z" "-v" "/var/lib/crater-agent-workspace/rustup-home:/opt/rustwide/rustup-home:ro,Z" "-e" "SOURCE_DIR=/opt/rustwide/workdir" "-e" "CARGO_TARGET_DIR=/opt/rustwide/target" "-e" "CARGO_INCREMENTAL=0" "-e" "RUST_BACKTRACE=full" "-e" "RUSTFLAGS=--cap-lints=warn" "-e" "RUSTDOCFLAGS=--cap-lints=warn" "-e" "CARGO_HOME=/opt/rustwide/cargo-home" "-e" "RUSTUP_HOME=/opt/rustwide/rustup-home" "-w" "/opt/rustwide/workdir" "-m" "1610612736" "--user" "0:0" "--network" "none" "ghcr.io/rust-lang/crates-build-env/linux@sha256:2788e3201cd34a07e3172128adcd8b3090168a8e3bcc40d7c032b9dda1df7d1c" "/opt/rustwide/cargo-home/bin/cargo" "+beta-2023-12-22" "test" "--frozen", kill_on_drop: false }`
[INFO] [stdout] 035b3d4e8ce7d8243746376c606a8c677b5488df4866e8f1c18eda83676202eb
[INFO] running `Command { std: "docker" "start" "-a" "035b3d4e8ce7d8243746376c606a8c677b5488df4866e8f1c18eda83676202eb", kill_on_drop: false }`
[INFO] [stderr] warning: associated function `new_mate_eval` is never used
[INFO] [stderr]   --> engine/src/evaluation.rs:48:12
[INFO] [stderr]    |
[INFO] [stderr] 23 | impl Evaluation {
[INFO] [stderr]    | --------------- associated function in this implementation
[INFO] [stderr] ...
[INFO] [stderr] 48 |     pub fn new_mate_eval(mating_color: Color, ply_from_root: u8) -> Evaluation {
[INFO] [stderr]    |            ^^^^^^^^^^^^^
[INFO] [stderr]    |
[INFO] [stderr]    = note: `#[warn(dead_code)]` on by default
[INFO] [stderr] 
[INFO] [stderr] warning: associated function `new_depth_limit` is never used
[INFO] [stderr]   --> engine/src/search_limits.rs:15:12
[INFO] [stderr]    |
[INFO] [stderr] 14 | impl SearchLimits {
[INFO] [stderr]    | ----------------- associated function in this implementation
[INFO] [stderr] 15 |     pub fn new_depth_limit(depth: u8) -> SearchLimits {
[INFO] [stderr]    |            ^^^^^^^^^^^^^^^
[INFO] [stderr] 
[INFO] [stderr] warning: `engine` (lib) generated 2 warnings
[INFO] [stderr]     Finished test [optimized + debuginfo] target(s) in 0.04s
[INFO] [stderr]      Running unittests src/lib.rs (/opt/rustwide/target/debug/deps/chess_core-ebf067c4e43e5807)
[INFO] [stdout] 
[INFO] [stdout] running 97 tests
[INFO] [stdout] test bitboard::test::test_display ... ok
[INFO] [stdout] test bitboard::test::test_not_1st_rank ... ok
[INFO] [stdout] test bitboard::test::test_not_8th_rank ... ok
[INFO] [stdout] test bitboard::test::test_get_bit ... ok
[INFO] [stdout] test bitboard::test::test_not_a_file ... ok
[INFO] [stdout] test bitboard::test::test_not_ab_file ... ok
[INFO] [stdout] test bitboard::test::test_not_gh_file ... ok
[INFO] [stdout] test bitboard::test::test_not_h_file ... ok
[INFO] [stdout] test bitboard::test::test_set_bit ... ok
[INFO] [stdout] test board::test::test_display ... ok
[INFO] [stdout] test board::test::test_fen_parsing ... ok
[INFO] [stdout] test chess_move::test::test ... ok
[INFO] [stdout] test color::test::test_not ... ok
[INFO] [stdout] test movgen::castling::test::test_black_castling ... ok
[INFO] [stdout] test movgen::castling::test::test_both_sides_blocked ... ok
[INFO] [stdout] test movgen::castling::test::test_white_castling ... ok
[INFO] [stdout] test movgen::en_passant::test::test_en_passant ... ok
[INFO] [stdout] test movgen::castling::test::test_would_land_on_check_king_side ... ok
[INFO] [stdout] test movgen::en_passant::test::test_en_passant_edge ... ok
[INFO] [stdout] test movgen::castling::test::test_would_land_on_check_queen_side ... ok
[INFO] [stdout] test movgen::en_passant::test::test_en_passant_in_check ... ok
[INFO] [stdout] test movgen::en_passant::test::test_invalid_en_passant_horizontal ... ok
[INFO] [stdout] test movgen::en_passant::test::test_invalid_en_passant_vertical ... ok
[INFO] [stdout] test movgen::en_passant::test::test_valid_en_passant ... ok
[INFO] [stdout] test movgen::king::test::test_checkmate ... ok
[INFO] [stdout] test movgen::king::test::test_forced_capture ... ok
[INFO] [stdout] test movgen::king::test::test_xray_attack ... ok
[INFO] [stdout] test movgen::knight::test::test_capture_empty_square ... ok
[INFO] [stdout] test movgen::en_passant::test::test_en_passant2 ... ok
[INFO] [stdout] test movgen::en_passant::test::test_en_passant_vertical_pin ... ok
[INFO] [stdout] test movgen::en_passant::test::test_invalid_en_passant_diagonal ... ok
[INFO] [stdout] test movgen::knight::test::test_capture_marked_as_quiet ... ok
[INFO] [stdout] test movgen::knight::test::test_pinned_knight_can_not_move ... ok
[INFO] [stdout] test movgen::pawn_capture::test::test_blocked_capture_by_pin ... ok
[INFO] [stdout] test movgen::pawn_capture::test::capture_pinner ... ok
[INFO] [stdout] test movgen::knight::test::test_check_evasion ... ok
[INFO] [stdout] test movgen::pawn_capture::test::test_capture_with_pinned_pawn ... ok
[INFO] [stdout] test movgen::pawn_capture::test::test_force_knight_capture ... ok
[INFO] [stdout] test movgen::pawn_capture::test::test_capture_promotion ... ok
[INFO] [stdout] test movgen::pawn_capture::test::test_multiple_captures ... ok
[INFO] [stdout] test movgen::quiet_pawn::test::test_bishop_pin ... ok
[INFO] [stdout] test movgen::quiet_pawn::test::test_check_pawn_can_not_block ... ok
[INFO] [stdout] test movgen::pawn_capture::test::test_capture_own_pawn ... ok
[INFO] [stdout] test movgen::quiet_pawn::test::test_forced_check_block ... ok
[INFO] [stdout] test movgen::knight::test::test_self_capture_prevention ... ok
[INFO] [stdout] test movgen::slider::test::test_move_along_pin_ray ... ok
[INFO] [stdout] test movgen::quiet_pawn::test::test_pawn_pushes_startpos ... ok
[INFO] [stdout] test movgen::slider::test::test_pinned_bishop_captures ... ok
[INFO] [stdout] test movgen::slider::test::test_pinned_queen_captures ... ok
[INFO] [stdout] test movgen::slider::test::test_pinned_rook_captures ... ok
[INFO] [stdout] test movgen::quiet_pawn::test::test_promotion ... ok
[INFO] [stdout] test movgen::test::test_build_attacked_bitboard ... ok
[INFO] [stdout] test movgen::quiet_pawn::test::test_rook_backward_pin ... ok
[INFO] [stdout] test movgen::test::test_is_square_attacked_bishop_attack ... ok
[INFO] [stdout] test movgen::test::test_generate_attack_bitboard ... ok
[INFO] [stdout] test movgen::quiet_pawn::test::test_single_and_double_push ... ok
[INFO] [stdout] test movgen::quiet_pawn::test::test_two_pawns_one_bishop_pin ... ok
[INFO] [stdout] test movgen::quiet_pawn::test::test_pinned_by_rook_but_can_move_forward ... ok
[INFO] [stdout] test movgen::test::moves_at_kiwipete ... ok
[INFO] [stdout] test movgen::test::test_is_square_attacked_queen_attack ... ok
[INFO] [stdout] test movgen::test::test_is_square_attacked_knight_attack ... ok
[INFO] [stdout] test movgen::test::moves_at_startpos ... ok
[INFO] [stdout] test movgen::test::test_is_square_attacked_rook_attack ... ok
[INFO] [stdout] test square::test::test_square_parsing ... ok
[INFO] [stdout] test movgen::test::test_is_square_attacked_pawn_attack ... ok
[INFO] [stdout] test tables::king_move::test::test_king_attack_a1 ... ok
[INFO] [stdout] test tables::king_move::test::test_king_attack_a8 ... ok
[INFO] [stdout] test tables::king_move::test::test_king_attack_e4 ... ok
[INFO] [stdout] test tables::king_move::test::test_king_attack_h1 ... ok
[INFO] [stdout] test tables::king_move::test::test_king_attack_h5 ... ok
[INFO] [stdout] test tables::king_move::test::test_king_attack_h8 ... ok
[INFO] [stdout] test tables::knight_move::test::test_knight_attack_a1 ... ok
[INFO] [stdout] test tables::knight_move::test::test_knight_attack_a8 ... ok
[INFO] [stdout] test tables::knight_move::test::test_knight_attack_e4 ... ok
[INFO] [stdout] test tables::knight_move::test::test_knight_attack_h1 ... ok
[INFO] [stdout] test tables::knight_move::test::test_knight_attack_h5 ... ok
[INFO] [stdout] test tables::knight_move::test::test_knight_attack_h8 ... ok
[INFO] [stdout] test tables::pawn_move::test::test_pawn_attack_black_a8 ... ok
[INFO] [stdout] test tables::pawn_move::test::test_pawn_attack_black_e6 ... ok
[INFO] [stdout] test tables::pawn_move::test::test_pawn_attack_black_h8 ... ok
[INFO] [stdout] test tables::pawn_move::test::test_pawn_attack_white_a1 ... ok
[INFO] [stdout] test tables::pawn_move::test::test_pawn_attack_white_e4 ... ok
[INFO] [stdout] test tables::pawn_move::test::test_pawn_attack_white_h1 ... ok
[INFO] [stdout] test tables::rays_between::test::test_generate_rays_between_horizontal ... ok
[INFO] [stdout] test tables::slider_move::test::test_bishop_attack_on_the_fly_a1 ... ok
[INFO] [stdout] test tables::slider_move::test::test_bishop_attack_on_the_fly_e4 ... ok
[INFO] [stdout] test tables::slider_move::test::test_bishop_attack_table ... ok
[INFO] [stdout] test tables::slider_move::test::test_rook_attack_table ... ok
[INFO] [stdout] test tables::slider_move::test::test_rook_attacks_on_the_fly_a1 ... ok
[INFO] [stdout] test tables::slider_move::test::test_rook_attacks_on_the_fly_e4 ... ok
[INFO] [stdout] test tables::rays_between::test::test_generate_rays_between_negative_diagonal ... ok
[INFO] [stdout] test tables::rays_between::test::test_generate_rays_between_vertical ... ok
[INFO] [stdout] test tables::rays_between::test::test_generate_rays_between_neighbours ... ok
[INFO] [stdout] test tables::rays_between::test::test_generate_rays_between_negative_diagonal_backwards ... ok
[INFO] [stdout] test tables::rays_between::test::test_generate_rays_between_positive_diagonal ... ok
[INFO] [stdout] test tables::test::test_generation ... ok
[INFO] [stdout] test tables::xray_line::test::test_generate_xray_lines ... ok
[INFO] [stdout] 
[INFO] [stdout] test result: ok. 97 passed; 0 failed; 0 ignored; 0 measured; 0 filtered out; finished in 0.02s
[INFO] [stdout] 
[INFO] [stderr]      Running unittests src/bin/perf-test.rs (/opt/rustwide/target/debug/deps/perf_test-471d37ba5d83ff5b)
[INFO] [stdout] 
[INFO] [stdout] running 0 tests
[INFO] [stdout] 
[INFO] [stdout] test result: ok. 0 passed; 0 failed; 0 ignored; 0 measured; 0 filtered out; finished in 0.00s
[INFO] [stdout] 
[INFO] [stderr]      Running unittests src/lib.rs (/opt/rustwide/target/debug/deps/engine-a8d56843e95cae3b)
[INFO] [stdout] 
[INFO] [stdout] running 23 tests
[INFO] [stdout] test evaluation::test::test_adjust_mate_ply ... ok
[INFO] [stdout] test clock::test::test_first_move ... ok
[INFO] [stdout] test evaluation::test::test_checkmate_eval ... ok
[INFO] [stdout] test evaluation::test::test_mate_full_moves ... ok
[INFO] [stdout] test evaluation::test::test_min_and_max ... ok
[INFO] [stdout] test evaluation::test::test_mate_num_ply ... ok
[INFO] [stdout] test move_ordering::test::test ... ok
[INFO] [stdout] test piece_square_table::test::pawn_piece_square_value ... ok
[INFO] [stdout] test clock::test::test_infinite_time ... FAILED
[INFO] [stdout] test search::test::mate_in_one_corner ... ok
[INFO] [stdout] test search::test::mate_in_one_queen_rook ... ok
[INFO] [stdout] test search::test::mate_in_one_two_queens ... ok
[INFO] [stdout] test search::test::back_rank_mate_black ... ok
[INFO] [stdout] test search::test::test_mate_in_three ... ok
[INFO] [stdout] test search::test::test_mate_in_two ... ok
[INFO] [stdout] test search::test::mate_in_two_ply ... ok
[INFO] [stdout] test search::test::mate_in_one ... ok
[INFO] [stdout] test search::test::take_white_queen ... ok
[INFO] [stdout] test search::test::back_rank_mate_white ... ok
[INFO] [stdout] test search::test::test_mate_in_seven ... ok
[INFO] [stdout] test search::test::test_rook_vs_king ... ok
[INFO] [stdout] test search::test::test_deep_mate has been running for over 60 seconds
[INFO] [stdout] test search::test::test_pawn_vs_king has been running for over 60 seconds
[ERROR] error running command: no output for 300 seconds
[INFO] running `Command { std: "docker" "inspect" "035b3d4e8ce7d8243746376c606a8c677b5488df4866e8f1c18eda83676202eb", kill_on_drop: false }`
[INFO] running `Command { std: "docker" "rm" "-f" "035b3d4e8ce7d8243746376c606a8c677b5488df4866e8f1c18eda83676202eb", kill_on_drop: false }`
[INFO] [stdout] 035b3d4e8ce7d8243746376c606a8c677b5488df4866e8f1c18eda83676202eb
