[INFO] cloning repository https://github.com/YanLien/xdiff
[INFO] running `Command { std: "git" "-c" "credential.helper=" "-c" "credential.helper=/workspace/cargo-home/bin/git-credential-null" "clone" "--bare" "https://github.com/YanLien/xdiff" "/workspace/cache/git-repos/https%3A%2F%2Fgithub.com%2FYanLien%2Fxdiff", kill_on_drop: false }`
[INFO] [stderr] Cloning into bare repository '/workspace/cache/git-repos/https%3A%2F%2Fgithub.com%2FYanLien%2Fxdiff'...
[INFO] running `Command { std: "git" "rev-parse" "HEAD", kill_on_drop: false }`
[INFO] [stdout] d5127d8e629112d42a1e9ee7edd0465b822dcd78
[INFO] testing YanLien/xdiff against 1.75.0 for beta-1.76-1
[INFO] running `Command { std: "git" "clone" "/workspace/cache/git-repos/https%3A%2F%2Fgithub.com%2FYanLien%2Fxdiff" "/workspace/builds/worker-7-tc1/source", kill_on_drop: false }`
[INFO] [stderr] Cloning into '/workspace/builds/worker-7-tc1/source'...
[INFO] [stderr] done.
[INFO] validating manifest of git repo https://github.com/YanLien/xdiff on toolchain 1.75.0
[INFO] running `Command { std: CARGO_HOME="/workspace/cargo-home" RUSTUP_HOME="/workspace/rustup-home" "/workspace/cargo-home/bin/cargo" "+1.75.0" "metadata" "--manifest-path" "Cargo.toml" "--no-deps", kill_on_drop: false }`
[INFO] started tweaking git repo https://github.com/YanLien/xdiff
[INFO] finished tweaking git repo https://github.com/YanLien/xdiff
[INFO] tweaked toml for git repo https://github.com/YanLien/xdiff written to /workspace/builds/worker-7-tc1/source/Cargo.toml
[INFO] crate git repo https://github.com/YanLien/xdiff already has a lockfile, it will not be regenerated
[INFO] running `Command { std: CARGO_HOME="/workspace/cargo-home" RUSTUP_HOME="/workspace/rustup-home" "/workspace/cargo-home/bin/cargo" "+1.75.0" "fetch" "--manifest-path" "Cargo.toml", kill_on_drop: false }`
[INFO] [stderr]  Downloading crates ...
[INFO] [stderr]   Downloaded mockito v0.31.1
[INFO] [stderr]   Downloaded plist v1.5.0
[INFO] [stderr]   Downloaded quick-xml v0.29.0
[INFO] running `Command { std: "docker" "create" "-v" "/var/lib/crater-agent-workspace/builds/worker-7-tc1/target:/opt/rustwide/target:rw,Z" "-v" "/var/lib/crater-agent-workspace/builds/worker-7-tc1/source:/opt/rustwide/workdir:ro,Z" "-v" "/var/lib/crater-agent-workspace/cargo-home:/opt/rustwide/cargo-home:ro,Z" "-v" "/var/lib/crater-agent-workspace/rustup-home:/opt/rustwide/rustup-home:ro,Z" "-e" "SOURCE_DIR=/opt/rustwide/workdir" "-e" "CARGO_TARGET_DIR=/opt/rustwide/target" "-e" "CARGO_HOME=/opt/rustwide/cargo-home" "-e" "RUSTUP_HOME=/opt/rustwide/rustup-home" "-w" "/opt/rustwide/workdir" "-m" "1610612736" "--user" "0:0" "--network" "none" "ghcr.io/rust-lang/crates-build-env/linux@sha256:2788e3201cd34a07e3172128adcd8b3090168a8e3bcc40d7c032b9dda1df7d1c" "/opt/rustwide/cargo-home/bin/cargo" "+1.75.0" "metadata" "--no-deps" "--format-version=1", kill_on_drop: false }`
[INFO] [stdout] 58cf2cc2648d7cea37857d945b833045936a6c480735d7f0624e224f7c558352
[INFO] running `Command { std: "docker" "start" "-a" "58cf2cc2648d7cea37857d945b833045936a6c480735d7f0624e224f7c558352", kill_on_drop: false }`
[INFO] running `Command { std: "docker" "inspect" "58cf2cc2648d7cea37857d945b833045936a6c480735d7f0624e224f7c558352", kill_on_drop: false }`
[INFO] running `Command { std: "docker" "rm" "-f" "58cf2cc2648d7cea37857d945b833045936a6c480735d7f0624e224f7c558352", kill_on_drop: false }`
[INFO] [stdout] 58cf2cc2648d7cea37857d945b833045936a6c480735d7f0624e224f7c558352
[INFO] running `Command { std: "docker" "create" "-v" "/var/lib/crater-agent-workspace/builds/worker-7-tc1/target:/opt/rustwide/target:rw,Z" "-v" "/var/lib/crater-agent-workspace/builds/worker-7-tc1/source:/opt/rustwide/workdir:ro,Z" "-v" "/var/lib/crater-agent-workspace/cargo-home:/opt/rustwide/cargo-home:ro,Z" "-v" "/var/lib/crater-agent-workspace/rustup-home:/opt/rustwide/rustup-home:ro,Z" "-e" "SOURCE_DIR=/opt/rustwide/workdir" "-e" "CARGO_TARGET_DIR=/opt/rustwide/target" "-e" "CARGO_INCREMENTAL=0" "-e" "RUST_BACKTRACE=full" "-e" "RUSTFLAGS=--cap-lints=warn" "-e" "RUSTDOCFLAGS=--cap-lints=warn" "-e" "CARGO_HOME=/opt/rustwide/cargo-home" "-e" "RUSTUP_HOME=/opt/rustwide/rustup-home" "-w" "/opt/rustwide/workdir" "-m" "1610612736" "--user" "0:0" "--network" "none" "ghcr.io/rust-lang/crates-build-env/linux@sha256:2788e3201cd34a07e3172128adcd8b3090168a8e3bcc40d7c032b9dda1df7d1c" "/opt/rustwide/cargo-home/bin/cargo" "+1.75.0" "build" "--frozen" "--message-format=json", kill_on_drop: false }`
[INFO] [stdout] 7543347c811c252a7cf15acb54b80f94a337a7f544c0c1aba0cdae33536c2b90
[INFO] running `Command { std: "docker" "start" "-a" "7543347c811c252a7cf15acb54b80f94a337a7f544c0c1aba0cdae33536c2b90", kill_on_drop: false }`
[INFO] [stderr]    Compiling proc-macro2 v1.0.64
[INFO] [stderr]    Compiling unicode-ident v1.0.10
[INFO] [stderr]    Compiling quote v1.0.29
[INFO] [stderr]    Compiling libc v0.2.147
[INFO] [stderr]    Compiling autocfg v1.1.0
[INFO] [stderr]    Compiling cc v1.0.79
[INFO] [stderr]    Compiling once_cell v1.18.0
[INFO] [stderr]    Compiling itoa v1.0.8
[INFO] [stderr]    Compiling serde v1.0.171
[INFO] [stderr]    Compiling pin-project-lite v0.2.10
[INFO] [stderr]    Compiling parking_lot_core v0.9.8
[INFO] [stderr]    Compiling bytes v1.4.0
[INFO] [stderr]    Compiling spin v0.5.2
[INFO] [stderr]    Compiling futures-core v0.3.28
[INFO] [stderr]    Compiling smallvec v1.11.0
[INFO] [stderr]    Compiling untrusted v0.7.1
[INFO] [stderr]    Compiling fnv v1.0.7
[INFO] [stderr]    Compiling futures-task v0.3.28
[INFO] [stderr]    Compiling hashbrown v0.12.3
[INFO] [stderr]    Compiling rustix v0.38.3
[INFO] [stderr]    Compiling futures-util v0.3.28
[INFO] [stderr]    Compiling tracing-core v0.1.31
[INFO] [stderr]    Compiling ryu v1.0.14
[INFO] [stderr]    Compiling tinyvec_macros v0.1.1
[INFO] [stderr]    Compiling io-lifetimes v1.0.11
[INFO] [stderr]    Compiling bitflags v2.3.3
[INFO] [stderr]    Compiling lock_api v0.4.10
[INFO] [stderr]    Compiling tokio v1.29.1
[INFO] [stderr]    Compiling indexmap v1.9.3
[INFO] [stderr]    Compiling slab v0.4.8
[INFO] [stderr]    Compiling memchr v2.5.0
[INFO] [stderr]    Compiling percent-encoding v2.3.0
[INFO] [stderr]    Compiling http v0.2.9
[INFO] [stderr]    Compiling futures-channel v0.3.28
[INFO] [stderr]    Compiling pkg-config v0.3.27
[INFO] [stderr]    Compiling rustls v0.21.5
[INFO] [stderr]    Compiling futures-sink v0.3.28
[INFO] [stderr]    Compiling linux-raw-sys v0.4.3
[INFO] [stderr]    Compiling tracing v0.1.37
[INFO] [stderr]    Compiling httparse v1.8.0
[INFO] [stderr]    Compiling pin-utils v0.1.0
[INFO] [stderr]    Compiling tinyvec v1.6.0
[INFO] [stderr]    Compiling base64 v0.21.2
[INFO] [stderr]    Compiling thiserror v1.0.43
[INFO] [stderr]    Compiling log v0.4.19
[INFO] [stderr]    Compiling utf8parse v0.2.1
[INFO] [stderr]    Compiling rustix v0.37.23
[INFO] [stderr]    Compiling try-lock v0.2.4
[INFO] [stderr]    Compiling crc32fast v1.3.2
[INFO] [stderr]    Compiling want v0.3.1
[INFO] [stderr]    Compiling anstyle-parse v0.2.1
[INFO] [stderr]    Compiling syn v2.0.25
[INFO] [stderr]    Compiling form_urlencoded v1.2.0
[INFO] [stderr]    Compiling tempfile v3.6.0
[INFO] [stderr]    Compiling safemem v0.3.3
[INFO] [stderr]    Compiling adler v1.0.2
[INFO] [stderr]    Compiling time-core v0.1.1
[INFO] [stderr]    Compiling unicode-bidi v0.3.13
[INFO] [stderr]    Compiling anstyle-query v1.0.0
[INFO] [stderr]    Compiling ring v0.16.20
[INFO] [stderr]    Compiling onig_sys v69.8.1
[INFO] [stderr]    Compiling http-body v0.4.5
[INFO] [stderr]    Compiling anstyle v1.0.1
[INFO] [stderr]    Compiling linux-raw-sys v0.3.8
[INFO] [stderr]    Compiling httpdate v1.0.2
[INFO] [stderr]    Compiling colorchoice v1.0.0
[INFO] [stderr]    Compiling tower-service v0.3.2
[INFO] [stderr]    Compiling serde_json v1.0.102
[INFO] [stderr]    Compiling lazy_static v1.4.0
[INFO] [stderr]    Compiling time v0.3.23
[INFO] [stderr]    Compiling miniz_oxide v0.7.1
[INFO] [stderr]    Compiling quick-xml v0.29.0
[INFO] [stderr]    Compiling unicode-normalization v0.1.22
[INFO] [stderr]    Compiling signal-hook-registry v1.4.1
[INFO] [stderr]    Compiling num_cpus v1.16.0
[INFO] [stderr]    Compiling mio v0.8.8
[INFO] [stderr]    Compiling parking_lot v0.12.1
[INFO] [stderr]    Compiling socket2 v0.4.9
[INFO] [stderr]    Compiling is-terminal v0.4.9
[INFO] [stderr]    Compiling idna v0.4.0
[INFO] [stderr]    Compiling anstream v0.3.2
[INFO] [stderr]    Compiling line-wrap v0.1.1
[INFO] [stderr]    Compiling fastrand v1.9.0
[INFO] [stderr]    Compiling equivalent v1.0.1
[INFO] [stderr]    Compiling clap_lex v0.5.0
[INFO] [stderr]    Compiling strsim v0.10.0
[INFO] [stderr]    Compiling async-trait v0.1.71
[INFO] [stderr]    Compiling unicode-width v0.1.10
[INFO] [stderr]    Compiling heck v0.4.1
[INFO] [stderr]    Compiling hashbrown v0.14.0
[INFO] [stderr]    Compiling linked-hash-map v0.5.6
[INFO] [stderr]    Compiling anyhow v1.0.71
[INFO] [stderr]    Compiling same-file v1.0.6
[INFO] [stderr]    Compiling console v0.15.7
[INFO] [stderr]    Compiling clap_builder v4.3.11
[INFO] [stderr]    Compiling walkdir v2.3.3
[INFO] [stderr]    Compiling flate2 v1.0.26
[INFO] [stderr]    Compiling yaml-rust v0.4.5
[INFO] [stderr]    Compiling rustls-pemfile v1.0.3
[INFO] [stderr]    Compiling encoding_rs v0.8.32
[INFO] [stderr]    Compiling mime v0.3.17
[INFO] [stderr]    Compiling shell-words v1.1.0
[INFO] [stderr]    Compiling zeroize v1.6.0
[INFO] [stderr]    Compiling ipnet v2.8.0
[INFO] [stderr]    Compiling unsafe-libyaml v0.2.8
[INFO] [stderr]    Compiling indexmap v2.0.0
[INFO] [stderr]    Compiling regex-syntax v0.6.29
[INFO] [stderr]    Compiling atty v0.2.14
[INFO] [stderr]    Compiling similar v2.2.1
[INFO] [stderr]    Compiling dialoguer v0.10.4
[INFO] [stderr]    Compiling serde_derive v1.0.171
[INFO] [stderr]    Compiling tokio-macros v2.1.0
[INFO] [stderr]    Compiling futures-macro v0.3.28
[INFO] [stderr]    Compiling thiserror-impl v1.0.43
[INFO] [stderr]    Compiling clap_derive v4.3.2
[INFO] [stderr]    Compiling rustls-webpki v0.101.1
[INFO] [stderr]    Compiling sct v0.7.0
[INFO] [stderr]    Compiling webpki v0.22.0
[INFO] [stderr]    Compiling webpki-roots v0.22.6
[INFO] [stderr]    Compiling clap v4.3.11
[INFO] [stderr]    Compiling onig v6.4.0
[INFO] [stderr]    Compiling tokio-util v0.7.8
[INFO] [stderr]    Compiling tokio-rustls v0.24.1
[INFO] [stderr]    Compiling h2 v0.3.20
[INFO] [stderr]    Compiling bincode v1.3.3
[INFO] [stderr]    Compiling url v2.4.0
[INFO] [stderr]    Compiling serde_urlencoded v0.7.1
[INFO] [stderr]    Compiling plist v1.5.0
[INFO] [stderr]    Compiling http-serde v1.1.2
[INFO] [stderr]    Compiling serde_qs v0.12.0
[INFO] [stderr]    Compiling serde_yaml v0.9.22
[INFO] [stderr]    Compiling syntect v5.0.0
[INFO] [stderr]    Compiling hyper v0.14.27
[INFO] [stderr]    Compiling hyper-rustls v0.24.1
[INFO] [stderr]    Compiling reqwest v0.11.18
[INFO] [stderr]    Compiling xdiff-live v0.1.0 (/opt/rustwide/workdir)
[INFO] [stderr]     Finished dev [unoptimized + debuginfo] target(s) in 24.21s
[INFO] running `Command { std: "docker" "inspect" "7543347c811c252a7cf15acb54b80f94a337a7f544c0c1aba0cdae33536c2b90", kill_on_drop: false }`
[INFO] running `Command { std: "docker" "rm" "-f" "7543347c811c252a7cf15acb54b80f94a337a7f544c0c1aba0cdae33536c2b90", kill_on_drop: false }`
[INFO] [stdout] 7543347c811c252a7cf15acb54b80f94a337a7f544c0c1aba0cdae33536c2b90
[INFO] running `Command { std: "docker" "create" "-v" "/var/lib/crater-agent-workspace/builds/worker-7-tc1/target:/opt/rustwide/target:rw,Z" "-v" "/var/lib/crater-agent-workspace/builds/worker-7-tc1/source:/opt/rustwide/workdir:ro,Z" "-v" "/var/lib/crater-agent-workspace/cargo-home:/opt/rustwide/cargo-home:ro,Z" "-v" "/var/lib/crater-agent-workspace/rustup-home:/opt/rustwide/rustup-home:ro,Z" "-e" "SOURCE_DIR=/opt/rustwide/workdir" "-e" "CARGO_TARGET_DIR=/opt/rustwide/target" "-e" "CARGO_INCREMENTAL=0" "-e" "RUST_BACKTRACE=full" "-e" "RUSTFLAGS=--cap-lints=warn" "-e" "RUSTDOCFLAGS=--cap-lints=warn" "-e" "CARGO_HOME=/opt/rustwide/cargo-home" "-e" "RUSTUP_HOME=/opt/rustwide/rustup-home" "-w" "/opt/rustwide/workdir" "-m" "1610612736" "--user" "0:0" "--network" "none" "ghcr.io/rust-lang/crates-build-env/linux@sha256:2788e3201cd34a07e3172128adcd8b3090168a8e3bcc40d7c032b9dda1df7d1c" "/opt/rustwide/cargo-home/bin/cargo" "+1.75.0" "test" "--frozen" "--no-run" "--message-format=json", kill_on_drop: false }`
[INFO] [stdout] 6748d333c0566a55d862a5bfe4f428215e4dd54c9cf565f79c422d49e9fbc13a
[INFO] running `Command { std: "docker" "start" "-a" "6748d333c0566a55d862a5bfe4f428215e4dd54c9cf565f79c422d49e9fbc13a", kill_on_drop: false }`
[INFO] [stderr]    Compiling crossbeam-utils v0.8.16
[INFO] [stderr]    Compiling memoffset v0.9.0
[INFO] [stderr]    Compiling crossbeam-epoch v0.9.15
[INFO] [stderr]    Compiling getrandom v0.2.10
[INFO] [stderr]    Compiling rayon-core v1.11.0
[INFO] [stderr]    Compiling aho-corasick v1.0.2
[INFO] [stderr]    Compiling ppv-lite86 v0.2.17
[INFO] [stderr]    Compiling regex-syntax v0.7.4
[INFO] [stderr]    Compiling toml_datetime v0.6.3
[INFO] [stderr]    Compiling serde_spanned v0.6.3
[INFO] [stderr]    Compiling snapbox-macros v0.3.4
[INFO] [stderr]    Compiling content_inspector v0.2.4
[INFO] [stderr]    Compiling wait-timeout v0.2.0
[INFO] [stderr]    Compiling filetime v0.2.21
[INFO] [stderr]    Compiling os_pipe v1.1.4
[INFO] [stderr]    Compiling normalize-line-endings v0.3.0
[INFO] [stderr]    Compiling humantime v2.1.0
[INFO] [stderr]    Compiling winnow v0.5.0
[INFO] [stderr]    Compiling dunce v1.0.4
[INFO] [stderr]    Compiling rand_core v0.6.4
[INFO] [stderr]    Compiling either v1.9.0
[INFO] [stderr]    Compiling snapbox v0.4.11
[INFO] [stderr]    Compiling assert-json-diff v2.0.2
[INFO] [stderr]    Compiling colored v2.0.4
[INFO] [stderr]    Compiling humantime-serde v1.1.1
[INFO] [stderr]    Compiling glob v0.3.1
[INFO] [stderr]    Compiling shlex v1.1.0
[INFO] [stderr]    Compiling rand_chacha v0.3.1
[INFO] [stderr]    Compiling rand v0.8.5
[INFO] [stderr]    Compiling crossbeam-channel v0.5.8
[INFO] [stderr]    Compiling crossbeam-deque v0.8.3
[INFO] [stderr]    Compiling rayon v1.7.0
[INFO] [stderr]    Compiling toml_edit v0.19.14
[INFO] [stderr]    Compiling regex-automata v0.3.3
[INFO] [stderr]    Compiling trycmd v0.14.16
[INFO] [stderr]    Compiling regex v1.9.1
[INFO] [stderr]    Compiling mockito v0.31.1
[INFO] [stderr]    Compiling xdiff-live v0.1.0 (/opt/rustwide/workdir)
[INFO] [stderr]     Finished test [unoptimized + debuginfo] target(s) in 13.41s
[INFO] running `Command { std: "docker" "inspect" "6748d333c0566a55d862a5bfe4f428215e4dd54c9cf565f79c422d49e9fbc13a", kill_on_drop: false }`
[INFO] running `Command { std: "docker" "rm" "-f" "6748d333c0566a55d862a5bfe4f428215e4dd54c9cf565f79c422d49e9fbc13a", kill_on_drop: false }`
[INFO] [stdout] 6748d333c0566a55d862a5bfe4f428215e4dd54c9cf565f79c422d49e9fbc13a
[INFO] running `Command { std: "docker" "create" "-v" "/var/lib/crater-agent-workspace/builds/worker-7-tc1/target:/opt/rustwide/target:rw,Z" "-v" "/var/lib/crater-agent-workspace/builds/worker-7-tc1/source:/opt/rustwide/workdir:ro,Z" "-v" "/var/lib/crater-agent-workspace/cargo-home:/opt/rustwide/cargo-home:ro,Z" "-v" "/var/lib/crater-agent-workspace/rustup-home:/opt/rustwide/rustup-home:ro,Z" "-e" "SOURCE_DIR=/opt/rustwide/workdir" "-e" "CARGO_TARGET_DIR=/opt/rustwide/target" "-e" "CARGO_INCREMENTAL=0" "-e" "RUST_BACKTRACE=full" "-e" "RUSTFLAGS=--cap-lints=warn" "-e" "RUSTDOCFLAGS=--cap-lints=warn" "-e" "CARGO_HOME=/opt/rustwide/cargo-home" "-e" "RUSTUP_HOME=/opt/rustwide/rustup-home" "-w" "/opt/rustwide/workdir" "-m" "1610612736" "--user" "0:0" "--network" "none" "ghcr.io/rust-lang/crates-build-env/linux@sha256:2788e3201cd34a07e3172128adcd8b3090168a8e3bcc40d7c032b9dda1df7d1c" "/opt/rustwide/cargo-home/bin/cargo" "+1.75.0" "test" "--frozen", kill_on_drop: false }`
[INFO] [stdout] 3c7ae783048a0a71a3abc375bb16fb9b2517938b650b1ce4c7a35a7e56ee3f25
[INFO] running `Command { std: "docker" "start" "-a" "3c7ae783048a0a71a3abc375bb16fb9b2517938b650b1ce4c7a35a7e56ee3f25", kill_on_drop: false }`
[INFO] [stderr]     Finished test [unoptimized + debuginfo] target(s) in 0.46s
[INFO] [stderr]      Running unittests src/lib.rs (/opt/rustwide/target/debug/deps/xdiff_live-ea89e1b11c373247)
[INFO] [stdout] 
[INFO] [stdout] running 16 tests
[INFO] [stdout] test cli::tests::parse_key_val_should_work ... ok
[INFO] [stdout] test cli::tests::from_vec_key_val_for_extra_args_should_work ... ok
[INFO] [stdout] test config::tests::request_profile_validate_should_work ... ok
[INFO] [stdout] test config::tests::request_profile_with_bad_params_validate_should_fail ... ok
[INFO] [stdout] test config::tests::test_get_content_type ... ok
[INFO] [stdout] test config::tests::request_profile_get_url_should_work ... ok
[INFO] [stdout] test config::tests::request_profile_get_url_with_args_should_work ... ok
[INFO] [stdout] test utils::tests::diff_text_should_work ... ok
[INFO] [stdout] test config::tests::get_body_text_should_work ... ok
[INFO] [stdout] test config::tests::request_profile_send_should_work ... ok
[INFO] [stdout] test config::tests::get_status_text_should_work ... ok
[INFO] [stdout] test config::tests::get_headers_text_should_work ... ok
[INFO] [stdout] test config::tests::request_profile_send_with_extra_args_should_work ... ok
[INFO] [stdout] test config::tests::response_ext_get_text_should_work ... ok
[INFO] [stdout] test config::tests::response_ext_get_header_should_work ... ok
[INFO] [stdout] test utils::tests::highlight_text_should_work ... ok
[INFO] [stdout] 
[INFO] [stdout] test result: ok. 16 passed; 0 failed; 0 ignored; 0 measured; 0 filtered out; finished in 0.03s
[INFO] [stdout] 
[INFO] [stderr]      Running unittests src/bin/xdiff.rs (/opt/rustwide/target/debug/deps/xdiff_live-a6ece8d9c6a5949c)
[INFO] [stdout] 
[INFO] [stdout] running 0 tests
[INFO] [stdout] 
[INFO] [stdout] test result: ok. 0 passed; 0 failed; 0 ignored; 0 measured; 0 filtered out; finished in 0.00s
[INFO] [stdout] 
[INFO] [stderr]      Running unittests src/bin/xreq.rs (/opt/rustwide/target/debug/deps/xreq_live-45d8b785ee8de7bf)
[INFO] [stdout] 
[INFO] [stdout] running 0 tests
[INFO] [stdout] 
[INFO] [stdout] test result: ok. 0 passed; 0 failed; 0 ignored; 0 measured; 0 filtered out; finished in 0.00s
[INFO] [stdout] 
[INFO] [stderr]      Running tests/cli_tests.rs (/opt/rustwide/target/debug/deps/cli_tests-fbf081ef6ae241a0)
[INFO] [stdout] 
[INFO] [stdout] running 1 test
[INFO] [stderr] [2mTesting[0m tests/cmd/xdiff_run_failed.md:2 ... [32mok[0m
[INFO] [stderr] [2mTesting[0m README.md:41 ... [31mfailed[0m
[INFO] [stderr] Exit: [32msuccess[0m
[INFO] [stderr] 
[INFO] [stderr] [32m---- expected: stdout[0m
[INFO] [stderr] [31m++++ actual:   stdout[0m
[INFO] [stderr] [2m   1[0m [2m   1[0m [2m|[0m [2mDiff two http requests and compare the difference of the responses
[INFO] [stderr] [0m[2m   2[0m [2m   2[0m [2m|[0m [2m
[INFO] [stderr] [0m[2m   3[0m [2m   3[0m [2m|[0m [2mUsage: xdiff-live <COMMAND>
[INFO] [stderr] [0m[2m   4[0m [2m   4[0m [2m|[0m [2m
[INFO] [stderr] [0m[2m   5[0m [2m   5[0m [2m|[0m [2mCommands:
[INFO] [stderr] [0m[2m   6[0m [2m   6[0m [2m|[0m [2m  run    Diff two API responses based on given profile
[INFO] [stderr] [0m[2m   7[0m      [32m-[0m [32m  parse  
[INFO] [stderr] [0m     [2m   7[0m [31m+[0m [31m  parse  Parse URls to generate a profile
[INFO] [stderr] [0m[2m   8[0m [2m   8[0m [2m|[0m [2m  help   Print this message or the help of the given subcommand(s)
[INFO] [stderr] [0m[2m   9[0m [2m   9[0m [2m|[0m [2m
[INFO] [stderr] [0m[2m  10[0m [2m  10[0m [2m|[0m [2mOptions:
[INFO] [stderr] [0m[2m  11[0m [2m  11[0m [2m|[0m [2m  -h, --help     Print help
[INFO] [stderr] [0m[2m  12[0m [2m  12[0m [2m|[0m [2m  -V, --version  Print version
[INFO] [stderr] [0mstderr:
[INFO] [stderr] [32m[0m
[INFO] [stderr] [2mTesting[0m README.md:58 ... [32mok[0m
[INFO] [stderr] [2mTesting[0m tests/cmd/xdiff_run_succeed.md:2 ... [31mfailed[0m
[INFO] [stderr] Exit: [32msuccess[0m
[INFO] [stderr] 
[INFO] [stderr] [32m---- expected: stdout[0m
[INFO] [stderr] [31m++++ actual:   stdout[0m
[INFO] [stderr] [2m   1[0m      [32m-[0m [32m1    1    |  HTTP/2.0 200 OK
[INFO] [stderr] [0m[2m   2[0m      [32m-[0m [32m2    2    |  content-type: "application/json; charset=utf-8"
[INFO] [stderr] [0m[2m   3[0m      [32m-[0m [32m3         | -content-length: "[..]"
[INFO] [stderr] [0m[2m   4[0m      [32m-[0m [32m     3    | +content-length: "[..]"
[INFO] [stderr] [0m[2m   5[0m      [32m-[0m [32m4    4    |  x-powered-by: "[..]"
[INFO] [stderr] [0m[2m   6[0m      [32m-[0m [32m5    5    |  x-ratelimit-limit: "[..]"
[INFO] [stderr] [0m[2m   7[0m      [32m-[0m [32m6    6    |  vary: "Origin, Accept-Encoding"
[INFO] [stderr] [0m[2m   8[0m      [32m-[0m [32m--------------------------------------------------------------------------------9    9    |  pragma: "no-cache"
[INFO] [stderr] [0m[2m   9[0m      [32m-[0m [32m10   10   |  expires: "-1"
[INFO] [stderr] [0m[2m  10[0m      [32m-[0m [32m11   11   |  x-content-type-options: "nosniff"
[INFO] [stderr] [0m[2m  11[0m      [32m-[0m [32m12        | -etag: "[..]"
[INFO] [stderr] [0m[2m  12[0m      [32m-[0m [32m     12   | +etag: "[..]"
[INFO] [stderr] [0m[2m  13[0m      [32m-[0m [32m13   13   |  via: "1.1 vegur"
[INFO] [stderr] [0m[2m  14[0m      [32m-[0m [32m14   14   |  cf-cache-status: "HIT"
[INFO] [stderr] [0m[2m  15[0m      [32m-[0m [32m15   15   |  accept-ranges: "bytes"
[INFO] [stderr] [0m[2m  16[0m      [32m-[0m [32m--------------------------------------------------------------------------------18   18   |  alt-svc: "h3=/":443/"; ma=86400"
[INFO] [stderr] [0m[2m  17[0m      [32m-[0m [32m19   19   |  {
[INFO] [stderr] [0m[2m  18[0m      [32m-[0m [32m20   20   |    "completed": false,
[INFO] [stderr] [0m[2m  19[0m      [32m-[0m [32m21        | -  "title": "[..]",
[INFO] [stderr] [0m[2m  20[0m      [32m-[0m [32m     21   | +  "title": "[..]",
[INFO] [stderr] [0m[2m  21[0m      [32m-[0m [32m22   22   |    "userId": 1
[INFO] [stderr] [0m[2m  22[0m      [32m-[0m [32m23   23   |  }
[INFO] [stderr] [0m     [2m   1[0m [31m+[0m [31merror sending request for url (https://jsonplaceholder.typicode.com/todos/1?a=100&m=10): error trying to connect: dns error: failed to lookup address information: Temporary failure in name resolution
[INFO] [stderr] [0m     [2m   2[0m [31m+[0m [31m
[INFO] [stderr] [0m     [2m   3[0m [31m+[0m [31mCaused by:
[INFO] [stderr] [0m     [2m   4[0m [31m+[0m [31m    0: error trying to connect: dns error: failed to lookup address information: Temporary failure in name resolution
[INFO] [stderr] [0m     [2m   5[0m [31m+[0m [31m    1: dns error: failed to lookup address information: Temporary failure in name resolution
[INFO] [stderr] [0m     [2m   6[0m [31m+[0m [31m    2: failed to lookup address information: Temporary failure in name resolution
[INFO] [stderr] [0mstderr:
[INFO] [stderr] [32m[0m
[INFO] [stderr] [2mTesting[0m tests/cmd/xreq_run_succeed.md:2 ... [31mfailed[0m
[INFO] [stderr] Exit: [32msuccess[0m
[INFO] [stderr] 
[INFO] [stderr] [32m---- expected: stdout[0m
[INFO] [stderr] [31m++++ actual:   stdout[0m
[INFO] [stderr] [2m   1[0m      [32m-[0m [32m{
[INFO] [stderr] [0m[2m   2[0m      [32m-[0m [32m  "completed": false,
[INFO] [stderr] [0m[2m   3[0m      [32m-[0m [32m  "id": 1,
[INFO] [stderr] [0m[2m   4[0m      [32m-[0m [32m  "title": "delectus aut autem",
[INFO] [stderr] [0m[2m   5[0m      [32m-[0m [32m  "userId": 1
[INFO] [stderr] [0m[2m   6[0m      [32m-[0m [32m}
[INFO] [stderr] [0m     [2m   1[0m [31m+[0m [31merror sending request for url (https://jsonplaceholder.typicode.com/todos/1?a=100&b=200): error trying to connect: dns error: failed to lookup address information: Temporary failure in name resolution
[INFO] [stderr] [0m     [2m   2[0m [31m+[0m [31m
[INFO] [stderr] [0m     [2m   3[0m [31m+[0m [31mCaused by:
[INFO] [stderr] [0m     [2m   4[0m [31m+[0m [31m    0: error trying to connect: dns error: failed to lookup address information: Temporary failure in name resolution
[INFO] [stderr] [0m     [2m   5[0m [31m+[0m [31m    1: dns error: failed to lookup address information: Temporary failure in name resolution
[INFO] [stderr] [0m     [2m   6[0m [31m+[0m [31m    2: failed to lookup address information: Temporary failure in name resolution
[INFO] [stderr] [0mstderr:
[INFO] [stderr] [32m[0m
[INFO] [stderr] [2mUpdate snapshots with `TRYCMD=overwrite`[0m
[INFO] [stderr] [2mDebug output with `TRYCMD=dump`[0m
[INFO] [stdout] test cli_tests ... FAILED
[INFO] [stdout] 
[INFO] [stdout] failures:
[INFO] [stdout] 
[INFO] [stdout] ---- cli_tests stdout ----
[INFO] [stdout] thread 'cli_tests' panicked at /opt/rustwide/cargo-home/registry/src/index.crates.io-6f17d22bba15001f/trycmd-0.14.16/src/runner.rs:104:17:
[INFO] [stdout] 3 of 4 tests failed
[INFO] [stdout] stack backtrace:
[INFO] [stdout]    0:     0x56168b63df1c - std::backtrace_rs::backtrace::libunwind::trace::ha637c64ce894333a
[INFO] [stdout]                                at /rustc/82e1608dfa6e0b5569232559e3d385fea5a93112/library/std/src/../../backtrace/src/backtrace/libunwind.rs:104:5
[INFO] [stdout]    1:     0x56168b63df1c - std::backtrace_rs::backtrace::trace_unsynchronized::h47f62dea28e0c88d
[INFO] [stdout]                                at /rustc/82e1608dfa6e0b5569232559e3d385fea5a93112/library/std/src/../../backtrace/src/backtrace/mod.rs:66:5
[INFO] [stdout]    2:     0x56168b63df1c - std::sys_common::backtrace::_print_fmt::h9eef0abe20ede486
[INFO] [stdout]                                at /rustc/82e1608dfa6e0b5569232559e3d385fea5a93112/library/std/src/sys_common/backtrace.rs:67:5
[INFO] [stdout]    3:     0x56168b63df1c - <std::sys_common::backtrace::_print::DisplayBacktrace as core::fmt::Display>::fmt::hed7f999df88cc644
[INFO] [stdout]                                at /rustc/82e1608dfa6e0b5569232559e3d385fea5a93112/library/std/src/sys_common/backtrace.rs:44:22
[INFO] [stdout]    4:     0x56168b66b250 - core::fmt::rt::Argument::fmt::h1539a9308b8d058d
[INFO] [stdout]                                at /rustc/82e1608dfa6e0b5569232559e3d385fea5a93112/library/core/src/fmt/rt.rs:142:9
[INFO] [stdout]    5:     0x56168b66b250 - core::fmt::write::h3a39390d8560d9c9
[INFO] [stdout]                                at /rustc/82e1608dfa6e0b5569232559e3d385fea5a93112/library/core/src/fmt/mod.rs:1120:17
[INFO] [stdout]    6:     0x56168b63aa3f - std::io::Write::write_fmt::h040b369f3a0f9cbc
[INFO] [stdout]                                at /rustc/82e1608dfa6e0b5569232559e3d385fea5a93112/library/std/src/io/mod.rs:1762:15
[INFO] [stdout]    7:     0x56168b63dd04 - std::sys_common::backtrace::_print::h894006fb5c6f3d45
[INFO] [stdout]                                at /rustc/82e1608dfa6e0b5569232559e3d385fea5a93112/library/std/src/sys_common/backtrace.rs:47:5
[INFO] [stdout]    8:     0x56168b63dd04 - std::sys_common::backtrace::print::h23a2d212c6fff936
[INFO] [stdout]                                at /rustc/82e1608dfa6e0b5569232559e3d385fea5a93112/library/std/src/sys_common/backtrace.rs:34:9
[INFO] [stdout]    9:     0x56168b63ffe7 - std::panicking::default_hook::{{closure}}::h8a1d2ee00185001a
[INFO] [stdout]   10:     0x56168b63fcd3 - std::panicking::default_hook::h6038f2eba384e475
[INFO] [stdout]                                at /rustc/82e1608dfa6e0b5569232559e3d385fea5a93112/library/std/src/panicking.rs:289:9
[INFO] [stdout]   11:     0x56168b60c9f7 - <alloc::boxed::Box<F,A> as core::ops::function::Fn<Args>>::call::h0ad024c9bdc6d768
[INFO] [stdout]                                at /rustc/82e1608dfa6e0b5569232559e3d385fea5a93112/library/alloc/src/boxed.rs:2021:9
[INFO] [stdout]   12:     0x56168b60c9f7 - test::test_main::{{closure}}::h7500b54257359db6
[INFO] [stdout]                                at /rustc/82e1608dfa6e0b5569232559e3d385fea5a93112/library/test/src/lib.rs:138:21
[INFO] [stdout]   13:     0x56168b6405f8 - <alloc::boxed::Box<F,A> as core::ops::function::Fn<Args>>::call::h1f8f335eaa9cfaee
[INFO] [stdout]                                at /rustc/82e1608dfa6e0b5569232559e3d385fea5a93112/library/alloc/src/boxed.rs:2021:9
[INFO] [stdout]   14:     0x56168b6405f8 - std::panicking::rust_panic_with_hook::h2b5517d590cab22e
[INFO] [stdout]                                at /rustc/82e1608dfa6e0b5569232559e3d385fea5a93112/library/std/src/panicking.rs:783:13
[INFO] [stdout]   15:     0x56168b64034e - std::panicking::begin_panic_handler::{{closure}}::h233112c06e0ef43e
[INFO] [stdout]                                at /rustc/82e1608dfa6e0b5569232559e3d385fea5a93112/library/std/src/panicking.rs:657:13
[INFO] [stdout]   16:     0x56168b63e3e6 - std::sys_common::backtrace::__rust_end_short_backtrace::h6e893f24d7ebbff8
[INFO] [stdout]                                at /rustc/82e1608dfa6e0b5569232559e3d385fea5a93112/library/std/src/sys_common/backtrace.rs:170:18
[INFO] [stdout]   17:     0x56168b6400b2 - rust_begin_unwind
[INFO] [stdout]                                at /rustc/82e1608dfa6e0b5569232559e3d385fea5a93112/library/std/src/panicking.rs:645:5
[INFO] [stdout]   18:     0x56168b2ac8b5 - core::panicking::panic_fmt::hbf0e066aabfa482c
[INFO] [stdout]                                at /rustc/82e1608dfa6e0b5569232559e3d385fea5a93112/library/core/src/panicking.rs:72:14
[INFO] [stdout]   19:     0x56168b338345 - trycmd::runner::Runner::run::h5a854fab75f35656
[INFO] [stdout]                                at /opt/rustwide/cargo-home/registry/src/index.crates.io-6f17d22bba15001f/trycmd-0.14.16/src/runner.rs:104:17
[INFO] [stdout]   20:     0x56168b2b2813 - trycmd::cases::TestCases::run::hed70602e8049484f
[INFO] [stdout]                                at /opt/rustwide/cargo-home/registry/src/index.crates.io-6f17d22bba15001f/trycmd-0.14.16/src/cases.rs:165:9
[INFO] [stdout]   21:     0x56168b2b28ba - <trycmd::cases::TestCases as core::ops::drop::Drop>::drop::h3c499348bf660f62
[INFO] [stdout]                                at /opt/rustwide/cargo-home/registry/src/index.crates.io-6f17d22bba15001f/trycmd-0.14.16/src/cases.rs:175:13
[INFO] [stdout]   22:     0x56168b2bc847 - core::ptr::drop_in_place<trycmd::cases::TestCases>::h882264ba65f34df1
[INFO] [stdout]                                at /rustc/82e1608dfa6e0b5569232559e3d385fea5a93112/library/core/src/ptr/mod.rs:498:1
[INFO] [stdout]   23:     0x56168b2ad82e - cli_tests::cli_tests::h82e9ae3bc1ccce49
[INFO] [stdout]                                at /opt/rustwide/workdir/tests/cli_tests.rs:3:70
[INFO] [stdout]   24:     0x56168b2ad797 - cli_tests::cli_tests::{{closure}}::h0898810012e0d5a9
[INFO] [stdout]                                at /opt/rustwide/workdir/tests/cli_tests.rs:2:15
[INFO] [stdout]   25:     0x56168b2ad416 - core::ops::function::FnOnce::call_once::h4477ee7b36c513d2
[INFO] [stdout]                                at /rustc/82e1608dfa6e0b5569232559e3d385fea5a93112/library/core/src/ops/function.rs:250:5
[INFO] [stdout]   26:     0x56168b61204f - core::ops::function::FnOnce::call_once::h2b5d431d5046312d
[INFO] [stdout]                                at /rustc/82e1608dfa6e0b5569232559e3d385fea5a93112/library/core/src/ops/function.rs:250:5
[INFO] [stdout]   27:     0x56168b61204f - test::__rust_begin_short_backtrace::h7714669af176e207
[INFO] [stdout]                                at /rustc/82e1608dfa6e0b5569232559e3d385fea5a93112/library/test/src/lib.rs:628:18
[INFO] [stdout]   28:     0x56168b611065 - test::run_test_in_process::{{closure}}::h85218797dcbcec12
[INFO] [stdout]                                at /rustc/82e1608dfa6e0b5569232559e3d385fea5a93112/library/test/src/lib.rs:651:60
[INFO] [stdout]   29:     0x56168b611065 - <core::panic::unwind_safe::AssertUnwindSafe<F> as core::ops::function::FnOnce<()>>::call_once::h76c106ea31c14d7b
[INFO] [stdout]                                at /rustc/82e1608dfa6e0b5569232559e3d385fea5a93112/library/core/src/panic/unwind_safe.rs:272:9
[INFO] [stdout]   30:     0x56168b611065 - std::panicking::try::do_call::h3bd5d0f6620ee946
[INFO] [stdout]                                at /rustc/82e1608dfa6e0b5569232559e3d385fea5a93112/library/std/src/panicking.rs:552:40
[INFO] [stdout]   31:     0x56168b611065 - std::panicking::try::h232e535e4744fe31
[INFO] [stdout]                                at /rustc/82e1608dfa6e0b5569232559e3d385fea5a93112/library/std/src/panicking.rs:516:19
[INFO] [stdout]   32:     0x56168b611065 - std::panic::catch_unwind::h3ce3bd6ca8dbac68
[INFO] [stdout]                                at /rustc/82e1608dfa6e0b5569232559e3d385fea5a93112/library/std/src/panic.rs:142:14
[INFO] [stdout]   33:     0x56168b611065 - test::run_test_in_process::hc97b257c9621286a
[INFO] [stdout]                                at /rustc/82e1608dfa6e0b5569232559e3d385fea5a93112/library/test/src/lib.rs:651:27
[INFO] [stdout]   34:     0x56168b611065 - test::run_test::{{closure}}::h2aa798823a438d38
[INFO] [stdout]                                at /rustc/82e1608dfa6e0b5569232559e3d385fea5a93112/library/test/src/lib.rs:574:43
[INFO] [stdout]   35:     0x56168b5d9326 - test::run_test::{{closure}}::h87d231c78fb59832
[INFO] [stdout]                                at /rustc/82e1608dfa6e0b5569232559e3d385fea5a93112/library/test/src/lib.rs:602:41
[INFO] [stdout]   36:     0x56168b5d9326 - std::sys_common::backtrace::__rust_begin_short_backtrace::he6df152596625789
[INFO] [stdout]                                at /rustc/82e1608dfa6e0b5569232559e3d385fea5a93112/library/std/src/sys_common/backtrace.rs:154:18
[INFO] [stdout]   37:     0x56168b5de3d7 - std::thread::Builder::spawn_unchecked_::{{closure}}::{{closure}}::ha94be15d1e0acf36
[INFO] [stdout]                                at /rustc/82e1608dfa6e0b5569232559e3d385fea5a93112/library/std/src/thread/mod.rs:529:17
[INFO] [stdout]   38:     0x56168b5de3d7 - <core::panic::unwind_safe::AssertUnwindSafe<F> as core::ops::function::FnOnce<()>>::call_once::h9dc6bd6372f16606
[INFO] [stdout]                                at /rustc/82e1608dfa6e0b5569232559e3d385fea5a93112/library/core/src/panic/unwind_safe.rs:272:9
[INFO] [stdout]   39:     0x56168b5de3d7 - std::panicking::try::do_call::h9057517f80303cd4
[INFO] [stdout]                                at /rustc/82e1608dfa6e0b5569232559e3d385fea5a93112/library/std/src/panicking.rs:552:40
[INFO] [stdout]   40:     0x56168b5de3d7 - std::panicking::try::he3a30b11ee45340c
[INFO] [stdout]                                at /rustc/82e1608dfa6e0b5569232559e3d385fea5a93112/library/std/src/panicking.rs:516:19
[INFO] [stdout]   41:     0x56168b5de3d7 - std::panic::catch_unwind::h410458cfd3528b8b
[INFO] [stdout]                                at /rustc/82e1608dfa6e0b5569232559e3d385fea5a93112/library/std/src/panic.rs:142:14
[INFO] [stdout]   42:     0x56168b5de3d7 - std::thread::Builder::spawn_unchecked_::{{closure}}::h72ac3bdb567b737b
[INFO] [stdout]                                at /rustc/82e1608dfa6e0b5569232559e3d385fea5a93112/library/std/src/thread/mod.rs:528:30
[INFO] [stdout]   43:     0x56168b5de3d7 - core::ops::function::FnOnce::call_once{{vtable.shim}}::h38f34da3654a8344
[INFO] [stdout]                                at /rustc/82e1608dfa6e0b5569232559e3d385fea5a93112/library/core/src/ops/function.rs:250:5
[INFO] [stdout]   44:     0x56168b646ab5 - <alloc::boxed::Box<F,A> as core::ops::function::FnOnce<Args>>::call_once::hc7eafaff61e32df9
[INFO] [stdout]                                at /rustc/82e1608dfa6e0b5569232559e3d385fea5a93112/library/alloc/src/boxed.rs:2007:9
[INFO] [stdout]   45:     0x56168b646ab5 - <alloc::boxed::Box<F,A> as core::ops::function::FnOnce<Args>>::call_once::h6ba4a5de48dd2304
[INFO] [stdout]                                at /rustc/82e1608dfa6e0b5569232559e3d385fea5a93112/library/alloc/src/boxed.rs:2007:9
[INFO] [stdout]   46:     0x56168b646ab5 - std::sys::unix::thread::Thread::new::thread_start::he469335aef763e45
[INFO] [stdout]                                at /rustc/82e1608dfa6e0b5569232559e3d385fea5a93112/library/std/src/sys/unix/thread.rs:108:17
[INFO] [stdout]   47:     0x7fa9d8eabac3 - <unknown>
[INFO] [stdout]   48:     0x7fa9d8f3cbf4 - __clone
[INFO] [stdout]   49:                0x0 - <unknown>
[INFO] [stdout] 
[INFO] [stdout] 
[INFO] [stdout] failures:
[INFO] [stdout]     cli_tests
[INFO] [stdout] 
[INFO] [stdout] test result: FAILED. 0 passed; 1 failed; 0 ignored; 0 measured; 0 filtered out; finished in 0.11s
[INFO] [stdout] 
[INFO] [stderr] error: test failed, to rerun pass `--test cli_tests`
[INFO] running `Command { std: "docker" "inspect" "3c7ae783048a0a71a3abc375bb16fb9b2517938b650b1ce4c7a35a7e56ee3f25", kill_on_drop: false }`
[INFO] running `Command { std: "docker" "rm" "-f" "3c7ae783048a0a71a3abc375bb16fb9b2517938b650b1ce4c7a35a7e56ee3f25", kill_on_drop: false }`
[INFO] [stdout] 3c7ae783048a0a71a3abc375bb16fb9b2517938b650b1ce4c7a35a7e56ee3f25
[INFO] testing YanLien/xdiff against beta-2023-12-22 for beta-1.76-1
[INFO] running `Command { std: "git" "clone" "/workspace/cache/git-repos/https%3A%2F%2Fgithub.com%2FYanLien%2Fxdiff" "/workspace/builds/worker-7-tc2/source", kill_on_drop: false }`
[INFO] [stderr] Cloning into '/workspace/builds/worker-7-tc2/source'...
[INFO] [stderr] done.
[INFO] validating manifest of git repo https://github.com/YanLien/xdiff on toolchain beta-2023-12-22
[INFO] running `Command { std: CARGO_HOME="/workspace/cargo-home" RUSTUP_HOME="/workspace/rustup-home" "/workspace/cargo-home/bin/cargo" "+beta-2023-12-22" "metadata" "--manifest-path" "Cargo.toml" "--no-deps", kill_on_drop: false }`
[INFO] started tweaking git repo https://github.com/YanLien/xdiff
[INFO] finished tweaking git repo https://github.com/YanLien/xdiff
[INFO] tweaked toml for git repo https://github.com/YanLien/xdiff written to /workspace/builds/worker-7-tc2/source/Cargo.toml
[INFO] crate git repo https://github.com/YanLien/xdiff already has a lockfile, it will not be regenerated
[INFO] running `Command { std: CARGO_HOME="/workspace/cargo-home" RUSTUP_HOME="/workspace/rustup-home" "/workspace/cargo-home/bin/cargo" "+beta-2023-12-22" "fetch" "--manifest-path" "Cargo.toml", kill_on_drop: false }`
[INFO] running `Command { std: "docker" "create" "-v" "/var/lib/crater-agent-workspace/builds/worker-7-tc2/target:/opt/rustwide/target:rw,Z" "-v" "/var/lib/crater-agent-workspace/builds/worker-7-tc2/source:/opt/rustwide/workdir:ro,Z" "-v" "/var/lib/crater-agent-workspace/cargo-home:/opt/rustwide/cargo-home:ro,Z" "-v" "/var/lib/crater-agent-workspace/rustup-home:/opt/rustwide/rustup-home:ro,Z" "-e" "SOURCE_DIR=/opt/rustwide/workdir" "-e" "CARGO_TARGET_DIR=/opt/rustwide/target" "-e" "CARGO_HOME=/opt/rustwide/cargo-home" "-e" "RUSTUP_HOME=/opt/rustwide/rustup-home" "-w" "/opt/rustwide/workdir" "-m" "1610612736" "--user" "0:0" "--network" "none" "ghcr.io/rust-lang/crates-build-env/linux@sha256:2788e3201cd34a07e3172128adcd8b3090168a8e3bcc40d7c032b9dda1df7d1c" "/opt/rustwide/cargo-home/bin/cargo" "+beta-2023-12-22" "metadata" "--no-deps" "--format-version=1", kill_on_drop: false }`
[INFO] [stdout] 1b2b5237b90054481891a160e7fc8a4ff629bbaa4b06d87366b1a9299107004e
[INFO] running `Command { std: "docker" "start" "-a" "1b2b5237b90054481891a160e7fc8a4ff629bbaa4b06d87366b1a9299107004e", kill_on_drop: false }`
[INFO] running `Command { std: "docker" "inspect" "1b2b5237b90054481891a160e7fc8a4ff629bbaa4b06d87366b1a9299107004e", kill_on_drop: false }`
[INFO] running `Command { std: "docker" "rm" "-f" "1b2b5237b90054481891a160e7fc8a4ff629bbaa4b06d87366b1a9299107004e", kill_on_drop: false }`
[INFO] [stdout] 1b2b5237b90054481891a160e7fc8a4ff629bbaa4b06d87366b1a9299107004e
[INFO] running `Command { std: "docker" "create" "-v" "/var/lib/crater-agent-workspace/builds/worker-7-tc2/target:/opt/rustwide/target:rw,Z" "-v" "/var/lib/crater-agent-workspace/builds/worker-7-tc2/source:/opt/rustwide/workdir:ro,Z" "-v" "/var/lib/crater-agent-workspace/cargo-home:/opt/rustwide/cargo-home:ro,Z" "-v" "/var/lib/crater-agent-workspace/rustup-home:/opt/rustwide/rustup-home:ro,Z" "-e" "SOURCE_DIR=/opt/rustwide/workdir" "-e" "CARGO_TARGET_DIR=/opt/rustwide/target" "-e" "CARGO_INCREMENTAL=0" "-e" "RUST_BACKTRACE=full" "-e" "RUSTFLAGS=--cap-lints=warn" "-e" "RUSTDOCFLAGS=--cap-lints=warn" "-e" "CARGO_HOME=/opt/rustwide/cargo-home" "-e" "RUSTUP_HOME=/opt/rustwide/rustup-home" "-w" "/opt/rustwide/workdir" "-m" "1610612736" "--user" "0:0" "--network" "none" "ghcr.io/rust-lang/crates-build-env/linux@sha256:2788e3201cd34a07e3172128adcd8b3090168a8e3bcc40d7c032b9dda1df7d1c" "/opt/rustwide/cargo-home/bin/cargo" "+beta-2023-12-22" "build" "--frozen" "--message-format=json", kill_on_drop: false }`
[INFO] [stdout] f2e8d6af82e3a3958793835e5aebf7bc6268e03b5c514c0a721f557d93c1c105
[INFO] running `Command { std: "docker" "start" "-a" "f2e8d6af82e3a3958793835e5aebf7bc6268e03b5c514c0a721f557d93c1c105", kill_on_drop: false }`
[INFO] [stderr]    Compiling proc-macro2 v1.0.64
[INFO] [stderr]    Compiling unicode-ident v1.0.10
[INFO] [stderr]    Compiling quote v1.0.29
[INFO] [stderr]    Compiling libc v0.2.147
[INFO] [stderr]    Compiling autocfg v1.1.0
[INFO] [stderr]    Compiling once_cell v1.18.0
[INFO] [stderr]    Compiling cc v1.0.79
[INFO] [stderr]    Compiling itoa v1.0.8
[INFO] [stderr]    Compiling serde v1.0.171
[INFO] [stderr]    Compiling pin-project-lite v0.2.10
[INFO] [stderr]    Compiling bytes v1.4.0
[INFO] [stderr]    Compiling parking_lot_core v0.9.8
[INFO] [stderr]    Compiling untrusted v0.7.1
[INFO] [stderr]    Compiling smallvec v1.11.0
[INFO] [stderr]    Compiling spin v0.5.2
[INFO] [stderr]    Compiling futures-core v0.3.28
[INFO] [stderr]    Compiling fnv v1.0.7
[INFO] [stderr]    Compiling futures-task v0.3.28
[INFO] [stderr]    Compiling hashbrown v0.12.3
[INFO] [stderr]    Compiling rustix v0.38.3
[INFO] [stderr]    Compiling futures-util v0.3.28
[INFO] [stderr]    Compiling httparse v1.8.0
[INFO] [stderr]    Compiling tracing-core v0.1.31
[INFO] [stderr]    Compiling pkg-config v0.3.27
[INFO] [stderr]    Compiling futures-sink v0.3.28
[INFO] [stderr]    Compiling io-lifetimes v1.0.11
[INFO] [stderr]    Compiling futures-channel v0.3.28
[INFO] [stderr]    Compiling tinyvec_macros v0.1.1
[INFO] [stderr]    Compiling rustls v0.21.5
[INFO] [stderr]    Compiling pin-utils v0.1.0
[INFO] [stderr]    Compiling memchr v2.5.0
[INFO] [stderr]    Compiling lock_api v0.4.10
[INFO] [stderr]    Compiling indexmap v1.9.3
[INFO] [stderr]    Compiling tokio v1.29.1
[INFO] [stderr]    Compiling slab v0.4.8
[INFO] [stderr]    Compiling http v0.2.9
[INFO] [stderr]    Compiling bitflags v2.3.3
[INFO] [stderr]    Compiling tracing v0.1.37
[INFO] [stderr]    Compiling percent-encoding v2.3.0
[INFO] [stderr]    Compiling ryu v1.0.14
[INFO] [stderr]    Compiling linux-raw-sys v0.4.3
[INFO] [stderr]    Compiling tinyvec v1.6.0
[INFO] [stderr]    Compiling rustix v0.37.23
[INFO] [stderr]    Compiling utf8parse v0.2.1
[INFO] [stderr]    Compiling base64 v0.21.2
[INFO] [stderr]    Compiling thiserror v1.0.43
[INFO] [stderr]    Compiling crc32fast v1.3.2
[INFO] [stderr]    Compiling log v0.4.19
[INFO] [stderr]    Compiling try-lock v0.2.4
[INFO] [stderr]    Compiling anstyle-parse v0.2.1
[INFO] [stderr]    Compiling want v0.3.1
[INFO] [stderr]    Compiling syn v2.0.25
[INFO] [stderr]    Compiling form_urlencoded v1.2.0
[INFO] [stderr]    Compiling tempfile v3.6.0
[INFO] [stderr]    Compiling anstyle v1.0.1
[INFO] [stderr]    Compiling ring v0.16.20
[INFO] [stderr]    Compiling onig_sys v69.8.1
[INFO] [stderr]    Compiling http-body v0.4.5
[INFO] [stderr]    Compiling httpdate v1.0.2
[INFO] [stderr]    Compiling lazy_static v1.4.0
[INFO] [stderr]    Compiling time-core v0.1.1
[INFO] [stderr]    Compiling anstyle-query v1.0.0
[INFO] [stderr]    Compiling unicode-bidi v0.3.13
[INFO] [stderr]    Compiling serde_json v1.0.102
[INFO] [stderr]    Compiling colorchoice v1.0.0
[INFO] [stderr]    Compiling safemem v0.3.3
[INFO] [stderr]    Compiling adler v1.0.2
[INFO] [stderr]    Compiling linux-raw-sys v0.3.8
[INFO] [stderr]    Compiling tower-service v0.3.2
[INFO] [stderr]    Compiling line-wrap v0.1.1
[INFO] [stderr]    Compiling miniz_oxide v0.7.1
[INFO] [stderr]    Compiling mio v0.8.8
[INFO] [stderr]    Compiling signal-hook-registry v1.4.1
[INFO] [stderr]    Compiling socket2 v0.4.9
[INFO] [stderr]    Compiling num_cpus v1.16.0
[INFO] [stderr]    Compiling unicode-normalization v0.1.22
[INFO] [stderr]    Compiling is-terminal v0.4.9
[INFO] [stderr]    Compiling parking_lot v0.12.1
[INFO] [stderr]    Compiling anstream v0.3.2
[INFO] [stderr]    Compiling quick-xml v0.29.0
[INFO] [stderr]    Compiling idna v0.4.0
[INFO] [stderr]    Compiling time v0.3.23
[INFO] [stderr]    Compiling clap_lex v0.5.0
[INFO] [stderr]    Compiling same-file v1.0.6
[INFO] [stderr]    Compiling fastrand v1.9.0
[INFO] [stderr]    Compiling strsim v0.10.0
[INFO] [stderr]    Compiling equivalent v1.0.1
[INFO] [stderr]    Compiling unicode-width v0.1.10
[INFO] [stderr]    Compiling heck v0.4.1
[INFO] [stderr]    Compiling anyhow v1.0.71
[INFO] [stderr]    Compiling hashbrown v0.14.0
[INFO] [stderr]    Compiling async-trait v0.1.71
[INFO] [stderr]    Compiling linked-hash-map v0.5.6
[INFO] [stderr]    Compiling clap_builder v4.3.11
[INFO] [stderr]    Compiling console v0.15.7
[INFO] [stderr]    Compiling walkdir v2.3.3
[INFO] [stderr]    Compiling yaml-rust v0.4.5
[INFO] [stderr]    Compiling flate2 v1.0.26
[INFO] [stderr]    Compiling rustls-pemfile v1.0.3
[INFO] [stderr]    Compiling encoding_rs v0.8.32
[INFO] [stderr]    Compiling ipnet v2.8.0
[INFO] [stderr]    Compiling indexmap v2.0.0
[INFO] [stderr]    Compiling unsafe-libyaml v0.2.8
[INFO] [stderr]    Compiling regex-syntax v0.6.29
[INFO] [stderr]    Compiling shell-words v1.1.0
[INFO] [stderr]    Compiling zeroize v1.6.0
[INFO] [stderr]    Compiling mime v0.3.17
[INFO] [stderr]    Compiling atty v0.2.14
[INFO] [stderr]    Compiling similar v2.2.1
[INFO] [stderr]    Compiling dialoguer v0.10.4
[INFO] [stderr]    Compiling serde_derive v1.0.171
[INFO] [stderr]    Compiling tokio-macros v2.1.0
[INFO] [stderr]    Compiling futures-macro v0.3.28
[INFO] [stderr]    Compiling thiserror-impl v1.0.43
[INFO] [stderr]    Compiling clap_derive v4.3.2
[INFO] [stderr]    Compiling sct v0.7.0
[INFO] [stderr]    Compiling rustls-webpki v0.101.1
[INFO] [stderr]    Compiling webpki v0.22.0
[INFO] [stderr]    Compiling webpki-roots v0.22.6
[INFO] [stderr]    Compiling onig v6.4.0
[INFO] [stderr]    Compiling clap v4.3.11
[INFO] [stderr]    Compiling tokio-util v0.7.8
[INFO] [stderr]    Compiling tokio-rustls v0.24.1
[INFO] [stderr]    Compiling serde_urlencoded v0.7.1
[INFO] [stderr]    Compiling plist v1.5.0
[INFO] [stderr]    Compiling url v2.4.0
[INFO] [stderr]    Compiling bincode v1.3.3
[INFO] [stderr]    Compiling http-serde v1.1.2
[INFO] [stderr]    Compiling serde_qs v0.12.0
[INFO] [stderr]    Compiling serde_yaml v0.9.22
[INFO] [stderr]    Compiling h2 v0.3.20
[INFO] [stderr]    Compiling syntect v5.0.0
[INFO] [stderr]    Compiling hyper v0.14.27
[INFO] [stderr]    Compiling hyper-rustls v0.24.1
[INFO] [stderr]    Compiling reqwest v0.11.18
[INFO] [stderr]    Compiling xdiff-live v0.1.0 (/opt/rustwide/workdir)
[INFO] [stderr]     Finished dev [unoptimized + debuginfo] target(s) in 23.07s
[INFO] running `Command { std: "docker" "inspect" "f2e8d6af82e3a3958793835e5aebf7bc6268e03b5c514c0a721f557d93c1c105", kill_on_drop: false }`
[INFO] running `Command { std: "docker" "rm" "-f" "f2e8d6af82e3a3958793835e5aebf7bc6268e03b5c514c0a721f557d93c1c105", kill_on_drop: false }`
[INFO] [stdout] f2e8d6af82e3a3958793835e5aebf7bc6268e03b5c514c0a721f557d93c1c105
[INFO] running `Command { std: "docker" "create" "-v" "/var/lib/crater-agent-workspace/builds/worker-7-tc2/target:/opt/rustwide/target:rw,Z" "-v" "/var/lib/crater-agent-workspace/builds/worker-7-tc2/source:/opt/rustwide/workdir:ro,Z" "-v" "/var/lib/crater-agent-workspace/cargo-home:/opt/rustwide/cargo-home:ro,Z" "-v" "/var/lib/crater-agent-workspace/rustup-home:/opt/rustwide/rustup-home:ro,Z" "-e" "SOURCE_DIR=/opt/rustwide/workdir" "-e" "CARGO_TARGET_DIR=/opt/rustwide/target" "-e" "CARGO_INCREMENTAL=0" "-e" "RUST_BACKTRACE=full" "-e" "RUSTFLAGS=--cap-lints=warn" "-e" "RUSTDOCFLAGS=--cap-lints=warn" "-e" "CARGO_HOME=/opt/rustwide/cargo-home" "-e" "RUSTUP_HOME=/opt/rustwide/rustup-home" "-w" "/opt/rustwide/workdir" "-m" "1610612736" "--user" "0:0" "--network" "none" "ghcr.io/rust-lang/crates-build-env/linux@sha256:2788e3201cd34a07e3172128adcd8b3090168a8e3bcc40d7c032b9dda1df7d1c" "/opt/rustwide/cargo-home/bin/cargo" "+beta-2023-12-22" "test" "--frozen" "--no-run" "--message-format=json", kill_on_drop: false }`
[INFO] [stdout] dcd27053b483ba495e201603f29ae32039b093d7f7e3354a058378d211cefcf6
[INFO] running `Command { std: "docker" "start" "-a" "dcd27053b483ba495e201603f29ae32039b093d7f7e3354a058378d211cefcf6", kill_on_drop: false }`
[INFO] [stderr]    Compiling crossbeam-utils v0.8.16
[INFO] [stderr]    Compiling memoffset v0.9.0
[INFO] [stderr]    Compiling crossbeam-epoch v0.9.15
[INFO] [stderr]    Compiling getrandom v0.2.10
[INFO] [stderr]    Compiling rayon-core v1.11.0
[INFO] [stderr]    Compiling aho-corasick v1.0.2
[INFO] [stderr]    Compiling regex-syntax v0.7.4
[INFO] [stderr]    Compiling ppv-lite86 v0.2.17
[INFO] [stderr]    Compiling serde_spanned v0.6.3
[INFO] [stderr]    Compiling toml_datetime v0.6.3
[INFO] [stderr]    Compiling snapbox-macros v0.3.4
[INFO] [stderr]    Compiling content_inspector v0.2.4
[INFO] [stderr]    Compiling filetime v0.2.21
[INFO] [stderr]    Compiling wait-timeout v0.2.0
[INFO] [stderr]    Compiling os_pipe v1.1.4
[INFO] [stderr]    Compiling winnow v0.5.0
[INFO] [stderr]    Compiling dunce v1.0.4
[INFO] [stderr]    Compiling normalize-line-endings v0.3.0
[INFO] [stderr]    Compiling either v1.9.0
[INFO] [stderr]    Compiling humantime v2.1.0
[INFO] [stderr]    Compiling rand_core v0.6.4
[INFO] [stderr]    Compiling snapbox v0.4.11
[INFO] [stderr]    Compiling assert-json-diff v2.0.2
[INFO] [stderr]    Compiling colored v2.0.4
[INFO] [stderr]    Compiling glob v0.3.1
[INFO] [stderr]    Compiling shlex v1.1.0
[INFO] [stderr]    Compiling humantime-serde v1.1.1
[INFO] [stderr]    Compiling rand_chacha v0.3.1
[INFO] [stderr]    Compiling rand v0.8.5
[INFO] [stderr]    Compiling crossbeam-channel v0.5.8
[INFO] [stderr]    Compiling crossbeam-deque v0.8.3
[INFO] [stderr]    Compiling rayon v1.7.0
[INFO] [stderr]    Compiling toml_edit v0.19.14
[INFO] [stderr]    Compiling regex-automata v0.3.3
[INFO] [stderr]    Compiling trycmd v0.14.16
[INFO] [stderr]    Compiling regex v1.9.1
[INFO] [stderr]    Compiling mockito v0.31.1
[INFO] [stderr]    Compiling xdiff-live v0.1.0 (/opt/rustwide/workdir)
[INFO] [stderr]     Finished test [unoptimized + debuginfo] target(s) in 10.17s
[INFO] running `Command { std: "docker" "inspect" "dcd27053b483ba495e201603f29ae32039b093d7f7e3354a058378d211cefcf6", kill_on_drop: false }`
[INFO] running `Command { std: "docker" "rm" "-f" "dcd27053b483ba495e201603f29ae32039b093d7f7e3354a058378d211cefcf6", kill_on_drop: false }`
[INFO] [stdout] dcd27053b483ba495e201603f29ae32039b093d7f7e3354a058378d211cefcf6
[INFO] running `Command { std: "docker" "create" "-v" "/var/lib/crater-agent-workspace/builds/worker-7-tc2/target:/opt/rustwide/target:rw,Z" "-v" "/var/lib/crater-agent-workspace/builds/worker-7-tc2/source:/opt/rustwide/workdir:ro,Z" "-v" "/var/lib/crater-agent-workspace/cargo-home:/opt/rustwide/cargo-home:ro,Z" "-v" "/var/lib/crater-agent-workspace/rustup-home:/opt/rustwide/rustup-home:ro,Z" "-e" "SOURCE_DIR=/opt/rustwide/workdir" "-e" "CARGO_TARGET_DIR=/opt/rustwide/target" "-e" "CARGO_INCREMENTAL=0" "-e" "RUST_BACKTRACE=full" "-e" "RUSTFLAGS=--cap-lints=warn" "-e" "RUSTDOCFLAGS=--cap-lints=warn" "-e" "CARGO_HOME=/opt/rustwide/cargo-home" "-e" "RUSTUP_HOME=/opt/rustwide/rustup-home" "-w" "/opt/rustwide/workdir" "-m" "1610612736" "--user" "0:0" "--network" "none" "ghcr.io/rust-lang/crates-build-env/linux@sha256:2788e3201cd34a07e3172128adcd8b3090168a8e3bcc40d7c032b9dda1df7d1c" "/opt/rustwide/cargo-home/bin/cargo" "+beta-2023-12-22" "test" "--frozen", kill_on_drop: false }`
[INFO] [stdout] 69bb509d58421a7402e9fd056ad4166143a4f7b57d421752f9546e82a464b4dc
[INFO] running `Command { std: "docker" "start" "-a" "69bb509d58421a7402e9fd056ad4166143a4f7b57d421752f9546e82a464b4dc", kill_on_drop: false }`
[INFO] [stderr]     Finished test [unoptimized + debuginfo] target(s) in 0.45s
[INFO] [stderr]      Running unittests src/lib.rs (/opt/rustwide/target/debug/deps/xdiff_live-91eaf845b230a8b6)
[INFO] [stdout] 
[INFO] [stdout] running 16 tests
[INFO] [stdout] test cli::tests::parse_key_val_should_work ... ok
[INFO] [stdout] test cli::tests::from_vec_key_val_for_extra_args_should_work ... ok
[INFO] [stdout] test config::tests::request_profile_validate_should_work ... ok
[INFO] [stdout] test config::tests::request_profile_get_url_should_work ... ok
[INFO] [stdout] test config::tests::request_profile_get_url_with_args_should_work ... ok
[INFO] [stdout] test config::tests::test_get_content_type ... ok
[INFO] [stdout] test config::tests::request_profile_with_bad_params_validate_should_fail ... ok
[INFO] [stdout] test utils::tests::diff_text_should_work ... ok
[INFO] [stdout] test config::tests::get_body_text_should_work ... ok
[INFO] [stdout] test config::tests::get_status_text_should_work ... ok
[INFO] [stdout] test config::tests::get_headers_text_should_work ... ok
[INFO] [stdout] test config::tests::request_profile_send_should_work ... ok
[INFO] [stdout] test config::tests::request_profile_send_with_extra_args_should_work ... ok
[INFO] [stdout] test config::tests::response_ext_get_header_should_work ... ok
[INFO] [stdout] test config::tests::response_ext_get_text_should_work ... ok
[INFO] [stdout] test utils::tests::highlight_text_should_work ... ok
[INFO] [stdout] 
[INFO] [stdout] test result: ok. 16 passed; 0 failed; 0 ignored; 0 measured; 0 filtered out; finished in 0.03s
[INFO] [stdout] 
[INFO] [stderr]      Running unittests src/bin/xdiff.rs (/opt/rustwide/target/debug/deps/xdiff_live-eebe927c87b9b1e2)
[INFO] [stdout] 
[INFO] [stdout] running 0 tests
[INFO] [stdout] 
[INFO] [stdout] test result: ok. 0 passed; 0 failed; 0 ignored; 0 measured; 0 filtered out; finished in 0.00s
[INFO] [stdout] 
[INFO] [stderr]      Running unittests src/bin/xreq.rs (/opt/rustwide/target/debug/deps/xreq_live-3f2ac1434b91df1e)
[INFO] [stdout] 
[INFO] [stdout] running 0 tests
[INFO] [stdout] 
[INFO] [stdout] test result: ok. 0 passed; 0 failed; 0 ignored; 0 measured; 0 filtered out; finished in 0.00s
[INFO] [stdout] 
[INFO] [stderr]      Running tests/cli_tests.rs (/opt/rustwide/target/debug/deps/cli_tests-cd90114d74b92ac6)
[INFO] [stdout] 
[INFO] [stdout] running 1 test
[INFO] [stderr] [2mTesting[0m tests/cmd/xdiff_run_failed.md:2 ... [32mok[0m
[INFO] [stderr] [2mTesting[0m README.md:41 ... [31mfailed[0m
[INFO] [stderr] Exit: [32msuccess[0m
[INFO] [stderr] 
[INFO] [stderr] [32m---- expected: stdout[0m
[INFO] [stderr] [31m++++ actual:   stdout[0m
[INFO] [stderr] [2m   1[0m [2m   1[0m [2m|[0m [2mDiff two http requests and compare the difference of the responses
[INFO] [stderr] [0m[2m   2[0m [2m   2[0m [2m|[0m [2m
[INFO] [stderr] [0m[2m   3[0m [2m   3[0m [2m|[0m [2mUsage: xdiff-live <COMMAND>
[INFO] [stderr] [0m[2m   4[0m [2m   4[0m [2m|[0m [2m
[INFO] [stderr] [0m[2m   5[0m [2m   5[0m [2m|[0m [2mCommands:
[INFO] [stderr] [0m[2m   6[0m [2m   6[0m [2m|[0m [2m  run    Diff two API responses based on given profile
[INFO] [stderr] [0m[2m   7[0m      [32m-[0m [32m  parse  
[INFO] [stderr] [0m     [2m   7[0m [31m+[0m [31m  parse  Parse URls to generate a profile
[INFO] [stderr] [0m[2m   8[0m [2m   8[0m [2m|[0m [2m  help   Print this message or the help of the given subcommand(s)
[INFO] [stderr] [0m[2m   9[0m [2m   9[0m [2m|[0m [2m
[INFO] [stderr] [0m[2m  10[0m [2m  10[0m [2m|[0m [2mOptions:
[INFO] [stderr] [0m[2m  11[0m [2m  11[0m [2m|[0m [2m  -h, --help     Print help
[INFO] [stderr] [0m[2m  12[0m [2m  12[0m [2m|[0m [2m  -V, --version  Print version
[INFO] [stderr] [0mstderr:
[INFO] [stderr] [32m[0m
[INFO] [stderr] [2mTesting[0m README.md:58 ... [32mok[0m
[INFO] [stderr] [2mTesting[0m tests/cmd/xreq_run_succeed.md:2 ... [31mfailed[0m
[INFO] [stderr] Exit: [32msuccess[0m
[INFO] [stderr] 
[INFO] [stderr] [32m---- expected: stdout[0m
[INFO] [stderr] [31m++++ actual:   stdout[0m
[INFO] [stderr] [2m   1[0m      [32m-[0m [32m{
[INFO] [stderr] [0m[2m   2[0m      [32m-[0m [32m  "completed": false,
[INFO] [stderr] [0m[2m   3[0m      [32m-[0m [32m  "id": 1,
[INFO] [stderr] [0m[2m   4[0m      [32m-[0m [32m  "title": "delectus aut autem",
[INFO] [stderr] [0m[2m   5[0m      [32m-[0m [32m  "userId": 1
[INFO] [stderr] [0m[2m   6[0m      [32m-[0m [32m}
[INFO] [stderr] [0m     [2m   1[0m [31m+[0m [31merror sending request for url (https://jsonplaceholder.typicode.com/todos/1?a=100&b=200): error trying to connect: dns error: failed to lookup address information: Temporary failure in name resolution
[INFO] [stderr] [0m     [2m   2[0m [31m+[0m [31m
[INFO] [stderr] [0m     [2m   3[0m [31m+[0m [31mCaused by:
[INFO] [stderr] [0m     [2m   4[0m [31m+[0m [31m    0: error trying to connect: dns error: failed to lookup address information: Temporary failure in name resolution
[INFO] [stderr] [0m     [2m   5[0m [31m+[0m [31m    1: dns error: failed to lookup address information: Temporary failure in name resolution
[INFO] [stderr] [0m     [2m   6[0m [31m+[0m [31m    2: failed to lookup address information: Temporary failure in name resolution
[INFO] [stderr] [0mstderr:
[INFO] [stderr] [32m[0m
[INFO] [stderr] [2mTesting[0m tests/cmd/xdiff_run_succeed.md:2 ... [31mfailed[0m
[INFO] [stderr] Exit: [32msuccess[0m
[INFO] [stderr] 
[INFO] [stderr] [32m---- expected: stdout[0m
[INFO] [stderr] [31m++++ actual:   stdout[0m
[INFO] [stderr] [2m   1[0m      [32m-[0m [32m1    1    |  HTTP/2.0 200 OK
[INFO] [stderr] [0m[2m   2[0m      [32m-[0m [32m2    2    |  content-type: "application/json; charset=utf-8"
[INFO] [stderr] [0m[2m   3[0m      [32m-[0m [32m3         | -content-length: "[..]"
[INFO] [stderr] [0m[2m   4[0m      [32m-[0m [32m     3    | +content-length: "[..]"
[INFO] [stderr] [0m[2m   5[0m      [32m-[0m [32m4    4    |  x-powered-by: "[..]"
[INFO] [stderr] [0m[2m   6[0m      [32m-[0m [32m5    5    |  x-ratelimit-limit: "[..]"
[INFO] [stderr] [0m[2m   7[0m      [32m-[0m [32m6    6    |  vary: "Origin, Accept-Encoding"
[INFO] [stderr] [0m[2m   8[0m      [32m-[0m [32m--------------------------------------------------------------------------------9    9    |  pragma: "no-cache"
[INFO] [stderr] [0m[2m   9[0m      [32m-[0m [32m10   10   |  expires: "-1"
[INFO] [stderr] [0m[2m  10[0m      [32m-[0m [32m11   11   |  x-content-type-options: "nosniff"
[INFO] [stderr] [0m[2m  11[0m      [32m-[0m [32m12        | -etag: "[..]"
[INFO] [stderr] [0m[2m  12[0m      [32m-[0m [32m     12   | +etag: "[..]"
[INFO] [stderr] [0m[2m  13[0m      [32m-[0m [32m13   13   |  via: "1.1 vegur"
[INFO] [stderr] [0m[2m  14[0m      [32m-[0m [32m14   14   |  cf-cache-status: "HIT"
[INFO] [stderr] [0m[2m  15[0m      [32m-[0m [32m15   15   |  accept-ranges: "bytes"
[INFO] [stderr] [0m[2m  16[0m      [32m-[0m [32m--------------------------------------------------------------------------------18   18   |  alt-svc: "h3=/":443/"; ma=86400"
[INFO] [stderr] [0m[2m  17[0m      [32m-[0m [32m19   19   |  {
[INFO] [stderr] [0m[2m  18[0m      [32m-[0m [32m20   20   |    "completed": false,
[INFO] [stderr] [0m[2m  19[0m      [32m-[0m [32m21        | -  "title": "[..]",
[INFO] [stderr] [0m[2m  20[0m      [32m-[0m [32m     21   | +  "title": "[..]",
[INFO] [stderr] [0m[2m  21[0m      [32m-[0m [32m22   22   |    "userId": 1
[INFO] [stderr] [0m[2m  22[0m      [32m-[0m [32m23   23   |  }
[INFO] [stderr] [0m     [2m   1[0m [31m+[0m [31merror sending request for url (https://jsonplaceholder.typicode.com/todos/1?a=100&m=10): error trying to connect: dns error: failed to lookup address information: Temporary failure in name resolution
[INFO] [stderr] [0m     [2m   2[0m [31m+[0m [31m
[INFO] [stderr] [0m     [2m   3[0m [31m+[0m [31mCaused by:
[INFO] [stderr] [0m     [2m   4[0m [31m+[0m [31m    0: error trying to connect: dns error: failed to lookup address information: Temporary failure in name resolution
[INFO] [stderr] [0m     [2m   5[0m [31m+[0m [31m    1: dns error: failed to lookup address information: Temporary failure in name resolution
[INFO] [stderr] [0m     [2m   6[0m [31m+[0m [31m    2: failed to lookup address information: Temporary failure in name resolution
[INFO] [stderr] [0mstderr:
[INFO] [stderr] [32m[0m
[INFO] [stderr] [2mUpdate snapshots with `TRYCMD=overwrite`[0m
[INFO] [stderr] [2mDebug output with `TRYCMD=dump`[0m
[INFO] [stdout] test cli_tests ... FAILED
[INFO] [stdout] 
[INFO] [stdout] failures:
[INFO] [stdout] 
[INFO] [stdout] ---- cli_tests stdout ----
[INFO] [stdout] thread 'cli_tests' panicked at /opt/rustwide/cargo-home/registry/src/index.crates.io-6f17d22bba15001f/trycmd-0.14.16/src/runner.rs:104:17:
[INFO] [stdout] 3 of 4 tests failed
[INFO] [stdout] stack backtrace:
[INFO] [stdout]    0:     0x564b13378be6 - std::backtrace_rs::backtrace::libunwind::trace::h261606ad26a499c1
[INFO] [stdout]                                at /rustc/0e09125c6c3c2fd70d7de961bcf0e51575235fad/library/std/src/../../backtrace/src/backtrace/libunwind.rs:104:5
[INFO] [stdout]    1:     0x564b13378be6 - std::backtrace_rs::backtrace::trace_unsynchronized::hd183f0625477fb28
[INFO] [stdout]                                at /rustc/0e09125c6c3c2fd70d7de961bcf0e51575235fad/library/std/src/../../backtrace/src/backtrace/mod.rs:66:5
[INFO] [stdout]    2:     0x564b13378be6 - std::sys_common::backtrace::_print_fmt::hd7f8fef21b4eda67
[INFO] [stdout]                                at /rustc/0e09125c6c3c2fd70d7de961bcf0e51575235fad/library/std/src/sys_common/backtrace.rs:68:5
[INFO] [stdout]    3:     0x564b13378be6 - <std::sys_common::backtrace::_print::DisplayBacktrace as core::fmt::Display>::fmt::h623d9b51f2f453f1
[INFO] [stdout]                                at /rustc/0e09125c6c3c2fd70d7de961bcf0e51575235fad/library/std/src/sys_common/backtrace.rs:44:22
[INFO] [stdout]    4:     0x564b133a5280 - core::fmt::rt::Argument::fmt::h9f417ac76a86f368
[INFO] [stdout]                                at /rustc/0e09125c6c3c2fd70d7de961bcf0e51575235fad/library/core/src/fmt/rt.rs:142:9
[INFO] [stdout]    5:     0x564b133a5280 - core::fmt::write::hc9b6faf4ac2aeff7
[INFO] [stdout]                                at /rustc/0e09125c6c3c2fd70d7de961bcf0e51575235fad/library/core/src/fmt/mod.rs:1120:17
[INFO] [stdout]    6:     0x564b1337570f - std::io::Write::write_fmt::he04625a3a989fec3
[INFO] [stdout]                                at /rustc/0e09125c6c3c2fd70d7de961bcf0e51575235fad/library/std/src/io/mod.rs:1810:15
[INFO] [stdout]    7:     0x564b133789c4 - std::sys_common::backtrace::_print::hd5d66399c7df88a2
[INFO] [stdout]                                at /rustc/0e09125c6c3c2fd70d7de961bcf0e51575235fad/library/std/src/sys_common/backtrace.rs:47:5
[INFO] [stdout]    8:     0x564b133789c4 - std::sys_common::backtrace::print::he81ed2da642d37e5
[INFO] [stdout]                                at /rustc/0e09125c6c3c2fd70d7de961bcf0e51575235fad/library/std/src/sys_common/backtrace.rs:34:9
[INFO] [stdout]    9:     0x564b1337ad87 - std::panicking::default_hook::{{closure}}::h85773f4fa117163d
[INFO] [stdout]   10:     0x564b1337aa6d - std::panicking::default_hook::h6a1694a91d09b278
[INFO] [stdout]                                at /rustc/0e09125c6c3c2fd70d7de961bcf0e51575235fad/library/std/src/panicking.rs:289:9
[INFO] [stdout]   11:     0x564b13346d37 - <alloc::boxed::Box<F,A> as core::ops::function::Fn<Args>>::call::h616ac37fa3cd6c8f
[INFO] [stdout]                                at /rustc/0e09125c6c3c2fd70d7de961bcf0e51575235fad/library/alloc/src/boxed.rs:2029:9
[INFO] [stdout]   12:     0x564b13346d37 - test::test_main::{{closure}}::h00d84697cefdcbb6
[INFO] [stdout]                                at /rustc/0e09125c6c3c2fd70d7de961bcf0e51575235fad/library/test/src/lib.rs:138:21
[INFO] [stdout]   13:     0x564b1337b3a6 - <alloc::boxed::Box<F,A> as core::ops::function::Fn<Args>>::call::hcb3fe3b9bb537ba8
[INFO] [stdout]                                at /rustc/0e09125c6c3c2fd70d7de961bcf0e51575235fad/library/alloc/src/boxed.rs:2029:9
[INFO] [stdout]   14:     0x564b1337b3a6 - std::panicking::rust_panic_with_hook::h0a7ad96e90f7145b
[INFO] [stdout]                                at /rustc/0e09125c6c3c2fd70d7de961bcf0e51575235fad/library/std/src/panicking.rs:783:13
[INFO] [stdout]   15:     0x564b1337b0f2 - std::panicking::begin_panic_handler::{{closure}}::h7919090525c6485e
[INFO] [stdout]                                at /rustc/0e09125c6c3c2fd70d7de961bcf0e51575235fad/library/std/src/panicking.rs:657:13
[INFO] [stdout]   16:     0x564b133790e6 - std::sys_common::backtrace::__rust_end_short_backtrace::hf3289479464f7dfe
[INFO] [stdout]                                at /rustc/0e09125c6c3c2fd70d7de961bcf0e51575235fad/library/std/src/sys_common/backtrace.rs:171:18
[INFO] [stdout]   17:     0x564b1337ae50 - rust_begin_unwind
[INFO] [stdout]                                at /rustc/0e09125c6c3c2fd70d7de961bcf0e51575235fad/library/std/src/panicking.rs:645:5
[INFO] [stdout]   18:     0x564b12fe18e5 - core::panicking::panic_fmt::hcc9f77c5c132af55
[INFO] [stdout]                                at /rustc/0e09125c6c3c2fd70d7de961bcf0e51575235fad/library/core/src/panicking.rs:72:14
[INFO] [stdout]   19:     0x564b13054985 - trycmd::runner::Runner::run::h2bbf4a80150a6871
[INFO] [stdout]                                at /opt/rustwide/cargo-home/registry/src/index.crates.io-6f17d22bba15001f/trycmd-0.14.16/src/runner.rs:104:17
[INFO] [stdout]   20:     0x564b13037895 - trycmd::cases::TestCases::run::h3abef3a1783556e2
[INFO] [stdout]                                at /opt/rustwide/cargo-home/registry/src/index.crates.io-6f17d22bba15001f/trycmd-0.14.16/src/cases.rs:165:9
[INFO] [stdout]   21:     0x564b1303793a - <trycmd::cases::TestCases as core::ops::drop::Drop>::drop::h090dd232c25638ce
[INFO] [stdout]                                at /opt/rustwide/cargo-home/registry/src/index.crates.io-6f17d22bba15001f/trycmd-0.14.16/src/cases.rs:175:13
[INFO] [stdout]   22:     0x564b1302a217 - core::ptr::drop_in_place<trycmd::cases::TestCases>::h15e8c8283011b9e8
[INFO] [stdout]                                at /rustc/0e09125c6c3c2fd70d7de961bcf0e51575235fad/library/core/src/ptr/mod.rs:507:1
[INFO] [stdout]   23:     0x564b12fe286e - cli_tests::cli_tests::h5a3739325a1bd3ad
[INFO] [stdout]                                at /opt/rustwide/workdir/tests/cli_tests.rs:3:70
[INFO] [stdout]   24:     0x564b12fe27d7 - cli_tests::cli_tests::{{closure}}::h47db602a5c77322a
[INFO] [stdout]                                at /opt/rustwide/workdir/tests/cli_tests.rs:2:15
[INFO] [stdout]   25:     0x564b12fe2466 - core::ops::function::FnOnce::call_once::h83016b30859282fc
[INFO] [stdout]                                at /rustc/0e09125c6c3c2fd70d7de961bcf0e51575235fad/library/core/src/ops/function.rs:250:5
[INFO] [stdout]   26:     0x564b1334c60f - core::ops::function::FnOnce::call_once::hd64d26f405258157
[INFO] [stdout]                                at /rustc/0e09125c6c3c2fd70d7de961bcf0e51575235fad/library/core/src/ops/function.rs:250:5
[INFO] [stdout]   27:     0x564b1334c60f - test::__rust_begin_short_backtrace::he21b0b7a6d731bf9
[INFO] [stdout]                                at /rustc/0e09125c6c3c2fd70d7de961bcf0e51575235fad/library/test/src/lib.rs:627:18
[INFO] [stdout]   28:     0x564b1334b391 - test::run_test_in_process::{{closure}}::hf5c73986d7bdfde2
[INFO] [stdout]                                at /rustc/0e09125c6c3c2fd70d7de961bcf0e51575235fad/library/test/src/lib.rs:650:60
[INFO] [stdout]   29:     0x564b1334b391 - <core::panic::unwind_safe::AssertUnwindSafe<F> as core::ops::function::FnOnce<()>>::call_once::h330011ad032aadc0
[INFO] [stdout]                                at /rustc/0e09125c6c3c2fd70d7de961bcf0e51575235fad/library/core/src/panic/unwind_safe.rs:272:9
[INFO] [stdout]   30:     0x564b1334b391 - std::panicking::try::do_call::he61b0a958b795a41
[INFO] [stdout]                                at /rustc/0e09125c6c3c2fd70d7de961bcf0e51575235fad/library/std/src/panicking.rs:552:40
[INFO] [stdout]   31:     0x564b1334b391 - std::panicking::try::h7309da130f906eb7
[INFO] [stdout]                                at /rustc/0e09125c6c3c2fd70d7de961bcf0e51575235fad/library/std/src/panicking.rs:516:19
[INFO] [stdout]   32:     0x564b1334b391 - std::panic::catch_unwind::hc5c3a06fdaf0a92a
[INFO] [stdout]                                at /rustc/0e09125c6c3c2fd70d7de961bcf0e51575235fad/library/std/src/panic.rs:142:14
[INFO] [stdout]   33:     0x564b1334b391 - test::run_test_in_process::h7e7b7c71c3324e0f
[INFO] [stdout]                                at /rustc/0e09125c6c3c2fd70d7de961bcf0e51575235fad/library/test/src/lib.rs:650:27
[INFO] [stdout]   34:     0x564b1334b391 - test::run_test::{{closure}}::h1f509f28f5cf20b1
[INFO] [stdout]                                at /rustc/0e09125c6c3c2fd70d7de961bcf0e51575235fad/library/test/src/lib.rs:573:43
[INFO] [stdout]   35:     0x564b133126c6 - test::run_test::{{closure}}::h1754218abf443f6d
[INFO] [stdout]                                at /rustc/0e09125c6c3c2fd70d7de961bcf0e51575235fad/library/test/src/lib.rs:601:41
[INFO] [stdout]   36:     0x564b133126c6 - std::sys_common::backtrace::__rust_begin_short_backtrace::h2ee174b9d5954948
[INFO] [stdout]                                at /rustc/0e09125c6c3c2fd70d7de961bcf0e51575235fad/library/std/src/sys_common/backtrace.rs:155:18
[INFO] [stdout]   37:     0x564b13317727 - std::thread::Builder::spawn_unchecked_::{{closure}}::{{closure}}::hf60bee9c1a17ef09
[INFO] [stdout]                                at /rustc/0e09125c6c3c2fd70d7de961bcf0e51575235fad/library/std/src/thread/mod.rs:529:17
[INFO] [stdout]   38:     0x564b13317727 - <core::panic::unwind_safe::AssertUnwindSafe<F> as core::ops::function::FnOnce<()>>::call_once::h33d0dddec5216160
[INFO] [stdout]                                at /rustc/0e09125c6c3c2fd70d7de961bcf0e51575235fad/library/core/src/panic/unwind_safe.rs:272:9
[INFO] [stdout]   39:     0x564b13317727 - std::panicking::try::do_call::h144b3048b546f835
[INFO] [stdout]                                at /rustc/0e09125c6c3c2fd70d7de961bcf0e51575235fad/library/std/src/panicking.rs:552:40
[INFO] [stdout]   40:     0x564b13317727 - std::panicking::try::h978244d04646189f
[INFO] [stdout]                                at /rustc/0e09125c6c3c2fd70d7de961bcf0e51575235fad/library/std/src/panicking.rs:516:19
[INFO] [stdout]   41:     0x564b13317727 - std::panic::catch_unwind::hdf436369d188fe86
[INFO] [stdout]                                at /rustc/0e09125c6c3c2fd70d7de961bcf0e51575235fad/library/std/src/panic.rs:142:14
[INFO] [stdout]   42:     0x564b13317727 - std::thread::Builder::spawn_unchecked_::{{closure}}::h87329cbdd33c79ec
[INFO] [stdout]                                at /rustc/0e09125c6c3c2fd70d7de961bcf0e51575235fad/library/std/src/thread/mod.rs:528:30
[INFO] [stdout]   43:     0x564b13317727 - core::ops::function::FnOnce::call_once{{vtable.shim}}::h401abbe67897d450
[INFO] [stdout]                                at /rustc/0e09125c6c3c2fd70d7de961bcf0e51575235fad/library/core/src/ops/function.rs:250:5
[INFO] [stdout]   44:     0x564b133818c5 - <alloc::boxed::Box<F,A> as core::ops::function::FnOnce<Args>>::call_once::h5d7c8f150ab9c84c
[INFO] [stdout]                                at /rustc/0e09125c6c3c2fd70d7de961bcf0e51575235fad/library/alloc/src/boxed.rs:2015:9
[INFO] [stdout]   45:     0x564b133818c5 - <alloc::boxed::Box<F,A> as core::ops::function::FnOnce<Args>>::call_once::h570d5b005c242c15
[INFO] [stdout]                                at /rustc/0e09125c6c3c2fd70d7de961bcf0e51575235fad/library/alloc/src/boxed.rs:2015:9
[INFO] [stdout]   46:     0x564b133818c5 - std::sys::unix::thread::Thread::new::thread_start::h36b0a20c0b2361ad
[INFO] [stdout]                                at /rustc/0e09125c6c3c2fd70d7de961bcf0e51575235fad/library/std/src/sys/unix/thread.rs:108:17
[INFO] [stdout]   47:     0x7f0bcdfa3ac3 - <unknown>
[INFO] [stdout]   48:     0x7f0bce034bf4 - __clone
[INFO] [stdout]   49:                0x0 - <unknown>
[INFO] [stdout] 
[INFO] [stdout] 
[INFO] [stdout] failures:
[INFO] [stdout]     cli_tests
[INFO] [stdout] 
[INFO] [stdout] test result: FAILED. 0 passed; 1 failed; 0 ignored; 0 measured; 0 filtered out; finished in 0.11s
[INFO] [stdout] 
[INFO] [stderr] error: test failed, to rerun pass `--test cli_tests`
[INFO] running `Command { std: "docker" "inspect" "69bb509d58421a7402e9fd056ad4166143a4f7b57d421752f9546e82a464b4dc", kill_on_drop: false }`
[INFO] running `Command { std: "docker" "rm" "-f" "69bb509d58421a7402e9fd056ad4166143a4f7b57d421752f9546e82a464b4dc", kill_on_drop: false }`
[INFO] [stdout] 69bb509d58421a7402e9fd056ad4166143a4f7b57d421752f9546e82a464b4dc
