[INFO] cloning repository https://github.com/YJQ980314/xdiff_live
[INFO] running `Command { std: "git" "-c" "credential.helper=" "-c" "credential.helper=/workspace/cargo-home/bin/git-credential-null" "clone" "--bare" "https://github.com/YJQ980314/xdiff_live" "/workspace/cache/git-repos/https%3A%2F%2Fgithub.com%2FYJQ980314%2Fxdiff_live", kill_on_drop: false }`
[INFO] [stderr] Cloning into bare repository '/workspace/cache/git-repos/https%3A%2F%2Fgithub.com%2FYJQ980314%2Fxdiff_live'...
[INFO] running `Command { std: "git" "rev-parse" "HEAD", kill_on_drop: false }`
[INFO] [stdout] b67f0678c6889b9ed293cafebf3dedcd7732daa7
[INFO] testing YJQ980314/xdiff_live against 1.75.0 for beta-1.76-1
[INFO] running `Command { std: "git" "clone" "/workspace/cache/git-repos/https%3A%2F%2Fgithub.com%2FYJQ980314%2Fxdiff_live" "/workspace/builds/worker-1-tc1/source", kill_on_drop: false }`
[INFO] [stderr] Cloning into '/workspace/builds/worker-1-tc1/source'...
[INFO] [stderr] done.
[INFO] validating manifest of git repo https://github.com/YJQ980314/xdiff_live on toolchain 1.75.0
[INFO] running `Command { std: CARGO_HOME="/workspace/cargo-home" RUSTUP_HOME="/workspace/rustup-home" "/workspace/cargo-home/bin/cargo" "+1.75.0" "metadata" "--manifest-path" "Cargo.toml" "--no-deps", kill_on_drop: false }`
[INFO] started tweaking git repo https://github.com/YJQ980314/xdiff_live
[INFO] finished tweaking git repo https://github.com/YJQ980314/xdiff_live
[INFO] tweaked toml for git repo https://github.com/YJQ980314/xdiff_live written to /workspace/builds/worker-1-tc1/source/Cargo.toml
[INFO] crate git repo https://github.com/YJQ980314/xdiff_live already has a lockfile, it will not be regenerated
[INFO] running `Command { std: CARGO_HOME="/workspace/cargo-home" RUSTUP_HOME="/workspace/rustup-home" "/workspace/cargo-home/bin/cargo" "+1.75.0" "fetch" "--manifest-path" "Cargo.toml", kill_on_drop: false }`
[INFO] [stderr]     Updating crates.io index
[INFO] [stderr]  Downloading crates ...
[INFO] [stderr]   Downloaded snapbox v0.4.11
[INFO] [stderr]   Downloaded trycmd v0.14.16
[INFO] [stderr]   Downloaded snapbox-macros v0.3.4
[INFO] [stderr]   Downloaded content_inspector v0.2.4
[INFO] [stderr]   Downloaded serde_yaml v0.9.22
[INFO] running `Command { std: "docker" "create" "-v" "/var/lib/crater-agent-workspace/builds/worker-1-tc1/target:/opt/rustwide/target:rw,Z" "-v" "/var/lib/crater-agent-workspace/builds/worker-1-tc1/source:/opt/rustwide/workdir:ro,Z" "-v" "/var/lib/crater-agent-workspace/cargo-home:/opt/rustwide/cargo-home:ro,Z" "-v" "/var/lib/crater-agent-workspace/rustup-home:/opt/rustwide/rustup-home:ro,Z" "-e" "SOURCE_DIR=/opt/rustwide/workdir" "-e" "CARGO_TARGET_DIR=/opt/rustwide/target" "-e" "CARGO_HOME=/opt/rustwide/cargo-home" "-e" "RUSTUP_HOME=/opt/rustwide/rustup-home" "-w" "/opt/rustwide/workdir" "-m" "1610612736" "--user" "0:0" "--network" "none" "ghcr.io/rust-lang/crates-build-env/linux@sha256:2788e3201cd34a07e3172128adcd8b3090168a8e3bcc40d7c032b9dda1df7d1c" "/opt/rustwide/cargo-home/bin/cargo" "+1.75.0" "metadata" "--no-deps" "--format-version=1", kill_on_drop: false }`
[INFO] [stdout] a200228a21bac0c6bc6149af66b5fc378c51183d92a8781fca77996719d47d49
[INFO] running `Command { std: "docker" "start" "-a" "a200228a21bac0c6bc6149af66b5fc378c51183d92a8781fca77996719d47d49", kill_on_drop: false }`
[INFO] running `Command { std: "docker" "inspect" "a200228a21bac0c6bc6149af66b5fc378c51183d92a8781fca77996719d47d49", kill_on_drop: false }`
[INFO] running `Command { std: "docker" "rm" "-f" "a200228a21bac0c6bc6149af66b5fc378c51183d92a8781fca77996719d47d49", kill_on_drop: false }`
[INFO] [stdout] a200228a21bac0c6bc6149af66b5fc378c51183d92a8781fca77996719d47d49
[INFO] running `Command { std: "docker" "create" "-v" "/var/lib/crater-agent-workspace/builds/worker-1-tc1/target:/opt/rustwide/target:rw,Z" "-v" "/var/lib/crater-agent-workspace/builds/worker-1-tc1/source:/opt/rustwide/workdir:ro,Z" "-v" "/var/lib/crater-agent-workspace/cargo-home:/opt/rustwide/cargo-home:ro,Z" "-v" "/var/lib/crater-agent-workspace/rustup-home:/opt/rustwide/rustup-home:ro,Z" "-e" "SOURCE_DIR=/opt/rustwide/workdir" "-e" "CARGO_TARGET_DIR=/opt/rustwide/target" "-e" "CARGO_INCREMENTAL=0" "-e" "RUST_BACKTRACE=full" "-e" "RUSTFLAGS=--cap-lints=warn" "-e" "RUSTDOCFLAGS=--cap-lints=warn" "-e" "CARGO_HOME=/opt/rustwide/cargo-home" "-e" "RUSTUP_HOME=/opt/rustwide/rustup-home" "-w" "/opt/rustwide/workdir" "-m" "1610612736" "--user" "0:0" "--network" "none" "ghcr.io/rust-lang/crates-build-env/linux@sha256:2788e3201cd34a07e3172128adcd8b3090168a8e3bcc40d7c032b9dda1df7d1c" "/opt/rustwide/cargo-home/bin/cargo" "+1.75.0" "build" "--frozen" "--message-format=json", kill_on_drop: false }`
[INFO] [stdout] 45ceda179273bab63ed589f40b20e4bd1575b8b79dbb0a8c84b40c89db3871e4
[INFO] running `Command { std: "docker" "start" "-a" "45ceda179273bab63ed589f40b20e4bd1575b8b79dbb0a8c84b40c89db3871e4", kill_on_drop: false }`
[INFO] [stderr]    Compiling proc-macro2 v1.0.64
[INFO] [stderr]    Compiling unicode-ident v1.0.10
[INFO] [stderr]    Compiling quote v1.0.29
[INFO] [stderr]    Compiling libc v0.2.147
[INFO] [stderr]    Compiling cc v1.0.79
[INFO] [stderr]    Compiling itoa v1.0.8
[INFO] [stderr]    Compiling serde v1.0.171
[INFO] [stderr]    Compiling lock_api v0.4.10
[INFO] [stderr]    Compiling pin-project-lite v0.2.10
[INFO] [stderr]    Compiling parking_lot_core v0.9.8
[INFO] [stderr]    Compiling bytes v1.4.0
[INFO] [stderr]    Compiling spin v0.5.2
[INFO] [stderr]    Compiling smallvec v1.11.0
[INFO] [stderr]    Compiling futures-core v0.3.28
[INFO] [stderr]    Compiling untrusted v0.7.1
[INFO] [stderr]    Compiling indexmap v1.9.3
[INFO] [stderr]    Compiling tokio v1.29.1
[INFO] [stderr]    Compiling slab v0.4.8
[INFO] [stderr]    Compiling hashbrown v0.12.3
[INFO] [stderr]    Compiling futures-task v0.3.28
[INFO] [stderr]    Compiling http v0.2.9
[INFO] [stderr]    Compiling tracing-core v0.1.31
[INFO] [stderr]    Compiling syn v2.0.25
[INFO] [stderr]    Compiling rustix v0.38.3
[INFO] [stderr]    Compiling futures-util v0.3.28
[INFO] [stderr]    Compiling ring v0.16.20
[INFO] [stderr]    Compiling socket2 v0.4.9
[INFO] [stderr]    Compiling mio v0.8.8
[INFO] [stderr]    Compiling parking_lot v0.12.1
[INFO] [stderr]    Compiling num_cpus v1.16.0
[INFO] [stderr]    Compiling signal-hook-registry v1.4.1
[INFO] [stderr]    Compiling tracing v0.1.37
[INFO] [stderr]    Compiling futures-channel v0.3.28
[INFO] [stderr]    Compiling rustls v0.21.5
[INFO] [stderr]    Compiling memchr v2.5.0
[INFO] [stderr]    Compiling io-lifetimes v1.0.11
[INFO] [stderr]    Compiling futures-sink v0.3.28
[INFO] [stderr]    Compiling pin-utils v0.1.0
[INFO] [stderr]    Compiling httparse v1.8.0
[INFO] [stderr]    Compiling ryu v1.0.14
[INFO] [stderr]    Compiling onig_sys v69.8.1
[INFO] [stderr]    Compiling log v0.4.19
[INFO] [stderr]    Compiling rustix v0.37.23
[INFO] [stderr]    Compiling base64 v0.21.2
[INFO] [stderr]    Compiling try-lock v0.2.4
[INFO] [stderr]    Compiling want v0.3.1
[INFO] [stderr]    Compiling http-body v0.4.5
[INFO] [stderr]    Compiling tempfile v3.6.0
[INFO] [stderr]    Compiling is-terminal v0.4.9
[INFO] [stderr]    Compiling time-core v0.1.1
[INFO] [stderr]    Compiling httpdate v1.0.2
[INFO] [stderr]    Compiling serde_json v1.0.102
[INFO] [stderr]    Compiling linux-raw-sys v0.3.8
[INFO] [stderr]    Compiling safemem v0.3.3
[INFO] [stderr]    Compiling tower-service v0.3.2
[INFO] [stderr]    Compiling anstream v0.3.2
[INFO] [stderr]    Compiling line-wrap v0.1.1
[INFO] [stderr]    Compiling miniz_oxide v0.7.1
[INFO] [stderr]    Compiling time v0.3.23
[INFO] [stderr]    Compiling quick-xml v0.29.0
[INFO] [stderr]    Compiling hashbrown v0.14.0
[INFO] [stderr]    Compiling async-trait v0.1.71
[INFO] [stderr]    Compiling anyhow v1.0.71
[INFO] [stderr]    Compiling linked-hash-map v0.5.6
[INFO] [stderr]    Compiling rustls-webpki v0.101.1
[INFO] [stderr]    Compiling sct v0.7.0
[INFO] [stderr]    Compiling webpki v0.22.0
[INFO] [stderr]    Compiling unicode-width v0.1.10
[INFO] [stderr]    Compiling equivalent v1.0.1
[INFO] [stderr]    Compiling fastrand v1.9.0
[INFO] [stderr]    Compiling indexmap v2.0.0
[INFO] [stderr]    Compiling serde_derive v1.0.171
[INFO] [stderr]    Compiling tokio-macros v2.1.0
[INFO] [stderr]    Compiling futures-macro v0.3.28
[INFO] [stderr]    Compiling thiserror-impl v1.0.43
[INFO] [stderr]    Compiling clap_derive v4.3.2
[INFO] [stderr]    Compiling console v0.15.7
[INFO] [stderr]    Compiling onig v6.4.0
[INFO] [stderr]    Compiling walkdir v2.3.3
[INFO] [stderr]    Compiling thiserror v1.0.43
[INFO] [stderr]    Compiling clap_builder v4.3.11
[INFO] [stderr]    Compiling webpki-roots v0.22.6
[INFO] [stderr]    Compiling yaml-rust v0.4.5
[INFO] [stderr]    Compiling flate2 v1.0.26
[INFO] [stderr]    Compiling rustls-pemfile v1.0.3
[INFO] [stderr]    Compiling encoding_rs v0.8.32
[INFO] [stderr]    Compiling zeroize v1.6.0
[INFO] [stderr]    Compiling unsafe-libyaml v0.2.8
[INFO] [stderr]    Compiling shell-words v1.1.0
[INFO] [stderr]    Compiling regex-syntax v0.6.29
[INFO] [stderr]    Compiling mime v0.3.17
[INFO] [stderr]    Compiling ipnet v2.8.0
[INFO] [stderr]    Compiling clap v4.3.11
[INFO] [stderr]    Compiling dialoguer v0.10.4
[INFO] [stderr]    Compiling tokio-util v0.7.8
[INFO] [stderr]    Compiling tokio-rustls v0.24.1
[INFO] [stderr]    Compiling h2 v0.3.20
[INFO] [stderr]    Compiling atty v0.2.14
[INFO] [stderr]    Compiling similar v2.2.1
[INFO] [stderr]    Compiling plist v1.5.0
[INFO] [stderr]    Compiling bincode v1.3.3
[INFO] [stderr]    Compiling url v2.4.0
[INFO] [stderr]    Compiling serde_urlencoded v0.7.1
[INFO] [stderr]    Compiling serde_qs v0.12.0
[INFO] [stderr]    Compiling serde_yaml v0.9.22
[INFO] [stderr]    Compiling http-serde v1.1.2
[INFO] [stderr]    Compiling hyper v0.14.27
[INFO] [stderr]    Compiling syntect v5.0.0
[INFO] [stderr]    Compiling hyper-rustls v0.24.1
[INFO] [stderr]    Compiling reqwest v0.11.18
[INFO] [stderr]    Compiling xdiff-live v0.1.0 (/opt/rustwide/workdir)
[INFO] [stderr]     Finished dev [unoptimized + debuginfo] target(s) in 40.16s
[INFO] running `Command { std: "docker" "inspect" "45ceda179273bab63ed589f40b20e4bd1575b8b79dbb0a8c84b40c89db3871e4", kill_on_drop: false }`
[INFO] running `Command { std: "docker" "rm" "-f" "45ceda179273bab63ed589f40b20e4bd1575b8b79dbb0a8c84b40c89db3871e4", kill_on_drop: false }`
[INFO] [stdout] 45ceda179273bab63ed589f40b20e4bd1575b8b79dbb0a8c84b40c89db3871e4
[INFO] running `Command { std: "docker" "create" "-v" "/var/lib/crater-agent-workspace/builds/worker-1-tc1/target:/opt/rustwide/target:rw,Z" "-v" "/var/lib/crater-agent-workspace/builds/worker-1-tc1/source:/opt/rustwide/workdir:ro,Z" "-v" "/var/lib/crater-agent-workspace/cargo-home:/opt/rustwide/cargo-home:ro,Z" "-v" "/var/lib/crater-agent-workspace/rustup-home:/opt/rustwide/rustup-home:ro,Z" "-e" "SOURCE_DIR=/opt/rustwide/workdir" "-e" "CARGO_TARGET_DIR=/opt/rustwide/target" "-e" "CARGO_INCREMENTAL=0" "-e" "RUST_BACKTRACE=full" "-e" "RUSTFLAGS=--cap-lints=warn" "-e" "RUSTDOCFLAGS=--cap-lints=warn" "-e" "CARGO_HOME=/opt/rustwide/cargo-home" "-e" "RUSTUP_HOME=/opt/rustwide/rustup-home" "-w" "/opt/rustwide/workdir" "-m" "1610612736" "--user" "0:0" "--network" "none" "ghcr.io/rust-lang/crates-build-env/linux@sha256:2788e3201cd34a07e3172128adcd8b3090168a8e3bcc40d7c032b9dda1df7d1c" "/opt/rustwide/cargo-home/bin/cargo" "+1.75.0" "test" "--frozen" "--no-run" "--message-format=json", kill_on_drop: false }`
[INFO] [stdout] 533e93a4882f4ffce8d894bd950ff61cce49c3beaf8f5375aaccd6d667ba8471
[INFO] running `Command { std: "docker" "start" "-a" "533e93a4882f4ffce8d894bd950ff61cce49c3beaf8f5375aaccd6d667ba8471", kill_on_drop: false }`
[INFO] [stderr]    Compiling crossbeam-utils v0.8.16
[INFO] [stderr]    Compiling memoffset v0.9.0
[INFO] [stderr]    Compiling crossbeam-epoch v0.9.15
[INFO] [stderr]    Compiling getrandom v0.2.10
[INFO] [stderr]    Compiling rayon-core v1.11.0
[INFO] [stderr]    Compiling aho-corasick v1.0.2
[INFO] [stderr]    Compiling ppv-lite86 v0.2.17
[INFO] [stderr]    Compiling regex-syntax v0.7.4
[INFO] [stderr]    Compiling rand_core v0.6.4
[INFO] [stderr]    Compiling snapbox-macros v0.3.4
[INFO] [stderr]    Compiling toml_datetime v0.6.3
[INFO] [stderr]    Compiling serde_spanned v0.6.3
[INFO] [stderr]    Compiling rand_chacha v0.3.1
[INFO] [stderr]    Compiling content_inspector v0.2.4
[INFO] [stderr]    Compiling filetime v0.2.21
[INFO] [stderr]    Compiling wait-timeout v0.2.0
[INFO] [stderr]    Compiling os_pipe v1.1.4
[INFO] [stderr]    Compiling normalize-line-endings v0.3.0
[INFO] [stderr]    Compiling humantime v2.1.0
[INFO] [stderr]    Compiling winnow v0.5.0
[INFO] [stderr]    Compiling dunce v1.0.4
[INFO] [stderr]    Compiling crossbeam-channel v0.5.8
[INFO] [stderr]    Compiling either v1.9.0
[INFO] [stderr]    Compiling crossbeam-deque v0.8.3
[INFO] [stderr]    Compiling humantime-serde v1.1.1
[INFO] [stderr]    Compiling snapbox v0.4.11
[INFO] [stderr]    Compiling rand v0.8.5
[INFO] [stderr]    Compiling assert-json-diff v2.0.2
[INFO] [stderr]    Compiling colored v2.0.4
[INFO] [stderr]    Compiling glob v0.3.1
[INFO] [stderr]    Compiling regex-automata v0.3.3
[INFO] [stderr]    Compiling shlex v1.1.0
[INFO] [stderr]    Compiling toml_edit v0.19.14
[INFO] [stderr]    Compiling rayon v1.7.0
[INFO] [stderr]    Compiling regex v1.9.1
[INFO] [stderr]    Compiling trycmd v0.14.16
[INFO] [stderr]    Compiling mockito v0.31.1
[INFO] [stderr]    Compiling xdiff-live v0.1.0 (/opt/rustwide/workdir)
[INFO] [stderr]     Finished test [unoptimized + debuginfo] target(s) in 17.82s
[INFO] running `Command { std: "docker" "inspect" "533e93a4882f4ffce8d894bd950ff61cce49c3beaf8f5375aaccd6d667ba8471", kill_on_drop: false }`
[INFO] running `Command { std: "docker" "rm" "-f" "533e93a4882f4ffce8d894bd950ff61cce49c3beaf8f5375aaccd6d667ba8471", kill_on_drop: false }`
[INFO] [stdout] 533e93a4882f4ffce8d894bd950ff61cce49c3beaf8f5375aaccd6d667ba8471
[INFO] running `Command { std: "docker" "create" "-v" "/var/lib/crater-agent-workspace/builds/worker-1-tc1/target:/opt/rustwide/target:rw,Z" "-v" "/var/lib/crater-agent-workspace/builds/worker-1-tc1/source:/opt/rustwide/workdir:ro,Z" "-v" "/var/lib/crater-agent-workspace/cargo-home:/opt/rustwide/cargo-home:ro,Z" "-v" "/var/lib/crater-agent-workspace/rustup-home:/opt/rustwide/rustup-home:ro,Z" "-e" "SOURCE_DIR=/opt/rustwide/workdir" "-e" "CARGO_TARGET_DIR=/opt/rustwide/target" "-e" "CARGO_INCREMENTAL=0" "-e" "RUST_BACKTRACE=full" "-e" "RUSTFLAGS=--cap-lints=warn" "-e" "RUSTDOCFLAGS=--cap-lints=warn" "-e" "CARGO_HOME=/opt/rustwide/cargo-home" "-e" "RUSTUP_HOME=/opt/rustwide/rustup-home" "-w" "/opt/rustwide/workdir" "-m" "1610612736" "--user" "0:0" "--network" "none" "ghcr.io/rust-lang/crates-build-env/linux@sha256:2788e3201cd34a07e3172128adcd8b3090168a8e3bcc40d7c032b9dda1df7d1c" "/opt/rustwide/cargo-home/bin/cargo" "+1.75.0" "test" "--frozen", kill_on_drop: false }`
[INFO] [stdout] b671a029f300a92f214fc4f5e14cb4512f2602bbede51a6887f8ccb920f8d3ee
[INFO] running `Command { std: "docker" "start" "-a" "b671a029f300a92f214fc4f5e14cb4512f2602bbede51a6887f8ccb920f8d3ee", kill_on_drop: false }`
[INFO] [stderr]     Finished test [unoptimized + debuginfo] target(s) in 0.34s
[INFO] [stderr]      Running unittests src/lib.rs (/opt/rustwide/target/debug/deps/xdiff_live-ea89e1b11c373247)
[INFO] [stdout] 
[INFO] [stdout] running 16 tests
[INFO] [stdout] test cli::tests::parse_key_val_should_work ... ok
[INFO] [stdout] test cli::tests::from_vec_key_val_for_extra_args_should_work ... ok
[INFO] [stdout] test config::tests::request_profile_get_url_with_args_should_work ... ok
[INFO] [stdout] test config::tests::request_profile_get_url_should_work ... ok
[INFO] [stdout] test config::tests::request_profile_validate_should_work ... ok
[INFO] [stdout] test config::tests::request_profile_with_bad_params_validate_should_fail ... ok
[INFO] [stdout] test config::tests::test_get_content_type ... ok
[INFO] [stdout] test utils::tests::diff_text_should_work ... ok
[INFO] [stdout] test config::tests::request_profile_send_with_extra_args_should_work ... ok
[INFO] [stdout] test config::tests::get_body_text_should_work ... ok
[INFO] [stdout] test config::tests::get_headers_text_should_work ... ok
[INFO] [stdout] test config::tests::request_profile_send_should_work ... ok
[INFO] [stdout] test config::tests::get_status_text_should_work ... ok
[INFO] [stdout] test config::tests::response_ext_get_header_should_work ... ok
[INFO] [stdout] test config::tests::response_ext_get_text_should_work ... ok
[INFO] [stdout] test utils::tests::highlight_text_should_work ... ok
[INFO] [stdout] 
[INFO] [stdout] test result: ok. 16 passed; 0 failed; 0 ignored; 0 measured; 0 filtered out; finished in 0.03s
[INFO] [stdout] 
[INFO] [stderr]      Running unittests src/bin/xdiff.rs (/opt/rustwide/target/debug/deps/xdiff_live-a6ece8d9c6a5949c)
[INFO] [stdout] 
[INFO] [stdout] running 0 tests
[INFO] [stdout] 
[INFO] [stdout] test result: ok. 0 passed; 0 failed; 0 ignored; 0 measured; 0 filtered out; finished in 0.00s
[INFO] [stdout] 
[INFO] [stderr]      Running unittests src/bin/xreq.rs (/opt/rustwide/target/debug/deps/xreq_live-45d8b785ee8de7bf)
[INFO] [stdout] 
[INFO] [stdout] running 0 tests
[INFO] [stdout] 
[INFO] [stdout] test result: ok. 0 passed; 0 failed; 0 ignored; 0 measured; 0 filtered out; finished in 0.00s
[INFO] [stdout] 
[INFO] [stderr]      Running tests/cli_tests.rs (/opt/rustwide/target/debug/deps/cli_tests-fbf081ef6ae241a0)
[INFO] [stdout] 
[INFO] [stdout] running 1 test
[INFO] [stderr] [2mTesting[0m README.md ... [33mignored[0m
[INFO] [stderr] [2mTesting[0m tests/cmd/xdiff_run_failed.md:2 ... [32mok[0m
[INFO] [stderr] [2mTesting[0m tests/cmd/xreq_run_succeed.md:2 ... [31mfailed[0m
[INFO] [stderr] Exit: [32msuccess[0m
[INFO] [stderr] 
[INFO] [stderr] [32m---- expected: stdout[0m
[INFO] [stderr] [31m++++ actual:   stdout[0m
[INFO] [stderr] [2m   1[0m      [32m-[0m [32m{
[INFO] [stderr] [0m[2m   2[0m      [32m-[0m [32m  "completed": false,
[INFO] [stderr] [0m[2m   3[0m      [32m-[0m [32m  "id": 1,
[INFO] [stderr] [0m[2m   4[0m      [32m-[0m [32m  "title": "delectus aut autem",
[INFO] [stderr] [0m[2m   5[0m      [32m-[0m [32m  "userId": 1
[INFO] [stderr] [0m[2m   6[0m      [32m-[0m [32m}
[INFO] [stderr] [0m     [2m   1[0m [31m+[0m [31merror sending request for url (https://jsonplaceholder.typicode.com/todos/1?a=100&b=200): error trying to connect: dns error: failed to lookup address information: Temporary failure in name resolution
[INFO] [stderr] [0m     [2m   2[0m [31m+[0m [31m
[INFO] [stderr] [0m     [2m   3[0m [31m+[0m [31mCaused by:
[INFO] [stderr] [0m     [2m   4[0m [31m+[0m [31m    0: error trying to connect: dns error: failed to lookup address information: Temporary failure in name resolution
[INFO] [stderr] [0m     [2m   5[0m [31m+[0m [31m    1: dns error: failed to lookup address information: Temporary failure in name resolution
[INFO] [stderr] [0m     [2m   6[0m [31m+[0m [31m    2: failed to lookup address information: Temporary failure in name resolution
[INFO] [stderr] [0mstderr:
[INFO] [stderr] [32m[0m
[INFO] [stderr] [2mTesting[0m tests/cmd/xdiff_run_succeed.md:2 ... [31mfailed[0m
[INFO] [stderr] Exit: [32msuccess[0m
[INFO] [stderr] 
[INFO] [stderr] [32m---- expected: stdout[0m
[INFO] [stderr] [31m++++ actual:   stdout[0m
[INFO] [stderr] [2m   1[0m      [32m-[0m [32m1    1    |  HTTP/2.0 200 OK
[INFO] [stderr] [0m[2m   2[0m      [32m-[0m [32m2    2    |  content-type: "application/json; charset=utf-8"
[INFO] [stderr] [0m[2m   3[0m      [32m-[0m [32m3         | -content-length: "[..]"
[INFO] [stderr] [0m[2m   4[0m      [32m-[0m [32m     3    | +content-length: "[..]"
[INFO] [stderr] [0m[2m   5[0m      [32m-[0m [32m4    4    |  x-powered-by: "[..]"
[INFO] [stderr] [0m[2m   6[0m      [32m-[0m [32m5    5    |  x-ratelimit-limit: "[..]"
[INFO] [stderr] [0m[2m   7[0m      [32m-[0m [32m6    6    |  vary: "Origin, Accept-Encoding"
[INFO] [stderr] [0m[2m   8[0m      [32m-[0m [32m--------------------------------------------------------------------------------9    9    |  pragma: "no-cache"
[INFO] [stderr] [0m[2m   9[0m      [32m-[0m [32m10   10   |  expires: "-1"
[INFO] [stderr] [0m[2m  10[0m      [32m-[0m [32m11   11   |  x-content-type-options: "nosniff"
[INFO] [stderr] [0m[2m  11[0m      [32m-[0m [32m12        | -etag: "[..]"
[INFO] [stderr] [0m[2m  12[0m      [32m-[0m [32m     12   | +etag: "[..]"
[INFO] [stderr] [0m[2m  13[0m      [32m-[0m [32m13   13   |  via: "1.1 vegur"
[INFO] [stderr] [0m[2m  14[0m      [32m-[0m [32m14   14   |  cf-cache-status: "HIT"
[INFO] [stderr] [0m[2m  15[0m      [32m-[0m [32m15   15   |  accept-ranges: "bytes"
[INFO] [stderr] [0m[2m  16[0m      [32m-[0m [32m--------------------------------------------------------------------------------18   18   |  alt-svc: "h3=/":443/"; ma=86400"
[INFO] [stderr] [0m[2m  17[0m      [32m-[0m [32m19   19   |  {
[INFO] [stderr] [0m[2m  18[0m      [32m-[0m [32m20   20   |    "completed": false,
[INFO] [stderr] [0m[2m  19[0m      [32m-[0m [32m21        | -  "title": "[..]",
[INFO] [stderr] [0m[2m  20[0m      [32m-[0m [32m     21   | +  "title": "[..]",
[INFO] [stderr] [0m[2m  21[0m      [32m-[0m [32m22   22   |    "userId": 1
[INFO] [stderr] [0m[2m  22[0m      [32m-[0m [32m23   23   |  }
[INFO] [stderr] [0m     [2m   1[0m [31m+[0m [31merror sending request for url (https://jsonplaceholder.typicode.com/todos/1?a=100&m=10): error trying to connect: dns error: failed to lookup address information: Temporary failure in name resolution
[INFO] [stderr] [0m     [2m   2[0m [31m+[0m [31m
[INFO] [stderr] [0m     [2m   3[0m [31m+[0m [31mCaused by:
[INFO] [stderr] [0m     [2m   4[0m [31m+[0m [31m    0: error trying to connect: dns error: failed to lookup address information: Temporary failure in name resolution
[INFO] [stderr] [0m     [2m   5[0m [31m+[0m [31m    1: dns error: failed to lookup address information: Temporary failure in name resolution
[INFO] [stderr] [0m     [2m   6[0m [31m+[0m [31m    2: failed to lookup address information: Temporary failure in name resolution
[INFO] [stderr] [0mstderr:
[INFO] [stderr] [32m[0m
[INFO] [stderr] [2mUpdate snapshots with `TRYCMD=overwrite`[0m
[INFO] [stderr] [2mDebug output with `TRYCMD=dump`[0m
[INFO] [stdout] test cli_tests ... FAILED
[INFO] [stdout] 
[INFO] [stdout] failures:
[INFO] [stdout] 
[INFO] [stdout] ---- cli_tests stdout ----
[INFO] [stdout] thread 'cli_tests' panicked at /opt/rustwide/cargo-home/registry/src/index.crates.io-6f17d22bba15001f/trycmd-0.14.16/src/runner.rs:104:17:
[INFO] [stdout] 2 of 4 tests failed
[INFO] [stdout] stack backtrace:
[INFO] [stdout]    0:     0x560efd5cff1c - std::backtrace_rs::backtrace::libunwind::trace::ha637c64ce894333a
[INFO] [stdout]                                at /rustc/82e1608dfa6e0b5569232559e3d385fea5a93112/library/std/src/../../backtrace/src/backtrace/libunwind.rs:104:5
[INFO] [stdout]    1:     0x560efd5cff1c - std::backtrace_rs::backtrace::trace_unsynchronized::h47f62dea28e0c88d
[INFO] [stdout]                                at /rustc/82e1608dfa6e0b5569232559e3d385fea5a93112/library/std/src/../../backtrace/src/backtrace/mod.rs:66:5
[INFO] [stdout]    2:     0x560efd5cff1c - std::sys_common::backtrace::_print_fmt::h9eef0abe20ede486
[INFO] [stdout]                                at /rustc/82e1608dfa6e0b5569232559e3d385fea5a93112/library/std/src/sys_common/backtrace.rs:67:5
[INFO] [stdout]    3:     0x560efd5cff1c - <std::sys_common::backtrace::_print::DisplayBacktrace as core::fmt::Display>::fmt::hed7f999df88cc644
[INFO] [stdout]                                at /rustc/82e1608dfa6e0b5569232559e3d385fea5a93112/library/std/src/sys_common/backtrace.rs:44:22
[INFO] [stdout]    4:     0x560efd5fd250 - core::fmt::rt::Argument::fmt::h1539a9308b8d058d
[INFO] [stdout]                                at /rustc/82e1608dfa6e0b5569232559e3d385fea5a93112/library/core/src/fmt/rt.rs:142:9
[INFO] [stdout]    5:     0x560efd5fd250 - core::fmt::write::h3a39390d8560d9c9
[INFO] [stdout]                                at /rustc/82e1608dfa6e0b5569232559e3d385fea5a93112/library/core/src/fmt/mod.rs:1120:17
[INFO] [stdout]    6:     0x560efd5cca3f - std::io::Write::write_fmt::h040b369f3a0f9cbc
[INFO] [stdout]                                at /rustc/82e1608dfa6e0b5569232559e3d385fea5a93112/library/std/src/io/mod.rs:1762:15
[INFO] [stdout]    7:     0x560efd5cfd04 - std::sys_common::backtrace::_print::h894006fb5c6f3d45
[INFO] [stdout]                                at /rustc/82e1608dfa6e0b5569232559e3d385fea5a93112/library/std/src/sys_common/backtrace.rs:47:5
[INFO] [stdout]    8:     0x560efd5cfd04 - std::sys_common::backtrace::print::h23a2d212c6fff936
[INFO] [stdout]                                at /rustc/82e1608dfa6e0b5569232559e3d385fea5a93112/library/std/src/sys_common/backtrace.rs:34:9
[INFO] [stdout]    9:     0x560efd5d1fe7 - std::panicking::default_hook::{{closure}}::h8a1d2ee00185001a
[INFO] [stdout]   10:     0x560efd5d1cd3 - std::panicking::default_hook::h6038f2eba384e475
[INFO] [stdout]                                at /rustc/82e1608dfa6e0b5569232559e3d385fea5a93112/library/std/src/panicking.rs:289:9
[INFO] [stdout]   11:     0x560efd59e9f7 - <alloc::boxed::Box<F,A> as core::ops::function::Fn<Args>>::call::h0ad024c9bdc6d768
[INFO] [stdout]                                at /rustc/82e1608dfa6e0b5569232559e3d385fea5a93112/library/alloc/src/boxed.rs:2021:9
[INFO] [stdout]   12:     0x560efd59e9f7 - test::test_main::{{closure}}::h7500b54257359db6
[INFO] [stdout]                                at /rustc/82e1608dfa6e0b5569232559e3d385fea5a93112/library/test/src/lib.rs:138:21
[INFO] [stdout]   13:     0x560efd5d25f8 - <alloc::boxed::Box<F,A> as core::ops::function::Fn<Args>>::call::h1f8f335eaa9cfaee
[INFO] [stdout]                                at /rustc/82e1608dfa6e0b5569232559e3d385fea5a93112/library/alloc/src/boxed.rs:2021:9
[INFO] [stdout]   14:     0x560efd5d25f8 - std::panicking::rust_panic_with_hook::h2b5517d590cab22e
[INFO] [stdout]                                at /rustc/82e1608dfa6e0b5569232559e3d385fea5a93112/library/std/src/panicking.rs:783:13
[INFO] [stdout]   15:     0x560efd5d234e - std::panicking::begin_panic_handler::{{closure}}::h233112c06e0ef43e
[INFO] [stdout]                                at /rustc/82e1608dfa6e0b5569232559e3d385fea5a93112/library/std/src/panicking.rs:657:13
[INFO] [stdout]   16:     0x560efd5d03e6 - std::sys_common::backtrace::__rust_end_short_backtrace::h6e893f24d7ebbff8
[INFO] [stdout]                                at /rustc/82e1608dfa6e0b5569232559e3d385fea5a93112/library/std/src/sys_common/backtrace.rs:170:18
[INFO] [stdout]   17:     0x560efd5d20b2 - rust_begin_unwind
[INFO] [stdout]                                at /rustc/82e1608dfa6e0b5569232559e3d385fea5a93112/library/std/src/panicking.rs:645:5
[INFO] [stdout]   18:     0x560efd23e8b5 - core::panicking::panic_fmt::hbf0e066aabfa482c
[INFO] [stdout]                                at /rustc/82e1608dfa6e0b5569232559e3d385fea5a93112/library/core/src/panicking.rs:72:14
[INFO] [stdout]   19:     0x560efd2ca345 - trycmd::runner::Runner::run::h5a854fab75f35656
[INFO] [stdout]                                at /opt/rustwide/cargo-home/registry/src/index.crates.io-6f17d22bba15001f/trycmd-0.14.16/src/runner.rs:104:17
[INFO] [stdout]   20:     0x560efd244813 - trycmd::cases::TestCases::run::hed70602e8049484f
[INFO] [stdout]                                at /opt/rustwide/cargo-home/registry/src/index.crates.io-6f17d22bba15001f/trycmd-0.14.16/src/cases.rs:165:9
[INFO] [stdout]   21:     0x560efd2448ba - <trycmd::cases::TestCases as core::ops::drop::Drop>::drop::h3c499348bf660f62
[INFO] [stdout]                                at /opt/rustwide/cargo-home/registry/src/index.crates.io-6f17d22bba15001f/trycmd-0.14.16/src/cases.rs:175:13
[INFO] [stdout]   22:     0x560efd24e847 - core::ptr::drop_in_place<trycmd::cases::TestCases>::h882264ba65f34df1
[INFO] [stdout]                                at /rustc/82e1608dfa6e0b5569232559e3d385fea5a93112/library/core/src/ptr/mod.rs:498:1
[INFO] [stdout]   23:     0x560efd23f82e - cli_tests::cli_tests::h82e9ae3bc1ccce49
[INFO] [stdout]                                at /opt/rustwide/workdir/tests/cli_tests.rs:3:70
[INFO] [stdout]   24:     0x560efd23f797 - cli_tests::cli_tests::{{closure}}::h0898810012e0d5a9
[INFO] [stdout]                                at /opt/rustwide/workdir/tests/cli_tests.rs:2:15
[INFO] [stdout]   25:     0x560efd23f416 - core::ops::function::FnOnce::call_once::h4477ee7b36c513d2
[INFO] [stdout]                                at /rustc/82e1608dfa6e0b5569232559e3d385fea5a93112/library/core/src/ops/function.rs:250:5
[INFO] [stdout]   26:     0x560efd5a404f - core::ops::function::FnOnce::call_once::h2b5d431d5046312d
[INFO] [stdout]                                at /rustc/82e1608dfa6e0b5569232559e3d385fea5a93112/library/core/src/ops/function.rs:250:5
[INFO] [stdout]   27:     0x560efd5a404f - test::__rust_begin_short_backtrace::h7714669af176e207
[INFO] [stdout]                                at /rustc/82e1608dfa6e0b5569232559e3d385fea5a93112/library/test/src/lib.rs:628:18
[INFO] [stdout]   28:     0x560efd5a3065 - test::run_test_in_process::{{closure}}::h85218797dcbcec12
[INFO] [stdout]                                at /rustc/82e1608dfa6e0b5569232559e3d385fea5a93112/library/test/src/lib.rs:651:60
[INFO] [stdout]   29:     0x560efd5a3065 - <core::panic::unwind_safe::AssertUnwindSafe<F> as core::ops::function::FnOnce<()>>::call_once::h76c106ea31c14d7b
[INFO] [stdout]                                at /rustc/82e1608dfa6e0b5569232559e3d385fea5a93112/library/core/src/panic/unwind_safe.rs:272:9
[INFO] [stdout]   30:     0x560efd5a3065 - std::panicking::try::do_call::h3bd5d0f6620ee946
[INFO] [stdout]                                at /rustc/82e1608dfa6e0b5569232559e3d385fea5a93112/library/std/src/panicking.rs:552:40
[INFO] [stdout]   31:     0x560efd5a3065 - std::panicking::try::h232e535e4744fe31
[INFO] [stdout]                                at /rustc/82e1608dfa6e0b5569232559e3d385fea5a93112/library/std/src/panicking.rs:516:19
[INFO] [stdout]   32:     0x560efd5a3065 - std::panic::catch_unwind::h3ce3bd6ca8dbac68
[INFO] [stdout]                                at /rustc/82e1608dfa6e0b5569232559e3d385fea5a93112/library/std/src/panic.rs:142:14
[INFO] [stdout]   33:     0x560efd5a3065 - test::run_test_in_process::hc97b257c9621286a
[INFO] [stdout]                                at /rustc/82e1608dfa6e0b5569232559e3d385fea5a93112/library/test/src/lib.rs:651:27
[INFO] [stdout]   34:     0x560efd5a3065 - test::run_test::{{closure}}::h2aa798823a438d38
[INFO] [stdout]                                at /rustc/82e1608dfa6e0b5569232559e3d385fea5a93112/library/test/src/lib.rs:574:43
[INFO] [stdout]   35:     0x560efd56b326 - test::run_test::{{closure}}::h87d231c78fb59832
[INFO] [stdout]                                at /rustc/82e1608dfa6e0b5569232559e3d385fea5a93112/library/test/src/lib.rs:602:41
[INFO] [stdout]   36:     0x560efd56b326 - std::sys_common::backtrace::__rust_begin_short_backtrace::he6df152596625789
[INFO] [stdout]                                at /rustc/82e1608dfa6e0b5569232559e3d385fea5a93112/library/std/src/sys_common/backtrace.rs:154:18
[INFO] [stdout]   37:     0x560efd5703d7 - std::thread::Builder::spawn_unchecked_::{{closure}}::{{closure}}::ha94be15d1e0acf36
[INFO] [stdout]                                at /rustc/82e1608dfa6e0b5569232559e3d385fea5a93112/library/std/src/thread/mod.rs:529:17
[INFO] [stdout]   38:     0x560efd5703d7 - <core::panic::unwind_safe::AssertUnwindSafe<F> as core::ops::function::FnOnce<()>>::call_once::h9dc6bd6372f16606
[INFO] [stdout]                                at /rustc/82e1608dfa6e0b5569232559e3d385fea5a93112/library/core/src/panic/unwind_safe.rs:272:9
[INFO] [stdout]   39:     0x560efd5703d7 - std::panicking::try::do_call::h9057517f80303cd4
[INFO] [stdout]                                at /rustc/82e1608dfa6e0b5569232559e3d385fea5a93112/library/std/src/panicking.rs:552:40
[INFO] [stdout]   40:     0x560efd5703d7 - std::panicking::try::he3a30b11ee45340c
[INFO] [stdout]                                at /rustc/82e1608dfa6e0b5569232559e3d385fea5a93112/library/std/src/panicking.rs:516:19
[INFO] [stdout]   41:     0x560efd5703d7 - std::panic::catch_unwind::h410458cfd3528b8b
[INFO] [stdout]                                at /rustc/82e1608dfa6e0b5569232559e3d385fea5a93112/library/std/src/panic.rs:142:14
[INFO] [stdout]   42:     0x560efd5703d7 - std::thread::Builder::spawn_unchecked_::{{closure}}::h72ac3bdb567b737b
[INFO] [stdout]                                at /rustc/82e1608dfa6e0b5569232559e3d385fea5a93112/library/std/src/thread/mod.rs:528:30
[INFO] [stdout]   43:     0x560efd5703d7 - core::ops::function::FnOnce::call_once{{vtable.shim}}::h38f34da3654a8344
[INFO] [stdout]                                at /rustc/82e1608dfa6e0b5569232559e3d385fea5a93112/library/core/src/ops/function.rs:250:5
[INFO] [stdout]   44:     0x560efd5d8ab5 - <alloc::boxed::Box<F,A> as core::ops::function::FnOnce<Args>>::call_once::hc7eafaff61e32df9
[INFO] [stdout]                                at /rustc/82e1608dfa6e0b5569232559e3d385fea5a93112/library/alloc/src/boxed.rs:2007:9
[INFO] [stdout]   45:     0x560efd5d8ab5 - <alloc::boxed::Box<F,A> as core::ops::function::FnOnce<Args>>::call_once::h6ba4a5de48dd2304
[INFO] [stdout]                                at /rustc/82e1608dfa6e0b5569232559e3d385fea5a93112/library/alloc/src/boxed.rs:2007:9
[INFO] [stdout]   46:     0x560efd5d8ab5 - std::sys::unix::thread::Thread::new::thread_start::he469335aef763e45
[INFO] [stdout]                                at /rustc/82e1608dfa6e0b5569232559e3d385fea5a93112/library/std/src/sys/unix/thread.rs:108:17
[INFO] [stdout]   47:     0x7f6afce25ac3 - <unknown>
[INFO] [stdout]   48:     0x7f6afceb6bf4 - __clone
[INFO] [stdout]   49:                0x0 - <unknown>
[INFO] [stdout] 
[INFO] [stdout] 
[INFO] [stdout] failures:
[INFO] [stdout]     cli_tests
[INFO] [stdout] 
[INFO] [stdout] test result: FAILED. 0 passed; 1 failed; 0 ignored; 0 measured; 0 filtered out; finished in 0.10s
[INFO] [stdout] 
[INFO] [stderr] error: test failed, to rerun pass `--test cli_tests`
[INFO] running `Command { std: "docker" "inspect" "b671a029f300a92f214fc4f5e14cb4512f2602bbede51a6887f8ccb920f8d3ee", kill_on_drop: false }`
[INFO] running `Command { std: "docker" "rm" "-f" "b671a029f300a92f214fc4f5e14cb4512f2602bbede51a6887f8ccb920f8d3ee", kill_on_drop: false }`
[INFO] [stdout] b671a029f300a92f214fc4f5e14cb4512f2602bbede51a6887f8ccb920f8d3ee
